2026-05-12 07:02:09.958 9 INFO neutron.wsgi [None req-26eba7c6-3ff7-4115-9b13-f588facc7326 fd6baac89f954a33bae9dc16520b6682 4ea77dfc919c498aa9ed65b1665bb9ae - - default default] 10.0.0.74 "GET /v2.0/network-ip-availabilities HTTP/1.1" status: 200 len: 3214 time: 0.0335116
2026-05-12 07:02:10.074 10 INFO neutron.wsgi [req-4491d100-8f63-48c7-bbe2-e1b6284c7daa req-e0aace62-aa8f-4f6b-a710-2544479d7924 f645af9f3c1643e1a35a1f8f8b5eb8b9 947db5e237e54443bcf7eee1b653dc44 - - default default] 10.0.0.82 "DELETE /v2.0/security-groups/c8e4ff5c-6aaf-4815-90ec-00dfc4137c0f HTTP/1.1" status: 204 len: 173 time: 0.2193835
2026-05-12 07:02:10.154 10 INFO neutron.wsgi [req-f9c822a0-198f-458e-8110-c2795b61cbc6 req-e4a82804-8d9b-4e7e-a42a-7c31e08c6a06 f645af9f3c1643e1a35a1f8f8b5eb8b9 947db5e237e54443bcf7eee1b653dc44 - - default default] 10.0.0.82 "GET /v2.0/security-groups/6c944c31-615b-4c04-ac94-986f6037b4aa HTTP/1.1" status: 200 len: 2415 time: 0.0576577
2026-05-12 07:02:10.297 10 INFO neutron.db.ovn_revision_numbers_db [None req-3cca6917-0e22-45be-b762-60fad6f7473c fd6baac89f954a33bae9dc16520b6682 4ea77dfc919c498aa9ed65b1665bb9ae - - default default] Successfully bumped revision number for resource d98aa7da-e6b2-468e-ba5e-c85fd6510bd9 (type: router_ports) to 1
2026-05-12 07:02:10.306 9 INFO neutron.wsgi [None req-d4d62605-fbbe-43d6-9c31-2164cef466c1 fd6baac89f954a33bae9dc16520b6682 4ea77dfc919c498aa9ed65b1665bb9ae - - default default] 10.0.0.74 "GET /v2.0/networks HTTP/1.1" status: 200 len: 5403 time: 0.3447757
2026-05-12 07:02:10.348 10 INFO neutron.wsgi [req-f9c822a0-198f-458e-8110-c2795b61cbc6 req-e8f19efe-07fd-48b6-aac1-4d27ba8a8c8b f645af9f3c1643e1a35a1f8f8b5eb8b9 947db5e237e54443bcf7eee1b653dc44 - - default default] 10.0.0.82 "DELETE /v2.0/security-groups/6c944c31-615b-4c04-ac94-986f6037b4aa HTTP/1.1" status: 204 len: 173 time: 0.1805565
2026-05-12 07:02:10.484 10 INFO neutron.db.ovn_revision_numbers_db [None req-3cca6917-0e22-45be-b762-60fad6f7473c fd6baac89f954a33bae9dc16520b6682 4ea77dfc919c498aa9ed65b1665bb9ae - - default default] Successfully bumped revision number for resource d98aa7da-e6b2-468e-ba5e-c85fd6510bd9 (type: ports) to 1
2026-05-12 07:02:10.515 9 WARNING neutron.scheduler.dhcp_agent_scheduler [None req-8125b91f-909f-48d5-9628-2138d1cc12cd 9dd8bac543e34f6ea4f7b4d6e8b96f16 8aed4e4a49c14778bbbd85152650d748 - - default default] No more DHCP agents
2026-05-12 07:02:10.521 9 WARNING neutron.api.rpc.agentnotifiers.dhcp_rpc_agent_api [None req-8125b91f-909f-48d5-9628-2138d1cc12cd 9dd8bac543e34f6ea4f7b4d6e8b96f16 8aed4e4a49c14778bbbd85152650d748 - - default default] Unable to schedule network dab09501-07c0-4439-8d5a-750df455d8ad: no agents available; will retry on subsequent port and subnet creation events.
2026-05-12 07:02:10.645 10 WARNING neutron.scheduler.dhcp_agent_scheduler [None req-3cca6917-0e22-45be-b762-60fad6f7473c fd6baac89f954a33bae9dc16520b6682 4ea77dfc919c498aa9ed65b1665bb9ae - - default default] No more DHCP agents
2026-05-12 07:02:10.651 10 WARNING neutron.api.rpc.agentnotifiers.dhcp_rpc_agent_api [None req-3cca6917-0e22-45be-b762-60fad6f7473c fd6baac89f954a33bae9dc16520b6682 4ea77dfc919c498aa9ed65b1665bb9ae - - default default] Unable to schedule network ddb1ab73-279f-4a10-9810-ebd45c4f12ed: no agents available; will retry on subsequent port and subnet creation events.
2026-05-12 07:02:10.669 9 INFO neutron.db.ovn_revision_numbers_db [None req-00c6ee83-70b7-4e79-91f6-fc57a4c7860b - - - - - -] Successfully bumped revision number for resource 5fe02987-74f6-49ec-847d-9980e70011d6 (type: ports) to 1
2026-05-12 07:02:11.276 9 INFO neutron.db.ovn_revision_numbers_db [None req-8125b91f-909f-48d5-9628-2138d1cc12cd 9dd8bac543e34f6ea4f7b4d6e8b96f16 8aed4e4a49c14778bbbd85152650d748 - - default default] Successfully bumped revision number for resource 29d77ea6-7555-4408-8898-c1494b9a30c6 (type: floatingips) to 0
2026-05-12 07:02:11.327 9 INFO neutron.wsgi [None req-8125b91f-909f-48d5-9628-2138d1cc12cd 9dd8bac543e34f6ea4f7b4d6e8b96f16 8aed4e4a49c14778bbbd85152650d748 - - default default] 10.0.0.89 "POST /v2.0/floatingips HTTP/1.1" status: 201 len: 751 time: 1.8801546
2026-05-12 07:02:11.441 9 INFO neutron.db.ovn_revision_numbers_db [None req-00c6ee83-70b7-4e79-91f6-fc57a4c7860b - - - - - -] Successfully bumped revision number for resource 5fe02987-74f6-49ec-847d-9980e70011d6 (type: router_ports) to 3
2026-05-12 07:02:11.624 9 INFO neutron.db.ovn_revision_numbers_db [None req-00c6ee83-70b7-4e79-91f6-fc57a4c7860b - - - - - -] Successfully bumped revision number for resource 5fe02987-74f6-49ec-847d-9980e70011d6 (type: ports) to 2
2026-05-12 07:02:11.868 9 INFO neutron.wsgi [None req-843cff08-c777-468b-923d-8bed4cd8407b fd6baac89f954a33bae9dc16520b6682 4ea77dfc919c498aa9ed65b1665bb9ae - - default default] 10.0.0.89 "PUT /v2.0/routers/64c7c256-2d34-4959-aebe-b268325c3758/remove_router_interface HTTP/1.1" status: 200 len: 503 time: 2.8183618 /var/lib/openstack/lib/python3.10/site-packages/pycadf/identifier.py:71: UserWarning: Invalid uuid: neutron. To ensure interoperability, identifiers should be a valid uuid. warnings.warn(('Invalid uuid: %s. To ensure interoperability, '
2026-05-12 07:02:11.944 10 INFO neutron.wsgi [req-02ab4b27-23db-4f9a-bc8d-6da4b7fb5c33 req-a91c2e41-e809-4f3a-b18d-a4198d1b3397 9dd8bac543e34f6ea4f7b4d6e8b96f16 8aed4e4a49c14778bbbd85152650d748 - - default default] 10.0.0.82 "GET /v2.0/security-groups?name=tempest-securitygroup--1915598682&fields=id&tenant_id=8aed4e4a49c14778bbbd85152650d748 HTTP/1.1" status: 200 len: 267 time: 0.1998572
2026-05-12 07:02:12.046 9 INFO neutron.db.ovn_revision_numbers_db [None req-00c6ee83-70b7-4e79-91f6-fc57a4c7860b - - - - - -] Successfully bumped revision number for resource 5fe02987-74f6-49ec-847d-9980e70011d6 (type: ports) to 4
2026-05-12 07:02:12.109 10 INFO neutron.wsgi [req-02ab4b27-23db-4f9a-bc8d-6da4b7fb5c33 req-6ab86860-c078-492f-848f-7399af9d712a 9dd8bac543e34f6ea4f7b4d6e8b96f16 8aed4e4a49c14778bbbd85152650d748 - - default default] 10.0.0.82 "GET /v2.0/networks?id=dc40559f-52f6-4cfc-82ee-5a35ec2611f4 HTTP/1.1" status: 200 len: 882 time: 0.1545398
2026-05-12 07:02:12.121 10 INFO neutron.db.ovn_revision_numbers_db [None req-3cca6917-0e22-45be-b762-60fad6f7473c fd6baac89f954a33bae9dc16520b6682 4ea77dfc919c498aa9ed65b1665bb9ae - - default default] Successfully bumped revision number for resource d98aa7da-e6b2-468e-ba5e-c85fd6510bd9 (type: router_ports) to 1
2026-05-12 07:02:12.123 10 INFO neutron.wsgi [None req-3cca6917-0e22-45be-b762-60fad6f7473c fd6baac89f954a33bae9dc16520b6682 4ea77dfc919c498aa9ed65b1665bb9ae - - default default] 10.0.0.89 "PUT /v2.0/routers/facad4ed-5637-4523-a700-0eec3eb9425a/add_router_interface HTTP/1.1" status: 200 len: 503 time: 3.7558067
2026-05-12 07:02:12.127 10 INFO neutron.wsgi [req-02ab4b27-23db-4f9a-bc8d-6da4b7fb5c33 req-acca9111-0763-4e50-8e2e-bb13b4167aad 9dd8bac543e34f6ea4f7b4d6e8b96f16 8aed4e4a49c14778bbbd85152650d748 - - default default] 10.0.0.82 "GET /v2.0/quotas/8aed4e4a49c14778bbbd85152650d748 HTTP/1.1" status: 200 len: 386 time: 0.0133240
2026-05-12 07:02:12.260 10 INFO neutron.wsgi [req-02ab4b27-23db-4f9a-bc8d-6da4b7fb5c33 req-d841cba5-ab59-4a3b-9c1d-f7296a01214f 9dd8bac543e34f6ea4f7b4d6e8b96f16 8aed4e4a49c14778bbbd85152650d748 - - default default] 10.0.0.82 "GET /v2.0/ports?tenant_id=8aed4e4a49c14778bbbd85152650d748&fields=id HTTP/1.1" status: 200 len: 302 time: 0.1288247
2026-05-12 07:02:12.413 10 INFO neutron.wsgi [None req-95470226-e02a-4015-a240-726f20a95255 fd6baac89f954a33bae9dc16520b6682 4ea77dfc919c498aa9ed65b1665bb9ae - - default default] 10.0.0.89 "PUT /v2.0/routers/34c42001-f91e-4cca-8f2f-d56d03bec9f5/remove_router_interface HTTP/1.1" status: 200 len: 503 time: 2.0535822 /var/lib/openstack/lib/python3.10/site-packages/pycadf/identifier.py:71: UserWarning: Invalid uuid: neutron. To ensure interoperability, identifiers should be a valid uuid. warnings.warn(('Invalid uuid: %s. To ensure interoperability, '
2026-05-12 07:02:12.561 9 INFO neutron.db.ovn_revision_numbers_db [None req-00c6ee83-70b7-4e79-91f6-fc57a4c7860b - - - - - -] Successfully bumped revision number for resource 5fe02987-74f6-49ec-847d-9980e70011d6 (type: router_ports) to 4
2026-05-12 07:02:12.671 10 INFO neutron.wsgi [req-02ab4b27-23db-4f9a-bc8d-6da4b7fb5c33 req-a3771e1f-2100-40bb-adf2-ce85feeddf07 806c7a253260400084d39b4cf2a07e2d 1266992b5c684cfeaa0eaba140cec78c - - b774e3be6e02478d8b9c718970e08311 b774e3be6e02478d8b9c718970e08311] 10.0.0.82 "GET /v2.0/extensions HTTP/1.1" status: 200 len: 16525 time: 0.0508626
2026-05-12 07:02:12.757 10 INFO neutron.wsgi [req-02ab4b27-23db-4f9a-bc8d-6da4b7fb5c33 req-e792355a-e605-4368-897d-3574a3cd9ecb 806c7a253260400084d39b4cf2a07e2d 1266992b5c684cfeaa0eaba140cec78c - - b774e3be6e02478d8b9c718970e08311 b774e3be6e02478d8b9c718970e08311] 10.0.0.82 "GET /v2.0/networks/dc40559f-52f6-4cfc-82ee-5a35ec2611f4?fields=segments HTTP/1.1" status: 200 len: 212 time: 0.0815814
2026-05-12 07:02:12.833 9 INFO neutron.wsgi [None req-f3a4f6b7-bdb8-4d23-9717-26a50f80e021 fd6baac89f954a33bae9dc16520b6682 4ea77dfc919c498aa9ed65b1665bb9ae - - default default] 10.0.0.89 "DELETE /v2.0/routers/64c7c256-2d34-4959-aebe-b268325c3758 HTTP/1.1" status: 204 len: 168 time: 0.9568172
2026-05-12 07:02:12.845 9 INFO neutron.db.ovn_revision_numbers_db [None req-27d26586-cbf6-4ad8-b260-a7a0029d6978 bbff66d0b64f4830b2309c839d28e09c ccf3d05b3405476a9edacc2264ef62bd - - default default] Successfully bumped revision number for resource 252d36bc-9996-48d0-8c31-0aaa2e610b40 (type: security_groups) to 1
2026-05-12 07:02:12.860 9 INFO neutron.db.ovn_revision_numbers_db [None req-27d26586-cbf6-4ad8-b260-a7a0029d6978 bbff66d0b64f4830b2309c839d28e09c ccf3d05b3405476a9edacc2264ef62bd - - default default] Successfully bumped revision number for resource 2ef551d2-2f21-4f51-9ca9-57eed6f787c6 (type: security_group_rules) to 0
2026-05-12 07:02:12.878 9 INFO neutron.db.ovn_revision_numbers_db [None req-27d26586-cbf6-4ad8-b260-a7a0029d6978 bbff66d0b64f4830b2309c839d28e09c ccf3d05b3405476a9edacc2264ef62bd - - default default] Successfully bumped revision number for resource af202463-11d1-4c7e-9902-9f0bcc770424 (type: security_group_rules) to 0
2026-05-12 07:02:12.900 9 INFO neutron.wsgi [None req-27d26586-cbf6-4ad8-b260-a7a0029d6978 bbff66d0b64f4830b2309c839d28e09c ccf3d05b3405476a9edacc2264ef62bd - - default default] 10.0.0.89 "POST /v2.0/security-groups HTTP/1.1" status: 201 len: 1796 time: 0.2338164
2026-05-12 07:02:12.906 10 INFO neutron.wsgi [req-02ab4b27-23db-4f9a-bc8d-6da4b7fb5c33 req-968e4406-12c2-4ffa-8638-5110eca2e02a 806c7a253260400084d39b4cf2a07e2d 1266992b5c684cfeaa0eaba140cec78c - - b774e3be6e02478d8b9c718970e08311 b774e3be6e02478d8b9c718970e08311] 10.0.0.82 "GET /v2.0/networks/dc40559f-52f6-4cfc-82ee-5a35ec2611f4?fields=provider%3Aphysical_network&fields=provider%3Anetwork_type HTTP/1.1" status: 200 len: 277 time: 0.1400967
2026-05-12 07:02:13.073 9 INFO neutron.db.ovn_revision_numbers_db [None req-38b71ff7-3888-450a-aaa3-e085cd7d08d6 bbff66d0b64f4830b2309c839d28e09c ccf3d05b3405476a9edacc2264ef62bd - - default default] Successfully bumped revision number for resource 1324bbd0-1b16-45b1-9d52-d2ca3d13148d (type: security_group_rules) to 0
2026-05-12 07:02:13.105 9 INFO neutron.wsgi [None req-38b71ff7-3888-450a-aaa3-e085cd7d08d6 bbff66d0b64f4830b2309c839d28e09c ccf3d05b3405476a9edacc2264ef62bd - - default default] 10.0.0.89 "POST /v2.0/security-group-rules HTTP/1.1" status: 201 len: 764 time: 0.1909192
2026-05-12 07:02:13.152 10 INFO neutron.wsgi [req-50653ac5-60da-4ff6-aaa0-cd163621f7e7 req-23ddcf1f-c714-4831-a6c1-9914c50997e0 9dd8bac543e34f6ea4f7b4d6e8b96f16 8aed4e4a49c14778bbbd85152650d748 - - default default] 10.0.0.82 "GET /v2.0/ports?device_id=34c6fa89-f21e-49e6-91ec-3ab94b59aca4 HTTP/1.1" status: 200 len: 210 time: 0.0388722
2026-05-12 07:02:13.281 9 INFO neutron.db.ovn_revision_numbers_db [None req-5d44f038-387e-4d55-a6a2-d4dc2a0191d3 bbff66d0b64f4830b2309c839d28e09c ccf3d05b3405476a9edacc2264ef62bd - - default default] Successfully bumped revision number for resource 5728ab82-d624-4131-bf1d-a5b8d94ea61a (type: security_group_rules) to 0
2026-05-12 07:02:13.311 9 INFO neutron.wsgi [None req-5d44f038-387e-4d55-a6a2-d4dc2a0191d3 bbff66d0b64f4830b2309c839d28e09c ccf3d05b3405476a9edacc2264ef62bd - - default default] 10.0.0.89 "POST /v2.0/security-group-rules HTTP/1.1" status: 201 len: 769 time: 0.1905890
2026-05-12 07:02:13.338 10 INFO neutron.wsgi [None req-18359381-e72b-4b5e-8193-aa330a0d2715 fd6baac89f954a33bae9dc16520b6682 4ea77dfc919c498aa9ed65b1665bb9ae - - default default] 10.0.0.89 "DELETE /v2.0/subnets/6e8f946c-bec1-4348-be50-239875389691 HTTP/1.1" status: 204 len: 168 time: 0.4976568
2026-05-12 07:02:13.358 10 INFO neutron.wsgi [None req-6c3cc6f3-37ea-41a0-99e0-7ed12d842989 fd6baac89f954a33bae9dc16520b6682 4ea77dfc919c498aa9ed65b1665bb9ae - - default default] 10.0.0.89 "DELETE /v2.0/routers/34c42001-f91e-4cca-8f2f-d56d03bec9f5 HTTP/1.1" status: 204 len: 168 time: 0.9411685
2026-05-12 07:02:13.580 10 INFO neutron.wsgi [None req-0a0bd967-1f5e-4e0f-b428-72cf4d07e86d fd6baac89f954a33bae9dc16520b6682 4ea77dfc919c498aa9ed65b1665bb9ae - - default default] 10.0.0.89 "DELETE /v2.0/subnets/29428afb-5f68-4da0-959b-300d84731a70 HTTP/1.1" status: 204 len: 168 time: 0.2175090
2026-05-12 07:02:13.602 9 WARNING neutron.scheduler.dhcp_agent_scheduler [None req-9121bfdf-45b9-466f-a6d5-b31ab9a85f1a bbff66d0b64f4830b2309c839d28e09c ccf3d05b3405476a9edacc2264ef62bd - - default default] No more DHCP agents
2026-05-12 07:02:13.605 9 WARNING neutron.api.rpc.agentnotifiers.dhcp_rpc_agent_api [None req-9121bfdf-45b9-466f-a6d5-b31ab9a85f1a bbff66d0b64f4830b2309c839d28e09c ccf3d05b3405476a9edacc2264ef62bd - - default default] Unable to schedule network dab09501-07c0-4439-8d5a-750df455d8ad: no agents available; will retry on subsequent port and subnet creation events.
2026-05-12 07:02:13.827 9 WARNING neutron.plugins.ml2.drivers.ovn.mech_driver.ovsdb.ovn_client [None req-48a7f436-cbd4-49cc-a101-66975f838078 - - - - - -] No port found with ID 6a0e7ee5-6a6a-4cbb-b5d9-e0f0873f7a45: RuntimeError: No port found with ID 6a0e7ee5-6a6a-4cbb-b5d9-e0f0873f7a45
2026-05-12 07:02:13.828 9 INFO neutron.plugins.ml2.drivers.ovn.mech_driver.mech_driver [None req-48a7f436-cbd4-49cc-a101-66975f838078 - - - - - -] OVN reports status up for port: d98aa7da-e6b2-468e-ba5e-c85fd6510bd9
2026-05-12 07:02:13.838 9 INFO neutron.plugins.ml2.plugin [None req-48a7f436-cbd4-49cc-a101-66975f838078 - - - - - -] Attempt 1 to provision port d98aa7da-e6b2-468e-ba5e-c85fd6510bd9
2026-05-12 07:02:13.900 10 INFO neutron.wsgi [None req-e2c31ff5-d151-4df8-b0ae-c9029044aa0f fd6baac89f954a33bae9dc16520b6682 4ea77dfc919c498aa9ed65b1665bb9ae - - default default] 10.0.0.89 "DELETE /v2.0/networks/d16d70a7-d4e3-4a10-8534-527888efc7f8 HTTP/1.1" status: 204 len: 168 time: 0.5570514
2026-05-12 07:02:13.964 9 INFO neutron.db.ovn_revision_numbers_db [None req-9121bfdf-45b9-466f-a6d5-b31ab9a85f1a bbff66d0b64f4830b2309c839d28e09c ccf3d05b3405476a9edacc2264ef62bd - - default default] Successfully bumped revision number for resource dc849acc-60c4-4c73-9061-895b3b107983 (type: floatingips) to 0
2026-05-12 07:02:13.977 9 INFO neutron.wsgi [None req-9121bfdf-45b9-466f-a6d5-b31ab9a85f1a bbff66d0b64f4830b2309c839d28e09c ccf3d05b3405476a9edacc2264ef62bd - - default default] 10.0.0.89 "POST /v2.0/floatingips HTTP/1.1" status: 201 len: 751 time: 0.6568499
2026-05-12 07:02:14.093 9 INFO neutron.wsgi [None req-d5ec2fb5-7391-4316-994a-2470f72d36d8 fd6baac89f954a33bae9dc16520b6682 4ea77dfc919c498aa9ed65b1665bb9ae - - default default] 10.0.0.89 "GET /v2.0/security-groups?tenant_id=6a9c1f4eb00e4705938f40ee9f228876&name=default HTTP/1.1" status: 200 len: 2992 time: 0.0451515
2026-05-12 07:02:14.127 10 INFO neutron.wsgi [None req-a74686cf-5e49-452d-8cd8-fd9c4d470d1a fd6baac89f954a33bae9dc16520b6682 4ea77dfc919c498aa9ed65b1665bb9ae - - default default] 10.0.0.89 "DELETE /v2.0/networks/1acacc27-ebb0-4500-933b-b89379945299 HTTP/1.1" status: 204 len: 168 time: 0.5390229
2026-05-12 07:02:14.291 9 INFO neutron.db.ovn_revision_numbers_db [None req-48a7f436-cbd4-49cc-a101-66975f838078 - - - - - -] Successfully bumped revision number for resource d98aa7da-e6b2-468e-ba5e-c85fd6510bd9 (type: ports) to 2
2026-05-12 07:02:14.408 10 INFO neutron.wsgi [None req-3edd3457-743c-41ca-9c21-572933ca7062 fd6baac89f954a33bae9dc16520b6682 4ea77dfc919c498aa9ed65b1665bb9ae - - default default] 10.0.0.89 "GET /v2.0/security-groups?tenant_id=947db5e237e54443bcf7eee1b653dc44&name=default HTTP/1.1" status: 200 len: 2992 time: 0.0526650
2026-05-12 07:02:14.423 9 INFO neutron.wsgi [None req-fc07aba2-428b-403f-bde0-1e45b432c0f7 fd6baac89f954a33bae9dc16520b6682 4ea77dfc919c498aa9ed65b1665bb9ae - - default default] 10.0.0.89 "DELETE /v2.0/security-groups/fb0a13b5-7ca3-4f4b-96a8-7816e1ad2bd3 HTTP/1.1" status: 204 len: 168 time: 0.3248174
2026-05-12 07:02:14.510 9 INFO neutron.db.ovn_revision_numbers_db [None req-48a7f436-cbd4-49cc-a101-66975f838078 - - - - - -] Successfully bumped revision number for resource d98aa7da-e6b2-468e-ba5e-c85fd6510bd9 (type: router_ports) to 2
2026-05-12 07:02:14.513 10 INFO neutron.wsgi [req-3fb38700-1bca-47d2-a5b9-a5590e21cb4d req-264cf6e1-d6e8-4f93-b74a-69be71d0d7c7 9dd8bac543e34f6ea4f7b4d6e8b96f16 8aed4e4a49c14778bbbd85152650d748 - - default default] 10.0.0.82 "GET /v2.0/ports?device_id=34c6fa89-f21e-49e6-91ec-3ab94b59aca4 HTTP/1.1" status: 200 len: 210 time: 0.0277517
2026-05-12 07:02:14.581 10 INFO neutron.wsgi [req-ee59f492-0436-4d94-9cb0-d0da38b4e00b req-13006958-8438-47d1-b401-2066a7e609b6 bbff66d0b64f4830b2309c839d28e09c ccf3d05b3405476a9edacc2264ef62bd - - default default] 10.0.0.82 "GET /v2.0/security-groups?name=tempest-securitygroup--851745128&fields=id&tenant_id=ccf3d05b3405476a9edacc2264ef62bd HTTP/1.1" status: 200 len: 267 time: 0.0557516
2026-05-12 07:02:14.618 10 INFO neutron.services.segments.plugin [-] Segment 82ebe555-40a3-40dc-87fb-4a277324ecf7 resource provider aggregate not found
2026-05-12 07:02:14.625 10 INFO neutron.services.segments.plugin [-] Segment 82ebe555-40a3-40dc-87fb-4a277324ecf7 resource provider aggregate not found
2026-05-12 07:02:14.636 10 INFO neutron.services.segments.plugin [-] Segment 82ebe555-40a3-40dc-87fb-4a277324ecf7 resource provider not found; error: Placement Client Error (4xx): {"errors": [{"status": 404, "title": "Not Found", "detail": "The resource could not be found.\n\n No resource provider with uuid 82ebe555-40a3-40dc-87fb-4a277324ecf7 found for delete ", "request_id": "req-3b4c3abd-6ee6-48c8-87d8-57f00e9a230c"}]}
2026-05-12 07:02:14.650 10 INFO neutron.services.segments.plugin [-] Segment 82ebe555-40a3-40dc-87fb-4a277324ecf7 resource provider not found; error: Placement Client Error (4xx): {"errors": [{"status": 404, "title": "Not Found", "detail": "The resource could not be found.\n\n No resource provider with uuid 82ebe555-40a3-40dc-87fb-4a277324ecf7 found for delete ", "request_id": "req-b051ccaf-da20-4509-8e37-0025cc229bcb"}]}
2026-05-12 07:02:14.684 10 INFO neutron.wsgi [req-ee59f492-0436-4d94-9cb0-d0da38b4e00b req-ec8ca8e5-6031-41db-a670-1ee884bf4d91 bbff66d0b64f4830b2309c839d28e09c ccf3d05b3405476a9edacc2264ef62bd - - default default] 10.0.0.82 "GET /v2.0/networks?id=ddb1ab73-279f-4a10-9810-ebd45c4f12ed HTTP/1.1" status: 200 len: 874 time: 0.0927551
2026-05-12 07:02:14.704 10 INFO neutron.wsgi [req-ee59f492-0436-4d94-9cb0-d0da38b4e00b req-992fea46-6c62-44eb-88fc-ff049080e8c5 bbff66d0b64f4830b2309c839d28e09c ccf3d05b3405476a9edacc2264ef62bd - - default default] 10.0.0.82 "GET /v2.0/quotas/ccf3d05b3405476a9edacc2264ef62bd HTTP/1.1" status: 200 len: 386 time: 0.0120378
2026-05-12 07:02:14.771 10 INFO neutron.wsgi [None req-3734a81d-1e27-485d-824a-1e5ee8a4e45e fd6baac89f954a33bae9dc16520b6682 4ea77dfc919c498aa9ed65b1665bb9ae - - default default] 10.0.0.89 "DELETE /v2.0/security-groups/66168856-8d57-4fad-866f-1e21e4c7a31c HTTP/1.1" status: 204 len: 168 time: 0.3587375
2026-05-12 07:02:14.825 10 INFO neutron.wsgi [req-ee59f492-0436-4d94-9cb0-d0da38b4e00b req-3e11ec42-eabd-4f65-8a61-7cefb6dcfa90 bbff66d0b64f4830b2309c839d28e09c ccf3d05b3405476a9edacc2264ef62bd - - default default] 10.0.0.82 "GET /v2.0/ports?tenant_id=ccf3d05b3405476a9edacc2264ef62bd&fields=id HTTP/1.1" status: 200 len: 302 time: 0.1154609
2026-05-12 07:02:15.018 9 INFO neutron.wsgi [req-02ab4b27-23db-4f9a-bc8d-6da4b7fb5c33 req-40f0684f-f662-4d8b-8a3c-898233cb9319 9dd8bac543e34f6ea4f7b4d6e8b96f16 8aed4e4a49c14778bbbd85152650d748 - - default default] 199.204.45.156 "GET /v2.0/networks?id=dc40559f-52f6-4cfc-82ee-5a35ec2611f4 HTTP/1.1" status: 200 len: 882 time: 0.2485979
2026-05-12 07:02:15.094 9 INFO neutron.wsgi [req-02ab4b27-23db-4f9a-bc8d-6da4b7fb5c33 req-6e566214-866e-45cd-b1ab-bca469fb7dec 9dd8bac543e34f6ea4f7b4d6e8b96f16 8aed4e4a49c14778bbbd85152650d748 - - default default] 199.204.45.156 "GET /v2.0/security-groups?fields=id&fields=name&tenant_id=8aed4e4a49c14778bbbd85152650d748 HTTP/1.1" status: 200 len: 380 time: 0.0507073
2026-05-12 07:02:15.403 10 INFO neutron.wsgi [req-ee59f492-0436-4d94-9cb0-d0da38b4e00b req-12de6910-b3e4-49c5-b7c3-cb73099638aa 806c7a253260400084d39b4cf2a07e2d 1266992b5c684cfeaa0eaba140cec78c - - b774e3be6e02478d8b9c718970e08311 b774e3be6e02478d8b9c718970e08311] 10.0.0.82 "GET /v2.0/extensions HTTP/1.1" status: 200 len: 16525 time: 0.0875318
2026-05-12 07:02:15.493 10 INFO neutron.wsgi [req-ee59f492-0436-4d94-9cb0-d0da38b4e00b req-220dc377-62e1-46a7-a8e0-840e87ae1923 806c7a253260400084d39b4cf2a07e2d 1266992b5c684cfeaa0eaba140cec78c - - b774e3be6e02478d8b9c718970e08311 b774e3be6e02478d8b9c718970e08311] 10.0.0.82 "GET /v2.0/networks/ddb1ab73-279f-4a10-9810-ebd45c4f12ed?fields=segments HTTP/1.1" status: 200 len: 212 time: 0.0821941
2026-05-12 07:02:15.594 10 INFO neutron.wsgi [req-ee59f492-0436-4d94-9cb0-d0da38b4e00b req-d3cb3958-bb56-4636-b8c4-b478b77afc07 806c7a253260400084d39b4cf2a07e2d 1266992b5c684cfeaa0eaba140cec78c - - b774e3be6e02478d8b9c718970e08311 b774e3be6e02478d8b9c718970e08311] 10.0.0.82 "GET /v2.0/networks/ddb1ab73-279f-4a10-9810-ebd45c4f12ed?fields=provider%3Aphysical_network&fields=provider%3Anetwork_type HTTP/1.1" status: 200 len: 277 time: 0.0893455
2026-05-12 07:02:15.620 10 INFO neutron.wsgi [req-1a4f9531-5cc6-4956-8fac-bcb712d8a961 req-c71111b3-0b4f-4ffa-a6fb-6588ccfb1bc5 9dd8bac543e34f6ea4f7b4d6e8b96f16 8aed4e4a49c14778bbbd85152650d748 - - default default] 10.0.0.82 "GET /v2.0/ports?device_id=34c6fa89-f21e-49e6-91ec-3ab94b59aca4 HTTP/1.1" status: 200 len: 210 time: 0.0185699
2026-05-12 07:02:15.628 10 WARNING neutron.plugins.ml2.drivers.ovn.mech_driver.ovsdb.ovn_client [None req-8b869861-29db-44a4-9696-bae518868819 - - - - - -] No hosting information found for port 9bd4195c-a171-42b7-adf2-83f90c969413: RuntimeError: No hosting information found for port 9bd4195c-a171-42b7-adf2-83f90c969413
2026-05-12 07:02:15.629 10 INFO neutron.plugins.ml2.drivers.ovn.mech_driver.mech_driver [None req-8b869861-29db-44a4-9696-bae518868819 - - - - - -] OVN reports status up for port: 5fe02987-74f6-49ec-847d-9980e70011d6
2026-05-12 07:02:15.643 10 INFO neutron.plugins.ml2.plugin [None req-8b869861-29db-44a4-9696-bae518868819 - - - - - -] Attempt 1 to provision port 5fe02987-74f6-49ec-847d-9980e70011d6
2026-05-12 07:02:15.826 9 WARNING neutron.scheduler.dhcp_agent_scheduler [req-02ab4b27-23db-4f9a-bc8d-6da4b7fb5c33 req-1567e1fa-df23-431f-862c-1188b18e9d86 9dd8bac543e34f6ea4f7b4d6e8b96f16 8aed4e4a49c14778bbbd85152650d748 - - default default] No more DHCP agents
2026-05-12 07:02:15.828 9 WARNING neutron.api.rpc.agentnotifiers.dhcp_rpc_agent_api [req-02ab4b27-23db-4f9a-bc8d-6da4b7fb5c33 req-1567e1fa-df23-431f-862c-1188b18e9d86 9dd8bac543e34f6ea4f7b4d6e8b96f16 8aed4e4a49c14778bbbd85152650d748 - - default default] Unable to schedule network dc40559f-52f6-4cfc-82ee-5a35ec2611f4: no agents available; will retry on subsequent port and subnet creation events.
2026-05-12 07:02:15.837 10 INFO neutron.wsgi [req-5baa407f-a625-4cd4-bdc1-188222be206e req-9fe1ad8d-e691-4033-8a26-41f27e7ae492 bbff66d0b64f4830b2309c839d28e09c ccf3d05b3405476a9edacc2264ef62bd - - default default] 10.0.0.82 "GET /v2.0/ports?device_id=c45c9f51-67d2-4856-a5d0-d522800c7114 HTTP/1.1" status: 200 len: 210 time: 0.0250471
2026-05-12 07:02:15.982 9 INFO neutron.db.ovn_revision_numbers_db [req-02ab4b27-23db-4f9a-bc8d-6da4b7fb5c33 req-1567e1fa-df23-431f-862c-1188b18e9d86 9dd8bac543e34f6ea4f7b4d6e8b96f16 8aed4e4a49c14778bbbd85152650d748 - - default default] Successfully bumped revision number for resource a4861866-5040-450b-bc26-77ebae2ffaca (type: ports) to 1
2026-05-12 07:02:16.008 9 INFO neutron.wsgi [req-02ab4b27-23db-4f9a-bc8d-6da4b7fb5c33 req-1567e1fa-df23-431f-862c-1188b18e9d86 9dd8bac543e34f6ea4f7b4d6e8b96f16 8aed4e4a49c14778bbbd85152650d748 - - default default] 199.204.45.156 "POST /v2.0/ports HTTP/1.1" status: 201 len: 1158 time: 0.9106383 /var/lib/openstack/lib/python3.10/site-packages/pycadf/identifier.py:71: UserWarning: Invalid uuid: neutron. To ensure interoperability, identifiers should be a valid uuid. warnings.warn(('Invalid uuid: %s. To ensure interoperability, '
2026-05-12 07:02:16.030 9 INFO neutron.wsgi [req-02ab4b27-23db-4f9a-bc8d-6da4b7fb5c33 req-802da811-bdef-44da-8c0e-40ed1716eed5 9dd8bac543e34f6ea4f7b4d6e8b96f16 8aed4e4a49c14778bbbd85152650d748 - - default default] 199.204.45.156 "GET /v2.0/extensions HTTP/1.1" status: 200 len: 16525 time: 0.0101380
2026-05-12 07:02:16.660 10 INFO neutron.services.segments.plugin [-] Segment c56c90f6-1712-4104-b498-441251913bab resource provider aggregate not found
2026-05-12 07:02:16.687 10 INFO neutron.services.segments.plugin [-] Segment c56c90f6-1712-4104-b498-441251913bab resource provider aggregate not found
2026-05-12 07:02:16.693 10 INFO neutron.services.segments.plugin [-] Segment c56c90f6-1712-4104-b498-441251913bab resource provider not found; error: Placement Client Error (4xx): {"errors": [{"status": 404, "title": "Not Found", "detail": "The resource could not be found.\n\n No resource provider with uuid c56c90f6-1712-4104-b498-441251913bab found for delete ", "request_id": "req-bdc534dd-520b-4232-83e3-f18fa51a388f"}]}
2026-05-12 07:02:16.706 10 INFO neutron.services.segments.plugin [-] Segment c56c90f6-1712-4104-b498-441251913bab resource provider not found; error: Placement Client Error (4xx): {"errors": [{"status": 404, "title": "Not Found", "detail": "The resource could not be found.\n\n No resource provider with uuid c56c90f6-1712-4104-b498-441251913bab found for delete ", "request_id": "req-93a12731-4ed3-4837-8cfe-a49c2d354169"}]}
2026-05-12 07:02:16.806 9 INFO neutron.wsgi [req-ee59f492-0436-4d94-9cb0-d0da38b4e00b req-a572033a-e866-40d9-9d1a-f2a60fc5eadf bbff66d0b64f4830b2309c839d28e09c ccf3d05b3405476a9edacc2264ef62bd - - default default] 199.204.45.156 "GET /v2.0/networks?id=ddb1ab73-279f-4a10-9810-ebd45c4f12ed HTTP/1.1" status: 200 len: 874 time: 0.1158419
2026-05-12 07:02:16.807 10 INFO neutron.db.ovn_revision_numbers_db [None req-67a667f3-74a0-4477-8909-b5d5a7a1a38f fd6baac89f954a33bae9dc16520b6682 4ea77dfc919c498aa9ed65b1665bb9ae - - default default] Successfully bumped revision number for resource fe3a501c-a5c2-4035-8e7a-7fee20beafdf (type: security_groups) to 1
2026-05-12 07:02:16.824 10 INFO neutron.db.ovn_revision_numbers_db [None req-67a667f3-74a0-4477-8909-b5d5a7a1a38f fd6baac89f954a33bae9dc16520b6682 4ea77dfc919c498aa9ed65b1665bb9ae - - default default] Successfully bumped revision number for resource 2b1f34c5-19d3-4e41-a7da-59511e3407b5 (type: security_group_rules) to 0
2026-05-12 07:02:16.840 10 INFO neutron.db.ovn_revision_numbers_db [None req-67a667f3-74a0-4477-8909-b5d5a7a1a38f fd6baac89f954a33bae9dc16520b6682 4ea77dfc919c498aa9ed65b1665bb9ae - - default default] Successfully bumped revision number for resource 2c17370c-d888-40cf-8fe2-03510c106a9e (type: security_group_rules) to 0
2026-05-12 07:02:16.854 10 INFO neutron.db.ovn_revision_numbers_db [None req-67a667f3-74a0-4477-8909-b5d5a7a1a38f fd6baac89f954a33bae9dc16520b6682 4ea77dfc919c498aa9ed65b1665bb9ae - - default default] Successfully bumped revision number for resource 41d4292d-15a8-44ce-95ee-3f0298aa2986 (type: security_group_rules) to 0
2026-05-12 07:02:16.868 10 INFO neutron.db.ovn_revision_numbers_db [None req-67a667f3-74a0-4477-8909-b5d5a7a1a38f fd6baac89f954a33bae9dc16520b6682 4ea77dfc919c498aa9ed65b1665bb9ae - - default default] Successfully bumped revision number for resource 5f60ea91-dae6-40f1-9bde-881154c43cd4 (type: security_group_rules) to 0
2026-05-12 07:02:16.913 9 INFO neutron.wsgi [req-ee59f492-0436-4d94-9cb0-d0da38b4e00b req-6a3e2ec4-c33e-45c1-820a-18c8f4762eae bbff66d0b64f4830b2309c839d28e09c ccf3d05b3405476a9edacc2264ef62bd - - default default] 199.204.45.156 "GET /v2.0/security-groups?fields=id&fields=name&tenant_id=ccf3d05b3405476a9edacc2264ef62bd HTTP/1.1" status: 200 len: 379 time: 0.0975671
2026-05-12 07:02:16.932 10 INFO neutron.db.segments_db [None req-67a667f3-74a0-4477-8909-b5d5a7a1a38f fd6baac89f954a33bae9dc16520b6682 4ea77dfc919c498aa9ed65b1665bb9ae - - default default] Added segment ff17aa8b-28c8-4de3-950a-70fae0828f4a of type geneve for network 88e6871a-d833-4317-8cbb-770843b6d089
2026-05-12 07:02:16.970 10 INFO neutron.wsgi [req-5b18bbd3-a841-485e-9d1a-f371af31187a req-0767754c-866f-4b8c-b5c1-d8bfb7e38ba2 bbff66d0b64f4830b2309c839d28e09c ccf3d05b3405476a9edacc2264ef62bd - - default default] 10.0.0.82 "GET /v2.0/ports?device_id=c45c9f51-67d2-4856-a5d0-d522800c7114 HTTP/1.1" status: 200 len: 210 time: 0.0328691
2026-05-12 07:02:17.015 10 INFO neutron.wsgi [req-e9b687aa-5544-455f-acef-57d97e3e6ac1 req-1031f6e1-296b-440a-9a90-72f5df58e94f 9dd8bac543e34f6ea4f7b4d6e8b96f16 8aed4e4a49c14778bbbd85152650d748 - - default default] 10.0.0.82 "GET /v2.0/ports?device_id=34c6fa89-f21e-49e6-91ec-3ab94b59aca4 HTTP/1.1" status: 200 len: 1156 time: 0.0605063
2026-05-12 07:02:17.082 10 INFO neutron.wsgi [req-e9b687aa-5544-455f-acef-57d97e3e6ac1 req-adeebbd4-941a-4f77-9dc3-ce01c9eb11ca 9dd8bac543e34f6ea4f7b4d6e8b96f16 8aed4e4a49c14778bbbd85152650d748 - - default default] 10.0.0.82 "GET /v2.0/security-groups?id=50a5ead4-a84c-4535-a8a7-312f6c850896&fields=id&fields=name HTTP/1.1" status: 200 len: 313 time: 0.0562184
2026-05-12 07:02:17.127 9 INFO neutron.db.ovn_revision_numbers_db [None req-1e5606b5-48c3-4996-81c8-48c90b99f93f fd6baac89f954a33bae9dc16520b6682 4ea77dfc919c498aa9ed65b1665bb9ae - - default default] Successfully bumped revision number for resource d5a142a2-6edc-4d79-be9b-4e372f38ff17 (type: security_groups) to 1
2026-05-12 07:02:17.140 10 INFO neutron.db.ovn_revision_numbers_db [None req-67a667f3-74a0-4477-8909-b5d5a7a1a38f fd6baac89f954a33bae9dc16520b6682 4ea77dfc919c498aa9ed65b1665bb9ae - - default default] Successfully bumped revision number for resource 88e6871a-d833-4317-8cbb-770843b6d089 (type: networks) to 1
2026-05-12 07:02:17.166 9 INFO neutron.db.ovn_revision_numbers_db [None req-1e5606b5-48c3-4996-81c8-48c90b99f93f fd6baac89f954a33bae9dc16520b6682 4ea77dfc919c498aa9ed65b1665bb9ae - - default default] Successfully bumped revision number for resource 017b13b7-7777-4626-a49b-03d0e03ee8e5 (type: security_group_rules) to 0
2026-05-12 07:02:17.210 9 INFO neutron.db.ovn_revision_numbers_db [None req-1e5606b5-48c3-4996-81c8-48c90b99f93f fd6baac89f954a33bae9dc16520b6682 4ea77dfc919c498aa9ed65b1665bb9ae - - default default] Successfully bumped revision number for resource a0b48d57-434a-446c-8411-8817b703e740 (type: security_group_rules) to 0
2026-05-12 07:02:17.234 9 INFO neutron.db.ovn_revision_numbers_db [None req-1e5606b5-48c3-4996-81c8-48c90b99f93f fd6baac89f954a33bae9dc16520b6682 4ea77dfc919c498aa9ed65b1665bb9ae - - default default] Successfully bumped revision number for resource a8b11963-9002-44f2-a280-205b50db4c95 (type: security_group_rules) to 0
2026-05-12 07:02:17.238 9 INFO neutron.db.ovn_revision_numbers_db [req-02ab4b27-23db-4f9a-bc8d-6da4b7fb5c33 req-2b557aa3-bc6a-43c8-b463-b962094291a3 806c7a253260400084d39b4cf2a07e2d 1266992b5c684cfeaa0eaba140cec78c - - b774e3be6e02478d8b9c718970e08311 b774e3be6e02478d8b9c718970e08311] Successfully bumped revision number for resource a4861866-5040-450b-bc26-77ebae2ffaca (type: ports) to 2
2026-05-12 07:02:17.252 9 INFO neutron.db.ovn_revision_numbers_db [None req-1e5606b5-48c3-4996-81c8-48c90b99f93f fd6baac89f954a33bae9dc16520b6682 4ea77dfc919c498aa9ed65b1665bb9ae - - default default] Successfully bumped revision number for resource d9c4102f-bb7a-4a93-88fe-0d1b0f99ce21 (type: security_group_rules) to 0
2026-05-12 07:02:17.353 9 INFO neutron.db.segments_db [None req-1e5606b5-48c3-4996-81c8-48c90b99f93f fd6baac89f954a33bae9dc16520b6682 4ea77dfc919c498aa9ed65b1665bb9ae - - default default] Added segment af0fef65-0852-408f-aba2-b7dadb24ef44 of type geneve for network c295c23a-fa57-49da-ad49-f70143d9cb24
2026-05-12 07:02:17.356 10 WARNING neutron.scheduler.dhcp_agent_scheduler [None req-67a667f3-74a0-4477-8909-b5d5a7a1a38f fd6baac89f954a33bae9dc16520b6682 4ea77dfc919c498aa9ed65b1665bb9ae - - default default] No more DHCP agents
2026-05-12 07:02:17.357 10 WARNING neutron.api.rpc.agentnotifiers.dhcp_rpc_agent_api [None req-67a667f3-74a0-4477-8909-b5d5a7a1a38f fd6baac89f954a33bae9dc16520b6682 4ea77dfc919c498aa9ed65b1665bb9ae - - default default] Unable to schedule network 88e6871a-d833-4317-8cbb-770843b6d089: no agents available; will retry on subsequent port and subnet creation events.
2026-05-12 07:02:17.449 10 INFO neutron.db.ovn_revision_numbers_db [None req-67a667f3-74a0-4477-8909-b5d5a7a1a38f fd6baac89f954a33bae9dc16520b6682 4ea77dfc919c498aa9ed65b1665bb9ae - - default default] Successfully bumped revision number for resource 02e679e1-f0d9-4b53-877f-a84c00dd21c9 (type: ports) to 1
2026-05-12 07:02:17.471 10 INFO neutron.wsgi [None req-67a667f3-74a0-4477-8909-b5d5a7a1a38f fd6baac89f954a33bae9dc16520b6682 4ea77dfc919c498aa9ed65b1665bb9ae - - default default] 10.0.0.89 "POST /v2.0/networks HTTP/1.1" status: 201 len: 947 time: 1.0079014
2026-05-12 07:02:17.591 9 WARNING neutron.scheduler.dhcp_agent_scheduler [req-ee59f492-0436-4d94-9cb0-d0da38b4e00b req-53730838-c5a2-46eb-96a4-416bb3b910ea bbff66d0b64f4830b2309c839d28e09c ccf3d05b3405476a9edacc2264ef62bd - - default default] No more DHCP agents
2026-05-12 07:02:17.600 9 WARNING neutron.api.rpc.agentnotifiers.dhcp_rpc_agent_api [req-ee59f492-0436-4d94-9cb0-d0da38b4e00b req-53730838-c5a2-46eb-96a4-416bb3b910ea bbff66d0b64f4830b2309c839d28e09c ccf3d05b3405476a9edacc2264ef62bd - - default default] Unable to schedule network ddb1ab73-279f-4a10-9810-ebd45c4f12ed: no agents available; will retry on subsequent port and subnet creation events.
2026-05-12 07:02:17.676 9 INFO neutron.db.ovn_revision_numbers_db [None req-1e5606b5-48c3-4996-81c8-48c90b99f93f fd6baac89f954a33bae9dc16520b6682 4ea77dfc919c498aa9ed65b1665bb9ae - - default default] Successfully bumped revision number for resource c295c23a-fa57-49da-ad49-f70143d9cb24 (type: networks) to 1
2026-05-12 07:02:17.823 9 INFO neutron.db.ovn_revision_numbers_db [req-02ab4b27-23db-4f9a-bc8d-6da4b7fb5c33 req-2b557aa3-bc6a-43c8-b463-b962094291a3 806c7a253260400084d39b4cf2a07e2d 1266992b5c684cfeaa0eaba140cec78c - - b774e3be6e02478d8b9c718970e08311 b774e3be6e02478d8b9c718970e08311] Successfully bumped revision number for resource a4861866-5040-450b-bc26-77ebae2ffaca (type: ports) to 2
2026-05-12 07:02:17.824 10 WARNING neutron.scheduler.dhcp_agent_scheduler [None req-f7734b7e-abbb-432b-98c8-78f4eed979e8 fd6baac89f954a33bae9dc16520b6682 4ea77dfc919c498aa9ed65b1665bb9ae - - default default] No more DHCP agents
2026-05-12 07:02:17.826 10 WARNING neutron.api.rpc.agentnotifiers.dhcp_rpc_agent_api [None req-f7734b7e-abbb-432b-98c8-78f4eed979e8 fd6baac89f954a33bae9dc16520b6682 4ea77dfc919c498aa9ed65b1665bb9ae - - default default] Unable to schedule network 88e6871a-d833-4317-8cbb-770843b6d089: no agents available; will retry on subsequent port and subnet creation events.
2026-05-12 07:02:17.884 9 INFO neutron.wsgi [req-02ab4b27-23db-4f9a-bc8d-6da4b7fb5c33 req-2b557aa3-bc6a-43c8-b463-b962094291a3 806c7a253260400084d39b4cf2a07e2d 1266992b5c684cfeaa0eaba140cec78c - - b774e3be6e02478d8b9c718970e08311 b774e3be6e02478d8b9c718970e08311] 199.204.45.156 "PUT /v2.0/ports/a4861866-5040-450b-bc26-77ebae2ffaca HTTP/1.1" status: 200 len: 1376 time: 1.4358249 /var/lib/openstack/lib/python3.10/site-packages/pycadf/identifier.py:71: UserWarning: Invalid uuid: neutron. To ensure interoperability, identifiers should be a valid uuid. warnings.warn(('Invalid uuid: %s. To ensure interoperability, '
2026-05-12 07:02:17.951 9 INFO neutron.db.ovn_revision_numbers_db [req-ee59f492-0436-4d94-9cb0-d0da38b4e00b req-53730838-c5a2-46eb-96a4-416bb3b910ea bbff66d0b64f4830b2309c839d28e09c ccf3d05b3405476a9edacc2264ef62bd - - default default] Successfully bumped revision number for resource e6f9f2e4-69b1-4780-bd1b-46c5c70ea05d (type: ports) to 1
2026-05-12 07:02:17.990 9 INFO neutron.wsgi [req-02ab4b27-23db-4f9a-bc8d-6da4b7fb5c33 req-3772d7de-389a-4305-8fa8-23f8679a7e0e 806c7a253260400084d39b4cf2a07e2d 1266992b5c684cfeaa0eaba140cec78c - - b774e3be6e02478d8b9c718970e08311 b774e3be6e02478d8b9c718970e08311] 199.204.45.156 "GET /v2.0/ports?tenant_id=8aed4e4a49c14778bbbd85152650d748&device_id=34c6fa89-f21e-49e6-91ec-3ab94b59aca4 HTTP/1.1" status: 200 len: 1407 time: 0.0690932
2026-05-12 07:02:17.994 9 INFO neutron.wsgi [req-ee59f492-0436-4d94-9cb0-d0da38b4e00b req-53730838-c5a2-46eb-96a4-416bb3b910ea bbff66d0b64f4830b2309c839d28e09c ccf3d05b3405476a9edacc2264ef62bd - - default default] 199.204.45.156 "POST /v2.0/ports HTTP/1.1" status: 201 len: 1158 time: 1.0740306
2026-05-12 07:02:18.056 9 WARNING neutron.scheduler.dhcp_agent_scheduler [None req-1e5606b5-48c3-4996-81c8-48c90b99f93f fd6baac89f954a33bae9dc16520b6682 4ea77dfc919c498aa9ed65b1665bb9ae - - default default] No more DHCP agents
2026-05-12 07:02:18.059 9 WARNING neutron.api.rpc.agentnotifiers.dhcp_rpc_agent_api [None req-1e5606b5-48c3-4996-81c8-48c90b99f93f fd6baac89f954a33bae9dc16520b6682 4ea77dfc919c498aa9ed65b1665bb9ae - - default default] Unable to schedule network c295c23a-fa57-49da-ad49-f70143d9cb24: no agents available; will retry on subsequent port and subnet creation events.
2026-05-12 07:02:18.062 9 INFO neutron.wsgi [req-02ab4b27-23db-4f9a-bc8d-6da4b7fb5c33 req-0113e3c8-698c-426f-b702-c8e328b63479 806c7a253260400084d39b4cf2a07e2d 1266992b5c684cfeaa0eaba140cec78c - - b774e3be6e02478d8b9c718970e08311 b774e3be6e02478d8b9c718970e08311] 199.204.45.156 "GET /v2.0/floatingips?fixed_ip_address=10.100.0.4&port_id=a4861866-5040-450b-bc26-77ebae2ffaca HTTP/1.1" status: 200 len: 217 time: 0.0554571
2026-05-12 07:02:18.107 10 INFO neutron.wsgi [req-beb36972-466d-44d3-8884-9224005e9411 req-5f2a0f90-281b-4bc1-8ebc-a032858f1f36 bbff66d0b64f4830b2309c839d28e09c ccf3d05b3405476a9edacc2264ef62bd - - default default] 10.0.0.82 "GET /v2.0/ports?device_id=c45c9f51-67d2-4856-a5d0-d522800c7114 HTTP/1.1" status: 200 len: 1156 time: 0.0598111
2026-05-12 07:02:18.161 9 INFO neutron.wsgi [req-02ab4b27-23db-4f9a-bc8d-6da4b7fb5c33 req-3a507318-1808-48df-a887-4511ab07f00d 806c7a253260400084d39b4cf2a07e2d 1266992b5c684cfeaa0eaba140cec78c - - b774e3be6e02478d8b9c718970e08311 b774e3be6e02478d8b9c718970e08311] 199.204.45.156 "GET /v2.0/subnets?id=957b98a0-1c10-4ff7-bb12-fe13d446823f HTTP/1.1" status: 200 len: 876 time: 0.0865998
2026-05-12 07:02:18.166 10 INFO neutron.wsgi [req-beb36972-466d-44d3-8884-9224005e9411 req-d3744b04-aa9f-4da6-a5c6-4522396d3b06 bbff66d0b64f4830b2309c839d28e09c ccf3d05b3405476a9edacc2264ef62bd - - default default] 10.0.0.82 "GET /v2.0/security-groups?id=252d36bc-9996-48d0-8c31-0aaa2e610b40&fields=id&fields=name HTTP/1.1" status: 200 len: 312 time: 0.0534689
2026-05-12 07:02:18.221 9 INFO neutron.wsgi [req-02ab4b27-23db-4f9a-bc8d-6da4b7fb5c33 req-634baef3-30c7-4113-ba68-22060666044b 806c7a253260400084d39b4cf2a07e2d 1266992b5c684cfeaa0eaba140cec78c - - b774e3be6e02478d8b9c718970e08311 b774e3be6e02478d8b9c718970e08311] 199.204.45.156 "GET /v2.0/ports?network_id=dc40559f-52f6-4cfc-82ee-5a35ec2611f4&device_owner=network%3Adhcp HTTP/1.1" status: 200 len: 210 time: 0.0519776
2026-05-12 07:02:18.267 9 INFO neutron.db.ovn_revision_numbers_db [None req-1e5606b5-48c3-4996-81c8-48c90b99f93f fd6baac89f954a33bae9dc16520b6682 4ea77dfc919c498aa9ed65b1665bb9ae - - default default] Successfully bumped revision number for resource b81d185d-4b4b-405a-b01b-1cb83c97bd0a (type: ports) to 1
2026-05-12 07:02:18.305 9 INFO neutron.wsgi [None req-1e5606b5-48c3-4996-81c8-48c90b99f93f fd6baac89f954a33bae9dc16520b6682 4ea77dfc919c498aa9ed65b1665bb9ae - - default default] 10.0.0.89 "POST /v2.0/networks HTTP/1.1" status: 201 len: 939 time: 1.5095625
2026-05-12 07:02:18.313 10 INFO neutron.wsgi [req-4ee6a3f4-ea86-4746-9228-64c421fe7c8a req-58401824-f714-4198-8c5e-7c6727f4fb56 9dd8bac543e34f6ea4f7b4d6e8b96f16 8aed4e4a49c14778bbbd85152650d748 - - default default] 10.0.0.82 "GET /v2.0/ports?device_id=34c6fa89-f21e-49e6-91ec-3ab94b59aca4 HTTP/1.1" status: 200 len: 1168 time: 0.1428308
2026-05-12 07:02:18.349 9 INFO neutron.wsgi [req-02ab4b27-23db-4f9a-bc8d-6da4b7fb5c33 req-58b95464-1ab5-4401-ad0c-76cdf62f6a75 806c7a253260400084d39b4cf2a07e2d 1266992b5c684cfeaa0eaba140cec78c - - b774e3be6e02478d8b9c718970e08311 b774e3be6e02478d8b9c718970e08311] 199.204.45.156 "GET /v2.0/networks/dc40559f-52f6-4cfc-82ee-5a35ec2611f4?fields=segments HTTP/1.1" status: 200 len: 212 time: 0.1182950
2026-05-12 07:02:18.373 10 INFO neutron.wsgi [req-4ee6a3f4-ea86-4746-9228-64c421fe7c8a req-3a7fe6be-b152-4207-ad4d-082cdf72cc49 9dd8bac543e34f6ea4f7b4d6e8b96f16 8aed4e4a49c14778bbbd85152650d748 - - default default] 10.0.0.82 "GET /v2.0/security-groups?id=50a5ead4-a84c-4535-a8a7-312f6c850896&fields=id&fields=name HTTP/1.1" status: 200 len: 313 time: 0.0532355
2026-05-12 07:02:18.535 9 INFO neutron.notifiers.nova [-] Nova event matching ['req-3e0a4256-188d-424c-8d55-5f665e2e6f31'] response: {'name': 'network-changed', 'server_uuid': '34c6fa89-f21e-49e6-91ec-3ab94b59aca4', 'tag': 'a4861866-5040-450b-bc26-77ebae2ffaca', 'status': 'completed', 'code': 200}
2026-05-12 07:02:18.545 10 INFO neutron.db.ovn_revision_numbers_db [None req-f7734b7e-abbb-432b-98c8-78f4eed979e8 fd6baac89f954a33bae9dc16520b6682 4ea77dfc919c498aa9ed65b1665bb9ae - - default default] Successfully bumped revision number for resource 02e679e1-f0d9-4b53-877f-a84c00dd21c9 (type: ports) to 2
2026-05-12 07:02:18.582 10 INFO neutron.db.ovn_revision_numbers_db [None req-f7734b7e-abbb-432b-98c8-78f4eed979e8 fd6baac89f954a33bae9dc16520b6682 4ea77dfc919c498aa9ed65b1665bb9ae - - default default] Successfully bumped revision number for resource a9a2ce64-a965-4de5-905f-fa718f6eebde (type: subnets) to 0
2026-05-12 07:02:18.599 10 INFO neutron.wsgi [None req-f7734b7e-abbb-432b-98c8-78f4eed979e8 fd6baac89f954a33bae9dc16520b6682 4ea77dfc919c498aa9ed65b1665bb9ae - - default default] 10.0.0.89 "POST /v2.0/subnets HTTP/1.1" status: 201 len: 867 time: 1.1166675
2026-05-12 07:02:18.632 9 INFO neutron.wsgi [req-02ab4b27-23db-4f9a-bc8d-6da4b7fb5c33 req-7392c7c4-5130-401a-9344-cb9b50bfba96 806c7a253260400084d39b4cf2a07e2d 1266992b5c684cfeaa0eaba140cec78c - - b774e3be6e02478d8b9c718970e08311 b774e3be6e02478d8b9c718970e08311] 199.204.45.156 "GET /v2.0/networks/dc40559f-52f6-4cfc-82ee-5a35ec2611f4?fields=provider%3Aphysical_network&fields=provider%3Anetwork_type HTTP/1.1" status: 200 len: 277 time: 0.0976274
2026-05-12 07:02:18.745 9 INFO neutron.wsgi [req-35821326-d483-46a8-b803-b1b1c0a38447 req-0ac3bea5-04b8-43b8-8196-6bbe4f01e46c 806c7a253260400084d39b4cf2a07e2d 1266992b5c684cfeaa0eaba140cec78c - - b774e3be6e02478d8b9c718970e08311 b774e3be6e02478d8b9c718970e08311] 199.204.45.156 "GET /v2.0/ports?tenant_id=8aed4e4a49c14778bbbd85152650d748&device_id=34c6fa89-f21e-49e6-91ec-3ab94b59aca4 HTTP/1.1" status: 200 len: 1407 time: 0.0642719
2026-05-12 07:02:18.778 9 WARNING neutron.scheduler.dhcp_agent_scheduler [None req-e9857a93-6765-4f5e-8a88-6bed08c8ab1f fd6baac89f954a33bae9dc16520b6682 4ea77dfc919c498aa9ed65b1665bb9ae - - default default] No more DHCP agents
2026-05-12 07:02:18.782 9 WARNING neutron.api.rpc.agentnotifiers.dhcp_rpc_agent_api [None req-e9857a93-6765-4f5e-8a88-6bed08c8ab1f fd6baac89f954a33bae9dc16520b6682 4ea77dfc919c498aa9ed65b1665bb9ae - - default default] Unable to schedule network c295c23a-fa57-49da-ad49-f70143d9cb24: no agents available; will retry on subsequent port and subnet creation events. /var/lib/openstack/lib/python3.10/site-packages/pycadf/identifier.py:71: UserWarning: Invalid uuid: neutron. To ensure interoperability, identifiers should be a valid uuid. warnings.warn(('Invalid uuid: %s. To ensure interoperability, '
2026-05-12 07:02:18.960 9 INFO neutron.wsgi [req-35821326-d483-46a8-b803-b1b1c0a38447 req-b06a246d-dff5-4d3c-ad76-c54302ac0a99 806c7a253260400084d39b4cf2a07e2d 1266992b5c684cfeaa0eaba140cec78c - - b774e3be6e02478d8b9c718970e08311 b774e3be6e02478d8b9c718970e08311] 199.204.45.156 "GET /v2.0/networks?id=dc40559f-52f6-4cfc-82ee-5a35ec2611f4 HTTP/1.1" status: 200 len: 980 time: 0.1143057
2026-05-12 07:02:18.995 9 INFO neutron.wsgi [req-35821326-d483-46a8-b803-b1b1c0a38447 req-3c2f2405-c082-45b6-9ba3-deb3d96abb52 806c7a253260400084d39b4cf2a07e2d 1266992b5c684cfeaa0eaba140cec78c - - b774e3be6e02478d8b9c718970e08311 b774e3be6e02478d8b9c718970e08311] 199.204.45.156 "GET /v2.0/floatingips?fixed_ip_address=10.100.0.4&port_id=a4861866-5040-450b-bc26-77ebae2ffaca HTTP/1.1" status: 200 len: 217 time: 0.0286751
2026-05-12 07:02:19.016 9 INFO neutron.db.ovn_revision_numbers_db [req-ee59f492-0436-4d94-9cb0-d0da38b4e00b req-aab44f03-a725-4537-af71-3b00856e0a3e 806c7a253260400084d39b4cf2a07e2d 1266992b5c684cfeaa0eaba140cec78c - - b774e3be6e02478d8b9c718970e08311 b774e3be6e02478d8b9c718970e08311] Successfully bumped revision number for resource e6f9f2e4-69b1-4780-bd1b-46c5c70ea05d (type: ports) to 2
2026-05-12 07:02:19.057 9 INFO neutron.wsgi [req-35821326-d483-46a8-b803-b1b1c0a38447 req-d829e90e-c93d-43c0-81ed-5f48caec69dd 806c7a253260400084d39b4cf2a07e2d 1266992b5c684cfeaa0eaba140cec78c - - b774e3be6e02478d8b9c718970e08311 b774e3be6e02478d8b9c718970e08311] 199.204.45.156 "GET /v2.0/subnets?id=957b98a0-1c10-4ff7-bb12-fe13d446823f HTTP/1.1" status: 200 len: 876 time: 0.0542035
2026-05-12 07:02:19.064 9 WARNING neutron.plugins.ml2.drivers.ovn.mech_driver.ovsdb.ovn_client [None req-48a7f436-cbd4-49cc-a101-66975f838078 - - - - - -] No hosting information found for port d98aa7da-e6b2-468e-ba5e-c85fd6510bd9: RuntimeError: No hosting information found for port d98aa7da-e6b2-468e-ba5e-c85fd6510bd9
2026-05-12 07:02:19.080 10 WARNING neutron.scheduler.dhcp_agent_scheduler [None req-9f911827-2d63-40f4-b626-313bb613e31e fd6baac89f954a33bae9dc16520b6682 4ea77dfc919c498aa9ed65b1665bb9ae - - default default] No more DHCP agents
2026-05-12 07:02:19.086 10 WARNING neutron.api.rpc.agentnotifiers.dhcp_rpc_agent_api [None req-9f911827-2d63-40f4-b626-313bb613e31e fd6baac89f954a33bae9dc16520b6682 4ea77dfc919c498aa9ed65b1665bb9ae - - default default] Unable to schedule network dab09501-07c0-4439-8d5a-750df455d8ad: no agents available; will retry on subsequent port and subnet creation events.
2026-05-12 07:02:19.093 9 INFO neutron.wsgi [req-35821326-d483-46a8-b803-b1b1c0a38447 req-61e521e3-8db5-4d62-91e8-a6ff83bb155a 806c7a253260400084d39b4cf2a07e2d 1266992b5c684cfeaa0eaba140cec78c - - b774e3be6e02478d8b9c718970e08311 b774e3be6e02478d8b9c718970e08311] 199.204.45.156 "GET /v2.0/ports?network_id=dc40559f-52f6-4cfc-82ee-5a35ec2611f4&device_owner=network%3Adhcp HTTP/1.1" status: 200 len: 210 time: 0.0311937
2026-05-12 07:02:19.212 9 INFO neutron.wsgi [req-35821326-d483-46a8-b803-b1b1c0a38447 req-7cf5c435-356d-4c49-94e8-44bde7482df3 806c7a253260400084d39b4cf2a07e2d 1266992b5c684cfeaa0eaba140cec78c - - b774e3be6e02478d8b9c718970e08311 b774e3be6e02478d8b9c718970e08311] 199.204.45.156 "GET /v2.0/networks/dc40559f-52f6-4cfc-82ee-5a35ec2611f4?fields=segments HTTP/1.1" status: 200 len: 212 time: 0.1123073
2026-05-12 07:02:19.302 10 INFO neutron.wsgi [req-fd68fbf0-bd1b-455d-8260-eeb3494fd7e9 req-8606d06d-ae32-45fc-8552-4fca4ca93a0c bbff66d0b64f4830b2309c839d28e09c ccf3d05b3405476a9edacc2264ef62bd - - default default] 10.0.0.82 "GET /v2.0/ports?device_id=c45c9f51-67d2-4856-a5d0-d522800c7114 HTTP/1.1" status: 200 len: 1168 time: 0.0486295
2026-05-12 07:02:19.308 10 INFO neutron.db.ovn_revision_numbers_db [None req-9f911827-2d63-40f4-b626-313bb613e31e fd6baac89f954a33bae9dc16520b6682 4ea77dfc919c498aa9ed65b1665bb9ae - - default default] Successfully bumped revision number for resource 17a64850-75a8-4abf-8a25-80fa825553c9 (type: ports) to 1
2026-05-12 07:02:19.346 9 INFO neutron.wsgi [req-35821326-d483-46a8-b803-b1b1c0a38447 req-b6888ed0-e662-4bea-92af-f608fd28a9fa 806c7a253260400084d39b4cf2a07e2d 1266992b5c684cfeaa0eaba140cec78c - - b774e3be6e02478d8b9c718970e08311 b774e3be6e02478d8b9c718970e08311] 199.204.45.156 "GET /v2.0/networks/dc40559f-52f6-4cfc-82ee-5a35ec2611f4?fields=provider%3Aphysical_network&fields=provider%3Anetwork_type HTTP/1.1" status: 200 len: 277 time: 0.1244776
2026-05-12 07:02:19.405 10 INFO neutron.wsgi [req-fd68fbf0-bd1b-455d-8260-eeb3494fd7e9 req-623ee2e2-3341-45ba-ac73-c4d07f7776e0 bbff66d0b64f4830b2309c839d28e09c ccf3d05b3405476a9edacc2264ef62bd - - default default] 10.0.0.82 "GET /v2.0/security-groups?id=252d36bc-9996-48d0-8c31-0aaa2e610b40&fields=id&fields=name HTTP/1.1" status: 200 len: 312 time: 0.0929549
2026-05-12 07:02:19.451 9 INFO neutron.db.ovn_revision_numbers_db [req-ee59f492-0436-4d94-9cb0-d0da38b4e00b req-aab44f03-a725-4537-af71-3b00856e0a3e 806c7a253260400084d39b4cf2a07e2d 1266992b5c684cfeaa0eaba140cec78c - - b774e3be6e02478d8b9c718970e08311 b774e3be6e02478d8b9c718970e08311] Successfully bumped revision number for resource e6f9f2e4-69b1-4780-bd1b-46c5c70ea05d (type: ports) to 2
