2026-05-12 07:08:55.356 9 INFO neutron.wsgi [req-3e6c1da5-95fe-4888-9366-2e4b7ceb3adc req-8aa63ae0-6344-4ede-bc27-e3d5d9a44c1a 806c7a253260400084d39b4cf2a07e2d 1266992b5c684cfeaa0eaba140cec78c - - b774e3be6e02478d8b9c718970e08311 b774e3be6e02478d8b9c718970e08311] 199.204.45.156 "GET /v2.0/ports?tenant_id=1c9f15c5dc21440a95aaa9ca42e84471&device_id=87e87aa5-473d-4a85-bfca-3063d747fefe HTTP/1.1" status: 200 len: 1638 time: 0.0483918
2026-05-12 07:08:55.377 10 INFO neutron.db.ovn_revision_numbers_db [None req-8b869861-29db-44a4-9696-bae518868819 - - - - - -] Successfully bumped revision number for resource d2b48953-c723-44d2-bac7-bdc8fe56a67c (type: ports) to 7
2026-05-12 07:08:55.461 9 INFO neutron.wsgi [req-3e6c1da5-95fe-4888-9366-2e4b7ceb3adc req-f133d115-4a25-4e8e-bf46-c9e37143ccae 806c7a253260400084d39b4cf2a07e2d 1266992b5c684cfeaa0eaba140cec78c - - b774e3be6e02478d8b9c718970e08311 b774e3be6e02478d8b9c718970e08311] 199.204.45.156 "GET /v2.0/networks?id=d788428c-6c80-4e52-a254-c6ab068d276d HTTP/1.1" status: 200 len: 1002 time: 0.0828469
2026-05-12 07:08:55.524 9 INFO neutron.wsgi [req-3e6c1da5-95fe-4888-9366-2e4b7ceb3adc req-d9fdb2f7-832e-47cc-a012-03e213ea93ea 806c7a253260400084d39b4cf2a07e2d 1266992b5c684cfeaa0eaba140cec78c - - b774e3be6e02478d8b9c718970e08311 b774e3be6e02478d8b9c718970e08311] 199.204.45.156 "GET /v2.0/floatingips?fixed_ip_address=10.2.1.171&port_id=5853da6d-14cf-4f5d-882d-6e4011f2da47 HTTP/1.1" status: 200 len: 1059 time: 0.0548048
2026-05-12 07:08:55.531 9 INFO neutron.wsgi [req-638059d9-8435-45c0-924c-2fee87b67eb9 req-5bfe9d5c-46a2-43ee-b2f5-1f31b968fcfc fd6baac89f954a33bae9dc16520b6682 4ea77dfc919c498aa9ed65b1665bb9ae - - default default] 199.204.45.156 "DELETE /v2.0/ports/d2b48953-c723-44d2-bac7-bdc8fe56a67c HTTP/1.1" status: 204 len: 173 time: 0.3577938
2026-05-12 07:08:55.561 9 INFO neutron.wsgi [req-3e6c1da5-95fe-4888-9366-2e4b7ceb3adc req-a183652b-36f4-4e01-8955-cdaa6e0da32c 806c7a253260400084d39b4cf2a07e2d 1266992b5c684cfeaa0eaba140cec78c - - b774e3be6e02478d8b9c718970e08311 b774e3be6e02478d8b9c718970e08311] 199.204.45.156 "GET /v2.0/floatingips?fixed_ip_address=fd7b%3Af9f7%3Afff%3A4eca%3A%3A18f&port_id=5853da6d-14cf-4f5d-882d-6e4011f2da47 HTTP/1.1" status: 200 len: 217 time: 0.0240955
2026-05-12 07:08:55.573 9 INFO neutron.notifiers.nova [-] Nova event matching ['req-c254f613-ef92-44fc-9984-9e152aa459b8'] response: {'server_uuid': 'f00b5f12-d100-498c-b69a-fcda80b305b4', 'name': 'network-vif-deleted', 'tag': 'd2b48953-c723-44d2-bac7-bdc8fe56a67c', 'status': 'completed', 'code': 200}
2026-05-12 07:08:55.631 9 INFO neutron.wsgi [req-3e6c1da5-95fe-4888-9366-2e4b7ceb3adc req-b54d9bac-5277-4b2d-983a-0c063719164e 806c7a253260400084d39b4cf2a07e2d 1266992b5c684cfeaa0eaba140cec78c - - b774e3be6e02478d8b9c718970e08311 b774e3be6e02478d8b9c718970e08311] 199.204.45.156 "GET /v2.0/subnets?id=1a18360c-9593-462f-9cbc-808ed9e72aa8&id=41939b34-21b5-45e8-b63c-d1c28cbf91a7 HTTP/1.1" status: 200 len: 1563 time: 0.0602546
2026-05-12 07:08:55.636 9 INFO neutron.wsgi [req-638059d9-8435-45c0-924c-2fee87b67eb9 req-ed3e339d-204d-4aa0-b306-07e296982b18 806c7a253260400084d39b4cf2a07e2d 1266992b5c684cfeaa0eaba140cec78c - - b774e3be6e02478d8b9c718970e08311 b774e3be6e02478d8b9c718970e08311] 199.204.45.156 "GET /v2.0/ports?tenant_id=4ea77dfc919c498aa9ed65b1665bb9ae&device_id=f00b5f12-d100-498c-b69a-fcda80b305b4 HTTP/1.1" status: 200 len: 3921 time: 0.0511417
2026-05-12 07:08:55.662 9 INFO neutron.wsgi [req-3e6c1da5-95fe-4888-9366-2e4b7ceb3adc req-25ebda3e-37da-4df8-9331-5c582faa8caa 806c7a253260400084d39b4cf2a07e2d 1266992b5c684cfeaa0eaba140cec78c - - b774e3be6e02478d8b9c718970e08311 b774e3be6e02478d8b9c718970e08311] 199.204.45.156 "GET /v2.0/ports?network_id=d788428c-6c80-4e52-a254-c6ab068d276d&device_owner=network%3Adhcp HTTP/1.1" status: 200 len: 210 time: 0.0255985
2026-05-12 07:08:55.704 9 INFO neutron.wsgi [req-3e6c1da5-95fe-4888-9366-2e4b7ceb3adc req-1d98edb5-49e7-40e8-9282-a57db9715f70 806c7a253260400084d39b4cf2a07e2d 1266992b5c684cfeaa0eaba140cec78c - - b774e3be6e02478d8b9c718970e08311 b774e3be6e02478d8b9c718970e08311] 199.204.45.156 "GET /v2.0/ports?network_id=d788428c-6c80-4e52-a254-c6ab068d276d&device_owner=network%3Adhcp HTTP/1.1" status: 200 len: 210 time: 0.0322580
2026-05-12 07:08:55.742 9 INFO neutron.wsgi [req-638059d9-8435-45c0-924c-2fee87b67eb9 req-56d19604-08ec-483b-b0ea-3fcbd6c7ab15 806c7a253260400084d39b4cf2a07e2d 1266992b5c684cfeaa0eaba140cec78c - - b774e3be6e02478d8b9c718970e08311 b774e3be6e02478d8b9c718970e08311] 199.204.45.156 "GET /v2.0/networks?id=13c8b518-ecbb-45ff-8498-ad4f4c7be58d&id=07c72ef3-8cea-457b-a6d3-c6f0b4ee50f4&id=d788428c-6c80-4e52-a254-c6ab068d276d&id=b90a3082-7498-4d86-8d30-2f50e668f8d9 HTTP/1.1" status: 200 len: 3309 time: 0.0996320
2026-05-12 07:08:55.775 9 INFO neutron.wsgi [req-638059d9-8435-45c0-924c-2fee87b67eb9 req-0e19211e-31d8-49aa-8e0a-41b6282fc6d3 806c7a253260400084d39b4cf2a07e2d 1266992b5c684cfeaa0eaba140cec78c - - b774e3be6e02478d8b9c718970e08311 b774e3be6e02478d8b9c718970e08311] 199.204.45.156 "GET /v2.0/floatingips?fixed_ip_address=172.24.1.118&port_id=6eed5dca-3e81-413c-891c-01a8d8159c79 HTTP/1.1" status: 200 len: 217 time: 0.0236976
2026-05-12 07:08:55.796 9 INFO neutron.wsgi [req-3e6c1da5-95fe-4888-9366-2e4b7ceb3adc req-2e4b4b0b-423a-410d-9a22-32ef4b6260b8 806c7a253260400084d39b4cf2a07e2d 1266992b5c684cfeaa0eaba140cec78c - - b774e3be6e02478d8b9c718970e08311 b774e3be6e02478d8b9c718970e08311] 199.204.45.156 "GET /v2.0/networks/d788428c-6c80-4e52-a254-c6ab068d276d?fields=segments HTTP/1.1" status: 200 len: 212 time: 0.0826252 /var/lib/openstack/lib/python3.10/site-packages/pycadf/identifier.py:71: UserWarning: Invalid uuid: neutron. To ensure interoperability, identifiers should be a valid uuid. warnings.warn(('Invalid uuid: %s. To ensure interoperability, '
2026-05-12 07:08:55.825 9 INFO neutron.wsgi [req-638059d9-8435-45c0-924c-2fee87b67eb9 req-dafe388c-8762-4324-81d6-f567401fbc6d 806c7a253260400084d39b4cf2a07e2d 1266992b5c684cfeaa0eaba140cec78c - - b774e3be6e02478d8b9c718970e08311 b774e3be6e02478d8b9c718970e08311] 199.204.45.156 "GET /v2.0/subnets?id=2612ead7-bdca-4a98-b5c5-16a2814136a3 HTTP/1.1" status: 200 len: 829 time: 0.0411944
2026-05-12 07:08:55.859 10 INFO neutron.wsgi [None req-baf9a511-7fe9-48dc-ac21-fca910b41ffd fd6baac89f954a33bae9dc16520b6682 4ea77dfc919c498aa9ed65b1665bb9ae - - default default] 199.204.45.156 "GET /v2.0/ports?device_id=f00b5f12-d100-498c-b69a-fcda80b305b4 HTTP/1.1" status: 200 len: 3921 time: 0.0410452
2026-05-12 07:08:55.863 9 INFO neutron.wsgi [req-638059d9-8435-45c0-924c-2fee87b67eb9 req-435f397f-36cb-4845-ab8f-7efeb89d829b 806c7a253260400084d39b4cf2a07e2d 1266992b5c684cfeaa0eaba140cec78c - - b774e3be6e02478d8b9c718970e08311 b774e3be6e02478d8b9c718970e08311] 199.204.45.156 "GET /v2.0/ports?network_id=13c8b518-ecbb-45ff-8498-ad4f4c7be58d&device_owner=network%3Adhcp HTTP/1.1" status: 200 len: 210 time: 0.0281575
2026-05-12 07:08:55.886 10 INFO neutron.pecan_wsgi.hooks.translation [None req-01f7adf7-1e89-4f6f-815b-34ba5aef0e3c fd6baac89f954a33bae9dc16520b6682 4ea77dfc919c498aa9ed65b1665bb9ae - - default default] DELETE failed (client error): The resource could not be found.
2026-05-12 07:08:55.889 10 INFO neutron.wsgi [None req-01f7adf7-1e89-4f6f-815b-34ba5aef0e3c fd6baac89f954a33bae9dc16520b6682 4ea77dfc919c498aa9ed65b1665bb9ae - - default default] 199.204.45.156 "DELETE /v2.0/ports/d2b48953-c723-44d2-bac7-bdc8fe56a67c HTTP/1.1" status: 404 len: 338 time: 0.0211456
2026-05-12 07:08:55.901 9 INFO neutron.wsgi [req-3e6c1da5-95fe-4888-9366-2e4b7ceb3adc req-c5037e51-5316-44dc-be58-8f6766c9ff1c 806c7a253260400084d39b4cf2a07e2d 1266992b5c684cfeaa0eaba140cec78c - - b774e3be6e02478d8b9c718970e08311 b774e3be6e02478d8b9c718970e08311] 199.204.45.156 "GET /v2.0/networks/d788428c-6c80-4e52-a254-c6ab068d276d?fields=provider%3Aphysical_network&fields=provider%3Anetwork_type HTTP/1.1" status: 200 len: 277 time: 0.0970199
2026-05-12 07:08:55.953 9 INFO neutron.wsgi [req-638059d9-8435-45c0-924c-2fee87b67eb9 req-22dba981-0aba-4fdb-a131-b0575e79c6a9 806c7a253260400084d39b4cf2a07e2d 1266992b5c684cfeaa0eaba140cec78c - - b774e3be6e02478d8b9c718970e08311 b774e3be6e02478d8b9c718970e08311] 199.204.45.156 "GET /v2.0/networks/13c8b518-ecbb-45ff-8498-ad4f4c7be58d?fields=segments HTTP/1.1" status: 200 len: 212 time: 0.0815125
2026-05-12 07:08:55.993 10 INFO neutron.wsgi [None req-a0acf1d7-e8f4-4d4c-b5ee-ef6aedbd28db fd6baac89f954a33bae9dc16520b6682 4ea77dfc919c498aa9ed65b1665bb9ae - - default default] 199.204.45.156 "GET /v2.0/extensions/security-group HTTP/1.1" status: 200 len: 369 time: 0.0132394
2026-05-12 07:08:56.016 10 INFO neutron.wsgi [None req-1c9366ad-b93d-41d2-89b8-cd1527754898 fd6baac89f954a33bae9dc16520b6682 4ea77dfc919c498aa9ed65b1665bb9ae - - default default] 199.204.45.156 "GET /v2.0/extensions/dns-integration HTTP/1.1" status: 200 len: 371 time: 0.0110242
2026-05-12 07:08:56.030 9 INFO neutron.wsgi [req-638059d9-8435-45c0-924c-2fee87b67eb9 req-e7108f49-59f8-48ba-a2f4-a1b921152ef9 806c7a253260400084d39b4cf2a07e2d 1266992b5c684cfeaa0eaba140cec78c - - b774e3be6e02478d8b9c718970e08311 b774e3be6e02478d8b9c718970e08311] 199.204.45.156 "GET /v2.0/networks/13c8b518-ecbb-45ff-8498-ad4f4c7be58d?fields=provider%3Aphysical_network&fields=provider%3Anetwork_type HTTP/1.1" status: 200 len: 277 time: 0.0731230
2026-05-12 07:08:56.030 10 INFO neutron.wsgi [None req-94843822-b331-427c-8eb0-6283af08e263 fd6baac89f954a33bae9dc16520b6682 4ea77dfc919c498aa9ed65b1665bb9ae - - default default] 199.204.45.156 "GET /v2.0/extensions/qos HTTP/1.1" status: 200 len: 365 time: 0.0079496
2026-05-12 07:08:56.052 10 INFO neutron.wsgi [None req-6ef64ea4-7930-4ad0-8e56-5daa04215c7a fd6baac89f954a33bae9dc16520b6682 4ea77dfc919c498aa9ed65b1665bb9ae - - default default] 199.204.45.156 "GET /v2.0/extensions/allowed-address-pairs HTTP/1.1" status: 200 len: 383 time: 0.0066650
2026-05-12 07:08:56.076 9 INFO neutron.wsgi [req-638059d9-8435-45c0-924c-2fee87b67eb9 req-b1f2bcc0-72b3-4a15-8a25-bf6c220428fe 806c7a253260400084d39b4cf2a07e2d 1266992b5c684cfeaa0eaba140cec78c - - b774e3be6e02478d8b9c718970e08311 b774e3be6e02478d8b9c718970e08311] 199.204.45.156 "GET /v2.0/floatingips?fixed_ip_address=10.1.1.167&port_id=925e0861-ba85-4e50-9df1-36a0a2a959e4 HTTP/1.1" status: 200 len: 217 time: 0.0363054
2026-05-12 07:08:56.112 10 INFO neutron.wsgi [None req-c970770e-f88d-4899-a8dd-d7ccc1361c78 fd6baac89f954a33bae9dc16520b6682 4ea77dfc919c498aa9ed65b1665bb9ae - - default default] 199.204.45.156 "GET /v2.0/subnets/e8de4401-bdec-499d-bed7-6ea6ec1b0d12 HTTP/1.1" status: 200 len: 851 time: 0.0519276
2026-05-12 07:08:56.144 9 INFO neutron.wsgi [req-638059d9-8435-45c0-924c-2fee87b67eb9 req-d0be3615-af7f-47e6-809a-789b225fc262 806c7a253260400084d39b4cf2a07e2d 1266992b5c684cfeaa0eaba140cec78c - - b774e3be6e02478d8b9c718970e08311 b774e3be6e02478d8b9c718970e08311] 199.204.45.156 "GET /v2.0/subnets?id=e8de4401-bdec-499d-bed7-6ea6ec1b0d12 HTTP/1.1" status: 200 len: 854 time: 0.0573077
2026-05-12 07:08:56.171 10 INFO neutron.wsgi [None req-b70de22c-ec63-4255-8233-9c921c5a9853 fd6baac89f954a33bae9dc16520b6682 4ea77dfc919c498aa9ed65b1665bb9ae - - default default] 199.204.45.156 "GET /v2.0/ports/afc5f1c1-3fbb-4336-8801-c5194441a4db HTTP/1.1" status: 200 len: 1336 time: 0.0507770
2026-05-12 07:08:56.178 9 INFO neutron.wsgi [req-638059d9-8435-45c0-924c-2fee87b67eb9 req-2f668558-3e82-4c42-8e08-29d292afaf53 806c7a253260400084d39b4cf2a07e2d 1266992b5c684cfeaa0eaba140cec78c - - b774e3be6e02478d8b9c718970e08311 b774e3be6e02478d8b9c718970e08311] 199.204.45.156 "GET /v2.0/ports?network_id=07c72ef3-8cea-457b-a6d3-c6f0b4ee50f4&device_owner=network%3Adhcp HTTP/1.1" status: 200 len: 210 time: 0.0275536
2026-05-12 07:08:56.210 10 INFO neutron.wsgi [None req-00d894a5-17e8-48cd-a79e-d1d56efce101 fd6baac89f954a33bae9dc16520b6682 4ea77dfc919c498aa9ed65b1665bb9ae - - default default] 199.204.45.156 "GET /v2.0/ports/925e0861-ba85-4e50-9df1-36a0a2a959e4 HTTP/1.1" status: 200 len: 1518 time: 0.0349023
2026-05-12 07:08:56.250 10 INFO neutron.wsgi [None req-da50f310-64ba-41ac-adfe-982f14896e98 fd6baac89f954a33bae9dc16520b6682 4ea77dfc919c498aa9ed65b1665bb9ae - - default default] 199.204.45.156 "GET /v2.0/subnets/e8de4401-bdec-499d-bed7-6ea6ec1b0d12 HTTP/1.1" status: 200 len: 851 time: 0.0349431
2026-05-12 07:08:56.263 9 INFO neutron.wsgi [req-638059d9-8435-45c0-924c-2fee87b67eb9 req-9097f397-8bd3-47cd-a9c8-1a9f00993d3a 806c7a253260400084d39b4cf2a07e2d 1266992b5c684cfeaa0eaba140cec78c - - b774e3be6e02478d8b9c718970e08311 b774e3be6e02478d8b9c718970e08311] 199.204.45.156 "GET /v2.0/networks/07c72ef3-8cea-457b-a6d3-c6f0b4ee50f4?fields=segments HTTP/1.1" status: 200 len: 212 time: 0.0779030
2026-05-12 07:08:56.332 10 INFO neutron.wsgi [None req-8d31da47-d1e1-4fa7-9e1c-1161b3935b65 fd6baac89f954a33bae9dc16520b6682 4ea77dfc919c498aa9ed65b1665bb9ae - - default default] 199.204.45.156 "GET /v2.0/networks/07c72ef3-8cea-457b-a6d3-c6f0b4ee50f4 HTTP/1.1" status: 200 len: 1002 time: 0.0750997
2026-05-12 07:08:56.342 9 INFO neutron.wsgi [req-638059d9-8435-45c0-924c-2fee87b67eb9 req-5af19f87-55b7-4023-ba4b-2a10328e2b5d 806c7a253260400084d39b4cf2a07e2d 1266992b5c684cfeaa0eaba140cec78c - - b774e3be6e02478d8b9c718970e08311 b774e3be6e02478d8b9c718970e08311] 199.204.45.156 "GET /v2.0/networks/07c72ef3-8cea-457b-a6d3-c6f0b4ee50f4?fields=provider%3Aphysical_network&fields=provider%3Anetwork_type HTTP/1.1" status: 200 len: 277 time: 0.0712762
2026-05-12 07:08:56.373 10 INFO neutron.wsgi [None req-cebbb269-39a4-46b8-8e7b-9c33d7151b78 fd6baac89f954a33bae9dc16520b6682 4ea77dfc919c498aa9ed65b1665bb9ae - - default default] 199.204.45.156 "GET /v2.0/ports/afc5f1c1-3fbb-4336-8801-c5194441a4db HTTP/1.1" status: 200 len: 1336 time: 0.0340986
2026-05-12 07:08:56.377 9 INFO neutron.wsgi [req-638059d9-8435-45c0-924c-2fee87b67eb9 req-7095e233-f4d5-40e0-baeb-958993255f0b 806c7a253260400084d39b4cf2a07e2d 1266992b5c684cfeaa0eaba140cec78c - - b774e3be6e02478d8b9c718970e08311 b774e3be6e02478d8b9c718970e08311] 199.204.45.156 "GET /v2.0/floatingips?fixed_ip_address=10.2.1.58&port_id=e41a1cf1-61ba-4d59-9ee2-40c3cb8dc0a7 HTTP/1.1" status: 200 len: 217 time: 0.0300531
2026-05-12 07:08:56.416 10 INFO neutron.wsgi [None req-86004a7f-5cf3-45c5-b1ca-065005c355bb fd6baac89f954a33bae9dc16520b6682 4ea77dfc919c498aa9ed65b1665bb9ae - - default default] 199.204.45.156 "GET /v2.0/subnets/e8de4401-bdec-499d-bed7-6ea6ec1b0d12 HTTP/1.1" status: 200 len: 851 time: 0.0371020
2026-05-12 07:08:56.418 9 INFO neutron.wsgi [req-638059d9-8435-45c0-924c-2fee87b67eb9 req-7d2f55a4-0402-4ce1-af00-2fee618612f7 806c7a253260400084d39b4cf2a07e2d 1266992b5c684cfeaa0eaba140cec78c - - b774e3be6e02478d8b9c718970e08311 b774e3be6e02478d8b9c718970e08311] 199.204.45.156 "GET /v2.0/subnets?id=1a18360c-9593-462f-9cbc-808ed9e72aa8 HTTP/1.1" status: 200 len: 852 time: 0.0336044
2026-05-12 07:08:56.451 9 INFO neutron.wsgi [req-638059d9-8435-45c0-924c-2fee87b67eb9 req-7dc8bad4-b2dd-4b2e-a35c-30e69ea8c317 806c7a253260400084d39b4cf2a07e2d 1266992b5c684cfeaa0eaba140cec78c - - b774e3be6e02478d8b9c718970e08311 b774e3be6e02478d8b9c718970e08311] 199.204.45.156 "GET /v2.0/ports?network_id=d788428c-6c80-4e52-a254-c6ab068d276d&device_owner=network%3Adhcp HTTP/1.1" status: 200 len: 210 time: 0.0235951
2026-05-12 07:08:56.523 9 INFO neutron.wsgi [req-638059d9-8435-45c0-924c-2fee87b67eb9 req-7d1dbc0a-f0ba-4c9f-b795-5e4edbf456cf 806c7a253260400084d39b4cf2a07e2d 1266992b5c684cfeaa0eaba140cec78c - - b774e3be6e02478d8b9c718970e08311 b774e3be6e02478d8b9c718970e08311] 199.204.45.156 "GET /v2.0/networks/d788428c-6c80-4e52-a254-c6ab068d276d?fields=segments HTTP/1.1" status: 200 len: 212 time: 0.0671427
2026-05-12 07:08:56.606 9 INFO neutron.wsgi [req-638059d9-8435-45c0-924c-2fee87b67eb9 req-aa96040c-ff1d-4b57-acb3-b4373218fdb3 806c7a253260400084d39b4cf2a07e2d 1266992b5c684cfeaa0eaba140cec78c - - b774e3be6e02478d8b9c718970e08311 b774e3be6e02478d8b9c718970e08311] 199.204.45.156 "GET /v2.0/networks/d788428c-6c80-4e52-a254-c6ab068d276d?fields=provider%3Aphysical_network&fields=provider%3Anetwork_type HTTP/1.1" status: 200 len: 277 time: 0.0745699
2026-05-12 07:08:56.628 10 INFO neutron.notifiers.nova [-] Nova event matching ['req-b845f29d-cfb5-4ecd-aae6-83e01ea305a5'] response: {'server_uuid': 'f00b5f12-d100-498c-b69a-fcda80b305b4', 'name': 'network-vif-unplugged', 'status': 'completed', 'tag': 'd2b48953-c723-44d2-bac7-bdc8fe56a67c', 'code': 200}
2026-05-12 07:08:56.628 10 INFO neutron.notifiers.nova [-] Nova event matching ['req-b845f29d-cfb5-4ecd-aae6-83e01ea305a5'] response: {'server_uuid': 'f00b5f12-d100-498c-b69a-fcda80b305b4', 'name': 'network-vif-plugged', 'status': 'completed', 'tag': 'd2b48953-c723-44d2-bac7-bdc8fe56a67c', 'code': 200}
2026-05-12 07:08:59.257 9 INFO neutron.wsgi [None req-2840e11b-5b1b-4fb7-9a2b-945140b37879 fd6baac89f954a33bae9dc16520b6682 4ea77dfc919c498aa9ed65b1665bb9ae - - default default] 199.204.45.156 "GET /v2.0/extensions/security-group HTTP/1.1" status: 200 len: 369 time: 0.0077815
2026-05-12 07:08:59.266 9 INFO neutron.wsgi [None req-734fcac7-9e54-4c06-a043-78a03099f373 fd6baac89f954a33bae9dc16520b6682 4ea77dfc919c498aa9ed65b1665bb9ae - - default default] 199.204.45.156 "GET /v2.0/extensions/dns-integration HTTP/1.1" status: 200 len: 371 time: 0.0055296
2026-05-12 07:08:59.280 9 INFO neutron.wsgi [None req-9fcc277c-7b51-49fb-9d26-020d5c37c0bc fd6baac89f954a33bae9dc16520b6682 4ea77dfc919c498aa9ed65b1665bb9ae - - default default] 199.204.45.156 "GET /v2.0/extensions/qos HTTP/1.1" status: 200 len: 365 time: 0.0067761
2026-05-12 07:08:59.294 9 INFO neutron.wsgi [None req-575f4c0f-0c78-4565-99fe-6eb01d89a29e fd6baac89f954a33bae9dc16520b6682 4ea77dfc919c498aa9ed65b1665bb9ae - - default default] 199.204.45.156 "GET /v2.0/extensions/allowed-address-pairs HTTP/1.1" status: 200 len: 383 time: 0.0084670
2026-05-12 07:08:59.342 9 INFO neutron.wsgi [None req-e77378dd-4977-46c2-a491-14e69095810c fd6baac89f954a33bae9dc16520b6682 4ea77dfc919c498aa9ed65b1665bb9ae - - default default] 199.204.45.156 "GET /v2.0/ports?device_id=f00b5f12-d100-498c-b69a-fcda80b305b4 HTTP/1.1" status: 200 len: 3921 time: 0.0416620
2026-05-12 07:08:59.500 9 INFO neutron.wsgi [None req-a1c3a1e6-d9a4-495b-b50b-d550a9796be8 fd6baac89f954a33bae9dc16520b6682 4ea77dfc919c498aa9ed65b1665bb9ae - - default default] 199.204.45.156 "GET /v2.0/extensions/security-group HTTP/1.1" status: 200 len: 369 time: 0.0071459
2026-05-12 07:08:59.510 9 INFO neutron.wsgi [None req-02b00bb1-351d-4d9c-9b19-435a004cec8d fd6baac89f954a33bae9dc16520b6682 4ea77dfc919c498aa9ed65b1665bb9ae - - default default] 199.204.45.156 "GET /v2.0/extensions/dns-integration HTTP/1.1" status: 200 len: 371 time: 0.0060725
2026-05-12 07:08:59.521 9 INFO neutron.wsgi [None req-80db2b3c-233e-4200-8cf8-eb551116afbe fd6baac89f954a33bae9dc16520b6682 4ea77dfc919c498aa9ed65b1665bb9ae - - default default] 199.204.45.156 "GET /v2.0/extensions/qos HTTP/1.1" status: 200 len: 365 time: 0.0053461
2026-05-12 07:08:59.531 9 INFO neutron.wsgi [None req-c11d7e12-f8a0-459d-bad1-47a9f734a461 fd6baac89f954a33bae9dc16520b6682 4ea77dfc919c498aa9ed65b1665bb9ae - - default default] 199.204.45.156 "GET /v2.0/extensions/allowed-address-pairs HTTP/1.1" status: 200 len: 383 time: 0.0054877
2026-05-12 07:08:59.568 9 INFO neutron.wsgi [None req-505149d2-2adf-4598-8763-f634e10d38ff fd6baac89f954a33bae9dc16520b6682 4ea77dfc919c498aa9ed65b1665bb9ae - - default default] 199.204.45.156 "GET /v2.0/ports/e41a1cf1-61ba-4d59-9ee2-40c3cb8dc0a7 HTTP/1.1" status: 200 len: 1402 time: 0.0293465
2026-05-12 07:08:59.987 9 INFO neutron.db.ovn_revision_numbers_db [None req-3da1c318-5046-4661-80d8-40a7c8994ce5 fd6baac89f954a33bae9dc16520b6682 4ea77dfc919c498aa9ed65b1665bb9ae - - default default] Successfully bumped revision number for resource e41a1cf1-61ba-4d59-9ee2-40c3cb8dc0a7 (type: ports) to 6
2026-05-12 07:08:59.997 9 INFO neutron.wsgi [None req-3da1c318-5046-4661-80d8-40a7c8994ce5 fd6baac89f954a33bae9dc16520b6682 4ea77dfc919c498aa9ed65b1665bb9ae - - default default] 199.204.45.156 "PUT /v2.0/ports/e41a1cf1-61ba-4d59-9ee2-40c3cb8dc0a7 HTTP/1.1" status: 200 len: 1203 time: 0.4214787 /var/lib/openstack/lib/python3.10/site-packages/pycadf/identifier.py:71: UserWarning: Invalid uuid: neutron. To ensure interoperability, identifiers should be a valid uuid. warnings.warn(('Invalid uuid: %s. To ensure interoperability, '
2026-05-12 07:09:00.035 9 INFO neutron.notifiers.nova [-] Nova event matching ['req-1f89e83f-de60-4ae3-8e50-6d5f400401b1'] response: {'name': 'network-changed', 'server_uuid': 'f00b5f12-d100-498c-b69a-fcda80b305b4', 'tag': 'e41a1cf1-61ba-4d59-9ee2-40c3cb8dc0a7', 'status': 'completed', 'code': 200}
2026-05-12 07:09:00.070 9 INFO neutron.wsgi [None req-036e1548-1473-4983-bc07-4298ba029cda fd6baac89f954a33bae9dc16520b6682 4ea77dfc919c498aa9ed65b1665bb9ae - - default default] 199.204.45.156 "GET /v2.0/networks/d788428c-6c80-4e52-a254-c6ab068d276d HTTP/1.1" status: 200 len: 999 time: 0.0634646
2026-05-12 07:09:00.104 9 INFO neutron.wsgi [req-76b68ed9-29db-4e7d-b7dc-3b528c823056 req-ceeacb54-6c17-4f37-923b-3a23c76ed96e 806c7a253260400084d39b4cf2a07e2d 1266992b5c684cfeaa0eaba140cec78c - - b774e3be6e02478d8b9c718970e08311 b774e3be6e02478d8b9c718970e08311] 199.204.45.156 "GET /v2.0/ports?tenant_id=4ea77dfc919c498aa9ed65b1665bb9ae&device_id=f00b5f12-d100-498c-b69a-fcda80b305b4 HTTP/1.1" status: 200 len: 3750 time: 0.0471983
2026-05-12 07:09:00.127 9 INFO neutron.wsgi [None req-1558abe3-de8a-4b25-bd7a-9218c14c6377 fd6baac89f954a33bae9dc16520b6682 4ea77dfc919c498aa9ed65b1665bb9ae - - default default] 199.204.45.156 "GET /v2.0/ports?device_id=f00b5f12-d100-498c-b69a-fcda80b305b4 HTTP/1.1" status: 200 len: 3750 time: 0.0490012
2026-05-12 07:09:00.194 9 INFO neutron.wsgi [req-76b68ed9-29db-4e7d-b7dc-3b528c823056 req-eb5757e8-fa5f-4e1a-bc63-3fe057020741 806c7a253260400084d39b4cf2a07e2d 1266992b5c684cfeaa0eaba140cec78c - - b774e3be6e02478d8b9c718970e08311 b774e3be6e02478d8b9c718970e08311] 199.204.45.156 "GET /v2.0/networks?id=d788428c-6c80-4e52-a254-c6ab068d276d HTTP/1.1" status: 200 len: 1002 time: 0.0809069
2026-05-12 07:09:00.234 9 INFO neutron.wsgi [None req-248ae203-e13a-4c8b-b22f-bf7ef638e9fd fd6baac89f954a33bae9dc16520b6682 4ea77dfc919c498aa9ed65b1665bb9ae - - default default] 199.204.45.156 "GET /v2.0/ports?device_id=f00b5f12-d100-498c-b69a-fcda80b305b4 HTTP/1.1" status: 200 len: 3750 time: 0.0500247
2026-05-12 07:09:00.277 9 INFO neutron.wsgi [req-76b68ed9-29db-4e7d-b7dc-3b528c823056 req-ce732023-6b8c-4823-ae18-506961b72067 806c7a253260400084d39b4cf2a07e2d 1266992b5c684cfeaa0eaba140cec78c - - b774e3be6e02478d8b9c718970e08311 b774e3be6e02478d8b9c718970e08311] 199.204.45.156 "GET /v2.0/networks/d788428c-6c80-4e52-a254-c6ab068d276d?fields=segments HTTP/1.1" status: 200 len: 212 time: 0.0734615
2026-05-12 07:09:00.350 9 INFO neutron.wsgi [req-76b68ed9-29db-4e7d-b7dc-3b528c823056 req-0c60a9c5-da59-40ca-8c68-50e67e4e0b2d 806c7a253260400084d39b4cf2a07e2d 1266992b5c684cfeaa0eaba140cec78c - - b774e3be6e02478d8b9c718970e08311 b774e3be6e02478d8b9c718970e08311] 199.204.45.156 "GET /v2.0/networks/d788428c-6c80-4e52-a254-c6ab068d276d?fields=provider%3Aphysical_network&fields=provider%3Anetwork_type HTTP/1.1" status: 200 len: 277 time: 0.0663924
2026-05-12 07:09:00.477 10 INFO neutron.plugins.ml2.drivers.ovn.mech_driver.mech_driver [None req-8b869861-29db-44a4-9696-bae518868819 - - - - - -] OVN reports status down for port: e41a1cf1-61ba-4d59-9ee2-40c3cb8dc0a7
2026-05-12 07:09:00.544 9 INFO neutron.wsgi [req-4b40e91f-2c44-4f43-bf73-21091f5cade7 req-d4859235-8a60-4044-b106-2a5cb04562d7 806c7a253260400084d39b4cf2a07e2d 1266992b5c684cfeaa0eaba140cec78c - - b774e3be6e02478d8b9c718970e08311 b774e3be6e02478d8b9c718970e08311] 199.204.45.156 "GET /v2.0/ports/e41a1cf1-61ba-4d59-9ee2-40c3cb8dc0a7 HTTP/1.1" status: 200 len: 1231 time: 0.0353820
2026-05-12 07:09:00.606 10 INFO neutron.notifiers.nova [-] Nova event matching ['req-2d22e4d6-742e-4667-b858-0089ac068625'] response: {'server_uuid': 'f00b5f12-d100-498c-b69a-fcda80b305b4', 'name': 'network-vif-unplugged', 'status': 'completed', 'tag': 'e41a1cf1-61ba-4d59-9ee2-40c3cb8dc0a7', 'code': 200}
2026-05-12 07:09:00.750 10 INFO neutron.db.ovn_revision_numbers_db [None req-8b869861-29db-44a4-9696-bae518868819 - - - - - -] Successfully bumped revision number for resource e41a1cf1-61ba-4d59-9ee2-40c3cb8dc0a7 (type: ports) to 7
2026-05-12 07:09:00.789 9 INFO neutron.wsgi [req-4b40e91f-2c44-4f43-bf73-21091f5cade7 req-46234d8f-7cc0-463b-9d20-cd76f48bc69e fd6baac89f954a33bae9dc16520b6682 4ea77dfc919c498aa9ed65b1665bb9ae - - default default] 199.204.45.156 "DELETE /v2.0/ports/e41a1cf1-61ba-4d59-9ee2-40c3cb8dc0a7 HTTP/1.1" status: 204 len: 173 time: 0.2401497
2026-05-12 07:09:00.871 9 INFO neutron.wsgi [req-4b40e91f-2c44-4f43-bf73-21091f5cade7 req-a81f0ded-e31b-493e-b528-35da6af20240 806c7a253260400084d39b4cf2a07e2d 1266992b5c684cfeaa0eaba140cec78c - - b774e3be6e02478d8b9c718970e08311 b774e3be6e02478d8b9c718970e08311] 199.204.45.156 "GET /v2.0/ports?tenant_id=4ea77dfc919c498aa9ed65b1665bb9ae&device_id=f00b5f12-d100-498c-b69a-fcda80b305b4 HTTP/1.1" status: 200 len: 2727 time: 0.0417614
2026-05-12 07:09:00.950 9 INFO neutron.wsgi [req-4b40e91f-2c44-4f43-bf73-21091f5cade7 req-648dff81-55e0-4585-8f2c-a1a7986611a4 806c7a253260400084d39b4cf2a07e2d 1266992b5c684cfeaa0eaba140cec78c - - b774e3be6e02478d8b9c718970e08311 b774e3be6e02478d8b9c718970e08311] 199.204.45.156 "GET /v2.0/networks?id=13c8b518-ecbb-45ff-8498-ad4f4c7be58d&id=07c72ef3-8cea-457b-a6d3-c6f0b4ee50f4&id=d788428c-6c80-4e52-a254-c6ab068d276d HTTP/1.1" status: 200 len: 2519 time: 0.0736384
2026-05-12 07:09:00.978 9 INFO neutron.wsgi [req-4b40e91f-2c44-4f43-bf73-21091f5cade7 req-bc8795ca-d823-423d-9540-8e14f46ac48f 806c7a253260400084d39b4cf2a07e2d 1266992b5c684cfeaa0eaba140cec78c - - b774e3be6e02478d8b9c718970e08311 b774e3be6e02478d8b9c718970e08311] 199.204.45.156 "GET /v2.0/floatingips?fixed_ip_address=172.24.1.118&port_id=6eed5dca-3e81-413c-891c-01a8d8159c79 HTTP/1.1" status: 200 len: 217 time: 0.0223615
2026-05-12 07:09:01.025 9 INFO neutron.wsgi [req-4b40e91f-2c44-4f43-bf73-21091f5cade7 req-c1b7bc71-5a74-44fc-bdd9-b7e2a302331a 806c7a253260400084d39b4cf2a07e2d 1266992b5c684cfeaa0eaba140cec78c - - b774e3be6e02478d8b9c718970e08311 b774e3be6e02478d8b9c718970e08311] 199.204.45.156 "GET /v2.0/subnets?id=2612ead7-bdca-4a98-b5c5-16a2814136a3 HTTP/1.1" status: 200 len: 829 time: 0.0402284
2026-05-12 07:09:01.053 9 INFO neutron.wsgi [req-4b40e91f-2c44-4f43-bf73-21091f5cade7 req-a3acd240-e289-408b-a500-bfe97d206a37 806c7a253260400084d39b4cf2a07e2d 1266992b5c684cfeaa0eaba140cec78c - - b774e3be6e02478d8b9c718970e08311 b774e3be6e02478d8b9c718970e08311] 199.204.45.156 "GET /v2.0/ports?network_id=13c8b518-ecbb-45ff-8498-ad4f4c7be58d&device_owner=network%3Adhcp HTTP/1.1" status: 200 len: 210 time: 0.0223212
2026-05-12 07:09:01.131 9 INFO neutron.wsgi [req-4b40e91f-2c44-4f43-bf73-21091f5cade7 req-aa85e955-df68-420d-bd38-c141fa561a7d 806c7a253260400084d39b4cf2a07e2d 1266992b5c684cfeaa0eaba140cec78c - - b774e3be6e02478d8b9c718970e08311 b774e3be6e02478d8b9c718970e08311] 199.204.45.156 "GET /v2.0/networks/13c8b518-ecbb-45ff-8498-ad4f4c7be58d?fields=segments HTTP/1.1" status: 200 len: 212 time: 0.0689061
2026-05-12 07:09:01.206 9 INFO neutron.wsgi [req-4b40e91f-2c44-4f43-bf73-21091f5cade7 req-1d18e23f-c09f-4068-b688-b967cfeeba86 806c7a253260400084d39b4cf2a07e2d 1266992b5c684cfeaa0eaba140cec78c - - b774e3be6e02478d8b9c718970e08311 b774e3be6e02478d8b9c718970e08311] 199.204.45.156 "GET /v2.0/networks/13c8b518-ecbb-45ff-8498-ad4f4c7be58d?fields=provider%3Aphysical_network&fields=provider%3Anetwork_type HTTP/1.1" status: 200 len: 277 time: 0.0651314
2026-05-12 07:09:01.236 9 INFO neutron.wsgi [req-4b40e91f-2c44-4f43-bf73-21091f5cade7 req-f0fd7e2e-0c34-48bc-8586-45477ac41b3e 806c7a253260400084d39b4cf2a07e2d 1266992b5c684cfeaa0eaba140cec78c - - b774e3be6e02478d8b9c718970e08311 b774e3be6e02478d8b9c718970e08311] 199.204.45.156 "GET /v2.0/floatingips?fixed_ip_address=10.1.1.167&port_id=925e0861-ba85-4e50-9df1-36a0a2a959e4 HTTP/1.1" status: 200 len: 217 time: 0.0246656
2026-05-12 07:09:01.304 9 INFO neutron.wsgi [None req-13ca7970-b589-4132-8ecd-b8b989c677c5 fd6baac89f954a33bae9dc16520b6682 4ea77dfc919c498aa9ed65b1665bb9ae - - default default] 199.204.45.156 "GET /v2.0/ports?device_id=f00b5f12-d100-498c-b69a-fcda80b305b4 HTTP/1.1" status: 200 len: 2727 time: 0.0593090
2026-05-12 07:09:01.307 9 INFO neutron.wsgi [req-4b40e91f-2c44-4f43-bf73-21091f5cade7 req-06ca01c9-2153-46da-9e3b-12cc4d1edfc5 806c7a253260400084d39b4cf2a07e2d 1266992b5c684cfeaa0eaba140cec78c - - b774e3be6e02478d8b9c718970e08311 b774e3be6e02478d8b9c718970e08311] 199.204.45.156 "GET /v2.0/subnets?id=e8de4401-bdec-499d-bed7-6ea6ec1b0d12 HTTP/1.1" status: 200 len: 854 time: 0.0637991
2026-05-12 07:09:01.622 9 INFO neutron.pecan_wsgi.hooks.translation [None req-7fdaeae2-0881-495e-84d5-afb120c0c182 fd6baac89f954a33bae9dc16520b6682 4ea77dfc919c498aa9ed65b1665bb9ae - - default default] DELETE failed (client error): The resource could not be found.
2026-05-12 07:09:01.625 9 INFO neutron.wsgi [None req-7fdaeae2-0881-495e-84d5-afb120c0c182 fd6baac89f954a33bae9dc16520b6682 4ea77dfc919c498aa9ed65b1665bb9ae - - default default] 199.204.45.156 "DELETE /v2.0/ports/e41a1cf1-61ba-4d59-9ee2-40c3cb8dc0a7 HTTP/1.1" status: 404 len: 338 time: 0.3159444
2026-05-12 07:09:01.632 9 INFO neutron.wsgi [req-4b40e91f-2c44-4f43-bf73-21091f5cade7 req-a5f7bebd-f777-43f8-9d36-5359f9c12ce0 806c7a253260400084d39b4cf2a07e2d 1266992b5c684cfeaa0eaba140cec78c - - b774e3be6e02478d8b9c718970e08311 b774e3be6e02478d8b9c718970e08311] 199.204.45.156 "GET /v2.0/ports?network_id=07c72ef3-8cea-457b-a6d3-c6f0b4ee50f4&device_owner=network%3Adhcp HTTP/1.1" status: 200 len: 210 time: 0.3192594
2026-05-12 07:09:01.704 9 INFO neutron.wsgi [req-4b40e91f-2c44-4f43-bf73-21091f5cade7 req-7663a4f3-1872-4f69-be9d-29514893d28e 806c7a253260400084d39b4cf2a07e2d 1266992b5c684cfeaa0eaba140cec78c - - b774e3be6e02478d8b9c718970e08311 b774e3be6e02478d8b9c718970e08311] 199.204.45.156 "GET /v2.0/networks/07c72ef3-8cea-457b-a6d3-c6f0b4ee50f4?fields=segments HTTP/1.1" status: 200 len: 212 time: 0.0654941
2026-05-12 07:09:01.722 9 INFO neutron.wsgi [None req-29dc3d14-29ad-4a0c-b382-0b36b0904c14 fd6baac89f954a33bae9dc16520b6682 4ea77dfc919c498aa9ed65b1665bb9ae - - default default] 199.204.45.156 "GET /v2.0/extensions/security-group HTTP/1.1" status: 200 len: 369 time: 0.0108454
2026-05-12 07:09:01.733 9 INFO neutron.wsgi [None req-3d5b6e1d-ebab-4013-ac3d-12a3cdccfdf6 fd6baac89f954a33bae9dc16520b6682 4ea77dfc919c498aa9ed65b1665bb9ae - - default default] 199.204.45.156 "GET /v2.0/extensions/dns-integration HTTP/1.1" status: 200 len: 371 time: 0.0062397
2026-05-12 07:09:01.745 9 INFO neutron.wsgi [None req-323b298b-3058-4e39-86b3-46fb2d93e050 fd6baac89f954a33bae9dc16520b6682 4ea77dfc919c498aa9ed65b1665bb9ae - - default default] 199.204.45.156 "GET /v2.0/extensions/qos HTTP/1.1" status: 200 len: 365 time: 0.0048687
2026-05-12 07:09:01.759 9 INFO neutron.wsgi [None req-3caeaa5d-cbda-48a1-8801-785e9490208d fd6baac89f954a33bae9dc16520b6682 4ea77dfc919c498aa9ed65b1665bb9ae - - default default] 199.204.45.156 "GET /v2.0/extensions/allowed-address-pairs HTTP/1.1" status: 200 len: 383 time: 0.0056508
2026-05-12 07:09:01.817 9 INFO neutron.wsgi [req-4b40e91f-2c44-4f43-bf73-21091f5cade7 req-ece4ab9b-1fbc-4eaf-bc92-b6fee79f5c2a 806c7a253260400084d39b4cf2a07e2d 1266992b5c684cfeaa0eaba140cec78c - - b774e3be6e02478d8b9c718970e08311 b774e3be6e02478d8b9c718970e08311] 199.204.45.156 "GET /v2.0/networks/07c72ef3-8cea-457b-a6d3-c6f0b4ee50f4?fields=provider%3Aphysical_network&fields=provider%3Anetwork_type HTTP/1.1" status: 200 len: 277 time: 0.1075644
2026-05-12 07:09:01.821 9 INFO neutron.wsgi [None req-24f520bf-3f39-4f20-b300-46a3b6e40d77 fd6baac89f954a33bae9dc16520b6682 4ea77dfc919c498aa9ed65b1665bb9ae - - default default] 199.204.45.156 "GET /v2.0/subnets/e8de4401-bdec-499d-bed7-6ea6ec1b0d12 HTTP/1.1" status: 200 len: 851 time: 0.0522859
2026-05-12 07:09:01.853 9 INFO neutron.wsgi [None req-6f3e12c3-890c-46b0-8b42-47c8542d0ea7 fd6baac89f954a33bae9dc16520b6682 4ea77dfc919c498aa9ed65b1665bb9ae - - default default] 199.204.45.156 "GET /v2.0/ports/afc5f1c1-3fbb-4336-8801-c5194441a4db HTTP/1.1" status: 200 len: 1336 time: 0.0288751
2026-05-12 07:09:01.893 9 INFO neutron.wsgi [None req-30e85274-0a55-4795-bd93-e6e498c797f7 fd6baac89f954a33bae9dc16520b6682 4ea77dfc919c498aa9ed65b1665bb9ae - - default default] 199.204.45.156 "GET /v2.0/ports/925e0861-ba85-4e50-9df1-36a0a2a959e4 HTTP/1.1" status: 200 len: 1518 time: 0.0337002
2026-05-12 07:09:01.934 9 INFO neutron.wsgi [None req-a1f8b065-8972-46d2-9ecb-93f9d6634520 fd6baac89f954a33bae9dc16520b6682 4ea77dfc919c498aa9ed65b1665bb9ae - - default default] 199.204.45.156 "GET /v2.0/subnets/e8de4401-bdec-499d-bed7-6ea6ec1b0d12 HTTP/1.1" status: 200 len: 851 time: 0.0355875
2026-05-12 07:09:02.002 9 INFO neutron.wsgi [None req-f2fd6b57-751a-4834-b7fc-c1382042f89e fd6baac89f954a33bae9dc16520b6682 4ea77dfc919c498aa9ed65b1665bb9ae - - default default] 199.204.45.156 "GET /v2.0/networks/07c72ef3-8cea-457b-a6d3-c6f0b4ee50f4 HTTP/1.1" status: 200 len: 1002 time: 0.0600867
2026-05-12 07:09:02.045 9 INFO neutron.wsgi [None req-a2785b15-dce3-476f-9ef9-78f03a9e4bb2 fd6baac89f954a33bae9dc16520b6682 4ea77dfc919c498aa9ed65b1665bb9ae - - default default] 199.204.45.156 "GET /v2.0/ports/afc5f1c1-3fbb-4336-8801-c5194441a4db HTTP/1.1" status: 200 len: 1336 time: 0.0373199
2026-05-12 07:09:02.075 9 INFO neutron.notifiers.nova [-] Nova event matching ['req-665d0294-6067-4544-b240-3017a5786610'] response: {'server_uuid': 'f00b5f12-d100-498c-b69a-fcda80b305b4', 'name': 'network-vif-deleted', 'tag': 'e41a1cf1-61ba-4d59-9ee2-40c3cb8dc0a7', 'status': 'completed', 'code': 200}
2026-05-12 07:09:02.085 9 INFO neutron.wsgi [None req-0e16af24-b1bf-41b5-9ed5-bc6def8e98ae fd6baac89f954a33bae9dc16520b6682 4ea77dfc919c498aa9ed65b1665bb9ae - - default default] 199.204.45.156 "GET /v2.0/subnets/e8de4401-bdec-499d-bed7-6ea6ec1b0d12 HTTP/1.1" status: 200 len: 851 time: 0.0333571
2026-05-12 07:09:02.652 10 INFO neutron.notifiers.nova [-] Nova event matching ['req-6d8a1c72-6335-41ce-a819-523a96f9aaf5'] response: {'server_uuid': 'f00b5f12-d100-498c-b69a-fcda80b305b4', 'name': 'network-vif-plugged', 'status': 'completed', 'tag': 'e41a1cf1-61ba-4d59-9ee2-40c3cb8dc0a7', 'code': 200}
2026-05-12 07:09:06.746 9 INFO neutron.wsgi [-] 10.0.0.42 "GET / HTTP/1.1" status: 200 len: 247 time: 0.0026095
2026-05-12 07:09:06.746 10 INFO neutron.wsgi [-] 10.0.0.42 "GET / HTTP/1.1" status: 200 len: 247 time: 0.0026054
2026-05-12 07:09:08.944 9 INFO neutron.wsgi [None req-4930c3cb-5f22-4805-bf1d-cd3887f3872e fd6baac89f954a33bae9dc16520b6682 4ea77dfc919c498aa9ed65b1665bb9ae - - default default] 10.0.0.74 "GET /v2.0/routers HTTP/1.1" status: 200 len: 850 time: 0.1225805
2026-05-12 07:09:08.959 9 INFO neutron.wsgi [None req-b321c45c-0a6f-4983-9899-460153c8f652 fd6baac89f954a33bae9dc16520b6682 4ea77dfc919c498aa9ed65b1665bb9ae - - default default] 10.0.0.74 "GET /v2.0/agents?binary=ovn-controller HTTP/1.1" status: 200 len: 591 time: 0.0127673
2026-05-12 07:09:08.973 9 INFO neutron.wsgi [None req-90b62dde-b12b-4510-acd2-fa7b01c13524 fd6baac89f954a33bae9dc16520b6682 4ea77dfc919c498aa9ed65b1665bb9ae - - default default] 10.0.0.74 "GET /v2.0/network-ip-availabilities HTTP/1.1" status: 200 len: 3365 time: 0.0131569
2026-05-12 07:09:09.019 9 INFO neutron.wsgi [None req-3b38c2b7-f2c9-45df-9c4a-4dc9b7de979f fd6baac89f954a33bae9dc16520b6682 4ea77dfc919c498aa9ed65b1665bb9ae - - default default] 10.0.0.74 "GET /v2.0/floatingips HTTP/1.1" status: 200 len: 2765 time: 0.0411801
2026-05-12 07:09:09.056 9 INFO neutron.wsgi [None req-b5dc8823-2491-447b-855d-905bd023c10a fd6baac89f954a33bae9dc16520b6682 4ea77dfc919c498aa9ed65b1665bb9ae - - default default] 10.0.0.74 "GET /v2.0/subnets HTTP/1.1" status: 200 len: 5497 time: 0.0361400
2026-05-12 07:09:09.101 9 INFO neutron.wsgi [None req-8603ec65-2540-4e49-9675-381493586fc7 fd6baac89f954a33bae9dc16520b6682 4ea77dfc919c498aa9ed65b1665bb9ae - - default default] 10.0.0.74 "GET /v2.0/subnets HTTP/1.1" status: 200 len: 5497 time: 0.0429738
2026-05-12 07:09:09.114 9 INFO neutron.wsgi [None req-79902de6-6915-439d-b02c-7d5d38a47317 fd6baac89f954a33bae9dc16520b6682 4ea77dfc919c498aa9ed65b1665bb9ae - - default default] 10.0.0.74 "GET /v2.0/subnetpools HTTP/1.1" status: 200 len: 193 time: 0.0110483
2026-05-12 07:09:09.128 9 INFO neutron.wsgi [None req-e299553e-4ceb-4c69-88d1-1ba5bbebd9e3 fd6baac89f954a33bae9dc16520b6682 4ea77dfc919c498aa9ed65b1665bb9ae - - default default] 10.0.0.74 "GET /v2.0/agents HTTP/1.1" status: 200 len: 997 time: 0.0122721
2026-05-12 07:09:09.195 9 INFO neutron.wsgi [None req-d955f5a2-8f12-4914-be13-ae47eb360cef fd6baac89f954a33bae9dc16520b6682 4ea77dfc919c498aa9ed65b1665bb9ae - - default default] 10.0.0.74 "GET /v2.0/networks HTTP/1.1" status: 200 len: 4721 time: 0.0649402
2026-05-12 07:09:09.270 9 INFO neutron.wsgi [None req-bbacd92d-308d-47cd-a5a1-8cbd63841dcf fd6baac89f954a33bae9dc16520b6682 4ea77dfc919c498aa9ed65b1665bb9ae - - default default] 10.0.0.74 "GET /v2.0/security-groups HTTP/1.1" status: 200 len: 30248 time: 0.0732214
2026-05-12 07:09:09.325 9 INFO neutron.wsgi [None req-41a563f7-eeb7-4c40-bd8a-e24558a39514 fd6baac89f954a33bae9dc16520b6682 4ea77dfc919c498aa9ed65b1665bb9ae - - default default] 10.0.0.74 "GET /v2.0/ports HTTP/1.1" status: 200 len: 22221 time: 0.0471487
2026-05-12 07:09:10.631 9 INFO neutron.wsgi [None req-c21bf100-53c1-43d8-8890-54c833b274ee fd6baac89f954a33bae9dc16520b6682 4ea77dfc919c498aa9ed65b1665bb9ae - - default default] 199.204.45.156 "GET /v2.0/extensions/security-group HTTP/1.1" status: 200 len: 369 time: 0.0086968
2026-05-12 07:09:10.642 9 INFO neutron.wsgi [None req-d25ed8a0-d470-4a2d-8bb9-2da1fda74de4 fd6baac89f954a33bae9dc16520b6682 4ea77dfc919c498aa9ed65b1665bb9ae - - default default] 199.204.45.156 "GET /v2.0/extensions/dns-integration HTTP/1.1" status: 200 len: 371 time: 0.0083234
2026-05-12 07:09:10.649 9 INFO neutron.wsgi [None req-ec33712f-29b4-4744-a79a-a6e24ebd42b7 fd6baac89f954a33bae9dc16520b6682 4ea77dfc919c498aa9ed65b1665bb9ae - - default default] 199.204.45.156 "GET /v2.0/extensions/qos HTTP/1.1" status: 200 len: 365 time: 0.0033312
2026-05-12 07:09:10.660 9 INFO neutron.wsgi [None req-62de02dc-9695-4511-98d6-70d060cce495 fd6baac89f954a33bae9dc16520b6682 4ea77dfc919c498aa9ed65b1665bb9ae - - default default] 199.204.45.156 "GET /v2.0/extensions/allowed-address-pairs HTTP/1.1" status: 200 len: 383 time: 0.0058260
2026-05-12 07:09:10.702 9 INFO neutron.wsgi [None req-32583ca9-884c-4af6-837a-b83750650c31 fd6baac89f954a33bae9dc16520b6682 4ea77dfc919c498aa9ed65b1665bb9ae - - default default] 199.204.45.156 "GET /v2.0/security-groups?name=lb-cad00e95-993e-46ae-8d36-06836139ef31 HTTP/1.1" status: 200 len: 2941 time: 0.0365963
2026-05-12 07:09:10.738 9 INFO neutron.wsgi [None req-502224ec-89da-4065-a68c-dec50f6b539a fd6baac89f954a33bae9dc16520b6682 4ea77dfc919c498aa9ed65b1665bb9ae - - default default] 199.204.45.156 "GET /v2.0/security-group-rules?security_group_id=58498300-c7d0-46f7-b262-74a016ab96d5 HTTP/1.1" status: 200 len: 2406 time: 0.0291901
2026-05-12 07:09:10.878 9 INFO neutron.wsgi [None req-ed8ad852-8e3c-4c3b-90fc-6945e5dd6317 fd6baac89f954a33bae9dc16520b6682 4ea77dfc919c498aa9ed65b1665bb9ae - - default default] 199.204.45.156 "DELETE /v2.0/security-group-rules/086baf24-b08c-4559-a5e5-e4ecf46dda8a HTTP/1.1" status: 204 len: 173 time: 0.1316211
2026-05-12 07:09:11.020 9 INFO neutron.wsgi [None req-bc57501c-24da-45f4-8716-323533f5ee2f fd6baac89f954a33bae9dc16520b6682 4ea77dfc919c498aa9ed65b1665bb9ae - - default default] 199.204.45.156 "DELETE /v2.0/security-group-rules/8adcec1b-8b18-4780-b9f3-7ab7a8fad5cd HTTP/1.1" status: 204 len: 173 time: 0.1355953
2026-05-12 07:09:15.445 9 INFO neutron.db.l3_db [None req-ff7bccc9-b046-431b-9228-b55b9d07715d 94b0a542adf44c7489c0f23f0c02150f 1c9f15c5dc21440a95aaa9ca42e84471 - - default default] Floating IP f90af339-2494-4e12-8e2c-f0b0f79a34ca disassociated (deleted). External IP: 10.96.250.215, port: afc5f1c1-3fbb-4336-8801-c5194441a4db.
2026-05-12 07:09:15.491 9 INFO neutron.wsgi [None req-ff7bccc9-b046-431b-9228-b55b9d07715d 94b0a542adf44c7489c0f23f0c02150f 1c9f15c5dc21440a95aaa9ca42e84471 - - default default] 10.0.0.89 "DELETE /v2.0/floatingips/f90af339-2494-4e12-8e2c-f0b0f79a34ca HTTP/1.1" status: 204 len: 168 time: 0.4568515
2026-05-12 07:09:15.514 9 INFO neutron.api.v2.resource [None req-98c6d304-01c6-40da-9643-ef260b778010 94b0a542adf44c7489c0f23f0c02150f 1c9f15c5dc21440a95aaa9ca42e84471 - - default default] show failed (client error): The resource could not be found.
2026-05-12 07:09:15.515 9 INFO neutron.wsgi [None req-98c6d304-01c6-40da-9643-ef260b778010 94b0a542adf44c7489c0f23f0c02150f 1c9f15c5dc21440a95aaa9ca42e84471 - - default default] 10.0.0.89 "GET /v2.0/floatingips/f90af339-2494-4e12-8e2c-f0b0f79a34ca HTTP/1.1" status: 404 len: 345 time: 0.0200310 /var/lib/openstack/lib/python3.10/site-packages/pycadf/identifier.py:71: UserWarning: Invalid uuid: neutron. To ensure interoperability, identifiers should be a valid uuid. warnings.warn(('Invalid uuid: %s. To ensure interoperability, '
2026-05-12 07:09:15.783 10 INFO neutron.wsgi [None req-3afac76b-f461-4efc-865b-3ad8d6c1b7cc fd6baac89f954a33bae9dc16520b6682 4ea77dfc919c498aa9ed65b1665bb9ae - - default default] 199.204.45.156 "GET /v2.0/extensions/security-group HTTP/1.1" status: 200 len: 369 time: 0.0077987
2026-05-12 07:09:15.794 10 INFO neutron.wsgi [None req-3572734d-ab0c-4f16-a978-76aec1f8906a fd6baac89f954a33bae9dc16520b6682 4ea77dfc919c498aa9ed65b1665bb9ae - - default default] 199.204.45.156 "GET /v2.0/extensions/dns-integration HTTP/1.1" status: 200 len: 371 time: 0.0067039
2026-05-12 07:09:15.808 10 INFO neutron.wsgi [None req-1e58cdf4-1cc8-492d-bcb7-3ed34c961de9 fd6baac89f954a33bae9dc16520b6682 4ea77dfc919c498aa9ed65b1665bb9ae - - default default] 199.204.45.156 "GET /v2.0/extensions/qos HTTP/1.1" status: 200 len: 365 time: 0.0063944
2026-05-12 07:09:15.822 10 INFO neutron.wsgi [None req-f10f9990-9d1b-45c6-9344-38285d1bb539 fd6baac89f954a33bae9dc16520b6682 4ea77dfc919c498aa9ed65b1665bb9ae - - default default] 199.204.45.156 "GET /v2.0/extensions/allowed-address-pairs HTTP/1.1" status: 200 len: 383 time: 0.0063584
2026-05-12 07:09:15.873 10 INFO neutron.wsgi [None req-bce4f5d3-c240-47a8-b4cf-afe634b3a5a7 fd6baac89f954a33bae9dc16520b6682 4ea77dfc919c498aa9ed65b1665bb9ae - - default default] 199.204.45.156 "GET /v2.0/subnets/e8de4401-bdec-499d-bed7-6ea6ec1b0d12 HTTP/1.1" status: 200 len: 851 time: 0.0458367
2026-05-12 07:09:15.917 10 INFO neutron.wsgi [None req-052e3ef1-78cd-4398-9865-8892f9d6747d fd6baac89f954a33bae9dc16520b6682 4ea77dfc919c498aa9ed65b1665bb9ae - - default default] 199.204.45.156 "GET /v2.0/ports?device_id=f00b5f12-d100-498c-b69a-fcda80b305b4 HTTP/1.1" status: 200 len: 2727 time: 0.0365546
2026-05-12 07:09:15.961 10 INFO neutron.wsgi [None req-e011be20-a733-48ad-a8e2-a80bd2cea05c fd6baac89f954a33bae9dc16520b6682 4ea77dfc919c498aa9ed65b1665bb9ae - - default default] 199.204.45.156 "GET /v2.0/ports?device_id=f00b5f12-d100-498c-b69a-fcda80b305b4 HTTP/1.1" status: 200 len: 2727 time: 0.0359457
2026-05-12 07:09:16.065 10 INFO neutron.wsgi [None req-63dc5102-4496-4df9-af03-3d1e4f2af3e6 fd6baac89f954a33bae9dc16520b6682 4ea77dfc919c498aa9ed65b1665bb9ae - - default default] 199.204.45.156 "GET /v2.0/ports?device_id=f00b5f12-d100-498c-b69a-fcda80b305b4 HTTP/1.1" status: 200 len: 2727 time: 0.0355031
2026-05-12 07:09:16.337 10 INFO neutron.plugins.ml2.drivers.ovn.mech_driver.mech_driver [None req-8b869861-29db-44a4-9696-bae518868819 - - - - - -] OVN reports status down for port: afc5f1c1-3fbb-4336-8801-c5194441a4db
2026-05-12 07:09:16.410 9 INFO neutron.wsgi [req-7a8d84a1-a785-4571-bdd8-f474e2ecda25 req-3dbd7963-5715-40d9-b9d5-512d89cf6d75 806c7a253260400084d39b4cf2a07e2d 1266992b5c684cfeaa0eaba140cec78c - - b774e3be6e02478d8b9c718970e08311 b774e3be6e02478d8b9c718970e08311] 199.204.45.156 "GET /v2.0/ports/925e0861-ba85-4e50-9df1-36a0a2a959e4 HTTP/1.1" status: 200 len: 1518 time: 0.0308185
2026-05-12 07:09:16.439 10 INFO neutron.plugins.ml2.drivers.ovn.mech_driver.mech_driver [None req-8b869861-29db-44a4-9696-bae518868819 - - - - - -] OVN reports status down for port: 925e0861-ba85-4e50-9df1-36a0a2a959e4
2026-05-12 07:09:16.457 9 INFO neutron.wsgi [req-7a8d84a1-a785-4571-bdd8-f474e2ecda25 req-681862d3-2a14-4a3d-ae1b-069dafe02c13 fd6baac89f954a33bae9dc16520b6682 4ea77dfc919c498aa9ed65b1665bb9ae - - default default] 199.204.45.156 "GET /v2.0/ports/925e0861-ba85-4e50-9df1-36a0a2a959e4?fields=binding%3Aprofile&fields=network_id HTTP/1.1" status: 200 len: 281 time: 0.0396621
2026-05-12 07:09:16.536 10 INFO neutron.db.ovn_revision_numbers_db [None req-eaa0fe8a-9ec4-4480-9194-a956f4ee4a10 - - - - - -] Successfully bumped revision number for resource afc5f1c1-3fbb-4336-8801-c5194441a4db (type: ports) to 6
2026-05-12 07:09:16.539 9 INFO neutron.wsgi [req-7a8d84a1-a785-4571-bdd8-f474e2ecda25 req-3beac7be-0f1e-4971-b2a1-695e1c5920c8 fd6baac89f954a33bae9dc16520b6682 4ea77dfc919c498aa9ed65b1665bb9ae - - default default] 199.204.45.156 "GET /v2.0/networks/07c72ef3-8cea-457b-a6d3-c6f0b4ee50f4?fields=dns_domain HTTP/1.1" status: 200 len: 227 time: 0.0747402
2026-05-12 07:09:16.625 10 INFO neutron.notifiers.nova [-] Nova event matching ['req-150dba72-e331-4dd0-9b15-861a9e2bf7aa'] response: {'server_uuid': 'f00b5f12-d100-498c-b69a-fcda80b305b4', 'name': 'network-vif-unplugged', 'status': 'completed', 'tag': '925e0861-ba85-4e50-9df1-36a0a2a959e4', 'code': 200}
2026-05-12 07:09:16.819 10 INFO neutron.db.ovn_revision_numbers_db [None req-8b869861-29db-44a4-9696-bae518868819 - - - - - -] Successfully bumped revision number for resource 925e0861-ba85-4e50-9df1-36a0a2a959e4 (type: ports) to 7
2026-05-12 07:09:17.050 9 INFO neutron.db.ovn_revision_numbers_db [req-7a8d84a1-a785-4571-bdd8-f474e2ecda25 req-5b5ffb95-9f63-4023-bba6-3e69f201b982 806c7a253260400084d39b4cf2a07e2d 1266992b5c684cfeaa0eaba140cec78c - - b774e3be6e02478d8b9c718970e08311 b774e3be6e02478d8b9c718970e08311] Successfully bumped revision number for resource 925e0861-ba85-4e50-9df1-36a0a2a959e4 (type: ports) to 8
2026-05-12 07:09:17.065 9 INFO neutron.wsgi [req-7a8d84a1-a785-4571-bdd8-f474e2ecda25 req-5b5ffb95-9f63-4023-bba6-3e69f201b982 806c7a253260400084d39b4cf2a07e2d 1266992b5c684cfeaa0eaba140cec78c - - b774e3be6e02478d8b9c718970e08311 b774e3be6e02478d8b9c718970e08311] 199.204.45.156 "PUT /v2.0/ports/925e0861-ba85-4e50-9df1-36a0a2a959e4 HTTP/1.1" status: 200 len: 1350 time: 0.5190244 /var/lib/openstack/lib/python3.10/site-packages/pycadf/identifier.py:71: UserWarning: Invalid uuid: neutron. To ensure interoperability, identifiers should be a valid uuid. warnings.warn(('Invalid uuid: %s. To ensure interoperability, '
2026-05-12 07:09:17.107 10 INFO neutron.wsgi [None req-ae1f1226-2143-491a-aece-2aa1113612f7 fd6baac89f954a33bae9dc16520b6682 4ea77dfc919c498aa9ed65b1665bb9ae - - default default] 199.204.45.156 "GET /v2.0/ports?device_id=f00b5f12-d100-498c-b69a-fcda80b305b4 HTTP/1.1" status: 200 len: 1417 time: 0.0335028 /var/lib/openstack/lib/python3.10/site-packages/pycadf/identifier.py:71: UserWarning: Invalid uuid: neutron. To ensure interoperability, identifiers should be a valid uuid. warnings.warn(('Invalid uuid: %s. To ensure interoperability, '
2026-05-12 07:09:17.158 9 INFO neutron.wsgi [req-7a8d84a1-a785-4571-bdd8-f474e2ecda25 req-6fcbca66-0334-4c93-9840-189f4d83189b 806c7a253260400084d39b4cf2a07e2d 1266992b5c684cfeaa0eaba140cec78c - - b774e3be6e02478d8b9c718970e08311 b774e3be6e02478d8b9c718970e08311] 199.204.45.156 "GET /v2.0/ports?tenant_id=4ea77dfc919c498aa9ed65b1665bb9ae&device_id=f00b5f12-d100-498c-b69a-fcda80b305b4 HTTP/1.1" status: 200 len: 1417 time: 0.0421329
2026-05-12 07:09:17.249 9 INFO neutron.wsgi [req-7a8d84a1-a785-4571-bdd8-f474e2ecda25 req-face14ba-ebf9-48b9-990a-16382bf8efb5 806c7a253260400084d39b4cf2a07e2d 1266992b5c684cfeaa0eaba140cec78c - - b774e3be6e02478d8b9c718970e08311 b774e3be6e02478d8b9c718970e08311] 199.204.45.156 "GET /v2.0/networks?id=13c8b518-ecbb-45ff-8498-ad4f4c7be58d&id=07c72ef3-8cea-457b-a6d3-c6f0b4ee50f4 HTTP/1.1" status: 200 len: 1730 time: 0.0823698
2026-05-12 07:09:17.292 9 INFO neutron.wsgi [req-7a8d84a1-a785-4571-bdd8-f474e2ecda25 req-2375a21f-b877-4b4e-8d30-bf28ed30e30e 806c7a253260400084d39b4cf2a07e2d 1266992b5c684cfeaa0eaba140cec78c - - b774e3be6e02478d8b9c718970e08311 b774e3be6e02478d8b9c718970e08311] 199.204.45.156 "GET /v2.0/floatingips?fixed_ip_address=172.24.1.118&port_id=6eed5dca-3e81-413c-891c-01a8d8159c79 HTTP/1.1" status: 200 len: 217 time: 0.0375264
2026-05-12 07:09:17.343 9 INFO neutron.wsgi [req-7a8d84a1-a785-4571-bdd8-f474e2ecda25 req-6b529a3a-5781-4375-a8ca-b41a97b37686 806c7a253260400084d39b4cf2a07e2d 1266992b5c684cfeaa0eaba140cec78c - - b774e3be6e02478d8b9c718970e08311 b774e3be6e02478d8b9c718970e08311] 199.204.45.156 "GET /v2.0/subnets?id=2612ead7-bdca-4a98-b5c5-16a2814136a3 HTTP/1.1" status: 200 len: 829 time: 0.0459177
2026-05-12 07:09:17.378 9 INFO neutron.wsgi [req-7a8d84a1-a785-4571-bdd8-f474e2ecda25 req-01673577-4229-4e4c-b2dc-23315f5583d6 806c7a253260400084d39b4cf2a07e2d 1266992b5c684cfeaa0eaba140cec78c - - b774e3be6e02478d8b9c718970e08311 b774e3be6e02478d8b9c718970e08311] 199.204.45.156 "GET /v2.0/ports?network_id=13c8b518-ecbb-45ff-8498-ad4f4c7be58d&device_owner=network%3Adhcp HTTP/1.1" status: 200 len: 210 time: 0.0269113
2026-05-12 07:09:17.456 9 INFO neutron.wsgi [req-7a8d84a1-a785-4571-bdd8-f474e2ecda25 req-96faa0a8-64ad-4c55-8703-3a0a077b9266 806c7a253260400084d39b4cf2a07e2d 1266992b5c684cfeaa0eaba140cec78c - - b774e3be6e02478d8b9c718970e08311 b774e3be6e02478d8b9c718970e08311] 199.204.45.156 "GET /v2.0/networks/13c8b518-ecbb-45ff-8498-ad4f4c7be58d?fields=segments HTTP/1.1" status: 200 len: 212 time: 0.0671775
