2026-05-12 07:05:21.314 10 INFO neutron.db.ovn_revision_numbers_db [None req-82e8edfb-01ab-4395-bd4e-68f24ec51026 308fa0334d5c41eeb9e5eb315e6d6f12 3f4064bcd43647fe855b97f3ce5ab07a - - default default] Successfully bumped revision number for resource 2bc868e5-584b-48bd-8d87-e4f5182d1e2b (type: security_group_rules) to 0
2026-05-12 07:05:21.335 10 INFO neutron.wsgi [None req-82e8edfb-01ab-4395-bd4e-68f24ec51026 308fa0334d5c41eeb9e5eb315e6d6f12 3f4064bcd43647fe855b97f3ce5ab07a - - default default] 10.0.0.89 "POST /v2.0/security-groups HTTP/1.1" status: 201 len: 1760 time: 0.1920035
2026-05-12 07:05:21.454 9 INFO neutron.pecan_wsgi.hooks.translation [None req-8346f24b-2ec5-4874-8a29-7840d23ae167 5fe993d7f48148349f3bb1bf2c6420a7 84de04457285499ea9c6ce9cface5406 - - default default] GET failed (client error): The resource could not be found.
2026-05-12 07:05:21.456 9 INFO neutron.wsgi [None req-8346f24b-2ec5-4874-8a29-7840d23ae167 5fe993d7f48148349f3bb1bf2c6420a7 84de04457285499ea9c6ce9cface5406 - - default default] 10.0.0.89 "GET /v2.0/networks/f5bfbd1a-db1e-4a02-acd4-2270fbb8bf4d HTTP/1.1" status: 404 len: 339 time: 0.2652347
2026-05-12 07:05:21.574 9 INFO neutron.db.ovn_revision_numbers_db [None req-c940c239-6869-48af-957f-87bb0189a9ce 308fa0334d5c41eeb9e5eb315e6d6f12 3f4064bcd43647fe855b97f3ce5ab07a - - default default] Successfully bumped revision number for resource c0d88af0-8864-4140-8551-9991982fe98b (type: security_group_rules) to 0
2026-05-12 07:05:21.607 9 INFO neutron.wsgi [None req-c940c239-6869-48af-957f-87bb0189a9ce 308fa0334d5c41eeb9e5eb315e6d6f12 3f4064bcd43647fe855b97f3ce5ab07a - - default default] 10.0.0.89 "POST /v2.0/security-group-rules HTTP/1.1" status: 201 len: 768 time: 0.2564311
2026-05-12 07:05:21.630 10 INFO neutron.wsgi [None req-9b5f27c7-6545-4285-8964-94403dbe2967 308fa0334d5c41eeb9e5eb315e6d6f12 3f4064bcd43647fe855b97f3ce5ab07a - - default default] 10.0.0.89 "GET /v2.0/security-group-rules/c0d88af0-8864-4140-8551-9991982fe98b HTTP/1.1" status: 200 len: 763 time: 0.0184805
2026-05-12 07:05:21.678 10 INFO neutron.wsgi [None req-da589783-0ec7-4bcc-a113-c5de133cff15 308fa0334d5c41eeb9e5eb315e6d6f12 3f4064bcd43647fe855b97f3ce5ab07a - - default default] 10.0.0.89 "GET /v2.0/security-group-rules HTTP/1.1" status: 200 len: 4113 time: 0.0438097
2026-05-12 07:05:21.745 10 INFO neutron.wsgi [-] 10.0.0.42 "GET / HTTP/1.1" status: 200 len: 247 time: 0.0018303
2026-05-12 07:05:21.746 9 INFO neutron.wsgi [-] 10.0.0.42 "GET / HTTP/1.1" status: 200 len: 247 time: 0.0019872
2026-05-12 07:05:21.851 10 INFO neutron.wsgi [None req-cb3f0dcc-877d-4126-aa0a-715639cb9ef4 308fa0334d5c41eeb9e5eb315e6d6f12 3f4064bcd43647fe855b97f3ce5ab07a - - default default] 10.0.0.89 "DELETE /v2.0/security-group-rules/c0d88af0-8864-4140-8551-9991982fe98b HTTP/1.1" status: 204 len: 168 time: 0.1653423
2026-05-12 07:05:21.908 10 INFO neutron.wsgi [None req-f203a750-ff31-4a67-84e8-69cddc969f85 308fa0334d5c41eeb9e5eb315e6d6f12 3f4064bcd43647fe855b97f3ce5ab07a - - default default] 10.0.0.89 "GET /v2.0/security-group-rules HTTP/1.1" status: 200 len: 3567 time: 0.0483556
2026-05-12 07:05:22.116 10 INFO neutron.db.ovn_revision_numbers_db [None req-7e63f3bb-de7f-41ad-b1a6-f06d504f304e 308fa0334d5c41eeb9e5eb315e6d6f12 3f4064bcd43647fe855b97f3ce5ab07a - - default default] Successfully bumped revision number for resource 8167003b-ad83-47a6-adef-c219ffe6de89 (type: security_group_rules) to 0
2026-05-12 07:05:22.159 10 INFO neutron.wsgi [None req-7e63f3bb-de7f-41ad-b1a6-f06d504f304e 308fa0334d5c41eeb9e5eb315e6d6f12 3f4064bcd43647fe855b97f3ce5ab07a - - default default] 10.0.0.89 "POST /v2.0/security-group-rules HTTP/1.1" status: 201 len: 768 time: 0.2461467
2026-05-12 07:05:22.186 9 INFO neutron.wsgi [None req-eace5397-5710-445c-ae86-a91808f48990 308fa0334d5c41eeb9e5eb315e6d6f12 3f4064bcd43647fe855b97f3ce5ab07a - - default default] 10.0.0.89 "GET /v2.0/security-group-rules/8167003b-ad83-47a6-adef-c219ffe6de89 HTTP/1.1" status: 200 len: 763 time: 0.0207653
2026-05-12 07:05:22.187 10 INFO neutron.db.ovn_revision_numbers_db [None req-8284ded2-84d3-43a8-900d-318e5eb0dcf1 fd6baac89f954a33bae9dc16520b6682 4ea77dfc919c498aa9ed65b1665bb9ae - - default default] Successfully bumped revision number for resource cf2b214c-8cbb-4cf2-a245-79b7892d31e6 (type: security_groups) to 1
2026-05-12 07:05:22.210 10 INFO neutron.db.ovn_revision_numbers_db [None req-8284ded2-84d3-43a8-900d-318e5eb0dcf1 fd6baac89f954a33bae9dc16520b6682 4ea77dfc919c498aa9ed65b1665bb9ae - - default default] Successfully bumped revision number for resource 3398ef37-ccc7-4f25-9990-5c3adbc0ab89 (type: security_group_rules) to 0
2026-05-12 07:05:22.230 10 INFO neutron.db.ovn_revision_numbers_db [None req-8284ded2-84d3-43a8-900d-318e5eb0dcf1 fd6baac89f954a33bae9dc16520b6682 4ea77dfc919c498aa9ed65b1665bb9ae - - default default] Successfully bumped revision number for resource 3a97f7e5-3a55-40a5-89f1-2b3bae190f71 (type: security_group_rules) to 0
2026-05-12 07:05:22.244 10 INFO neutron.db.ovn_revision_numbers_db [None req-1b4afe6b-b5d7-42ff-8eb9-72b33d8c1b90 05c35f4b8a93487d90af5a04da32a5c5 1f5d57f6e78044d7a57b319498ca751e - - default default] Successfully bumped revision number for resource 5ac65e08-ff54-4bd1-a801-eb7e44fca61e (type: security_groups) to 1
2026-05-12 07:05:22.250 10 INFO neutron.db.ovn_revision_numbers_db [None req-8284ded2-84d3-43a8-900d-318e5eb0dcf1 fd6baac89f954a33bae9dc16520b6682 4ea77dfc919c498aa9ed65b1665bb9ae - - default default] Successfully bumped revision number for resource 84f51a83-ce1c-4d23-8ecc-d4cde45827a4 (type: security_group_rules) to 0
2026-05-12 07:05:22.250 9 INFO neutron.wsgi [None req-18d1b2d1-e150-44d2-985c-54599d76e2a6 308fa0334d5c41eeb9e5eb315e6d6f12 3f4064bcd43647fe855b97f3ce5ab07a - - default default] 10.0.0.89 "GET /v2.0/security-group-rules HTTP/1.1" status: 200 len: 4113 time: 0.0593448
2026-05-12 07:05:22.261 10 INFO neutron.db.ovn_revision_numbers_db [None req-1b4afe6b-b5d7-42ff-8eb9-72b33d8c1b90 05c35f4b8a93487d90af5a04da32a5c5 1f5d57f6e78044d7a57b319498ca751e - - default default] Successfully bumped revision number for resource 064b5f88-4d0a-46f8-89cd-8675333755cf (type: security_group_rules) to 0
2026-05-12 07:05:22.264 10 INFO neutron.db.ovn_revision_numbers_db [None req-8284ded2-84d3-43a8-900d-318e5eb0dcf1 fd6baac89f954a33bae9dc16520b6682 4ea77dfc919c498aa9ed65b1665bb9ae - - default default] Successfully bumped revision number for resource 9cab694b-6bed-421d-baf9-394a8069d9f7 (type: security_group_rules) to 0
2026-05-12 07:05:22.288 10 INFO neutron.db.ovn_revision_numbers_db [None req-1b4afe6b-b5d7-42ff-8eb9-72b33d8c1b90 05c35f4b8a93487d90af5a04da32a5c5 1f5d57f6e78044d7a57b319498ca751e - - default default] Successfully bumped revision number for resource 48727f7d-5bfb-447e-abbd-b312beecdb40 (type: security_group_rules) to 0
2026-05-12 07:05:22.298 10 INFO neutron.wsgi [None req-8284ded2-84d3-43a8-900d-318e5eb0dcf1 fd6baac89f954a33bae9dc16520b6682 4ea77dfc919c498aa9ed65b1665bb9ae - - default default] 10.0.0.89 "GET /v2.0/security-groups?tenant_id=e84e1efe5d79462bb4ee92a030721760&name=default HTTP/1.1" status: 200 len: 2996 time: 0.4229331
2026-05-12 07:05:22.312 10 INFO neutron.db.ovn_revision_numbers_db [None req-1b4afe6b-b5d7-42ff-8eb9-72b33d8c1b90 05c35f4b8a93487d90af5a04da32a5c5 1f5d57f6e78044d7a57b319498ca751e - - default default] Successfully bumped revision number for resource 87d65ec9-45d9-4420-85e1-8fb9afe515f7 (type: security_group_rules) to 0
2026-05-12 07:05:22.340 10 INFO neutron.db.ovn_revision_numbers_db [None req-1b4afe6b-b5d7-42ff-8eb9-72b33d8c1b90 05c35f4b8a93487d90af5a04da32a5c5 1f5d57f6e78044d7a57b319498ca751e - - default default] Successfully bumped revision number for resource 8866e477-17bf-43de-9f74-8e0c7ec25725 (type: security_group_rules) to 0
2026-05-12 07:05:22.450 9 INFO neutron.wsgi [None req-e0af63e1-f857-4c80-a422-5d14856a325b 308fa0334d5c41eeb9e5eb315e6d6f12 3f4064bcd43647fe855b97f3ce5ab07a - - default default] 10.0.0.89 "DELETE /v2.0/security-group-rules/8167003b-ad83-47a6-adef-c219ffe6de89 HTTP/1.1" status: 204 len: 168 time: 0.1957979
2026-05-12 07:05:22.512 10 INFO neutron.wsgi [None req-91a5029a-00c6-4a11-977f-5c92c2dfd1be 308fa0334d5c41eeb9e5eb315e6d6f12 3f4064bcd43647fe855b97f3ce5ab07a - - default default] 10.0.0.89 "GET /v2.0/security-group-rules HTTP/1.1" status: 200 len: 3567 time: 0.0524538
2026-05-12 07:05:22.517 10 INFO neutron.db.ovn_revision_numbers_db [None req-1b4afe6b-b5d7-42ff-8eb9-72b33d8c1b90 05c35f4b8a93487d90af5a04da32a5c5 1f5d57f6e78044d7a57b319498ca751e - - default default] Successfully bumped revision number for resource ed7f8321-5380-4693-9865-96c60a84933c (type: security_groups) to 1
2026-05-12 07:05:22.572 10 INFO neutron.db.ovn_revision_numbers_db [None req-1b4afe6b-b5d7-42ff-8eb9-72b33d8c1b90 05c35f4b8a93487d90af5a04da32a5c5 1f5d57f6e78044d7a57b319498ca751e - - default default] Successfully bumped revision number for resource 2b9211d1-ed73-47e7-b732-7e008c99928f (type: security_group_rules) to 0
2026-05-12 07:05:22.576 9 INFO neutron.db.securitygroups_db [None req-2497f6d8-a1a3-4656-91ae-f5afef9a78b9 308fa0334d5c41eeb9e5eb315e6d6f12 3f4064bcd43647fe855b97f3ce5ab07a - - default default] Project 3f4064bcd43647fe855b97f3ce5ab07a added a security group rule with legacy IPv6 ICMP protocol name icmp, ipv6-icmp should be used instead. It was automatically converted.
2026-05-12 07:05:22.598 10 INFO neutron.db.ovn_revision_numbers_db [None req-1b4afe6b-b5d7-42ff-8eb9-72b33d8c1b90 05c35f4b8a93487d90af5a04da32a5c5 1f5d57f6e78044d7a57b319498ca751e - - default default] Successfully bumped revision number for resource 792adc3c-625b-4834-bc95-7cf395b5a7fd (type: security_group_rules) to 0
2026-05-12 07:05:22.605 9 INFO neutron.wsgi [None req-d27a4a58-06d8-4494-8f1e-6a75849bebb2 b761fcaa61164b589225153f5331e089 37e6bb206081488f9cea84b49ee248f0 - - default default] 10.0.0.89 "DELETE /v2.0/networks/f5bfbd1a-db1e-4a02-acd4-2270fbb8bf4d HTTP/1.1" status: 204 len: 168 time: 1.1440878
2026-05-12 07:05:22.647 10 INFO neutron.wsgi [None req-1b4afe6b-b5d7-42ff-8eb9-72b33d8c1b90 05c35f4b8a93487d90af5a04da32a5c5 1f5d57f6e78044d7a57b319498ca751e - - default default] 10.0.0.89 "POST /v2.0/security-groups HTTP/1.1" status: 201 len: 1737 time: 0.6775973
2026-05-12 07:05:22.649 10 INFO neutron.pecan_wsgi.hooks.translation [None req-f4439ecc-1512-4d68-babe-f9dc48e1376c b761fcaa61164b589225153f5331e089 37e6bb206081488f9cea84b49ee248f0 - - default default] DELETE failed (client error): The resource could not be found.
2026-05-12 07:05:22.652 10 INFO neutron.wsgi [None req-f4439ecc-1512-4d68-babe-f9dc48e1376c b761fcaa61164b589225153f5331e089 37e6bb206081488f9cea84b49ee248f0 - - default default] 10.0.0.89 "DELETE /v2.0/subnets/e166660e-69bc-4e59-afa8-ff9a4b2ddfde HTTP/1.1" status: 404 len: 337 time: 0.0341241
2026-05-12 07:05:22.678 9 INFO neutron.pecan_wsgi.hooks.translation [None req-bc47227a-2e93-4fe0-a91a-02ec85c66410 b761fcaa61164b589225153f5331e089 37e6bb206081488f9cea84b49ee248f0 - - default default] DELETE failed (client error): The resource could not be found.
2026-05-12 07:05:22.681 9 INFO neutron.wsgi [None req-bc47227a-2e93-4fe0-a91a-02ec85c66410 b761fcaa61164b589225153f5331e089 37e6bb206081488f9cea84b49ee248f0 - - default default] 10.0.0.89 "DELETE /v2.0/subnets/2a8282b8-35e4-41bf-b903-c46832b901d8 HTTP/1.1" status: 404 len: 337 time: 0.0243647
2026-05-12 07:05:22.695 10 INFO neutron.wsgi [None req-be0450df-ec4c-4215-905d-dfa97477db76 fd6baac89f954a33bae9dc16520b6682 4ea77dfc919c498aa9ed65b1665bb9ae - - default default] 10.0.0.89 "DELETE /v2.0/security-groups/cf2b214c-8cbb-4cf2-a245-79b7892d31e6 HTTP/1.1" status: 204 len: 168 time: 0.3733816
2026-05-12 07:05:22.717 9 INFO neutron.pecan_wsgi.hooks.translation [None req-aac61f57-7672-4c65-9ffe-4757dbd3a338 b761fcaa61164b589225153f5331e089 37e6bb206081488f9cea84b49ee248f0 - - default default] DELETE failed (client error): The resource could not be found.
2026-05-12 07:05:22.720 9 INFO neutron.wsgi [None req-aac61f57-7672-4c65-9ffe-4757dbd3a338 b761fcaa61164b589225153f5331e089 37e6bb206081488f9cea84b49ee248f0 - - default default] 10.0.0.89 "DELETE /v2.0/subnets/ce6eca40-89e3-4e72-bd93-fb1ceb2cabb0 HTTP/1.1" status: 404 len: 337 time: 0.0308251
2026-05-12 07:05:22.787 10 INFO neutron.db.ovn_revision_numbers_db [None req-10d9e942-7c7a-44ae-9f5f-b28326442e79 05c35f4b8a93487d90af5a04da32a5c5 1f5d57f6e78044d7a57b319498ca751e - - default default] Successfully bumped revision number for resource d9ba88ce-86ee-4cae-b715-2156a8c7f2cf (type: security_groups) to 1
2026-05-12 07:05:22.787 9 INFO neutron.db.ovn_revision_numbers_db [None req-2497f6d8-a1a3-4656-91ae-f5afef9a78b9 308fa0334d5c41eeb9e5eb315e6d6f12 3f4064bcd43647fe855b97f3ce5ab07a - - default default] Successfully bumped revision number for resource 63586ef0-bf29-4cd7-be0e-9a1c67fb3abc (type: security_group_rules) to 0
2026-05-12 07:05:22.808 10 INFO neutron.db.ovn_revision_numbers_db [None req-10d9e942-7c7a-44ae-9f5f-b28326442e79 05c35f4b8a93487d90af5a04da32a5c5 1f5d57f6e78044d7a57b319498ca751e - - default default] Successfully bumped revision number for resource 2d46e7ee-7eba-4295-a51c-1cdfe4b52d73 (type: security_group_rules) to 0
2026-05-12 07:05:22.826 10 INFO neutron.db.ovn_revision_numbers_db [None req-10d9e942-7c7a-44ae-9f5f-b28326442e79 05c35f4b8a93487d90af5a04da32a5c5 1f5d57f6e78044d7a57b319498ca751e - - default default] Successfully bumped revision number for resource 95b9466e-0d28-4d05-a3fd-00796ad13d5c (type: security_group_rules) to 0
2026-05-12 07:05:22.848 9 INFO neutron.wsgi [None req-2497f6d8-a1a3-4656-91ae-f5afef9a78b9 308fa0334d5c41eeb9e5eb315e6d6f12 3f4064bcd43647fe855b97f3ce5ab07a - - default default] 10.0.0.89 "POST /v2.0/security-group-rules HTTP/1.1" status: 201 len: 774 time: 0.3311656
2026-05-12 07:05:22.870 10 INFO neutron.wsgi [None req-10d9e942-7c7a-44ae-9f5f-b28326442e79 05c35f4b8a93487d90af5a04da32a5c5 1f5d57f6e78044d7a57b319498ca751e - - default default] 10.0.0.89 "POST /v2.0/security-groups HTTP/1.1" status: 201 len: 1737 time: 0.2163498
2026-05-12 07:05:22.892 10 INFO neutron.wsgi [None req-5902d09b-5b72-4159-8e2b-aa13c97d2c0b 308fa0334d5c41eeb9e5eb315e6d6f12 3f4064bcd43647fe855b97f3ce5ab07a - - default default] 10.0.0.89 "GET /v2.0/security-group-rules/63586ef0-bf29-4cd7-be0e-9a1c67fb3abc HTTP/1.1" status: 200 len: 769 time: 0.0359466
2026-05-12 07:05:22.899 9 INFO neutron.wsgi [None req-928e786e-8e55-431e-bee4-e5fbf6416ee4 fd6baac89f954a33bae9dc16520b6682 4ea77dfc919c498aa9ed65b1665bb9ae - - default default] 10.0.0.89 "GET /v2.0/security-groups?tenant_id=f667f5e0c99345069a734dc8cc08d374&name=default HTTP/1.1" status: 200 len: 2996 time: 0.0812180
2026-05-12 07:05:22.950 10 INFO neutron.wsgi [None req-43a978bc-f40a-4204-9a14-0d83923b9a50 308fa0334d5c41eeb9e5eb315e6d6f12 3f4064bcd43647fe855b97f3ce5ab07a - - default default] 10.0.0.89 "GET /v2.0/security-group-rules HTTP/1.1" status: 200 len: 4119 time: 0.0510352
2026-05-12 07:05:23.077 9 INFO neutron.db.ovn_revision_numbers_db [None req-2f1f90f3-1237-45fa-be0c-53ec577767be 05c35f4b8a93487d90af5a04da32a5c5 1f5d57f6e78044d7a57b319498ca751e - - default default] Successfully bumped revision number for resource 56cb65af-ef56-43fa-b255-28b22557b05f (type: security_groups) to 1
2026-05-12 07:05:23.112 9 INFO neutron.services.segments.plugin [-] Segment 58b864cb-1030-46e8-8b1a-0b37abeaef41 resource provider aggregate not found
2026-05-12 07:05:23.115 10 INFO neutron.wsgi [None req-e4d9accc-1f8e-4be8-9ac4-fca6973dcd57 308fa0334d5c41eeb9e5eb315e6d6f12 3f4064bcd43647fe855b97f3ce5ab07a - - default default] 10.0.0.89 "DELETE /v2.0/security-group-rules/63586ef0-bf29-4cd7-be0e-9a1c67fb3abc HTTP/1.1" status: 204 len: 168 time: 0.1578505
2026-05-12 07:05:23.123 9 INFO neutron.services.segments.plugin [-] Segment 58b864cb-1030-46e8-8b1a-0b37abeaef41 resource provider aggregate not found
2026-05-12 07:05:23.131 9 INFO neutron.db.ovn_revision_numbers_db [None req-2f1f90f3-1237-45fa-be0c-53ec577767be 05c35f4b8a93487d90af5a04da32a5c5 1f5d57f6e78044d7a57b319498ca751e - - default default] Successfully bumped revision number for resource 2cdd9cdf-71a2-47a5-bbdc-694fc4bbdcd6 (type: security_group_rules) to 0
2026-05-12 07:05:23.133 9 INFO neutron.services.segments.plugin [-] Segment 58b864cb-1030-46e8-8b1a-0b37abeaef41 resource provider not found; error: Placement Client Error (4xx): {"errors": [{"status": 404, "title": "Not Found", "detail": "The resource could not be found.\n\n No resource provider with uuid 58b864cb-1030-46e8-8b1a-0b37abeaef41 found for delete ", "request_id": "req-efebbef9-d51d-4a87-be30-9875e1687372"}]}
2026-05-12 07:05:23.144 9 INFO neutron.services.segments.plugin [-] Segment 58b864cb-1030-46e8-8b1a-0b37abeaef41 resource provider not found; error: Placement Client Error (4xx): {"errors": [{"status": 404, "title": "Not Found", "detail": "The resource could not be found.\n\n No resource provider with uuid 58b864cb-1030-46e8-8b1a-0b37abeaef41 found for delete ", "request_id": "req-3128591e-4ae7-4525-b25b-d3fdd3edc510"}]}
2026-05-12 07:05:23.152 9 INFO neutron.db.ovn_revision_numbers_db [None req-2f1f90f3-1237-45fa-be0c-53ec577767be 05c35f4b8a93487d90af5a04da32a5c5 1f5d57f6e78044d7a57b319498ca751e - - default default] Successfully bumped revision number for resource a83d66a4-9679-4f70-803f-2610b0a621e8 (type: security_group_rules) to 0
2026-05-12 07:05:23.162 10 INFO neutron.wsgi [None req-aa02f559-e45b-4d2c-a0fa-b0c8e21d3dc1 308fa0334d5c41eeb9e5eb315e6d6f12 3f4064bcd43647fe855b97f3ce5ab07a - - default default] 10.0.0.89 "GET /v2.0/security-group-rules HTTP/1.1" status: 200 len: 3567 time: 0.0432549
2026-05-12 07:05:23.173 9 INFO neutron.wsgi [None req-2f1f90f3-1237-45fa-be0c-53ec577767be 05c35f4b8a93487d90af5a04da32a5c5 1f5d57f6e78044d7a57b319498ca751e - - default default] 10.0.0.89 "POST /v2.0/security-groups HTTP/1.1" status: 201 len: 1737 time: 0.2975812
2026-05-12 07:05:23.232 9 INFO neutron.wsgi [None req-bbf985c3-610b-45a8-9505-513ec39e241e fd6baac89f954a33bae9dc16520b6682 4ea77dfc919c498aa9ed65b1665bb9ae - - default default] 10.0.0.89 "DELETE /v2.0/security-groups/67c50fdc-5d7d-4a9d-8b47-c7036b4f562a HTTP/1.1" status: 204 len: 168 time: 0.3284056
2026-05-12 07:05:23.326 10 INFO neutron.wsgi [None req-2463a679-f871-4b1c-b9ac-1020b1f43a91 308fa0334d5c41eeb9e5eb315e6d6f12 3f4064bcd43647fe855b97f3ce5ab07a - - default default] 10.0.0.89 "DELETE /v2.0/security-groups/c4b05d8e-d32a-48ef-8e54-f11b024afb0c HTTP/1.1" status: 204 len: 168 time: 0.1597550
2026-05-12 07:05:23.336 10 INFO neutron.db.ovn_revision_numbers_db [None req-80f16c2b-7678-4cf5-8b41-b346d0ed8e19 05c35f4b8a93487d90af5a04da32a5c5 1f5d57f6e78044d7a57b319498ca751e - - default default] Successfully bumped revision number for resource 2f439057-7dee-4276-ab82-6b93105ee9ce (type: security_groups) to 1
2026-05-12 07:05:23.356 10 INFO neutron.db.ovn_revision_numbers_db [None req-80f16c2b-7678-4cf5-8b41-b346d0ed8e19 05c35f4b8a93487d90af5a04da32a5c5 1f5d57f6e78044d7a57b319498ca751e - - default default] Successfully bumped revision number for resource 0bd9beed-b424-4641-91b7-cd811feca0d7 (type: security_group_rules) to 0
2026-05-12 07:05:23.384 10 INFO neutron.db.ovn_revision_numbers_db [None req-80f16c2b-7678-4cf5-8b41-b346d0ed8e19 05c35f4b8a93487d90af5a04da32a5c5 1f5d57f6e78044d7a57b319498ca751e - - default default] Successfully bumped revision number for resource 964b5839-42d5-4de4-b86d-2fcb3a5879df (type: security_group_rules) to 0
2026-05-12 07:05:23.395 10 INFO neutron.wsgi [None req-a610c10a-639d-468a-983c-82e182abda5c 308fa0334d5c41eeb9e5eb315e6d6f12 3f4064bcd43647fe855b97f3ce5ab07a - - default default] 10.0.0.89 "GET /v2.0/security-groups HTTP/1.1" status: 200 len: 2996 time: 0.0625384
2026-05-12 07:05:23.421 10 INFO neutron.wsgi [None req-80f16c2b-7678-4cf5-8b41-b346d0ed8e19 05c35f4b8a93487d90af5a04da32a5c5 1f5d57f6e78044d7a57b319498ca751e - - default default] 10.0.0.89 "POST /v2.0/security-groups HTTP/1.1" status: 201 len: 1737 time: 0.2427983
2026-05-12 07:05:23.458 9 INFO neutron.wsgi [None req-3572674a-5dd4-4d90-adb7-c2f10c123447 308fa0334d5c41eeb9e5eb315e6d6f12 3f4064bcd43647fe855b97f3ce5ab07a - - default default] 10.0.0.89 "GET /v2.0/security-groups HTTP/1.1" status: 200 len: 2996 time: 0.0551214
2026-05-12 07:05:23.556 10 INFO neutron.db.ovn_revision_numbers_db [None req-7e54d29f-c484-4816-9be5-1d5a94c7e289 05c35f4b8a93487d90af5a04da32a5c5 1f5d57f6e78044d7a57b319498ca751e - - default default] Successfully bumped revision number for resource d5262207-7a0a-4189-90b6-44e7d42fb0e6 (type: security_groups) to 1
2026-05-12 07:05:23.575 10 INFO neutron.db.ovn_revision_numbers_db [None req-7e54d29f-c484-4816-9be5-1d5a94c7e289 05c35f4b8a93487d90af5a04da32a5c5 1f5d57f6e78044d7a57b319498ca751e - - default default] Successfully bumped revision number for resource 0564f238-83b7-4854-9fa6-43f3530b0681 (type: security_group_rules) to 0
2026-05-12 07:05:23.595 10 INFO neutron.db.ovn_revision_numbers_db [None req-7e54d29f-c484-4816-9be5-1d5a94c7e289 05c35f4b8a93487d90af5a04da32a5c5 1f5d57f6e78044d7a57b319498ca751e - - default default] Successfully bumped revision number for resource be218e83-3896-45e2-8ef6-6aada021bf3f (type: security_group_rules) to 0
2026-05-12 07:05:23.620 10 INFO neutron.wsgi [None req-7e54d29f-c484-4816-9be5-1d5a94c7e289 05c35f4b8a93487d90af5a04da32a5c5 1f5d57f6e78044d7a57b319498ca751e - - default default] 10.0.0.89 "POST /v2.0/security-groups HTTP/1.1" status: 201 len: 1737 time: 0.1938090
2026-05-12 07:05:23.691 10 INFO neutron.wsgi [None req-f5071bc6-ba3f-4450-8856-f7809aa91bc0 05c35f4b8a93487d90af5a04da32a5c5 1f5d57f6e78044d7a57b319498ca751e - - default default] 10.0.0.89 "PUT /v2.0/security-groups/ed7f8321-5380-4693-9865-96c60a84933c/tags HTTP/1.1" status: 200 len: 210 time: 0.0634308
2026-05-12 07:05:23.727 9 INFO neutron.wsgi [None req-f886620c-9330-4f5e-b3f4-dcb49741fd7a 05c35f4b8a93487d90af5a04da32a5c5 1f5d57f6e78044d7a57b319498ca751e - - default default] 10.0.0.89 "PUT /v2.0/security-groups/d9ba88ce-86ee-4cae-b715-2156a8c7f2cf/tags HTTP/1.1" status: 200 len: 218 time: 0.0292203
2026-05-12 07:05:23.763 9 INFO neutron.wsgi [None req-4bb23b81-19af-4f94-9840-a184a337b310 05c35f4b8a93487d90af5a04da32a5c5 1f5d57f6e78044d7a57b319498ca751e - - default default] 10.0.0.89 "PUT /v2.0/security-groups/56cb65af-ef56-43fa-b255-28b22557b05f/tags HTTP/1.1" status: 200 len: 227 time: 0.0317011
2026-05-12 07:05:23.810 9 INFO neutron.wsgi [None req-c9647a45-043e-4f8e-b1c1-8aa804b2e7ff 05c35f4b8a93487d90af5a04da32a5c5 1f5d57f6e78044d7a57b319498ca751e - - default default] 10.0.0.89 "PUT /v2.0/security-groups/2f439057-7dee-4276-ab82-6b93105ee9ce/tags HTTP/1.1" status: 200 len: 212 time: 0.0424807
2026-05-12 07:05:23.870 9 INFO neutron.wsgi [None req-78740ad2-e23a-42fb-aa76-2ff00eaababa 05c35f4b8a93487d90af5a04da32a5c5 1f5d57f6e78044d7a57b319498ca751e - - default default] 10.0.0.89 "GET /v2.0/security-groups?tags=red HTTP/1.1" status: 200 len: 4813 time: 0.0544651
2026-05-12 07:05:23.925 9 INFO neutron.wsgi [None req-e20ac0b0-a0f2-4bfd-af04-dc6827d942ca 05c35f4b8a93487d90af5a04da32a5c5 1f5d57f6e78044d7a57b319498ca751e - - default default] 10.0.0.89 "GET /v2.0/security-groups?tags=red%2Cblue HTTP/1.1" status: 200 len: 3289 time: 0.0511980
2026-05-12 07:05:23.980 10 INFO neutron.wsgi [None req-adab3e4a-3698-4d53-8643-63943ba09cbc fd6baac89f954a33bae9dc16520b6682 4ea77dfc919c498aa9ed65b1665bb9ae - - default default] 10.0.0.89 "GET /v2.0/security-groups?tenant_id=37e6bb206081488f9cea84b49ee248f0&name=default HTTP/1.1" status: 200 len: 2996 time: 0.3357038
2026-05-12 07:05:23.988 9 INFO neutron.wsgi [None req-af21ead9-32b2-4dd2-8cce-5d7a14554bd7 05c35f4b8a93487d90af5a04da32a5c5 1f5d57f6e78044d7a57b319498ca751e - - default default] 10.0.0.89 "GET /v2.0/security-groups?tags-any=blue HTTP/1.1" status: 200 len: 3289 time: 0.0581160
2026-05-12 07:05:24.044 9 INFO neutron.wsgi [None req-d16e470e-282e-4932-be78-a9666bd13265 05c35f4b8a93487d90af5a04da32a5c5 1f5d57f6e78044d7a57b319498ca751e - - default default] 10.0.0.89 "GET /v2.0/security-groups?tags-any=red%2Cblue HTTP/1.1" status: 200 len: 4813 time: 0.0519555
2026-05-12 07:05:24.108 9 INFO neutron.wsgi [None req-5c766ba2-478f-4902-9a58-a8f3cf64e3a9 05c35f4b8a93487d90af5a04da32a5c5 1f5d57f6e78044d7a57b319498ca751e - - default default] 10.0.0.89 "GET /v2.0/security-groups?not-tags=red HTTP/1.1" status: 200 len: 6041 time: 0.0575917
2026-05-12 07:05:24.175 9 INFO neutron.wsgi [None req-3c4dfda4-ea59-4b6b-89ae-890e7c070be6 05c35f4b8a93487d90af5a04da32a5c5 1f5d57f6e78044d7a57b319498ca751e - - default default] 10.0.0.89 "GET /v2.0/security-groups?not-tags=red%2Cblue HTTP/1.1" status: 200 len: 7565 time: 0.0605264
2026-05-12 07:05:24.178 9 INFO neutron.wsgi [None req-fedce931-8e13-4b71-914d-9e8e2a72a6dc fd6baac89f954a33bae9dc16520b6682 4ea77dfc919c498aa9ed65b1665bb9ae - - default default] 10.0.0.89 "GET /v2.0/security-groups?tenant_id=3f4064bcd43647fe855b97f3ce5ab07a&name=default HTTP/1.1" status: 200 len: 2996 time: 0.1754189
2026-05-12 07:05:24.228 10 INFO neutron.wsgi [None req-b9f7b0de-18b8-4725-85dd-a713830fd547 fd6baac89f954a33bae9dc16520b6682 4ea77dfc919c498aa9ed65b1665bb9ae - - default default] 10.0.0.89 "DELETE /v2.0/security-groups/2915a728-fdd8-4cf6-af90-d31f7b3ad830 HTTP/1.1" status: 204 len: 168 time: 0.2420526
2026-05-12 07:05:24.243 9 INFO neutron.wsgi [None req-2bfc02bf-e7f6-49b7-a8c4-a17678c16f59 05c35f4b8a93487d90af5a04da32a5c5 1f5d57f6e78044d7a57b319498ca751e - - default default] 10.0.0.89 "GET /v2.0/security-groups?not-tags-any=blue HTTP/1.1" status: 200 len: 7565 time: 0.0629165
2026-05-12 07:05:24.292 9 INFO neutron.wsgi [None req-64048853-805a-496d-97cc-88a0365b1954 05c35f4b8a93487d90af5a04da32a5c5 1f5d57f6e78044d7a57b319498ca751e - - default default] 10.0.0.89 "GET /v2.0/security-groups?not-tags-any=red%2Cblue HTTP/1.1" status: 200 len: 6041 time: 0.0435085
2026-05-12 07:05:24.426 10 INFO neutron.wsgi [None req-2356f651-7db0-4a48-a1fd-7aec8989f541 fd6baac89f954a33bae9dc16520b6682 4ea77dfc919c498aa9ed65b1665bb9ae - - default default] 10.0.0.89 "DELETE /v2.0/security-groups/082c4531-3f2f-4ae9-aa4c-d001f4e96997 HTTP/1.1" status: 204 len: 168 time: 0.2425191
2026-05-12 07:05:24.458 9 INFO neutron.wsgi [None req-625919a3-3a75-41d8-b831-5f54ca1ee6c8 05c35f4b8a93487d90af5a04da32a5c5 1f5d57f6e78044d7a57b319498ca751e - - default default] 10.0.0.89 "DELETE /v2.0/security-groups/ed7f8321-5380-4693-9865-96c60a84933c HTTP/1.1" status: 204 len: 168 time: 0.1602149
2026-05-12 07:05:24.488 9 INFO neutron.db.ovn_revision_numbers_db [None req-17ff1663-9837-4225-ac30-8f8b664237a2 fd6baac89f954a33bae9dc16520b6682 4ea77dfc919c498aa9ed65b1665bb9ae - - default default] Successfully bumped revision number for resource f8714bbf-001c-4feb-bc75-b8457277205a (type: security_groups) to 1
2026-05-12 07:05:24.506 9 INFO neutron.db.ovn_revision_numbers_db [None req-17ff1663-9837-4225-ac30-8f8b664237a2 fd6baac89f954a33bae9dc16520b6682 4ea77dfc919c498aa9ed65b1665bb9ae - - default default] Successfully bumped revision number for resource 4176cf76-82ab-410f-bad5-3929a95f141f (type: security_group_rules) to 0
2026-05-12 07:05:24.524 9 INFO neutron.db.ovn_revision_numbers_db [None req-17ff1663-9837-4225-ac30-8f8b664237a2 fd6baac89f954a33bae9dc16520b6682 4ea77dfc919c498aa9ed65b1665bb9ae - - default default] Successfully bumped revision number for resource 9b01fd37-a4d8-4a45-8ac4-59f7fc0098b1 (type: security_group_rules) to 0
2026-05-12 07:05:24.538 9 INFO neutron.db.ovn_revision_numbers_db [None req-17ff1663-9837-4225-ac30-8f8b664237a2 fd6baac89f954a33bae9dc16520b6682 4ea77dfc919c498aa9ed65b1665bb9ae - - default default] Successfully bumped revision number for resource a803de93-e5f9-4a85-9c4a-502ab9ef01da (type: security_group_rules) to 0
2026-05-12 07:05:24.553 9 INFO neutron.db.ovn_revision_numbers_db [None req-17ff1663-9837-4225-ac30-8f8b664237a2 fd6baac89f954a33bae9dc16520b6682 4ea77dfc919c498aa9ed65b1665bb9ae - - default default] Successfully bumped revision number for resource e00e3e8b-50be-4100-846c-30bc8bc4009a (type: security_group_rules) to 0
2026-05-12 07:05:24.579 9 INFO neutron.wsgi [None req-17ff1663-9837-4225-ac30-8f8b664237a2 fd6baac89f954a33bae9dc16520b6682 4ea77dfc919c498aa9ed65b1665bb9ae - - default default] 10.0.0.89 "GET /v2.0/security-groups?tenant_id=ba3214540987450ba26d63e568a0f8da&name=default HTTP/1.1" status: 200 len: 2996 time: 0.2478645
2026-05-12 07:05:24.607 10 INFO neutron.wsgi [None req-2a7b65bb-b0b6-42a9-907b-061d63d01f8c 05c35f4b8a93487d90af5a04da32a5c5 1f5d57f6e78044d7a57b319498ca751e - - default default] 10.0.0.89 "DELETE /v2.0/security-groups/d9ba88ce-86ee-4cae-b715-2156a8c7f2cf HTTP/1.1" status: 204 len: 168 time: 0.1427548
2026-05-12 07:05:24.762 9 INFO neutron.wsgi [None req-8ef09e78-2329-4874-ae24-2846bddf65bc 05c35f4b8a93487d90af5a04da32a5c5 1f5d57f6e78044d7a57b319498ca751e - - default default] 10.0.0.89 "DELETE /v2.0/security-groups/56cb65af-ef56-43fa-b255-28b22557b05f HTTP/1.1" status: 204 len: 168 time: 0.1487901
2026-05-12 07:05:24.817 10 INFO neutron.wsgi [None req-2f66bc28-f247-4231-8019-c1fbd14bd6ba fd6baac89f954a33bae9dc16520b6682 4ea77dfc919c498aa9ed65b1665bb9ae - - default default] 10.0.0.89 "DELETE /v2.0/security-groups/f8714bbf-001c-4feb-bc75-b8457277205a HTTP/1.1" status: 204 len: 168 time: 0.2331555
2026-05-12 07:05:24.911 9 INFO neutron.wsgi [None req-6912ceb7-7d46-4797-a41b-d40434fc959e 05c35f4b8a93487d90af5a04da32a5c5 1f5d57f6e78044d7a57b319498ca751e - - default default] 10.0.0.89 "DELETE /v2.0/security-groups/2f439057-7dee-4276-ab82-6b93105ee9ce HTTP/1.1" status: 204 len: 168 time: 0.1437480
2026-05-12 07:05:25.087 9 INFO neutron.wsgi [None req-643656e2-3dcb-47a2-90d6-b88d008c2612 05c35f4b8a93487d90af5a04da32a5c5 1f5d57f6e78044d7a57b319498ca751e - - default default] 10.0.0.89 "DELETE /v2.0/security-groups/d5262207-7a0a-4189-90b6-44e7d42fb0e6 HTTP/1.1" status: 204 len: 168 time: 0.1712749
2026-05-12 07:05:25.152 9 INFO neutron.db.ovn_revision_numbers_db [None req-bbcb23df-04c3-4706-9ba9-e59ce2cf36e4 fd6baac89f954a33bae9dc16520b6682 4ea77dfc919c498aa9ed65b1665bb9ae - - default default] Successfully bumped revision number for resource ad5052bf-9cfd-411d-a7f1-675b2e41a203 (type: security_groups) to 1
2026-05-12 07:05:25.177 9 INFO neutron.db.ovn_revision_numbers_db [None req-bbcb23df-04c3-4706-9ba9-e59ce2cf36e4 fd6baac89f954a33bae9dc16520b6682 4ea77dfc919c498aa9ed65b1665bb9ae - - default default] Successfully bumped revision number for resource 15e2cb72-162a-4de9-a643-fa19d7de014e (type: security_group_rules) to 0
2026-05-12 07:05:25.195 9 INFO neutron.db.ovn_revision_numbers_db [None req-bbcb23df-04c3-4706-9ba9-e59ce2cf36e4 fd6baac89f954a33bae9dc16520b6682 4ea77dfc919c498aa9ed65b1665bb9ae - - default default] Successfully bumped revision number for resource 40e6b6bb-cd46-4bb0-bdfe-346c6648f95c (type: security_group_rules) to 0
2026-05-12 07:05:25.211 9 INFO neutron.db.ovn_revision_numbers_db [None req-bbcb23df-04c3-4706-9ba9-e59ce2cf36e4 fd6baac89f954a33bae9dc16520b6682 4ea77dfc919c498aa9ed65b1665bb9ae - - default default] Successfully bumped revision number for resource ae209e85-bc27-4b0e-95de-ade2508405aa (type: security_group_rules) to 0
2026-05-12 07:05:25.230 9 INFO neutron.db.ovn_revision_numbers_db [None req-bbcb23df-04c3-4706-9ba9-e59ce2cf36e4 fd6baac89f954a33bae9dc16520b6682 4ea77dfc919c498aa9ed65b1665bb9ae - - default default] Successfully bumped revision number for resource ddcd5384-9598-4669-a729-32d6230e56eb (type: security_group_rules) to 0
2026-05-12 07:05:25.260 9 INFO neutron.wsgi [None req-bbcb23df-04c3-4706-9ba9-e59ce2cf36e4 fd6baac89f954a33bae9dc16520b6682 4ea77dfc919c498aa9ed65b1665bb9ae - - default default] 10.0.0.89 "GET /v2.0/security-groups?tenant_id=84de04457285499ea9c6ce9cface5406&name=default HTTP/1.1" status: 200 len: 2996 time: 0.2766798
2026-05-12 07:05:25.576 9 INFO neutron.wsgi [None req-21485373-ec32-44f4-8a14-5e7e33b84e28 fd6baac89f954a33bae9dc16520b6682 4ea77dfc919c498aa9ed65b1665bb9ae - - default default] 10.0.0.89 "DELETE /v2.0/security-groups/ad5052bf-9cfd-411d-a7f1-675b2e41a203 HTTP/1.1" status: 204 len: 168 time: 0.3098910
2026-05-12 07:05:26.419 10 INFO neutron.wsgi [None req-1dfba8c0-ef64-490b-a8cf-52667eaf28f8 fd6baac89f954a33bae9dc16520b6682 4ea77dfc919c498aa9ed65b1665bb9ae - - default default] 10.0.0.89 "GET /v2.0/security-groups?tenant_id=1f5d57f6e78044d7a57b319498ca751e&name=default HTTP/1.1" status: 200 len: 2996 time: 0.2502341
2026-05-12 07:05:26.647 10 INFO neutron.wsgi [None req-60e7a0bb-526d-411c-80fd-42d919572574 fd6baac89f954a33bae9dc16520b6682 4ea77dfc919c498aa9ed65b1665bb9ae - - default default] 10.0.0.89 "DELETE /v2.0/security-groups/5ac65e08-ff54-4bd1-a801-eb7e44fca61e HTTP/1.1" status: 204 len: 168 time: 0.2232585
2026-05-12 07:05:26.845 9 INFO neutron.db.ovn_revision_numbers_db [None req-8138673f-f5c8-475c-9c77-c46018e18b7a fd6baac89f954a33bae9dc16520b6682 4ea77dfc919c498aa9ed65b1665bb9ae - - default default] Successfully bumped revision number for resource 9955543c-4732-46d7-9c97-1bb83c4cb5ef (type: security_groups) to 1
2026-05-12 07:05:26.860 9 INFO neutron.db.ovn_revision_numbers_db [None req-8138673f-f5c8-475c-9c77-c46018e18b7a fd6baac89f954a33bae9dc16520b6682 4ea77dfc919c498aa9ed65b1665bb9ae - - default default] Successfully bumped revision number for resource 137ef9b8-263d-4b02-a8a5-b25ca5eb09a7 (type: security_group_rules) to 0
2026-05-12 07:05:26.877 9 INFO neutron.db.ovn_revision_numbers_db [None req-8138673f-f5c8-475c-9c77-c46018e18b7a fd6baac89f954a33bae9dc16520b6682 4ea77dfc919c498aa9ed65b1665bb9ae - - default default] Successfully bumped revision number for resource 69064a51-f9e5-4d29-a841-27b313ce19db (type: security_group_rules) to 0
2026-05-12 07:05:26.893 9 INFO neutron.db.ovn_revision_numbers_db [None req-8138673f-f5c8-475c-9c77-c46018e18b7a fd6baac89f954a33bae9dc16520b6682 4ea77dfc919c498aa9ed65b1665bb9ae - - default default] Successfully bumped revision number for resource bd9fe3f0-a80e-47e8-9124-263bc995207e (type: security_group_rules) to 0
2026-05-12 07:05:26.909 9 INFO neutron.db.ovn_revision_numbers_db [None req-8138673f-f5c8-475c-9c77-c46018e18b7a fd6baac89f954a33bae9dc16520b6682 4ea77dfc919c498aa9ed65b1665bb9ae - - default default] Successfully bumped revision number for resource fc775d47-40da-40be-ad1f-eefc027b046a (type: security_group_rules) to 0
2026-05-12 07:05:26.937 9 INFO neutron.wsgi [None req-8138673f-f5c8-475c-9c77-c46018e18b7a fd6baac89f954a33bae9dc16520b6682 4ea77dfc919c498aa9ed65b1665bb9ae - - default default] 10.0.0.89 "GET /v2.0/security-groups?tenant_id=b16269cfe1394c8da09f331d343f5e6f&name=default HTTP/1.1" status: 200 len: 2996 time: 0.1967854
2026-05-12 07:05:27.162 9 INFO neutron.wsgi [None req-15d16d4d-98db-478a-b317-e8532715ec4f fd6baac89f954a33bae9dc16520b6682 4ea77dfc919c498aa9ed65b1665bb9ae - - default default] 10.0.0.89 "DELETE /v2.0/security-groups/9955543c-4732-46d7-9c97-1bb83c4cb5ef HTTP/1.1" status: 204 len: 168 time: 0.2201965
2026-05-12 07:05:27.412 10 INFO neutron.db.ovn_revision_numbers_db [None req-116d956c-927f-4e4b-8477-7817dd63b9b8 fd6baac89f954a33bae9dc16520b6682 4ea77dfc919c498aa9ed65b1665bb9ae - - default default] Successfully bumped revision number for resource 5b041c3b-688c-4937-8f85-b531628b097f (type: security_groups) to 1
2026-05-12 07:05:27.432 10 INFO neutron.db.ovn_revision_numbers_db [None req-116d956c-927f-4e4b-8477-7817dd63b9b8 fd6baac89f954a33bae9dc16520b6682 4ea77dfc919c498aa9ed65b1665bb9ae - - default default] Successfully bumped revision number for resource 4c4ff25b-5821-4a9b-a06c-8ba8c8cc6535 (type: security_group_rules) to 0
2026-05-12 07:05:27.448 10 INFO neutron.db.ovn_revision_numbers_db [None req-116d956c-927f-4e4b-8477-7817dd63b9b8 fd6baac89f954a33bae9dc16520b6682 4ea77dfc919c498aa9ed65b1665bb9ae - - default default] Successfully bumped revision number for resource 6911d3aa-b7fe-49cf-b4aa-4079f0af05da (type: security_group_rules) to 0
2026-05-12 07:05:27.472 10 INFO neutron.db.ovn_revision_numbers_db [None req-116d956c-927f-4e4b-8477-7817dd63b9b8 fd6baac89f954a33bae9dc16520b6682 4ea77dfc919c498aa9ed65b1665bb9ae - - default default] Successfully bumped revision number for resource b755ed51-6c58-405d-8471-6dcde058197c (type: security_group_rules) to 0
2026-05-12 07:05:27.499 10 INFO neutron.db.ovn_revision_numbers_db [None req-116d956c-927f-4e4b-8477-7817dd63b9b8 fd6baac89f954a33bae9dc16520b6682 4ea77dfc919c498aa9ed65b1665bb9ae - - default default] Successfully bumped revision number for resource b8279c7e-99d4-4841-8964-cf9c76f1d825 (type: security_group_rules) to 0
2026-05-12 07:05:27.527 10 INFO neutron.wsgi [None req-116d956c-927f-4e4b-8477-7817dd63b9b8 fd6baac89f954a33bae9dc16520b6682 4ea77dfc919c498aa9ed65b1665bb9ae - - default default] 10.0.0.89 "GET /v2.0/security-groups?tenant_id=cf3a2fc0055d4f8daefbc53b802cebc3&name=default HTTP/1.1" status: 200 len: 2996 time: 0.2446430
2026-05-12 07:05:27.762 10 INFO neutron.wsgi [None req-67fdaa2c-a2e4-4947-80cb-06dda9b2f3fd fd6baac89f954a33bae9dc16520b6682 4ea77dfc919c498aa9ed65b1665bb9ae - - default default] 10.0.0.89 "DELETE /v2.0/security-groups/5b041c3b-688c-4937-8f85-b531628b097f HTTP/1.1" status: 204 len: 168 time: 0.2300973
2026-05-12 07:05:30.842 9 WARNING neutron.scheduler.dhcp_agent_scheduler [None req-9ab7d4d2-f16e-49f2-9ba8-40cc26868799 50b09b565c81418a9fd530bf74cf3101 8886ab898dcc44b8a583dd40cb289631 - - default default] No more DHCP agents
2026-05-12 07:05:30.845 9 WARNING neutron.api.rpc.agentnotifiers.dhcp_rpc_agent_api [None req-9ab7d4d2-f16e-49f2-9ba8-40cc26868799 50b09b565c81418a9fd530bf74cf3101 8886ab898dcc44b8a583dd40cb289631 - - default default] Unable to schedule network dab09501-07c0-4439-8d5a-750df455d8ad: no agents available; will retry on subsequent port and subnet creation events.
2026-05-12 07:05:31.068 10 INFO neutron.db.ovn_revision_numbers_db [None req-013dbe50-112a-4e59-b18f-f872535d9156 fd6baac89f954a33bae9dc16520b6682 4ea77dfc919c498aa9ed65b1665bb9ae - - default default] Successfully bumped revision number for resource 05da9baf-e6ae-435b-81ae-10ebd2bf61be (type: security_groups) to 1
2026-05-12 07:05:31.084 10 INFO neutron.db.ovn_revision_numbers_db [None req-013dbe50-112a-4e59-b18f-f872535d9156 fd6baac89f954a33bae9dc16520b6682 4ea77dfc919c498aa9ed65b1665bb9ae - - default default] Successfully bumped revision number for resource 27f39337-c944-4967-952d-30bda0e72d1a (type: security_group_rules) to 0
2026-05-12 07:05:31.098 10 INFO neutron.db.ovn_revision_numbers_db [None req-013dbe50-112a-4e59-b18f-f872535d9156 fd6baac89f954a33bae9dc16520b6682 4ea77dfc919c498aa9ed65b1665bb9ae - - default default] Successfully bumped revision number for resource 3846a4ef-4f9d-4dee-a9ea-83add1539aee (type: security_group_rules) to 0
2026-05-12 07:05:31.116 10 INFO neutron.db.ovn_revision_numbers_db [None req-013dbe50-112a-4e59-b18f-f872535d9156 fd6baac89f954a33bae9dc16520b6682 4ea77dfc919c498aa9ed65b1665bb9ae - - default default] Successfully bumped revision number for resource da68ea3e-4ff4-4b0d-8cd9-04e7c3573a3e (type: security_group_rules) to 0
2026-05-12 07:05:31.135 10 INFO neutron.db.ovn_revision_numbers_db [None req-013dbe50-112a-4e59-b18f-f872535d9156 fd6baac89f954a33bae9dc16520b6682 4ea77dfc919c498aa9ed65b1665bb9ae - - default default] Successfully bumped revision number for resource f6322963-a10b-47ca-93b3-441f5abb4d0e (type: security_group_rules) to 0
2026-05-12 07:05:31.160 10 INFO neutron.wsgi [None req-013dbe50-112a-4e59-b18f-f872535d9156 fd6baac89f954a33bae9dc16520b6682 4ea77dfc919c498aa9ed65b1665bb9ae - - default default] 10.0.0.89 "GET /v2.0/security-groups?tenant_id=b7b0ebff49874f539dcd195e70eb7941&name=default HTTP/1.1" status: 200 len: 2996 time: 0.3939424
2026-05-12 07:05:31.282 9 INFO neutron.db.ovn_revision_numbers_db [None req-9ab7d4d2-f16e-49f2-9ba8-40cc26868799 50b09b565c81418a9fd530bf74cf3101 8886ab898dcc44b8a583dd40cb289631 - - default default] Successfully bumped revision number for resource 7332e591-3896-4295-a591-06098072349d (type: floatingips) to 0
2026-05-12 07:05:31.310 9 INFO neutron.wsgi [None req-9ab7d4d2-f16e-49f2-9ba8-40cc26868799 50b09b565c81418a9fd530bf74cf3101 8886ab898dcc44b8a583dd40cb289631 - - default default] 10.0.0.89 "POST /v2.0/floatingips HTTP/1.1" status: 201 len: 751 time: 0.9922345
2026-05-12 07:05:31.345 9 INFO neutron.db.ovn_revision_numbers_db [None req-4b780e51-f3bf-43c4-8508-768483d9bb3e 783082160704455b88a3c25ddad8530b b7909aa5732c4774bc07da8bd53382df - - default default] Successfully bumped revision number for resource c42b6ac4-15e1-465f-924b-8b22ab2b368d (type: security_groups) to 1
2026-05-12 07:05:31.364 9 INFO neutron.db.ovn_revision_numbers_db [None req-4b780e51-f3bf-43c4-8508-768483d9bb3e 783082160704455b88a3c25ddad8530b b7909aa5732c4774bc07da8bd53382df - - default default] Successfully bumped revision number for resource 05a903cd-54fa-47b0-a8ed-427589fb6cd0 (type: security_group_rules) to 0
2026-05-12 07:05:31.388 9 INFO neutron.db.ovn_revision_numbers_db [None req-4b780e51-f3bf-43c4-8508-768483d9bb3e 783082160704455b88a3c25ddad8530b b7909aa5732c4774bc07da8bd53382df - - default default] Successfully bumped revision number for resource 3c34ca87-dcaa-4dee-9941-4782be87c778 (type: security_group_rules) to 0
2026-05-12 07:05:31.410 9 INFO neutron.db.ovn_revision_numbers_db [None req-4b780e51-f3bf-43c4-8508-768483d9bb3e 783082160704455b88a3c25ddad8530b b7909aa5732c4774bc07da8bd53382df - - default default] Successfully bumped revision number for resource 964ab3a4-2f17-4a1f-a572-4ea6dec68540 (type: security_group_rules) to 0
2026-05-12 07:05:31.430 9 INFO neutron.db.ovn_revision_numbers_db [None req-4b780e51-f3bf-43c4-8508-768483d9bb3e 783082160704455b88a3c25ddad8530b b7909aa5732c4774bc07da8bd53382df - - default default] Successfully bumped revision number for resource c3f49af5-8b76-43c5-9ffd-d5eb375ee758 (type: security_group_rules) to 0
2026-05-12 07:05:31.484 9 INFO neutron.db.segments_db [None req-4b780e51-f3bf-43c4-8508-768483d9bb3e 783082160704455b88a3c25ddad8530b b7909aa5732c4774bc07da8bd53382df - - default default] Added segment 678ecc27-3338-4a0a-8043-7143a3908119 of type geneve for network 0d9e244b-b909-400f-976f-35812e4a1959
2026-05-12 07:05:31.541 10 INFO neutron.wsgi [None req-5844475e-06e1-4be8-a828-db4666260bd5 fd6baac89f954a33bae9dc16520b6682 4ea77dfc919c498aa9ed65b1665bb9ae - - default default] 10.0.0.89 "DELETE /v2.0/security-groups/05da9baf-e6ae-435b-81ae-10ebd2bf61be HTTP/1.1" status: 204 len: 168 time: 0.3766403
2026-05-12 07:05:31.676 10 WARNING neutron.scheduler.dhcp_agent_scheduler [None req-084ab048-08c9-47c5-8d11-44d36d787159 50b09b565c81418a9fd530bf74cf3101 8886ab898dcc44b8a583dd40cb289631 - - default default] No more DHCP agents
2026-05-12 07:05:31.677 9 INFO neutron.db.ovn_revision_numbers_db [None req-4b780e51-f3bf-43c4-8508-768483d9bb3e 783082160704455b88a3c25ddad8530b b7909aa5732c4774bc07da8bd53382df - - default default] Successfully bumped revision number for resource 0d9e244b-b909-400f-976f-35812e4a1959 (type: networks) to 1
2026-05-12 07:05:31.678 10 WARNING neutron.api.rpc.agentnotifiers.dhcp_rpc_agent_api [None req-084ab048-08c9-47c5-8d11-44d36d787159 50b09b565c81418a9fd530bf74cf3101 8886ab898dcc44b8a583dd40cb289631 - - default default] Unable to schedule network dab09501-07c0-4439-8d5a-750df455d8ad: no agents available; will retry on subsequent port and subnet creation events.
2026-05-12 07:05:31.856 9 INFO neutron.db.ovn_revision_numbers_db [None req-5a7a4557-7650-48c8-b738-109fa0cd8fd0 fd6baac89f954a33bae9dc16520b6682 4ea77dfc919c498aa9ed65b1665bb9ae - - default default] Successfully bumped revision number for resource 0a4b6717-e517-4713-b7e5-f31e8276ded2 (type: security_groups) to 1
2026-05-12 07:05:31.879 9 INFO neutron.db.ovn_revision_numbers_db [None req-5a7a4557-7650-48c8-b738-109fa0cd8fd0 fd6baac89f954a33bae9dc16520b6682 4ea77dfc919c498aa9ed65b1665bb9ae - - default default] Successfully bumped revision number for resource 635768d1-0948-464c-99a9-8360f14bbbe3 (type: security_group_rules) to 0
2026-05-12 07:05:31.895 9 WARNING neutron.scheduler.dhcp_agent_scheduler [None req-4b780e51-f3bf-43c4-8508-768483d9bb3e 783082160704455b88a3c25ddad8530b b7909aa5732c4774bc07da8bd53382df - - default default] No more DHCP agents
2026-05-12 07:05:31.897 9 WARNING neutron.api.rpc.agentnotifiers.dhcp_rpc_agent_api [None req-4b780e51-f3bf-43c4-8508-768483d9bb3e 783082160704455b88a3c25ddad8530b b7909aa5732c4774bc07da8bd53382df - - default default] Unable to schedule network 0d9e244b-b909-400f-976f-35812e4a1959: no agents available; will retry on subsequent port and subnet creation events.
2026-05-12 07:05:31.899 9 INFO neutron.db.ovn_revision_numbers_db [None req-5a7a4557-7650-48c8-b738-109fa0cd8fd0 fd6baac89f954a33bae9dc16520b6682 4ea77dfc919c498aa9ed65b1665bb9ae - - default default] Successfully bumped revision number for resource 6c14e88a-c7ae-4143-9293-099b3f2457f7 (type: security_group_rules) to 0
2026-05-12 07:05:31.935 9 INFO neutron.db.ovn_revision_numbers_db [None req-5a7a4557-7650-48c8-b738-109fa0cd8fd0 fd6baac89f954a33bae9dc16520b6682 4ea77dfc919c498aa9ed65b1665bb9ae - - default default] Successfully bumped revision number for resource 7a07584e-ced4-44d9-a9a6-84770f4fe9c6 (type: security_group_rules) to 0
2026-05-12 07:05:31.955 9 INFO neutron.db.ovn_revision_numbers_db [None req-5a7a4557-7650-48c8-b738-109fa0cd8fd0 fd6baac89f954a33bae9dc16520b6682 4ea77dfc919c498aa9ed65b1665bb9ae - - default default] Successfully bumped revision number for resource a49a3d40-58c0-4a28-a450-c7d4a139dec5 (type: security_group_rules) to 0
2026-05-12 07:05:31.989 9 INFO neutron.wsgi [None req-5a7a4557-7650-48c8-b738-109fa0cd8fd0 fd6baac89f954a33bae9dc16520b6682 4ea77dfc919c498aa9ed65b1665bb9ae - - default default] 10.0.0.89 "GET /v2.0/security-groups?tenant_id=bb7247fd510b47d296fa59cf61f7b4da&name=default HTTP/1.1" status: 200 len: 2996 time: 0.3248391
2026-05-12 07:05:32.009 9 INFO neutron.db.ovn_revision_numbers_db [None req-4b780e51-f3bf-43c4-8508-768483d9bb3e 783082160704455b88a3c25ddad8530b b7909aa5732c4774bc07da8bd53382df - - default default] Successfully bumped revision number for resource a8c92b41-2b6a-476e-991d-49c11ceade08 (type: ports) to 1
2026-05-12 07:05:32.054 9 INFO neutron.wsgi [None req-4b780e51-f3bf-43c4-8508-768483d9bb3e 783082160704455b88a3c25ddad8530b b7909aa5732c4774bc07da8bd53382df - - default default] 10.0.0.89 "POST /v2.0/networks HTTP/1.1" status: 201 len: 830 time: 0.9591029
2026-05-12 07:05:32.058 10 INFO neutron.db.ovn_revision_numbers_db [None req-084ab048-08c9-47c5-8d11-44d36d787159 50b09b565c81418a9fd530bf74cf3101 8886ab898dcc44b8a583dd40cb289631 - - default default] Successfully bumped revision number for resource 5a102c46-512a-4a03-bbcc-f5eb5258c046 (type: floatingips) to 0
2026-05-12 07:05:32.088 10 INFO neutron.wsgi [None req-084ab048-08c9-47c5-8d11-44d36d787159 50b09b565c81418a9fd530bf74cf3101 8886ab898dcc44b8a583dd40cb289631 - - default default] 10.0.0.89 "POST /v2.0/floatingips HTTP/1.1" status: 201 len: 751 time: 0.7670052
2026-05-12 07:05:32.122 10 INFO neutron.wsgi [None req-3b7e26f6-3161-417e-aeb5-cd6e43504b8d 783082160704455b88a3c25ddad8530b b7909aa5732c4774bc07da8bd53382df - - default default] 10.0.0.89 "PUT /v2.0/networks/0d9e244b-b909-400f-976f-35812e4a1959/tags HTTP/1.1" status: 200 len: 218 time: 0.0612435
2026-05-12 07:05:32.176 10 INFO neutron.wsgi [None req-ec89684b-d40d-40da-9fc0-630aac1d90bc 783082160704455b88a3c25ddad8530b b7909aa5732c4774bc07da8bd53382df - - default default] 10.0.0.89 "GET /v2.0/networks/0d9e244b-b909-400f-976f-35812e4a1959/tags HTTP/1.1" status: 200 len: 218 time: 0.0475059
2026-05-12 07:05:32.245 10 INFO neutron.wsgi [None req-de1d2ea7-412f-4ace-8495-95fd1942d514 783082160704455b88a3c25ddad8530b b7909aa5732c4774bc07da8bd53382df - - default default] 10.0.0.89 "PUT /v2.0/networks/0d9e244b-b909-400f-976f-35812e4a1959/tags/green HTTP/1.1" status: 201 len: 201 time: 0.0629396
2026-05-12 07:05:32.295 9 INFO neutron.wsgi [None req-69511f04-45c4-47b6-ac57-0bd06024b215 fd6baac89f954a33bae9dc16520b6682 4ea77dfc919c498aa9ed65b1665bb9ae - - default default] 10.0.0.89 "DELETE /v2.0/security-groups/0a4b6717-e517-4713-b7e5-f31e8276ded2 HTTP/1.1" status: 204 len: 168 time: 0.2995694
2026-05-12 07:05:32.300 10 INFO neutron.wsgi [None req-74cfca37-031f-4cb9-aec2-8fe978963f03 783082160704455b88a3c25ddad8530b b7909aa5732c4774bc07da8bd53382df - - default default] 10.0.0.89 "GET /v2.0/networks/0d9e244b-b909-400f-976f-35812e4a1959/tags HTTP/1.1" status: 200 len: 227 time: 0.0501113
2026-05-12 07:05:32.344 10 INFO neutron.wsgi [None req-d441f7c3-8f5c-462c-aae7-e23e82a43b70 783082160704455b88a3c25ddad8530b b7909aa5732c4774bc07da8bd53382df - - default default] 10.0.0.89 "PUT /v2.0/networks/0d9e244b-b909-400f-976f-35812e4a1959/tags/red HTTP/1.1" status: 201 len: 201 time: 0.0396435
2026-05-12 07:05:32.391 10 INFO neutron.wsgi [None req-7fe5b60c-95ff-40d8-973d-44575a1df700 783082160704455b88a3c25ddad8530b b7909aa5732c4774bc07da8bd53382df - - default default] 10.0.0.89 "GET /v2.0/networks/0d9e244b-b909-400f-976f-35812e4a1959/tags HTTP/1.1" status: 200 len: 227 time: 0.0423028
2026-05-12 07:05:32.395 9 WARNING neutron.scheduler.dhcp_agent_scheduler [None req-6b88dc31-e976-4416-820e-4ef7f055d111 50b09b565c81418a9fd530bf74cf3101 8886ab898dcc44b8a583dd40cb289631 - - default default] No more DHCP agents
2026-05-12 07:05:32.398 9 WARNING neutron.api.rpc.agentnotifiers.dhcp_rpc_agent_api [None req-6b88dc31-e976-4416-820e-4ef7f055d111 50b09b565c81418a9fd530bf74cf3101 8886ab898dcc44b8a583dd40cb289631 - - default default] Unable to schedule network dab09501-07c0-4439-8d5a-750df455d8ad: no agents available; will retry on subsequent port and subnet creation events.
2026-05-12 07:05:32.456 10 INFO neutron.wsgi [None req-67ffba2c-47a7-4320-b7a3-31eadca144a3 783082160704455b88a3c25ddad8530b b7909aa5732c4774bc07da8bd53382df - - default default] 10.0.0.89 "PUT /v2.0/networks/0d9e244b-b909-400f-976f-35812e4a1959/tags/black.or.white HTTP/1.1" status: 201 len: 201 time: 0.0611608
