2026-05-12 07:07:05.975 10 INFO neutron.db.ovn_revision_numbers_db [None req-b8b72cdb-a06d-4b33-af30-01fd4e548b44 7a1a6c9679de486cbedffe3ad285c5f0 78ee6e8228b049b3b741e33b77631fd5 - - default default] Successfully bumped revision number for resource 5b9a5ec4-f213-4bec-9955-55ec0aa64a5c (type: networks) to 1
2026-05-12 07:07:05.984 9 INFO neutron.wsgi [None req-c265f485-cd2f-46d8-9d55-3e28b7c11819 fd6baac89f954a33bae9dc16520b6682 4ea77dfc919c498aa9ed65b1665bb9ae - - default default] 199.204.45.156 "GET /v2.0/extensions/allowed-address-pairs HTTP/1.1" status: 200 len: 383 time: 0.0049493
2026-05-12 07:07:06.024 9 INFO neutron.wsgi [None req-cb50c7fb-b03f-4454-bf53-333b96761be4 fd6baac89f954a33bae9dc16520b6682 4ea77dfc919c498aa9ed65b1665bb9ae - - default default] 199.204.45.156 "GET /v2.0/ports/afc5f1c1-3fbb-4336-8801-c5194441a4db HTTP/1.1" status: 200 len: 1328 time: 0.0296135
2026-05-12 07:07:06.134 9 INFO neutron.wsgi [None req-d49dad34-7efc-4287-8848-c8f26641a023 fd6baac89f954a33bae9dc16520b6682 4ea77dfc919c498aa9ed65b1665bb9ae - - default default] 199.204.45.156 "GET /v2.0/extensions/security-group HTTP/1.1" status: 200 len: 369 time: 0.0058551
2026-05-12 07:07:06.146 9 INFO neutron.wsgi [None req-01726800-ae4b-4612-a485-f385ae00b634 fd6baac89f954a33bae9dc16520b6682 4ea77dfc919c498aa9ed65b1665bb9ae - - default default] 199.204.45.156 "GET /v2.0/extensions/dns-integration HTTP/1.1" status: 200 len: 371 time: 0.0063636
2026-05-12 07:07:06.157 9 INFO neutron.wsgi [None req-eb7e705e-59dd-4a26-949d-2a552f7282b3 fd6baac89f954a33bae9dc16520b6682 4ea77dfc919c498aa9ed65b1665bb9ae - - default default] 199.204.45.156 "GET /v2.0/extensions/qos HTTP/1.1" status: 200 len: 365 time: 0.0059516
2026-05-12 07:07:06.169 9 INFO neutron.wsgi [None req-99679c03-a537-4e1a-9872-eae8728d2dad fd6baac89f954a33bae9dc16520b6682 4ea77dfc919c498aa9ed65b1665bb9ae - - default default] 199.204.45.156 "GET /v2.0/extensions/allowed-address-pairs HTTP/1.1" status: 200 len: 383 time: 0.0073528
2026-05-12 07:07:06.189 10 WARNING neutron.scheduler.dhcp_agent_scheduler [None req-b8b72cdb-a06d-4b33-af30-01fd4e548b44 7a1a6c9679de486cbedffe3ad285c5f0 78ee6e8228b049b3b741e33b77631fd5 - - default default] No more DHCP agents
2026-05-12 07:07:06.191 10 WARNING neutron.api.rpc.agentnotifiers.dhcp_rpc_agent_api [None req-b8b72cdb-a06d-4b33-af30-01fd4e548b44 7a1a6c9679de486cbedffe3ad285c5f0 78ee6e8228b049b3b741e33b77631fd5 - - default default] Unable to schedule network 5b9a5ec4-f213-4bec-9955-55ec0aa64a5c: no agents available; will retry on subsequent port and subnet creation events.
2026-05-12 07:07:06.206 9 INFO neutron.wsgi [None req-8b17478e-0632-4ee2-a7fe-adb6de9ea042 fd6baac89f954a33bae9dc16520b6682 4ea77dfc919c498aa9ed65b1665bb9ae - - default default] 199.204.45.156 "GET /v2.0/security-groups?name=lb-cad00e95-993e-46ae-8d36-06836139ef31 HTTP/1.1" status: 200 len: 221 time: 0.0270853
2026-05-12 07:07:06.276 10 INFO neutron.db.ovn_revision_numbers_db [None req-b8b72cdb-a06d-4b33-af30-01fd4e548b44 7a1a6c9679de486cbedffe3ad285c5f0 78ee6e8228b049b3b741e33b77631fd5 - - default default] Successfully bumped revision number for resource 5435cee0-89a1-4c58-92b9-ae9966fac7e4 (type: ports) to 1
2026-05-12 07:07:06.298 10 INFO neutron.wsgi [None req-b8b72cdb-a06d-4b33-af30-01fd4e548b44 7a1a6c9679de486cbedffe3ad285c5f0 78ee6e8228b049b3b741e33b77631fd5 - - default default] 10.0.0.89 "POST /v2.0/networks HTTP/1.1" status: 201 len: 831 time: 0.7999179
2026-05-12 07:07:06.355 9 INFO neutron.db.ovn_revision_numbers_db [None req-35740d4c-1ed6-42fc-a0ce-8705d953627f fd6baac89f954a33bae9dc16520b6682 4ea77dfc919c498aa9ed65b1665bb9ae - - default default] Successfully bumped revision number for resource 58498300-c7d0-46f7-b262-74a016ab96d5 (type: security_groups) to 1
2026-05-12 07:07:06.383 9 INFO neutron.db.ovn_revision_numbers_db [None req-35740d4c-1ed6-42fc-a0ce-8705d953627f fd6baac89f954a33bae9dc16520b6682 4ea77dfc919c498aa9ed65b1665bb9ae - - default default] Successfully bumped revision number for resource 4424d405-2812-477e-b704-4d198c950a4c (type: security_group_rules) to 0
2026-05-12 07:07:06.405 9 INFO neutron.db.ovn_revision_numbers_db [None req-35740d4c-1ed6-42fc-a0ce-8705d953627f fd6baac89f954a33bae9dc16520b6682 4ea77dfc919c498aa9ed65b1665bb9ae - - default default] Successfully bumped revision number for resource bca5b5bf-63a3-4025-a0b0-64e9ddf32733 (type: security_group_rules) to 0
2026-05-12 07:07:06.448 9 INFO neutron.wsgi [None req-35740d4c-1ed6-42fc-a0ce-8705d953627f fd6baac89f954a33bae9dc16520b6682 4ea77dfc919c498aa9ed65b1665bb9ae - - default default] 199.204.45.156 "POST /v2.0/security-groups HTTP/1.1" status: 201 len: 1779 time: 0.2353780
2026-05-12 07:07:06.501 9 INFO neutron.wsgi [None req-6917d780-5b6f-41f1-8874-01f2e81af632 fd6baac89f954a33bae9dc16520b6682 4ea77dfc919c498aa9ed65b1665bb9ae - - default default] 199.204.45.156 "GET /v2.0/security-group-rules?security_group_id=58498300-c7d0-46f7-b262-74a016ab96d5 HTTP/1.1" status: 200 len: 1318 time: 0.0470774
2026-05-12 07:07:06.678 9 WARNING neutron.scheduler.dhcp_agent_scheduler [None req-851f5e74-d060-4bb4-b208-a2828550167f 7a1a6c9679de486cbedffe3ad285c5f0 78ee6e8228b049b3b741e33b77631fd5 - - default default] No more DHCP agents
2026-05-12 07:07:06.684 9 WARNING neutron.api.rpc.agentnotifiers.dhcp_rpc_agent_api [None req-851f5e74-d060-4bb4-b208-a2828550167f 7a1a6c9679de486cbedffe3ad285c5f0 78ee6e8228b049b3b741e33b77631fd5 - - default default] Unable to schedule network 5b9a5ec4-f213-4bec-9955-55ec0aa64a5c: no agents available; will retry on subsequent port and subnet creation events.
2026-05-12 07:07:06.745 10 INFO neutron.wsgi [-] 10.0.0.42 "GET / HTTP/1.1" status: 200 len: 247 time: 0.0018463
2026-05-12 07:07:06.748 10 INFO neutron.wsgi [-] 10.0.0.42 "GET / HTTP/1.1" status: 200 len: 247 time: 0.0014729
2026-05-12 07:07:06.805 9 INFO neutron.db.ovn_revision_numbers_db [None req-851f5e74-d060-4bb4-b208-a2828550167f 7a1a6c9679de486cbedffe3ad285c5f0 78ee6e8228b049b3b741e33b77631fd5 - - default default] Successfully bumped revision number for resource b3ad14ed-e9a4-47fb-bdca-06ddb6bc46aa (type: ports) to 1
2026-05-12 07:07:07.111 9 INFO neutron.wsgi [None req-851f5e74-d060-4bb4-b208-a2828550167f 7a1a6c9679de486cbedffe3ad285c5f0 78ee6e8228b049b3b741e33b77631fd5 - - default default] 10.0.0.89 "POST /v2.0/ports HTTP/1.1" status: 201 len: 942 time: 0.8065174
2026-05-12 07:07:07.271 9 INFO neutron.db.ovn_revision_numbers_db [None req-a05ceaab-b768-4090-a9c0-cc17550691ef fd6baac89f954a33bae9dc16520b6682 4ea77dfc919c498aa9ed65b1665bb9ae - - default default] Successfully bumped revision number for resource afc5f1c1-3fbb-4336-8801-c5194441a4db (type: ports) to 2
2026-05-12 07:07:07.285 9 INFO neutron.wsgi [None req-a05ceaab-b768-4090-a9c0-cc17550691ef fd6baac89f954a33bae9dc16520b6682 4ea77dfc919c498aa9ed65b1665bb9ae - - default default] 199.204.45.156 "PUT /v2.0/ports/afc5f1c1-3fbb-4336-8801-c5194441a4db HTTP/1.1" status: 200 len: 1328 time: 0.7790959 /var/lib/openstack/lib/python3.10/site-packages/pycadf/identifier.py:71: UserWarning: Invalid uuid: neutron. To ensure interoperability, identifiers should be a valid uuid. warnings.warn(('Invalid uuid: %s. To ensure interoperability, '
2026-05-12 07:07:07.305 9 INFO neutron.wsgi [None req-d52f881d-b61e-433d-b3b0-b5a78b842226 fd6baac89f954a33bae9dc16520b6682 4ea77dfc919c498aa9ed65b1665bb9ae - - default default] 199.204.45.156 "GET /v2.0/extensions/security-group HTTP/1.1" status: 200 len: 369 time: 0.0075550
2026-05-12 07:07:07.314 9 INFO neutron.wsgi [None req-4b0d4c2b-174c-4279-9614-67bd3252fd8b fd6baac89f954a33bae9dc16520b6682 4ea77dfc919c498aa9ed65b1665bb9ae - - default default] 199.204.45.156 "GET /v2.0/extensions/dns-integration HTTP/1.1" status: 200 len: 371 time: 0.0045452
2026-05-12 07:07:07.323 9 INFO neutron.wsgi [None req-0e600f55-f177-4aaf-a11f-5ac5f8d8d7b0 fd6baac89f954a33bae9dc16520b6682 4ea77dfc919c498aa9ed65b1665bb9ae - - default default] 199.204.45.156 "GET /v2.0/extensions/qos HTTP/1.1" status: 200 len: 365 time: 0.0058324
2026-05-12 07:07:07.338 9 INFO neutron.wsgi [None req-1543ac2c-d191-4fc7-ac5a-f90af0719c07 fd6baac89f954a33bae9dc16520b6682 4ea77dfc919c498aa9ed65b1665bb9ae - - default default] 199.204.45.156 "GET /v2.0/extensions/allowed-address-pairs HTTP/1.1" status: 200 len: 383 time: 0.0073829
2026-05-12 07:07:07.387 9 INFO neutron.wsgi [None req-3d9fa27b-7c1e-46b0-9d60-9587320c0708 fd6baac89f954a33bae9dc16520b6682 4ea77dfc919c498aa9ed65b1665bb9ae - - default default] 199.204.45.156 "GET /v2.0/subnets/e8de4401-bdec-499d-bed7-6ea6ec1b0d12 HTTP/1.1" status: 200 len: 851 time: 0.0384858
2026-05-12 07:07:07.587 10 INFO neutron.wsgi [None req-aebe45a1-820a-49df-b197-aac975ebfaf5 7a1a6c9679de486cbedffe3ad285c5f0 78ee6e8228b049b3b741e33b77631fd5 - - default default] 10.0.0.89 "POST /v2.0/trunks HTTP/1.1" status: 201 len: 608 time: 0.4691536
2026-05-12 07:07:07.683 10 INFO neutron.db.segments_db [None req-18523a42-5cf3-4106-ad15-5b61f363a84f 7a1a6c9679de486cbedffe3ad285c5f0 78ee6e8228b049b3b741e33b77631fd5 - - default default] Added segment 642509c1-9e8f-4b04-b44f-2d61935a870a of type geneve for network 41bf2497-423c-4e13-8a5a-76ea624d1f3d
2026-05-12 07:07:07.851 10 INFO neutron.db.ovn_revision_numbers_db [None req-18523a42-5cf3-4106-ad15-5b61f363a84f 7a1a6c9679de486cbedffe3ad285c5f0 78ee6e8228b049b3b741e33b77631fd5 - - default default] Successfully bumped revision number for resource 41bf2497-423c-4e13-8a5a-76ea624d1f3d (type: networks) to 1
2026-05-12 07:07:08.114 10 WARNING neutron.scheduler.dhcp_agent_scheduler [None req-18523a42-5cf3-4106-ad15-5b61f363a84f 7a1a6c9679de486cbedffe3ad285c5f0 78ee6e8228b049b3b741e33b77631fd5 - - default default] No more DHCP agents
2026-05-12 07:07:08.116 10 WARNING neutron.api.rpc.agentnotifiers.dhcp_rpc_agent_api [None req-18523a42-5cf3-4106-ad15-5b61f363a84f 7a1a6c9679de486cbedffe3ad285c5f0 78ee6e8228b049b3b741e33b77631fd5 - - default default] Unable to schedule network 41bf2497-423c-4e13-8a5a-76ea624d1f3d: no agents available; will retry on subsequent port and subnet creation events.
2026-05-12 07:07:08.223 10 INFO neutron.db.ovn_revision_numbers_db [None req-18523a42-5cf3-4106-ad15-5b61f363a84f 7a1a6c9679de486cbedffe3ad285c5f0 78ee6e8228b049b3b741e33b77631fd5 - - default default] Successfully bumped revision number for resource 7d1b7f72-11ed-4132-b0ed-576902d529df (type: ports) to 1
2026-05-12 07:07:08.247 10 INFO neutron.wsgi [None req-18523a42-5cf3-4106-ad15-5b61f363a84f 7a1a6c9679de486cbedffe3ad285c5f0 78ee6e8228b049b3b741e33b77631fd5 - - default default] 10.0.0.89 "POST /v2.0/networks HTTP/1.1" status: 201 len: 830 time: 0.6534839
2026-05-12 07:07:08.534 10 WARNING neutron.scheduler.dhcp_agent_scheduler [None req-3fa261f2-4f94-4c1e-8810-1c11a4fd7d2e 7a1a6c9679de486cbedffe3ad285c5f0 78ee6e8228b049b3b741e33b77631fd5 - - default default] No more DHCP agents
2026-05-12 07:07:08.539 10 WARNING neutron.api.rpc.agentnotifiers.dhcp_rpc_agent_api [None req-3fa261f2-4f94-4c1e-8810-1c11a4fd7d2e 7a1a6c9679de486cbedffe3ad285c5f0 78ee6e8228b049b3b741e33b77631fd5 - - default default] Unable to schedule network 41bf2497-423c-4e13-8a5a-76ea624d1f3d: no agents available; will retry on subsequent port and subnet creation events.
2026-05-12 07:07:08.647 10 INFO neutron.db.ovn_revision_numbers_db [None req-3fa261f2-4f94-4c1e-8810-1c11a4fd7d2e 7a1a6c9679de486cbedffe3ad285c5f0 78ee6e8228b049b3b741e33b77631fd5 - - default default] Successfully bumped revision number for resource 3b414e6d-3490-4e95-b55b-80c7c663b4e0 (type: ports) to 1
2026-05-12 07:07:08.671 10 INFO neutron.wsgi [None req-3fa261f2-4f94-4c1e-8810-1c11a4fd7d2e 7a1a6c9679de486cbedffe3ad285c5f0 78ee6e8228b049b3b741e33b77631fd5 - - default default] 10.0.0.89 "POST /v2.0/ports HTTP/1.1" status: 201 len: 942 time: 0.4190671 /var/lib/openstack/lib/python3.10/site-packages/pycadf/identifier.py:71: UserWarning: Invalid uuid: neutron. To ensure interoperability, identifiers should be a valid uuid. warnings.warn(('Invalid uuid: %s. To ensure interoperability, '
2026-05-12 07:07:08.887 10 INFO neutron.wsgi [None req-8072e9f7-cbb5-45ed-8ab9-f2be32a3c771 7a1a6c9679de486cbedffe3ad285c5f0 78ee6e8228b049b3b741e33b77631fd5 - - default default] 10.0.0.89 "POST /v2.0/trunks HTTP/1.1" status: 201 len: 608 time: 0.2077563
2026-05-12 07:07:08.948 9 INFO neutron.wsgi [None req-e9eecba8-3775-4058-8d66-539a07707bad fd6baac89f954a33bae9dc16520b6682 4ea77dfc919c498aa9ed65b1665bb9ae - - default default] 10.0.0.74 "GET /v2.0/security-groups HTTP/1.1" status: 200 len: 31868 time: 0.1235337
2026-05-12 07:07:08.979 10 INFO neutron.db.segments_db [None req-b0d0f15a-979a-4314-a99a-8e3c391497ea 7a1a6c9679de486cbedffe3ad285c5f0 78ee6e8228b049b3b741e33b77631fd5 - - default default] Added segment b1eed5e2-6cca-4ca5-9a1c-d8f3bd8926ff of type geneve for network 28d067a5-4fa1-4fb8-ae55-cfa057df3440
2026-05-12 07:07:09.034 9 INFO neutron.wsgi [None req-10c45581-65ee-4e4c-bad2-bf44b4fbeee9 fd6baac89f954a33bae9dc16520b6682 4ea77dfc919c498aa9ed65b1665bb9ae - - default default] 10.0.0.74 "GET /v2.0/ports HTTP/1.1" status: 200 len: 22331 time: 0.0783677
2026-05-12 07:07:09.123 9 INFO neutron.wsgi [None req-fb2b8aec-9f06-4b9c-b4b1-d0700f309431 fd6baac89f954a33bae9dc16520b6682 4ea77dfc919c498aa9ed65b1665bb9ae - - default default] 10.0.0.74 "GET /v2.0/floatingips HTTP/1.1" status: 200 len: 1879 time: 0.0780973
2026-05-12 07:07:09.154 10 INFO neutron.db.ovn_revision_numbers_db [None req-b0d0f15a-979a-4314-a99a-8e3c391497ea 7a1a6c9679de486cbedffe3ad285c5f0 78ee6e8228b049b3b741e33b77631fd5 - - default default] Successfully bumped revision number for resource 28d067a5-4fa1-4fb8-ae55-cfa057df3440 (type: networks) to 1
2026-05-12 07:07:09.228 9 INFO neutron.wsgi [None req-34beeb94-2478-4416-89fa-be393195fd33 fd6baac89f954a33bae9dc16520b6682 4ea77dfc919c498aa9ed65b1665bb9ae - - default default] 10.0.0.74 "GET /v2.0/routers HTTP/1.1" status: 200 len: 850 time: 0.1042070
2026-05-12 07:07:09.241 9 INFO neutron.wsgi [None req-f73b0bb3-ee36-4224-b234-9c0ead8310f9 fd6baac89f954a33bae9dc16520b6682 4ea77dfc919c498aa9ed65b1665bb9ae - - default default] 10.0.0.74 "GET /v2.0/agents?binary=ovn-controller HTTP/1.1" status: 200 len: 591 time: 0.0120347
2026-05-12 07:07:09.291 9 INFO neutron.wsgi [None req-f97b7476-6b68-4bc2-bc56-d2746bfd0e66 fd6baac89f954a33bae9dc16520b6682 4ea77dfc919c498aa9ed65b1665bb9ae - - default default] 10.0.0.74 "GET /v2.0/subnets HTTP/1.1" status: 200 len: 5497 time: 0.0489562
2026-05-12 07:07:09.303 9 INFO neutron.wsgi [None req-5f43da43-8ee8-4359-ac4d-08b5e5c2f303 fd6baac89f954a33bae9dc16520b6682 4ea77dfc919c498aa9ed65b1665bb9ae - - default default] 10.0.0.74 "GET /v2.0/subnetpools HTTP/1.1" status: 200 len: 193 time: 0.0113230
2026-05-12 07:07:09.346 10 WARNING neutron.scheduler.dhcp_agent_scheduler [None req-b0d0f15a-979a-4314-a99a-8e3c391497ea 7a1a6c9679de486cbedffe3ad285c5f0 78ee6e8228b049b3b741e33b77631fd5 - - default default] No more DHCP agents
2026-05-12 07:07:09.350 10 WARNING neutron.api.rpc.agentnotifiers.dhcp_rpc_agent_api [None req-b0d0f15a-979a-4314-a99a-8e3c391497ea 7a1a6c9679de486cbedffe3ad285c5f0 78ee6e8228b049b3b741e33b77631fd5 - - default default] Unable to schedule network 28d067a5-4fa1-4fb8-ae55-cfa057df3440: no agents available; will retry on subsequent port and subnet creation events.
2026-05-12 07:07:09.418 9 INFO neutron.wsgi [None req-628719eb-ca93-4d35-b2a5-7a4fb767cbc9 fd6baac89f954a33bae9dc16520b6682 4ea77dfc919c498aa9ed65b1665bb9ae - - default default] 10.0.0.74 "GET /v2.0/networks HTTP/1.1" status: 200 len: 6840 time: 0.1138086
2026-05-12 07:07:09.438 9 INFO neutron.wsgi [None req-b6c41fa0-750b-4eba-bf12-d455d273357e fd6baac89f954a33bae9dc16520b6682 4ea77dfc919c498aa9ed65b1665bb9ae - - default default] 10.0.0.74 "GET /v2.0/agents HTTP/1.1" status: 200 len: 997 time: 0.0160093
2026-05-12 07:07:09.440 10 INFO neutron.db.ovn_revision_numbers_db [None req-b0d0f15a-979a-4314-a99a-8e3c391497ea 7a1a6c9679de486cbedffe3ad285c5f0 78ee6e8228b049b3b741e33b77631fd5 - - default default] Successfully bumped revision number for resource 59c57f7b-d2d1-4ca6-b5f6-a0c97387daa1 (type: ports) to 1
2026-05-12 07:07:09.469 10 INFO neutron.wsgi [None req-b0d0f15a-979a-4314-a99a-8e3c391497ea 7a1a6c9679de486cbedffe3ad285c5f0 78ee6e8228b049b3b741e33b77631fd5 - - default default] 10.0.0.89 "POST /v2.0/networks HTTP/1.1" status: 201 len: 831 time: 0.5754533
2026-05-12 07:07:09.473 9 INFO neutron.wsgi [None req-831871bf-af85-46bb-9eb6-fadcc61ad002 fd6baac89f954a33bae9dc16520b6682 4ea77dfc919c498aa9ed65b1665bb9ae - - default default] 10.0.0.74 "GET /v2.0/subnets HTTP/1.1" status: 200 len: 5497 time: 0.0343497
2026-05-12 07:07:09.500 9 INFO neutron.wsgi [None req-d5440cc7-89e2-4f0a-8e63-4212815a4508 fd6baac89f954a33bae9dc16520b6682 4ea77dfc919c498aa9ed65b1665bb9ae - - default default] 10.0.0.74 "GET /v2.0/network-ip-availabilities HTTP/1.1" status: 200 len: 4168 time: 0.0243924
2026-05-12 07:07:09.748 9 WARNING neutron.scheduler.dhcp_agent_scheduler [None req-9278513d-f305-4384-a3df-968ac936989a 7a1a6c9679de486cbedffe3ad285c5f0 78ee6e8228b049b3b741e33b77631fd5 - - default default] No more DHCP agents
2026-05-12 07:07:09.751 9 WARNING neutron.api.rpc.agentnotifiers.dhcp_rpc_agent_api [None req-9278513d-f305-4384-a3df-968ac936989a 7a1a6c9679de486cbedffe3ad285c5f0 78ee6e8228b049b3b741e33b77631fd5 - - default default] Unable to schedule network 28d067a5-4fa1-4fb8-ae55-cfa057df3440: no agents available; will retry on subsequent port and subnet creation events.
2026-05-12 07:07:09.849 9 INFO neutron.db.ovn_revision_numbers_db [None req-9278513d-f305-4384-a3df-968ac936989a 7a1a6c9679de486cbedffe3ad285c5f0 78ee6e8228b049b3b741e33b77631fd5 - - default default] Successfully bumped revision number for resource 289fa750-eb8a-4bb7-9dd3-93b3e259bee5 (type: ports) to 1
2026-05-12 07:07:09.873 9 INFO neutron.wsgi [None req-9278513d-f305-4384-a3df-968ac936989a 7a1a6c9679de486cbedffe3ad285c5f0 78ee6e8228b049b3b741e33b77631fd5 - - default default] 10.0.0.89 "POST /v2.0/ports HTTP/1.1" status: 201 len: 942 time: 0.3984957 /var/lib/openstack/lib/python3.10/site-packages/pycadf/identifier.py:71: UserWarning: Invalid uuid: neutron. To ensure interoperability, identifiers should be a valid uuid. warnings.warn(('Invalid uuid: %s. To ensure interoperability, '
2026-05-12 07:07:10.105 9 INFO neutron.wsgi [None req-fb569921-97b1-46fb-85d4-baf1ecd83411 7a1a6c9679de486cbedffe3ad285c5f0 78ee6e8228b049b3b741e33b77631fd5 - - default default] 10.0.0.89 "POST /v2.0/trunks HTTP/1.1" status: 201 len: 608 time: 0.2259169
2026-05-12 07:07:10.209 9 INFO neutron.db.segments_db [None req-065d0768-68bb-4fdf-afc7-afea7e3bedd6 7a1a6c9679de486cbedffe3ad285c5f0 78ee6e8228b049b3b741e33b77631fd5 - - default default] Added segment c85dcbe5-f425-4a35-bd48-1cb29708cd0a of type geneve for network f685a624-1d92-42ed-a1da-481ec87d77d4
2026-05-12 07:07:10.376 9 INFO neutron.db.ovn_revision_numbers_db [None req-065d0768-68bb-4fdf-afc7-afea7e3bedd6 7a1a6c9679de486cbedffe3ad285c5f0 78ee6e8228b049b3b741e33b77631fd5 - - default default] Successfully bumped revision number for resource f685a624-1d92-42ed-a1da-481ec87d77d4 (type: networks) to 1
2026-05-12 07:07:10.586 9 WARNING neutron.scheduler.dhcp_agent_scheduler [None req-065d0768-68bb-4fdf-afc7-afea7e3bedd6 7a1a6c9679de486cbedffe3ad285c5f0 78ee6e8228b049b3b741e33b77631fd5 - - default default] No more DHCP agents
2026-05-12 07:07:10.590 9 WARNING neutron.api.rpc.agentnotifiers.dhcp_rpc_agent_api [None req-065d0768-68bb-4fdf-afc7-afea7e3bedd6 7a1a6c9679de486cbedffe3ad285c5f0 78ee6e8228b049b3b741e33b77631fd5 - - default default] Unable to schedule network f685a624-1d92-42ed-a1da-481ec87d77d4: no agents available; will retry on subsequent port and subnet creation events.
2026-05-12 07:07:10.681 9 INFO neutron.db.ovn_revision_numbers_db [None req-065d0768-68bb-4fdf-afc7-afea7e3bedd6 7a1a6c9679de486cbedffe3ad285c5f0 78ee6e8228b049b3b741e33b77631fd5 - - default default] Successfully bumped revision number for resource 8cb7c681-19c3-4663-b090-b1912f2b2128 (type: ports) to 1
2026-05-12 07:07:10.705 9 INFO neutron.wsgi [None req-065d0768-68bb-4fdf-afc7-afea7e3bedd6 7a1a6c9679de486cbedffe3ad285c5f0 78ee6e8228b049b3b741e33b77631fd5 - - default default] 10.0.0.89 "POST /v2.0/networks HTTP/1.1" status: 201 len: 831 time: 0.5954039
2026-05-12 07:07:10.946 9 WARNING neutron.scheduler.dhcp_agent_scheduler [None req-885b4d6e-317d-49d1-a641-057825a70526 7a1a6c9679de486cbedffe3ad285c5f0 78ee6e8228b049b3b741e33b77631fd5 - - default default] No more DHCP agents
2026-05-12 07:07:10.948 9 WARNING neutron.api.rpc.agentnotifiers.dhcp_rpc_agent_api [None req-885b4d6e-317d-49d1-a641-057825a70526 7a1a6c9679de486cbedffe3ad285c5f0 78ee6e8228b049b3b741e33b77631fd5 - - default default] Unable to schedule network f685a624-1d92-42ed-a1da-481ec87d77d4: no agents available; will retry on subsequent port and subnet creation events.
2026-05-12 07:07:11.033 9 INFO neutron.db.ovn_revision_numbers_db [None req-885b4d6e-317d-49d1-a641-057825a70526 7a1a6c9679de486cbedffe3ad285c5f0 78ee6e8228b049b3b741e33b77631fd5 - - default default] Successfully bumped revision number for resource 570c7c84-5234-4610-bcda-39cd0628240c (type: ports) to 1
2026-05-12 07:07:11.059 9 INFO neutron.wsgi [None req-885b4d6e-317d-49d1-a641-057825a70526 7a1a6c9679de486cbedffe3ad285c5f0 78ee6e8228b049b3b741e33b77631fd5 - - default default] 10.0.0.89 "POST /v2.0/ports HTTP/1.1" status: 201 len: 942 time: 0.3492815 /var/lib/openstack/lib/python3.10/site-packages/pycadf/identifier.py:71: UserWarning: Invalid uuid: neutron. To ensure interoperability, identifiers should be a valid uuid. warnings.warn(('Invalid uuid: %s. To ensure interoperability, '
2026-05-12 07:07:11.271 9 INFO neutron.wsgi [None req-9cad8add-17e8-4350-982b-9a8bea063653 7a1a6c9679de486cbedffe3ad285c5f0 78ee6e8228b049b3b741e33b77631fd5 - - default default] 10.0.0.89 "POST /v2.0/trunks HTTP/1.1" status: 201 len: 608 time: 0.2072372
2026-05-12 07:07:11.372 10 INFO neutron.db.segments_db [None req-df267c98-e76a-47ed-8170-6052ce1cd1ab 7a1a6c9679de486cbedffe3ad285c5f0 78ee6e8228b049b3b741e33b77631fd5 - - default default] Added segment d5e1094b-b3a8-4bda-8658-2a4ff6b2c0f7 of type geneve for network 86479210-c109-4ff7-9665-0ef5f834dc53
2026-05-12 07:07:11.530 10 INFO neutron.db.ovn_revision_numbers_db [None req-df267c98-e76a-47ed-8170-6052ce1cd1ab 7a1a6c9679de486cbedffe3ad285c5f0 78ee6e8228b049b3b741e33b77631fd5 - - default default] Successfully bumped revision number for resource 86479210-c109-4ff7-9665-0ef5f834dc53 (type: networks) to 1
2026-05-12 07:07:11.720 10 WARNING neutron.scheduler.dhcp_agent_scheduler [None req-df267c98-e76a-47ed-8170-6052ce1cd1ab 7a1a6c9679de486cbedffe3ad285c5f0 78ee6e8228b049b3b741e33b77631fd5 - - default default] No more DHCP agents
2026-05-12 07:07:11.722 10 WARNING neutron.api.rpc.agentnotifiers.dhcp_rpc_agent_api [None req-df267c98-e76a-47ed-8170-6052ce1cd1ab 7a1a6c9679de486cbedffe3ad285c5f0 78ee6e8228b049b3b741e33b77631fd5 - - default default] Unable to schedule network 86479210-c109-4ff7-9665-0ef5f834dc53: no agents available; will retry on subsequent port and subnet creation events.
2026-05-12 07:07:11.812 10 INFO neutron.db.ovn_revision_numbers_db [None req-df267c98-e76a-47ed-8170-6052ce1cd1ab 7a1a6c9679de486cbedffe3ad285c5f0 78ee6e8228b049b3b741e33b77631fd5 - - default default] Successfully bumped revision number for resource 5605d819-1c66-4e0a-b6fc-304fe5f9b38b (type: ports) to 1
2026-05-12 07:07:11.837 10 INFO neutron.wsgi [None req-df267c98-e76a-47ed-8170-6052ce1cd1ab 7a1a6c9679de486cbedffe3ad285c5f0 78ee6e8228b049b3b741e33b77631fd5 - - default default] 10.0.0.89 "POST /v2.0/networks HTTP/1.1" status: 201 len: 831 time: 0.5607057
2026-05-12 07:07:12.088 10 WARNING neutron.scheduler.dhcp_agent_scheduler [None req-824ac23c-5b16-4550-9c16-f9a67bfd6c76 7a1a6c9679de486cbedffe3ad285c5f0 78ee6e8228b049b3b741e33b77631fd5 - - default default] No more DHCP agents
2026-05-12 07:07:12.090 10 WARNING neutron.api.rpc.agentnotifiers.dhcp_rpc_agent_api [None req-824ac23c-5b16-4550-9c16-f9a67bfd6c76 7a1a6c9679de486cbedffe3ad285c5f0 78ee6e8228b049b3b741e33b77631fd5 - - default default] Unable to schedule network 86479210-c109-4ff7-9665-0ef5f834dc53: no agents available; will retry on subsequent port and subnet creation events.
2026-05-12 07:07:12.186 10 INFO neutron.db.ovn_revision_numbers_db [None req-824ac23c-5b16-4550-9c16-f9a67bfd6c76 7a1a6c9679de486cbedffe3ad285c5f0 78ee6e8228b049b3b741e33b77631fd5 - - default default] Successfully bumped revision number for resource 9617fbbd-4adc-4b8f-bb4f-3247516e23f9 (type: ports) to 1
2026-05-12 07:07:12.213 10 INFO neutron.wsgi [None req-824ac23c-5b16-4550-9c16-f9a67bfd6c76 7a1a6c9679de486cbedffe3ad285c5f0 78ee6e8228b049b3b741e33b77631fd5 - - default default] 10.0.0.89 "POST /v2.0/ports HTTP/1.1" status: 201 len: 942 time: 0.3708918
2026-05-12 07:07:12.435 9 INFO neutron.wsgi [None req-7c1e3006-956a-478e-b209-062efb47a389 7a1a6c9679de486cbedffe3ad285c5f0 78ee6e8228b049b3b741e33b77631fd5 - - default default] 10.0.0.89 "POST /v2.0/trunks HTTP/1.1" status: 201 len: 608 time: 0.2157178
2026-05-12 07:07:12.465 9 INFO neutron.wsgi [None req-39c2f41e-27ac-4338-8c15-411c4d1b51a0 7a1a6c9679de486cbedffe3ad285c5f0 78ee6e8228b049b3b741e33b77631fd5 - - default default] 10.0.0.89 "PUT /v2.0/trunks/ea31c5e5-8156-48e3-9440-9124ff7ee5bf/tags HTTP/1.1" status: 200 len: 210 time: 0.0244954
2026-05-12 07:07:12.497 9 INFO neutron.wsgi [None req-e296171c-81c0-47ce-98b0-cb30f716c87a 7a1a6c9679de486cbedffe3ad285c5f0 78ee6e8228b049b3b741e33b77631fd5 - - default default] 10.0.0.89 "PUT /v2.0/trunks/817da99d-4499-406b-b590-a175282c087e/tags HTTP/1.1" status: 200 len: 218 time: 0.0264456
2026-05-12 07:07:12.548 9 INFO neutron.wsgi [None req-7c2e0b61-fdf2-4b2a-9251-909ebbecfeaf 7a1a6c9679de486cbedffe3ad285c5f0 78ee6e8228b049b3b741e33b77631fd5 - - default default] 10.0.0.89 "PUT /v2.0/trunks/6d80193a-811a-4378-a178-fe43d0055ece/tags HTTP/1.1" status: 200 len: 227 time: 0.0464432
2026-05-12 07:07:12.580 9 INFO neutron.wsgi [None req-8459f614-0754-4820-8d09-b9e30dfbb85e 7a1a6c9679de486cbedffe3ad285c5f0 78ee6e8228b049b3b741e33b77631fd5 - - default default] 10.0.0.89 "PUT /v2.0/trunks/3f1defe7-6fdf-4565-a086-2f63ad4f44f2/tags HTTP/1.1" status: 200 len: 212 time: 0.0262523
2026-05-12 07:07:12.607 9 INFO neutron.wsgi [None req-605129ba-649b-4348-bd1e-a3026478fd5e 7a1a6c9679de486cbedffe3ad285c5f0 78ee6e8228b049b3b741e33b77631fd5 - - default default] 10.0.0.89 "GET /v2.0/trunks?tags=red HTTP/1.1" status: 200 len: 1447 time: 0.0209436
2026-05-12 07:07:12.635 9 INFO neutron.wsgi [None req-a6e7a61d-633d-4d22-9619-66e02186b731 7a1a6c9679de486cbedffe3ad285c5f0 78ee6e8228b049b3b741e33b77631fd5 - - default default] 10.0.0.89 "GET /v2.0/trunks?tags=red%2Cblue HTTP/1.1" status: 200 len: 1041 time: 0.0226166
2026-05-12 07:07:12.662 9 INFO neutron.wsgi [None req-857936be-ac97-4eec-a569-5f2bedf42e91 7a1a6c9679de486cbedffe3ad285c5f0 78ee6e8228b049b3b741e33b77631fd5 - - default default] 10.0.0.89 "GET /v2.0/trunks?tags-any=blue HTTP/1.1" status: 200 len: 1041 time: 0.0214055 /var/lib/openstack/lib/python3.10/site-packages/pycadf/identifier.py:71: UserWarning: Invalid uuid: neutron. To ensure interoperability, identifiers should be a valid uuid. warnings.warn(('Invalid uuid: %s. To ensure interoperability, '
2026-05-12 07:07:12.691 10 INFO neutron.wsgi [None req-610606ba-3a0f-4777-aad0-aa0ea6ae90b3 7a1a6c9679de486cbedffe3ad285c5f0 78ee6e8228b049b3b741e33b77631fd5 - - default default] 10.0.0.89 "GET /v2.0/trunks?tags-any=red%2Cblue HTTP/1.1" status: 200 len: 1447 time: 0.0227690
2026-05-12 07:07:12.724 10 INFO neutron.wsgi [None req-f7eb555b-67d6-4a45-99db-3ce12339ccf1 7a1a6c9679de486cbedffe3ad285c5f0 78ee6e8228b049b3b741e33b77631fd5 - - default default] 10.0.0.89 "GET /v2.0/trunks?not-tags=red HTTP/1.1" status: 200 len: 1013 time: 0.0283508
2026-05-12 07:07:12.757 10 INFO neutron.wsgi [None req-20bbbf35-2a67-4a78-8d92-b5408374df18 7a1a6c9679de486cbedffe3ad285c5f0 78ee6e8228b049b3b741e33b77631fd5 - - default default] 10.0.0.89 "GET /v2.0/trunks?not-tags=red%2Cblue HTTP/1.1" status: 200 len: 1419 time: 0.0287116
2026-05-12 07:07:12.786 10 INFO neutron.wsgi [None req-34631679-b433-469c-9f0d-fa628655415e 7a1a6c9679de486cbedffe3ad285c5f0 78ee6e8228b049b3b741e33b77631fd5 - - default default] 10.0.0.89 "GET /v2.0/trunks?not-tags-any=blue HTTP/1.1" status: 200 len: 1419 time: 0.0238805
2026-05-12 07:07:12.811 10 INFO neutron.wsgi [None req-fcebb7a1-a484-4079-a2a8-ed29d6ee4807 7a1a6c9679de486cbedffe3ad285c5f0 78ee6e8228b049b3b741e33b77631fd5 - - default default] 10.0.0.89 "GET /v2.0/trunks?not-tags-any=red%2Cblue HTTP/1.1" status: 200 len: 1013 time: 0.0203562
2026-05-12 07:07:12.835 10 INFO neutron.wsgi [None req-e6316d97-442d-4cce-94ff-8478841bf5c6 7a1a6c9679de486cbedffe3ad285c5f0 78ee6e8228b049b3b741e33b77631fd5 - - default default] 10.0.0.89 "GET /v2.0/trunks/ea31c5e5-8156-48e3-9440-9124ff7ee5bf HTTP/1.1" status: 200 len: 608 time: 0.0174837
2026-05-12 07:07:12.946 10 INFO neutron.wsgi [None req-e987c358-8810-4da7-b556-5c359c662a22 7a1a6c9679de486cbedffe3ad285c5f0 78ee6e8228b049b3b741e33b77631fd5 - - default default] 10.0.0.89 "GET /v2.0/ports/b3ad14ed-e9a4-47fb-bdca-06ddb6bc46aa HTTP/1.1" status: 200 len: 1020 time: 0.1067855
2026-05-12 07:07:13.042 10 INFO neutron.wsgi [None req-ba614699-f8e6-4cc4-9d67-2fe9372defaf 7a1a6c9679de486cbedffe3ad285c5f0 78ee6e8228b049b3b741e33b77631fd5 - - default default] 10.0.0.89 "DELETE /v2.0/trunks/ea31c5e5-8156-48e3-9440-9124ff7ee5bf HTTP/1.1" status: 204 len: 168 time: 0.0918455
2026-05-12 07:07:13.065 10 INFO neutron.wsgi [None req-6130ad44-8df3-43fb-828e-28144106eb3f 7a1a6c9679de486cbedffe3ad285c5f0 78ee6e8228b049b3b741e33b77631fd5 - - default default] 10.0.0.89 "GET /v2.0/trunks/817da99d-4499-406b-b590-a175282c087e HTTP/1.1" status: 200 len: 616 time: 0.0188031
2026-05-12 07:07:13.187 10 INFO neutron.wsgi [None req-5f36450a-e090-4ff5-b0ea-5c14e3d65811 7a1a6c9679de486cbedffe3ad285c5f0 78ee6e8228b049b3b741e33b77631fd5 - - default default] 10.0.0.89 "GET /v2.0/ports/3b414e6d-3490-4e95-b55b-80c7c663b4e0 HTTP/1.1" status: 200 len: 1020 time: 0.1182277
2026-05-12 07:07:13.274 10 INFO neutron.wsgi [None req-171d6dec-5963-45e1-b48b-81e2e9583b0b 7a1a6c9679de486cbedffe3ad285c5f0 78ee6e8228b049b3b741e33b77631fd5 - - default default] 10.0.0.89 "DELETE /v2.0/trunks/817da99d-4499-406b-b590-a175282c087e HTTP/1.1" status: 204 len: 168 time: 0.0805652
2026-05-12 07:07:13.299 10 INFO neutron.wsgi [None req-9aa6cd5e-5636-491a-8cfd-644e717e839a 7a1a6c9679de486cbedffe3ad285c5f0 78ee6e8228b049b3b741e33b77631fd5 - - default default] 10.0.0.89 "GET /v2.0/trunks/6d80193a-811a-4378-a178-fe43d0055ece HTTP/1.1" status: 200 len: 625 time: 0.0174716
2026-05-12 07:07:13.421 10 INFO neutron.wsgi [None req-c19fa804-fcbb-4538-b5aa-943842f20b1d 7a1a6c9679de486cbedffe3ad285c5f0 78ee6e8228b049b3b741e33b77631fd5 - - default default] 10.0.0.89 "GET /v2.0/ports/289fa750-eb8a-4bb7-9dd3-93b3e259bee5 HTTP/1.1" status: 200 len: 1020 time: 0.1164372
2026-05-12 07:07:13.508 10 INFO neutron.wsgi [None req-ec250b8d-983b-442b-83af-583eead6d2cc 7a1a6c9679de486cbedffe3ad285c5f0 78ee6e8228b049b3b741e33b77631fd5 - - default default] 10.0.0.89 "DELETE /v2.0/trunks/6d80193a-811a-4378-a178-fe43d0055ece HTTP/1.1" status: 204 len: 168 time: 0.0819154
2026-05-12 07:07:13.535 10 INFO neutron.wsgi [None req-907de57e-6326-4a4a-8f3c-ecaa33fd420f 7a1a6c9679de486cbedffe3ad285c5f0 78ee6e8228b049b3b741e33b77631fd5 - - default default] 10.0.0.89 "GET /v2.0/trunks/3f1defe7-6fdf-4565-a086-2f63ad4f44f2 HTTP/1.1" status: 200 len: 610 time: 0.0193949
2026-05-12 07:07:13.649 10 INFO neutron.wsgi [None req-9651c69d-0d19-4ff2-82f3-840e34322850 7a1a6c9679de486cbedffe3ad285c5f0 78ee6e8228b049b3b741e33b77631fd5 - - default default] 10.0.0.89 "GET /v2.0/ports/570c7c84-5234-4610-bcda-39cd0628240c HTTP/1.1" status: 200 len: 1020 time: 0.1088171
2026-05-12 07:07:13.737 10 INFO neutron.wsgi [None req-b075ff0c-acd2-4d83-97ea-c0a492a68a3e 7a1a6c9679de486cbedffe3ad285c5f0 78ee6e8228b049b3b741e33b77631fd5 - - default default] 10.0.0.89 "DELETE /v2.0/trunks/3f1defe7-6fdf-4565-a086-2f63ad4f44f2 HTTP/1.1" status: 204 len: 168 time: 0.0786920
2026-05-12 07:07:13.760 10 INFO neutron.wsgi [None req-b0fd728e-2a19-433c-910d-d1f26474f125 7a1a6c9679de486cbedffe3ad285c5f0 78ee6e8228b049b3b741e33b77631fd5 - - default default] 10.0.0.89 "GET /v2.0/trunks/e212334a-a7a3-46fd-8133-da802a31735f HTTP/1.1" status: 200 len: 603 time: 0.0179539
2026-05-12 07:07:13.848 10 INFO neutron.wsgi [None req-fa070ffe-23d3-48a3-b4e3-2d2beab17b4c 7a1a6c9679de486cbedffe3ad285c5f0 78ee6e8228b049b3b741e33b77631fd5 - - default default] 10.0.0.89 "GET /v2.0/ports/9617fbbd-4adc-4b8f-bb4f-3247516e23f9 HTTP/1.1" status: 200 len: 1020 time: 0.0825350
2026-05-12 07:07:13.938 10 INFO neutron.wsgi [None req-93b26f55-5f8e-460a-9295-c95f0dcec44b 7a1a6c9679de486cbedffe3ad285c5f0 78ee6e8228b049b3b741e33b77631fd5 - - default default] 10.0.0.89 "DELETE /v2.0/trunks/e212334a-a7a3-46fd-8133-da802a31735f HTTP/1.1" status: 204 len: 168 time: 0.0853603
2026-05-12 07:07:14.195 10 INFO neutron.wsgi [None req-2e3b3a74-34ec-424c-ae66-9106fcbe62ee 7a1a6c9679de486cbedffe3ad285c5f0 78ee6e8228b049b3b741e33b77631fd5 - - default default] 10.0.0.89 "DELETE /v2.0/ports/b3ad14ed-e9a4-47fb-bdca-06ddb6bc46aa HTTP/1.1" status: 204 len: 168 time: 0.2518160
2026-05-12 07:07:14.468 10 INFO neutron.wsgi [None req-62822b5b-dc66-4990-84db-1d52b4306413 7a1a6c9679de486cbedffe3ad285c5f0 78ee6e8228b049b3b741e33b77631fd5 - - default default] 10.0.0.89 "DELETE /v2.0/ports/3b414e6d-3490-4e95-b55b-80c7c663b4e0 HTTP/1.1" status: 204 len: 168 time: 0.2674634
2026-05-12 07:07:14.975 9 INFO neutron.wsgi [None req-48ca3353-123e-459c-97dc-d65cb7c146f4 7a1a6c9679de486cbedffe3ad285c5f0 78ee6e8228b049b3b741e33b77631fd5 - - default default] 10.0.0.89 "DELETE /v2.0/ports/289fa750-eb8a-4bb7-9dd3-93b3e259bee5 HTTP/1.1" status: 204 len: 168 time: 0.5019093
2026-05-12 07:07:15.206 10 INFO neutron.wsgi [req-1333cd7a-454a-4869-a95d-b430cacb3521 req-f93ef55e-9d71-421c-bf0d-21b1bc77432f fd6baac89f954a33bae9dc16520b6682 4ea77dfc919c498aa9ed65b1665bb9ae - - default default] 10.0.0.82 "GET /v2.0/security-groups?id=8b297d75-f507-4b66-bea6-6306626a8f25&fields=id HTTP/1.1" status: 200 len: 267 time: 0.0410733
2026-05-12 07:07:15.236 9 INFO neutron.wsgi [None req-7f516460-e139-41af-a17b-96e4553559d5 7a1a6c9679de486cbedffe3ad285c5f0 78ee6e8228b049b3b741e33b77631fd5 - - default default] 10.0.0.89 "DELETE /v2.0/ports/570c7c84-5234-4610-bcda-39cd0628240c HTTP/1.1" status: 204 len: 168 time: 0.2550125
2026-05-12 07:07:15.284 10 INFO neutron.wsgi [req-1333cd7a-454a-4869-a95d-b430cacb3521 req-6b14f7b6-ce28-4b76-9e4d-0b6680dc8482 fd6baac89f954a33bae9dc16520b6682 4ea77dfc919c498aa9ed65b1665bb9ae - - default default] 10.0.0.82 "GET /v2.0/networks?id=13c8b518-ecbb-45ff-8498-ad4f4c7be58d HTTP/1.1" status: 200 len: 937 time: 0.0696168
2026-05-12 07:07:15.302 10 INFO neutron.wsgi [req-1333cd7a-454a-4869-a95d-b430cacb3521 req-08cbfe97-5c19-4def-8c90-213671d9162e fd6baac89f954a33bae9dc16520b6682 4ea77dfc919c498aa9ed65b1665bb9ae - - default default] 10.0.0.82 "GET /v2.0/quotas/4ea77dfc919c498aa9ed65b1665bb9ae HTTP/1.1" status: 200 len: 385 time: 0.0099773
2026-05-12 07:07:15.364 10 INFO neutron.wsgi [req-1333cd7a-454a-4869-a95d-b430cacb3521 req-a729d503-18f0-4b88-8b4c-3f7fc9a2c1a0 fd6baac89f954a33bae9dc16520b6682 4ea77dfc919c498aa9ed65b1665bb9ae - - default default] 10.0.0.82 "GET /v2.0/ports?tenant_id=4ea77dfc919c498aa9ed65b1665bb9ae&fields=id HTTP/1.1" status: 200 len: 348 time: 0.0526078
2026-05-12 07:07:15.477 9 INFO neutron.wsgi [None req-97d9a321-908b-42df-b926-b0850a7192a8 7a1a6c9679de486cbedffe3ad285c5f0 78ee6e8228b049b3b741e33b77631fd5 - - default default] 10.0.0.89 "DELETE /v2.0/ports/9617fbbd-4adc-4b8f-bb4f-3247516e23f9 HTTP/1.1" status: 204 len: 168 time: 0.2362700
2026-05-12 07:07:15.491 10 INFO neutron.wsgi [req-1333cd7a-454a-4869-a95d-b430cacb3521 req-92bd8da2-d1d3-4fe7-9c4b-eb165634ceb8 806c7a253260400084d39b4cf2a07e2d 1266992b5c684cfeaa0eaba140cec78c - - b774e3be6e02478d8b9c718970e08311 b774e3be6e02478d8b9c718970e08311] 10.0.0.82 "GET /v2.0/networks/13c8b518-ecbb-45ff-8498-ad4f4c7be58d?fields=segments HTTP/1.1" status: 200 len: 212 time: 0.1140444
2026-05-12 07:07:15.556 10 INFO neutron.wsgi [req-1333cd7a-454a-4869-a95d-b430cacb3521 req-125daa3f-55bb-45bf-bcb8-3c2168d4c44f 806c7a253260400084d39b4cf2a07e2d 1266992b5c684cfeaa0eaba140cec78c - - b774e3be6e02478d8b9c718970e08311 b774e3be6e02478d8b9c718970e08311] 10.0.0.82 "GET /v2.0/networks/13c8b518-ecbb-45ff-8498-ad4f4c7be58d?fields=provider%3Aphysical_network&fields=provider%3Anetwork_type HTTP/1.1" status: 200 len: 277 time: 0.0576432
2026-05-12 07:07:15.872 9 INFO neutron.services.segments.plugin [-] Segment 14f1e46a-05de-403a-8e4c-d3709b5b6b1d resource provider aggregate not found
2026-05-12 07:07:15.877 9 INFO neutron.services.segments.plugin [-] Segment 14f1e46a-05de-403a-8e4c-d3709b5b6b1d resource provider aggregate not found
2026-05-12 07:07:15.893 9 INFO neutron.services.segments.plugin [-] Segment 14f1e46a-05de-403a-8e4c-d3709b5b6b1d resource provider not found; error: Placement Client Error (4xx): {"errors": [{"status": 404, "title": "Not Found", "detail": "The resource could not be found.\n\n No resource provider with uuid 14f1e46a-05de-403a-8e4c-d3709b5b6b1d found for delete ", "request_id": "req-594e8efa-6e79-4308-bafd-075363c10f80"}]}
2026-05-12 07:07:15.901 9 INFO neutron.services.segments.plugin [-] Segment 14f1e46a-05de-403a-8e4c-d3709b5b6b1d resource provider not found; error: Placement Client Error (4xx): {"errors": [{"status": 404, "title": "Not Found", "detail": "The resource could not be found.\n\n No resource provider with uuid 14f1e46a-05de-403a-8e4c-d3709b5b6b1d found for delete ", "request_id": "req-fb86453e-8dc5-478f-bef9-88c6d5a4fcca"}]}
2026-05-12 07:07:15.916 9 INFO neutron.wsgi [None req-772cc795-de5e-4415-9b7d-0ba23a016d3b 7a1a6c9679de486cbedffe3ad285c5f0 78ee6e8228b049b3b741e33b77631fd5 - - default default] 10.0.0.89 "DELETE /v2.0/networks/5b9a5ec4-f213-4bec-9955-55ec0aa64a5c HTTP/1.1" status: 204 len: 168 time: 0.4309199
2026-05-12 07:07:15.918 10 INFO neutron.wsgi [req-d9617fe2-174c-436f-99a0-26578399a64e req-59246753-1f62-4cba-a839-6fb108715e79 fd6baac89f954a33bae9dc16520b6682 4ea77dfc919c498aa9ed65b1665bb9ae - - default default] 10.0.0.82 "GET /v2.0/ports?device_id=f00b5f12-d100-498c-b69a-fcda80b305b4 HTTP/1.1" status: 200 len: 210 time: 0.0749443
2026-05-12 07:07:15.985 10 INFO neutron.wsgi [req-dcf1a8f2-e521-485c-9000-31bdee2ebe11 req-7eb13725-4500-43b3-bccc-17d3a6674f11 fd6baac89f954a33bae9dc16520b6682 4ea77dfc919c498aa9ed65b1665bb9ae - - default default] 10.0.0.82 "GET /v2.0/ports?device_id=f00b5f12-d100-498c-b69a-fcda80b305b4 HTTP/1.1" status: 200 len: 210 time: 0.0212190
2026-05-12 07:07:16.462 10 INFO neutron.wsgi [None req-b09a333b-6ce1-447a-b6cb-6c195189f9cf 7a1a6c9679de486cbedffe3ad285c5f0 78ee6e8228b049b3b741e33b77631fd5 - - default default] 10.0.0.89 "DELETE /v2.0/networks/41bf2497-423c-4e13-8a5a-76ea624d1f3d HTTP/1.1" status: 204 len: 168 time: 0.4025452
2026-05-12 07:07:16.472 10 INFO neutron.services.segments.plugin [-] Segment 642509c1-9e8f-4b04-b44f-2d61935a870a resource provider aggregate not found
2026-05-12 07:07:16.478 10 INFO neutron.services.segments.plugin [-] Segment 642509c1-9e8f-4b04-b44f-2d61935a870a resource provider aggregate not found
2026-05-12 07:07:16.489 10 INFO neutron.services.segments.plugin [-] Segment 642509c1-9e8f-4b04-b44f-2d61935a870a resource provider not found; error: Placement Client Error (4xx): {"errors": [{"status": 404, "title": "Not Found", "detail": "The resource could not be found.\n\n No resource provider with uuid 642509c1-9e8f-4b04-b44f-2d61935a870a found for delete ", "request_id": "req-d3de7581-b890-4592-82ea-6299fd720371"}]}
2026-05-12 07:07:16.493 10 INFO neutron.services.segments.plugin [-] Segment 642509c1-9e8f-4b04-b44f-2d61935a870a resource provider not found; error: Placement Client Error (4xx): {"errors": [{"status": 404, "title": "Not Found", "detail": "The resource could not be found.\n\n No resource provider with uuid 642509c1-9e8f-4b04-b44f-2d61935a870a found for delete ", "request_id": "req-59c47b7d-a115-4549-935d-8524a560d586"}]}
2026-05-12 07:07:16.858 9 INFO neutron.wsgi [req-1333cd7a-454a-4869-a95d-b430cacb3521 req-39d79620-9ecb-40d1-ba5f-f57293fe57e4 fd6baac89f954a33bae9dc16520b6682 4ea77dfc919c498aa9ed65b1665bb9ae - - default default] 199.204.45.156 "GET /v2.0/networks?id=13c8b518-ecbb-45ff-8498-ad4f4c7be58d HTTP/1.1" status: 200 len: 937 time: 0.1590109
2026-05-12 07:07:16.947 9 INFO neutron.wsgi [None req-783d115a-95bb-449d-ab3d-a05e1009f0d0 7a1a6c9679de486cbedffe3ad285c5f0 78ee6e8228b049b3b741e33b77631fd5 - - default default] 10.0.0.89 "DELETE /v2.0/networks/28d067a5-4fa1-4fb8-ae55-cfa057df3440 HTTP/1.1" status: 204 len: 168 time: 0.4759934
2026-05-12 07:07:16.951 9 INFO neutron.wsgi [req-1333cd7a-454a-4869-a95d-b430cacb3521 req-64cdf1dc-3771-4e13-b251-ab573e2fa89f fd6baac89f954a33bae9dc16520b6682 4ea77dfc919c498aa9ed65b1665bb9ae - - default default] 199.204.45.156 "GET /v2.0/security-groups?fields=id&fields=name&tenant_id=4ea77dfc919c498aa9ed65b1665bb9ae HTTP/1.1" status: 200 len: 542 time: 0.0739684
2026-05-12 07:07:17.232 9 WARNING neutron.scheduler.dhcp_agent_scheduler [req-1333cd7a-454a-4869-a95d-b430cacb3521 req-27bea3bb-194a-4221-8ab5-39caa23a67c1 fd6baac89f954a33bae9dc16520b6682 4ea77dfc919c498aa9ed65b1665bb9ae - - default default] No more DHCP agents
2026-05-12 07:07:17.246 9 WARNING neutron.api.rpc.agentnotifiers.dhcp_rpc_agent_api [req-1333cd7a-454a-4869-a95d-b430cacb3521 req-27bea3bb-194a-4221-8ab5-39caa23a67c1 fd6baac89f954a33bae9dc16520b6682 4ea77dfc919c498aa9ed65b1665bb9ae - - default default] Unable to schedule network 13c8b518-ecbb-45ff-8498-ad4f4c7be58d: no agents available; will retry on subsequent port and subnet creation events.
2026-05-12 07:07:17.406 10 INFO neutron.wsgi [None req-8d3ec6b9-704b-4f95-869a-b06f6da7ae3e 7a1a6c9679de486cbedffe3ad285c5f0 78ee6e8228b049b3b741e33b77631fd5 - - default default] 10.0.0.89 "DELETE /v2.0/networks/f685a624-1d92-42ed-a1da-481ec87d77d4 HTTP/1.1" status: 204 len: 168 time: 0.4550152 /var/lib/openstack/lib/python3.10/site-packages/pycadf/identifier.py:71: UserWarning: Invalid uuid: neutron. To ensure interoperability, identifiers should be a valid uuid. warnings.warn(('Invalid uuid: %s. To ensure interoperability, '
2026-05-12 07:07:17.480 9 INFO neutron.db.ovn_revision_numbers_db [req-1333cd7a-454a-4869-a95d-b430cacb3521 req-27bea3bb-194a-4221-8ab5-39caa23a67c1 fd6baac89f954a33bae9dc16520b6682 4ea77dfc919c498aa9ed65b1665bb9ae - - default default] Successfully bumped revision number for resource 6eed5dca-3e81-413c-891c-01a8d8159c79 (type: ports) to 1
2026-05-12 07:07:17.512 9 INFO neutron.wsgi [req-1333cd7a-454a-4869-a95d-b430cacb3521 req-27bea3bb-194a-4221-8ab5-39caa23a67c1 fd6baac89f954a33bae9dc16520b6682 4ea77dfc919c498aa9ed65b1665bb9ae - - default default] 199.204.45.156 "POST /v2.0/ports HTTP/1.1" status: 201 len: 1287 time: 0.5552547
2026-05-12 07:07:17.919 9 INFO neutron.services.segments.plugin [-] Segment b1eed5e2-6cca-4ca5-9a1c-d8f3bd8926ff resource provider aggregate not found
2026-05-12 07:07:17.927 9 INFO neutron.services.segments.plugin [-] Segment b1eed5e2-6cca-4ca5-9a1c-d8f3bd8926ff resource provider aggregate not found
2026-05-12 07:07:17.938 9 INFO neutron.services.segments.plugin [-] Segment b1eed5e2-6cca-4ca5-9a1c-d8f3bd8926ff resource provider not found; error: Placement Client Error (4xx): {"errors": [{"status": 404, "title": "Not Found", "detail": "The resource could not be found.\n\n No resource provider with uuid b1eed5e2-6cca-4ca5-9a1c-d8f3bd8926ff found for delete ", "request_id": "req-5d2c2ca8-658b-4104-b92b-dc1ba8321164"}]}
2026-05-12 07:07:17.943 9 INFO neutron.services.segments.plugin [-] Segment b1eed5e2-6cca-4ca5-9a1c-d8f3bd8926ff resource provider not found; error: Placement Client Error (4xx): {"errors": [{"status": 404, "title": "Not Found", "detail": "The resource could not be found.\n\n No resource provider with uuid b1eed5e2-6cca-4ca5-9a1c-d8f3bd8926ff found for delete ", "request_id": "req-d1415c2c-860f-4649-9f2c-a9ce46777dba"}]}
2026-05-12 07:07:18.034 9 INFO neutron.wsgi [None req-ed521375-85b8-4441-9b4e-a155a7ac5656 7a1a6c9679de486cbedffe3ad285c5f0 78ee6e8228b049b3b741e33b77631fd5 - - default default] 10.0.0.89 "DELETE /v2.0/networks/86479210-c109-4ff7-9665-0ef5f834dc53 HTTP/1.1" status: 204 len: 168 time: 0.6222594
2026-05-12 07:07:18.193 10 INFO neutron.wsgi [req-ccac4ce8-e94b-442e-b2e9-70b4d1ea773b req-8b0f369f-a26c-4a0e-a971-182073ad5472 fd6baac89f954a33bae9dc16520b6682 4ea77dfc919c498aa9ed65b1665bb9ae - - default default] 10.0.0.82 "GET /v2.0/ports?device_id=f00b5f12-d100-498c-b69a-fcda80b305b4 HTTP/1.1" status: 200 len: 1305 time: 0.0393476
2026-05-12 07:07:18.213 9 INFO neutron.db.ovn_revision_numbers_db [req-1333cd7a-454a-4869-a95d-b430cacb3521 req-fcb9670c-7a02-4582-b27b-2da3d1182202 806c7a253260400084d39b4cf2a07e2d 1266992b5c684cfeaa0eaba140cec78c - - b774e3be6e02478d8b9c718970e08311 b774e3be6e02478d8b9c718970e08311] Successfully bumped revision number for resource 6eed5dca-3e81-413c-891c-01a8d8159c79 (type: ports) to 2
2026-05-12 07:07:18.254 10 INFO neutron.wsgi [req-ccac4ce8-e94b-442e-b2e9-70b4d1ea773b req-f500a9ec-fe3d-42d3-9b39-6f618a7b614a fd6baac89f954a33bae9dc16520b6682 4ea77dfc919c498aa9ed65b1665bb9ae - - default default] 10.0.0.82 "GET /v2.0/security-groups?id=8b297d75-f507-4b66-bea6-6306626a8f25&fields=id&fields=name HTTP/1.1" status: 200 len: 294 time: 0.0498645
2026-05-12 07:07:18.384 10 INFO neutron.wsgi [req-3d3197d0-3613-464a-aa7f-a30c6d17044f req-fb816dd6-adae-4462-8b8e-f02746b33342 fd6baac89f954a33bae9dc16520b6682 4ea77dfc919c498aa9ed65b1665bb9ae - - default default] 10.0.0.82 "GET /v2.0/ports?device_id=f00b5f12-d100-498c-b69a-fcda80b305b4 HTTP/1.1" status: 200 len: 1415 time: 0.0443294
2026-05-12 07:07:18.459 9 INFO neutron.db.ovn_revision_numbers_db [req-1333cd7a-454a-4869-a95d-b430cacb3521 req-fcb9670c-7a02-4582-b27b-2da3d1182202 806c7a253260400084d39b4cf2a07e2d 1266992b5c684cfeaa0eaba140cec78c - - b774e3be6e02478d8b9c718970e08311 b774e3be6e02478d8b9c718970e08311] Successfully bumped revision number for resource 6eed5dca-3e81-413c-891c-01a8d8159c79 (type: ports) to 2
2026-05-12 07:07:18.477 9 INFO neutron.wsgi [req-1333cd7a-454a-4869-a95d-b430cacb3521 req-fcb9670c-7a02-4582-b27b-2da3d1182202 806c7a253260400084d39b4cf2a07e2d 1266992b5c684cfeaa0eaba140cec78c - - b774e3be6e02478d8b9c718970e08311 b774e3be6e02478d8b9c718970e08311] 199.204.45.156 "PUT /v2.0/ports/6eed5dca-3e81-413c-891c-01a8d8159c79 HTTP/1.1" status: 200 len: 1384 time: 0.9572766
2026-05-12 07:07:18.509 10 INFO neutron.services.segments.plugin [-] Segment c85dcbe5-f425-4a35-bd48-1cb29708cd0a resource provider aggregate not found /var/lib/openstack/lib/python3.10/site-packages/pycadf/identifier.py:71: UserWarning: Invalid uuid: neutron. To ensure interoperability, identifiers should be a valid uuid. warnings.warn(('Invalid uuid: %s. To ensure interoperability, '
2026-05-12 07:07:18.524 10 INFO neutron.services.segments.plugin [-] Segment c85dcbe5-f425-4a35-bd48-1cb29708cd0a resource provider aggregate not found
2026-05-12 07:07:18.535 10 INFO neutron.services.segments.plugin [-] Segment c85dcbe5-f425-4a35-bd48-1cb29708cd0a resource provider not found; error: Placement Client Error (4xx): {"errors": [{"status": 404, "title": "Not Found", "detail": "The resource could not be found.\n\n No resource provider with uuid c85dcbe5-f425-4a35-bd48-1cb29708cd0a found for delete ", "request_id": "req-7854d8d2-76a9-4862-bb50-2d8a47d2f188"}]}
2026-05-12 07:07:18.540 10 INFO neutron.services.segments.plugin [-] Segment c85dcbe5-f425-4a35-bd48-1cb29708cd0a resource provider not found; error: Placement Client Error (4xx): {"errors": [{"status": 404, "title": "Not Found", "detail": "The resource could not be found.\n\n No resource provider with uuid c85dcbe5-f425-4a35-bd48-1cb29708cd0a found for delete ", "request_id": "req-701c599c-1a0f-46de-b9ef-e9b066ad5dc5"}]}
2026-05-12 07:07:18.558 9 INFO neutron.wsgi [req-1333cd7a-454a-4869-a95d-b430cacb3521 req-8d0d3318-ef5f-4231-9c0d-428c5c37d15c 806c7a253260400084d39b4cf2a07e2d 1266992b5c684cfeaa0eaba140cec78c - - b774e3be6e02478d8b9c718970e08311 b774e3be6e02478d8b9c718970e08311] 199.204.45.156 "GET /v2.0/ports?tenant_id=4ea77dfc919c498aa9ed65b1665bb9ae&device_id=f00b5f12-d100-498c-b69a-fcda80b305b4 HTTP/1.1" status: 200 len: 1415 time: 0.0410125
2026-05-12 07:07:18.592 9 INFO neutron.wsgi [req-1333cd7a-454a-4869-a95d-b430cacb3521 req-312097c1-8cff-43bf-a588-6f677b227a83 806c7a253260400084d39b4cf2a07e2d 1266992b5c684cfeaa0eaba140cec78c - - b774e3be6e02478d8b9c718970e08311 b774e3be6e02478d8b9c718970e08311] 199.204.45.156 "GET /v2.0/floatingips?fixed_ip_address=172.24.1.118&port_id=6eed5dca-3e81-413c-891c-01a8d8159c79 HTTP/1.1" status: 200 len: 217 time: 0.0274806
2026-05-12 07:07:18.643 9 INFO neutron.wsgi [req-1333cd7a-454a-4869-a95d-b430cacb3521 req-5c7bafdc-3288-4f37-a495-6772a630efe5 806c7a253260400084d39b4cf2a07e2d 1266992b5c684cfeaa0eaba140cec78c - - b774e3be6e02478d8b9c718970e08311 b774e3be6e02478d8b9c718970e08311] 199.204.45.156 "GET /v2.0/subnets?id=2612ead7-bdca-4a98-b5c5-16a2814136a3 HTTP/1.1" status: 200 len: 829 time: 0.0406804
2026-05-12 07:07:18.671 9 INFO neutron.notifiers.nova [-] Nova event matching ['req-acd9657d-a66f-4ca0-9f88-2be0b107564f'] response: {'name': 'network-changed', 'server_uuid': 'f00b5f12-d100-498c-b69a-fcda80b305b4', 'tag': '6eed5dca-3e81-413c-891c-01a8d8159c79', 'status': 'completed', 'code': 200}
