2026-05-12 07:09:42.364 9 INFO neutron.services.segments.plugin [-] Segment 915f2c41-1226-40b9-9f33-9cda8082a157 resource provider not found; error: Placement Client Error (4xx): {"errors": [{"status": 404, "title": "Not Found", "detail": "The resource could not be found.\n\n No resource provider with uuid 915f2c41-1226-40b9-9f33-9cda8082a157 found for delete ", "request_id": "req-c32cd591-3edf-4003-bf13-ff99c65bb5a0"}]}
2026-05-12 07:09:42.375 9 INFO neutron.services.segments.plugin [-] Segment 5608a750-ffd7-4c53-a33a-2a2feaea8acd resource provider aggregate not found
2026-05-12 07:09:42.386 9 INFO neutron.services.segments.plugin [-] Segment 5608a750-ffd7-4c53-a33a-2a2feaea8acd resource provider aggregate not found
2026-05-12 07:09:42.393 9 INFO neutron.services.segments.plugin [-] Segment 5608a750-ffd7-4c53-a33a-2a2feaea8acd resource provider not found; error: Placement Client Error (4xx): {"errors": [{"status": 404, "title": "Not Found", "detail": "The resource could not be found.\n\n No resource provider with uuid 5608a750-ffd7-4c53-a33a-2a2feaea8acd found for delete ", "request_id": "req-c72cdfd6-7e2b-42f4-a87b-0f99f54ae563"}]}
2026-05-12 07:09:42.404 9 INFO neutron.services.segments.plugin [-] Segment 5608a750-ffd7-4c53-a33a-2a2feaea8acd resource provider not found; error: Placement Client Error (4xx): {"errors": [{"status": 404, "title": "Not Found", "detail": "The resource could not be found.\n\n No resource provider with uuid 5608a750-ffd7-4c53-a33a-2a2feaea8acd found for delete ", "request_id": "req-7f34e222-3bcc-42a2-82dd-ff27786b66d6"}]}
2026-05-12 07:09:44.678 9 INFO neutron.wsgi [None req-6b076315-6917-46f9-ba64-196624628d8f fd6baac89f954a33bae9dc16520b6682 4ea77dfc919c498aa9ed65b1665bb9ae - - default default] 10.0.0.89 "GET /v2.0/security-groups?tenant_id=1c9f15c5dc21440a95aaa9ca42e84471&name=default HTTP/1.1" status: 200 len: 3000 time: 0.2236226
2026-05-12 07:09:44.913 9 INFO neutron.wsgi [None req-5431575b-78a5-4cce-b010-84e6f373c7b6 fd6baac89f954a33bae9dc16520b6682 4ea77dfc919c498aa9ed65b1665bb9ae - - default default] 10.0.0.89 "DELETE /v2.0/security-groups/71fed471-9a9d-4dce-9c2f-295c3258110f HTTP/1.1" status: 204 len: 168 time: 0.2306988
2026-05-12 07:09:45.169 10 INFO neutron.db.ovn_revision_numbers_db [None req-4afe97bf-ebdb-4bc9-8308-86cd271cb3d2 fd6baac89f954a33bae9dc16520b6682 4ea77dfc919c498aa9ed65b1665bb9ae - - default default] Successfully bumped revision number for resource e2eb47d2-b811-4c5f-9811-01cf9d564cc0 (type: security_groups) to 1
2026-05-12 07:09:45.192 10 INFO neutron.db.ovn_revision_numbers_db [None req-4afe97bf-ebdb-4bc9-8308-86cd271cb3d2 fd6baac89f954a33bae9dc16520b6682 4ea77dfc919c498aa9ed65b1665bb9ae - - default default] Successfully bumped revision number for resource 003d5259-917d-4adc-9b2d-0a72b80466d4 (type: security_group_rules) to 0
2026-05-12 07:09:45.216 10 INFO neutron.db.ovn_revision_numbers_db [None req-4afe97bf-ebdb-4bc9-8308-86cd271cb3d2 fd6baac89f954a33bae9dc16520b6682 4ea77dfc919c498aa9ed65b1665bb9ae - - default default] Successfully bumped revision number for resource 1db8ef04-bd0a-4a7a-9325-9a598b8e0dcf (type: security_group_rules) to 0
2026-05-12 07:09:45.240 10 INFO neutron.db.ovn_revision_numbers_db [None req-4afe97bf-ebdb-4bc9-8308-86cd271cb3d2 fd6baac89f954a33bae9dc16520b6682 4ea77dfc919c498aa9ed65b1665bb9ae - - default default] Successfully bumped revision number for resource 4b0da9c8-9da0-48c4-ae9e-03c0b34a72e9 (type: security_group_rules) to 0
2026-05-12 07:09:45.260 10 INFO neutron.db.ovn_revision_numbers_db [None req-4afe97bf-ebdb-4bc9-8308-86cd271cb3d2 fd6baac89f954a33bae9dc16520b6682 4ea77dfc919c498aa9ed65b1665bb9ae - - default default] Successfully bumped revision number for resource 9ebe2d0f-0d59-4a31-b7da-9b88d9aeb1d7 (type: security_group_rules) to 0
2026-05-12 07:09:45.287 10 INFO neutron.wsgi [None req-4afe97bf-ebdb-4bc9-8308-86cd271cb3d2 fd6baac89f954a33bae9dc16520b6682 4ea77dfc919c498aa9ed65b1665bb9ae - - default default] 10.0.0.89 "GET /v2.0/security-groups?tenant_id=334b238157944a01ae02ac8536169b2b&name=default HTTP/1.1" status: 200 len: 3000 time: 0.2344353
2026-05-12 07:09:45.491 10 INFO neutron.wsgi [None req-d91fb492-b16d-4666-8020-e581e38dda88 fd6baac89f954a33bae9dc16520b6682 4ea77dfc919c498aa9ed65b1665bb9ae - - default default] 10.0.0.89 "DELETE /v2.0/security-groups/e2eb47d2-b811-4c5f-9811-01cf9d564cc0 HTTP/1.1" status: 204 len: 168 time: 0.1988072
2026-05-12 07:09:45.769 9 INFO neutron.db.ovn_revision_numbers_db [None req-5b15ba8e-772f-4264-a61a-6893d6961a69 fd6baac89f954a33bae9dc16520b6682 4ea77dfc919c498aa9ed65b1665bb9ae - - default default] Successfully bumped revision number for resource 5161dfe9-8b55-4d69-bfd2-c3d268975635 (type: security_groups) to 1
2026-05-12 07:09:45.785 9 INFO neutron.db.ovn_revision_numbers_db [None req-5b15ba8e-772f-4264-a61a-6893d6961a69 fd6baac89f954a33bae9dc16520b6682 4ea77dfc919c498aa9ed65b1665bb9ae - - default default] Successfully bumped revision number for resource a4ed6094-58b7-455f-852b-ea98191b0c8b (type: security_group_rules) to 0
2026-05-12 07:09:45.802 9 INFO neutron.db.ovn_revision_numbers_db [None req-5b15ba8e-772f-4264-a61a-6893d6961a69 fd6baac89f954a33bae9dc16520b6682 4ea77dfc919c498aa9ed65b1665bb9ae - - default default] Successfully bumped revision number for resource cd021dbc-d7fd-450b-921c-76780fbbbbb4 (type: security_group_rules) to 0
2026-05-12 07:09:45.823 9 INFO neutron.db.ovn_revision_numbers_db [None req-5b15ba8e-772f-4264-a61a-6893d6961a69 fd6baac89f954a33bae9dc16520b6682 4ea77dfc919c498aa9ed65b1665bb9ae - - default default] Successfully bumped revision number for resource d909d2d2-91e2-463b-afd5-46d29c215ddc (type: security_group_rules) to 0
2026-05-12 07:09:45.844 9 INFO neutron.db.ovn_revision_numbers_db [None req-5b15ba8e-772f-4264-a61a-6893d6961a69 fd6baac89f954a33bae9dc16520b6682 4ea77dfc919c498aa9ed65b1665bb9ae - - default default] Successfully bumped revision number for resource e1be4f64-bdaa-4b87-ac02-cbfa067495ac (type: security_group_rules) to 0
2026-05-12 07:09:45.870 9 INFO neutron.wsgi [None req-5b15ba8e-772f-4264-a61a-6893d6961a69 fd6baac89f954a33bae9dc16520b6682 4ea77dfc919c498aa9ed65b1665bb9ae - - default default] 10.0.0.89 "GET /v2.0/security-groups?tenant_id=407bb6e19134427aa3740de737f9eff0&name=default HTTP/1.1" status: 200 len: 3000 time: 0.2118249
2026-05-12 07:09:46.092 10 INFO neutron.wsgi [None req-7f882cc3-0563-4847-8177-8d4bea7f46ba fd6baac89f954a33bae9dc16520b6682 4ea77dfc919c498aa9ed65b1665bb9ae - - default default] 10.0.0.89 "DELETE /v2.0/security-groups/5161dfe9-8b55-4d69-bfd2-c3d268975635 HTTP/1.1" status: 204 len: 168 time: 0.2167864
2026-05-12 07:09:46.344 10 INFO neutron.db.ovn_revision_numbers_db [None req-59be4257-e5be-4b38-a1cb-29b16448df40 fd6baac89f954a33bae9dc16520b6682 4ea77dfc919c498aa9ed65b1665bb9ae - - default default] Successfully bumped revision number for resource 230fd800-324c-4dc5-aee4-676bc5ad83ce (type: security_groups) to 1
2026-05-12 07:09:46.359 10 INFO neutron.db.ovn_revision_numbers_db [None req-59be4257-e5be-4b38-a1cb-29b16448df40 fd6baac89f954a33bae9dc16520b6682 4ea77dfc919c498aa9ed65b1665bb9ae - - default default] Successfully bumped revision number for resource 86112450-0a77-494a-a738-e4cafb2c56df (type: security_group_rules) to 0
2026-05-12 07:09:46.371 10 INFO neutron.db.ovn_revision_numbers_db [None req-59be4257-e5be-4b38-a1cb-29b16448df40 fd6baac89f954a33bae9dc16520b6682 4ea77dfc919c498aa9ed65b1665bb9ae - - default default] Successfully bumped revision number for resource cdfb9a9d-3c40-4532-a462-ca237a8683a0 (type: security_group_rules) to 0
2026-05-12 07:09:46.383 10 INFO neutron.db.ovn_revision_numbers_db [None req-59be4257-e5be-4b38-a1cb-29b16448df40 fd6baac89f954a33bae9dc16520b6682 4ea77dfc919c498aa9ed65b1665bb9ae - - default default] Successfully bumped revision number for resource dcbd50b5-b7f7-4f93-8a2e-894c991e61f8 (type: security_group_rules) to 0
2026-05-12 07:09:46.400 10 INFO neutron.db.ovn_revision_numbers_db [None req-59be4257-e5be-4b38-a1cb-29b16448df40 fd6baac89f954a33bae9dc16520b6682 4ea77dfc919c498aa9ed65b1665bb9ae - - default default] Successfully bumped revision number for resource fe8c02db-e07e-47df-9292-42fb2d94d984 (type: security_group_rules) to 0
2026-05-12 07:09:46.426 10 INFO neutron.wsgi [None req-59be4257-e5be-4b38-a1cb-29b16448df40 fd6baac89f954a33bae9dc16520b6682 4ea77dfc919c498aa9ed65b1665bb9ae - - default default] 10.0.0.89 "GET /v2.0/security-groups?tenant_id=f861f775cd1d4490af31008aa0e0cb15&name=default HTTP/1.1" status: 200 len: 3000 time: 0.1958919
2026-05-12 07:09:46.646 10 INFO neutron.wsgi [None req-4e4edbee-c1a0-4041-9110-ae6318320883 fd6baac89f954a33bae9dc16520b6682 4ea77dfc919c498aa9ed65b1665bb9ae - - default default] 10.0.0.89 "DELETE /v2.0/security-groups/230fd800-324c-4dc5-aee4-676bc5ad83ce HTTP/1.1" status: 204 len: 168 time: 0.2146375
2026-05-12 07:09:46.822 15 INFO neutron.plugins.ml2.drivers.ovn.mech_driver.ovsdb.maintenance [None req-736c81c7-8ace-4489-a331-5604f1a911ea - - - - - -] Maintenance task: Synchronization finished (took 1.45 seconds)
2026-05-12 07:09:46.917 9 INFO neutron.db.ovn_revision_numbers_db [None req-b764bc33-53e7-4b22-a1bb-b5d39bf942da fd6baac89f954a33bae9dc16520b6682 4ea77dfc919c498aa9ed65b1665bb9ae - - default default] Successfully bumped revision number for resource 8bbe2163-16ee-4a7b-97ca-38addca58a0c (type: security_groups) to 1
2026-05-12 07:09:46.934 9 INFO neutron.db.ovn_revision_numbers_db [None req-b764bc33-53e7-4b22-a1bb-b5d39bf942da fd6baac89f954a33bae9dc16520b6682 4ea77dfc919c498aa9ed65b1665bb9ae - - default default] Successfully bumped revision number for resource 0bca62b4-1e15-474b-ad89-812b8ab91709 (type: security_group_rules) to 0
2026-05-12 07:09:46.950 9 INFO neutron.db.ovn_revision_numbers_db [None req-b764bc33-53e7-4b22-a1bb-b5d39bf942da fd6baac89f954a33bae9dc16520b6682 4ea77dfc919c498aa9ed65b1665bb9ae - - default default] Successfully bumped revision number for resource 827fe757-2d1e-43fb-bc4a-f52eb7b1b851 (type: security_group_rules) to 0
2026-05-12 07:09:46.966 9 INFO neutron.db.ovn_revision_numbers_db [None req-b764bc33-53e7-4b22-a1bb-b5d39bf942da fd6baac89f954a33bae9dc16520b6682 4ea77dfc919c498aa9ed65b1665bb9ae - - default default] Successfully bumped revision number for resource a1370bc7-5db7-49b3-8ffb-96aed16e601c (type: security_group_rules) to 0
2026-05-12 07:09:46.983 9 INFO neutron.db.ovn_revision_numbers_db [None req-b764bc33-53e7-4b22-a1bb-b5d39bf942da fd6baac89f954a33bae9dc16520b6682 4ea77dfc919c498aa9ed65b1665bb9ae - - default default] Successfully bumped revision number for resource c5fe384e-818b-4614-93b5-4fe26d648272 (type: security_group_rules) to 0
2026-05-12 07:09:47.012 9 INFO neutron.wsgi [None req-b764bc33-53e7-4b22-a1bb-b5d39bf942da fd6baac89f954a33bae9dc16520b6682 4ea77dfc919c498aa9ed65b1665bb9ae - - default default] 10.0.0.89 "GET /v2.0/security-groups?tenant_id=3b598ed7236c4a1ba7eeccdeb92b55b2&name=default HTTP/1.1" status: 200 len: 3000 time: 0.2047286
2026-05-12 07:09:47.255 9 INFO neutron.wsgi [None req-b65ad0c1-6b90-4042-8d0e-95c405bf571c fd6baac89f954a33bae9dc16520b6682 4ea77dfc919c498aa9ed65b1665bb9ae - - default default] 10.0.0.89 "DELETE /v2.0/security-groups/8bbe2163-16ee-4a7b-97ca-38addca58a0c HTTP/1.1" status: 204 len: 168 time: 0.2377896
2026-05-12 07:09:47.541 9 INFO neutron.db.ovn_revision_numbers_db [None req-404f2a03-54e6-46de-a29f-f1d37e0f3503 fd6baac89f954a33bae9dc16520b6682 4ea77dfc919c498aa9ed65b1665bb9ae - - default default] Successfully bumped revision number for resource e6fd740f-23a6-4cba-8f88-eecd4a1dca4b (type: security_groups) to 1
2026-05-12 07:09:47.555 9 INFO neutron.db.ovn_revision_numbers_db [None req-404f2a03-54e6-46de-a29f-f1d37e0f3503 fd6baac89f954a33bae9dc16520b6682 4ea77dfc919c498aa9ed65b1665bb9ae - - default default] Successfully bumped revision number for resource 7ba86038-58cd-4dd1-8334-4da265c6259c (type: security_group_rules) to 0
2026-05-12 07:09:47.570 9 INFO neutron.db.ovn_revision_numbers_db [None req-404f2a03-54e6-46de-a29f-f1d37e0f3503 fd6baac89f954a33bae9dc16520b6682 4ea77dfc919c498aa9ed65b1665bb9ae - - default default] Successfully bumped revision number for resource acb2e50c-e49a-4c27-a61c-23c7e5e47757 (type: security_group_rules) to 0
2026-05-12 07:09:47.587 9 INFO neutron.db.ovn_revision_numbers_db [None req-404f2a03-54e6-46de-a29f-f1d37e0f3503 fd6baac89f954a33bae9dc16520b6682 4ea77dfc919c498aa9ed65b1665bb9ae - - default default] Successfully bumped revision number for resource cde3b933-f001-41b1-8149-06cfd4b04260 (type: security_group_rules) to 0
2026-05-12 07:09:47.601 9 INFO neutron.db.ovn_revision_numbers_db [None req-404f2a03-54e6-46de-a29f-f1d37e0f3503 fd6baac89f954a33bae9dc16520b6682 4ea77dfc919c498aa9ed65b1665bb9ae - - default default] Successfully bumped revision number for resource db7b1131-4095-439e-b2d9-f5075e850933 (type: security_group_rules) to 0
2026-05-12 07:09:47.624 9 INFO neutron.wsgi [None req-404f2a03-54e6-46de-a29f-f1d37e0f3503 fd6baac89f954a33bae9dc16520b6682 4ea77dfc919c498aa9ed65b1665bb9ae - - default default] 10.0.0.89 "GET /v2.0/security-groups?tenant_id=8776db4d51aa4f95ac97f725cb583dea&name=default HTTP/1.1" status: 200 len: 3000 time: 0.1979737
2026-05-12 07:09:47.820 9 INFO neutron.wsgi [None req-2c3fefa6-5ee9-4595-aa74-ecef47f1b280 fd6baac89f954a33bae9dc16520b6682 4ea77dfc919c498aa9ed65b1665bb9ae - - default default] 10.0.0.89 "DELETE /v2.0/security-groups/e6fd740f-23a6-4cba-8f88-eecd4a1dca4b HTTP/1.1" status: 204 len: 168 time: 0.1911356
2026-05-12 07:09:48.114 9 INFO neutron.db.ovn_revision_numbers_db [None req-8e28aabb-0d2a-4b5c-9a39-6a3baf04edab fd6baac89f954a33bae9dc16520b6682 4ea77dfc919c498aa9ed65b1665bb9ae - - default default] Successfully bumped revision number for resource 30303889-8bcf-4f51-ab24-c065ec67be24 (type: security_groups) to 1
2026-05-12 07:09:48.131 9 INFO neutron.db.ovn_revision_numbers_db [None req-8e28aabb-0d2a-4b5c-9a39-6a3baf04edab fd6baac89f954a33bae9dc16520b6682 4ea77dfc919c498aa9ed65b1665bb9ae - - default default] Successfully bumped revision number for resource 6b1fb4df-b407-427d-93e5-157d1ae9fb81 (type: security_group_rules) to 0
2026-05-12 07:09:48.150 9 INFO neutron.db.ovn_revision_numbers_db [None req-8e28aabb-0d2a-4b5c-9a39-6a3baf04edab fd6baac89f954a33bae9dc16520b6682 4ea77dfc919c498aa9ed65b1665bb9ae - - default default] Successfully bumped revision number for resource b2c46e73-8793-42fe-8793-1399ae9dcd18 (type: security_group_rules) to 0
2026-05-12 07:09:48.164 9 INFO neutron.db.ovn_revision_numbers_db [None req-8e28aabb-0d2a-4b5c-9a39-6a3baf04edab fd6baac89f954a33bae9dc16520b6682 4ea77dfc919c498aa9ed65b1665bb9ae - - default default] Successfully bumped revision number for resource d8152110-048b-4143-a4b9-29e363640504 (type: security_group_rules) to 0
2026-05-12 07:09:48.177 9 INFO neutron.db.ovn_revision_numbers_db [None req-8e28aabb-0d2a-4b5c-9a39-6a3baf04edab fd6baac89f954a33bae9dc16520b6682 4ea77dfc919c498aa9ed65b1665bb9ae - - default default] Successfully bumped revision number for resource dca66259-b49a-44dc-b94c-d46fc2e17e05 (type: security_group_rules) to 0
2026-05-12 07:09:48.199 9 INFO neutron.wsgi [None req-8e28aabb-0d2a-4b5c-9a39-6a3baf04edab fd6baac89f954a33bae9dc16520b6682 4ea77dfc919c498aa9ed65b1665bb9ae - - default default] 10.0.0.89 "GET /v2.0/security-groups?tenant_id=c64d1e34e528442e8f4b112da04a0ac9&name=default HTTP/1.1" status: 200 len: 3000 time: 0.2092988
2026-05-12 07:09:48.412 9 INFO neutron.wsgi [None req-b5c93136-0682-4607-a24c-145b92de5d04 fd6baac89f954a33bae9dc16520b6682 4ea77dfc919c498aa9ed65b1665bb9ae - - default default] 10.0.0.89 "DELETE /v2.0/security-groups/30303889-8bcf-4f51-ab24-c065ec67be24 HTTP/1.1" status: 204 len: 168 time: 0.2077043
2026-05-12 07:09:51.262 10 INFO neutron.wsgi [None req-9b2814a8-ecd7-4a37-ba0d-ec6df1622199 fd6baac89f954a33bae9dc16520b6682 4ea77dfc919c498aa9ed65b1665bb9ae - - default default] 10.0.0.89 "GET /v2.0/networks HTTP/1.1" status: 200 len: 2369 time: 0.2849102
2026-05-12 07:09:51.745 10 INFO neutron.wsgi [-] 10.0.0.42 "GET / HTTP/1.1" status: 200 len: 247 time: 0.0014184
2026-05-12 07:09:51.747 9 INFO neutron.wsgi [-] 10.0.0.42 "GET / HTTP/1.1" status: 200 len: 247 time: 0.0028067
2026-05-12 07:09:52.431 9 INFO neutron.wsgi [None req-15308fef-1fa5-41fa-9f2e-b21f411ce87d fd6baac89f954a33bae9dc16520b6682 4ea77dfc919c498aa9ed65b1665bb9ae - - default default] 10.0.0.89 "GET /v2.0/floatingips HTTP/1.1" status: 200 len: 212 time: 0.0231774
2026-05-12 07:09:52.462 9 INFO neutron.wsgi [None req-5d8616a9-151a-4622-ba4c-722633e16d80 fd6baac89f954a33bae9dc16520b6682 4ea77dfc919c498aa9ed65b1665bb9ae - - default default] 10.0.0.89 "GET /v2.0/routers HTTP/1.1" status: 200 len: 208 time: 0.0259967
2026-05-12 07:09:52.508 9 INFO neutron.wsgi [None req-ad7a6fec-68bf-441a-840a-ac79a4b1f25a fd6baac89f954a33bae9dc16520b6682 4ea77dfc919c498aa9ed65b1665bb9ae - - default default] 10.0.0.89 "GET /v2.0/ports HTTP/1.1" status: 200 len: 5366 time: 0.0393527
2026-05-12 07:09:52.548 9 INFO neutron.wsgi [None req-a27b9959-1e4e-4276-a697-fd5f72d1fe59 fd6baac89f954a33bae9dc16520b6682 4ea77dfc919c498aa9ed65b1665bb9ae - - default default] 10.0.0.89 "GET /v2.0/subnets HTTP/1.1" status: 200 len: 1456 time: 0.0347705
2026-05-12 07:09:52.624 9 INFO neutron.wsgi [None req-667fb4a3-d5b5-4dec-a9d7-d521f78defbb fd6baac89f954a33bae9dc16520b6682 4ea77dfc919c498aa9ed65b1665bb9ae - - default default] 10.0.0.89 "GET /v2.0/networks HTTP/1.1" status: 200 len: 2369 time: 0.0701261
2026-05-12 07:09:52.685 10 INFO neutron.wsgi [None req-6ec7e7e6-a07f-4169-884a-2763ed87e74a fd6baac89f954a33bae9dc16520b6682 4ea77dfc919c498aa9ed65b1665bb9ae - - default default] 10.0.0.89 "GET /v2.0/security-groups HTTP/1.1" status: 200 len: 16818 time: 0.0552018
2026-05-12 07:09:52.701 10 INFO neutron.wsgi [None req-c7c526d2-de3c-4b7b-96f9-9568a693ec17 fd6baac89f954a33bae9dc16520b6682 4ea77dfc919c498aa9ed65b1665bb9ae - - default default] 10.0.0.89 "GET /v2.0/subnetpools HTTP/1.1" status: 200 len: 212 time: 0.0108075
2026-05-12 07:10:06.746 10 INFO neutron.wsgi [-] 10.0.0.42 "GET / HTTP/1.1" status: 200 len: 247 time: 0.0020015
2026-05-12 07:10:06.749 10 INFO neutron.wsgi [-] 10.0.0.42 "GET / HTTP/1.1" status: 200 len: 247 time: 0.0017254
2026-05-12 07:10:08.924 9 INFO neutron.wsgi [None req-d5c84029-a48a-4f19-abbc-949b52f07c3c fd6baac89f954a33bae9dc16520b6682 4ea77dfc919c498aa9ed65b1665bb9ae - - default default] 10.0.0.74 "GET /v2.0/subnets HTTP/1.1" status: 200 len: 1437 time: 0.0876315
2026-05-12 07:10:08.943 9 INFO neutron.wsgi [None req-f20bf3a2-ba3a-4a3d-b075-d09f10903b85 fd6baac89f954a33bae9dc16520b6682 4ea77dfc919c498aa9ed65b1665bb9ae - - default default] 10.0.0.74 "GET /v2.0/floatingips HTTP/1.1" status: 200 len: 193 time: 0.0176582
2026-05-12 07:10:09.009 9 INFO neutron.wsgi [None req-5069b339-0c38-4c77-80bb-b47192badeaf fd6baac89f954a33bae9dc16520b6682 4ea77dfc919c498aa9ed65b1665bb9ae - - default default] 10.0.0.74 "GET /v2.0/networks HTTP/1.1" status: 200 len: 2350 time: 0.0657654
2026-05-12 07:10:09.038 9 INFO neutron.wsgi [None req-1662d4b0-8183-4d1a-9b0b-d0ab475f68d4 fd6baac89f954a33bae9dc16520b6682 4ea77dfc919c498aa9ed65b1665bb9ae - - default default] 10.0.0.74 "GET /v2.0/routers HTTP/1.1" status: 200 len: 189 time: 0.0243223
2026-05-12 07:10:09.067 9 INFO neutron.wsgi [None req-361017c0-7192-447d-a210-4e3fbfade0e2 fd6baac89f954a33bae9dc16520b6682 4ea77dfc919c498aa9ed65b1665bb9ae - - default default] 10.0.0.74 "GET /v2.0/agents?binary=ovn-controller HTTP/1.1" status: 200 len: 591 time: 0.0277562
2026-05-12 07:10:09.081 9 INFO neutron.wsgi [None req-69f7e93e-5162-48ae-8e07-89d2d65b6031 fd6baac89f954a33bae9dc16520b6682 4ea77dfc919c498aa9ed65b1665bb9ae - - default default] 10.0.0.74 "GET /v2.0/agents HTTP/1.1" status: 200 len: 997 time: 0.0129161
2026-05-12 07:10:09.114 9 INFO neutron.wsgi [None req-efa6e2bc-f34b-45e7-95f2-1ab99f59e748 fd6baac89f954a33bae9dc16520b6682 4ea77dfc919c498aa9ed65b1665bb9ae - - default default] 10.0.0.74 "GET /v2.0/subnets HTTP/1.1" status: 200 len: 1437 time: 0.0329499
2026-05-12 07:10:09.124 9 INFO neutron.wsgi [None req-96040a6f-82ec-4583-ac50-8c485a136567 fd6baac89f954a33bae9dc16520b6682 4ea77dfc919c498aa9ed65b1665bb9ae - - default default] 10.0.0.74 "GET /v2.0/subnetpools HTTP/1.1" status: 200 len: 193 time: 0.0086071
2026-05-12 07:10:09.135 9 INFO neutron.wsgi [None req-6a25ffa4-2197-4489-95cc-ff836e074c5b fd6baac89f954a33bae9dc16520b6682 4ea77dfc919c498aa9ed65b1665bb9ae - - default default] 10.0.0.74 "GET /v2.0/network-ip-availabilities HTTP/1.1" status: 200 len: 1280 time: 0.0097322
2026-05-12 07:10:09.172 9 INFO neutron.wsgi [None req-4fbb93e6-dad2-45e3-9a71-fae1a36674ce fd6baac89f954a33bae9dc16520b6682 4ea77dfc919c498aa9ed65b1665bb9ae - - default default] 10.0.0.74 "GET /v2.0/ports HTTP/1.1" status: 200 len: 5347 time: 0.0359910
2026-05-12 07:10:09.233 9 INFO neutron.wsgi [None req-127314af-02a6-4fbc-b915-07236e96974c fd6baac89f954a33bae9dc16520b6682 4ea77dfc919c498aa9ed65b1665bb9ae - - default default] 10.0.0.74 "GET /v2.0/security-groups HTTP/1.1" status: 200 len: 16799 time: 0.0593023
2026-05-12 07:10:21.745 10 INFO neutron.wsgi [-] 10.0.0.42 "GET / HTTP/1.1" status: 200 len: 247 time: 0.0014575
2026-05-12 07:10:21.746 9 INFO neutron.wsgi [-] 10.0.0.42 "GET / HTTP/1.1" status: 200 len: 247 time: 0.0020213
2026-05-12 07:10:36.745 9 INFO neutron.wsgi [-] 10.0.0.42 "GET / HTTP/1.1" status: 200 len: 247 time: 0.0019081
2026-05-12 07:10:36.745 10 INFO neutron.wsgi [-] 10.0.0.42 "GET / HTTP/1.1" status: 200 len: 247 time: 0.0018737
2026-05-12 07:10:51.746 10 INFO neutron.wsgi [-] 10.0.0.42 "GET / HTTP/1.1" status: 200 len: 247 time: 0.0019565
2026-05-12 07:10:51.749 9 INFO neutron.wsgi [-] 10.0.0.42 "GET / HTTP/1.1" status: 200 len: 247 time: 0.0042045
2026-05-12 07:11:06.746 9 INFO neutron.wsgi [-] 10.0.0.42 "GET / HTTP/1.1" status: 200 len: 247 time: 0.0017781
2026-05-12 07:11:06.747 10 INFO neutron.wsgi [-] 10.0.0.42 "GET / HTTP/1.1" status: 200 len: 247 time: 0.0029600
2026-05-12 07:11:08.944 9 INFO neutron.wsgi [None req-ae05d796-4def-4691-afa8-aa7f646d7c2f fd6baac89f954a33bae9dc16520b6682 4ea77dfc919c498aa9ed65b1665bb9ae - - default default] 10.0.0.74 "GET /v2.0/security-groups HTTP/1.1" status: 200 len: 16799 time: 0.1048756
2026-05-12 07:11:08.986 9 INFO neutron.wsgi [None req-fca14e34-f8bb-47e4-abcd-cb2a03c92a6f fd6baac89f954a33bae9dc16520b6682 4ea77dfc919c498aa9ed65b1665bb9ae - - default default] 10.0.0.74 "GET /v2.0/subnets HTTP/1.1" status: 200 len: 1437 time: 0.0385065
2026-05-12 07:11:09.008 9 INFO neutron.wsgi [None req-252ffeb7-0e42-430a-884f-5c1f1c33f7c7 fd6baac89f954a33bae9dc16520b6682 4ea77dfc919c498aa9ed65b1665bb9ae - - default default] 10.0.0.74 "GET /v2.0/routers HTTP/1.1" status: 200 len: 189 time: 0.0206144
2026-05-12 07:11:09.038 9 INFO neutron.wsgi [None req-4826a9bf-d0ca-4f69-8a77-8af6b2a14486 fd6baac89f954a33bae9dc16520b6682 4ea77dfc919c498aa9ed65b1665bb9ae - - default default] 10.0.0.74 "GET /v2.0/agents?binary=ovn-controller HTTP/1.1" status: 200 len: 591 time: 0.0296242
2026-05-12 07:11:09.067 9 INFO neutron.wsgi [None req-214653e4-64c1-4655-9e40-9966b6351b17 fd6baac89f954a33bae9dc16520b6682 4ea77dfc919c498aa9ed65b1665bb9ae - - default default] 10.0.0.74 "GET /v2.0/subnets HTTP/1.1" status: 200 len: 1437 time: 0.0284696
2026-05-12 07:11:09.080 9 INFO neutron.wsgi [None req-0f66e896-db23-47d1-8ebd-35aa7ece2d57 fd6baac89f954a33bae9dc16520b6682 4ea77dfc919c498aa9ed65b1665bb9ae - - default default] 10.0.0.74 "GET /v2.0/subnetpools HTTP/1.1" status: 200 len: 193 time: 0.0110729
2026-05-12 07:11:09.151 9 INFO neutron.wsgi [None req-0f36e623-1fd7-4ae3-9140-94ebd5aea238 fd6baac89f954a33bae9dc16520b6682 4ea77dfc919c498aa9ed65b1665bb9ae - - default default] 10.0.0.74 "GET /v2.0/networks HTTP/1.1" status: 200 len: 2350 time: 0.0707440
2026-05-12 07:11:09.172 9 INFO neutron.wsgi [None req-548ca486-230f-4c40-b982-5c7971acb9c6 fd6baac89f954a33bae9dc16520b6682 4ea77dfc919c498aa9ed65b1665bb9ae - - default default] 10.0.0.74 "GET /v2.0/floatingips HTTP/1.1" status: 200 len: 193 time: 0.0190909
2026-05-12 07:11:09.182 9 INFO neutron.wsgi [None req-acf59fcb-0767-45d2-b589-8ea4088162d4 fd6baac89f954a33bae9dc16520b6682 4ea77dfc919c498aa9ed65b1665bb9ae - - default default] 10.0.0.74 "GET /v2.0/agents HTTP/1.1" status: 200 len: 997 time: 0.0102320
2026-05-12 07:11:09.192 9 INFO neutron.wsgi [None req-8d0f5bec-fa39-4376-b1fe-b45aabde881c fd6baac89f954a33bae9dc16520b6682 4ea77dfc919c498aa9ed65b1665bb9ae - - default default] 10.0.0.74 "GET /v2.0/network-ip-availabilities HTTP/1.1" status: 200 len: 1280 time: 0.0090034
2026-05-12 07:11:09.240 9 INFO neutron.wsgi [None req-8d9a06e9-9cfc-45d6-b918-f80a1db8078a fd6baac89f954a33bae9dc16520b6682 4ea77dfc919c498aa9ed65b1665bb9ae - - default default] 10.0.0.74 "GET /v2.0/ports HTTP/1.1" status: 200 len: 5347 time: 0.0467753
2026-05-12 07:11:21.746 10 INFO neutron.wsgi [-] 10.0.0.42 "GET / HTTP/1.1" status: 200 len: 247 time: 0.0017524
2026-05-12 07:11:21.746 9 INFO neutron.wsgi [-] 10.0.0.42 "GET / HTTP/1.1" status: 200 len: 247 time: 0.0021834
2026-05-12 07:11:36.752 10 INFO neutron.wsgi [-] 10.0.0.42 "GET / HTTP/1.1" status: 200 len: 247 time: 0.0022407
2026-05-12 07:11:36.754 10 INFO neutron.wsgi [-] 10.0.0.42 "GET / HTTP/1.1" status: 200 len: 247 time: 0.0011930
2026-05-12 07:11:51.745 9 INFO neutron.wsgi [-] 10.0.0.42 "GET / HTTP/1.1" status: 200 len: 247 time: 0.0013967
2026-05-12 07:11:51.745 10 INFO neutron.wsgi [-] 10.0.0.42 "GET / HTTP/1.1" status: 200 len: 247 time: 0.0020158
2026-05-12 07:12:06.746 9 INFO neutron.wsgi [-] 10.0.0.42 "GET / HTTP/1.1" status: 200 len: 247 time: 0.0024199
2026-05-12 07:12:06.747 10 INFO neutron.wsgi [-] 10.0.0.42 "GET / HTTP/1.1" status: 200 len: 247 time: 0.0026646
2026-05-12 07:12:08.981 9 INFO neutron.wsgi [None req-794d8208-1b62-4423-95fb-b5a7c9a69012 fd6baac89f954a33bae9dc16520b6682 4ea77dfc919c498aa9ed65b1665bb9ae - - default default] 10.0.0.74 "GET /v2.0/subnets HTTP/1.1" status: 200 len: 1437 time: 0.1031752
2026-05-12 07:12:09.011 9 INFO neutron.wsgi [None req-830fbd43-e297-41b8-ab4c-bf9e6c8ba615 fd6baac89f954a33bae9dc16520b6682 4ea77dfc919c498aa9ed65b1665bb9ae - - default default] 10.0.0.74 "GET /v2.0/subnetpools HTTP/1.1" status: 200 len: 193 time: 0.0285957
2026-05-12 07:12:09.039 9 INFO neutron.wsgi [None req-a30b7b39-bbae-47b0-9262-4ad5d201494b fd6baac89f954a33bae9dc16520b6682 4ea77dfc919c498aa9ed65b1665bb9ae - - default default] 10.0.0.74 "GET /v2.0/floatingips HTTP/1.1" status: 200 len: 193 time: 0.0277605
2026-05-12 07:12:09.078 9 INFO neutron.wsgi [None req-f06e1411-67c6-46ba-bab9-fa89b419eec5 fd6baac89f954a33bae9dc16520b6682 4ea77dfc919c498aa9ed65b1665bb9ae - - default default] 10.0.0.74 "GET /v2.0/subnets HTTP/1.1" status: 200 len: 1437 time: 0.0383480
2026-05-12 07:12:09.113 9 INFO neutron.wsgi [None req-5d593375-f4e0-4b61-b74e-753e25042914 fd6baac89f954a33bae9dc16520b6682 4ea77dfc919c498aa9ed65b1665bb9ae - - default default] 10.0.0.74 "GET /v2.0/ports HTTP/1.1" status: 200 len: 5347 time: 0.0333509
2026-05-12 07:12:09.200 9 INFO neutron.wsgi [None req-3e8564db-0c65-45d4-bb50-209a7d9f0324 fd6baac89f954a33bae9dc16520b6682 4ea77dfc919c498aa9ed65b1665bb9ae - - default default] 10.0.0.74 "GET /v2.0/networks HTTP/1.1" status: 200 len: 2350 time: 0.0835843
2026-05-12 07:12:09.220 9 INFO neutron.wsgi [None req-d341d04f-65d1-4fad-8516-a3d443285b2b fd6baac89f954a33bae9dc16520b6682 4ea77dfc919c498aa9ed65b1665bb9ae - - default default] 10.0.0.74 "GET /v2.0/network-ip-availabilities HTTP/1.1" status: 200 len: 1280 time: 0.0148120
2026-05-12 07:12:09.279 9 INFO neutron.wsgi [None req-a9ec28f8-0332-4445-a39c-a489efe259d6 fd6baac89f954a33bae9dc16520b6682 4ea77dfc919c498aa9ed65b1665bb9ae - - default default] 10.0.0.74 "GET /v2.0/security-groups HTTP/1.1" status: 200 len: 16799 time: 0.0582099
2026-05-12 07:12:09.307 9 INFO neutron.wsgi [None req-0f6b4aa2-bef7-4d25-a5a7-0401327cafd2 fd6baac89f954a33bae9dc16520b6682 4ea77dfc919c498aa9ed65b1665bb9ae - - default default] 10.0.0.74 "GET /v2.0/routers HTTP/1.1" status: 200 len: 189 time: 0.0241516
2026-05-12 07:12:09.348 9 INFO neutron.wsgi [None req-639d4460-aaf5-473a-976e-d41f360f399a fd6baac89f954a33bae9dc16520b6682 4ea77dfc919c498aa9ed65b1665bb9ae - - default default] 10.0.0.74 "GET /v2.0/agents?binary=ovn-controller HTTP/1.1" status: 200 len: 591 time: 0.0405400
2026-05-12 07:12:09.361 9 INFO neutron.wsgi [None req-bbcc06f1-8771-49de-a040-d0b5afe1456d fd6baac89f954a33bae9dc16520b6682 4ea77dfc919c498aa9ed65b1665bb9ae - - default default] 10.0.0.74 "GET /v2.0/agents HTTP/1.1" status: 200 len: 997 time: 0.0113671
2026-05-12 07:12:21.746 10 INFO neutron.wsgi [-] 10.0.0.42 "GET / HTTP/1.1" status: 200 len: 247 time: 0.0018685
2026-05-12 07:12:21.746 9 INFO neutron.wsgi [-] 10.0.0.42 "GET / HTTP/1.1" status: 200 len: 247 time: 0.0018599
2026-05-12 07:12:36.747 10 INFO neutron.wsgi [-] 10.0.0.42 "GET / HTTP/1.1" status: 200 len: 247 time: 0.0025585
2026-05-12 07:12:36.747 9 INFO neutron.wsgi [-] 10.0.0.42 "GET / HTTP/1.1" status: 200 len: 247 time: 0.0025337
2026-05-12 07:12:51.747 10 INFO neutron.wsgi [-] 10.0.0.42 "GET / HTTP/1.1" status: 200 len: 247 time: 0.0035419
2026-05-12 07:12:51.748 9 INFO neutron.wsgi [-] 10.0.0.42 "GET / HTTP/1.1" status: 200 len: 247 time: 0.0043306
2026-05-12 07:13:06.746 10 INFO neutron.wsgi [-] 10.0.0.42 "GET / HTTP/1.1" status: 200 len: 247 time: 0.0023434
2026-05-12 07:13:06.747 9 INFO neutron.wsgi [-] 10.0.0.42 "GET / HTTP/1.1" status: 200 len: 247 time: 0.0030935
2026-05-12 07:13:09.018 9 INFO neutron.wsgi [None req-229af869-7d37-4f9f-b3f5-006056a7bc6a fd6baac89f954a33bae9dc16520b6682 4ea77dfc919c498aa9ed65b1665bb9ae - - default default] 10.0.0.74 "GET /v2.0/networks HTTP/1.1" status: 200 len: 2350 time: 0.1314752
2026-05-12 07:13:09.051 9 INFO neutron.wsgi [None req-9399ea9b-b32d-424e-8d1d-23f8f4a03d97 fd6baac89f954a33bae9dc16520b6682 4ea77dfc919c498aa9ed65b1665bb9ae - - default default] 10.0.0.74 "GET /v2.0/agents HTTP/1.1" status: 200 len: 997 time: 0.0313227
2026-05-12 07:13:09.068 9 INFO neutron.wsgi [None req-85b3c4b9-f331-4094-b17d-a7c2086384e0 fd6baac89f954a33bae9dc16520b6682 4ea77dfc919c498aa9ed65b1665bb9ae - - default default] 10.0.0.74 "GET /v2.0/floatingips HTTP/1.1" status: 200 len: 193 time: 0.0165370
2026-05-12 07:13:09.100 9 INFO neutron.wsgi [None req-68522a79-8198-4092-a3a5-ee0799c51b89 fd6baac89f954a33bae9dc16520b6682 4ea77dfc919c498aa9ed65b1665bb9ae - - default default] 10.0.0.74 "GET /v2.0/subnets HTTP/1.1" status: 200 len: 1437 time: 0.0297658
2026-05-12 07:13:09.110 9 INFO neutron.wsgi [None req-59eb8a8e-f81a-48b2-8ca2-317587484179 fd6baac89f954a33bae9dc16520b6682 4ea77dfc919c498aa9ed65b1665bb9ae - - default default] 10.0.0.74 "GET /v2.0/subnetpools HTTP/1.1" status: 200 len: 193 time: 0.0091920
2026-05-12 07:13:09.175 9 INFO neutron.wsgi [None req-1d1d6396-ab87-46b7-a5ad-b78770c3640c fd6baac89f954a33bae9dc16520b6682 4ea77dfc919c498aa9ed65b1665bb9ae - - default default] 10.0.0.74 "GET /v2.0/security-groups HTTP/1.1" status: 200 len: 16799 time: 0.0631380
2026-05-12 07:13:09.227 9 INFO neutron.wsgi [None req-b32fe41f-24d0-4bba-9696-9f80061f750a fd6baac89f954a33bae9dc16520b6682 4ea77dfc919c498aa9ed65b1665bb9ae - - default default] 10.0.0.74 "GET /v2.0/ports HTTP/1.1" status: 200 len: 5347 time: 0.0456471
2026-05-12 07:13:09.252 9 INFO neutron.wsgi [None req-5a256bfa-0d58-4165-a850-d4f6697c13a5 fd6baac89f954a33bae9dc16520b6682 4ea77dfc919c498aa9ed65b1665bb9ae - - default default] 10.0.0.74 "GET /v2.0/routers HTTP/1.1" status: 200 len: 189 time: 0.0220230
2026-05-12 07:13:09.265 9 INFO neutron.wsgi [None req-54cd4fa3-67b6-4000-9d0f-cae883619e90 fd6baac89f954a33bae9dc16520b6682 4ea77dfc919c498aa9ed65b1665bb9ae - - default default] 10.0.0.74 "GET /v2.0/agents?binary=ovn-controller HTTP/1.1" status: 200 len: 591 time: 0.0112870
2026-05-12 07:13:09.307 9 INFO neutron.wsgi [None req-403ac30b-4ba4-4bb3-b56b-9a0d004d63ea fd6baac89f954a33bae9dc16520b6682 4ea77dfc919c498aa9ed65b1665bb9ae - - default default] 10.0.0.74 "GET /v2.0/subnets HTTP/1.1" status: 200 len: 1437 time: 0.0417390
2026-05-12 07:13:09.322 9 INFO neutron.wsgi [None req-8869b3f0-eac4-4dbe-98de-cc0a71df1349 fd6baac89f954a33bae9dc16520b6682 4ea77dfc919c498aa9ed65b1665bb9ae - - default default] 10.0.0.74 "GET /v2.0/network-ip-availabilities HTTP/1.1" status: 200 len: 1280 time: 0.0130544
2026-05-12 07:13:21.746 9 INFO neutron.wsgi [-] 10.0.0.42 "GET / HTTP/1.1" status: 200 len: 247 time: 0.0017633
2026-05-12 07:13:21.748 10 INFO neutron.wsgi [-] 10.0.0.42 "GET / HTTP/1.1" status: 200 len: 247 time: 0.0031033
2026-05-12 07:13:36.746 9 INFO neutron.wsgi [-] 10.0.0.42 "GET / HTTP/1.1" status: 200 len: 247 time: 0.0017025
2026-05-12 07:13:36.747 10 INFO neutron.wsgi [-] 10.0.0.42 "GET / HTTP/1.1" status: 200 len: 247 time: 0.0028417
2026-05-12 07:13:51.746 10 INFO neutron.wsgi [-] 10.0.0.42 "GET / HTTP/1.1" status: 200 len: 247 time: 0.0020957
2026-05-12 07:13:51.747 9 INFO neutron.wsgi [-] 10.0.0.42 "GET / HTTP/1.1" status: 200 len: 247 time: 0.0018914
2026-05-12 07:14:06.748 10 INFO neutron.wsgi [-] 10.0.0.42 "GET / HTTP/1.1" status: 200 len: 247 time: 0.0031309
2026-05-12 07:14:06.747 9 INFO neutron.wsgi [-] 10.0.0.42 "GET / HTTP/1.1" status: 200 len: 247 time: 0.0028799
2026-05-12 07:14:08.969 9 INFO neutron.wsgi [None req-2e20e8e7-78e6-43bf-bc8f-36fcdf9e5aef fd6baac89f954a33bae9dc16520b6682 4ea77dfc919c498aa9ed65b1665bb9ae - - default default] 10.0.0.74 "GET /v2.0/subnets HTTP/1.1" status: 200 len: 1437 time: 0.1256464
2026-05-12 07:14:08.999 9 INFO neutron.wsgi [None req-3be61435-ebe3-4125-a9da-320359c5d920 fd6baac89f954a33bae9dc16520b6682 4ea77dfc919c498aa9ed65b1665bb9ae - - default default] 10.0.0.74 "GET /v2.0/routers HTTP/1.1" status: 200 len: 189 time: 0.0282397
2026-05-12 07:14:09.033 9 INFO neutron.wsgi [None req-72926189-dd2a-49f6-873b-6a7c62656018 fd6baac89f954a33bae9dc16520b6682 4ea77dfc919c498aa9ed65b1665bb9ae - - default default] 10.0.0.74 "GET /v2.0/agents?binary=ovn-controller HTTP/1.1" status: 200 len: 591 time: 0.0339181
2026-05-12 07:14:09.082 9 INFO neutron.wsgi [None req-e331168c-6a47-4175-adcb-3f8ad10ba535 fd6baac89f954a33bae9dc16520b6682 4ea77dfc919c498aa9ed65b1665bb9ae - - default default] 10.0.0.74 "GET /v2.0/subnets HTTP/1.1" status: 200 len: 1437 time: 0.0480976
2026-05-12 07:14:09.095 9 INFO neutron.wsgi [None req-af79bb38-6230-45dd-87a4-95acf534a9d4 fd6baac89f954a33bae9dc16520b6682 4ea77dfc919c498aa9ed65b1665bb9ae - - default default] 10.0.0.74 "GET /v2.0/subnetpools HTTP/1.1" status: 200 len: 193 time: 0.0117640
2026-05-12 07:14:09.126 9 INFO neutron.wsgi [None req-a4d305eb-374a-455e-a099-df76e45a8833 fd6baac89f954a33bae9dc16520b6682 4ea77dfc919c498aa9ed65b1665bb9ae - - default default] 10.0.0.74 "GET /v2.0/floatingips HTTP/1.1" status: 200 len: 193 time: 0.0310287
2026-05-12 07:14:09.194 9 INFO neutron.wsgi [None req-64e45d27-a364-4bae-b8b7-09ff9e6ea783 fd6baac89f954a33bae9dc16520b6682 4ea77dfc919c498aa9ed65b1665bb9ae - - default default] 10.0.0.74 "GET /v2.0/networks HTTP/1.1" status: 200 len: 2350 time: 0.0664721
2026-05-12 07:14:09.240 9 INFO neutron.wsgi [None req-d867bc1f-6bd6-4a53-a220-6a18a8195393 fd6baac89f954a33bae9dc16520b6682 4ea77dfc919c498aa9ed65b1665bb9ae - - default default] 10.0.0.74 "GET /v2.0/ports HTTP/1.1" status: 200 len: 5347 time: 0.0430889
2026-05-12 07:14:09.256 9 INFO neutron.wsgi [None req-cb12c9b4-fa25-4c8c-bf08-3ee6f572fae3 fd6baac89f954a33bae9dc16520b6682 4ea77dfc919c498aa9ed65b1665bb9ae - - default default] 10.0.0.74 "GET /v2.0/agents HTTP/1.1" status: 200 len: 997 time: 0.0114348
2026-05-12 07:14:09.272 9 INFO neutron.wsgi [None req-89de90bd-2761-4245-8ce9-bbfc52e2f122 fd6baac89f954a33bae9dc16520b6682 4ea77dfc919c498aa9ed65b1665bb9ae - - default default] 10.0.0.74 "GET /v2.0/network-ip-availabilities HTTP/1.1" status: 200 len: 1280 time: 0.0157695
2026-05-12 07:14:09.315 9 INFO neutron.wsgi [None req-268df03e-5d06-4b9e-a862-52501adf9f05 fd6baac89f954a33bae9dc16520b6682 4ea77dfc919c498aa9ed65b1665bb9ae - - default default] 10.0.0.74 "GET /v2.0/security-groups HTTP/1.1" status: 200 len: 16799 time: 0.0417175
2026-05-12 07:14:21.745 9 INFO neutron.wsgi [-] 10.0.0.42 "GET / HTTP/1.1" status: 200 len: 247 time: 0.0017285
2026-05-12 07:14:21.751 10 INFO neutron.wsgi [-] 10.0.0.42 "GET / HTTP/1.1" status: 200 len: 247 time: 0.0066612
2026-05-12 07:14:36.745 9 INFO neutron.wsgi [-] 10.0.0.42 "GET / HTTP/1.1" status: 200 len: 247 time: 0.0018201
2026-05-12 07:14:36.747 10 INFO neutron.wsgi [-] 10.0.0.42 "GET / HTTP/1.1" status: 200 len: 247 time: 0.0029685
2026-05-12 07:14:45.473 15 INFO neutron.plugins.ml2.drivers.ovn.mech_driver.ovsdb.maintenance [None req-736c81c7-8ace-4489-a331-5604f1a911ea - - - - - -] Maintenance task: Synchronization finished (took 0.08 seconds)
2026-05-12 07:14:51.745 10 INFO neutron.wsgi [-] 10.0.0.42 "GET / HTTP/1.1" status: 200 len: 247 time: 0.0014434
2026-05-12 07:14:51.752 9 INFO neutron.wsgi [-] 10.0.0.42 "GET / HTTP/1.1" status: 200 len: 247 time: 0.0079207
2026-05-12 07:15:06.745 10 INFO neutron.wsgi [-] 10.0.0.42 "GET / HTTP/1.1" status: 200 len: 247 time: 0.0017405
2026-05-12 07:15:06.746 9 INFO neutron.wsgi [-] 10.0.0.42 "GET / HTTP/1.1" status: 200 len: 247 time: 0.0025184
2026-05-12 07:15:08.981 9 INFO neutron.wsgi [None req-dbdbcee4-faab-4b3c-9427-c19dc528e501 fd6baac89f954a33bae9dc16520b6682 4ea77dfc919c498aa9ed65b1665bb9ae - - default default] 10.0.0.74 "GET /v2.0/floatingips HTTP/1.1" status: 200 len: 193 time: 0.1225860
2026-05-12 07:15:09.051 9 INFO neutron.wsgi [None req-46db61ad-f6cc-401a-a233-130e0bc65b08 fd6baac89f954a33bae9dc16520b6682 4ea77dfc919c498aa9ed65b1665bb9ae - - default default] 10.0.0.74 "GET /v2.0/networks HTTP/1.1" status: 200 len: 2350 time: 0.0694351
2026-05-12 07:15:09.101 9 INFO neutron.wsgi [None req-b20c96fd-195f-4bcb-aef8-6b244b280d41 fd6baac89f954a33bae9dc16520b6682 4ea77dfc919c498aa9ed65b1665bb9ae - - default default] 10.0.0.74 "GET /v2.0/security-groups HTTP/1.1" status: 200 len: 16799 time: 0.0472529
2026-05-12 07:15:09.119 9 INFO neutron.wsgi [None req-bb0b6dd6-1bac-42ad-9b44-2179e986608d fd6baac89f954a33bae9dc16520b6682 4ea77dfc919c498aa9ed65b1665bb9ae - - default default] 10.0.0.74 "GET /v2.0/network-ip-availabilities HTTP/1.1" status: 200 len: 1280 time: 0.0125580
2026-05-12 07:15:09.157 9 INFO neutron.wsgi [None req-2f07c127-84c4-420b-8adb-f89485133aaf fd6baac89f954a33bae9dc16520b6682 4ea77dfc919c498aa9ed65b1665bb9ae - - default default] 10.0.0.74 "GET /v2.0/subnets HTTP/1.1" status: 200 len: 1437 time: 0.0372686
2026-05-12 07:15:09.193 9 INFO neutron.wsgi [None req-b130a0b8-b6f4-4688-a746-0c1cc1f2c66b fd6baac89f954a33bae9dc16520b6682 4ea77dfc919c498aa9ed65b1665bb9ae - - default default] 10.0.0.74 "GET /v2.0/ports HTTP/1.1" status: 200 len: 5347 time: 0.0349929
2026-05-12 07:15:09.234 9 INFO neutron.wsgi [None req-c495c22a-dbd3-49bb-a15e-31fa0ca6f074 fd6baac89f954a33bae9dc16520b6682 4ea77dfc919c498aa9ed65b1665bb9ae - - default default] 10.0.0.74 "GET /v2.0/subnets HTTP/1.1" status: 200 len: 1437 time: 0.0354624
2026-05-12 07:15:09.244 9 INFO neutron.wsgi [None req-174eda5a-bbc7-4319-a522-bd748bdc1bc5 fd6baac89f954a33bae9dc16520b6682 4ea77dfc919c498aa9ed65b1665bb9ae - - default default] 10.0.0.74 "GET /v2.0/subnetpools HTTP/1.1" status: 200 len: 193 time: 0.0084572
2026-05-12 07:15:09.282 9 INFO neutron.wsgi [None req-c63987d4-2e9a-4a29-84fb-b37d2e2eda3a fd6baac89f954a33bae9dc16520b6682 4ea77dfc919c498aa9ed65b1665bb9ae - - default default] 10.0.0.74 "GET /v2.0/routers HTTP/1.1" status: 200 len: 189 time: 0.0372109
2026-05-12 07:15:09.326 9 INFO neutron.wsgi [None req-ce1dbc58-748a-4945-829f-8266c35d3ca1 fd6baac89f954a33bae9dc16520b6682 4ea77dfc919c498aa9ed65b1665bb9ae - - default default] 10.0.0.74 "GET /v2.0/agents?binary=ovn-controller HTTP/1.1" status: 200 len: 591 time: 0.0431809
2026-05-12 07:15:09.339 9 INFO neutron.wsgi [None req-569f903b-b16e-4f37-85a5-bda2ee232595 fd6baac89f954a33bae9dc16520b6682 4ea77dfc919c498aa9ed65b1665bb9ae - - default default] 10.0.0.74 "GET /v2.0/agents HTTP/1.1" status: 200 len: 997 time: 0.0125048
2026-05-12 07:15:21.746 10 INFO neutron.wsgi [-] 10.0.0.42 "GET / HTTP/1.1" status: 200 len: 247 time: 0.0019662
2026-05-12 07:15:21.747 9 INFO neutron.wsgi [-] 10.0.0.42 "GET / HTTP/1.1" status: 200 len: 247 time: 0.0023520