2026-05-12 07:05:06.387 10 INFO neutron.db.ovn_revision_numbers_db [None req-8fff4899-c922-4898-92e3-d43fa9d62b50 618dc8e5576d4b3cae9e9a867a46e53e 109a6a106a044702bac08e18e48fe413 - - default default] Successfully bumped revision number for resource 09964c29-abcb-4407-b834-fda0081841ad (type: networks) to 1
2026-05-12 07:05:06.561 9 INFO neutron.services.segments.plugin [-] Segment 301cd6af-4ad1-4ae5-99b6-015c844747a0 resource provider aggregate not found
2026-05-12 07:05:06.569 9 INFO neutron.services.segments.plugin [-] Segment 301cd6af-4ad1-4ae5-99b6-015c844747a0 resource provider aggregate not found
2026-05-12 07:05:06.587 9 INFO neutron.services.segments.plugin [-] Segment 301cd6af-4ad1-4ae5-99b6-015c844747a0 resource provider not found; error: Placement Client Error (4xx): {"errors": [{"status": 404, "title": "Not Found", "detail": "The resource could not be found.\n\n No resource provider with uuid 301cd6af-4ad1-4ae5-99b6-015c844747a0 found for delete ", "request_id": "req-f871bad6-e24d-443b-901d-7fb68f2238d6"}]}
2026-05-12 07:05:06.599 9 INFO neutron.services.segments.plugin [-] Segment 301cd6af-4ad1-4ae5-99b6-015c844747a0 resource provider not found; error: Placement Client Error (4xx): {"errors": [{"status": 404, "title": "Not Found", "detail": "The resource could not be found.\n\n No resource provider with uuid 301cd6af-4ad1-4ae5-99b6-015c844747a0 found for delete ", "request_id": "req-57ea4284-836f-48cf-bdd9-8958910a4d64"}]}
2026-05-12 07:05:06.621 9 INFO neutron.wsgi [None req-29a80adb-87ae-48b2-a5b2-8b42894a0d8d fd6baac89f954a33bae9dc16520b6682 4ea77dfc919c498aa9ed65b1665bb9ae - - default default] 10.0.0.89 "DELETE /v2.0/security-groups/c697a4fb-618e-40cc-a2b2-5443d101a587 HTTP/1.1" status: 204 len: 168 time: 0.3294010
2026-05-12 07:05:06.628 9 INFO neutron.wsgi [None req-64cfabd6-7f8f-43d5-82a5-55e8f52772e5 26b442d274674b85bcb50b19b75854bd 0eb702bbc06f44108024142dc1348093 - - default default] 10.0.0.89 "DELETE /v2.0/networks/b3911a2a-4e04-4148-8a76-62d6cf304e6a HTTP/1.1" status: 204 len: 168 time: 0.5289562
2026-05-12 07:05:06.649 10 WARNING neutron.scheduler.dhcp_agent_scheduler [None req-8fff4899-c922-4898-92e3-d43fa9d62b50 618dc8e5576d4b3cae9e9a867a46e53e 109a6a106a044702bac08e18e48fe413 - - default default] No more DHCP agents
2026-05-12 07:05:06.651 10 WARNING neutron.api.rpc.agentnotifiers.dhcp_rpc_agent_api [None req-8fff4899-c922-4898-92e3-d43fa9d62b50 618dc8e5576d4b3cae9e9a867a46e53e 109a6a106a044702bac08e18e48fe413 - - default default] Unable to schedule network 09964c29-abcb-4407-b834-fda0081841ad: no agents available; will retry on subsequent port and subnet creation events.
2026-05-12 07:05:06.746 9 INFO neutron.wsgi [-] 10.0.0.42 "GET / HTTP/1.1" status: 200 len: 247 time: 0.0015712
2026-05-12 07:05:06.748 9 INFO neutron.wsgi [-] 10.0.0.42 "GET / HTTP/1.1" status: 200 len: 247 time: 0.0013390
2026-05-12 07:05:06.755 9 INFO neutron.db.segments_db [None req-ec5bb296-beb1-4509-8038-f6bcd9c839d0 26b442d274674b85bcb50b19b75854bd 0eb702bbc06f44108024142dc1348093 - - default default] Added segment c1fa6965-8f7c-4435-a40f-695d357ff5e7 of type geneve for network c866b875-96c2-40cc-87d6-5f3294ce5182
2026-05-12 07:05:06.773 10 INFO neutron.db.ovn_revision_numbers_db [None req-8fff4899-c922-4898-92e3-d43fa9d62b50 618dc8e5576d4b3cae9e9a867a46e53e 109a6a106a044702bac08e18e48fe413 - - default default] Successfully bumped revision number for resource b4d1470e-a2f1-409d-8c0e-ae761927a87b (type: ports) to 1
2026-05-12 07:05:06.802 10 INFO neutron.wsgi [None req-8fff4899-c922-4898-92e3-d43fa9d62b50 618dc8e5576d4b3cae9e9a867a46e53e 109a6a106a044702bac08e18e48fe413 - - default default] 10.0.0.89 "POST /v2.0/networks HTTP/1.1" status: 201 len: 831 time: 1.2122400
2026-05-12 07:05:06.919 10 INFO neutron.db.segments_db [None req-4de1ea58-585f-4b02-a12c-d64fb8c88b01 618dc8e5576d4b3cae9e9a867a46e53e 109a6a106a044702bac08e18e48fe413 - - default default] Added segment 7af1739c-1b45-4dd8-a452-2c68cae48dd0 of type geneve for network 30cfa7f7-ff76-49e2-ad70-189522c6ad99
2026-05-12 07:05:06.975 9 INFO neutron.db.ovn_revision_numbers_db [None req-ec5bb296-beb1-4509-8038-f6bcd9c839d0 26b442d274674b85bcb50b19b75854bd 0eb702bbc06f44108024142dc1348093 - - default default] Successfully bumped revision number for resource c866b875-96c2-40cc-87d6-5f3294ce5182 (type: networks) to 1
2026-05-12 07:05:07.102 10 INFO neutron.db.ovn_revision_numbers_db [None req-4de1ea58-585f-4b02-a12c-d64fb8c88b01 618dc8e5576d4b3cae9e9a867a46e53e 109a6a106a044702bac08e18e48fe413 - - default default] Successfully bumped revision number for resource 30cfa7f7-ff76-49e2-ad70-189522c6ad99 (type: networks) to 1
2026-05-12 07:05:07.222 9 WARNING neutron.scheduler.dhcp_agent_scheduler [None req-ec5bb296-beb1-4509-8038-f6bcd9c839d0 26b442d274674b85bcb50b19b75854bd 0eb702bbc06f44108024142dc1348093 - - default default] No more DHCP agents
2026-05-12 07:05:07.224 9 WARNING neutron.api.rpc.agentnotifiers.dhcp_rpc_agent_api [None req-ec5bb296-beb1-4509-8038-f6bcd9c839d0 26b442d274674b85bcb50b19b75854bd 0eb702bbc06f44108024142dc1348093 - - default default] Unable to schedule network c866b875-96c2-40cc-87d6-5f3294ce5182: no agents available; will retry on subsequent port and subnet creation events.
2026-05-12 07:05:07.307 9 INFO neutron.db.ovn_revision_numbers_db [None req-ec5bb296-beb1-4509-8038-f6bcd9c839d0 26b442d274674b85bcb50b19b75854bd 0eb702bbc06f44108024142dc1348093 - - default default] Successfully bumped revision number for resource 6784a980-ab98-494f-a2af-db82057e13bd (type: ports) to 1
2026-05-12 07:05:07.329 9 INFO neutron.wsgi [None req-ec5bb296-beb1-4509-8038-f6bcd9c839d0 26b442d274674b85bcb50b19b75854bd 0eb702bbc06f44108024142dc1348093 - - default default] 10.0.0.89 "POST /v2.0/networks HTTP/1.1" status: 201 len: 833 time: 0.6937833
2026-05-12 07:05:07.334 10 WARNING neutron.scheduler.dhcp_agent_scheduler [None req-4de1ea58-585f-4b02-a12c-d64fb8c88b01 618dc8e5576d4b3cae9e9a867a46e53e 109a6a106a044702bac08e18e48fe413 - - default default] No more DHCP agents
2026-05-12 07:05:07.343 10 WARNING neutron.api.rpc.agentnotifiers.dhcp_rpc_agent_api [None req-4de1ea58-585f-4b02-a12c-d64fb8c88b01 618dc8e5576d4b3cae9e9a867a46e53e 109a6a106a044702bac08e18e48fe413 - - default default] Unable to schedule network 30cfa7f7-ff76-49e2-ad70-189522c6ad99: no agents available; will retry on subsequent port and subnet creation events.
2026-05-12 07:05:07.474 10 INFO neutron.db.ovn_revision_numbers_db [None req-4de1ea58-585f-4b02-a12c-d64fb8c88b01 618dc8e5576d4b3cae9e9a867a46e53e 109a6a106a044702bac08e18e48fe413 - - default default] Successfully bumped revision number for resource d3655958-8e38-469c-8ad2-72b3581e9f77 (type: ports) to 1
2026-05-12 07:05:07.532 10 INFO neutron.wsgi [None req-4de1ea58-585f-4b02-a12c-d64fb8c88b01 618dc8e5576d4b3cae9e9a867a46e53e 109a6a106a044702bac08e18e48fe413 - - default default] 10.0.0.89 "POST /v2.0/networks HTTP/1.1" status: 201 len: 831 time: 0.7135489
2026-05-12 07:05:07.650 9 INFO neutron.db.segments_db [None req-0183ee10-8909-47e1-aedb-6b2afbbe59de 618dc8e5576d4b3cae9e9a867a46e53e 109a6a106a044702bac08e18e48fe413 - - default default] Added segment 3ed955f2-47b8-4629-8f8d-1d63db563db3 of type geneve for network 84488a4e-1ee2-4cf3-a408-d575b0b1a3fe
2026-05-12 07:05:07.675 10 WARNING neutron.scheduler.dhcp_agent_scheduler [None req-a49cf184-48fc-4043-9fef-2bcd609b096c 26b442d274674b85bcb50b19b75854bd 0eb702bbc06f44108024142dc1348093 - - default default] No more DHCP agents
2026-05-12 07:05:07.677 10 WARNING neutron.api.rpc.agentnotifiers.dhcp_rpc_agent_api [None req-a49cf184-48fc-4043-9fef-2bcd609b096c 26b442d274674b85bcb50b19b75854bd 0eb702bbc06f44108024142dc1348093 - - default default] Unable to schedule network c866b875-96c2-40cc-87d6-5f3294ce5182: no agents available; will retry on subsequent port and subnet creation events.
2026-05-12 07:05:07.704 10 INFO neutron.db.ovn_revision_numbers_db [None req-a49cf184-48fc-4043-9fef-2bcd609b096c 26b442d274674b85bcb50b19b75854bd 0eb702bbc06f44108024142dc1348093 - - default default] Successfully bumped revision number for resource 69994fff-5f3e-4bcd-ba8a-81e20a5f8a95 (type: subnets) to 0
2026-05-12 07:05:07.723 10 INFO neutron.wsgi [None req-a49cf184-48fc-4043-9fef-2bcd609b096c 26b442d274674b85bcb50b19b75854bd 0eb702bbc06f44108024142dc1348093 - - default default] 10.0.0.89 "POST /v2.0/subnets HTTP/1.1" status: 201 len: 821 time: 0.3878300
2026-05-12 07:05:07.913 10 INFO neutron.db.ovn_revision_numbers_db [None req-5e71d273-3cf7-446e-923d-13155e31a938 26b442d274674b85bcb50b19b75854bd 0eb702bbc06f44108024142dc1348093 - - default default] Successfully bumped revision number for resource c236f59e-092f-49f9-9366-d8293dc6e9e1 (type: routers) to 1
2026-05-12 07:05:07.931 10 INFO neutron.wsgi [None req-5e71d273-3cf7-446e-923d-13155e31a938 26b442d274674b85bcb50b19b75854bd 0eb702bbc06f44108024142dc1348093 - - default default] 10.0.0.89 "POST /v2.0/routers HTTP/1.1" status: 201 len: 691 time: 0.2024245
2026-05-12 07:05:08.072 9 INFO neutron.db.ovn_revision_numbers_db [None req-0183ee10-8909-47e1-aedb-6b2afbbe59de 618dc8e5576d4b3cae9e9a867a46e53e 109a6a106a044702bac08e18e48fe413 - - default default] Successfully bumped revision number for resource 84488a4e-1ee2-4cf3-a408-d575b0b1a3fe (type: networks) to 1
2026-05-12 07:05:08.308 9 WARNING neutron.scheduler.dhcp_agent_scheduler [None req-0183ee10-8909-47e1-aedb-6b2afbbe59de 618dc8e5576d4b3cae9e9a867a46e53e 109a6a106a044702bac08e18e48fe413 - - default default] No more DHCP agents
2026-05-12 07:05:08.313 9 WARNING neutron.api.rpc.agentnotifiers.dhcp_rpc_agent_api [None req-0183ee10-8909-47e1-aedb-6b2afbbe59de 618dc8e5576d4b3cae9e9a867a46e53e 109a6a106a044702bac08e18e48fe413 - - default default] Unable to schedule network 84488a4e-1ee2-4cf3-a408-d575b0b1a3fe: no agents available; will retry on subsequent port and subnet creation events.
2026-05-12 07:05:08.395 9 INFO neutron.db.ovn_revision_numbers_db [None req-0183ee10-8909-47e1-aedb-6b2afbbe59de 618dc8e5576d4b3cae9e9a867a46e53e 109a6a106a044702bac08e18e48fe413 - - default default] Successfully bumped revision number for resource 803daac2-0426-479c-81cc-9e70e9f90113 (type: ports) to 1
2026-05-12 07:05:08.422 9 INFO neutron.wsgi [None req-0183ee10-8909-47e1-aedb-6b2afbbe59de 618dc8e5576d4b3cae9e9a867a46e53e 109a6a106a044702bac08e18e48fe413 - - default default] 10.0.0.89 "POST /v2.0/networks HTTP/1.1" status: 201 len: 830 time: 0.8826957
2026-05-12 07:05:08.422 10 WARNING neutron.scheduler.dhcp_agent_scheduler [None req-0c678180-28be-4817-aefc-db768ff880eb 26b442d274674b85bcb50b19b75854bd 0eb702bbc06f44108024142dc1348093 - - default default] No more DHCP agents
2026-05-12 07:05:08.424 10 WARNING neutron.api.rpc.agentnotifiers.dhcp_rpc_agent_api [None req-0c678180-28be-4817-aefc-db768ff880eb 26b442d274674b85bcb50b19b75854bd 0eb702bbc06f44108024142dc1348093 - - default default] Unable to schedule network c866b875-96c2-40cc-87d6-5f3294ce5182: no agents available; will retry on subsequent port and subnet creation events.
2026-05-12 07:05:08.528 9 INFO neutron.db.segments_db [None req-76a94ec0-b938-4574-82fd-e212f307d96a 618dc8e5576d4b3cae9e9a867a46e53e 109a6a106a044702bac08e18e48fe413 - - default default] Added segment 646dbcf2-6ca3-48f3-92dc-457d68c50d90 of type geneve for network cc7066e1-e2c7-4953-aff0-00f13aca0086
2026-05-12 07:05:08.545 10 INFO neutron.db.ovn_revision_numbers_db [None req-0c678180-28be-4817-aefc-db768ff880eb 26b442d274674b85bcb50b19b75854bd 0eb702bbc06f44108024142dc1348093 - - default default] Successfully bumped revision number for resource 5296a55e-6033-4cc5-9c8e-b1630fb2f9b4 (type: ports) to 1
2026-05-12 07:05:08.691 9 INFO neutron.db.ovn_revision_numbers_db [None req-76a94ec0-b938-4574-82fd-e212f307d96a 618dc8e5576d4b3cae9e9a867a46e53e 109a6a106a044702bac08e18e48fe413 - - default default] Successfully bumped revision number for resource cc7066e1-e2c7-4953-aff0-00f13aca0086 (type: networks) to 1
2026-05-12 07:05:08.893 9 WARNING neutron.scheduler.dhcp_agent_scheduler [None req-76a94ec0-b938-4574-82fd-e212f307d96a 618dc8e5576d4b3cae9e9a867a46e53e 109a6a106a044702bac08e18e48fe413 - - default default] No more DHCP agents
2026-05-12 07:05:08.894 9 WARNING neutron.api.rpc.agentnotifiers.dhcp_rpc_agent_api [None req-76a94ec0-b938-4574-82fd-e212f307d96a 618dc8e5576d4b3cae9e9a867a46e53e 109a6a106a044702bac08e18e48fe413 - - default default] Unable to schedule network cc7066e1-e2c7-4953-aff0-00f13aca0086: no agents available; will retry on subsequent port and subnet creation events.
2026-05-12 07:05:09.000 10 INFO neutron.db.ovn_revision_numbers_db [None req-0c678180-28be-4817-aefc-db768ff880eb 26b442d274674b85bcb50b19b75854bd 0eb702bbc06f44108024142dc1348093 - - default default] Successfully bumped revision number for resource 5296a55e-6033-4cc5-9c8e-b1630fb2f9b4 (type: router_ports) to 1
2026-05-12 07:05:09.017 9 INFO neutron.db.ovn_revision_numbers_db [None req-76a94ec0-b938-4574-82fd-e212f307d96a 618dc8e5576d4b3cae9e9a867a46e53e 109a6a106a044702bac08e18e48fe413 - - default default] Successfully bumped revision number for resource d7158ec9-1145-49ab-a155-f700eb57a820 (type: ports) to 1
2026-05-12 07:05:09.066 9 INFO neutron.wsgi [None req-76a94ec0-b938-4574-82fd-e212f307d96a 618dc8e5576d4b3cae9e9a867a46e53e 109a6a106a044702bac08e18e48fe413 - - default default] 10.0.0.89 "POST /v2.0/networks HTTP/1.1" status: 201 len: 831 time: 0.6399124
2026-05-12 07:05:09.117 9 INFO neutron.wsgi [None req-2b9eea9b-3689-4693-8e63-6b20b4ac4ceb fd6baac89f954a33bae9dc16520b6682 4ea77dfc919c498aa9ed65b1665bb9ae - - default default] 10.0.0.74 "GET /v2.0/subnets HTTP/1.1" status: 200 len: 2067 time: 0.2064602
2026-05-12 07:05:09.136 9 INFO neutron.wsgi [None req-a3b02ba2-82a2-4bb4-8a36-82ae59b6cb3d fd6baac89f954a33bae9dc16520b6682 4ea77dfc919c498aa9ed65b1665bb9ae - - default default] 10.0.0.74 "GET /v2.0/network-ip-availabilities HTTP/1.1" status: 200 len: 2804 time: 0.0171523
2026-05-12 07:05:09.162 10 INFO neutron.db.ovn_revision_numbers_db [None req-0c678180-28be-4817-aefc-db768ff880eb 26b442d274674b85bcb50b19b75854bd 0eb702bbc06f44108024142dc1348093 - - default default] Successfully bumped revision number for resource 5296a55e-6033-4cc5-9c8e-b1630fb2f9b4 (type: ports) to 1
2026-05-12 07:05:09.174 9 INFO neutron.wsgi [None req-9953b253-d1fd-4ceb-8709-118e52546e10 fd6baac89f954a33bae9dc16520b6682 4ea77dfc919c498aa9ed65b1665bb9ae - - default default] 10.0.0.74 "GET /v2.0/subnets HTTP/1.1" status: 200 len: 2067 time: 0.0361998
2026-05-12 07:05:09.191 9 INFO neutron.wsgi [None req-cb4fcb6d-1d2c-436d-bc17-4fbfe651f388 fd6baac89f954a33bae9dc16520b6682 4ea77dfc919c498aa9ed65b1665bb9ae - - default default] 10.0.0.74 "GET /v2.0/subnetpools HTTP/1.1" status: 200 len: 193 time: 0.0157304
2026-05-12 07:05:09.225 10 INFO neutron.db.segments_db [None req-f6487652-909c-4daa-baa4-254cfaa65ef3 618dc8e5576d4b3cae9e9a867a46e53e 109a6a106a044702bac08e18e48fe413 - - default default] Added segment deeea418-da1d-41c6-b779-2eb703d37049 of type geneve for network 76a28c07-f46b-40d8-9fd7-ea4b911f0ad0
2026-05-12 07:05:09.255 9 INFO neutron.wsgi [None req-1dd4121f-8e7c-4a01-a39a-d644bd5ee53c fd6baac89f954a33bae9dc16520b6682 4ea77dfc919c498aa9ed65b1665bb9ae - - default default] 10.0.0.74 "GET /v2.0/ports HTTP/1.1" status: 200 len: 10785 time: 0.0596547
2026-05-12 07:05:09.279 10 WARNING neutron.scheduler.dhcp_agent_scheduler [None req-0c678180-28be-4817-aefc-db768ff880eb 26b442d274674b85bcb50b19b75854bd 0eb702bbc06f44108024142dc1348093 - - default default] No more DHCP agents
2026-05-12 07:05:09.282 10 WARNING neutron.api.rpc.agentnotifiers.dhcp_rpc_agent_api [None req-0c678180-28be-4817-aefc-db768ff880eb 26b442d274674b85bcb50b19b75854bd 0eb702bbc06f44108024142dc1348093 - - default default] Unable to schedule network c866b875-96c2-40cc-87d6-5f3294ce5182: no agents available; will retry on subsequent port and subnet creation events.
2026-05-12 07:05:09.307 9 WARNING neutron.plugins.ml2.drivers.ovn.mech_driver.ovsdb.ovn_client [None req-48a7f436-cbd4-49cc-a101-66975f838078 - - - - - -] No port found with ID 5b540980-6845-4557-acda-15d356871427: RuntimeError: No port found with ID 5b540980-6845-4557-acda-15d356871427
2026-05-12 07:05:09.307 9 INFO neutron.plugins.ml2.drivers.ovn.mech_driver.mech_driver [None req-48a7f436-cbd4-49cc-a101-66975f838078 - - - - - -] OVN reports status up for port: 5296a55e-6033-4cc5-9c8e-b1630fb2f9b4
2026-05-12 07:05:09.367 9 INFO neutron.plugins.ml2.plugin [None req-48a7f436-cbd4-49cc-a101-66975f838078 - - - - - -] Attempt 1 to provision port 5296a55e-6033-4cc5-9c8e-b1630fb2f9b4
2026-05-12 07:05:09.389 9 INFO neutron.wsgi [None req-9a5d0543-6755-4dd7-8ac1-bf9be9c40e6d fd6baac89f954a33bae9dc16520b6682 4ea77dfc919c498aa9ed65b1665bb9ae - - default default] 10.0.0.74 "GET /v2.0/routers HTTP/1.1" status: 200 len: 676 time: 0.1255808
2026-05-12 07:05:09.405 9 INFO neutron.db.ovn_revision_numbers_db [None req-ca097e90-3237-49f1-8971-6fb5d5bcdad6 ced41a9093104f07a1589c717f3a789c 0889f1423d954b4eb3ffc341af448575 - - default default] Successfully bumped revision number for resource 1158cb63-1188-4fd9-8b68-6efa9603a34e (type: security_groups) to 1
2026-05-12 07:05:09.424 9 INFO neutron.wsgi [None req-a62d4f88-1eae-43ea-9dba-48a80f2b4319 fd6baac89f954a33bae9dc16520b6682 4ea77dfc919c498aa9ed65b1665bb9ae - - default default] 10.0.0.74 "GET /v2.0/agents?binary=ovn-controller HTTP/1.1" status: 200 len: 591 time: 0.0319369
2026-05-12 07:05:09.445 9 INFO neutron.db.ovn_revision_numbers_db [None req-ca097e90-3237-49f1-8971-6fb5d5bcdad6 ced41a9093104f07a1589c717f3a789c 0889f1423d954b4eb3ffc341af448575 - - default default] Successfully bumped revision number for resource 6236b196-8125-4631-bc3d-0481ce916fbe (type: security_group_rules) to 0
2026-05-12 07:05:09.463 9 INFO neutron.wsgi [None req-f7e98cd0-5554-4c8d-a2fc-e4997987a5c1 fd6baac89f954a33bae9dc16520b6682 4ea77dfc919c498aa9ed65b1665bb9ae - - default default] 10.0.0.74 "GET /v2.0/floatingips HTTP/1.1" status: 200 len: 193 time: 0.0343673
2026-05-12 07:05:09.476 9 INFO neutron.wsgi [None req-b6c12c12-a115-42fa-8d60-a93c3ca2b233 fd6baac89f954a33bae9dc16520b6682 4ea77dfc919c498aa9ed65b1665bb9ae - - default default] 10.0.0.74 "GET /v2.0/agents HTTP/1.1" status: 200 len: 997 time: 0.0115652
2026-05-12 07:05:09.500 9 INFO neutron.db.ovn_revision_numbers_db [None req-ca097e90-3237-49f1-8971-6fb5d5bcdad6 ced41a9093104f07a1589c717f3a789c 0889f1423d954b4eb3ffc341af448575 - - default default] Successfully bumped revision number for resource 6f97189e-2b47-40ac-af74-e29030d6ecdb (type: security_group_rules) to 0
2026-05-12 07:05:09.517 10 INFO neutron.db.ovn_revision_numbers_db [None req-f6487652-909c-4daa-baa4-254cfaa65ef3 618dc8e5576d4b3cae9e9a867a46e53e 109a6a106a044702bac08e18e48fe413 - - default default] Successfully bumped revision number for resource 76a28c07-f46b-40d8-9fd7-ea4b911f0ad0 (type: networks) to 1
2026-05-12 07:05:09.533 9 INFO neutron.db.ovn_revision_numbers_db [None req-ca097e90-3237-49f1-8971-6fb5d5bcdad6 ced41a9093104f07a1589c717f3a789c 0889f1423d954b4eb3ffc341af448575 - - default default] Successfully bumped revision number for resource a9bb776a-a57c-4048-b614-ee7e00b94ed5 (type: security_group_rules) to 0
2026-05-12 07:05:09.565 9 INFO neutron.wsgi [None req-4820bf34-079e-4c90-a1c8-5c15ef40e6c6 fd6baac89f954a33bae9dc16520b6682 4ea77dfc919c498aa9ed65b1665bb9ae - - default default] 10.0.0.74 "GET /v2.0/security-groups HTTP/1.1" status: 200 len: 25139 time: 0.0868719
2026-05-12 07:05:09.566 9 INFO neutron.db.ovn_revision_numbers_db [None req-ca097e90-3237-49f1-8971-6fb5d5bcdad6 ced41a9093104f07a1589c717f3a789c 0889f1423d954b4eb3ffc341af448575 - - default default] Successfully bumped revision number for resource efbe80fd-2940-4b1a-b500-76a59b1990c0 (type: security_group_rules) to 0
2026-05-12 07:05:09.635 10 INFO neutron.db.ovn_revision_numbers_db [None req-0c678180-28be-4817-aefc-db768ff880eb 26b442d274674b85bcb50b19b75854bd 0eb702bbc06f44108024142dc1348093 - - default default] Successfully bumped revision number for resource 5296a55e-6033-4cc5-9c8e-b1630fb2f9b4 (type: router_ports) to 1
2026-05-12 07:05:09.637 10 INFO neutron.wsgi [None req-0c678180-28be-4817-aefc-db768ff880eb 26b442d274674b85bcb50b19b75854bd 0eb702bbc06f44108024142dc1348093 - - default default] 10.0.0.89 "PUT /v2.0/routers/c236f59e-092f-49f9-9366-d8293dc6e9e1/add_router_interface HTTP/1.1" status: 200 len: 503 time: 1.6989012
2026-05-12 07:05:09.762 9 INFO neutron.wsgi [None req-9bff569b-d119-4754-89bc-efd4e60b57dc fd6baac89f954a33bae9dc16520b6682 4ea77dfc919c498aa9ed65b1665bb9ae - - default default] 10.0.0.74 "GET /v2.0/networks HTTP/1.1" status: 200 len: 6630 time: 0.1901670
2026-05-12 07:05:09.762 10 WARNING neutron.scheduler.dhcp_agent_scheduler [None req-f6487652-909c-4daa-baa4-254cfaa65ef3 618dc8e5576d4b3cae9e9a867a46e53e 109a6a106a044702bac08e18e48fe413 - - default default] No more DHCP agents
2026-05-12 07:05:09.768 10 WARNING neutron.api.rpc.agentnotifiers.dhcp_rpc_agent_api [None req-f6487652-909c-4daa-baa4-254cfaa65ef3 618dc8e5576d4b3cae9e9a867a46e53e 109a6a106a044702bac08e18e48fe413 - - default default] Unable to schedule network 76a28c07-f46b-40d8-9fd7-ea4b911f0ad0: no agents available; will retry on subsequent port and subnet creation events.
2026-05-12 07:05:09.834 9 INFO neutron.wsgi [None req-80c72bd1-484b-46e9-8153-61fd818880eb 26b442d274674b85bcb50b19b75854bd 0eb702bbc06f44108024142dc1348093 - - default default] 10.0.0.89 "GET /v2.0/ports/5296a55e-6033-4cc5-9c8e-b1630fb2f9b4 HTTP/1.1" status: 200 len: 1141 time: 0.1834657
2026-05-12 07:05:09.858 9 INFO neutron.db.ovn_revision_numbers_db [None req-ca097e90-3237-49f1-8971-6fb5d5bcdad6 ced41a9093104f07a1589c717f3a789c 0889f1423d954b4eb3ffc341af448575 - - default default] Successfully bumped revision number for resource db97624c-f188-4063-ba76-0f26b7d830da (type: security_groups) to 1
2026-05-12 07:05:09.898 9 INFO neutron.db.ovn_revision_numbers_db [None req-ca097e90-3237-49f1-8971-6fb5d5bcdad6 ced41a9093104f07a1589c717f3a789c 0889f1423d954b4eb3ffc341af448575 - - default default] Successfully bumped revision number for resource 5e0851e6-e53b-4124-b51e-7450ca3c8b5e (type: security_group_rules) to 0
2026-05-12 07:05:09.903 10 INFO neutron.wsgi [None req-98022d7f-03bb-46e8-aa9b-b5ec57ab2bea 26b442d274674b85bcb50b19b75854bd 0eb702bbc06f44108024142dc1348093 - - default default] 10.0.0.89 "GET /v2.0/ports/5296a55e-6033-4cc5-9c8e-b1630fb2f9b4 HTTP/1.1" status: 200 len: 1141 time: 0.0510716
2026-05-12 07:05:09.904 10 INFO neutron.db.ovn_revision_numbers_db [None req-f6487652-909c-4daa-baa4-254cfaa65ef3 618dc8e5576d4b3cae9e9a867a46e53e 109a6a106a044702bac08e18e48fe413 - - default default] Successfully bumped revision number for resource 3a680e6d-39a2-4b8a-b7ae-51058e3ec37b (type: ports) to 1
2026-05-12 07:05:09.919 9 INFO neutron.db.ovn_revision_numbers_db [None req-ca097e90-3237-49f1-8971-6fb5d5bcdad6 ced41a9093104f07a1589c717f3a789c 0889f1423d954b4eb3ffc341af448575 - - default default] Successfully bumped revision number for resource 7a2605b8-9d53-4f46-aaa5-9a02cb1bcbf4 (type: security_group_rules) to 0
2026-05-12 07:05:09.951 9 INFO neutron.wsgi [None req-ca097e90-3237-49f1-8971-6fb5d5bcdad6 ced41a9093104f07a1589c717f3a789c 0889f1423d954b4eb3ffc341af448575 - - default default] 10.0.0.89 "POST /v2.0/security-groups HTTP/1.1" status: 201 len: 1737 time: 1.0395119
2026-05-12 07:05:09.957 10 INFO neutron.wsgi [None req-f6487652-909c-4daa-baa4-254cfaa65ef3 618dc8e5576d4b3cae9e9a867a46e53e 109a6a106a044702bac08e18e48fe413 - - default default] 10.0.0.89 "POST /v2.0/networks HTTP/1.1" status: 201 len: 831 time: 0.8869557
2026-05-12 07:05:09.963 9 INFO neutron.db.ovn_revision_numbers_db [None req-48a7f436-cbd4-49cc-a101-66975f838078 - - - - - -] Successfully bumped revision number for resource 5296a55e-6033-4cc5-9c8e-b1630fb2f9b4 (type: ports) to 2
2026-05-12 07:05:10.000 10 INFO neutron.wsgi [None req-54a68680-d36a-4b49-931f-718a512e9db9 ced41a9093104f07a1589c717f3a789c 0889f1423d954b4eb3ffc341af448575 - - default default] 10.0.0.89 "PUT /v2.0/security-groups/db97624c-f188-4063-ba76-0f26b7d830da/tags HTTP/1.1" status: 200 len: 218 time: 0.0414615
2026-05-12 07:05:10.035 10 INFO neutron.wsgi [None req-2cdedcaa-5efb-4288-9c01-b14122574e56 ced41a9093104f07a1589c717f3a789c 0889f1423d954b4eb3ffc341af448575 - - default default] 10.0.0.89 "GET /v2.0/security-groups/db97624c-f188-4063-ba76-0f26b7d830da/tags HTTP/1.1" status: 200 len: 218 time: 0.0265403
2026-05-12 07:05:10.041 9 INFO neutron.wsgi [None req-4eeb8ffc-a667-46ed-8fb1-c6f8ed4ae1f9 618dc8e5576d4b3cae9e9a867a46e53e 109a6a106a044702bac08e18e48fe413 - - default default] 10.0.0.89 "PUT /v2.0/networks/09964c29-abcb-4407-b834-fda0081841ad/tags HTTP/1.1" status: 200 len: 210 time: 0.0779097
2026-05-12 07:05:10.115 9 INFO neutron.wsgi [None req-d221edd9-c00a-4433-9faf-c2232d19138c ced41a9093104f07a1589c717f3a789c 0889f1423d954b4eb3ffc341af448575 - - default default] 10.0.0.89 "PUT /v2.0/security-groups/db97624c-f188-4063-ba76-0f26b7d830da/tags/green HTTP/1.1" status: 201 len: 201 time: 0.0713995
2026-05-12 07:05:10.147 9 INFO neutron.wsgi [None req-5e44ccc0-580a-4404-96c8-238f1a63bfb2 618dc8e5576d4b3cae9e9a867a46e53e 109a6a106a044702bac08e18e48fe413 - - default default] 10.0.0.89 "PUT /v2.0/networks/30cfa7f7-ff76-49e2-ad70-189522c6ad99/tags HTTP/1.1" status: 200 len: 218 time: 0.0978589
2026-05-12 07:05:10.150 10 INFO neutron.wsgi [None req-07202e73-6ff5-4fbc-95ba-091061449658 ced41a9093104f07a1589c717f3a789c 0889f1423d954b4eb3ffc341af448575 - - default default] 10.0.0.89 "GET /v2.0/security-groups/db97624c-f188-4063-ba76-0f26b7d830da/tags HTTP/1.1" status: 200 len: 227 time: 0.0294378
2026-05-12 07:05:10.175 9 INFO neutron.db.ovn_revision_numbers_db [None req-48a7f436-cbd4-49cc-a101-66975f838078 - - - - - -] Successfully bumped revision number for resource 5296a55e-6033-4cc5-9c8e-b1630fb2f9b4 (type: router_ports) to 2
2026-05-12 07:05:10.179 9 INFO neutron.wsgi [None req-9e647411-19ff-48a1-897f-2fc97e931cfb ced41a9093104f07a1589c717f3a789c 0889f1423d954b4eb3ffc341af448575 - - default default] 10.0.0.89 "PUT /v2.0/security-groups/db97624c-f188-4063-ba76-0f26b7d830da/tags/red HTTP/1.1" status: 201 len: 201 time: 0.0244668
2026-05-12 07:05:10.226 9 INFO neutron.wsgi [None req-f64f1890-c38c-4b01-b8f3-a80cae4d5844 ced41a9093104f07a1589c717f3a789c 0889f1423d954b4eb3ffc341af448575 - - default default] 10.0.0.89 "GET /v2.0/security-groups/db97624c-f188-4063-ba76-0f26b7d830da/tags HTTP/1.1" status: 200 len: 227 time: 0.0338318
2026-05-12 07:05:10.248 10 INFO neutron.wsgi [None req-26b888ee-cc55-4265-b91a-5eb7d61c7ff0 618dc8e5576d4b3cae9e9a867a46e53e 109a6a106a044702bac08e18e48fe413 - - default default] 10.0.0.89 "PUT /v2.0/networks/84488a4e-1ee2-4cf3-a408-d575b0b1a3fe/tags HTTP/1.1" status: 200 len: 227 time: 0.0957718
2026-05-12 07:05:10.264 9 INFO neutron.wsgi [None req-e824ea91-62de-4160-b5a3-8f52157c6dd4 ced41a9093104f07a1589c717f3a789c 0889f1423d954b4eb3ffc341af448575 - - default default] 10.0.0.89 "PUT /v2.0/security-groups/db97624c-f188-4063-ba76-0f26b7d830da/tags/black.or.white HTTP/1.1" status: 201 len: 201 time: 0.0312614
2026-05-12 07:05:10.300 9 INFO neutron.wsgi [None req-4d967cb8-3614-4647-a459-595895b2edbb ced41a9093104f07a1589c717f3a789c 0889f1423d954b4eb3ffc341af448575 - - default default] 10.0.0.89 "GET /v2.0/security-groups/db97624c-f188-4063-ba76-0f26b7d830da/tags HTTP/1.1" status: 200 len: 245 time: 0.0276957
2026-05-12 07:05:10.321 10 INFO neutron.wsgi [None req-effefb24-5afc-4426-9231-c92c95b9ab46 618dc8e5576d4b3cae9e9a867a46e53e 109a6a106a044702bac08e18e48fe413 - - default default] 10.0.0.89 "PUT /v2.0/networks/cc7066e1-e2c7-4953-aff0-00f13aca0086/tags HTTP/1.1" status: 200 len: 212 time: 0.0677886
2026-05-12 07:05:10.348 9 INFO neutron.wsgi [None req-0c0c38b2-7e60-4e01-90f8-c1b8c865bf56 ced41a9093104f07a1589c717f3a789c 0889f1423d954b4eb3ffc341af448575 - - default default] 10.0.0.89 "PUT /v2.0/security-groups/db97624c-f188-4063-ba76-0f26b7d830da/tags HTTP/1.1" status: 200 len: 230 time: 0.0417907
2026-05-12 07:05:10.372 9 INFO neutron.wsgi [None req-7d9d5a37-0b85-458d-be36-233bd7665bd0 ced41a9093104f07a1589c717f3a789c 0889f1423d954b4eb3ffc341af448575 - - default default] 10.0.0.89 "GET /v2.0/security-groups/db97624c-f188-4063-ba76-0f26b7d830da/tags HTTP/1.1" status: 200 len: 230 time: 0.0194838
2026-05-12 07:05:10.403 9 INFO neutron.wsgi [None req-51a3e380-5aa5-4f67-9480-a6591ad73e35 ced41a9093104f07a1589c717f3a789c 0889f1423d954b4eb3ffc341af448575 - - default default] 10.0.0.89 "GET /v2.0/security-groups/db97624c-f188-4063-ba76-0f26b7d830da/tags/red HTTP/1.1" status: 204 len: 168 time: 0.0213811
2026-05-12 07:05:10.415 10 INFO neutron.wsgi [None req-c387b66b-fbde-4285-98f6-d0a7df929545 618dc8e5576d4b3cae9e9a867a46e53e 109a6a106a044702bac08e18e48fe413 - - default default] 10.0.0.89 "GET /v2.0/networks?tags=red HTTP/1.1" status: 200 len: 2069 time: 0.0880442
2026-05-12 07:05:10.448 9 INFO neutron.api.v2.resource [None req-698f6631-1e58-4c40-a091-d635c39d5ead ced41a9093104f07a1589c717f3a789c 0889f1423d954b4eb3ffc341af448575 - - default default] show failed (client error): The resource could not be found.
2026-05-12 07:05:10.449 9 INFO neutron.wsgi [None req-698f6631-1e58-4c40-a091-d635c39d5ead ced41a9093104f07a1589c717f3a789c 0889f1423d954b4eb3ffc341af448575 - - default default] 10.0.0.89 "GET /v2.0/security-groups/db97624c-f188-4063-ba76-0f26b7d830da/tags/green HTTP/1.1" status: 404 len: 299 time: 0.0410385
2026-05-12 07:05:10.500 10 INFO neutron.wsgi [None req-415d7760-066d-4925-b608-7b61dedeb50e ced41a9093104f07a1589c717f3a789c 0889f1423d954b4eb3ffc341af448575 - - default default] 10.0.0.89 "DELETE /v2.0/security-groups/db97624c-f188-4063-ba76-0f26b7d830da/tags/red HTTP/1.1" status: 204 len: 168 time: 0.0463214
2026-05-12 07:05:10.546 9 INFO neutron.wsgi [None req-af43bdb8-f7b0-4319-88cc-5b628171f944 618dc8e5576d4b3cae9e9a867a46e53e 109a6a106a044702bac08e18e48fe413 - - default default] 10.0.0.89 "GET /v2.0/networks?tags=red%2Cblue HTTP/1.1" status: 200 len: 1456 time: 0.1214345
2026-05-12 07:05:10.570 9 INFO neutron.wsgi [None req-f970e75a-f2b3-4033-b876-7e7cee4a84e0 ced41a9093104f07a1589c717f3a789c 0889f1423d954b4eb3ffc341af448575 - - default default] 10.0.0.89 "GET /v2.0/security-groups/db97624c-f188-4063-ba76-0f26b7d830da/tags HTTP/1.1" status: 200 len: 223 time: 0.0607564
2026-05-12 07:05:10.612 10 INFO neutron.api.v2.resource [None req-842b6319-8319-4546-b101-80b693dbc763 ced41a9093104f07a1589c717f3a789c 0889f1423d954b4eb3ffc341af448575 - - default default] delete failed (client error): The resource could not be found.
2026-05-12 07:05:10.614 10 INFO neutron.wsgi [None req-842b6319-8319-4546-b101-80b693dbc763 ced41a9093104f07a1589c717f3a789c 0889f1423d954b4eb3ffc341af448575 - - default default] 10.0.0.89 "DELETE /v2.0/security-groups/db97624c-f188-4063-ba76-0f26b7d830da/tags/green HTTP/1.1" status: 404 len: 299 time: 0.0396292
2026-05-12 07:05:10.655 9 INFO neutron.wsgi [None req-5877fa4b-5f57-47c2-a423-1cdb5d3a6ddb 618dc8e5576d4b3cae9e9a867a46e53e 109a6a106a044702bac08e18e48fe413 - - default default] 10.0.0.89 "GET /v2.0/networks?tags-any=blue HTTP/1.1" status: 200 len: 1456 time: 0.1040363
2026-05-12 07:05:10.706 10 INFO neutron.wsgi [None req-2fa21f52-347e-4331-a93c-8f150b605dce 26b442d274674b85bcb50b19b75854bd 0eb702bbc06f44108024142dc1348093 - - default default] 10.0.0.89 "PUT /v2.0/routers/c236f59e-092f-49f9-9366-d8293dc6e9e1/remove_router_interface HTTP/1.1" status: 200 len: 503 time: 0.7969248 /var/lib/openstack/lib/python3.10/site-packages/pycadf/identifier.py:71: UserWarning: Invalid uuid: neutron. To ensure interoperability, identifiers should be a valid uuid. warnings.warn(('Invalid uuid: %s. To ensure interoperability, '
2026-05-12 07:05:10.734 10 INFO neutron.wsgi [None req-b4cd0fea-7b0e-4d5f-ad86-7e36c273757d 26b442d274674b85bcb50b19b75854bd 0eb702bbc06f44108024142dc1348093 - - default default] 10.0.0.89 "GET /v2.0/ports?device_id=c236f59e-092f-49f9-9366-d8293dc6e9e1 HTTP/1.1" status: 200 len: 205 time: 0.0226591
2026-05-12 07:05:10.957 9 INFO neutron.wsgi [None req-a9dbbe13-db4d-4440-9221-d6cd65e0e530 ced41a9093104f07a1589c717f3a789c 0889f1423d954b4eb3ffc341af448575 - - default default] 10.0.0.89 "DELETE /v2.0/security-groups/db97624c-f188-4063-ba76-0f26b7d830da/tags HTTP/1.1" status: 204 len: 168 time: 0.3361459
2026-05-12 07:05:10.990 9 INFO neutron.wsgi [None req-3c7ac95b-37c6-49e0-9871-c0435c187f0a 618dc8e5576d4b3cae9e9a867a46e53e 109a6a106a044702bac08e18e48fe413 - - default default] 10.0.0.89 "GET /v2.0/networks?tags-any=red%2Cblue HTTP/1.1" status: 200 len: 2069 time: 0.3302474
2026-05-12 07:05:11.030 9 INFO neutron.wsgi [None req-696189d5-31d0-47d4-a9fa-da2041c91474 ced41a9093104f07a1589c717f3a789c 0889f1423d954b4eb3ffc341af448575 - - default default] 10.0.0.89 "GET /v2.0/security-groups/db97624c-f188-4063-ba76-0f26b7d830da/tags HTTP/1.1" status: 200 len: 205 time: 0.0678022
2026-05-12 07:05:11.165 9 INFO neutron.wsgi [None req-3700752c-5f2d-4c86-b126-e31702862d07 618dc8e5576d4b3cae9e9a867a46e53e 109a6a106a044702bac08e18e48fe413 - - default default] 10.0.0.89 "GET /v2.0/networks?not-tags=red HTTP/1.1" status: 200 len: 2069 time: 0.1663623
2026-05-12 07:05:11.267 9 INFO neutron.wsgi [None req-2f3e4038-c6e3-4f5c-87a3-d01e91bc0187 ced41a9093104f07a1589c717f3a789c 0889f1423d954b4eb3ffc341af448575 - - default default] 10.0.0.89 "DELETE /v2.0/security-groups/db97624c-f188-4063-ba76-0f26b7d830da HTTP/1.1" status: 204 len: 168 time: 0.2245333
2026-05-12 07:05:11.373 10 INFO neutron.wsgi [None req-2f05cf70-e2d5-480f-ba34-29399d9f85c2 618dc8e5576d4b3cae9e9a867a46e53e 109a6a106a044702bac08e18e48fe413 - - default default] 10.0.0.89 "GET /v2.0/networks?not-tags=red%2Cblue HTTP/1.1" status: 200 len: 2682 time: 0.2025020
2026-05-12 07:05:11.378 10 INFO neutron.wsgi [None req-a4493525-1244-4210-9585-048ffd38d70d 26b442d274674b85bcb50b19b75854bd 0eb702bbc06f44108024142dc1348093 - - default default] 10.0.0.89 "DELETE /v2.0/routers/c236f59e-092f-49f9-9366-d8293dc6e9e1 HTTP/1.1" status: 204 len: 168 time: 0.6383605
2026-05-12 07:05:11.543 10 INFO neutron.wsgi [None req-9899da02-4f38-4e46-b0fe-4a3295f522e7 618dc8e5576d4b3cae9e9a867a46e53e 109a6a106a044702bac08e18e48fe413 - - default default] 10.0.0.89 "GET /v2.0/networks?not-tags-any=blue HTTP/1.1" status: 200 len: 2682 time: 0.1639259
2026-05-12 07:05:11.639 9 INFO neutron.wsgi [None req-331b9521-51dc-42b4-adc8-ad8030b494ad 26b442d274674b85bcb50b19b75854bd 0eb702bbc06f44108024142dc1348093 - - default default] 10.0.0.89 "DELETE /v2.0/subnets/69994fff-5f3e-4bcd-ba8a-81e20a5f8a95 HTTP/1.1" status: 204 len: 168 time: 0.2539487
2026-05-12 07:05:11.651 10 INFO neutron.wsgi [None req-af84ba51-1b48-41c2-ab6f-e3d4b5eafe6f 618dc8e5576d4b3cae9e9a867a46e53e 109a6a106a044702bac08e18e48fe413 - - default default] 10.0.0.89 "GET /v2.0/networks?not-tags-any=red%2Cblue HTTP/1.1" status: 200 len: 2069 time: 0.1036518
2026-05-12 07:05:11.658 9 INFO neutron.db.ovn_revision_numbers_db [None req-476f7ef8-5032-439e-a3cb-18ad0dbdaed8 b761fcaa61164b589225153f5331e089 37e6bb206081488f9cea84b49ee248f0 - - default default] Successfully bumped revision number for resource 2915a728-fdd8-4cf6-af90-d31f7b3ad830 (type: security_groups) to 1
2026-05-12 07:05:11.696 9 INFO neutron.db.ovn_revision_numbers_db [None req-476f7ef8-5032-439e-a3cb-18ad0dbdaed8 b761fcaa61164b589225153f5331e089 37e6bb206081488f9cea84b49ee248f0 - - default default] Successfully bumped revision number for resource 14f957a4-5110-47ba-9f24-d8e574485df6 (type: security_group_rules) to 0
2026-05-12 07:05:11.716 9 INFO neutron.db.ovn_revision_numbers_db [None req-476f7ef8-5032-439e-a3cb-18ad0dbdaed8 b761fcaa61164b589225153f5331e089 37e6bb206081488f9cea84b49ee248f0 - - default default] Successfully bumped revision number for resource 487ad0e0-052e-4b61-ac42-22d54ca6f221 (type: security_group_rules) to 0
2026-05-12 07:05:11.741 9 INFO neutron.db.ovn_revision_numbers_db [None req-476f7ef8-5032-439e-a3cb-18ad0dbdaed8 b761fcaa61164b589225153f5331e089 37e6bb206081488f9cea84b49ee248f0 - - default default] Successfully bumped revision number for resource 8795796a-5e44-4b42-a1e3-1ef3852dff34 (type: security_group_rules) to 0
2026-05-12 07:05:11.759 9 INFO neutron.db.ovn_revision_numbers_db [None req-476f7ef8-5032-439e-a3cb-18ad0dbdaed8 b761fcaa61164b589225153f5331e089 37e6bb206081488f9cea84b49ee248f0 - - default default] Successfully bumped revision number for resource a7ec1f20-f573-4625-a132-10a53400e286 (type: security_group_rules) to 0
2026-05-12 07:05:11.818 9 INFO neutron.db.segments_db [None req-476f7ef8-5032-439e-a3cb-18ad0dbdaed8 b761fcaa61164b589225153f5331e089 37e6bb206081488f9cea84b49ee248f0 - - default default] Added segment d8dcbe9e-6b69-48c3-b298-206ec732e5f5 of type geneve for network 49294b98-6a59-4726-9592-f04b50135974
2026-05-12 07:05:12.049 9 INFO neutron.db.ovn_revision_numbers_db [None req-476f7ef8-5032-439e-a3cb-18ad0dbdaed8 b761fcaa61164b589225153f5331e089 37e6bb206081488f9cea84b49ee248f0 - - default default] Successfully bumped revision number for resource 49294b98-6a59-4726-9592-f04b50135974 (type: networks) to 1
2026-05-12 07:05:12.063 10 INFO neutron.services.segments.plugin [-] Segment 9a244358-76b4-4057-8dc6-bc4c9c5b6adb resource provider aggregate not found
2026-05-12 07:05:12.067 10 INFO neutron.services.segments.plugin [-] Segment 9a244358-76b4-4057-8dc6-bc4c9c5b6adb resource provider aggregate not found
2026-05-12 07:05:12.082 10 INFO neutron.services.segments.plugin [-] Segment 9a244358-76b4-4057-8dc6-bc4c9c5b6adb resource provider not found; error: Placement Client Error (4xx): {"errors": [{"status": 404, "title": "Not Found", "detail": "The resource could not be found.\n\n No resource provider with uuid 9a244358-76b4-4057-8dc6-bc4c9c5b6adb found for delete ", "request_id": "req-92077cfd-49e2-4e2c-89a8-bc78ed807e0a"}]}
2026-05-12 07:05:12.088 10 INFO neutron.services.segments.plugin [-] Segment 9a244358-76b4-4057-8dc6-bc4c9c5b6adb resource provider not found; error: Placement Client Error (4xx): {"errors": [{"status": 404, "title": "Not Found", "detail": "The resource could not be found.\n\n No resource provider with uuid 9a244358-76b4-4057-8dc6-bc4c9c5b6adb found for delete ", "request_id": "req-7983dada-9d33-4bcd-a983-685b4be90e0e"}]}
2026-05-12 07:05:12.110 10 INFO neutron.wsgi [None req-270319ab-bf6f-401a-bd62-7b74500d034f 618dc8e5576d4b3cae9e9a867a46e53e 109a6a106a044702bac08e18e48fe413 - - default default] 10.0.0.89 "DELETE /v2.0/networks/09964c29-abcb-4407-b834-fda0081841ad HTTP/1.1" status: 204 len: 168 time: 0.4493747
2026-05-12 07:05:12.335 9 INFO neutron.services.segments.plugin [-] Segment c1fa6965-8f7c-4435-a40f-695d357ff5e7 resource provider aggregate not found
2026-05-12 07:05:12.341 9 INFO neutron.services.segments.plugin [-] Segment c1fa6965-8f7c-4435-a40f-695d357ff5e7 resource provider aggregate not found
2026-05-12 07:05:12.376 9 INFO neutron.services.segments.plugin [-] Segment c1fa6965-8f7c-4435-a40f-695d357ff5e7 resource provider not found; error: Placement Client Error (4xx): {"errors": [{"status": 404, "title": "Not Found", "detail": "The resource could not be found.\n\n No resource provider with uuid c1fa6965-8f7c-4435-a40f-695d357ff5e7 found for delete ", "request_id": "req-64bb1fdc-3e3f-4508-8a62-0c6a17a22d6c"}]}
2026-05-12 07:05:12.377 9 INFO neutron.services.segments.plugin [-] Segment c1fa6965-8f7c-4435-a40f-695d357ff5e7 resource provider not found; error: Placement Client Error (4xx): {"errors": [{"status": 404, "title": "Not Found", "detail": "The resource could not be found.\n\n No resource provider with uuid c1fa6965-8f7c-4435-a40f-695d357ff5e7 found for delete ", "request_id": "req-891819d2-b590-4b78-b95b-2095a18d6b1e"}]}
2026-05-12 07:05:12.435 9 INFO neutron.wsgi [None req-922ae58b-7e9b-497d-a203-52ecfa8039e5 26b442d274674b85bcb50b19b75854bd 0eb702bbc06f44108024142dc1348093 - - default default] 10.0.0.89 "DELETE /v2.0/networks/c866b875-96c2-40cc-87d6-5f3294ce5182 HTTP/1.1" status: 204 len: 168 time: 0.7881694
2026-05-12 07:05:12.477 9 WARNING neutron.scheduler.dhcp_agent_scheduler [None req-476f7ef8-5032-439e-a3cb-18ad0dbdaed8 b761fcaa61164b589225153f5331e089 37e6bb206081488f9cea84b49ee248f0 - - default default] No more DHCP agents
2026-05-12 07:05:12.494 9 WARNING neutron.api.rpc.agentnotifiers.dhcp_rpc_agent_api [None req-476f7ef8-5032-439e-a3cb-18ad0dbdaed8 b761fcaa61164b589225153f5331e089 37e6bb206081488f9cea84b49ee248f0 - - default default] Unable to schedule network 49294b98-6a59-4726-9592-f04b50135974: no agents available; will retry on subsequent port and subnet creation events.
2026-05-12 07:05:12.607 9 INFO neutron.db.ovn_revision_numbers_db [None req-3d39b8bd-30b6-49ee-9b68-907430d207d5 fd6baac89f954a33bae9dc16520b6682 4ea77dfc919c498aa9ed65b1665bb9ae - - default default] Successfully bumped revision number for resource a82dc2e8-856a-456c-b5e9-fa3abc215abd (type: security_groups) to 1
2026-05-12 07:05:12.644 9 INFO neutron.db.ovn_revision_numbers_db [None req-3d39b8bd-30b6-49ee-9b68-907430d207d5 fd6baac89f954a33bae9dc16520b6682 4ea77dfc919c498aa9ed65b1665bb9ae - - default default] Successfully bumped revision number for resource 43061332-5987-430c-ac6d-5fadfd21bff3 (type: security_group_rules) to 0
2026-05-12 07:05:12.667 9 INFO neutron.db.ovn_revision_numbers_db [None req-476f7ef8-5032-439e-a3cb-18ad0dbdaed8 b761fcaa61164b589225153f5331e089 37e6bb206081488f9cea84b49ee248f0 - - default default] Successfully bumped revision number for resource c4666004-6f35-49d7-9f09-394e1660bc02 (type: ports) to 1
2026-05-12 07:05:12.685 9 INFO neutron.db.ovn_revision_numbers_db [None req-3d39b8bd-30b6-49ee-9b68-907430d207d5 fd6baac89f954a33bae9dc16520b6682 4ea77dfc919c498aa9ed65b1665bb9ae - - default default] Successfully bumped revision number for resource 62e1f8ce-eb0f-4282-8e94-ba238ff8cf3c (type: security_group_rules) to 0
2026-05-12 07:05:12.697 9 INFO neutron.wsgi [None req-476f7ef8-5032-439e-a3cb-18ad0dbdaed8 b761fcaa61164b589225153f5331e089 37e6bb206081488f9cea84b49ee248f0 - - default default] 10.0.0.89 "POST /v2.0/networks HTTP/1.1" status: 201 len: 928 time: 1.4186962
2026-05-12 07:05:12.710 9 INFO neutron.db.ovn_revision_numbers_db [None req-3d39b8bd-30b6-49ee-9b68-907430d207d5 fd6baac89f954a33bae9dc16520b6682 4ea77dfc919c498aa9ed65b1665bb9ae - - default default] Successfully bumped revision number for resource cfead10b-4697-4361-8dcc-cd73b836dc5b (type: security_group_rules) to 0
2026-05-12 07:05:12.740 9 INFO neutron.db.ovn_revision_numbers_db [None req-3d39b8bd-30b6-49ee-9b68-907430d207d5 fd6baac89f954a33bae9dc16520b6682 4ea77dfc919c498aa9ed65b1665bb9ae - - default default] Successfully bumped revision number for resource fd467a1d-a158-4fda-8394-df183f584939 (type: security_group_rules) to 0
2026-05-12 07:05:12.786 9 INFO neutron.wsgi [None req-3d39b8bd-30b6-49ee-9b68-907430d207d5 fd6baac89f954a33bae9dc16520b6682 4ea77dfc919c498aa9ed65b1665bb9ae - - default default] 10.0.0.89 "GET /v2.0/security-groups?tenant_id=158b8249852e4642a447430a993e2cdc&name=default HTTP/1.1" status: 200 len: 2996 time: 0.7153180
2026-05-12 07:05:12.907 9 INFO neutron.wsgi [None req-5d488864-d092-401a-9d66-54651746cd5a 618dc8e5576d4b3cae9e9a867a46e53e 109a6a106a044702bac08e18e48fe413 - - default default] 10.0.0.89 "DELETE /v2.0/networks/30cfa7f7-ff76-49e2-ad70-189522c6ad99 HTTP/1.1" status: 204 len: 168 time: 0.7911594
2026-05-12 07:05:12.989 10 WARNING neutron.scheduler.dhcp_agent_scheduler [None req-21a6df01-f01d-43f5-b5a2-90bc4ac8c117 b761fcaa61164b589225153f5331e089 37e6bb206081488f9cea84b49ee248f0 - - default default] No more DHCP agents
2026-05-12 07:05:12.995 10 WARNING neutron.api.rpc.agentnotifiers.dhcp_rpc_agent_api [None req-21a6df01-f01d-43f5-b5a2-90bc4ac8c117 b761fcaa61164b589225153f5331e089 37e6bb206081488f9cea84b49ee248f0 - - default default] Unable to schedule network 49294b98-6a59-4726-9592-f04b50135974: no agents available; will retry on subsequent port and subnet creation events.
2026-05-12 07:05:13.136 10 WARNING neutron.scheduler.dhcp_agent_scheduler [None req-c8bc4ef6-69ef-48d6-a658-cce12c19f29e 26b442d274674b85bcb50b19b75854bd 0eb702bbc06f44108024142dc1348093 - - default default] No more DHCP agents
2026-05-12 07:05:13.141 10 WARNING neutron.api.rpc.agentnotifiers.dhcp_rpc_agent_api [None req-c8bc4ef6-69ef-48d6-a658-cce12c19f29e 26b442d274674b85bcb50b19b75854bd 0eb702bbc06f44108024142dc1348093 - - default default] Unable to schedule network dab09501-07c0-4439-8d5a-750df455d8ad: no agents available; will retry on subsequent port and subnet creation events.
2026-05-12 07:05:13.151 9 INFO neutron.wsgi [None req-3ad80d1a-f408-4d9d-9270-059f369dd1d3 fd6baac89f954a33bae9dc16520b6682 4ea77dfc919c498aa9ed65b1665bb9ae - - default default] 10.0.0.89 "DELETE /v2.0/security-groups/a82dc2e8-856a-456c-b5e9-fa3abc215abd HTTP/1.1" status: 204 len: 168 time: 0.3611732
2026-05-12 07:05:13.386 9 INFO neutron.wsgi [None req-2b8aba80-28c2-47c0-8d70-68129373d191 fd6baac89f954a33bae9dc16520b6682 4ea77dfc919c498aa9ed65b1665bb9ae - - default default] 10.0.0.89 "GET /v2.0/security-groups?tenant_id=0889f1423d954b4eb3ffc341af448575&name=default HTTP/1.1" status: 200 len: 2996 time: 0.0697236
2026-05-12 07:05:13.404 9 INFO neutron.wsgi [None req-9c12a9f9-dd6c-4ab8-b4f9-b6a63b99f549 618dc8e5576d4b3cae9e9a867a46e53e 109a6a106a044702bac08e18e48fe413 - - default default] 10.0.0.89 "DELETE /v2.0/networks/84488a4e-1ee2-4cf3-a408-d575b0b1a3fe HTTP/1.1" status: 204 len: 168 time: 0.4878740
2026-05-12 07:05:13.413 10 INFO neutron.db.ovn_revision_numbers_db [None req-c8bc4ef6-69ef-48d6-a658-cce12c19f29e 26b442d274674b85bcb50b19b75854bd 0eb702bbc06f44108024142dc1348093 - - default default] Successfully bumped revision number for resource 2520fd95-9a6e-44e6-b692-ad939c562e01 (type: ports) to 1
2026-05-12 07:05:13.692 9 INFO neutron.wsgi [None req-11ea198b-70bb-4acd-b389-67bc27652e84 fd6baac89f954a33bae9dc16520b6682 4ea77dfc919c498aa9ed65b1665bb9ae - - default default] 10.0.0.89 "DELETE /v2.0/security-groups/1158cb63-1188-4fd9-8b68-6efa9603a34e HTTP/1.1" status: 204 len: 168 time: 0.3001189
2026-05-12 07:05:13.833 10 INFO neutron.db.ovn_revision_numbers_db [None req-21a6df01-f01d-43f5-b5a2-90bc4ac8c117 b761fcaa61164b589225153f5331e089 37e6bb206081488f9cea84b49ee248f0 - - default default] Successfully bumped revision number for resource c4666004-6f35-49d7-9f09-394e1660bc02 (type: ports) to 2
2026-05-12 07:05:13.835 9 INFO neutron.wsgi [None req-06dc9215-a730-4f1b-b866-3051579417f9 618dc8e5576d4b3cae9e9a867a46e53e 109a6a106a044702bac08e18e48fe413 - - default default] 10.0.0.89 "DELETE /v2.0/networks/cc7066e1-e2c7-4953-aff0-00f13aca0086 HTTP/1.1" status: 204 len: 168 time: 0.4234118
2026-05-12 07:05:13.891 10 INFO neutron.db.ovn_revision_numbers_db [None req-21a6df01-f01d-43f5-b5a2-90bc4ac8c117 b761fcaa61164b589225153f5331e089 37e6bb206081488f9cea84b49ee248f0 - - default default] Successfully bumped revision number for resource e166660e-69bc-4e59-afa8-ff9a4b2ddfde (type: subnets) to 0
2026-05-12 07:05:13.916 10 INFO neutron.wsgi [None req-21a6df01-f01d-43f5-b5a2-90bc4ac8c117 b761fcaa61164b589225153f5331e089 37e6bb206081488f9cea84b49ee248f0 - - default default] 10.0.0.89 "POST /v2.0/subnets HTTP/1.1" status: 201 len: 819 time: 1.2099137
2026-05-12 07:05:13.928 9 WARNING neutron.api.v2.base [None req-7e40b86c-56bb-48d1-b31b-6e6bfa8f3e2d b761fcaa61164b589225153f5331e089 37e6bb206081488f9cea84b49ee248f0 - - default default] An exception happened while processing the request body. The exception message is [Invalid input for target_tenant. Reason: 'None' is not a valid string.].: webob.exc.HTTPBadRequest: Invalid input for target_tenant. Reason: 'None' is not a valid string.
2026-05-12 07:05:13.928 9 INFO neutron.api.v2.resource [None req-7e40b86c-56bb-48d1-b31b-6e6bfa8f3e2d b761fcaa61164b589225153f5331e089 37e6bb206081488f9cea84b49ee248f0 - - default default] create failed (client error): Invalid input for target_tenant. Reason: 'None' is not a valid string.
2026-05-12 07:05:13.930 9 INFO neutron.wsgi [None req-7e40b86c-56bb-48d1-b31b-6e6bfa8f3e2d b761fcaa61164b589225153f5331e089 37e6bb206081488f9cea84b49ee248f0 - - default default] 10.0.0.89 "POST /v2.0/rbac-policies HTTP/1.1" status: 400 len: 346 time: 0.0076361
2026-05-12 07:05:14.275 9 INFO neutron.wsgi [None req-dbd1ad41-aa11-484e-8c02-ded20aa6af73 618dc8e5576d4b3cae9e9a867a46e53e 109a6a106a044702bac08e18e48fe413 - - default default] 10.0.0.89 "DELETE /v2.0/networks/76a28c07-f46b-40d8-9fd7-ea4b911f0ad0 HTTP/1.1" status: 204 len: 168 time: 0.4325118
2026-05-12 07:05:14.325 10 INFO neutron.plugins.ml2.drivers.ovn.mech_driver.mech_driver [None req-8b869861-29db-44a4-9696-bae518868819 - - - - - -] OVN reports status up for port: 2520fd95-9a6e-44e6-b692-ad939c562e01
2026-05-12 07:05:14.355 10 INFO neutron.plugins.ml2.plugin [None req-8b869861-29db-44a4-9696-bae518868819 - - - - - -] Attempt 1 to provision port 2520fd95-9a6e-44e6-b692-ad939c562e01
2026-05-12 07:05:14.383 10 INFO neutron.db.ovn_revision_numbers_db [None req-c8bc4ef6-69ef-48d6-a658-cce12c19f29e 26b442d274674b85bcb50b19b75854bd 0eb702bbc06f44108024142dc1348093 - - default default] Successfully bumped revision number for resource 2520fd95-9a6e-44e6-b692-ad939c562e01 (type: router_ports) to 1
2026-05-12 07:05:14.409 9 INFO neutron.services.segments.plugin [-] Segment 7af1739c-1b45-4dd8-a452-2c68cae48dd0 resource provider aggregate not found
2026-05-12 07:05:14.416 9 INFO neutron.services.segments.plugin [-] Segment 7af1739c-1b45-4dd8-a452-2c68cae48dd0 resource provider aggregate not found
