2026-05-12 07:05:32.506 10 INFO neutron.wsgi [None req-e9ff2841-cc04-4ecd-bf4f-6fe5ed1d6965 783082160704455b88a3c25ddad8530b b7909aa5732c4774bc07da8bd53382df - - default default] 10.0.0.89 "GET /v2.0/networks/0d9e244b-b909-400f-976f-35812e4a1959/tags HTTP/1.1" status: 200 len: 245 time: 0.0438471
2026-05-12 07:05:32.568 10 INFO neutron.wsgi [None req-3df3dc95-83a3-4bd8-9c64-cad0895a3539 783082160704455b88a3c25ddad8530b b7909aa5732c4774bc07da8bd53382df - - default default] 10.0.0.89 "PUT /v2.0/networks/0d9e244b-b909-400f-976f-35812e4a1959/tags HTTP/1.1" status: 200 len: 230 time: 0.0573735
2026-05-12 07:05:32.620 10 INFO neutron.wsgi [None req-eca6ba36-71d0-4c3d-8294-af34c8ccb19d 783082160704455b88a3c25ddad8530b b7909aa5732c4774bc07da8bd53382df - - default default] 10.0.0.89 "GET /v2.0/networks/0d9e244b-b909-400f-976f-35812e4a1959/tags HTTP/1.1" status: 200 len: 230 time: 0.0431933
2026-05-12 07:05:32.669 10 INFO neutron.wsgi [None req-2808b3e3-c844-468c-b231-eabba1270344 783082160704455b88a3c25ddad8530b b7909aa5732c4774bc07da8bd53382df - - default default] 10.0.0.89 "GET /v2.0/networks/0d9e244b-b909-400f-976f-35812e4a1959/tags/red HTTP/1.1" status: 204 len: 168 time: 0.0420256
2026-05-12 07:05:32.730 10 INFO neutron.api.v2.resource [None req-620f5e85-4611-4fc0-b844-242229475f3f 783082160704455b88a3c25ddad8530b b7909aa5732c4774bc07da8bd53382df - - default default] show failed (client error): The resource could not be found.
2026-05-12 07:05:32.732 10 INFO neutron.wsgi [None req-620f5e85-4611-4fc0-b844-242229475f3f 783082160704455b88a3c25ddad8530b b7909aa5732c4774bc07da8bd53382df - - default default] 10.0.0.89 "GET /v2.0/networks/0d9e244b-b909-400f-976f-35812e4a1959/tags/green HTTP/1.1" status: 404 len: 299 time: 0.0502484
2026-05-12 07:05:32.773 9 INFO neutron.db.ovn_revision_numbers_db [None req-6b88dc31-e976-4416-820e-4ef7f055d111 50b09b565c81418a9fd530bf74cf3101 8886ab898dcc44b8a583dd40cb289631 - - default default] Successfully bumped revision number for resource 705e613e-d85e-446e-988f-5bb5705789a7 (type: floatingips) to 0
2026-05-12 07:05:32.792 9 INFO neutron.wsgi [None req-6b88dc31-e976-4416-820e-4ef7f055d111 50b09b565c81418a9fd530bf74cf3101 8886ab898dcc44b8a583dd40cb289631 - - default default] 10.0.0.89 "POST /v2.0/floatingips HTTP/1.1" status: 201 len: 751 time: 0.6958742
2026-05-12 07:05:32.797 10 INFO neutron.wsgi [None req-49d6ea7a-17de-40fc-8a61-397316cd853c 783082160704455b88a3c25ddad8530b b7909aa5732c4774bc07da8bd53382df - - default default] 10.0.0.89 "DELETE /v2.0/networks/0d9e244b-b909-400f-976f-35812e4a1959/tags/red HTTP/1.1" status: 204 len: 168 time: 0.0592306
2026-05-12 07:05:32.839 10 INFO neutron.wsgi [None req-ae08476d-dd01-44c8-b34f-a9b848e8467a 783082160704455b88a3c25ddad8530b b7909aa5732c4774bc07da8bd53382df - - default default] 10.0.0.89 "GET /v2.0/networks/0d9e244b-b909-400f-976f-35812e4a1959/tags HTTP/1.1" status: 200 len: 223 time: 0.0384302
2026-05-12 07:05:32.889 10 INFO neutron.api.v2.resource [None req-ffc5c157-916c-40d0-8707-b2b8a2e4d1b0 783082160704455b88a3c25ddad8530b b7909aa5732c4774bc07da8bd53382df - - default default] delete failed (client error): The resource could not be found.
2026-05-12 07:05:32.892 10 INFO neutron.wsgi [None req-ffc5c157-916c-40d0-8707-b2b8a2e4d1b0 783082160704455b88a3c25ddad8530b b7909aa5732c4774bc07da8bd53382df - - default default] 10.0.0.89 "DELETE /v2.0/networks/0d9e244b-b909-400f-976f-35812e4a1959/tags/green HTTP/1.1" status: 404 len: 299 time: 0.0451727
2026-05-12 07:05:33.112 9 WARNING neutron.scheduler.dhcp_agent_scheduler [None req-f7cf3d67-1929-4e19-8f4d-5d482e779843 50b09b565c81418a9fd530bf74cf3101 8886ab898dcc44b8a583dd40cb289631 - - default default] No more DHCP agents
2026-05-12 07:05:33.116 9 WARNING neutron.api.rpc.agentnotifiers.dhcp_rpc_agent_api [None req-f7cf3d67-1929-4e19-8f4d-5d482e779843 50b09b565c81418a9fd530bf74cf3101 8886ab898dcc44b8a583dd40cb289631 - - default default] Unable to schedule network dab09501-07c0-4439-8d5a-750df455d8ad: no agents available; will retry on subsequent port and subnet creation events.
2026-05-12 07:05:33.169 10 INFO neutron.wsgi [None req-79022786-6a09-42cd-b8ea-e0f142a25c12 783082160704455b88a3c25ddad8530b b7909aa5732c4774bc07da8bd53382df - - default default] 10.0.0.89 "DELETE /v2.0/networks/0d9e244b-b909-400f-976f-35812e4a1959/tags HTTP/1.1" status: 204 len: 168 time: 0.2713268
2026-05-12 07:05:33.217 9 INFO neutron.wsgi [None req-ac5c6456-59b3-4cef-9248-edbecc27594d 783082160704455b88a3c25ddad8530b b7909aa5732c4774bc07da8bd53382df - - default default] 10.0.0.89 "GET /v2.0/networks/0d9e244b-b909-400f-976f-35812e4a1959/tags HTTP/1.1" status: 200 len: 205 time: 0.0418658
2026-05-12 07:05:33.479 9 INFO neutron.db.ovn_revision_numbers_db [None req-f7cf3d67-1929-4e19-8f4d-5d482e779843 50b09b565c81418a9fd530bf74cf3101 8886ab898dcc44b8a583dd40cb289631 - - default default] Successfully bumped revision number for resource f8326ca1-ad3b-461a-843c-13f77b3f213f (type: floatingips) to 0
2026-05-12 07:05:33.498 9 INFO neutron.wsgi [None req-f7cf3d67-1929-4e19-8f4d-5d482e779843 50b09b565c81418a9fd530bf74cf3101 8886ab898dcc44b8a583dd40cb289631 - - default default] 10.0.0.89 "POST /v2.0/floatingips HTTP/1.1" status: 201 len: 751 time: 0.7006762
2026-05-12 07:05:33.622 10 INFO neutron.services.segments.plugin [-] Segment 678ecc27-3338-4a0a-8043-7143a3908119 resource provider aggregate not found
2026-05-12 07:05:33.640 10 INFO neutron.services.segments.plugin [-] Segment 678ecc27-3338-4a0a-8043-7143a3908119 resource provider aggregate not found
2026-05-12 07:05:33.648 10 INFO neutron.services.segments.plugin [-] Segment 678ecc27-3338-4a0a-8043-7143a3908119 resource provider not found; error: Placement Client Error (4xx): {"errors": [{"status": 404, "title": "Not Found", "detail": "The resource could not be found.\n\n No resource provider with uuid 678ecc27-3338-4a0a-8043-7143a3908119 found for delete ", "request_id": "req-688f4d91-d217-4345-8a4b-6ceb67665a3a"}]}
2026-05-12 07:05:33.661 10 INFO neutron.services.segments.plugin [-] Segment 678ecc27-3338-4a0a-8043-7143a3908119 resource provider not found; error: Placement Client Error (4xx): {"errors": [{"status": 404, "title": "Not Found", "detail": "The resource could not be found.\n\n No resource provider with uuid 678ecc27-3338-4a0a-8043-7143a3908119 found for delete ", "request_id": "req-e93250aa-4a3b-4af0-83f5-4445cff6a5af"}]}
2026-05-12 07:05:33.695 10 INFO neutron.wsgi [None req-3bb7005f-ca7a-40cc-8246-851459179cf8 783082160704455b88a3c25ddad8530b b7909aa5732c4774bc07da8bd53382df - - default default] 10.0.0.89 "DELETE /v2.0/networks/0d9e244b-b909-400f-976f-35812e4a1959 HTTP/1.1" status: 204 len: 168 time: 0.4710474
2026-05-12 07:05:33.863 10 WARNING neutron.scheduler.dhcp_agent_scheduler [None req-41219166-ddc8-46c4-9305-0b85c0ba85bf 50b09b565c81418a9fd530bf74cf3101 8886ab898dcc44b8a583dd40cb289631 - - default default] No more DHCP agents
2026-05-12 07:05:33.866 10 WARNING neutron.api.rpc.agentnotifiers.dhcp_rpc_agent_api [None req-41219166-ddc8-46c4-9305-0b85c0ba85bf 50b09b565c81418a9fd530bf74cf3101 8886ab898dcc44b8a583dd40cb289631 - - default default] Unable to schedule network dab09501-07c0-4439-8d5a-750df455d8ad: no agents available; will retry on subsequent port and subnet creation events.
2026-05-12 07:05:34.205 10 INFO neutron.db.ovn_revision_numbers_db [None req-41219166-ddc8-46c4-9305-0b85c0ba85bf 50b09b565c81418a9fd530bf74cf3101 8886ab898dcc44b8a583dd40cb289631 - - default default] Successfully bumped revision number for resource 68580ccd-a3cc-4d6e-97bc-9035d00e6f24 (type: floatingips) to 0
2026-05-12 07:05:34.224 10 INFO neutron.wsgi [None req-41219166-ddc8-46c4-9305-0b85c0ba85bf 50b09b565c81418a9fd530bf74cf3101 8886ab898dcc44b8a583dd40cb289631 - - default default] 10.0.0.89 "POST /v2.0/floatingips HTTP/1.1" status: 201 len: 751 time: 0.7206662
2026-05-12 07:05:34.273 10 INFO neutron.wsgi [None req-47ad65fd-ff16-4964-9ceb-40a394e418a2 50b09b565c81418a9fd530bf74cf3101 8886ab898dcc44b8a583dd40cb289631 - - default default] 10.0.0.89 "PUT /v2.0/floatingips/7332e591-3896-4295-a591-06098072349d/tags HTTP/1.1" status: 200 len: 210 time: 0.0421975
2026-05-12 07:05:34.312 10 INFO neutron.wsgi [None req-813a0be3-16ec-42eb-a30e-255bcb8b72ea 50b09b565c81418a9fd530bf74cf3101 8886ab898dcc44b8a583dd40cb289631 - - default default] 10.0.0.89 "PUT /v2.0/floatingips/5a102c46-512a-4a03-bbcc-f5eb5258c046/tags HTTP/1.1" status: 200 len: 218 time: 0.0329578
2026-05-12 07:05:34.372 9 INFO neutron.wsgi [None req-ca41d02d-5c38-445f-bd1a-27a6be0c126c 50b09b565c81418a9fd530bf74cf3101 8886ab898dcc44b8a583dd40cb289631 - - default default] 10.0.0.89 "PUT /v2.0/floatingips/705e613e-d85e-446e-988f-5bb5705789a7/tags HTTP/1.1" status: 200 len: 227 time: 0.0491416
2026-05-12 07:05:34.423 9 INFO neutron.wsgi [None req-6fc0ae12-ae1b-45a8-ad29-b824fef457ce 50b09b565c81418a9fd530bf74cf3101 8886ab898dcc44b8a583dd40cb289631 - - default default] 10.0.0.89 "PUT /v2.0/floatingips/f8326ca1-ad3b-461a-843c-13f77b3f213f/tags HTTP/1.1" status: 200 len: 212 time: 0.0433962
2026-05-12 07:05:34.490 9 INFO neutron.wsgi [None req-69333fc2-3807-4fdf-9791-99c3ea220671 50b09b565c81418a9fd530bf74cf3101 8886ab898dcc44b8a583dd40cb289631 - - default default] 10.0.0.89 "GET /v2.0/floatingips?tags=red HTTP/1.1" status: 200 len: 1866 time: 0.0630465
2026-05-12 07:05:34.535 9 INFO neutron.wsgi [None req-24a13352-0d35-4e32-95ba-163a861c0122 fd6baac89f954a33bae9dc16520b6682 4ea77dfc919c498aa9ed65b1665bb9ae - - default default] 10.0.0.89 "GET /v2.0/security-groups?tenant_id=b7909aa5732c4774bc07da8bd53382df&name=default HTTP/1.1" status: 200 len: 2996 time: 0.2521787
2026-05-12 07:05:34.539 10 INFO neutron.wsgi [None req-eec1b4ed-c4fe-44a6-8073-80eb9d9ecab1 50b09b565c81418a9fd530bf74cf3101 8886ab898dcc44b8a583dd40cb289631 - - default default] 10.0.0.89 "GET /v2.0/floatingips?tags=red%2Cblue HTTP/1.1" status: 200 len: 1323 time: 0.0429401
2026-05-12 07:05:34.581 9 INFO neutron.wsgi [None req-a3e1f606-e455-4fcf-9e4c-c855b99eaddb 50b09b565c81418a9fd530bf74cf3101 8886ab898dcc44b8a583dd40cb289631 - - default default] 10.0.0.89 "GET /v2.0/floatingips?tags-any=blue HTTP/1.1" status: 200 len: 1323 time: 0.0380919
2026-05-12 07:05:34.616 9 INFO neutron.wsgi [None req-e7544e87-7115-4c4c-9b30-6989acaa1a4e 50b09b565c81418a9fd530bf74cf3101 8886ab898dcc44b8a583dd40cb289631 - - default default] 10.0.0.89 "GET /v2.0/floatingips?tags-any=red%2Cblue HTTP/1.1" status: 200 len: 1866 time: 0.0314369
2026-05-12 07:05:34.673 9 INFO neutron.wsgi [None req-ac4bcd85-caaf-4a0e-bebb-819b1b086633 50b09b565c81418a9fd530bf74cf3101 8886ab898dcc44b8a583dd40cb289631 - - default default] 10.0.0.89 "GET /v2.0/floatingips?not-tags=red HTTP/1.1" status: 200 len: 1295 time: 0.0511768
2026-05-12 07:05:34.737 10 INFO neutron.wsgi [None req-da291c86-27b0-49f7-91bf-94b5f3885dfd 50b09b565c81418a9fd530bf74cf3101 8886ab898dcc44b8a583dd40cb289631 - - default default] 10.0.0.89 "GET /v2.0/floatingips?not-tags=red%2Cblue HTTP/1.1" status: 200 len: 1838 time: 0.0597842
2026-05-12 07:05:34.790 10 INFO neutron.wsgi [None req-1ecea6e0-c942-4378-966f-e86eef825cc1 50b09b565c81418a9fd530bf74cf3101 8886ab898dcc44b8a583dd40cb289631 - - default default] 10.0.0.89 "GET /v2.0/floatingips?not-tags-any=blue HTTP/1.1" status: 200 len: 1838 time: 0.0489752
2026-05-12 07:05:34.826 10 INFO neutron.wsgi [None req-1d0f2061-2352-4f6d-b8bd-d94a76570d5f 50b09b565c81418a9fd530bf74cf3101 8886ab898dcc44b8a583dd40cb289631 - - default default] 10.0.0.89 "GET /v2.0/floatingips?not-tags-any=red%2Cblue HTTP/1.1" status: 200 len: 1295 time: 0.0301566
2026-05-12 07:05:34.837 10 INFO neutron.wsgi [None req-b3ac3286-12d9-40d7-807e-c8c1321eb840 fd6baac89f954a33bae9dc16520b6682 4ea77dfc919c498aa9ed65b1665bb9ae - - default default] 10.0.0.89 "DELETE /v2.0/security-groups/c42b6ac4-15e1-465f-924b-8b22ab2b368d HTTP/1.1" status: 204 len: 168 time: 0.2962332
2026-05-12 07:05:35.147 10 INFO neutron.db.ovn_revision_numbers_db [None req-68c0436d-7789-4cd5-a830-127d3afdd6d8 fd6baac89f954a33bae9dc16520b6682 4ea77dfc919c498aa9ed65b1665bb9ae - - default default] Successfully bumped revision number for resource d2328e0a-5aa6-4405-8126-ae4abc549c5e (type: security_groups) to 1
2026-05-12 07:05:35.164 10 INFO neutron.db.ovn_revision_numbers_db [None req-68c0436d-7789-4cd5-a830-127d3afdd6d8 fd6baac89f954a33bae9dc16520b6682 4ea77dfc919c498aa9ed65b1665bb9ae - - default default] Successfully bumped revision number for resource 456740dd-510a-4241-8938-83d625650118 (type: security_group_rules) to 0
2026-05-12 07:05:35.181 10 INFO neutron.db.ovn_revision_numbers_db [None req-68c0436d-7789-4cd5-a830-127d3afdd6d8 fd6baac89f954a33bae9dc16520b6682 4ea77dfc919c498aa9ed65b1665bb9ae - - default default] Successfully bumped revision number for resource d0172d5f-95a6-4f6b-accd-ce61b0412a56 (type: security_group_rules) to 0
2026-05-12 07:05:35.199 10 INFO neutron.db.ovn_revision_numbers_db [None req-68c0436d-7789-4cd5-a830-127d3afdd6d8 fd6baac89f954a33bae9dc16520b6682 4ea77dfc919c498aa9ed65b1665bb9ae - - default default] Successfully bumped revision number for resource d98c316f-6f8b-41c9-9c2e-b6857fb89500 (type: security_group_rules) to 0
2026-05-12 07:05:35.214 10 INFO neutron.db.ovn_revision_numbers_db [None req-68c0436d-7789-4cd5-a830-127d3afdd6d8 fd6baac89f954a33bae9dc16520b6682 4ea77dfc919c498aa9ed65b1665bb9ae - - default default] Successfully bumped revision number for resource fcd07e03-df71-49ef-a47a-3e479039ea70 (type: security_group_rules) to 0
2026-05-12 07:05:35.241 10 INFO neutron.wsgi [None req-68c0436d-7789-4cd5-a830-127d3afdd6d8 fd6baac89f954a33bae9dc16520b6682 4ea77dfc919c498aa9ed65b1665bb9ae - - default default] 10.0.0.89 "GET /v2.0/security-groups?tenant_id=92dc0ca823b34350b6714b45e458d8df&name=default HTTP/1.1" status: 200 len: 2996 time: 0.1985049
2026-05-12 07:05:35.249 9 INFO neutron.wsgi [None req-b82ed9f3-c474-4ab8-ada8-8c34dfe4db50 50b09b565c81418a9fd530bf74cf3101 8886ab898dcc44b8a583dd40cb289631 - - default default] 10.0.0.89 "DELETE /v2.0/floatingips/7332e591-3896-4295-a591-06098072349d HTTP/1.1" status: 204 len: 168 time: 0.4151862
2026-05-12 07:05:35.433 10 INFO neutron.wsgi [None req-17876ef7-6254-4e14-a7cb-b8b22e71aa60 fd6baac89f954a33bae9dc16520b6682 4ea77dfc919c498aa9ed65b1665bb9ae - - default default] 10.0.0.89 "DELETE /v2.0/security-groups/d2328e0a-5aa6-4405-8126-ae4abc549c5e HTTP/1.1" status: 204 len: 168 time: 0.1884933
2026-05-12 07:05:35.622 9 INFO neutron.wsgi [None req-17ae5922-f04d-447e-817c-fe6d8cfe0f23 50b09b565c81418a9fd530bf74cf3101 8886ab898dcc44b8a583dd40cb289631 - - default default] 10.0.0.89 "DELETE /v2.0/floatingips/5a102c46-512a-4a03-bbcc-f5eb5258c046 HTTP/1.1" status: 204 len: 168 time: 0.3685400
2026-05-12 07:05:36.243 9 INFO neutron.wsgi [None req-a0381f06-0347-4e96-9043-98daf9639fd6 50b09b565c81418a9fd530bf74cf3101 8886ab898dcc44b8a583dd40cb289631 - - default default] 10.0.0.89 "DELETE /v2.0/floatingips/705e613e-d85e-446e-988f-5bb5705789a7 HTTP/1.1" status: 204 len: 168 time: 0.6163657
2026-05-12 07:05:36.658 9 INFO neutron.wsgi [None req-72f92d39-ce1b-42e0-a7df-caf079a118a2 50b09b565c81418a9fd530bf74cf3101 8886ab898dcc44b8a583dd40cb289631 - - default default] 10.0.0.89 "DELETE /v2.0/floatingips/f8326ca1-ad3b-461a-843c-13f77b3f213f HTTP/1.1" status: 204 len: 168 time: 0.4091041
2026-05-12 07:05:36.746 10 INFO neutron.wsgi [-] 10.0.0.42 "GET / HTTP/1.1" status: 200 len: 247 time: 0.0021601
2026-05-12 07:05:36.749 10 INFO neutron.wsgi [-] 10.0.0.42 "GET / HTTP/1.1" status: 200 len: 247 time: 0.0020595
2026-05-12 07:05:37.061 9 INFO neutron.wsgi [None req-c37f5180-d341-479b-afb4-6f95789a27f7 50b09b565c81418a9fd530bf74cf3101 8886ab898dcc44b8a583dd40cb289631 - - default default] 10.0.0.89 "DELETE /v2.0/floatingips/68580ccd-a3cc-4d6e-97bc-9035d00e6f24 HTTP/1.1" status: 204 len: 168 time: 0.3966157
2026-05-12 07:05:37.989 9 INFO neutron.db.ovn_revision_numbers_db [None req-5cb95423-4518-4910-8069-3f83019c22bc fd6baac89f954a33bae9dc16520b6682 4ea77dfc919c498aa9ed65b1665bb9ae - - default default] Successfully bumped revision number for resource 953b6303-69bf-4f8c-af23-8ae60203fc3a (type: security_groups) to 1
2026-05-12 07:05:38.013 9 INFO neutron.db.ovn_revision_numbers_db [None req-5cb95423-4518-4910-8069-3f83019c22bc fd6baac89f954a33bae9dc16520b6682 4ea77dfc919c498aa9ed65b1665bb9ae - - default default] Successfully bumped revision number for resource 195325c2-1d21-4223-b3e3-926fda5ae0fc (type: security_group_rules) to 0
2026-05-12 07:05:38.033 9 INFO neutron.db.ovn_revision_numbers_db [None req-5cb95423-4518-4910-8069-3f83019c22bc fd6baac89f954a33bae9dc16520b6682 4ea77dfc919c498aa9ed65b1665bb9ae - - default default] Successfully bumped revision number for resource 42c545de-93f3-4115-8272-350cf1b83625 (type: security_group_rules) to 0
2026-05-12 07:05:38.070 9 INFO neutron.db.ovn_revision_numbers_db [None req-5cb95423-4518-4910-8069-3f83019c22bc fd6baac89f954a33bae9dc16520b6682 4ea77dfc919c498aa9ed65b1665bb9ae - - default default] Successfully bumped revision number for resource 6532cc7b-0da1-48c6-82e0-66f90a454362 (type: security_group_rules) to 0
2026-05-12 07:05:38.111 9 INFO neutron.db.ovn_revision_numbers_db [None req-5cb95423-4518-4910-8069-3f83019c22bc fd6baac89f954a33bae9dc16520b6682 4ea77dfc919c498aa9ed65b1665bb9ae - - default default] Successfully bumped revision number for resource 68814af9-0544-45d4-9e22-a8a7fab90cc5 (type: security_group_rules) to 0
2026-05-12 07:05:38.135 9 INFO neutron.wsgi [None req-5cb95423-4518-4910-8069-3f83019c22bc fd6baac89f954a33bae9dc16520b6682 4ea77dfc919c498aa9ed65b1665bb9ae - - default default] 10.0.0.89 "GET /v2.0/security-groups?tenant_id=d322e7c844b34f4d98e26b37a91151be&name=default HTTP/1.1" status: 200 len: 2996 time: 0.3892925
2026-05-12 07:05:38.407 9 INFO neutron.wsgi [None req-b7d0dcba-21d9-43bb-a03c-43813411beac fd6baac89f954a33bae9dc16520b6682 4ea77dfc919c498aa9ed65b1665bb9ae - - default default] 10.0.0.89 "DELETE /v2.0/security-groups/953b6303-69bf-4f8c-af23-8ae60203fc3a HTTP/1.1" status: 204 len: 168 time: 0.2669737
2026-05-12 07:05:38.430 10 INFO neutron.db.ovn_revision_numbers_db [None req-67238595-f802-4c21-b9ec-db530684b172 fd6baac89f954a33bae9dc16520b6682 4ea77dfc919c498aa9ed65b1665bb9ae - - default default] Successfully bumped revision number for resource 9f448303-b615-482e-a144-8ba9696d80a0 (type: security_groups) to 1
2026-05-12 07:05:38.444 10 INFO neutron.db.ovn_revision_numbers_db [None req-67238595-f802-4c21-b9ec-db530684b172 fd6baac89f954a33bae9dc16520b6682 4ea77dfc919c498aa9ed65b1665bb9ae - - default default] Successfully bumped revision number for resource 1edd2c80-7beb-4acf-8576-c374070c2b2a (type: security_group_rules) to 0
2026-05-12 07:05:38.461 10 INFO neutron.db.ovn_revision_numbers_db [None req-67238595-f802-4c21-b9ec-db530684b172 fd6baac89f954a33bae9dc16520b6682 4ea77dfc919c498aa9ed65b1665bb9ae - - default default] Successfully bumped revision number for resource 358eec27-dc50-4d9d-bf70-8916d57f5f54 (type: security_group_rules) to 0
2026-05-12 07:05:38.476 10 INFO neutron.db.ovn_revision_numbers_db [None req-67238595-f802-4c21-b9ec-db530684b172 fd6baac89f954a33bae9dc16520b6682 4ea77dfc919c498aa9ed65b1665bb9ae - - default default] Successfully bumped revision number for resource 48176aa6-4815-4853-8df8-154d89cd9271 (type: security_group_rules) to 0
2026-05-12 07:05:38.491 10 INFO neutron.db.ovn_revision_numbers_db [None req-67238595-f802-4c21-b9ec-db530684b172 fd6baac89f954a33bae9dc16520b6682 4ea77dfc919c498aa9ed65b1665bb9ae - - default default] Successfully bumped revision number for resource e0aaef86-e139-4427-800a-80e4fabeccdb (type: security_group_rules) to 0
2026-05-12 07:05:38.516 10 INFO neutron.wsgi [None req-67238595-f802-4c21-b9ec-db530684b172 fd6baac89f954a33bae9dc16520b6682 4ea77dfc919c498aa9ed65b1665bb9ae - - default default] 10.0.0.89 "GET /v2.0/security-groups?tenant_id=582e741334d44b2ba25bad3d0c0e9428&name=default HTTP/1.1" status: 200 len: 2996 time: 0.5020895
2026-05-12 07:05:38.615 9 INFO neutron.db.ovn_revision_numbers_db [None req-2081d2d4-7574-4f17-898f-32fc05442fe4 fd6baac89f954a33bae9dc16520b6682 4ea77dfc919c498aa9ed65b1665bb9ae - - default default] Successfully bumped revision number for resource 2596fa3b-20de-44fd-bca5-533813d7cf5d (type: security_groups) to 1
2026-05-12 07:05:38.630 9 INFO neutron.db.ovn_revision_numbers_db [None req-2081d2d4-7574-4f17-898f-32fc05442fe4 fd6baac89f954a33bae9dc16520b6682 4ea77dfc919c498aa9ed65b1665bb9ae - - default default] Successfully bumped revision number for resource 28feb3ae-b6f9-44f5-9455-0f22b7c36222 (type: security_group_rules) to 0
2026-05-12 07:05:38.646 9 INFO neutron.db.ovn_revision_numbers_db [None req-2081d2d4-7574-4f17-898f-32fc05442fe4 fd6baac89f954a33bae9dc16520b6682 4ea77dfc919c498aa9ed65b1665bb9ae - - default default] Successfully bumped revision number for resource 413a03c1-3e8b-467c-8713-d362452c0f9e (type: security_group_rules) to 0
2026-05-12 07:05:38.662 9 INFO neutron.db.ovn_revision_numbers_db [None req-2081d2d4-7574-4f17-898f-32fc05442fe4 fd6baac89f954a33bae9dc16520b6682 4ea77dfc919c498aa9ed65b1665bb9ae - - default default] Successfully bumped revision number for resource 5b9d20b4-ec17-4c1f-9b60-0869fac79d8a (type: security_group_rules) to 0
2026-05-12 07:05:38.680 9 INFO neutron.db.ovn_revision_numbers_db [None req-2081d2d4-7574-4f17-898f-32fc05442fe4 fd6baac89f954a33bae9dc16520b6682 4ea77dfc919c498aa9ed65b1665bb9ae - - default default] Successfully bumped revision number for resource d9132129-3424-4f27-b604-f1c8581d7b43 (type: security_group_rules) to 0
2026-05-12 07:05:38.704 9 INFO neutron.wsgi [None req-2081d2d4-7574-4f17-898f-32fc05442fe4 fd6baac89f954a33bae9dc16520b6682 4ea77dfc919c498aa9ed65b1665bb9ae - - default default] 10.0.0.89 "GET /v2.0/security-groups?tenant_id=ffa11898584844709f230a52aebcba6c&name=default HTTP/1.1" status: 200 len: 2996 time: 0.1997242
2026-05-12 07:05:38.752 10 INFO neutron.wsgi [None req-c977ae8d-a100-4915-b2a7-716130bdb324 fd6baac89f954a33bae9dc16520b6682 4ea77dfc919c498aa9ed65b1665bb9ae - - default default] 10.0.0.89 "DELETE /v2.0/security-groups/9f448303-b615-482e-a144-8ba9696d80a0 HTTP/1.1" status: 204 len: 168 time: 0.2287951
2026-05-12 07:05:38.980 10 INFO neutron.wsgi [None req-8a489ab1-8468-4cdc-b501-37d64e6a3aa6 fd6baac89f954a33bae9dc16520b6682 4ea77dfc919c498aa9ed65b1665bb9ae - - default default] 10.0.0.89 "DELETE /v2.0/security-groups/2596fa3b-20de-44fd-bca5-533813d7cf5d HTTP/1.1" status: 204 len: 168 time: 0.2721760
2026-05-12 07:05:39.021 10 INFO neutron.wsgi [None req-ffb35174-ba5a-4a32-ad38-a13f7c4b7831 478e0ae490f14adc80a944cd26e84202 d84637fbf387499798b333710d014683 - - default default] 10.0.0.89 "POST /v2.0/subnetpools HTTP/1.1" status: 201 len: 715 time: 0.1886914
2026-05-12 07:05:39.067 9 INFO neutron.wsgi [None req-83fc7818-d796-4879-b5e5-0ff98787a676 478e0ae490f14adc80a944cd26e84202 d84637fbf387499798b333710d014683 - - default default] 10.0.0.89 "PUT /v2.0/subnetpools/0c1e0bd5-cc60-4944-81b0-07e0f8a9a009/tags HTTP/1.1" status: 200 len: 218 time: 0.0378952
2026-05-12 07:05:39.079 10 INFO neutron.db.ovn_revision_numbers_db [None req-af8ea4ac-afeb-4833-94ff-36137020fde6 fd6baac89f954a33bae9dc16520b6682 4ea77dfc919c498aa9ed65b1665bb9ae - - default default] Successfully bumped revision number for resource c87bc2b6-43da-4d6d-8f49-111c30f343b0 (type: security_groups) to 1
2026-05-12 07:05:39.099 10 INFO neutron.wsgi [None req-ecc52be8-77d3-43c0-8506-6d8280527f73 478e0ae490f14adc80a944cd26e84202 d84637fbf387499798b333710d014683 - - default default] 10.0.0.89 "GET /v2.0/subnetpools/0c1e0bd5-cc60-4944-81b0-07e0f8a9a009/tags HTTP/1.1" status: 200 len: 218 time: 0.0242999
2026-05-12 07:05:39.104 10 INFO neutron.db.ovn_revision_numbers_db [None req-af8ea4ac-afeb-4833-94ff-36137020fde6 fd6baac89f954a33bae9dc16520b6682 4ea77dfc919c498aa9ed65b1665bb9ae - - default default] Successfully bumped revision number for resource 0cb26587-191f-4141-8a80-672290a69fa3 (type: security_group_rules) to 0
2026-05-12 07:05:39.123 10 INFO neutron.db.ovn_revision_numbers_db [None req-af8ea4ac-afeb-4833-94ff-36137020fde6 fd6baac89f954a33bae9dc16520b6682 4ea77dfc919c498aa9ed65b1665bb9ae - - default default] Successfully bumped revision number for resource 0fd1e8d8-cce1-447e-bf1d-cf46c2983543 (type: security_group_rules) to 0
2026-05-12 07:05:39.138 9 INFO neutron.wsgi [None req-f98eeb05-1a51-4df6-863f-6aa1c3c7830a 478e0ae490f14adc80a944cd26e84202 d84637fbf387499798b333710d014683 - - default default] 10.0.0.89 "PUT /v2.0/subnetpools/0c1e0bd5-cc60-4944-81b0-07e0f8a9a009/tags/green HTTP/1.1" status: 201 len: 201 time: 0.0320501
2026-05-12 07:05:39.142 10 INFO neutron.db.ovn_revision_numbers_db [None req-af8ea4ac-afeb-4833-94ff-36137020fde6 fd6baac89f954a33bae9dc16520b6682 4ea77dfc919c498aa9ed65b1665bb9ae - - default default] Successfully bumped revision number for resource 47f5a2a1-b62b-4a63-a7d5-be570aeb8163 (type: security_group_rules) to 0
2026-05-12 07:05:39.159 10 INFO neutron.db.ovn_revision_numbers_db [None req-af8ea4ac-afeb-4833-94ff-36137020fde6 fd6baac89f954a33bae9dc16520b6682 4ea77dfc919c498aa9ed65b1665bb9ae - - default default] Successfully bumped revision number for resource b95f7b84-bef3-4b60-96de-16f84386470a (type: security_group_rules) to 0
2026-05-12 07:05:39.161 9 INFO neutron.wsgi [None req-ed544464-d92c-4457-9125-06f3f554acc4 478e0ae490f14adc80a944cd26e84202 d84637fbf387499798b333710d014683 - - default default] 10.0.0.89 "GET /v2.0/subnetpools/0c1e0bd5-cc60-4944-81b0-07e0f8a9a009/tags HTTP/1.1" status: 200 len: 227 time: 0.0178356
2026-05-12 07:05:39.196 10 INFO neutron.wsgi [None req-af8ea4ac-afeb-4833-94ff-36137020fde6 fd6baac89f954a33bae9dc16520b6682 4ea77dfc919c498aa9ed65b1665bb9ae - - default default] 10.0.0.89 "GET /v2.0/security-groups?tenant_id=7e8935d6472e477ba8722744b3eb79e3&name=default HTTP/1.1" status: 200 len: 2996 time: 0.2656462
2026-05-12 07:05:39.204 10 INFO neutron.wsgi [None req-6ac12ac8-290d-47d7-a356-5f430849e46a 478e0ae490f14adc80a944cd26e84202 d84637fbf387499798b333710d014683 - - default default] 10.0.0.89 "PUT /v2.0/subnetpools/0c1e0bd5-cc60-4944-81b0-07e0f8a9a009/tags/red HTTP/1.1" status: 201 len: 201 time: 0.0352805
2026-05-12 07:05:39.225 10 INFO neutron.wsgi [None req-5b92b19d-cf94-46df-a62f-765cce3523f7 478e0ae490f14adc80a944cd26e84202 d84637fbf387499798b333710d014683 - - default default] 10.0.0.89 "GET /v2.0/subnetpools/0c1e0bd5-cc60-4944-81b0-07e0f8a9a009/tags HTTP/1.1" status: 200 len: 227 time: 0.0179405
2026-05-12 07:05:39.270 10 INFO neutron.wsgi [None req-e5fc1b1f-aab8-4f8d-bcd3-ec59250ead12 478e0ae490f14adc80a944cd26e84202 d84637fbf387499798b333710d014683 - - default default] 10.0.0.89 "PUT /v2.0/subnetpools/0c1e0bd5-cc60-4944-81b0-07e0f8a9a009/tags/black.or.white HTTP/1.1" status: 201 len: 201 time: 0.0398028
2026-05-12 07:05:39.299 10 INFO neutron.wsgi [None req-d3879f19-5de3-4613-b5b6-db077ef896ac 478e0ae490f14adc80a944cd26e84202 d84637fbf387499798b333710d014683 - - default default] 10.0.0.89 "GET /v2.0/subnetpools/0c1e0bd5-cc60-4944-81b0-07e0f8a9a009/tags HTTP/1.1" status: 200 len: 245 time: 0.0220006
2026-05-12 07:05:39.340 10 INFO neutron.wsgi [None req-0a804a41-d3e4-460e-96b1-5ad78ccebc90 478e0ae490f14adc80a944cd26e84202 d84637fbf387499798b333710d014683 - - default default] 10.0.0.89 "PUT /v2.0/subnetpools/0c1e0bd5-cc60-4944-81b0-07e0f8a9a009/tags HTTP/1.1" status: 200 len: 230 time: 0.0348165
2026-05-12 07:05:39.366 10 INFO neutron.wsgi [None req-a82841ed-d814-4ff6-9944-0eb686568b37 478e0ae490f14adc80a944cd26e84202 d84637fbf387499798b333710d014683 - - default default] 10.0.0.89 "GET /v2.0/subnetpools/0c1e0bd5-cc60-4944-81b0-07e0f8a9a009/tags HTTP/1.1" status: 200 len: 230 time: 0.0208240
2026-05-12 07:05:39.391 10 INFO neutron.wsgi [None req-e0bcb664-075c-4741-a77c-73a5a6839aba 478e0ae490f14adc80a944cd26e84202 d84637fbf387499798b333710d014683 - - default default] 10.0.0.89 "GET /v2.0/subnetpools/0c1e0bd5-cc60-4944-81b0-07e0f8a9a009/tags/red HTTP/1.1" status: 204 len: 168 time: 0.0193498
2026-05-12 07:05:39.424 10 INFO neutron.api.v2.resource [None req-85a1c44e-642c-40d9-ba6f-7a76c2abcb5f 478e0ae490f14adc80a944cd26e84202 d84637fbf387499798b333710d014683 - - default default] show failed (client error): The resource could not be found.
2026-05-12 07:05:39.426 10 INFO neutron.wsgi [None req-85a1c44e-642c-40d9-ba6f-7a76c2abcb5f 478e0ae490f14adc80a944cd26e84202 d84637fbf387499798b333710d014683 - - default default] 10.0.0.89 "GET /v2.0/subnetpools/0c1e0bd5-cc60-4944-81b0-07e0f8a9a009/tags/green HTTP/1.1" status: 404 len: 299 time: 0.0273867
2026-05-12 07:05:39.428 9 INFO neutron.wsgi [None req-c4a14304-3bad-4092-9912-1bc60842cc19 fd6baac89f954a33bae9dc16520b6682 4ea77dfc919c498aa9ed65b1665bb9ae - - default default] 10.0.0.89 "DELETE /v2.0/security-groups/c87bc2b6-43da-4d6d-8f49-111c30f343b0 HTTP/1.1" status: 204 len: 168 time: 0.2270639
2026-05-12 07:05:39.462 10 INFO neutron.wsgi [None req-f7449d3c-d017-4bcd-a6f3-eb458c6ede63 478e0ae490f14adc80a944cd26e84202 d84637fbf387499798b333710d014683 - - default default] 10.0.0.89 "DELETE /v2.0/subnetpools/0c1e0bd5-cc60-4944-81b0-07e0f8a9a009/tags/red HTTP/1.1" status: 204 len: 168 time: 0.0300570
2026-05-12 07:05:39.490 10 INFO neutron.wsgi [None req-0f030c92-4465-48e4-ae07-a23a0ac3fcff 478e0ae490f14adc80a944cd26e84202 d84637fbf387499798b333710d014683 - - default default] 10.0.0.89 "GET /v2.0/subnetpools/0c1e0bd5-cc60-4944-81b0-07e0f8a9a009/tags HTTP/1.1" status: 200 len: 223 time: 0.0222232
2026-05-12 07:05:39.518 10 INFO neutron.api.v2.resource [None req-80764f56-2748-4570-a2e9-4dd5c35fe267 478e0ae490f14adc80a944cd26e84202 d84637fbf387499798b333710d014683 - - default default] delete failed (client error): The resource could not be found.
2026-05-12 07:05:39.520 10 INFO neutron.wsgi [None req-80764f56-2748-4570-a2e9-4dd5c35fe267 478e0ae490f14adc80a944cd26e84202 d84637fbf387499798b333710d014683 - - default default] 10.0.0.89 "DELETE /v2.0/subnetpools/0c1e0bd5-cc60-4944-81b0-07e0f8a9a009/tags/green HTTP/1.1" status: 404 len: 299 time: 0.0238857
2026-05-12 07:05:39.555 10 INFO neutron.wsgi [None req-7bfa5130-6cdc-469c-a5da-a55a6291d462 478e0ae490f14adc80a944cd26e84202 d84637fbf387499798b333710d014683 - - default default] 10.0.0.89 "DELETE /v2.0/subnetpools/0c1e0bd5-cc60-4944-81b0-07e0f8a9a009/tags HTTP/1.1" status: 204 len: 168 time: 0.0302730
2026-05-12 07:05:39.580 10 INFO neutron.wsgi [None req-08531f67-debc-4361-a427-903992a6bcf8 478e0ae490f14adc80a944cd26e84202 d84637fbf387499798b333710d014683 - - default default] 10.0.0.89 "GET /v2.0/subnetpools/0c1e0bd5-cc60-4944-81b0-07e0f8a9a009/tags HTTP/1.1" status: 200 len: 205 time: 0.0206661
2026-05-12 07:05:39.656 10 INFO neutron.wsgi [None req-fbbbd1d5-5d86-404a-8d00-f0d0e63e2fa4 478e0ae490f14adc80a944cd26e84202 d84637fbf387499798b333710d014683 - - default default] 10.0.0.89 "DELETE /v2.0/subnetpools/0c1e0bd5-cc60-4944-81b0-07e0f8a9a009 HTTP/1.1" status: 204 len: 168 time: 0.0663717
2026-05-12 07:05:39.717 9 INFO neutron.db.ovn_revision_numbers_db [None req-afe3154e-1330-4d11-8e9b-8f6f899699db fd6baac89f954a33bae9dc16520b6682 4ea77dfc919c498aa9ed65b1665bb9ae - - default default] Successfully bumped revision number for resource 2b492544-f5a9-4a1f-9574-e9a1f3cac8a2 (type: security_groups) to 1
2026-05-12 07:05:39.733 9 INFO neutron.db.ovn_revision_numbers_db [None req-afe3154e-1330-4d11-8e9b-8f6f899699db fd6baac89f954a33bae9dc16520b6682 4ea77dfc919c498aa9ed65b1665bb9ae - - default default] Successfully bumped revision number for resource 3b27ca39-517f-431c-927f-c8f267e02c48 (type: security_group_rules) to 0
2026-05-12 07:05:39.750 9 INFO neutron.db.ovn_revision_numbers_db [None req-afe3154e-1330-4d11-8e9b-8f6f899699db fd6baac89f954a33bae9dc16520b6682 4ea77dfc919c498aa9ed65b1665bb9ae - - default default] Successfully bumped revision number for resource b60bb193-fbcd-40ca-93cc-8b50ef0e32a5 (type: security_group_rules) to 0
2026-05-12 07:05:39.766 9 INFO neutron.db.ovn_revision_numbers_db [None req-afe3154e-1330-4d11-8e9b-8f6f899699db fd6baac89f954a33bae9dc16520b6682 4ea77dfc919c498aa9ed65b1665bb9ae - - default default] Successfully bumped revision number for resource b7093aca-fef1-4ab3-8fc3-047bf1f160ea (type: security_group_rules) to 0
2026-05-12 07:05:39.783 9 INFO neutron.db.ovn_revision_numbers_db [None req-afe3154e-1330-4d11-8e9b-8f6f899699db fd6baac89f954a33bae9dc16520b6682 4ea77dfc919c498aa9ed65b1665bb9ae - - default default] Successfully bumped revision number for resource ecf7e040-6d2c-466c-985e-64e587624a95 (type: security_group_rules) to 0
2026-05-12 07:05:39.812 9 INFO neutron.wsgi [None req-afe3154e-1330-4d11-8e9b-8f6f899699db fd6baac89f954a33bae9dc16520b6682 4ea77dfc919c498aa9ed65b1665bb9ae - - default default] 10.0.0.89 "GET /v2.0/security-groups?tenant_id=8886ab898dcc44b8a583dd40cb289631&name=default HTTP/1.1" status: 200 len: 2996 time: 0.2033331
2026-05-12 07:05:40.047 9 INFO neutron.wsgi [None req-79ff1418-9b6a-4258-acf5-ba55ab0f4f46 fd6baac89f954a33bae9dc16520b6682 4ea77dfc919c498aa9ed65b1665bb9ae - - default default] 10.0.0.89 "DELETE /v2.0/security-groups/2b492544-f5a9-4a1f-9574-e9a1f3cac8a2 HTTP/1.1" status: 204 len: 168 time: 0.2288871
2026-05-12 07:05:40.620 10 INFO neutron.db.ovn_revision_numbers_db [None req-59cfe032-0b3b-462c-ac4e-aea20ac16062 fd6baac89f954a33bae9dc16520b6682 4ea77dfc919c498aa9ed65b1665bb9ae - - default default] Successfully bumped revision number for resource 87c3f8c2-c299-44f4-97dd-c45ed564af00 (type: security_groups) to 1
2026-05-12 07:05:40.637 10 INFO neutron.db.ovn_revision_numbers_db [None req-59cfe032-0b3b-462c-ac4e-aea20ac16062 fd6baac89f954a33bae9dc16520b6682 4ea77dfc919c498aa9ed65b1665bb9ae - - default default] Successfully bumped revision number for resource 12c92f86-f265-4248-88e6-f0d1aecc4a25 (type: security_group_rules) to 0
2026-05-12 07:05:40.658 10 INFO neutron.db.ovn_revision_numbers_db [None req-59cfe032-0b3b-462c-ac4e-aea20ac16062 fd6baac89f954a33bae9dc16520b6682 4ea77dfc919c498aa9ed65b1665bb9ae - - default default] Successfully bumped revision number for resource 43cacd4a-69ed-4905-b87d-acf41b97c8f8 (type: security_group_rules) to 0
2026-05-12 07:05:40.672 10 INFO neutron.db.ovn_revision_numbers_db [None req-59cfe032-0b3b-462c-ac4e-aea20ac16062 fd6baac89f954a33bae9dc16520b6682 4ea77dfc919c498aa9ed65b1665bb9ae - - default default] Successfully bumped revision number for resource b19c3de8-9647-4def-8d0c-fa4f7e73bc48 (type: security_group_rules) to 0
2026-05-12 07:05:40.687 10 INFO neutron.db.ovn_revision_numbers_db [None req-59cfe032-0b3b-462c-ac4e-aea20ac16062 fd6baac89f954a33bae9dc16520b6682 4ea77dfc919c498aa9ed65b1665bb9ae - - default default] Successfully bumped revision number for resource c3ffe670-23a5-4d9d-b09e-ce173e900389 (type: security_group_rules) to 0
2026-05-12 07:05:40.711 10 INFO neutron.wsgi [None req-59cfe032-0b3b-462c-ac4e-aea20ac16062 fd6baac89f954a33bae9dc16520b6682 4ea77dfc919c498aa9ed65b1665bb9ae - - default default] 10.0.0.89 "GET /v2.0/security-groups?tenant_id=d84637fbf387499798b333710d014683&name=default HTTP/1.1" status: 200 len: 2996 time: 0.3128645
2026-05-12 07:05:40.915 10 INFO neutron.wsgi [None req-bc4b1316-7409-4a91-9e71-717a6c4f47bc fd6baac89f954a33bae9dc16520b6682 4ea77dfc919c498aa9ed65b1665bb9ae - - default default] 10.0.0.89 "DELETE /v2.0/security-groups/87c3f8c2-c299-44f4-97dd-c45ed564af00 HTTP/1.1" status: 204 len: 168 time: 0.1994472
2026-05-12 07:05:41.199 10 INFO neutron.db.ovn_revision_numbers_db [None req-05fdabd6-50ca-4fca-9556-11ca843868c3 fd6baac89f954a33bae9dc16520b6682 4ea77dfc919c498aa9ed65b1665bb9ae - - default default] Successfully bumped revision number for resource 5dc93e5d-461e-4f6d-a795-d270a46cfda0 (type: security_groups) to 1
2026-05-12 07:05:41.215 10 INFO neutron.db.ovn_revision_numbers_db [None req-05fdabd6-50ca-4fca-9556-11ca843868c3 fd6baac89f954a33bae9dc16520b6682 4ea77dfc919c498aa9ed65b1665bb9ae - - default default] Successfully bumped revision number for resource 1e470869-6b4b-455a-b329-384926262197 (type: security_group_rules) to 0
2026-05-12 07:05:41.229 10 INFO neutron.db.ovn_revision_numbers_db [None req-05fdabd6-50ca-4fca-9556-11ca843868c3 fd6baac89f954a33bae9dc16520b6682 4ea77dfc919c498aa9ed65b1665bb9ae - - default default] Successfully bumped revision number for resource 52c0c197-c839-4e2d-bcd4-2389d544e643 (type: security_group_rules) to 0
2026-05-12 07:05:41.244 10 INFO neutron.db.ovn_revision_numbers_db [None req-05fdabd6-50ca-4fca-9556-11ca843868c3 fd6baac89f954a33bae9dc16520b6682 4ea77dfc919c498aa9ed65b1665bb9ae - - default default] Successfully bumped revision number for resource 6f65d894-afd8-4b3a-a21a-4ee975e92755 (type: security_group_rules) to 0
2026-05-12 07:05:41.260 10 INFO neutron.db.ovn_revision_numbers_db [None req-05fdabd6-50ca-4fca-9556-11ca843868c3 fd6baac89f954a33bae9dc16520b6682 4ea77dfc919c498aa9ed65b1665bb9ae - - default default] Successfully bumped revision number for resource fa20b658-2012-4130-98b0-f27e34bbd066 (type: security_group_rules) to 0
2026-05-12 07:05:41.293 10 INFO neutron.wsgi [None req-05fdabd6-50ca-4fca-9556-11ca843868c3 fd6baac89f954a33bae9dc16520b6682 4ea77dfc919c498aa9ed65b1665bb9ae - - default default] 10.0.0.89 "GET /v2.0/security-groups?tenant_id=7423cca02015490a83640f0377588706&name=default HTTP/1.1" status: 200 len: 2996 time: 0.2130754
2026-05-12 07:05:41.500 10 INFO neutron.wsgi [None req-c063b349-bf45-4a7b-a860-8aa6e0d50b07 fd6baac89f954a33bae9dc16520b6682 4ea77dfc919c498aa9ed65b1665bb9ae - - default default] 10.0.0.89 "DELETE /v2.0/security-groups/5dc93e5d-461e-4f6d-a795-d270a46cfda0 HTTP/1.1" status: 204 len: 168 time: 0.2018378
2026-05-12 07:05:42.761 10 INFO neutron.db.ovn_revision_numbers_db [None req-5d667191-2be3-469b-84bb-c511c51974a8 fd6baac89f954a33bae9dc16520b6682 4ea77dfc919c498aa9ed65b1665bb9ae - - default default] Successfully bumped revision number for resource aaf962c8-99bc-4788-8919-061c8cc5bd9f (type: security_groups) to 1
2026-05-12 07:05:42.776 10 INFO neutron.db.ovn_revision_numbers_db [None req-5d667191-2be3-469b-84bb-c511c51974a8 fd6baac89f954a33bae9dc16520b6682 4ea77dfc919c498aa9ed65b1665bb9ae - - default default] Successfully bumped revision number for resource 13f9a5fb-bf41-48a6-9212-dfb32df117d4 (type: security_group_rules) to 0
2026-05-12 07:05:42.790 10 INFO neutron.db.ovn_revision_numbers_db [None req-5d667191-2be3-469b-84bb-c511c51974a8 fd6baac89f954a33bae9dc16520b6682 4ea77dfc919c498aa9ed65b1665bb9ae - - default default] Successfully bumped revision number for resource a4d3e2a9-10a4-446a-8d58-05d512a94b12 (type: security_group_rules) to 0
2026-05-12 07:05:42.806 10 INFO neutron.db.ovn_revision_numbers_db [None req-5d667191-2be3-469b-84bb-c511c51974a8 fd6baac89f954a33bae9dc16520b6682 4ea77dfc919c498aa9ed65b1665bb9ae - - default default] Successfully bumped revision number for resource db6ac49e-bed7-4b2e-8466-f8315c0f03e3 (type: security_group_rules) to 0
2026-05-12 07:05:42.821 10 INFO neutron.db.ovn_revision_numbers_db [None req-5d667191-2be3-469b-84bb-c511c51974a8 fd6baac89f954a33bae9dc16520b6682 4ea77dfc919c498aa9ed65b1665bb9ae - - default default] Successfully bumped revision number for resource e84b5d01-98bb-4611-8a20-ca180697e77e (type: security_group_rules) to 0
2026-05-12 07:05:42.851 10 INFO neutron.wsgi [None req-5d667191-2be3-469b-84bb-c511c51974a8 fd6baac89f954a33bae9dc16520b6682 4ea77dfc919c498aa9ed65b1665bb9ae - - default default] 10.0.0.89 "GET /v2.0/security-groups?tenant_id=a8f1cabeda2d4dc1accb27f8f79b8215&name=default HTTP/1.1" status: 200 len: 2996 time: 0.3922625
2026-05-12 07:05:43.086 10 INFO neutron.wsgi [None req-fdf7813e-a63f-4059-8986-21fece035078 fd6baac89f954a33bae9dc16520b6682 4ea77dfc919c498aa9ed65b1665bb9ae - - default default] 10.0.0.89 "DELETE /v2.0/security-groups/aaf962c8-99bc-4788-8919-061c8cc5bd9f HTTP/1.1" status: 204 len: 168 time: 0.2307231
2026-05-12 07:05:45.128 10 INFO neutron.db.ovn_revision_numbers_db [None req-3c32a8cc-1525-486e-8276-4a45faaacc55 da8fbf4854504330a659e1aaf6721a80 3a4eb14d18b945f1bbb2ae5dcc4b9201 - - default default] Successfully bumped revision number for resource 79803bb8-3dc7-4275-9f78-57d1e88ad324 (type: routers) to 1
2026-05-12 07:05:45.147 10 INFO neutron.wsgi [None req-3c32a8cc-1525-486e-8276-4a45faaacc55 da8fbf4854504330a659e1aaf6721a80 3a4eb14d18b945f1bbb2ae5dcc4b9201 - - default default] 10.0.0.89 "POST /v2.0/routers HTTP/1.1" status: 201 len: 654 time: 0.4534204
2026-05-12 07:05:45.237 9 INFO neutron.db.ovn_revision_numbers_db [None req-f9d50a1b-426c-4017-b7c7-1d5dc04f7152 2e84fc6401e34e059b650739650f45f2 935afc4cfbe444cfb3c1bba585c5fbb1 - - default default] Successfully bumped revision number for resource ce60538c-08ff-473c-a7ff-0bad7a6a8c3b (type: security_groups) to 1
2026-05-12 07:05:45.257 9 INFO neutron.db.ovn_revision_numbers_db [None req-f9d50a1b-426c-4017-b7c7-1d5dc04f7152 2e84fc6401e34e059b650739650f45f2 935afc4cfbe444cfb3c1bba585c5fbb1 - - default default] Successfully bumped revision number for resource 24ea3f2e-5fe0-4266-b62c-627a166533fd (type: security_group_rules) to 0
2026-05-12 07:05:45.273 9 INFO neutron.db.ovn_revision_numbers_db [None req-f9d50a1b-426c-4017-b7c7-1d5dc04f7152 2e84fc6401e34e059b650739650f45f2 935afc4cfbe444cfb3c1bba585c5fbb1 - - default default] Successfully bumped revision number for resource 610727ca-a56b-4e91-93a4-3e18ba7a92f7 (type: security_group_rules) to 0
2026-05-12 07:05:45.291 9 INFO neutron.db.ovn_revision_numbers_db [None req-f9d50a1b-426c-4017-b7c7-1d5dc04f7152 2e84fc6401e34e059b650739650f45f2 935afc4cfbe444cfb3c1bba585c5fbb1 - - default default] Successfully bumped revision number for resource b49ede2a-c80c-4008-bec2-da15c8d05ce0 (type: security_group_rules) to 0
2026-05-12 07:05:45.310 9 INFO neutron.db.ovn_revision_numbers_db [None req-f9d50a1b-426c-4017-b7c7-1d5dc04f7152 2e84fc6401e34e059b650739650f45f2 935afc4cfbe444cfb3c1bba585c5fbb1 - - default default] Successfully bumped revision number for resource dacf6fb7-af4c-4351-8d84-326d07fa980b (type: security_group_rules) to 0
2026-05-12 07:05:45.339 10 INFO neutron.db.ovn_revision_numbers_db [None req-fa048771-305a-4bcc-94f6-5c1242a95a4e da8fbf4854504330a659e1aaf6721a80 3a4eb14d18b945f1bbb2ae5dcc4b9201 - - default default] Successfully bumped revision number for resource 39796d58-b31f-4f8b-bb4e-c0765d5b9bb5 (type: routers) to 1
2026-05-12 07:05:45.355 10 INFO neutron.wsgi [None req-fa048771-305a-4bcc-94f6-5c1242a95a4e da8fbf4854504330a659e1aaf6721a80 3a4eb14d18b945f1bbb2ae5dcc4b9201 - - default default] 10.0.0.89 "POST /v2.0/routers HTTP/1.1" status: 201 len: 654 time: 0.2036583
2026-05-12 07:05:45.365 9 INFO neutron.db.segments_db [None req-f9d50a1b-426c-4017-b7c7-1d5dc04f7152 2e84fc6401e34e059b650739650f45f2 935afc4cfbe444cfb3c1bba585c5fbb1 - - default default] Added segment bcb155e7-677c-48ce-8cb3-89e80100a7ad of type geneve for network 7331b81b-f61b-4cdf-a814-a2f032517fca
2026-05-12 07:05:45.520 9 INFO neutron.db.ovn_revision_numbers_db [None req-f9d50a1b-426c-4017-b7c7-1d5dc04f7152 2e84fc6401e34e059b650739650f45f2 935afc4cfbe444cfb3c1bba585c5fbb1 - - default default] Successfully bumped revision number for resource 7331b81b-f61b-4cdf-a814-a2f032517fca (type: networks) to 1
2026-05-12 07:05:45.546 10 INFO neutron.db.ovn_revision_numbers_db [None req-22e9b13b-be71-4d60-9225-f2eab252eb73 da8fbf4854504330a659e1aaf6721a80 3a4eb14d18b945f1bbb2ae5dcc4b9201 - - default default] Successfully bumped revision number for resource 52e46db5-9183-4ae5-ab0e-7cd70ccac94b (type: routers) to 1
2026-05-12 07:05:45.562 10 INFO neutron.wsgi [None req-22e9b13b-be71-4d60-9225-f2eab252eb73 da8fbf4854504330a659e1aaf6721a80 3a4eb14d18b945f1bbb2ae5dcc4b9201 - - default default] 10.0.0.89 "POST /v2.0/routers HTTP/1.1" status: 201 len: 654 time: 0.1995738
2026-05-12 07:05:45.785 9 WARNING neutron.scheduler.dhcp_agent_scheduler [None req-f9d50a1b-426c-4017-b7c7-1d5dc04f7152 2e84fc6401e34e059b650739650f45f2 935afc4cfbe444cfb3c1bba585c5fbb1 - - default default] No more DHCP agents
2026-05-12 07:05:45.789 9 WARNING neutron.api.rpc.agentnotifiers.dhcp_rpc_agent_api [None req-f9d50a1b-426c-4017-b7c7-1d5dc04f7152 2e84fc6401e34e059b650739650f45f2 935afc4cfbe444cfb3c1bba585c5fbb1 - - default default] Unable to schedule network 7331b81b-f61b-4cdf-a814-a2f032517fca: no agents available; will retry on subsequent port and subnet creation events.
2026-05-12 07:05:45.797 9 INFO neutron.db.ovn_revision_numbers_db [None req-7572aecf-af40-4c83-8e76-2160fce90f0a da8fbf4854504330a659e1aaf6721a80 3a4eb14d18b945f1bbb2ae5dcc4b9201 - - default default] Successfully bumped revision number for resource 03072a8b-05d4-492c-a89b-457bde92c84b (type: routers) to 1
2026-05-12 07:05:45.822 9 INFO neutron.wsgi [None req-7572aecf-af40-4c83-8e76-2160fce90f0a da8fbf4854504330a659e1aaf6721a80 3a4eb14d18b945f1bbb2ae5dcc4b9201 - - default default] 10.0.0.89 "POST /v2.0/routers HTTP/1.1" status: 201 len: 654 time: 0.2547076
2026-05-12 07:05:45.880 9 INFO neutron.db.ovn_revision_numbers_db [None req-f9d50a1b-426c-4017-b7c7-1d5dc04f7152 2e84fc6401e34e059b650739650f45f2 935afc4cfbe444cfb3c1bba585c5fbb1 - - default default] Successfully bumped revision number for resource 0ef60ac1-3b3e-40cf-bceb-f321f25b2029 (type: ports) to 1
2026-05-12 07:05:45.903 9 INFO neutron.wsgi [None req-f9d50a1b-426c-4017-b7c7-1d5dc04f7152 2e84fc6401e34e059b650739650f45f2 935afc4cfbe444cfb3c1bba585c5fbb1 - - default default] 10.0.0.89 "POST /v2.0/networks HTTP/1.1" status: 201 len: 831 time: 0.8610168
2026-05-12 07:05:46.040 10 INFO neutron.db.ovn_revision_numbers_db [None req-6fd96480-2454-4385-9934-a499a9d14279 da8fbf4854504330a659e1aaf6721a80 3a4eb14d18b945f1bbb2ae5dcc4b9201 - - default default] Successfully bumped revision number for resource 6f45d47a-aa51-46a5-a516-f86ed91e46ca (type: routers) to 1
2026-05-12 07:05:46.057 10 INFO neutron.wsgi [None req-6fd96480-2454-4385-9934-a499a9d14279 da8fbf4854504330a659e1aaf6721a80 3a4eb14d18b945f1bbb2ae5dcc4b9201 - - default default] 10.0.0.89 "POST /v2.0/routers HTTP/1.1" status: 201 len: 654 time: 0.2284396
2026-05-12 07:05:46.118 10 INFO neutron.wsgi [None req-a1a552a4-eee9-4e81-82ad-e36070df507b da8fbf4854504330a659e1aaf6721a80 3a4eb14d18b945f1bbb2ae5dcc4b9201 - - default default] 10.0.0.89 "PUT /v2.0/routers/79803bb8-3dc7-4275-9f78-57d1e88ad324/tags HTTP/1.1" status: 200 len: 210 time: 0.0543976
2026-05-12 07:05:46.184 9 WARNING neutron.scheduler.dhcp_agent_scheduler [None req-2119bc3c-251a-448f-b5c6-a9d5e5ec593f 2e84fc6401e34e059b650739650f45f2 935afc4cfbe444cfb3c1bba585c5fbb1 - - default default] No more DHCP agents
2026-05-12 07:05:46.188 9 WARNING neutron.api.rpc.agentnotifiers.dhcp_rpc_agent_api [None req-2119bc3c-251a-448f-b5c6-a9d5e5ec593f 2e84fc6401e34e059b650739650f45f2 935afc4cfbe444cfb3c1bba585c5fbb1 - - default default] Unable to schedule network 7331b81b-f61b-4cdf-a814-a2f032517fca: no agents available; will retry on subsequent port and subnet creation events.
2026-05-12 07:05:46.402 10 INFO neutron.wsgi [None req-c257f35e-9753-4342-ab5a-3187a626ed9f da8fbf4854504330a659e1aaf6721a80 3a4eb14d18b945f1bbb2ae5dcc4b9201 - - default default] 10.0.0.89 "PUT /v2.0/routers/39796d58-b31f-4f8b-bb4e-c0765d5b9bb5/tags HTTP/1.1" status: 200 len: 218 time: 0.2786946
2026-05-12 07:05:46.467 10 INFO neutron.wsgi [None req-a574b6ce-2b5d-4eb1-ab11-190303d509bd da8fbf4854504330a659e1aaf6721a80 3a4eb14d18b945f1bbb2ae5dcc4b9201 - - default default] 10.0.0.89 "PUT /v2.0/routers/52e46db5-9183-4ae5-ab0e-7cd70ccac94b/tags HTTP/1.1" status: 200 len: 227 time: 0.0579784
2026-05-12 07:05:46.559 9 INFO neutron.wsgi [None req-d7ac8b48-7401-4a40-b8eb-e2b7e668b628 da8fbf4854504330a659e1aaf6721a80 3a4eb14d18b945f1bbb2ae5dcc4b9201 - - default default] 10.0.0.89 "PUT /v2.0/routers/03072a8b-05d4-492c-a89b-457bde92c84b/tags HTTP/1.1" status: 200 len: 212 time: 0.0875995
2026-05-12 07:05:46.633 10 INFO neutron.wsgi [None req-1fc6675a-fc86-472b-b33f-4d082e6715f3 da8fbf4854504330a659e1aaf6721a80 3a4eb14d18b945f1bbb2ae5dcc4b9201 - - default default] 10.0.0.89 "GET /v2.0/routers?tags=red HTTP/1.1" status: 200 len: 1601 time: 0.0676916
2026-05-12 07:05:46.701 9 INFO neutron.db.ovn_revision_numbers_db [None req-324a3cc4-42b5-449a-b969-bee15e9223ab 09babba51b564a1f93de7748197a18cd 8f5b1975ba854bb29435238be0718a5b - - default default] Successfully bumped revision number for resource 7856c003-b84c-4ce2-bd35-268ce5727e44 (type: security_groups) to 1
2026-05-12 07:05:46.707 10 INFO neutron.wsgi [None req-db44eedb-e125-405e-b005-597a71aa4400 da8fbf4854504330a659e1aaf6721a80 3a4eb14d18b945f1bbb2ae5dcc4b9201 - - default default] 10.0.0.89 "GET /v2.0/routers?tags=red%2Cblue HTTP/1.1" status: 200 len: 1144 time: 0.0688460
2026-05-12 07:05:46.726 9 INFO neutron.db.ovn_revision_numbers_db [None req-324a3cc4-42b5-449a-b969-bee15e9223ab 09babba51b564a1f93de7748197a18cd 8f5b1975ba854bb29435238be0718a5b - - default default] Successfully bumped revision number for resource 3fc1dbb0-0197-4d70-91dd-76cdec4ca64e (type: security_group_rules) to 0
2026-05-12 07:05:46.748 9 INFO neutron.db.ovn_revision_numbers_db [None req-324a3cc4-42b5-449a-b969-bee15e9223ab 09babba51b564a1f93de7748197a18cd 8f5b1975ba854bb29435238be0718a5b - - default default] Successfully bumped revision number for resource 4bfb48fb-0b20-4789-afe3-9cd50c1737b5 (type: security_group_rules) to 0
2026-05-12 07:05:46.770 9 INFO neutron.db.ovn_revision_numbers_db [None req-324a3cc4-42b5-449a-b969-bee15e9223ab 09babba51b564a1f93de7748197a18cd 8f5b1975ba854bb29435238be0718a5b - - default default] Successfully bumped revision number for resource a0baf1b2-f99c-458f-8698-bb8535f3843d (type: security_group_rules) to 0
2026-05-12 07:05:46.777 10 INFO neutron.wsgi [None req-f09efe49-0c0b-44e4-89d7-cf109cbae432 da8fbf4854504330a659e1aaf6721a80 3a4eb14d18b945f1bbb2ae5dcc4b9201 - - default default] 10.0.0.89 "GET /v2.0/routers?tags-any=blue HTTP/1.1" status: 200 len: 1144 time: 0.0651369
