2026-05-12 07:03:11.870 9 INFO neutron.services.segments.plugin [-] Segment b0030535-c2f5-4405-8d33-be5e27244f34 resource provider not found; error: Placement Client Error (4xx): {"errors": [{"status": 404, "title": "Not Found", "detail": "The resource could not be found.\n\n No resource provider with uuid b0030535-c2f5-4405-8d33-be5e27244f34 found for delete ", "request_id": "req-461e08d9-1267-4a5b-8c05-bd13a367360a"}]}
2026-05-12 07:03:11.896 9 INFO neutron.wsgi [None req-74075909-ef96-496c-af09-5b450c7a1468 05f4ce4846e74fee84228be9649f1af3 4e9eb2d57c0d4ca49758d74cc17f5c41 - - default default] 10.0.0.89 "DELETE /v2.0/networks/528a51ea-9a4f-4bb5-b16e-96a032a306e8 HTTP/1.1" status: 204 len: 168 time: 0.7695653 /var/lib/openstack/lib/python3.10/site-packages/pycadf/identifier.py:71: UserWarning: Invalid uuid: neutron. To ensure interoperability, identifiers should be a valid uuid. warnings.warn(('Invalid uuid: %s. To ensure interoperability, '
2026-05-12 07:03:11.935 10 INFO neutron.db.ovn_revision_numbers_db [None req-19b07a94-d5d4-40e8-a5c0-51e1eccb56e3 72c7586ff56245af82ff4e6e186630ba 874fd224bfdf48d786280c6117fa9003 - - default default] Successfully bumped revision number for resource c4239009-0ed5-4f09-b5d9-81f889624213 (type: ports) to 1
2026-05-12 07:03:11.982 10 INFO neutron.wsgi [None req-19b07a94-d5d4-40e8-a5c0-51e1eccb56e3 72c7586ff56245af82ff4e6e186630ba 874fd224bfdf48d786280c6117fa9003 - - default default] 10.0.0.89 "POST /v2.0/ports HTTP/1.1" status: 201 len: 1154 time: 0.7221954
2026-05-12 07:03:12.171 9 INFO neutron.wsgi [req-1545a966-2f2e-4c2f-b9eb-c43804c1e8c1 req-0debb9d9-b104-4adb-8df1-67989fefa889 d36b98a16af44463a01e9ed50f660b5a aeae44ff286d4d4096afc3511d6a7964 - - default default] 199.204.45.156 "GET /v2.0/networks?id=c19df5b5-e28d-4385-ae6c-c4a9fac70b9e HTTP/1.1" status: 200 len: 879 time: 0.0995901
2026-05-12 07:03:12.231 10 WARNING neutron.scheduler.dhcp_agent_scheduler [None req-0fde23b6-d0ed-4661-9cb8-923ef6bd0aa2 05f4ce4846e74fee84228be9649f1af3 4e9eb2d57c0d4ca49758d74cc17f5c41 - - default default] No more DHCP agents
2026-05-12 07:03:12.233 10 WARNING neutron.api.rpc.agentnotifiers.dhcp_rpc_agent_api [None req-0fde23b6-d0ed-4661-9cb8-923ef6bd0aa2 05f4ce4846e74fee84228be9649f1af3 4e9eb2d57c0d4ca49758d74cc17f5c41 - - default default] Unable to schedule network 59819057-e216-4f68-a2bf-3d0153f6d70b: no agents available; will retry on subsequent port and subnet creation events.
2026-05-12 07:03:12.276 9 INFO neutron.wsgi [req-1545a966-2f2e-4c2f-b9eb-c43804c1e8c1 req-4d4a9328-0d85-4a4b-b61e-0664b80438ce d36b98a16af44463a01e9ed50f660b5a aeae44ff286d4d4096afc3511d6a7964 - - default default] 199.204.45.156 "GET /v2.0/security-groups?fields=id&fields=name&tenant_id=aeae44ff286d4d4096afc3511d6a7964 HTTP/1.1" status: 200 len: 379 time: 0.0662503
2026-05-12 07:03:12.366 9 WARNING neutron.scheduler.dhcp_agent_scheduler [None req-8ccb55a5-5332-4626-b853-de1a0b736ce0 72c7586ff56245af82ff4e6e186630ba 874fd224bfdf48d786280c6117fa9003 - - default default] No more DHCP agents
2026-05-12 07:03:12.374 9 WARNING neutron.api.rpc.agentnotifiers.dhcp_rpc_agent_api [None req-8ccb55a5-5332-4626-b853-de1a0b736ce0 72c7586ff56245af82ff4e6e186630ba 874fd224bfdf48d786280c6117fa9003 - - default default] Unable to schedule network dab09501-07c0-4439-8d5a-750df455d8ad: no agents available; will retry on subsequent port and subnet creation events.
2026-05-12 07:03:12.379 10 INFO neutron.db.ovn_revision_numbers_db [None req-0fde23b6-d0ed-4661-9cb8-923ef6bd0aa2 05f4ce4846e74fee84228be9649f1af3 4e9eb2d57c0d4ca49758d74cc17f5c41 - - default default] Successfully bumped revision number for resource 63dd121c-ac8f-46fb-ae06-dabf45d4d9f8 (type: ports) to 1 /var/lib/openstack/lib/python3.10/site-packages/pycadf/identifier.py:71: UserWarning: Invalid uuid: neutron. To ensure interoperability, identifiers should be a valid uuid. warnings.warn(('Invalid uuid: %s. To ensure interoperability, '
2026-05-12 07:03:12.414 10 INFO neutron.wsgi [None req-0fde23b6-d0ed-4661-9cb8-923ef6bd0aa2 05f4ce4846e74fee84228be9649f1af3 4e9eb2d57c0d4ca49758d74cc17f5c41 - - default default] 10.0.0.89 "POST /v2.0/ports HTTP/1.1" status: 201 len: 978 time: 0.5102763
2026-05-12 07:03:12.427 10 INFO neutron.wsgi [req-20b1677a-b32d-48e3-98cb-a7938141ae69 req-19105de0-c2b2-4f5f-9bc9-516a651b26ed d36b98a16af44463a01e9ed50f660b5a aeae44ff286d4d4096afc3511d6a7964 - - default default] 10.0.0.82 "GET /v2.0/ports?device_id=057fa315-2883-444d-a8e9-9376b4c14667 HTTP/1.1" status: 200 len: 210 time: 0.0249867
2026-05-12 07:03:12.993 9 WARNING neutron.scheduler.dhcp_agent_scheduler [req-1545a966-2f2e-4c2f-b9eb-c43804c1e8c1 req-28b23b28-c901-40c4-91a5-abd564565f0d d36b98a16af44463a01e9ed50f660b5a aeae44ff286d4d4096afc3511d6a7964 - - default default] No more DHCP agents
2026-05-12 07:03:12.997 9 WARNING neutron.api.rpc.agentnotifiers.dhcp_rpc_agent_api [req-1545a966-2f2e-4c2f-b9eb-c43804c1e8c1 req-28b23b28-c901-40c4-91a5-abd564565f0d d36b98a16af44463a01e9ed50f660b5a aeae44ff286d4d4096afc3511d6a7964 - - default default] Unable to schedule network c19df5b5-e28d-4385-ae6c-c4a9fac70b9e: no agents available; will retry on subsequent port and subnet creation events.
2026-05-12 07:03:12.998 9 INFO neutron.db.ovn_revision_numbers_db [None req-f8122bb6-62db-427e-a9c4-0ef835e799eb 05f4ce4846e74fee84228be9649f1af3 4e9eb2d57c0d4ca49758d74cc17f5c41 - - default default] Successfully bumped revision number for resource 63dd121c-ac8f-46fb-ae06-dabf45d4d9f8 (type: ports) to 2
2026-05-12 07:03:13.024 9 INFO neutron.wsgi [None req-f8122bb6-62db-427e-a9c4-0ef835e799eb 05f4ce4846e74fee84228be9649f1af3 4e9eb2d57c0d4ca49758d74cc17f5c41 - - default default] 10.0.0.89 "PUT /v2.0/ports/63dd121c-ac8f-46fb-ae06-dabf45d4d9f8 HTTP/1.1" status: 200 len: 946 time: 0.6033776
2026-05-12 07:03:13.191 9 INFO neutron.db.l3_db [None req-8ccb55a5-5332-4626-b853-de1a0b736ce0 72c7586ff56245af82ff4e6e186630ba 874fd224bfdf48d786280c6117fa9003 - - default default] Floating IP 664cdad8-d993-41db-ae22-ce5d670d5f82 associated. External IP: 10.96.250.216, port: c4239009-0ed5-4f09-b5d9-81f889624213.
2026-05-12 07:03:13.283 9 INFO neutron.db.ovn_revision_numbers_db [req-1545a966-2f2e-4c2f-b9eb-c43804c1e8c1 req-28b23b28-c901-40c4-91a5-abd564565f0d d36b98a16af44463a01e9ed50f660b5a aeae44ff286d4d4096afc3511d6a7964 - - default default] Successfully bumped revision number for resource 17f489fe-739d-4a85-846a-11e126cb03d0 (type: ports) to 1
2026-05-12 07:03:13.317 10 INFO neutron.wsgi [None req-2c458201-7643-403e-bea4-a8be8271fce2 05f4ce4846e74fee84228be9649f1af3 4e9eb2d57c0d4ca49758d74cc17f5c41 - - default default] 10.0.0.89 "DELETE /v2.0/ports/63dd121c-ac8f-46fb-ae06-dabf45d4d9f8 HTTP/1.1" status: 204 len: 168 time: 0.2876067
2026-05-12 07:03:13.357 9 INFO neutron.wsgi [req-1545a966-2f2e-4c2f-b9eb-c43804c1e8c1 req-28b23b28-c901-40c4-91a5-abd564565f0d d36b98a16af44463a01e9ed50f660b5a aeae44ff286d4d4096afc3511d6a7964 - - default default] 199.204.45.156 "POST /v2.0/ports HTTP/1.1" status: 201 len: 1162 time: 1.0729773 /var/lib/openstack/lib/python3.10/site-packages/pycadf/identifier.py:71: UserWarning: Invalid uuid: neutron. To ensure interoperability, identifiers should be a valid uuid. warnings.warn(('Invalid uuid: %s. To ensure interoperability, '
2026-05-12 07:03:13.418 10 WARNING neutron.plugins.ml2.drivers.ovn.mech_driver.ovsdb.ovn_client [None req-8b869861-29db-44a4-9696-bae518868819 - - - - - -] No hosting information found for port 95819c61-2ba0-4088-9aba-853c019655e5: RuntimeError: No hosting information found for port 95819c61-2ba0-4088-9aba-853c019655e5
2026-05-12 07:03:13.419 10 INFO neutron.plugins.ml2.drivers.ovn.mech_driver.mech_driver [None req-8b869861-29db-44a4-9696-bae518868819 - - - - - -] OVN reports status down for port: 63dd121c-ac8f-46fb-ae06-dabf45d4d9f8
2026-05-12 07:03:13.447 10 INFO neutron.wsgi [None req-1fa5ca70-ac46-446e-8979-623c19f2ad22 05f4ce4846e74fee84228be9649f1af3 4e9eb2d57c0d4ca49758d74cc17f5c41 - - default default] 10.0.0.89 "GET /v2.0/ports HTTP/1.1" status: 200 len: 1733 time: 0.1159158
2026-05-12 07:03:13.475 10 INFO neutron.pecan_wsgi.hooks.translation [None req-c08ef1f2-523b-4e54-a2a7-e386314a5b35 05f4ce4846e74fee84228be9649f1af3 4e9eb2d57c0d4ca49758d74cc17f5c41 - - default default] GET failed (client error): The resource could not be found.
2026-05-12 07:03:13.477 10 INFO neutron.wsgi [None req-c08ef1f2-523b-4e54-a2a7-e386314a5b35 05f4ce4846e74fee84228be9649f1af3 4e9eb2d57c0d4ca49758d74cc17f5c41 - - default default] 10.0.0.89 "GET /v2.0/ports/63dd121c-ac8f-46fb-ae06-dabf45d4d9f8 HTTP/1.1" status: 404 len: 333 time: 0.0242839
2026-05-12 07:03:13.506 9 INFO neutron.db.ovn_revision_numbers_db [None req-8ccb55a5-5332-4626-b853-de1a0b736ce0 72c7586ff56245af82ff4e6e186630ba 874fd224bfdf48d786280c6117fa9003 - - default default] Successfully bumped revision number for resource 664cdad8-d993-41db-ae22-ce5d670d5f82 (type: floatingips) to 0
2026-05-12 07:03:13.544 10 INFO neutron.wsgi [None req-cbb1aba8-c2b5-4b4f-8e37-ed63045fb717 05f4ce4846e74fee84228be9649f1af3 4e9eb2d57c0d4ca49758d74cc17f5c41 - - default default] 10.0.0.89 "GET /v2.0/ports HTTP/1.1" status: 200 len: 1733 time: 0.0563719
2026-05-12 07:03:13.573 10 INFO neutron.wsgi [req-ac08ceea-903a-46f6-aae2-8f9ab1761d3c req-d320eebf-9eb3-4a56-b46c-4c90557d5076 d36b98a16af44463a01e9ed50f660b5a aeae44ff286d4d4096afc3511d6a7964 - - default default] 10.0.0.82 "GET /v2.0/ports?device_id=057fa315-2883-444d-a8e9-9376b4c14667 HTTP/1.1" status: 200 len: 1160 time: 0.0660789
2026-05-12 07:03:13.663 10 INFO neutron.wsgi [req-ac08ceea-903a-46f6-aae2-8f9ab1761d3c req-be1d193a-a417-4b9d-bd2b-f27e92fa8d81 d36b98a16af44463a01e9ed50f660b5a aeae44ff286d4d4096afc3511d6a7964 - - default default] 10.0.0.82 "GET /v2.0/security-groups?id=af45f99b-f5f8-4ce4-b9eb-a5544022f8e6&fields=id&fields=name HTTP/1.1" status: 200 len: 312 time: 0.0828738
2026-05-12 07:03:13.713 9 INFO neutron.wsgi [None req-9f4ae409-f53c-4b65-a187-ff2c23197cf6 05f4ce4846e74fee84228be9649f1af3 4e9eb2d57c0d4ca49758d74cc17f5c41 - - default default] 10.0.0.89 "GET /v2.0/ports/61ebb29c-455f-4314-bd86-00898558d7b8 HTTP/1.1" status: 200 len: 973 time: 0.1556933
2026-05-12 07:03:13.750 10 INFO neutron.pecan_wsgi.hooks.translation [None req-80b77386-a4c2-4877-b0e7-b1e0b6faf6c2 05f4ce4846e74fee84228be9649f1af3 4e9eb2d57c0d4ca49758d74cc17f5c41 - - default default] DELETE failed (client error): The resource could not be found.
2026-05-12 07:03:13.753 10 INFO neutron.wsgi [None req-80b77386-a4c2-4877-b0e7-b1e0b6faf6c2 05f4ce4846e74fee84228be9649f1af3 4e9eb2d57c0d4ca49758d74cc17f5c41 - - default default] 10.0.0.89 "DELETE /v2.0/ports/35427d2f-1912-453b-a1b9-6dd98ce8804f HTTP/1.1" status: 404 len: 333 time: 0.0322437
2026-05-12 07:03:13.772 10 INFO neutron.pecan_wsgi.hooks.translation [None req-570931ed-5a3d-4ebe-880e-7782467f5a02 05f4ce4846e74fee84228be9649f1af3 4e9eb2d57c0d4ca49758d74cc17f5c41 - - default default] DELETE failed (client error): The resource could not be found.
2026-05-12 07:03:13.774 10 INFO neutron.wsgi [None req-570931ed-5a3d-4ebe-880e-7782467f5a02 05f4ce4846e74fee84228be9649f1af3 4e9eb2d57c0d4ca49758d74cc17f5c41 - - default default] 10.0.0.89 "DELETE /v2.0/subnets/7625df9a-e246-4f54-bfad-f451ece5ed65 HTTP/1.1" status: 404 len: 337 time: 0.0174494
2026-05-12 07:03:13.796 10 INFO neutron.pecan_wsgi.hooks.translation [None req-75e3dd63-21be-440a-ba1c-895a3e32a7d2 05f4ce4846e74fee84228be9649f1af3 4e9eb2d57c0d4ca49758d74cc17f5c41 - - default default] DELETE failed (client error): The resource could not be found.
2026-05-12 07:03:13.799 10 INFO neutron.wsgi [None req-75e3dd63-21be-440a-ba1c-895a3e32a7d2 05f4ce4846e74fee84228be9649f1af3 4e9eb2d57c0d4ca49758d74cc17f5c41 - - default default] 10.0.0.89 "DELETE /v2.0/subnets/f472a497-6933-43db-b9f3-8b09424a3577 HTTP/1.1" status: 404 len: 337 time: 0.0196772
2026-05-12 07:03:13.975 9 INFO neutron.db.ovn_revision_numbers_db [None req-8ccb55a5-5332-4626-b853-de1a0b736ce0 72c7586ff56245af82ff4e6e186630ba 874fd224bfdf48d786280c6117fa9003 - - default default] Successfully bumped revision number for resource 664cdad8-d993-41db-ae22-ce5d670d5f82 (type: floatingips) to 1
2026-05-12 07:03:14.020 9 INFO neutron.wsgi [None req-8ccb55a5-5332-4626-b853-de1a0b736ce0 72c7586ff56245af82ff4e6e186630ba 874fd224bfdf48d786280c6117fa9003 - - default default] 10.0.0.89 "POST /v2.0/floatingips HTTP/1.1" status: 201 len: 1041 time: 2.0328209
2026-05-12 07:03:14.040 10 INFO neutron.wsgi [None req-bbaefd80-c1f0-4da5-a253-d65ca76765a8 05f4ce4846e74fee84228be9649f1af3 4e9eb2d57c0d4ca49758d74cc17f5c41 - - default default] 10.0.0.89 "DELETE /v2.0/ports/61ebb29c-455f-4314-bd86-00898558d7b8 HTTP/1.1" status: 204 len: 168 time: 0.2363784
2026-05-12 07:03:14.193 9 INFO neutron.db.l3_db [None req-c1c3f921-a25f-4b32-9982-e8cfa0c6a0a2 72c7586ff56245af82ff4e6e186630ba 874fd224bfdf48d786280c6117fa9003 - - default default] Floating IP 664cdad8-d993-41db-ae22-ce5d670d5f82 disassociated. External IP: 10.96.250.216, port: c4239009-0ed5-4f09-b5d9-81f889624213.
2026-05-12 07:03:14.244 9 INFO neutron.db.ovn_revision_numbers_db [None req-c1c3f921-a25f-4b32-9982-e8cfa0c6a0a2 72c7586ff56245af82ff4e6e186630ba 874fd224bfdf48d786280c6117fa9003 - - default default] Successfully bumped revision number for resource 664cdad8-d993-41db-ae22-ce5d670d5f82 (type: floatingips) to 2
2026-05-12 07:03:14.338 9 INFO neutron.wsgi [None req-c1c3f921-a25f-4b32-9982-e8cfa0c6a0a2 72c7586ff56245af82ff4e6e186630ba 874fd224bfdf48d786280c6117fa9003 - - default default] 10.0.0.89 "PUT /v2.0/floatingips/664cdad8-d993-41db-ae22-ce5d670d5f82 HTTP/1.1" status: 200 len: 748 time: 0.3137085
2026-05-12 07:03:14.340 9 INFO neutron.db.ovn_revision_numbers_db [req-1545a966-2f2e-4c2f-b9eb-c43804c1e8c1 req-ee580907-d1ca-4b32-820a-3648dfb71838 806c7a253260400084d39b4cf2a07e2d 1266992b5c684cfeaa0eaba140cec78c - - b774e3be6e02478d8b9c718970e08311 b774e3be6e02478d8b9c718970e08311] Successfully bumped revision number for resource 17f489fe-739d-4a85-846a-11e126cb03d0 (type: ports) to 2 /var/lib/openstack/lib/python3.10/site-packages/pycadf/identifier.py:71: UserWarning: Invalid uuid: neutron. To ensure interoperability, identifiers should be a valid uuid. warnings.warn(('Invalid uuid: %s. To ensure interoperability, '
2026-05-12 07:03:14.454 10 INFO neutron.services.segments.plugin [-] Segment e7d46e1d-2fe8-4e48-b6c7-99c2261fa5f6 resource provider aggregate not found
2026-05-12 07:03:14.459 10 INFO neutron.services.segments.plugin [-] Segment e7d46e1d-2fe8-4e48-b6c7-99c2261fa5f6 resource provider aggregate not found
2026-05-12 07:03:14.473 10 INFO neutron.services.segments.plugin [-] Segment e7d46e1d-2fe8-4e48-b6c7-99c2261fa5f6 resource provider not found; error: Placement Client Error (4xx): {"errors": [{"status": 404, "title": "Not Found", "detail": "The resource could not be found.\n\n No resource provider with uuid e7d46e1d-2fe8-4e48-b6c7-99c2261fa5f6 found for delete ", "request_id": "req-1164b63f-8923-4597-9dc0-bfa9df8a71d6"}]}
2026-05-12 07:03:14.477 10 INFO neutron.services.segments.plugin [-] Segment e7d46e1d-2fe8-4e48-b6c7-99c2261fa5f6 resource provider not found; error: Placement Client Error (4xx): {"errors": [{"status": 404, "title": "Not Found", "detail": "The resource could not be found.\n\n No resource provider with uuid e7d46e1d-2fe8-4e48-b6c7-99c2261fa5f6 found for delete ", "request_id": "req-7b2ece30-d39a-43d8-b839-24bb5418d6c9"}]}
2026-05-12 07:03:14.505 10 INFO neutron.wsgi [None req-c8ee0225-4122-4d0d-98df-b794c1cd5c32 05f4ce4846e74fee84228be9649f1af3 4e9eb2d57c0d4ca49758d74cc17f5c41 - - default default] 10.0.0.89 "DELETE /v2.0/networks/59819057-e216-4f68-a2bf-3d0153f6d70b HTTP/1.1" status: 204 len: 168 time: 0.4608469
2026-05-12 07:03:14.678 9 INFO neutron.db.ovn_revision_numbers_db [req-1545a966-2f2e-4c2f-b9eb-c43804c1e8c1 req-ee580907-d1ca-4b32-820a-3648dfb71838 806c7a253260400084d39b4cf2a07e2d 1266992b5c684cfeaa0eaba140cec78c - - b774e3be6e02478d8b9c718970e08311 b774e3be6e02478d8b9c718970e08311] Successfully bumped revision number for resource 17f489fe-739d-4a85-846a-11e126cb03d0 (type: ports) to 2
2026-05-12 07:03:14.709 9 INFO neutron.wsgi [req-1545a966-2f2e-4c2f-b9eb-c43804c1e8c1 req-ee580907-d1ca-4b32-820a-3648dfb71838 806c7a253260400084d39b4cf2a07e2d 1266992b5c684cfeaa0eaba140cec78c - - b774e3be6e02478d8b9c718970e08311 b774e3be6e02478d8b9c718970e08311] 199.204.45.156 "PUT /v2.0/ports/17f489fe-739d-4a85-846a-11e126cb03d0 HTTP/1.1" status: 200 len: 1380 time: 1.3418803
2026-05-12 07:03:14.740 9 INFO neutron.notifiers.nova [-] Nova event matching ['req-a0741c49-6d92-4704-a510-068d6bd64cf3'] response: {'name': 'network-changed', 'server_uuid': '057fa315-2883-444d-a8e9-9376b4c14667', 'tag': '17f489fe-739d-4a85-846a-11e126cb03d0', 'status': 'completed', 'code': 200} /var/lib/openstack/lib/python3.10/site-packages/pycadf/identifier.py:71: UserWarning: Invalid uuid: neutron. To ensure interoperability, identifiers should be a valid uuid. warnings.warn(('Invalid uuid: %s. To ensure interoperability, '
2026-05-12 07:03:14.764 10 INFO neutron.wsgi [req-10977aed-dbe2-459a-85b3-4a3713d0d43c req-1535a264-26b8-4382-b6cd-b1a1045b6804 d36b98a16af44463a01e9ed50f660b5a aeae44ff286d4d4096afc3511d6a7964 - - default default] 10.0.0.82 "GET /v2.0/ports?device_id=057fa315-2883-444d-a8e9-9376b4c14667 HTTP/1.1" status: 200 len: 1172 time: 0.0347600
2026-05-12 07:03:14.790 9 INFO neutron.wsgi [req-1545a966-2f2e-4c2f-b9eb-c43804c1e8c1 req-faff9876-84e6-4918-8065-3c29ba31c52c 806c7a253260400084d39b4cf2a07e2d 1266992b5c684cfeaa0eaba140cec78c - - b774e3be6e02478d8b9c718970e08311 b774e3be6e02478d8b9c718970e08311] 199.204.45.156 "GET /v2.0/ports?tenant_id=aeae44ff286d4d4096afc3511d6a7964&device_id=057fa315-2883-444d-a8e9-9376b4c14667 HTTP/1.1" status: 200 len: 1411 time: 0.0370400
2026-05-12 07:03:14.809 10 INFO neutron.wsgi [req-10977aed-dbe2-459a-85b3-4a3713d0d43c req-1bd14d33-4231-439f-8fd3-6d09caa6503a d36b98a16af44463a01e9ed50f660b5a aeae44ff286d4d4096afc3511d6a7964 - - default default] 10.0.0.82 "GET /v2.0/security-groups?id=af45f99b-f5f8-4ce4-b9eb-a5544022f8e6&fields=id&fields=name HTTP/1.1" status: 200 len: 312 time: 0.0405645
2026-05-12 07:03:14.820 9 INFO neutron.wsgi [req-1545a966-2f2e-4c2f-b9eb-c43804c1e8c1 req-a718c992-abf4-413f-9fd6-2e168002a2b8 806c7a253260400084d39b4cf2a07e2d 1266992b5c684cfeaa0eaba140cec78c - - b774e3be6e02478d8b9c718970e08311 b774e3be6e02478d8b9c718970e08311] 199.204.45.156 "GET /v2.0/floatingips?fixed_ip_address=10.100.0.14&port_id=17f489fe-739d-4a85-846a-11e126cb03d0 HTTP/1.1" status: 200 len: 217 time: 0.0216527
2026-05-12 07:03:14.847 9 INFO neutron.wsgi [None req-7018db83-3ecd-4868-b76e-5f3cf147f499 72c7586ff56245af82ff4e6e186630ba 874fd224bfdf48d786280c6117fa9003 - - default default] 10.0.0.89 "DELETE /v2.0/floatingips/664cdad8-d993-41db-ae22-ce5d670d5f82 HTTP/1.1" status: 204 len: 168 time: 0.5026453
2026-05-12 07:03:14.867 9 INFO neutron.wsgi [req-1545a966-2f2e-4c2f-b9eb-c43804c1e8c1 req-860aec66-9902-45f7-93b2-d82ecb5715e2 806c7a253260400084d39b4cf2a07e2d 1266992b5c684cfeaa0eaba140cec78c - - b774e3be6e02478d8b9c718970e08311 b774e3be6e02478d8b9c718970e08311] 199.204.45.156 "GET /v2.0/subnets?id=306f98f0-0ccd-401d-8019-236101741dd7 HTTP/1.1" status: 200 len: 873 time: 0.0427465
2026-05-12 07:03:14.894 9 INFO neutron.wsgi [req-1545a966-2f2e-4c2f-b9eb-c43804c1e8c1 req-9facd369-fa5b-4d1e-b650-ce3adc56a0dc 806c7a253260400084d39b4cf2a07e2d 1266992b5c684cfeaa0eaba140cec78c - - b774e3be6e02478d8b9c718970e08311 b774e3be6e02478d8b9c718970e08311] 199.204.45.156 "GET /v2.0/ports?network_id=c19df5b5-e28d-4385-ae6c-c4a9fac70b9e&device_owner=network%3Adhcp HTTP/1.1" status: 200 len: 210 time: 0.0222952
2026-05-12 07:03:14.942 9 WARNING neutron.plugins.ml2.drivers.ovn.mech_driver.ovsdb.ovn_client [None req-48a7f436-cbd4-49cc-a101-66975f838078 - - - - - -] No hosting information found for port 4e2b7b09-496f-416d-b18e-81824550bd58: RuntimeError: No hosting information found for port 4e2b7b09-496f-416d-b18e-81824550bd58
2026-05-12 07:03:15.021 9 INFO neutron.wsgi [req-1545a966-2f2e-4c2f-b9eb-c43804c1e8c1 req-92fd0684-17d9-443c-99b5-0f6b4f9af2bd 806c7a253260400084d39b4cf2a07e2d 1266992b5c684cfeaa0eaba140cec78c - - b774e3be6e02478d8b9c718970e08311 b774e3be6e02478d8b9c718970e08311] 199.204.45.156 "GET /v2.0/networks/c19df5b5-e28d-4385-ae6c-c4a9fac70b9e?fields=segments HTTP/1.1" status: 200 len: 212 time: 0.1213737 /var/lib/openstack/lib/python3.10/site-packages/pycadf/identifier.py:71: UserWarning: Invalid uuid: neutron. To ensure interoperability, identifiers should be a valid uuid. warnings.warn(('Invalid uuid: %s. To ensure interoperability, '
2026-05-12 07:03:15.099 9 INFO neutron.wsgi [req-1545a966-2f2e-4c2f-b9eb-c43804c1e8c1 req-90fb204f-e287-4e0c-b514-e94fc2dc8bf0 806c7a253260400084d39b4cf2a07e2d 1266992b5c684cfeaa0eaba140cec78c - - b774e3be6e02478d8b9c718970e08311 b774e3be6e02478d8b9c718970e08311] 199.204.45.156 "GET /v2.0/networks/c19df5b5-e28d-4385-ae6c-c4a9fac70b9e?fields=provider%3Aphysical_network&fields=provider%3Anetwork_type HTTP/1.1" status: 200 len: 277 time: 0.0690780
2026-05-12 07:03:15.162 10 WARNING neutron.scheduler.dhcp_agent_scheduler [None req-486265ef-5154-408f-aac4-2e4083a4abfd 72c7586ff56245af82ff4e6e186630ba 874fd224bfdf48d786280c6117fa9003 - - default default] No more DHCP agents
2026-05-12 07:03:15.164 10 WARNING neutron.api.rpc.agentnotifiers.dhcp_rpc_agent_api [None req-486265ef-5154-408f-aac4-2e4083a4abfd 72c7586ff56245af82ff4e6e186630ba 874fd224bfdf48d786280c6117fa9003 - - default default] Unable to schedule network dab09501-07c0-4439-8d5a-750df455d8ad: no agents available; will retry on subsequent port and subnet creation events.
2026-05-12 07:03:15.193 9 INFO neutron.wsgi [req-ed73bbc3-11f8-41dc-93d2-e6b4f0f63ffa req-f9aa1ccc-1c93-4f17-9115-88ae438e2488 806c7a253260400084d39b4cf2a07e2d 1266992b5c684cfeaa0eaba140cec78c - - b774e3be6e02478d8b9c718970e08311 b774e3be6e02478d8b9c718970e08311] 199.204.45.156 "GET /v2.0/ports?tenant_id=aeae44ff286d4d4096afc3511d6a7964&device_id=057fa315-2883-444d-a8e9-9376b4c14667 HTTP/1.1" status: 200 len: 1411 time: 0.0373700
2026-05-12 07:03:15.226 10 INFO neutron.wsgi [None req-85875ce2-238c-4261-8fd4-ebfa745ef550 fd6baac89f954a33bae9dc16520b6682 4ea77dfc919c498aa9ed65b1665bb9ae - - default default] 10.0.0.89 "GET /v2.0/security-groups?tenant_id=4e9eb2d57c0d4ca49758d74cc17f5c41&name=default HTTP/1.1" status: 200 len: 2996 time: 0.1937013
2026-05-12 07:03:15.278 9 INFO neutron.wsgi [req-ed73bbc3-11f8-41dc-93d2-e6b4f0f63ffa req-05680094-8ce8-411b-bdcd-8311918f900e 806c7a253260400084d39b4cf2a07e2d 1266992b5c684cfeaa0eaba140cec78c - - b774e3be6e02478d8b9c718970e08311 b774e3be6e02478d8b9c718970e08311] 199.204.45.156 "GET /v2.0/networks?id=c19df5b5-e28d-4385-ae6c-c4a9fac70b9e HTTP/1.1" status: 200 len: 978 time: 0.0764670
2026-05-12 07:03:15.304 9 INFO neutron.wsgi [req-ed73bbc3-11f8-41dc-93d2-e6b4f0f63ffa req-5d2a563f-27ef-4fec-90a9-1aa3eca75538 806c7a253260400084d39b4cf2a07e2d 1266992b5c684cfeaa0eaba140cec78c - - b774e3be6e02478d8b9c718970e08311 b774e3be6e02478d8b9c718970e08311] 199.204.45.156 "GET /v2.0/floatingips?fixed_ip_address=10.100.0.14&port_id=17f489fe-739d-4a85-846a-11e126cb03d0 HTTP/1.1" status: 200 len: 217 time: 0.0209193
2026-05-12 07:03:15.355 9 INFO neutron.wsgi [req-ed73bbc3-11f8-41dc-93d2-e6b4f0f63ffa req-b078d7c7-7da5-4d0f-bb8f-aa5aa98c8df2 806c7a253260400084d39b4cf2a07e2d 1266992b5c684cfeaa0eaba140cec78c - - b774e3be6e02478d8b9c718970e08311 b774e3be6e02478d8b9c718970e08311] 199.204.45.156 "GET /v2.0/subnets?id=306f98f0-0ccd-401d-8019-236101741dd7 HTTP/1.1" status: 200 len: 873 time: 0.0400264
2026-05-12 07:03:15.378 9 INFO neutron.wsgi [req-ed73bbc3-11f8-41dc-93d2-e6b4f0f63ffa req-0ebbc37d-f612-4875-bd32-1dba934cc919 806c7a253260400084d39b4cf2a07e2d 1266992b5c684cfeaa0eaba140cec78c - - b774e3be6e02478d8b9c718970e08311 b774e3be6e02478d8b9c718970e08311] 199.204.45.156 "GET /v2.0/ports?network_id=c19df5b5-e28d-4385-ae6c-c4a9fac70b9e&device_owner=network%3Adhcp HTTP/1.1" status: 200 len: 210 time: 0.0184863
2026-05-12 07:03:15.448 9 INFO neutron.wsgi [req-ed73bbc3-11f8-41dc-93d2-e6b4f0f63ffa req-69520e6e-16bd-409d-886b-272c408f2cc9 806c7a253260400084d39b4cf2a07e2d 1266992b5c684cfeaa0eaba140cec78c - - b774e3be6e02478d8b9c718970e08311 b774e3be6e02478d8b9c718970e08311] 199.204.45.156 "GET /v2.0/networks/c19df5b5-e28d-4385-ae6c-c4a9fac70b9e?fields=segments HTTP/1.1" status: 200 len: 212 time: 0.0618801
2026-05-12 07:03:15.536 9 INFO neutron.wsgi [req-ed73bbc3-11f8-41dc-93d2-e6b4f0f63ffa req-6521d169-6e23-4169-ba6d-b23ed49661c9 806c7a253260400084d39b4cf2a07e2d 1266992b5c684cfeaa0eaba140cec78c - - b774e3be6e02478d8b9c718970e08311 b774e3be6e02478d8b9c718970e08311] 199.204.45.156 "GET /v2.0/networks/c19df5b5-e28d-4385-ae6c-c4a9fac70b9e?fields=provider%3Aphysical_network&fields=provider%3Anetwork_type HTTP/1.1" status: 200 len: 277 time: 0.0833943
2026-05-12 07:03:15.582 10 INFO neutron.wsgi [None req-c65cb116-6471-4c5d-9eb4-4a264c083cbf fd6baac89f954a33bae9dc16520b6682 4ea77dfc919c498aa9ed65b1665bb9ae - - default default] 10.0.0.89 "DELETE /v2.0/security-groups/29ff8bcb-dad9-429a-b853-6cb0ca1296ef HTTP/1.1" status: 204 len: 168 time: 0.3504086
2026-05-12 07:03:15.707 9 INFO neutron.plugins.ml2.drivers.ovn.mech_driver.mech_driver [None req-48a7f436-cbd4-49cc-a101-66975f838078 - - - - - -] OVN reports status up for port: 17f489fe-739d-4a85-846a-11e126cb03d0
2026-05-12 07:03:15.726 9 INFO neutron.plugins.ml2.plugin [None req-48a7f436-cbd4-49cc-a101-66975f838078 - - - - - -] Attempt 1 to provision port 17f489fe-739d-4a85-846a-11e126cb03d0
2026-05-12 07:03:15.931 10 INFO neutron.db.l3_db [None req-486265ef-5154-408f-aac4-2e4083a4abfd 72c7586ff56245af82ff4e6e186630ba 874fd224bfdf48d786280c6117fa9003 - - default default] Floating IP c0d19d4a-3d99-4dc4-bb61-c5411ddce3dd associated. External IP: 10.96.250.208, port: 5f829cd7-2642-4990-83b1-991a127e3915.
2026-05-12 07:03:16.014 10 INFO neutron.wsgi [req-afb99856-f961-4e8b-901e-a1e840737530 req-924db567-8e71-4a13-aafa-8f7c474cbe66 d36b98a16af44463a01e9ed50f660b5a aeae44ff286d4d4096afc3511d6a7964 - - default default] 10.0.0.82 "GET /v2.0/ports?device_id=057fa315-2883-444d-a8e9-9376b4c14667 HTTP/1.1" status: 200 len: 1174 time: 0.1259544
2026-05-12 07:03:16.041 9 INFO neutron.db.ovn_revision_numbers_db [None req-48a7f436-cbd4-49cc-a101-66975f838078 - - - - - -] Successfully bumped revision number for resource 17f489fe-739d-4a85-846a-11e126cb03d0 (type: ports) to 4
2026-05-12 07:03:16.099 10 INFO neutron.wsgi [req-afb99856-f961-4e8b-901e-a1e840737530 req-48a8e58b-386d-47dd-887e-5dc808689d07 d36b98a16af44463a01e9ed50f660b5a aeae44ff286d4d4096afc3511d6a7964 - - default default] 10.0.0.82 "GET /v2.0/security-groups?id=af45f99b-f5f8-4ce4-b9eb-a5544022f8e6&fields=id&fields=name HTTP/1.1" status: 200 len: 312 time: 0.0770981
2026-05-12 07:03:16.196 10 INFO neutron.db.ovn_revision_numbers_db [None req-486265ef-5154-408f-aac4-2e4083a4abfd 72c7586ff56245af82ff4e6e186630ba 874fd224bfdf48d786280c6117fa9003 - - default default] Successfully bumped revision number for resource c0d19d4a-3d99-4dc4-bb61-c5411ddce3dd (type: floatingips) to 0
2026-05-12 07:03:16.330 10 INFO neutron.db.ovn_revision_numbers_db [None req-486265ef-5154-408f-aac4-2e4083a4abfd 72c7586ff56245af82ff4e6e186630ba 874fd224bfdf48d786280c6117fa9003 - - default default] Successfully bumped revision number for resource c0d19d4a-3d99-4dc4-bb61-c5411ddce3dd (type: floatingips) to 1
2026-05-12 07:03:16.399 10 INFO neutron.wsgi [None req-486265ef-5154-408f-aac4-2e4083a4abfd 72c7586ff56245af82ff4e6e186630ba 874fd224bfdf48d786280c6117fa9003 - - default default] 10.0.0.89 "POST /v2.0/floatingips HTTP/1.1" status: 201 len: 1041 time: 1.5436261
2026-05-12 07:03:16.454 10 INFO neutron.wsgi [None req-fc425369-4b6c-4998-b8a0-a6eee29e3ede 72c7586ff56245af82ff4e6e186630ba 874fd224bfdf48d786280c6117fa9003 - - default default] 10.0.0.89 "GET /v2.0/floatingips/c0d19d4a-3d99-4dc4-bb61-c5411ddce3dd HTTP/1.1" status: 200 len: 1038 time: 0.0492387
2026-05-12 07:03:16.526 10 INFO neutron.wsgi [None req-e5d9468f-6685-4d2c-a49a-7a4224d2952c 72c7586ff56245af82ff4e6e186630ba 874fd224bfdf48d786280c6117fa9003 - - default default] 10.0.0.89 "GET /v2.0/floatingips HTTP/1.1" status: 200 len: 1041 time: 0.0646927
2026-05-12 07:03:16.796 9 INFO neutron.notifiers.nova [-] Nova event matching ['req-e0c0267f-5d49-4263-9ce0-bea03e50d7a2'] response: {'server_uuid': '057fa315-2883-444d-a8e9-9376b4c14667', 'name': 'network-vif-plugged', 'status': 'completed', 'tag': '17f489fe-739d-4a85-846a-11e126cb03d0', 'code': 200}
2026-05-12 07:03:16.797 9 INFO neutron.notifiers.nova [-] Nova event matching ['req-e0c0267f-5d49-4263-9ce0-bea03e50d7a2'] response: {'server_uuid': '057fa315-2883-444d-a8e9-9376b4c14667', 'name': 'network-vif-plugged', 'status': 'completed', 'tag': '17f489fe-739d-4a85-846a-11e126cb03d0', 'code': 200}
2026-05-12 07:03:16.822 10 INFO neutron.db.l3_db [None req-60768b99-1ebc-4e45-bcb7-3b68d7bed337 72c7586ff56245af82ff4e6e186630ba 874fd224bfdf48d786280c6117fa9003 - - default default] Floating IP c0d19d4a-3d99-4dc4-bb61-c5411ddce3dd associated. External IP: 10.96.250.208, port: 5f829cd7-2642-4990-83b1-991a127e3915.
2026-05-12 07:03:17.105 10 INFO neutron.db.ovn_revision_numbers_db [None req-60768b99-1ebc-4e45-bcb7-3b68d7bed337 72c7586ff56245af82ff4e6e186630ba 874fd224bfdf48d786280c6117fa9003 - - default default] Successfully bumped revision number for resource c0d19d4a-3d99-4dc4-bb61-c5411ddce3dd (type: floatingips) to 2 /var/lib/openstack/lib/python3.10/site-packages/pycadf/identifier.py:71: UserWarning: Invalid uuid: neutron. To ensure interoperability, identifiers should be a valid uuid. warnings.warn(('Invalid uuid: %s. To ensure interoperability, '
2026-05-12 07:03:17.232 10 INFO neutron.wsgi [req-7875bedc-aec3-4e30-b08b-17da7a735e5f req-f7b6c56c-3900-4a38-b6fa-b4fc3f897270 d36b98a16af44463a01e9ed50f660b5a aeae44ff286d4d4096afc3511d6a7964 - - default default] 10.0.0.82 "GET /v2.0/ports?device_id=057fa315-2883-444d-a8e9-9376b4c14667 HTTP/1.1" status: 200 len: 1174 time: 0.0486274
2026-05-12 07:03:17.256 10 INFO neutron.db.ovn_revision_numbers_db [None req-60768b99-1ebc-4e45-bcb7-3b68d7bed337 72c7586ff56245af82ff4e6e186630ba 874fd224bfdf48d786280c6117fa9003 - - default default] Successfully bumped revision number for resource c0d19d4a-3d99-4dc4-bb61-c5411ddce3dd (type: floatingips) to 2
2026-05-12 07:03:17.287 10 INFO neutron.wsgi [req-7875bedc-aec3-4e30-b08b-17da7a735e5f req-51785b21-ed31-48a6-a5f8-c7716ec4dbc1 d36b98a16af44463a01e9ed50f660b5a aeae44ff286d4d4096afc3511d6a7964 - - default default] 10.0.0.82 "GET /v2.0/security-groups?id=af45f99b-f5f8-4ce4-b9eb-a5544022f8e6&fields=id&fields=name HTTP/1.1" status: 200 len: 312 time: 0.0498009
2026-05-12 07:03:17.308 10 INFO neutron.wsgi [None req-60768b99-1ebc-4e45-bcb7-3b68d7bed337 72c7586ff56245af82ff4e6e186630ba 874fd224bfdf48d786280c6117fa9003 - - default default] 10.0.0.89 "PUT /v2.0/floatingips/c0d19d4a-3d99-4dc4-bb61-c5411ddce3dd HTTP/1.1" status: 200 len: 1038 time: 0.7761698
2026-05-12 07:03:17.490 10 INFO neutron.db.l3_db [None req-ea14c323-89d7-4829-a0d7-cd850e4bb0ff 72c7586ff56245af82ff4e6e186630ba 874fd224bfdf48d786280c6117fa9003 - - default default] Floating IP c0d19d4a-3d99-4dc4-bb61-c5411ddce3dd disassociated. External IP: 10.96.250.208, port: c4239009-0ed5-4f09-b5d9-81f889624213.
2026-05-12 07:03:17.568 10 INFO neutron.db.ovn_revision_numbers_db [None req-ea14c323-89d7-4829-a0d7-cd850e4bb0ff 72c7586ff56245af82ff4e6e186630ba 874fd224bfdf48d786280c6117fa9003 - - default default] Successfully bumped revision number for resource c0d19d4a-3d99-4dc4-bb61-c5411ddce3dd (type: floatingips) to 3 /var/lib/openstack/lib/python3.10/site-packages/pycadf/identifier.py:71: UserWarning: Invalid uuid: neutron. To ensure interoperability, identifiers should be a valid uuid. warnings.warn(('Invalid uuid: %s. To ensure interoperability, '
2026-05-12 07:03:17.679 10 INFO neutron.wsgi [None req-ea14c323-89d7-4829-a0d7-cd850e4bb0ff 72c7586ff56245af82ff4e6e186630ba 874fd224bfdf48d786280c6117fa9003 - - default default] 10.0.0.89 "PUT /v2.0/floatingips/c0d19d4a-3d99-4dc4-bb61-c5411ddce3dd HTTP/1.1" status: 200 len: 748 time: 0.3601408 /var/lib/openstack/lib/python3.10/site-packages/pycadf/identifier.py:71: UserWarning: Invalid uuid: neutron. To ensure interoperability, identifiers should be a valid uuid. warnings.warn(('Invalid uuid: %s. To ensure interoperability, '
2026-05-12 07:03:17.745 10 INFO neutron.wsgi [req-39031cbc-2929-4c08-b2d4-36e5483588e7 req-302bb7aa-4b54-4e9d-859a-5333c3a9f20f d3fa70e53996485eba00e25a42b5c5d1 23308ce9bcdb4e4bb4cef923d0479c03 - - default default] 10.0.0.82 "GET /v2.0/ports?device_id=c35a2ce8-174c-4e93-94d7-bb7a5e5f1afd HTTP/1.1" status: 200 len: 1170 time: 0.1185508
2026-05-12 07:03:17.823 10 INFO neutron.wsgi [req-39031cbc-2929-4c08-b2d4-36e5483588e7 req-b26227b0-3577-48a2-8931-433d08581473 d3fa70e53996485eba00e25a42b5c5d1 23308ce9bcdb4e4bb4cef923d0479c03 - - default default] 10.0.0.82 "GET /v2.0/security-groups?id=b7fa61bc-8b84-4f13-9e3f-76cea022c94d&fields=id&fields=name HTTP/1.1" status: 200 len: 312 time: 0.0658920
2026-05-12 07:03:17.968 10 INFO neutron.wsgi [None req-008c4d1e-8d7b-41ec-9ab0-6e129c81572a cffc73d93ba1436c9ab742a814ead451 b7f1146137124f16a8b1ae3f2c72b217 - - default default] 10.0.0.89 "POST /v2.0/subnetpools HTTP/1.1" status: 201 len: 748 time: 0.3474770
2026-05-12 07:03:17.987 10 INFO neutron.wsgi [req-6622e897-bf8c-4a07-b607-21c1c1425339 req-5150b585-46f8-406b-b81f-755f6791612c d3fa70e53996485eba00e25a42b5c5d1 23308ce9bcdb4e4bb4cef923d0479c03 - - default default] 10.0.0.82 "GET /v2.0/ports?device_id=c35a2ce8-174c-4e93-94d7-bb7a5e5f1afd HTTP/1.1" status: 200 len: 1170 time: 0.0669432
2026-05-12 07:03:18.023 10 INFO neutron.wsgi [None req-14c4f829-428a-4bf3-83b8-5206349fe397 cffc73d93ba1436c9ab742a814ead451 b7f1146137124f16a8b1ae3f2c72b217 - - default default] 10.0.0.89 "GET /v2.0/subnetpools/1bf1223e-344b-4659-93f6-2cdf7144f924 HTTP/1.1" status: 200 len: 743 time: 0.0469913
2026-05-12 07:03:18.058 10 INFO neutron.wsgi [req-6622e897-bf8c-4a07-b607-21c1c1425339 req-5992714c-26ac-42eb-b733-284b085803a2 d3fa70e53996485eba00e25a42b5c5d1 23308ce9bcdb4e4bb4cef923d0479c03 - - default default] 10.0.0.82 "GET /v2.0/security-groups?id=b7fa61bc-8b84-4f13-9e3f-76cea022c94d&fields=id&fields=name HTTP/1.1" status: 200 len: 312 time: 0.0598037
2026-05-12 07:03:18.146 9 INFO neutron.wsgi [None req-602764e5-910f-4add-b01e-8768db2faf6c cffc73d93ba1436c9ab742a814ead451 b7f1146137124f16a8b1ae3f2c72b217 - - default default] 10.0.0.89 "PUT /v2.0/subnetpools/1bf1223e-344b-4659-93f6-2cdf7144f924 HTTP/1.1" status: 200 len: 693 time: 0.1178370
2026-05-12 07:03:18.203 9 INFO neutron.wsgi [None req-ee456e69-50bc-4d87-9a8e-c38b3b240d7e 72c7586ff56245af82ff4e6e186630ba 874fd224bfdf48d786280c6117fa9003 - - default default] 10.0.0.89 "DELETE /v2.0/floatingips/c0d19d4a-3d99-4dc4-bb61-c5411ddce3dd HTTP/1.1" status: 204 len: 168 time: 0.5161693
2026-05-12 07:03:18.240 10 INFO neutron.api.v2.resource [None req-c05e9c65-712a-4d1c-9964-4c5b61668aab 72c7586ff56245af82ff4e6e186630ba 874fd224bfdf48d786280c6117fa9003 - - default default] delete failed (client error): The resource could not be found.
2026-05-12 07:03:18.242 10 INFO neutron.wsgi [None req-c05e9c65-712a-4d1c-9964-4c5b61668aab 72c7586ff56245af82ff4e6e186630ba 874fd224bfdf48d786280c6117fa9003 - - default default] 10.0.0.89 "DELETE /v2.0/floatingips/c0d19d4a-3d99-4dc4-bb61-c5411ddce3dd HTTP/1.1" status: 404 len: 345 time: 0.0326328
2026-05-12 07:03:18.242 9 INFO neutron.wsgi [None req-f09b6195-d531-4174-ada0-f0ea4381b571 cffc73d93ba1436c9ab742a814ead451 b7f1146137124f16a8b1ae3f2c72b217 - - default default] 10.0.0.89 "DELETE /v2.0/subnetpools/1bf1223e-344b-4659-93f6-2cdf7144f924 HTTP/1.1" status: 204 len: 168 time: 0.0892582
2026-05-12 07:03:18.264 10 INFO neutron.api.v2.resource [None req-f7d35969-6bb6-456a-ae8f-cb04566e9026 cffc73d93ba1436c9ab742a814ead451 b7f1146137124f16a8b1ae3f2c72b217 - - default default] show failed (client error): The resource could not be found.
2026-05-12 07:03:18.265 10 INFO neutron.wsgi [None req-f7d35969-6bb6-456a-ae8f-cb04566e9026 cffc73d93ba1436c9ab742a814ead451 b7f1146137124f16a8b1ae3f2c72b217 - - default default] 10.0.0.89 "GET /v2.0/subnetpools/1bf1223e-344b-4659-93f6-2cdf7144f924 HTTP/1.1" status: 404 len: 346 time: 0.0161550
2026-05-12 07:03:18.290 9 INFO neutron.api.v2.resource [None req-cebb90b4-d1ec-4508-b0b4-3573b21aa1ca cffc73d93ba1436c9ab742a814ead451 b7f1146137124f16a8b1ae3f2c72b217 - - default default] delete failed (client error): The resource could not be found.
2026-05-12 07:03:18.291 9 INFO neutron.wsgi [None req-cebb90b4-d1ec-4508-b0b4-3573b21aa1ca cffc73d93ba1436c9ab742a814ead451 b7f1146137124f16a8b1ae3f2c72b217 - - default default] 10.0.0.89 "DELETE /v2.0/subnetpools/1bf1223e-344b-4659-93f6-2cdf7144f924 HTTP/1.1" status: 404 len: 346 time: 0.0136206
2026-05-12 07:03:18.440 10 INFO neutron.wsgi [req-906a407c-0b36-4ed8-888c-6fc059ca9b43 req-ffbf3dcb-024a-494c-93f5-33b028b05338 d36b98a16af44463a01e9ed50f660b5a aeae44ff286d4d4096afc3511d6a7964 - - default default] 10.0.0.82 "GET /v2.0/ports?device_id=057fa315-2883-444d-a8e9-9376b4c14667 HTTP/1.1" status: 200 len: 1174 time: 0.0482340
2026-05-12 07:03:18.488 10 INFO neutron.wsgi [req-906a407c-0b36-4ed8-888c-6fc059ca9b43 req-fc3ab5da-cdb0-45e7-939d-e7d5df74a92c d36b98a16af44463a01e9ed50f660b5a aeae44ff286d4d4096afc3511d6a7964 - - default default] 10.0.0.82 "GET /v2.0/security-groups?id=af45f99b-f5f8-4ce4-b9eb-a5544022f8e6&fields=id&fields=name HTTP/1.1" status: 200 len: 312 time: 0.0405860
2026-05-12 07:03:18.539 10 INFO neutron.wsgi [req-687e3874-f769-4021-ad74-4551463ec575 req-b7f8d71a-0423-44e5-95b8-b0dea335296a d3fa70e53996485eba00e25a42b5c5d1 23308ce9bcdb4e4bb4cef923d0479c03 - - default default] 10.0.0.82 "GET /v2.0/ports?device_id=c35a2ce8-174c-4e93-94d7-bb7a5e5f1afd HTTP/1.1" status: 200 len: 1170 time: 0.0411072
2026-05-12 07:03:18.561 9 INFO neutron.wsgi [req-001cd16d-b178-4e37-8902-e0087a00acd6 req-b4cf255e-5f39-4656-8277-6dbb5ccc5818 806c7a253260400084d39b4cf2a07e2d 1266992b5c684cfeaa0eaba140cec78c - - b774e3be6e02478d8b9c718970e08311 b774e3be6e02478d8b9c718970e08311] 199.204.45.156 "GET /v2.0/ports?tenant_id=23308ce9bcdb4e4bb4cef923d0479c03&device_id=c35a2ce8-174c-4e93-94d7-bb7a5e5f1afd HTTP/1.1" status: 200 len: 1409 time: 0.0565066
2026-05-12 07:03:18.609 10 INFO neutron.wsgi [req-687e3874-f769-4021-ad74-4551463ec575 req-948d4757-5670-4322-9c08-13b1b66f5687 d3fa70e53996485eba00e25a42b5c5d1 23308ce9bcdb4e4bb4cef923d0479c03 - - default default] 10.0.0.82 "GET /v2.0/security-groups?id=b7fa61bc-8b84-4f13-9e3f-76cea022c94d&fields=id&fields=name HTTP/1.1" status: 200 len: 312 time: 0.0640206
2026-05-12 07:03:18.621 10 INFO neutron.wsgi [req-48cd5e86-8429-4dd4-a161-3d5cf083483e req-daac0748-ab7d-4bdb-a82c-237b6e9eb0ac d36b98a16af44463a01e9ed50f660b5a aeae44ff286d4d4096afc3511d6a7964 - - default default] 10.0.0.82 "GET /v2.0/ports?device_id=057fa315-2883-444d-a8e9-9376b4c14667 HTTP/1.1" status: 200 len: 1174 time: 0.0482237
2026-05-12 07:03:18.985 9 INFO neutron.wsgi [req-001cd16d-b178-4e37-8902-e0087a00acd6 req-c5fa1997-8a19-4ccc-b24d-c33039a22a16 806c7a253260400084d39b4cf2a07e2d 1266992b5c684cfeaa0eaba140cec78c - - b774e3be6e02478d8b9c718970e08311 b774e3be6e02478d8b9c718970e08311] 199.204.45.156 "GET /v2.0/networks?id=8765e75f-5503-4603-84dd-acefebd29a74 HTTP/1.1" status: 200 len: 972 time: 0.4175949
2026-05-12 07:03:19.047 9 INFO neutron.wsgi [req-001cd16d-b178-4e37-8902-e0087a00acd6 req-8a9f6440-dd62-4f49-a54c-6a1147ed0b28 806c7a253260400084d39b4cf2a07e2d 1266992b5c684cfeaa0eaba140cec78c - - b774e3be6e02478d8b9c718970e08311 b774e3be6e02478d8b9c718970e08311] 199.204.45.156 "GET /v2.0/floatingips?fixed_ip_address=10.100.0.7&port_id=73ea9320-bb4a-4750-b231-16b98052d7a4 HTTP/1.1" status: 200 len: 1059 time: 0.0514734
2026-05-12 07:03:19.101 9 INFO neutron.wsgi [req-001cd16d-b178-4e37-8902-e0087a00acd6 req-831bd1e6-b7df-4c45-8128-881e5993b8f2 806c7a253260400084d39b4cf2a07e2d 1266992b5c684cfeaa0eaba140cec78c - - b774e3be6e02478d8b9c718970e08311 b774e3be6e02478d8b9c718970e08311] 199.204.45.156 "GET /v2.0/subnets?id=a7d81fd1-9d15-46bf-9ae4-44e991653438 HTTP/1.1" status: 200 len: 867 time: 0.0429137
2026-05-12 07:03:19.132 9 INFO neutron.wsgi [req-001cd16d-b178-4e37-8902-e0087a00acd6 req-e38ced2b-fe08-420f-a5d2-2254abb21e76 806c7a253260400084d39b4cf2a07e2d 1266992b5c684cfeaa0eaba140cec78c - - b774e3be6e02478d8b9c718970e08311 b774e3be6e02478d8b9c718970e08311] 199.204.45.156 "GET /v2.0/ports?network_id=8765e75f-5503-4603-84dd-acefebd29a74&device_owner=network%3Adhcp HTTP/1.1" status: 200 len: 210 time: 0.0230522
2026-05-12 07:03:19.135 9 INFO neutron.wsgi [None req-bdefcca6-7548-4f50-b295-ba05a67a7af6 72c7586ff56245af82ff4e6e186630ba 874fd224bfdf48d786280c6117fa9003 - - default default] 10.0.0.89 "DELETE /v2.0/ports/c4239009-0ed5-4f09-b5d9-81f889624213 HTTP/1.1" status: 204 len: 168 time: 0.8858707
2026-05-12 07:03:19.197 10 INFO neutron.db.l3_db [None req-efd5b598-4b65-4817-a69f-d2ce11e1c78a d36b98a16af44463a01e9ed50f660b5a aeae44ff286d4d4096afc3511d6a7964 - - default default] Floating IP 492a68da-e99b-409d-9099-e818fb36cf31 associated. External IP: 10.96.250.217, port: 17f489fe-739d-4a85-846a-11e126cb03d0.
2026-05-12 07:03:19.227 9 INFO neutron.wsgi [req-001cd16d-b178-4e37-8902-e0087a00acd6 req-f6a1a9db-9345-4f5c-8e2a-257b4059eadf 806c7a253260400084d39b4cf2a07e2d 1266992b5c684cfeaa0eaba140cec78c - - b774e3be6e02478d8b9c718970e08311 b774e3be6e02478d8b9c718970e08311] 199.204.45.156 "GET /v2.0/networks/8765e75f-5503-4603-84dd-acefebd29a74?fields=segments HTTP/1.1" status: 200 len: 212 time: 0.0896459
2026-05-12 07:03:19.340 9 INFO neutron.wsgi [req-001cd16d-b178-4e37-8902-e0087a00acd6 req-effabb8e-69e8-45e5-8346-31d8f5f5a598 806c7a253260400084d39b4cf2a07e2d 1266992b5c684cfeaa0eaba140cec78c - - b774e3be6e02478d8b9c718970e08311 b774e3be6e02478d8b9c718970e08311] 199.204.45.156 "GET /v2.0/networks/8765e75f-5503-4603-84dd-acefebd29a74?fields=provider%3Aphysical_network&fields=provider%3Anetwork_type HTTP/1.1" status: 200 len: 277 time: 0.1023848
2026-05-12 07:03:19.465 10 INFO neutron.db.ovn_revision_numbers_db [None req-efd5b598-4b65-4817-a69f-d2ce11e1c78a d36b98a16af44463a01e9ed50f660b5a aeae44ff286d4d4096afc3511d6a7964 - - default default] Successfully bumped revision number for resource 492a68da-e99b-409d-9099-e818fb36cf31 (type: floatingips) to 1
2026-05-12 07:03:19.610 9 INFO neutron.db.ovn_revision_numbers_db [None req-4e901c09-0d51-469d-9972-ade284560e72 fd6baac89f954a33bae9dc16520b6682 4ea77dfc919c498aa9ed65b1665bb9ae - - default default] Successfully bumped revision number for resource 62aabc5f-32bc-4d36-8b0d-27b6ed4b5409 (type: security_groups) to 1
2026-05-12 07:03:19.654 9 INFO neutron.db.ovn_revision_numbers_db [None req-4e901c09-0d51-469d-9972-ade284560e72 fd6baac89f954a33bae9dc16520b6682 4ea77dfc919c498aa9ed65b1665bb9ae - - default default] Successfully bumped revision number for resource 5af0aae6-c366-4332-948b-02739aa5ad58 (type: security_group_rules) to 0
2026-05-12 07:03:19.668 9 INFO neutron.wsgi [None req-6eb46435-05ca-4427-8554-987d2dc6bb86 72c7586ff56245af82ff4e6e186630ba 874fd224bfdf48d786280c6117fa9003 - - default default] 10.0.0.89 "DELETE /v2.0/ports/5f829cd7-2642-4990-83b1-991a127e3915 HTTP/1.1" status: 204 len: 168 time: 0.5253980
2026-05-12 07:03:19.687 9 INFO neutron.db.ovn_revision_numbers_db [None req-4e901c09-0d51-469d-9972-ade284560e72 fd6baac89f954a33bae9dc16520b6682 4ea77dfc919c498aa9ed65b1665bb9ae - - default default] Successfully bumped revision number for resource bba5112b-f4e0-47a3-b494-e1b34a2def1a (type: security_group_rules) to 0
2026-05-12 07:03:19.727 9 INFO neutron.db.ovn_revision_numbers_db [None req-4e901c09-0d51-469d-9972-ade284560e72 fd6baac89f954a33bae9dc16520b6682 4ea77dfc919c498aa9ed65b1665bb9ae - - default default] Successfully bumped revision number for resource ef636aac-396e-44d0-9d4a-c33474c7a090 (type: security_group_rules) to 0
2026-05-12 07:03:19.753 9 INFO neutron.db.ovn_revision_numbers_db [None req-4e901c09-0d51-469d-9972-ade284560e72 fd6baac89f954a33bae9dc16520b6682 4ea77dfc919c498aa9ed65b1665bb9ae - - default default] Successfully bumped revision number for resource f8194bf3-4086-4349-8077-77fbf8ef6b63 (type: security_group_rules) to 0
2026-05-12 07:03:19.784 10 INFO neutron.plugins.ml2.drivers.ovn.mech_driver.mech_driver [None req-8b869861-29db-44a4-9696-bae518868819 - - - - - -] OVN reports status down for port: 73ea9320-bb4a-4750-b231-16b98052d7a4 /var/lib/openstack/lib/python3.10/site-packages/pycadf/identifier.py:71: UserWarning: Invalid uuid: neutron. To ensure interoperability, identifiers should be a valid uuid. warnings.warn(('Invalid uuid: %s. To ensure interoperability, '
2026-05-12 07:03:19.804 9 INFO neutron.wsgi [None req-4e901c09-0d51-469d-9972-ade284560e72 fd6baac89f954a33bae9dc16520b6682 4ea77dfc919c498aa9ed65b1665bb9ae - - default default] 10.0.0.89 "GET /v2.0/security-groups?tenant_id=b7f1146137124f16a8b1ae3f2c72b217&name=default HTTP/1.1" status: 200 len: 2996 time: 0.5683327
2026-05-12 07:03:19.830 9 INFO neutron.wsgi [None req-1e3e4145-6dd1-4e38-b628-ad9148e87e1c 72c7586ff56245af82ff4e6e186630ba 874fd224bfdf48d786280c6117fa9003 - - default default] 10.0.0.89 "GET /v2.0/ports?device_id=ec82ccb9-5a1f-48c5-952d-b023503c6ceb HTTP/1.1" status: 200 len: 1140 time: 0.1568384
2026-05-12 07:03:19.851 10 INFO neutron.wsgi [req-e3895e25-38f8-47cb-b5e1-1cbca199d0b1 req-ad569048-2929-4c6d-af22-5d56abfcf2a8 d3fa70e53996485eba00e25a42b5c5d1 23308ce9bcdb4e4bb4cef923d0479c03 - - default default] 10.0.0.82 "GET /v2.0/ports?device_id=c35a2ce8-174c-4e93-94d7-bb7a5e5f1afd HTTP/1.1" status: 200 len: 1170 time: 0.0746949
2026-05-12 07:03:19.888 10 INFO neutron.db.ovn_revision_numbers_db [None req-efd5b598-4b65-4817-a69f-d2ce11e1c78a d36b98a16af44463a01e9ed50f660b5a aeae44ff286d4d4096afc3511d6a7964 - - default default] Successfully bumped revision number for resource 492a68da-e99b-409d-9099-e818fb36cf31 (type: floatingips) to 2
2026-05-12 07:03:19.932 10 INFO neutron.wsgi [None req-efd5b598-4b65-4817-a69f-d2ce11e1c78a d36b98a16af44463a01e9ed50f660b5a aeae44ff286d4d4096afc3511d6a7964 - - default default] 10.0.0.89 "PUT /v2.0/floatingips/492a68da-e99b-409d-9099-e818fb36cf31 HTTP/1.1" status: 200 len: 1050 time: 1.2995157
2026-05-12 07:03:19.946 10 INFO neutron.wsgi [req-e3895e25-38f8-47cb-b5e1-1cbca199d0b1 req-dbf81d71-e9d4-4cb5-a85f-dfa48304cf1c d3fa70e53996485eba00e25a42b5c5d1 23308ce9bcdb4e4bb4cef923d0479c03 - - default default] 10.0.0.82 "GET /v2.0/security-groups?id=b7fa61bc-8b84-4f13-9e3f-76cea022c94d&fields=id&fields=name HTTP/1.1" status: 200 len: 312 time: 0.0843542
2026-05-12 07:03:20.009 10 INFO neutron.notifiers.nova [-] Nova event matching ['req-14a6d849-c1c8-47cb-9f3c-6c605da0bf93'] response: {'name': 'network-changed', 'server_uuid': '057fa315-2883-444d-a8e9-9376b4c14667', 'tag': '17f489fe-739d-4a85-846a-11e126cb03d0', 'status': 'completed', 'code': 200}
2026-05-12 07:03:20.068 10 INFO neutron.wsgi [req-cc3dd888-a7b9-4135-9238-ed43b5474fd8 req-187b424c-69ed-49f0-9f5f-4c0292fc8ecb d36b98a16af44463a01e9ed50f660b5a aeae44ff286d4d4096afc3511d6a7964 - - default default] 10.0.0.82 "GET /v2.0/ports?device_id=057fa315-2883-444d-a8e9-9376b4c14667 HTTP/1.1" status: 200 len: 1174 time: 0.0550256
2026-05-12 07:03:20.171 10 INFO neutron.wsgi [req-cc3dd888-a7b9-4135-9238-ed43b5474fd8 req-2b4e0690-75f6-4455-8346-5994f27b49ae d36b98a16af44463a01e9ed50f660b5a aeae44ff286d4d4096afc3511d6a7964 - - default default] 10.0.0.82 "GET /v2.0/security-groups?id=af45f99b-f5f8-4ce4-b9eb-a5544022f8e6&fields=id&fields=name HTTP/1.1" status: 200 len: 312 time: 0.0977674
2026-05-12 07:03:20.237 9 INFO neutron.wsgi [req-8b09d1be-f3a9-4379-97e2-32363ade49fd req-6ba23dfe-f0bc-4431-89bc-8646e48c487f 806c7a253260400084d39b4cf2a07e2d 1266992b5c684cfeaa0eaba140cec78c - - b774e3be6e02478d8b9c718970e08311 b774e3be6e02478d8b9c718970e08311] 199.204.45.156 "GET /v2.0/ports?tenant_id=aeae44ff286d4d4096afc3511d6a7964&device_id=057fa315-2883-444d-a8e9-9376b4c14667 HTTP/1.1" status: 200 len: 1413 time: 0.0693147
2026-05-12 07:03:20.281 10 INFO neutron.db.ovn_revision_numbers_db [None req-8b869861-29db-44a4-9696-bae518868819 - - - - - -] Successfully bumped revision number for resource 73ea9320-bb4a-4750-b231-16b98052d7a4 (type: ports) to 5
2026-05-12 07:03:20.299 10 WARNING neutron.plugins.ml2.drivers.ovn.mech_driver.ovsdb.ovn_client [None req-8b869861-29db-44a4-9696-bae518868819 - - - - - -] Logical_Switch_Port %s host information not removed, the port state is up
2026-05-12 07:03:20.300 10 INFO neutron.plugins.ml2.drivers.ovn.mech_driver.mech_driver [None req-8b869861-29db-44a4-9696-bae518868819 - - - - - -] OVN reports status up for port: 73ea9320-bb4a-4750-b231-16b98052d7a4
2026-05-12 07:03:20.322 10 INFO neutron.plugins.ml2.plugin [None req-8b869861-29db-44a4-9696-bae518868819 - - - - - -] Attempt 1 to provision port 73ea9320-bb4a-4750-b231-16b98052d7a4
2026-05-12 07:03:20.371 9 INFO neutron.wsgi [req-8b09d1be-f3a9-4379-97e2-32363ade49fd req-f0990486-ef6f-44aa-931f-782bc0bb6439 806c7a253260400084d39b4cf2a07e2d 1266992b5c684cfeaa0eaba140cec78c - - b774e3be6e02478d8b9c718970e08311 b774e3be6e02478d8b9c718970e08311] 199.204.45.156 "GET /v2.0/networks?id=c19df5b5-e28d-4385-ae6c-c4a9fac70b9e HTTP/1.1" status: 200 len: 978 time: 0.1229067
