2026-05-12 06:43:47.052 9 INFO neutron.wsgi [None req-6b3556ff-a1b4-444f-8e91-481b99940ef5 fd6baac89f954a33bae9dc16520b6682 4ea77dfc919c498aa9ed65b1665bb9ae - - default default] 199.204.45.156,10.0.0.42 "POST /v2.0/security-group-rules HTTP/1.1" status: 201 len: 750 time: 0.1664011
2026-05-12 06:43:51.747 9 INFO neutron.wsgi [-] 10.0.0.42 "GET / HTTP/1.1" status: 200 len: 247 time: 0.0023296
2026-05-12 06:43:51.748 10 INFO neutron.wsgi [-] 10.0.0.42 "GET / HTTP/1.1" status: 200 len: 247 time: 0.0018945
2026-05-12 06:44:06.746 9 INFO neutron.wsgi [-] 10.0.0.42 "GET / HTTP/1.1" status: 200 len: 247 time: 0.0025349
2026-05-12 06:44:06.748 10 INFO neutron.wsgi [-] 10.0.0.42 "GET / HTTP/1.1" status: 200 len: 247 time: 0.0039597
2026-05-12 06:44:21.745 9 INFO neutron.wsgi [-] 10.0.0.42 "GET / HTTP/1.1" status: 200 len: 247 time: 0.0013771
2026-05-12 06:44:21.746 10 INFO neutron.wsgi [-] 10.0.0.42 "GET / HTTP/1.1" status: 200 len: 247 time: 0.0024469
2026-05-12 06:44:36.747 10 INFO neutron.wsgi [-] 10.0.0.42 "GET / HTTP/1.1" status: 200 len: 247 time: 0.0030255
2026-05-12 06:44:36.747 9 INFO neutron.wsgi [-] 10.0.0.42 "GET / HTTP/1.1" status: 200 len: 247 time: 0.0036769
2026-05-12 06:44:45.361 15 INFO neutron.db.ovn_revision_numbers_db [None req-736c81c7-8ace-4489-a331-5604f1a911ea - - - - - -] Successfully bumped revision number for resource 955685f0-4462-4682-b886-20f190251403 (type: security_groups) to 5
2026-05-12 06:44:45.361 15 INFO neutron.plugins.ml2.drivers.ovn.mech_driver.ovsdb.maintenance [None req-736c81c7-8ace-4489-a331-5604f1a911ea - - - - - -] Maintenance task: Synchronization finished (took 0.06 seconds)
2026-05-12 06:44:51.747 10 INFO neutron.wsgi [-] 10.0.0.42 "GET / HTTP/1.1" status: 200 len: 247 time: 0.0025036
2026-05-12 06:44:51.747 9 INFO neutron.wsgi [-] 10.0.0.42 "GET / HTTP/1.1" status: 200 len: 247 time: 0.0030639
2026-05-12 06:45:06.745 9 INFO neutron.wsgi [-] 10.0.0.42 "GET / HTTP/1.1" status: 200 len: 247 time: 0.0018280
2026-05-12 06:45:06.746 10 INFO neutron.wsgi [-] 10.0.0.42 "GET / HTTP/1.1" status: 200 len: 247 time: 0.0020134
2026-05-12 06:45:21.748 10 INFO neutron.wsgi [-] 10.0.0.42 "GET / HTTP/1.1" status: 200 len: 247 time: 0.0035813
2026-05-12 06:45:21.749 9 INFO neutron.wsgi [-] 10.0.0.42 "GET / HTTP/1.1" status: 200 len: 247 time: 0.0044804
2026-05-12 06:45:36.746 9 INFO neutron.wsgi [-] 10.0.0.42 "GET / HTTP/1.1" status: 200 len: 247 time: 0.0023215
2026-05-12 06:45:36.749 9 INFO neutron.wsgi [-] 10.0.0.42 "GET / HTTP/1.1" status: 200 len: 247 time: 0.0015960
2026-05-12 06:45:51.747 9 INFO neutron.wsgi [-] 10.0.0.42 "GET / HTTP/1.1" status: 200 len: 247 time: 0.0033982
2026-05-12 06:45:51.751 9 INFO neutron.wsgi [-] 10.0.0.42 "GET / HTTP/1.1" status: 200 len: 247 time: 0.0026369 /var/lib/openstack/lib/python3.10/site-packages/pycadf/identifier.py:71: UserWarning: Invalid uuid: neutron. To ensure interoperability, identifiers should be a valid uuid. warnings.warn(('Invalid uuid: %s. To ensure interoperability, '
2026-05-12 06:46:04.713 9 INFO neutron.wsgi [None req-976a8bf3-0d1e-4f69-bd6f-0d7642b4dd73 7491a5ee9cd34713824909b60587435c 1266992b5c684cfeaa0eaba140cec78c - - b774e3be6e02478d8b9c718970e08311 b774e3be6e02478d8b9c718970e08311] 199.204.45.156 "GET /v2.0/networks?tenant_id=1266992b5c684cfeaa0eaba140cec78c&shared=False HTTP/1.1" status: 200 len: 213 time: 0.1770139
2026-05-12 06:46:04.819 9 INFO neutron.db.segments_db [None req-def530e7-aa41-4c97-9d39-efbf7da796d2 7491a5ee9cd34713824909b60587435c 1266992b5c684cfeaa0eaba140cec78c - - b774e3be6e02478d8b9c718970e08311 b774e3be6e02478d8b9c718970e08311] Added segment 02e82e43-33b2-4d63-a5f9-c721301163a0 of type geneve for network 99dc2068-8d48-4629-966b-b9de53ffc407
2026-05-12 06:46:05.023 9 INFO neutron.db.ovn_revision_numbers_db [None req-def530e7-aa41-4c97-9d39-efbf7da796d2 7491a5ee9cd34713824909b60587435c 1266992b5c684cfeaa0eaba140cec78c - - b774e3be6e02478d8b9c718970e08311 b774e3be6e02478d8b9c718970e08311] Successfully bumped revision number for resource 99dc2068-8d48-4629-966b-b9de53ffc407 (type: networks) to 1
2026-05-12 06:46:05.284 9 WARNING neutron.scheduler.dhcp_agent_scheduler [None req-def530e7-aa41-4c97-9d39-efbf7da796d2 7491a5ee9cd34713824909b60587435c 1266992b5c684cfeaa0eaba140cec78c - - b774e3be6e02478d8b9c718970e08311 b774e3be6e02478d8b9c718970e08311] No more DHCP agents
2026-05-12 06:46:05.286 9 WARNING neutron.api.rpc.agentnotifiers.dhcp_rpc_agent_api [None req-def530e7-aa41-4c97-9d39-efbf7da796d2 7491a5ee9cd34713824909b60587435c 1266992b5c684cfeaa0eaba140cec78c - - b774e3be6e02478d8b9c718970e08311 b774e3be6e02478d8b9c718970e08311] Unable to schedule network 99dc2068-8d48-4629-966b-b9de53ffc407: no agents available; will retry on subsequent port and subnet creation events.
2026-05-12 06:46:05.391 9 INFO neutron.db.ovn_revision_numbers_db [None req-def530e7-aa41-4c97-9d39-efbf7da796d2 7491a5ee9cd34713824909b60587435c 1266992b5c684cfeaa0eaba140cec78c - - b774e3be6e02478d8b9c718970e08311 b774e3be6e02478d8b9c718970e08311] Successfully bumped revision number for resource cd02fedc-3b9b-4f11-91a2-62af1ac8220f (type: ports) to 1
2026-05-12 06:46:05.413 9 INFO neutron.wsgi [None req-def530e7-aa41-4c97-9d39-efbf7da796d2 7491a5ee9cd34713824909b60587435c 1266992b5c684cfeaa0eaba140cec78c - - b774e3be6e02478d8b9c718970e08311 b774e3be6e02478d8b9c718970e08311] 199.204.45.156 "POST /v2.0/networks HTTP/1.1" status: 201 len: 925 time: 0.6931150
2026-05-12 06:46:05.457 9 INFO neutron.wsgi [None req-ada53151-fda8-4dc9-bf0d-18428f06281e 7491a5ee9cd34713824909b60587435c 1266992b5c684cfeaa0eaba140cec78c - - b774e3be6e02478d8b9c718970e08311 b774e3be6e02478d8b9c718970e08311] 199.204.45.156 "GET /v2.0/ports?device_id=manila-share&binding%3Ahost_id=instance HTTP/1.1" status: 200 len: 210 time: 0.0340068
2026-05-12 06:46:05.475 9 INFO neutron.wsgi [None req-3cdb7d19-5e57-4da5-9595-ac31e5226360 7491a5ee9cd34713824909b60587435c 1266992b5c684cfeaa0eaba140cec78c - - b774e3be6e02478d8b9c718970e08311 b774e3be6e02478d8b9c718970e08311] 199.204.45.156 "GET /v2.0/extensions HTTP/1.1" status: 200 len: 16525 time: 0.0089014
2026-05-12 06:46:05.692 9 WARNING neutron.scheduler.dhcp_agent_scheduler [None req-c8d0f77d-3186-4595-84b7-b6c924f8fdbe 7491a5ee9cd34713824909b60587435c 1266992b5c684cfeaa0eaba140cec78c - - b774e3be6e02478d8b9c718970e08311 b774e3be6e02478d8b9c718970e08311] No more DHCP agents
2026-05-12 06:46:05.694 9 WARNING neutron.api.rpc.agentnotifiers.dhcp_rpc_agent_api [None req-c8d0f77d-3186-4595-84b7-b6c924f8fdbe 7491a5ee9cd34713824909b60587435c 1266992b5c684cfeaa0eaba140cec78c - - b774e3be6e02478d8b9c718970e08311 b774e3be6e02478d8b9c718970e08311] Unable to schedule network 99dc2068-8d48-4629-966b-b9de53ffc407: no agents available; will retry on subsequent port and subnet creation events.
2026-05-12 06:46:05.778 9 INFO neutron.db.ovn_revision_numbers_db [None req-c8d0f77d-3186-4595-84b7-b6c924f8fdbe 7491a5ee9cd34713824909b60587435c 1266992b5c684cfeaa0eaba140cec78c - - b774e3be6e02478d8b9c718970e08311 b774e3be6e02478d8b9c718970e08311] Successfully bumped revision number for resource d06e20d5-61f7-4c69-979f-1549e0ae71b4 (type: ports) to 1
2026-05-12 06:46:05.961 9 INFO neutron.db.ovn_revision_numbers_db [None req-c8d0f77d-3186-4595-84b7-b6c924f8fdbe 7491a5ee9cd34713824909b60587435c 1266992b5c684cfeaa0eaba140cec78c - - b774e3be6e02478d8b9c718970e08311 b774e3be6e02478d8b9c718970e08311] Successfully bumped revision number for resource d06e20d5-61f7-4c69-979f-1549e0ae71b4 (type: ports) to 1
2026-05-12 06:46:05.990 9 INFO neutron.wsgi [None req-c8d0f77d-3186-4595-84b7-b6c924f8fdbe 7491a5ee9cd34713824909b60587435c 1266992b5c684cfeaa0eaba140cec78c - - b774e3be6e02478d8b9c718970e08311 b774e3be6e02478d8b9c718970e08311] 199.204.45.156 "POST /v2.0/ports HTTP/1.1" status: 201 len: 1144 time: 0.5066788
2026-05-12 06:46:06.048 9 INFO neutron.wsgi [None req-fc6ac527-5ad6-46c5-94cf-7861dadf4294 7491a5ee9cd34713824909b60587435c 1266992b5c684cfeaa0eaba140cec78c - - b774e3be6e02478d8b9c718970e08311 b774e3be6e02478d8b9c718970e08311] 199.204.45.156 "GET /v2.0/networks/99dc2068-8d48-4629-966b-b9de53ffc407 HTTP/1.1" status: 200 len: 907 time: 0.0497055
2026-05-12 06:46:06.746 10 INFO neutron.wsgi [-] 10.0.0.42 "GET / HTTP/1.1" status: 200 len: 247 time: 0.0018783
2026-05-12 06:46:06.748 10 INFO neutron.wsgi [-] 10.0.0.42 "GET / HTTP/1.1" status: 200 len: 247 time: 0.0011203
2026-05-12 06:46:06.960 10 INFO neutron.plugins.ml2.drivers.ovn.mech_driver.mech_driver [-] OVN reports status up for port: d06e20d5-61f7-4c69-979f-1549e0ae71b4
2026-05-12 06:46:06.974 10 INFO neutron.plugins.ml2.plugin [None req-8b869861-29db-44a4-9696-bae518868819 - - - - - -] Attempt 1 to provision port d06e20d5-61f7-4c69-979f-1549e0ae71b4
2026-05-12 06:46:07.317 10 INFO neutron.db.ovn_revision_numbers_db [None req-8b869861-29db-44a4-9696-bae518868819 - - - - - -] Successfully bumped revision number for resource d06e20d5-61f7-4c69-979f-1549e0ae71b4 (type: ports) to 3
2026-05-12 06:46:08.726 9 INFO neutron.wsgi [None req-bed3d48a-78ae-4110-aad2-29b1b210decb 7491a5ee9cd34713824909b60587435c 1266992b5c684cfeaa0eaba140cec78c - - b774e3be6e02478d8b9c718970e08311 b774e3be6e02478d8b9c718970e08311] 199.204.45.156 "GET /v2.0/ports?device_id=manila-share&binding%3Ahost_id=instance HTTP/1.1" status: 200 len: 1172 time: 0.0450354
2026-05-12 06:46:08.787 9 INFO neutron.wsgi [None req-18284fef-e3be-441f-a44e-e3dd15923c68 7491a5ee9cd34713824909b60587435c 1266992b5c684cfeaa0eaba140cec78c - - b774e3be6e02478d8b9c718970e08311 b774e3be6e02478d8b9c718970e08311] 199.204.45.156 "GET /v2.0/networks/99dc2068-8d48-4629-966b-b9de53ffc407 HTTP/1.1" status: 200 len: 907 time: 0.0530977
2026-05-12 06:46:19.363 9 INFO neutron.wsgi [None req-69a126cb-926a-4989-8121-646ebe44aaab fd6baac89f954a33bae9dc16520b6682 4ea77dfc919c498aa9ed65b1665bb9ae - - default default] 199.204.45.156,10.0.0.42 "GET /v2.0/quotas/1266992b5c684cfeaa0eaba140cec78c HTTP/1.1" status: 200 len: 362 time: 0.0105665 /var/lib/openstack/lib/python3.10/site-packages/neutron/extensions/quotasv2.py:140: UserWarning: Neutron quota engine will require "--force" parameter to set a quota limit without checking the resource usage. warnings.warn('Neutron quota engine will require "--force" '
2026-05-12 06:46:19.907 9 INFO neutron.wsgi [None req-4d878b28-d4b1-49b0-82b8-6593b1cbcdb3 fd6baac89f954a33bae9dc16520b6682 4ea77dfc919c498aa9ed65b1665bb9ae - - default default] 199.204.45.156,10.0.0.42 "PUT /v2.0/quotas/1266992b5c684cfeaa0eaba140cec78c HTTP/1.1" status: 200 len: 361 time: 0.0344055
2026-05-12 06:46:20.259 9 INFO neutron.wsgi [None req-8d71934e-cc8e-4a4d-a19f-210c59ba9a8a fd6baac89f954a33bae9dc16520b6682 4ea77dfc919c498aa9ed65b1665bb9ae - - default default] 199.204.45.156,10.0.0.42 "GET /v2.0/quotas/1266992b5c684cfeaa0eaba140cec78c HTTP/1.1" status: 200 len: 361 time: 0.0129724
2026-05-12 06:46:21.745 10 INFO neutron.wsgi [-] 10.0.0.42 "GET / HTTP/1.1" status: 200 len: 247 time: 0.0014932
2026-05-12 06:46:21.747 9 INFO neutron.wsgi [-] 10.0.0.42 "GET / HTTP/1.1" status: 200 len: 247 time: 0.0032120
2026-05-12 06:46:36.747 9 INFO neutron.wsgi [-] 10.0.0.42 "GET / HTTP/1.1" status: 200 len: 247 time: 0.0025215
2026-05-12 06:46:36.747 10 INFO neutron.wsgi [-] 10.0.0.42 "GET / HTTP/1.1" status: 200 len: 247 time: 0.0025518
2026-05-12 06:46:51.747 10 INFO neutron.wsgi [-] 10.0.0.42 "GET / HTTP/1.1" status: 200 len: 247 time: 0.0023139
2026-05-12 06:46:51.750 9 INFO neutron.wsgi [-] 10.0.0.42 "GET / HTTP/1.1" status: 200 len: 247 time: 0.0051517
2026-05-12 06:47:06.747 10 INFO neutron.wsgi [-] 10.0.0.42 "GET / HTTP/1.1" status: 200 len: 247 time: 0.0026915
2026-05-12 06:47:06.749 10 INFO neutron.wsgi [-] 10.0.0.42 "GET / HTTP/1.1" status: 200 len: 247 time: 0.0015812
2026-05-12 06:47:09.056 9 INFO neutron.wsgi [None req-c670193b-b6d0-43d0-846a-9cc8d8d49cc8 fd6baac89f954a33bae9dc16520b6682 4ea77dfc919c498aa9ed65b1665bb9ae - - default default] 10.0.0.74 "GET /v2.0/networks HTTP/1.1" status: 200 len: 2350 time: 0.1685092
2026-05-12 06:47:09.140 9 INFO neutron.wsgi [None req-3131eaa4-fe29-455e-be86-f4f06b084bd9 fd6baac89f954a33bae9dc16520b6682 4ea77dfc919c498aa9ed65b1665bb9ae - - default default] 10.0.0.74 "GET /v2.0/ports HTTP/1.1" status: 200 len: 5347 time: 0.0586300
2026-05-12 06:47:09.176 9 INFO neutron.wsgi [None req-5320e956-bded-4c0b-b2f9-d6c3559f2662 fd6baac89f954a33bae9dc16520b6682 4ea77dfc919c498aa9ed65b1665bb9ae - - default default] 10.0.0.74 "GET /v2.0/agents HTTP/1.1" status: 200 len: 997 time: 0.0321693
2026-05-12 06:47:09.216 9 INFO neutron.wsgi [None req-f7c52122-3643-4bb0-ae78-81870a78ff02 fd6baac89f954a33bae9dc16520b6682 4ea77dfc919c498aa9ed65b1665bb9ae - - default default] 10.0.0.74 "GET /v2.0/floatingips HTTP/1.1" status: 200 len: 193 time: 0.0372038
2026-05-12 06:47:09.258 9 INFO neutron.wsgi [None req-8b32f760-e548-4fd6-8b56-308cb967f464 fd6baac89f954a33bae9dc16520b6682 4ea77dfc919c498aa9ed65b1665bb9ae - - default default] 10.0.0.74 "GET /v2.0/routers HTTP/1.1" status: 200 len: 189 time: 0.0412323
2026-05-12 06:47:09.302 9 INFO neutron.wsgi [None req-06160f56-17fa-4786-b722-06c8982cc2fa fd6baac89f954a33bae9dc16520b6682 4ea77dfc919c498aa9ed65b1665bb9ae - - default default] 10.0.0.74 "GET /v2.0/agents?binary=ovn-controller HTTP/1.1" status: 200 len: 591 time: 0.0433085
2026-05-12 06:47:09.321 9 INFO neutron.wsgi [None req-3e68deca-9fc7-4936-b619-e7e8b9d95312 fd6baac89f954a33bae9dc16520b6682 4ea77dfc919c498aa9ed65b1665bb9ae - - default default] 10.0.0.74 "GET /v2.0/network-ip-availabilities HTTP/1.1" status: 200 len: 1280 time: 0.0182838
2026-05-12 06:47:09.373 9 INFO neutron.wsgi [None req-c8c91848-1fed-4b4b-a718-f561363db9a0 fd6baac89f954a33bae9dc16520b6682 4ea77dfc919c498aa9ed65b1665bb9ae - - default default] 10.0.0.74 "GET /v2.0/subnets HTTP/1.1" status: 200 len: 1437 time: 0.0506074
2026-05-12 06:47:09.390 9 INFO neutron.wsgi [None req-3d581c98-a78c-4efb-9440-1fb0df9a929c fd6baac89f954a33bae9dc16520b6682 4ea77dfc919c498aa9ed65b1665bb9ae - - default default] 10.0.0.74 "GET /v2.0/subnetpools HTTP/1.1" status: 200 len: 193 time: 0.0153949
2026-05-12 06:47:09.440 9 INFO neutron.wsgi [None req-500e315f-5c4a-43fc-b186-905b90d88a2b fd6baac89f954a33bae9dc16520b6682 4ea77dfc919c498aa9ed65b1665bb9ae - - default default] 10.0.0.74 "GET /v2.0/security-groups HTTP/1.1" status: 200 len: 16799 time: 0.0475900
2026-05-12 06:47:09.492 9 INFO neutron.wsgi [None req-5f5863f9-37bc-4b56-a9ba-0ff7f6763b79 fd6baac89f954a33bae9dc16520b6682 4ea77dfc919c498aa9ed65b1665bb9ae - - default default] 10.0.0.74 "GET /v2.0/subnets HTTP/1.1" status: 200 len: 1437 time: 0.0443630
2026-05-12 06:47:21.746 10 INFO neutron.wsgi [-] 10.0.0.42 "GET / HTTP/1.1" status: 200 len: 247 time: 0.0019362
2026-05-12 06:47:21.747 9 INFO neutron.wsgi [-] 10.0.0.42 "GET / HTTP/1.1" status: 200 len: 247 time: 0.0027063
2026-05-12 06:47:36.748 10 INFO neutron.wsgi [-] 10.0.0.42 "GET / HTTP/1.1" status: 200 len: 247 time: 0.0029933
2026-05-12 06:47:36.752 10 INFO neutron.wsgi [-] 10.0.0.42 "GET / HTTP/1.1" status: 200 len: 247 time: 0.0034206
2026-05-12 06:47:51.746 9 INFO neutron.wsgi [-] 10.0.0.42 "GET / HTTP/1.1" status: 200 len: 247 time: 0.0027678
2026-05-12 06:47:51.746 10 INFO neutron.wsgi [-] 10.0.0.42 "GET / HTTP/1.1" status: 200 len: 247 time: 0.0030222
2026-05-12 06:48:06.746 10 INFO neutron.wsgi [-] 10.0.0.42 "GET / HTTP/1.1" status: 200 len: 247 time: 0.0023611
2026-05-12 06:48:06.748 9 INFO neutron.wsgi [-] 10.0.0.42 "GET / HTTP/1.1" status: 200 len: 247 time: 0.0034792
2026-05-12 06:48:08.947 9 INFO neutron.wsgi [None req-bfd42279-4675-47cb-b4cb-c3148400e8b4 fd6baac89f954a33bae9dc16520b6682 4ea77dfc919c498aa9ed65b1665bb9ae - - default default] 10.0.0.74 "GET /v2.0/routers HTTP/1.1" status: 200 len: 189 time: 0.0837209
2026-05-12 06:48:08.978 9 INFO neutron.wsgi [None req-fb83cd1e-6420-42dd-a0b5-f03e35b8d991 fd6baac89f954a33bae9dc16520b6682 4ea77dfc919c498aa9ed65b1665bb9ae - - default default] 10.0.0.74 "GET /v2.0/agents?binary=ovn-controller HTTP/1.1" status: 200 len: 591 time: 0.0299377
2026-05-12 06:48:08.996 9 INFO neutron.wsgi [None req-db79cda7-6d79-4f22-a5ab-d30517dfb409 fd6baac89f954a33bae9dc16520b6682 4ea77dfc919c498aa9ed65b1665bb9ae - - default default] 10.0.0.74 "GET /v2.0/network-ip-availabilities HTTP/1.1" status: 200 len: 1280 time: 0.0150869
2026-05-12 06:48:09.164 9 INFO neutron.wsgi [None req-24bda35d-c0b8-4be7-b5cb-156b4048a054 fd6baac89f954a33bae9dc16520b6682 4ea77dfc919c498aa9ed65b1665bb9ae - - default default] 10.0.0.74 "GET /v2.0/networks HTTP/1.1" status: 200 len: 2350 time: 0.1669140
2026-05-12 06:48:09.201 9 INFO neutron.wsgi [None req-9987dff9-2d8d-4d0f-8813-baa279cc3591 fd6baac89f954a33bae9dc16520b6682 4ea77dfc919c498aa9ed65b1665bb9ae - - default default] 10.0.0.74 "GET /v2.0/ports HTTP/1.1" status: 200 len: 5347 time: 0.0319836
2026-05-12 06:48:09.239 9 INFO neutron.wsgi [None req-26b27e9e-bf0a-44c0-a7a2-91f97a0579a6 fd6baac89f954a33bae9dc16520b6682 4ea77dfc919c498aa9ed65b1665bb9ae - - default default] 10.0.0.74 "GET /v2.0/subnets HTTP/1.1" status: 200 len: 1437 time: 0.0339365
2026-05-12 06:48:09.250 9 INFO neutron.wsgi [None req-c331bdc0-fc0e-4aa7-ad33-11a4f68082c6 fd6baac89f954a33bae9dc16520b6682 4ea77dfc919c498aa9ed65b1665bb9ae - - default default] 10.0.0.74 "GET /v2.0/subnetpools HTTP/1.1" status: 200 len: 193 time: 0.0089004
2026-05-12 06:48:09.272 9 INFO neutron.wsgi [None req-b64639f7-36cf-4ec8-bd86-1ef9a0530d9b fd6baac89f954a33bae9dc16520b6682 4ea77dfc919c498aa9ed65b1665bb9ae - - default default] 10.0.0.74 "GET /v2.0/floatingips HTTP/1.1" status: 200 len: 193 time: 0.0212493
2026-05-12 06:48:09.309 9 INFO neutron.wsgi [None req-f3ade66c-edf0-4d2d-8425-20b95c7a7213 fd6baac89f954a33bae9dc16520b6682 4ea77dfc919c498aa9ed65b1665bb9ae - - default default] 10.0.0.74 "GET /v2.0/subnets HTTP/1.1" status: 200 len: 1437 time: 0.0365005
2026-05-12 06:48:09.329 9 INFO neutron.wsgi [None req-66b78430-d8c3-45cd-b293-f374ce9ef8b6 fd6baac89f954a33bae9dc16520b6682 4ea77dfc919c498aa9ed65b1665bb9ae - - default default] 10.0.0.74 "GET /v2.0/agents HTTP/1.1" status: 200 len: 997 time: 0.0180349
2026-05-12 06:48:09.393 9 INFO neutron.wsgi [None req-b246925d-73ae-410b-99ca-08bd4d30154b fd6baac89f954a33bae9dc16520b6682 4ea77dfc919c498aa9ed65b1665bb9ae - - default default] 10.0.0.74 "GET /v2.0/security-groups HTTP/1.1" status: 200 len: 16799 time: 0.0631955
2026-05-12 06:48:21.746 9 INFO neutron.wsgi [-] 10.0.0.42 "GET / HTTP/1.1" status: 200 len: 247 time: 0.0017269
2026-05-12 06:48:21.747 10 INFO neutron.wsgi [-] 10.0.0.42 "GET / HTTP/1.1" status: 200 len: 247 time: 0.0025458
2026-05-12 06:48:36.746 9 INFO neutron.wsgi [-] 10.0.0.42 "GET / HTTP/1.1" status: 200 len: 247 time: 0.0017774
2026-05-12 06:48:36.756 9 INFO neutron.wsgi [-] 10.0.0.42 "GET / HTTP/1.1" status: 200 len: 247 time: 0.0027363
2026-05-12 06:48:51.746 10 INFO neutron.wsgi [-] 10.0.0.42 "GET / HTTP/1.1" status: 200 len: 247 time: 0.0016935
2026-05-12 06:48:51.746 9 INFO neutron.wsgi [-] 10.0.0.42 "GET / HTTP/1.1" status: 200 len: 247 time: 0.0026581
2026-05-12 06:49:06.746 10 INFO neutron.wsgi [-] 10.0.0.42 "GET / HTTP/1.1" status: 200 len: 247 time: 0.0028021
2026-05-12 06:49:06.747 9 INFO neutron.wsgi [-] 10.0.0.42 "GET / HTTP/1.1" status: 200 len: 247 time: 0.0032039
2026-05-12 06:49:08.896 9 INFO neutron.wsgi [None req-17718b72-7e98-404a-9338-720aec3480a2 fd6baac89f954a33bae9dc16520b6682 4ea77dfc919c498aa9ed65b1665bb9ae - - default default] 10.0.0.74 "GET /v2.0/subnets HTTP/1.1" status: 200 len: 1437 time: 0.0714655
2026-05-12 06:49:08.911 9 INFO neutron.wsgi [None req-8295fd6d-8506-4285-8760-ded6554892f6 fd6baac89f954a33bae9dc16520b6682 4ea77dfc919c498aa9ed65b1665bb9ae - - default default] 10.0.0.74 "GET /v2.0/subnetpools HTTP/1.1" status: 200 len: 193 time: 0.0144804
2026-05-12 06:49:08.946 9 INFO neutron.wsgi [None req-8c1a19f4-f0ec-41ad-bd94-92c2e29c7ac4 fd6baac89f954a33bae9dc16520b6682 4ea77dfc919c498aa9ed65b1665bb9ae - - default default] 10.0.0.74 "GET /v2.0/subnets HTTP/1.1" status: 200 len: 1437 time: 0.0334911
2026-05-12 06:49:08.959 9 INFO neutron.wsgi [None req-9d41b564-8f5b-48d7-8d70-f3f0f96c36a5 fd6baac89f954a33bae9dc16520b6682 4ea77dfc919c498aa9ed65b1665bb9ae - - default default] 10.0.0.74 "GET /v2.0/network-ip-availabilities HTTP/1.1" status: 200 len: 1280 time: 0.0107932
2026-05-12 06:49:09.019 9 INFO neutron.wsgi [None req-dd7b5f2b-3738-4be1-8c31-dfb1fd5e8ecb fd6baac89f954a33bae9dc16520b6682 4ea77dfc919c498aa9ed65b1665bb9ae - - default default] 10.0.0.74 "GET /v2.0/networks HTTP/1.1" status: 200 len: 2350 time: 0.0584946
2026-05-12 06:49:09.080 9 INFO neutron.wsgi [None req-ed07282f-87fc-4ce3-bc4d-2044f93411ad fd6baac89f954a33bae9dc16520b6682 4ea77dfc919c498aa9ed65b1665bb9ae - - default default] 10.0.0.74 "GET /v2.0/security-groups HTTP/1.1" status: 200 len: 16799 time: 0.0583615
2026-05-12 06:49:09.123 9 INFO neutron.wsgi [None req-4c9e6459-9865-429e-9123-51655cd43f92 fd6baac89f954a33bae9dc16520b6682 4ea77dfc919c498aa9ed65b1665bb9ae - - default default] 10.0.0.74 "GET /v2.0/ports HTTP/1.1" status: 200 len: 5347 time: 0.0376241
2026-05-12 06:49:09.151 9 INFO neutron.wsgi [None req-f5248788-47d4-4a30-a624-3aba76a36a89 fd6baac89f954a33bae9dc16520b6682 4ea77dfc919c498aa9ed65b1665bb9ae - - default default] 10.0.0.74 "GET /v2.0/routers HTTP/1.1" status: 200 len: 189 time: 0.0235426
2026-05-12 06:49:09.182 9 INFO neutron.wsgi [None req-c303b90c-a747-40f0-8f18-c69806fc7c28 fd6baac89f954a33bae9dc16520b6682 4ea77dfc919c498aa9ed65b1665bb9ae - - default default] 10.0.0.74 "GET /v2.0/agents?binary=ovn-controller HTTP/1.1" status: 200 len: 591 time: 0.0312366
2026-05-12 06:49:09.193 9 INFO neutron.wsgi [None req-8d6dde6c-d220-438c-9a9d-780a5072a190 fd6baac89f954a33bae9dc16520b6682 4ea77dfc919c498aa9ed65b1665bb9ae - - default default] 10.0.0.74 "GET /v2.0/agents HTTP/1.1" status: 200 len: 997 time: 0.0102839
2026-05-12 06:49:09.215 9 INFO neutron.wsgi [None req-8a633d60-e192-4f37-a963-c59b07605f7a fd6baac89f954a33bae9dc16520b6682 4ea77dfc919c498aa9ed65b1665bb9ae - - default default] 10.0.0.74 "GET /v2.0/floatingips HTTP/1.1" status: 200 len: 193 time: 0.0213773
2026-05-12 06:49:21.745 9 INFO neutron.wsgi [-] 10.0.0.42 "GET / HTTP/1.1" status: 200 len: 247 time: 0.0013754
2026-05-12 06:49:21.746 10 INFO neutron.wsgi [-] 10.0.0.42 "GET / HTTP/1.1" status: 200 len: 247 time: 0.0019865
2026-05-12 06:49:36.746 9 INFO neutron.wsgi [-] 10.0.0.42 "GET / HTTP/1.1" status: 200 len: 247 time: 0.0018039
2026-05-12 06:49:36.748 9 INFO neutron.wsgi [-] 10.0.0.42 "GET / HTTP/1.1" status: 200 len: 247 time: 0.0017257
2026-05-12 06:49:51.746 9 INFO neutron.wsgi [-] 10.0.0.42 "GET / HTTP/1.1" status: 200 len: 247 time: 0.0017769
2026-05-12 06:49:51.748 10 INFO neutron.wsgi [-] 10.0.0.42 "GET / HTTP/1.1" status: 200 len: 247 time: 0.0036011
2026-05-12 06:50:06.748 9 INFO neutron.wsgi [-] 10.0.0.42 "GET / HTTP/1.1" status: 200 len: 247 time: 0.0034671
2026-05-12 06:50:06.749 10 INFO neutron.wsgi [-] 10.0.0.42 "GET / HTTP/1.1" status: 200 len: 247 time: 0.0046341
2026-05-12 06:50:08.937 9 INFO neutron.wsgi [None req-8b44a131-aef0-4541-b86d-c2a8f212702c fd6baac89f954a33bae9dc16520b6682 4ea77dfc919c498aa9ed65b1665bb9ae - - default default] 10.0.0.74 "GET /v2.0/security-groups HTTP/1.1" status: 200 len: 16799 time: 0.1057084
2026-05-12 06:50:08.975 9 INFO neutron.wsgi [None req-b0d1d006-c7b9-4369-a7bb-939154c7a9a9 fd6baac89f954a33bae9dc16520b6682 4ea77dfc919c498aa9ed65b1665bb9ae - - default default] 10.0.0.74 "GET /v2.0/subnets HTTP/1.1" status: 200 len: 1437 time: 0.0347216
2026-05-12 06:50:08.984 9 INFO neutron.wsgi [None req-41bd88df-0436-4e32-acb9-67692b2e19f8 fd6baac89f954a33bae9dc16520b6682 4ea77dfc919c498aa9ed65b1665bb9ae - - default default] 10.0.0.74 "GET /v2.0/subnetpools HTTP/1.1" status: 200 len: 193 time: 0.0085967
2026-05-12 06:50:09.025 9 INFO neutron.wsgi [None req-361c8f6a-b804-4a19-be0a-97230d7e0e83 fd6baac89f954a33bae9dc16520b6682 4ea77dfc919c498aa9ed65b1665bb9ae - - default default] 10.0.0.74 "GET /v2.0/agents HTTP/1.1" status: 200 len: 997 time: 0.0392039
2026-05-12 06:50:09.048 9 INFO neutron.wsgi [None req-035ca5c5-4eba-4d84-8e6e-de879461bc47 fd6baac89f954a33bae9dc16520b6682 4ea77dfc919c498aa9ed65b1665bb9ae - - default default] 10.0.0.74 "GET /v2.0/floatingips HTTP/1.1" status: 200 len: 193 time: 0.0219116
2026-05-12 06:50:09.075 9 INFO neutron.wsgi [None req-84f04e13-6b2e-4315-9eb7-c1e902f88db1 fd6baac89f954a33bae9dc16520b6682 4ea77dfc919c498aa9ed65b1665bb9ae - - default default] 10.0.0.74 "GET /v2.0/routers HTTP/1.1" status: 200 len: 189 time: 0.0245957
2026-05-12 06:50:09.086 9 INFO neutron.wsgi [None req-0e169136-72f0-4dfe-8879-61f0b0395794 fd6baac89f954a33bae9dc16520b6682 4ea77dfc919c498aa9ed65b1665bb9ae - - default default] 10.0.0.74 "GET /v2.0/agents?binary=ovn-controller HTTP/1.1" status: 200 len: 591 time: 0.0102527
2026-05-12 06:50:09.114 9 INFO neutron.wsgi [None req-69003a98-fc6f-4aa1-813e-2c6c0357e00c fd6baac89f954a33bae9dc16520b6682 4ea77dfc919c498aa9ed65b1665bb9ae - - default default] 10.0.0.74 "GET /v2.0/subnets HTTP/1.1" status: 200 len: 1437 time: 0.0272806
2026-05-12 06:50:09.154 9 INFO neutron.wsgi [None req-9482effc-9598-4c0c-bba6-f8b45fc244f6 fd6baac89f954a33bae9dc16520b6682 4ea77dfc919c498aa9ed65b1665bb9ae - - default default] 10.0.0.74 "GET /v2.0/ports HTTP/1.1" status: 200 len: 5347 time: 0.0382638
2026-05-12 06:50:09.176 9 INFO neutron.wsgi [None req-59886869-7db9-4631-8757-84d87c48bac9 fd6baac89f954a33bae9dc16520b6682 4ea77dfc919c498aa9ed65b1665bb9ae - - default default] 10.0.0.74 "GET /v2.0/network-ip-availabilities HTTP/1.1" status: 200 len: 1280 time: 0.0165281
2026-05-12 06:50:09.244 9 INFO neutron.wsgi [None req-e7232fdf-b4d3-4a38-8388-ae9cf29be4b7 fd6baac89f954a33bae9dc16520b6682 4ea77dfc919c498aa9ed65b1665bb9ae - - default default] 10.0.0.74 "GET /v2.0/networks HTTP/1.1" status: 200 len: 2350 time: 0.0665612
2026-05-12 06:50:21.748 10 INFO neutron.wsgi [-] 10.0.0.42 "GET / HTTP/1.1" status: 200 len: 247 time: 0.0027180
2026-05-12 06:50:21.751 10 INFO neutron.wsgi [-] 10.0.0.42 "GET / HTTP/1.1" status: 200 len: 247 time: 0.0020425
2026-05-12 06:50:36.745 9 INFO neutron.wsgi [-] 10.0.0.42 "GET / HTTP/1.1" status: 200 len: 247 time: 0.0018232
2026-05-12 06:50:36.746 10 INFO neutron.wsgi [-] 10.0.0.42 "GET / HTTP/1.1" status: 200 len: 247 time: 0.0024924
2026-05-12 06:50:51.746 10 INFO neutron.wsgi [-] 10.0.0.42 "GET / HTTP/1.1" status: 200 len: 247 time: 0.0017877
2026-05-12 06:50:51.750 10 INFO neutron.wsgi [-] 10.0.0.42 "GET / HTTP/1.1" status: 200 len: 247 time: 0.0026927
2026-05-12 06:51:06.747 10 INFO neutron.wsgi [-] 10.0.0.42 "GET / HTTP/1.1" status: 200 len: 247 time: 0.0030651
2026-05-12 06:51:06.748 10 INFO neutron.wsgi [-] 10.0.0.42 "GET / HTTP/1.1" status: 200 len: 247 time: 0.0012431
2026-05-12 06:51:08.950 9 INFO neutron.wsgi [None req-7104b484-8b66-482d-90b7-532bb2912e09 fd6baac89f954a33bae9dc16520b6682 4ea77dfc919c498aa9ed65b1665bb9ae - - default default] 10.0.0.74 "GET /v2.0/floatingips HTTP/1.1" status: 200 len: 193 time: 0.0698361
2026-05-12 06:51:08.984 9 INFO neutron.wsgi [None req-a362f775-5dcc-4ab2-a98f-5e8be10190b6 fd6baac89f954a33bae9dc16520b6682 4ea77dfc919c498aa9ed65b1665bb9ae - - default default] 10.0.0.74 "GET /v2.0/subnets HTTP/1.1" status: 200 len: 1437 time: 0.0328114
2026-05-12 06:51:08.996 9 INFO neutron.wsgi [None req-146aa8ef-128a-43ba-9a4e-089002a59ccd fd6baac89f954a33bae9dc16520b6682 4ea77dfc919c498aa9ed65b1665bb9ae - - default default] 10.0.0.74 "GET /v2.0/subnetpools HTTP/1.1" status: 200 len: 193 time: 0.0097201
2026-05-12 06:51:09.031 9 INFO neutron.wsgi [None req-a29d15af-1445-4acc-9f19-46616823c933 fd6baac89f954a33bae9dc16520b6682 4ea77dfc919c498aa9ed65b1665bb9ae - - default default] 10.0.0.74 "GET /v2.0/agents HTTP/1.1" status: 200 len: 997 time: 0.0339494
2026-05-12 06:51:09.045 9 INFO neutron.wsgi [None req-4879754a-078f-483b-a7d8-56b665a418eb fd6baac89f954a33bae9dc16520b6682 4ea77dfc919c498aa9ed65b1665bb9ae - - default default] 10.0.0.74 "GET /v2.0/network-ip-availabilities HTTP/1.1" status: 200 len: 1280 time: 0.0131996
2026-05-12 06:51:09.071 9 INFO neutron.wsgi [None req-ff958cb9-175a-47e8-97cc-12a047f9314a fd6baac89f954a33bae9dc16520b6682 4ea77dfc919c498aa9ed65b1665bb9ae - - default default] 10.0.0.74 "GET /v2.0/routers HTTP/1.1" status: 200 len: 189 time: 0.0248213
2026-05-12 06:51:09.085 9 INFO neutron.wsgi [None req-a0578afc-32d9-4b8c-ab5c-543d6e91b619 fd6baac89f954a33bae9dc16520b6682 4ea77dfc919c498aa9ed65b1665bb9ae - - default default] 10.0.0.74 "GET /v2.0/agents?binary=ovn-controller HTTP/1.1" status: 200 len: 591 time: 0.0131388
2026-05-12 06:51:09.154 9 INFO neutron.wsgi [None req-e36112c4-c893-4cd1-b126-7fd9a34f1a89 fd6baac89f954a33bae9dc16520b6682 4ea77dfc919c498aa9ed65b1665bb9ae - - default default] 10.0.0.74 "GET /v2.0/security-groups HTTP/1.1" status: 200 len: 16799 time: 0.0683074
2026-05-12 06:51:09.202 9 INFO neutron.wsgi [None req-b2c0a6f6-44c2-4be4-86f7-8860c27eff8a fd6baac89f954a33bae9dc16520b6682 4ea77dfc919c498aa9ed65b1665bb9ae - - default default] 10.0.0.74 "GET /v2.0/subnets HTTP/1.1" status: 200 len: 1437 time: 0.0388556
2026-05-12 06:51:09.289 9 INFO neutron.wsgi [None req-fcc9a825-3033-4090-8430-054d0e999a4a fd6baac89f954a33bae9dc16520b6682 4ea77dfc919c498aa9ed65b1665bb9ae - - default default] 10.0.0.74 "GET /v2.0/networks HTTP/1.1" status: 200 len: 2350 time: 0.0825765
2026-05-12 06:51:09.332 9 INFO neutron.wsgi [None req-eea40f40-21e3-42a1-b9e0-51c4576f8393 fd6baac89f954a33bae9dc16520b6682 4ea77dfc919c498aa9ed65b1665bb9ae - - default default] 10.0.0.74 "GET /v2.0/ports HTTP/1.1" status: 200 len: 5347 time: 0.0396597
2026-05-12 06:51:21.746 9 INFO neutron.wsgi [-] 10.0.0.42 "GET / HTTP/1.1" status: 200 len: 247 time: 0.0021107
2026-05-12 06:51:21.749 10 INFO neutron.wsgi [-] 10.0.0.42 "GET / HTTP/1.1" status: 200 len: 247 time: 0.0040562
2026-05-12 06:51:36.748 9 INFO neutron.wsgi [-] 10.0.0.42 "GET / HTTP/1.1" status: 200 len: 247 time: 0.0034416
2026-05-12 06:51:36.749 10 INFO neutron.wsgi [-] 10.0.0.42 "GET / HTTP/1.1" status: 200 len: 247 time: 0.0050347
2026-05-12 06:51:51.747 10 INFO neutron.wsgi [-] 10.0.0.42 "GET / HTTP/1.1" status: 200 len: 247 time: 0.0028017
2026-05-12 06:51:51.747 9 INFO neutron.wsgi [-] 10.0.0.42 "GET / HTTP/1.1" status: 200 len: 247 time: 0.0027082
2026-05-12 06:52:06.748 9 INFO neutron.wsgi [-] 10.0.0.42 "GET / HTTP/1.1" status: 200 len: 247 time: 0.0038569
2026-05-12 06:52:06.750 10 INFO neutron.wsgi [-] 10.0.0.42 "GET / HTTP/1.1" status: 200 len: 247 time: 0.0061619
2026-05-12 06:52:08.879 9 INFO neutron.wsgi [None req-82aec596-371a-460c-a6b0-d635864035ed fd6baac89f954a33bae9dc16520b6682 4ea77dfc919c498aa9ed65b1665bb9ae - - default default] 10.0.0.74 "GET /v2.0/floatingips HTTP/1.1" status: 200 len: 193 time: 0.0723677
2026-05-12 06:52:08.908 9 INFO neutron.wsgi [None req-1028487f-895d-4571-93e9-201423f0428c fd6baac89f954a33bae9dc16520b6682 4ea77dfc919c498aa9ed65b1665bb9ae - - default default] 10.0.0.74 "GET /v2.0/agents HTTP/1.1" status: 200 len: 997 time: 0.0285923
2026-05-12 06:52:08.928 9 INFO neutron.wsgi [None req-2dc8a8d8-5824-4c43-949e-31d224d459dc fd6baac89f954a33bae9dc16520b6682 4ea77dfc919c498aa9ed65b1665bb9ae - - default default] 10.0.0.74 "GET /v2.0/routers HTTP/1.1" status: 200 len: 189 time: 0.0189574
2026-05-12 06:52:08.938 9 INFO neutron.wsgi [None req-7665a0f1-ece1-4300-9461-3cb8e5f61df0 fd6baac89f954a33bae9dc16520b6682 4ea77dfc919c498aa9ed65b1665bb9ae - - default default] 10.0.0.74 "GET /v2.0/agents?binary=ovn-controller HTTP/1.1" status: 200 len: 591 time: 0.0095518
2026-05-12 06:52:08.949 9 INFO neutron.wsgi [None req-e6111c11-5a30-4fb8-b08f-01ddd40e2e13 fd6baac89f954a33bae9dc16520b6682 4ea77dfc919c498aa9ed65b1665bb9ae - - default default] 10.0.0.74 "GET /v2.0/network-ip-availabilities HTTP/1.1" status: 200 len: 1280 time: 0.0099602
2026-05-12 06:52:08.979 9 INFO neutron.wsgi [None req-f681c11c-e183-462e-96c1-5b8c8fdb34cd fd6baac89f954a33bae9dc16520b6682 4ea77dfc919c498aa9ed65b1665bb9ae - - default default] 10.0.0.74 "GET /v2.0/subnets HTTP/1.1" status: 200 len: 1437 time: 0.0292192
2026-05-12 06:52:08.989 9 INFO neutron.wsgi [None req-f9624e7b-5d0b-48c5-8bab-4c175b49e056 fd6baac89f954a33bae9dc16520b6682 4ea77dfc919c498aa9ed65b1665bb9ae - - default default] 10.0.0.74 "GET /v2.0/subnetpools HTTP/1.1" status: 200 len: 193 time: 0.0087085
2026-05-12 06:52:09.053 9 INFO neutron.wsgi [None req-0fbc1749-173e-4e53-8d0c-d9139237a64b fd6baac89f954a33bae9dc16520b6682 4ea77dfc919c498aa9ed65b1665bb9ae - - default default] 10.0.0.74 "GET /v2.0/networks HTTP/1.1" status: 200 len: 2350 time: 0.0631692
2026-05-12 06:52:09.095 9 INFO neutron.wsgi [None req-fa519760-5066-4ce6-afb1-29f5c056bff8 fd6baac89f954a33bae9dc16520b6682 4ea77dfc919c498aa9ed65b1665bb9ae - - default default] 10.0.0.74 "GET /v2.0/ports HTTP/1.1" status: 200 len: 5347 time: 0.0403028
2026-05-12 06:52:09.145 9 INFO neutron.wsgi [None req-6e973347-775b-4806-91a9-141f6572d706 fd6baac89f954a33bae9dc16520b6682 4ea77dfc919c498aa9ed65b1665bb9ae - - default default] 10.0.0.74 "GET /v2.0/security-groups HTTP/1.1" status: 200 len: 16799 time: 0.0468254
2026-05-12 06:52:09.184 9 INFO neutron.wsgi [None req-35f98384-09be-4be4-bb8a-db9ef1f19eb6 fd6baac89f954a33bae9dc16520b6682 4ea77dfc919c498aa9ed65b1665bb9ae - - default default] 10.0.0.74 "GET /v2.0/subnets HTTP/1.1" status: 200 len: 1437 time: 0.0344822
2026-05-12 06:52:21.745 9 INFO neutron.wsgi [-] 10.0.0.42 "GET / HTTP/1.1" status: 200 len: 247 time: 0.0017598
2026-05-12 06:52:21.748 9 INFO neutron.wsgi [-] 10.0.0.42 "GET / HTTP/1.1" status: 200 len: 247 time: 0.0011020
2026-05-12 06:52:36.747 9 INFO neutron.wsgi [-] 10.0.0.42 "GET / HTTP/1.1" status: 200 len: 247 time: 0.0026433
2026-05-12 06:52:36.747 10 INFO neutron.wsgi [-] 10.0.0.42 "GET / HTTP/1.1" status: 200 len: 247 time: 0.0028906
2026-05-12 06:52:51.745 10 INFO neutron.wsgi [-] 10.0.0.42 "GET / HTTP/1.1" status: 200 len: 247 time: 0.0017519
2026-05-12 06:52:51.751 9 INFO neutron.wsgi [-] 10.0.0.42 "GET / HTTP/1.1" status: 200 len: 247 time: 0.0051975
2026-05-12 06:53:06.747 10 INFO neutron.wsgi [-] 10.0.0.42 "GET / HTTP/1.1" status: 200 len: 247 time: 0.0018504
2026-05-12 06:53:06.749 10 INFO neutron.wsgi [-] 10.0.0.42 "GET / HTTP/1.1" status: 200 len: 247 time: 0.0014441
2026-05-12 06:53:08.970 9 INFO neutron.wsgi [None req-fdf557cd-4d41-41e4-8a11-9a372cad55d7 fd6baac89f954a33bae9dc16520b6682 4ea77dfc919c498aa9ed65b1665bb9ae - - default default] 10.0.0.74 "GET /v2.0/agents HTTP/1.1" status: 200 len: 997 time: 0.1016450
2026-05-12 06:53:08.997 9 INFO neutron.wsgi [None req-6d0b6c8b-5f53-4767-ac57-9c273c8fb879 fd6baac89f954a33bae9dc16520b6682 4ea77dfc919c498aa9ed65b1665bb9ae - - default default] 10.0.0.74 "GET /v2.0/floatingips HTTP/1.1" status: 200 len: 193 time: 0.0252209
2026-05-12 06:53:09.042 9 INFO neutron.wsgi [None req-3151b640-c719-41c9-9bee-4430ed43461a fd6baac89f954a33bae9dc16520b6682 4ea77dfc919c498aa9ed65b1665bb9ae - - default default] 10.0.0.74 "GET /v2.0/subnets HTTP/1.1" status: 200 len: 1437 time: 0.0438242
2026-05-12 06:53:09.076 9 INFO neutron.wsgi [None req-f61044fe-e798-485a-83d3-b057ae0d01c2 fd6baac89f954a33bae9dc16520b6682 4ea77dfc919c498aa9ed65b1665bb9ae - - default default] 10.0.0.74 "GET /v2.0/ports HTTP/1.1" status: 200 len: 5347 time: 0.0334136
2026-05-12 06:53:09.091 9 INFO neutron.wsgi [None req-819640e4-2e77-4577-a448-696efc3b1031 fd6baac89f954a33bae9dc16520b6682 4ea77dfc919c498aa9ed65b1665bb9ae - - default default] 10.0.0.74 "GET /v2.0/network-ip-availabilities HTTP/1.1" status: 200 len: 1280 time: 0.0113201
2026-05-12 06:53:09.141 9 INFO neutron.wsgi [None req-93643093-5547-4291-896f-8f2fd2413407 fd6baac89f954a33bae9dc16520b6682 4ea77dfc919c498aa9ed65b1665bb9ae - - default default] 10.0.0.74 "GET /v2.0/networks HTTP/1.1" status: 200 len: 2350 time: 0.0491059
2026-05-12 06:53:09.183 9 INFO neutron.wsgi [None req-739e7b77-4c9d-4e24-a2e6-675f5d0ceb07 fd6baac89f954a33bae9dc16520b6682 4ea77dfc919c498aa9ed65b1665bb9ae - - default default] 10.0.0.74 "GET /v2.0/security-groups HTTP/1.1" status: 200 len: 16799 time: 0.0389488
2026-05-12 06:53:09.226 9 INFO neutron.wsgi [None req-4af19eb6-13bc-41c2-bad5-854845427d7c fd6baac89f954a33bae9dc16520b6682 4ea77dfc919c498aa9ed65b1665bb9ae - - default default] 10.0.0.74 "GET /v2.0/subnets HTTP/1.1" status: 200 len: 1437 time: 0.0357459
2026-05-12 06:53:09.236 9 INFO neutron.wsgi [None req-617b794a-7fa3-484d-b4d2-10ae0e4cd16f fd6baac89f954a33bae9dc16520b6682 4ea77dfc919c498aa9ed65b1665bb9ae - - default default] 10.0.0.74 "GET /v2.0/subnetpools HTTP/1.1" status: 200 len: 193 time: 0.0091012
2026-05-12 06:53:09.259 9 INFO neutron.wsgi [None req-2ac09d6b-c7c0-4ed6-bf08-9c2275eff6d3 fd6baac89f954a33bae9dc16520b6682 4ea77dfc919c498aa9ed65b1665bb9ae - - default default] 10.0.0.74 "GET /v2.0/routers HTTP/1.1" status: 200 len: 189 time: 0.0223179
2026-05-12 06:53:09.268 9 INFO neutron.wsgi [None req-5001a1cd-915d-4aab-b16b-ee51fa8ef123 fd6baac89f954a33bae9dc16520b6682 4ea77dfc919c498aa9ed65b1665bb9ae - - default default] 10.0.0.74 "GET /v2.0/agents?binary=ovn-controller HTTP/1.1" status: 200 len: 591 time: 0.0081971
2026-05-12 06:53:21.745 10 INFO neutron.wsgi [-] 10.0.0.42 "GET / HTTP/1.1" status: 200 len: 247 time: 0.0014148
2026-05-12 06:53:21.747 9 INFO neutron.wsgi [-] 10.0.0.42 "GET / HTTP/1.1" status: 200 len: 247 time: 0.0021973
2026-05-12 06:53:36.748 9 INFO neutron.wsgi [-] 10.0.0.42 "GET / HTTP/1.1" status: 200 len: 247 time: 0.0032275
2026-05-12 06:53:36.748 10 INFO neutron.wsgi [-] 10.0.0.42 "GET / HTTP/1.1" status: 200 len: 247 time: 0.0030100
2026-05-12 06:53:51.747 10 INFO neutron.wsgi [-] 10.0.0.42 "GET / HTTP/1.1" status: 200 len: 247 time: 0.0024145
2026-05-12 06:53:51.749 9 INFO neutron.wsgi [-] 10.0.0.42 "GET / HTTP/1.1" status: 200 len: 247 time: 0.0048945
2026-05-12 06:54:06.747 9 INFO neutron.wsgi [-] 10.0.0.42 "GET / HTTP/1.1" status: 200 len: 247 time: 0.0025628
2026-05-12 06:54:06.749 10 INFO neutron.wsgi [-] 10.0.0.42 "GET / HTTP/1.1" status: 200 len: 247 time: 0.0044143
2026-05-12 06:54:08.892 9 INFO neutron.wsgi [None req-011e075d-afbc-485f-8f9b-029a6a11f74a fd6baac89f954a33bae9dc16520b6682 4ea77dfc919c498aa9ed65b1665bb9ae - - default default] 10.0.0.74 "GET /v2.0/routers HTTP/1.1" status: 200 len: 189 time: 0.0848880
2026-05-12 06:54:08.930 9 INFO neutron.wsgi [None req-5eb64d82-deb5-426a-9c27-2bb33d38f51d fd6baac89f954a33bae9dc16520b6682 4ea77dfc919c498aa9ed65b1665bb9ae - - default default] 10.0.0.74 "GET /v2.0/agents?binary=ovn-controller HTTP/1.1" status: 200 len: 591 time: 0.0370684
2026-05-12 06:54:08.971 9 INFO neutron.wsgi [None req-b80d40b2-ce1f-4e62-ae35-15950efe6ea8 fd6baac89f954a33bae9dc16520b6682 4ea77dfc919c498aa9ed65b1665bb9ae - - default default] 10.0.0.74 "GET /v2.0/subnets HTTP/1.1" status: 200 len: 1437 time: 0.0400081
2026-05-12 06:54:08.985 9 INFO neutron.wsgi [None req-86dc35f4-5cca-4ff4-ad01-385e0820257f fd6baac89f954a33bae9dc16520b6682 4ea77dfc919c498aa9ed65b1665bb9ae - - default default] 10.0.0.74 "GET /v2.0/subnetpools HTTP/1.1" status: 200 len: 193 time: 0.0129244
2026-05-12 06:54:09.018 9 INFO neutron.wsgi [None req-5ccc5035-9706-4e77-ad54-650fbda6aa8c fd6baac89f954a33bae9dc16520b6682 4ea77dfc919c498aa9ed65b1665bb9ae - - default default] 10.0.0.74 "GET /v2.0/ports HTTP/1.1" status: 200 len: 5347 time: 0.0317955
2026-05-12 06:54:09.076 9 INFO neutron.wsgi [None req-73969956-4db3-41ae-8698-0b28261dd74e fd6baac89f954a33bae9dc16520b6682 4ea77dfc919c498aa9ed65b1665bb9ae - - default default] 10.0.0.74 "GET /v2.0/security-groups HTTP/1.1" status: 200 len: 16799 time: 0.0492740
2026-05-12 06:54:09.099 9 INFO neutron.wsgi [None req-9e470593-04b3-4297-81a9-aec5e8cbff23 fd6baac89f954a33bae9dc16520b6682 4ea77dfc919c498aa9ed65b1665bb9ae - - default default] 10.0.0.74 "GET /v2.0/agents HTTP/1.1" status: 200 len: 997 time: 0.0174706
2026-05-12 06:54:09.119 9 INFO neutron.wsgi [None req-6ca48446-23ca-4a4e-af79-0ea1fe5b45b3 fd6baac89f954a33bae9dc16520b6682 4ea77dfc919c498aa9ed65b1665bb9ae - - default default] 10.0.0.74 "GET /v2.0/floatingips HTTP/1.1" status: 200 len: 193 time: 0.0189786
2026-05-12 06:54:09.151 9 INFO neutron.wsgi [None req-f9e34fa9-243a-413c-bda8-b243a80f650b fd6baac89f954a33bae9dc16520b6682 4ea77dfc919c498aa9ed65b1665bb9ae - - default default] 10.0.0.74 "GET /v2.0/subnets HTTP/1.1" status: 200 len: 1437 time: 0.0305717
2026-05-12 06:54:09.164 9 INFO neutron.wsgi [None req-5b084bb7-d6c0-4e43-b5c7-5d01c5300c69 fd6baac89f954a33bae9dc16520b6682 4ea77dfc919c498aa9ed65b1665bb9ae - - default default] 10.0.0.74 "GET /v2.0/network-ip-availabilities HTTP/1.1" status: 200 len: 1280 time: 0.0099008
2026-05-12 06:54:09.225 9 INFO neutron.wsgi [None req-24860986-dfbb-440b-8d6d-3a91a10f8f0e fd6baac89f954a33bae9dc16520b6682 4ea77dfc919c498aa9ed65b1665bb9ae - - default default] 10.0.0.74 "GET /v2.0/networks HTTP/1.1" status: 200 len: 2350 time: 0.0602269
2026-05-12 06:54:21.745 10 INFO neutron.wsgi [-] 10.0.0.42 "GET / HTTP/1.1" status: 200 len: 247 time: 0.0017462
2026-05-12 06:54:21.748 10 INFO neutron.wsgi [-] 10.0.0.42 "GET / HTTP/1.1" status: 200 len: 247 time: 0.0015175
2026-05-12 06:54:36.745 9 INFO neutron.wsgi [-] 10.0.0.42 "GET / HTTP/1.1" status: 200 len: 247 time: 0.0019548
2026-05-12 06:54:36.748 9 INFO neutron.wsgi [-] 10.0.0.42 "GET / HTTP/1.1" status: 200 len: 247 time: 0.0014908
2026-05-12 06:54:51.747 10 INFO neutron.wsgi [-] 10.0.0.42 "GET / HTTP/1.1" status: 200 len: 247 time: 0.0024049
2026-05-12 06:54:51.750 10 INFO neutron.wsgi [-] 10.0.0.42 "GET / HTTP/1.1" status: 200 len: 247 time: 0.0021026
2026-05-12 06:55:06.748 10 INFO neutron.wsgi [-] 10.0.0.42 "GET / HTTP/1.1" status: 200 len: 247 time: 0.0029628
2026-05-12 06:55:06.748 9 INFO neutron.wsgi [-] 10.0.0.42 "GET / HTTP/1.1" status: 200 len: 247 time: 0.0036595
2026-05-12 06:55:08.930 9 INFO neutron.wsgi [None req-b0aa228d-ada0-4ce7-b00c-10aaa195448d fd6baac89f954a33bae9dc16520b6682 4ea77dfc919c498aa9ed65b1665bb9ae - - default default] 10.0.0.74 "GET /v2.0/security-groups HTTP/1.1" status: 200 len: 16799 time: 0.1098199
2026-05-12 06:55:08.969 9 INFO neutron.wsgi [None req-ce38e55d-844a-48c7-b0be-02873a0b68e1 fd6baac89f954a33bae9dc16520b6682 4ea77dfc919c498aa9ed65b1665bb9ae - - default default] 10.0.0.74 "GET /v2.0/subnets HTTP/1.1" status: 200 len: 1437 time: 0.0324931
2026-05-12 06:55:08.978 9 INFO neutron.wsgi [None req-be35bacf-ed90-4172-bd1b-baa761ffbacc fd6baac89f954a33bae9dc16520b6682 4ea77dfc919c498aa9ed65b1665bb9ae - - default default] 10.0.0.74 "GET /v2.0/subnetpools HTTP/1.1" status: 200 len: 193 time: 0.0080581
2026-05-12 06:55:08.998 9 INFO neutron.wsgi [None req-beac3272-532f-4362-a24f-71b00d5d3dbd fd6baac89f954a33bae9dc16520b6682 4ea77dfc919c498aa9ed65b1665bb9ae - - default default] 10.0.0.74 "GET /v2.0/floatingips HTTP/1.1" status: 200 len: 193 time: 0.0194669
2026-05-12 06:55:09.074 9 INFO neutron.wsgi [None req-e9cb1767-23e8-44b0-a959-28fdee0e024d fd6baac89f954a33bae9dc16520b6682 4ea77dfc919c498aa9ed65b1665bb9ae - - default default] 10.0.0.74 "GET /v2.0/networks HTTP/1.1" status: 200 len: 2350 time: 0.0747943
2026-05-12 06:55:09.104 9 INFO neutron.wsgi [None req-6ddc6748-f917-497d-9d39-3794179ccc82 fd6baac89f954a33bae9dc16520b6682 4ea77dfc919c498aa9ed65b1665bb9ae - - default default] 10.0.0.74 "GET /v2.0/agents HTTP/1.1" status: 200 len: 997 time: 0.0279169
2026-05-12 06:55:09.138 9 INFO neutron.wsgi [None req-c2251857-e2ff-47c6-8d1f-4ac58772c2af fd6baac89f954a33bae9dc16520b6682 4ea77dfc919c498aa9ed65b1665bb9ae - - default default] 10.0.0.74 "GET /v2.0/subnets HTTP/1.1" status: 200 len: 1437 time: 0.0330098
2026-05-12 06:55:09.179 9 INFO neutron.wsgi [None req-ad6be79a-d2be-4944-a68f-a1e5530caaac fd6baac89f954a33bae9dc16520b6682 4ea77dfc919c498aa9ed65b1665bb9ae - - default default] 10.0.0.74 "GET /v2.0/ports HTTP/1.1" status: 200 len: 5347 time: 0.0401385
2026-05-12 06:55:09.208 9 INFO neutron.wsgi [None req-7c5f7df1-2682-419a-bb34-7df065bd1cd3 fd6baac89f954a33bae9dc16520b6682 4ea77dfc919c498aa9ed65b1665bb9ae - - default default] 10.0.0.74 "GET /v2.0/routers HTTP/1.1" status: 200 len: 189 time: 0.0212307
2026-05-12 06:55:09.222 9 INFO neutron.wsgi [None req-4c415537-94e3-485a-b7da-c5b50dd91bcd fd6baac89f954a33bae9dc16520b6682 4ea77dfc919c498aa9ed65b1665bb9ae - - default default] 10.0.0.74 "GET /v2.0/agents?binary=ovn-controller HTTP/1.1" status: 200 len: 591 time: 0.0132933
2026-05-12 06:55:09.234 9 INFO neutron.wsgi [None req-709eff7e-d858-4c97-83ed-afe7d7c4d22b fd6baac89f954a33bae9dc16520b6682 4ea77dfc919c498aa9ed65b1665bb9ae - - default default] 10.0.0.74 "GET /v2.0/network-ip-availabilities HTTP/1.1" status: 200 len: 1280 time: 0.0111489
2026-05-12 06:55:21.747 9 INFO neutron.wsgi [-] 10.0.0.42 "GET / HTTP/1.1" status: 200 len: 247 time: 0.0014331
2026-05-12 06:55:21.747 10 INFO neutron.wsgi [-] 10.0.0.42 "GET / HTTP/1.1" status: 200 len: 247 time: 0.0027416
2026-05-12 06:55:36.747 10 INFO neutron.wsgi [-] 10.0.0.42 "GET / HTTP/1.1" status: 200 len: 247 time: 0.0022430
2026-05-12 06:55:36.751 9 INFO neutron.wsgi [-] 10.0.0.42 "GET / HTTP/1.1" status: 200 len: 247 time: 0.0066047
2026-05-12 06:55:51.746 9 INFO neutron.wsgi [-] 10.0.0.42 "GET / HTTP/1.1" status: 200 len: 247 time: 0.0026889
2026-05-12 06:55:51.750 9 INFO neutron.wsgi [-] 10.0.0.42 "GET / HTTP/1.1" status: 200 len: 247 time: 0.0020988
2026-05-12 06:56:06.747 9 INFO neutron.wsgi [-] 10.0.0.42 "GET / HTTP/1.1" status: 200 len: 247 time: 0.0023510
2026-05-12 06:56:06.750 10 INFO neutron.wsgi [-] 10.0.0.42 "GET / HTTP/1.1" status: 200 len: 247 time: 0.0053871
2026-05-12 06:56:09.099 9 INFO neutron.wsgi [None req-7d4cc2f3-d5b8-4526-8580-1d60262458b9 fd6baac89f954a33bae9dc16520b6682 4ea77dfc919c498aa9ed65b1665bb9ae - - default default] 10.0.0.74 "GET /v2.0/agents HTTP/1.1" status: 200 len: 997 time: 0.2100041
2026-05-12 06:56:09.124 9 INFO neutron.wsgi [None req-6f08980d-3186-4baf-989b-92e52bd21115 fd6baac89f954a33bae9dc16520b6682 4ea77dfc919c498aa9ed65b1665bb9ae - - default default] 10.0.0.74 "GET /v2.0/floatingips HTTP/1.1" status: 200 len: 193 time: 0.0235059
2026-05-12 06:56:09.188 9 INFO neutron.wsgi [None req-00528e05-cd6a-4ea2-bead-bac0e8a350c2 fd6baac89f954a33bae9dc16520b6682 4ea77dfc919c498aa9ed65b1665bb9ae - - default default] 10.0.0.74 "GET /v2.0/networks HTTP/1.1" status: 200 len: 2350 time: 0.0639100
2026-05-12 06:56:09.325 9 INFO neutron.wsgi [None req-0ae4a8e0-f44c-46e6-85c1-bf0aa7b442f7 fd6baac89f954a33bae9dc16520b6682 4ea77dfc919c498aa9ed65b1665bb9ae - - default default] 10.0.0.74 "GET /v2.0/security-groups HTTP/1.1" status: 200 len: 16799 time: 0.1316283
2026-05-12 06:56:09.350 9 INFO neutron.wsgi [None req-037ff835-a2ee-4c5c-82ef-ece660335cf8 fd6baac89f954a33bae9dc16520b6682 4ea77dfc919c498aa9ed65b1665bb9ae - - default default] 10.0.0.74 "GET /v2.0/routers HTTP/1.1" status: 200 len: 189 time: 0.0223343
2026-05-12 06:56:09.363 9 INFO neutron.wsgi [None req-218a2f67-820c-476f-8e2b-aedd4e0e843f fd6baac89f954a33bae9dc16520b6682 4ea77dfc919c498aa9ed65b1665bb9ae - - default default] 10.0.0.74 "GET /v2.0/agents?binary=ovn-controller HTTP/1.1" status: 200 len: 591 time: 0.0112069
2026-05-12 06:56:09.374 9 INFO neutron.wsgi [None req-3c764309-9ef7-470e-bd71-88e6692c5d26 fd6baac89f954a33bae9dc16520b6682 4ea77dfc919c498aa9ed65b1665bb9ae - - default default] 10.0.0.74 "GET /v2.0/network-ip-availabilities HTTP/1.1" status: 200 len: 1280 time: 0.0099196
2026-05-12 06:56:09.404 9 INFO neutron.wsgi [None req-b6f43759-a9d0-4929-b520-21ecd0386348 fd6baac89f954a33bae9dc16520b6682 4ea77dfc919c498aa9ed65b1665bb9ae - - default default] 10.0.0.74 "GET /v2.0/ports HTTP/1.1" status: 200 len: 5347 time: 0.0292616
2026-05-12 06:56:09.441 9 INFO neutron.wsgi [None req-a724eeaf-9a4d-4ef6-af10-733435e9917e fd6baac89f954a33bae9dc16520b6682 4ea77dfc919c498aa9ed65b1665bb9ae - - default default] 10.0.0.74 "GET /v2.0/subnets HTTP/1.1" status: 200 len: 1437 time: 0.0329692
2026-05-12 06:56:09.451 9 INFO neutron.wsgi [None req-d8a27cf0-66a5-42ae-a29b-50dcae66b59d fd6baac89f954a33bae9dc16520b6682 4ea77dfc919c498aa9ed65b1665bb9ae - - default default] 10.0.0.74 "GET /v2.0/subnetpools HTTP/1.1" status: 200 len: 193 time: 0.0086937
2026-05-12 06:56:09.484 9 INFO neutron.wsgi [None req-318b4303-1230-45fc-ad5f-17fbdc004e2e fd6baac89f954a33bae9dc16520b6682 4ea77dfc919c498aa9ed65b1665bb9ae - - default default] 10.0.0.74 "GET /v2.0/subnets HTTP/1.1" status: 200 len: 1437 time: 0.0320828
2026-05-12 06:56:21.746 10 INFO neutron.wsgi [-] 10.0.0.42 "GET / HTTP/1.1" status: 200 len: 247 time: 0.0019078
2026-05-12 06:56:21.747 9 INFO neutron.wsgi [-] 10.0.0.42 "GET / HTTP/1.1" status: 200 len: 247 time: 0.0024989
2026-05-12 06:56:36.746 9 INFO neutron.wsgi [-] 10.0.0.42 "GET / HTTP/1.1" status: 200 len: 247 time: 0.0023365
2026-05-12 06:56:36.747 10 INFO neutron.wsgi [-] 10.0.0.42 "GET / HTTP/1.1" status: 200 len: 247 time: 0.0033560
2026-05-12 06:56:51.745 10 INFO neutron.wsgi [-] 10.0.0.42 "GET / HTTP/1.1" status: 200 len: 247 time: 0.0015655
2026-05-12 06:56:51.747 10 INFO neutron.wsgi [-] 10.0.0.42 "GET / HTTP/1.1" status: 200 len: 247 time: 0.0011113
2026-05-12 06:57:06.748 10 INFO neutron.wsgi [-] 10.0.0.42 "GET / HTTP/1.1" status: 200 len: 247 time: 0.0030956
2026-05-12 06:57:06.748 9 INFO neutron.wsgi [-] 10.0.0.42 "GET / HTTP/1.1" status: 200 len: 247 time: 0.0036356
2026-05-12 06:57:08.913 9 INFO neutron.wsgi [None req-dffd8e50-85a2-4f4a-820b-5dcaa9d9e448 fd6baac89f954a33bae9dc16520b6682 4ea77dfc919c498aa9ed65b1665bb9ae - - default default] 10.0.0.74 "GET /v2.0/floatingips HTTP/1.1" status: 200 len: 193 time: 0.0931678
2026-05-12 06:57:08.970 9 INFO neutron.wsgi [None req-318bbbdf-0f69-48c5-88ca-aba834323eb5 fd6baac89f954a33bae9dc16520b6682 4ea77dfc919c498aa9ed65b1665bb9ae - - default default] 10.0.0.74 "GET /v2.0/security-groups HTTP/1.1" status: 200 len: 16799 time: 0.0561423
