2026-05-12 07:03:01.803 10 INFO neutron.db.ovn_revision_numbers_db [None req-59454bce-2fc0-4d03-b224-5ae5f7d4a3ce fd6baac89f954a33bae9dc16520b6682 4ea77dfc919c498aa9ed65b1665bb9ae - - default default] Successfully bumped revision number for resource 4bba4b5a-7951-4b6e-becb-e8c6ea4a2c56 (type: ports) to 1
2026-05-12 07:03:01.884 10 INFO neutron.db.ovn_revision_numbers_db [None req-95129290-70a0-481e-9142-0f22f95be5fb d3fa70e53996485eba00e25a42b5c5d1 23308ce9bcdb4e4bb4cef923d0479c03 - - default default] Successfully bumped revision number for resource 055c014f-8e92-4054-8c97-3ee95d93f088 (type: floatingips) to 1
2026-05-12 07:03:01.892 10 INFO neutron.wsgi [None req-2e302759-eaa3-4da5-93f3-91e06b8c934f fd6baac89f954a33bae9dc16520b6682 4ea77dfc919c498aa9ed65b1665bb9ae - - default default] 10.0.0.89 "DELETE /v2.0/security-groups/95c43d8b-b284-434f-a82e-e3b839a1baf3 HTTP/1.1" status: 204 len: 168 time: 0.6161339
2026-05-12 07:03:01.926 10 WARNING neutron.scheduler.dhcp_agent_scheduler [None req-59454bce-2fc0-4d03-b224-5ae5f7d4a3ce fd6baac89f954a33bae9dc16520b6682 4ea77dfc919c498aa9ed65b1665bb9ae - - default default] No more DHCP agents
2026-05-12 07:03:01.927 10 WARNING neutron.api.rpc.agentnotifiers.dhcp_rpc_agent_api [None req-59454bce-2fc0-4d03-b224-5ae5f7d4a3ce fd6baac89f954a33bae9dc16520b6682 4ea77dfc919c498aa9ed65b1665bb9ae - - default default] Unable to schedule network c19df5b5-e28d-4385-ae6c-c4a9fac70b9e: no agents available; will retry on subsequent port and subnet creation events.
2026-05-12 07:03:01.968 9 INFO neutron.db.ovn_revision_numbers_db [None req-2d422fbc-4822-4134-b8cc-0179418770bf fd6baac89f954a33bae9dc16520b6682 4ea77dfc919c498aa9ed65b1665bb9ae - - default default] Successfully bumped revision number for resource dde8b19e-d1d3-4633-ac54-f70d819c5c3c (type: security_groups) to 1
2026-05-12 07:03:01.987 9 INFO neutron.db.ovn_revision_numbers_db [None req-2d422fbc-4822-4134-b8cc-0179418770bf fd6baac89f954a33bae9dc16520b6682 4ea77dfc919c498aa9ed65b1665bb9ae - - default default] Successfully bumped revision number for resource 40a3d4b4-4f21-483e-822f-99c00a48d2b0 (type: security_group_rules) to 0
2026-05-12 07:03:02.013 9 INFO neutron.db.ovn_revision_numbers_db [None req-2d422fbc-4822-4134-b8cc-0179418770bf fd6baac89f954a33bae9dc16520b6682 4ea77dfc919c498aa9ed65b1665bb9ae - - default default] Successfully bumped revision number for resource b876bd00-b8b3-42a3-8436-24242ddbd87a (type: security_group_rules) to 0
2026-05-12 07:03:02.034 9 INFO neutron.db.ovn_revision_numbers_db [None req-2d422fbc-4822-4134-b8cc-0179418770bf fd6baac89f954a33bae9dc16520b6682 4ea77dfc919c498aa9ed65b1665bb9ae - - default default] Successfully bumped revision number for resource dbd32693-b572-4449-8b03-d5347a2eb4d8 (type: security_group_rules) to 0
2026-05-12 07:03:02.041 10 INFO neutron.db.ovn_revision_numbers_db [None req-95129290-70a0-481e-9142-0f22f95be5fb d3fa70e53996485eba00e25a42b5c5d1 23308ce9bcdb4e4bb4cef923d0479c03 - - default default] Successfully bumped revision number for resource 055c014f-8e92-4054-8c97-3ee95d93f088 (type: floatingips) to 2
2026-05-12 07:03:02.070 10 INFO neutron.wsgi [None req-95129290-70a0-481e-9142-0f22f95be5fb d3fa70e53996485eba00e25a42b5c5d1 23308ce9bcdb4e4bb4cef923d0479c03 - - default default] 10.0.0.89 "PUT /v2.0/floatingips/055c014f-8e92-4054-8c97-3ee95d93f088 HTTP/1.1" status: 200 len: 1049 time: 1.0301080
2026-05-12 07:03:02.075 9 INFO neutron.db.ovn_revision_numbers_db [None req-2d422fbc-4822-4134-b8cc-0179418770bf fd6baac89f954a33bae9dc16520b6682 4ea77dfc919c498aa9ed65b1665bb9ae - - default default] Successfully bumped revision number for resource efe89d7d-ca0f-47e3-bd2f-deebab22c3da (type: security_group_rules) to 0
2026-05-12 07:03:02.098 10 INFO neutron.plugins.ml2.drivers.ovn.mech_driver.mech_driver [None req-8b869861-29db-44a4-9696-bae518868819 - - - - - -] OVN reports status up for port: 4bba4b5a-7951-4b6e-becb-e8c6ea4a2c56
2026-05-12 07:03:02.103 9 INFO neutron.wsgi [None req-2d422fbc-4822-4134-b8cc-0179418770bf fd6baac89f954a33bae9dc16520b6682 4ea77dfc919c498aa9ed65b1665bb9ae - - default default] 10.0.0.89 "GET /v2.0/security-groups?tenant_id=47c6fe62c40a483184ebaff010eac61d&name=default HTTP/1.1" status: 200 len: 2996 time: 0.4574773
2026-05-12 07:03:02.116 10 INFO neutron.plugins.ml2.plugin [None req-8b869861-29db-44a4-9696-bae518868819 - - - - - -] Attempt 1 to provision port 4bba4b5a-7951-4b6e-becb-e8c6ea4a2c56
2026-05-12 07:03:02.177 10 INFO neutron.notifiers.nova [-] Nova event matching ['req-d6ddad42-b175-4a72-99b3-1f056b8acbbc'] response: {'name': 'network-changed', 'server_uuid': 'c35a2ce8-174c-4e93-94d7-bb7a5e5f1afd', 'tag': '73ea9320-bb4a-4750-b231-16b98052d7a4', 'status': 'completed', 'code': 200}
2026-05-12 07:03:02.255 9 INFO neutron.wsgi [req-46ebf0c1-639e-456b-9029-a641248c44d6 req-c3943bed-6401-47d7-93d7-8ddda8730c9e 806c7a253260400084d39b4cf2a07e2d 1266992b5c684cfeaa0eaba140cec78c - - b774e3be6e02478d8b9c718970e08311 b774e3be6e02478d8b9c718970e08311] 199.204.45.156 "GET /v2.0/ports?tenant_id=23308ce9bcdb4e4bb4cef923d0479c03&device_id=c35a2ce8-174c-4e93-94d7-bb7a5e5f1afd HTTP/1.1" status: 200 len: 1409 time: 0.0502539
2026-05-12 07:03:02.341 9 INFO neutron.wsgi [req-46ebf0c1-639e-456b-9029-a641248c44d6 req-d35333ff-036d-41f2-8f28-99a817faa9be 806c7a253260400084d39b4cf2a07e2d 1266992b5c684cfeaa0eaba140cec78c - - b774e3be6e02478d8b9c718970e08311 b774e3be6e02478d8b9c718970e08311] 199.204.45.156 "GET /v2.0/networks?id=8765e75f-5503-4603-84dd-acefebd29a74 HTTP/1.1" status: 200 len: 972 time: 0.0822701
2026-05-12 07:03:02.391 9 INFO neutron.wsgi [req-46ebf0c1-639e-456b-9029-a641248c44d6 req-66fc457f-e3db-45a8-ae38-a2dfcc22228b 806c7a253260400084d39b4cf2a07e2d 1266992b5c684cfeaa0eaba140cec78c - - b774e3be6e02478d8b9c718970e08311 b774e3be6e02478d8b9c718970e08311] 199.204.45.156 "GET /v2.0/floatingips?fixed_ip_address=10.100.0.7&port_id=73ea9320-bb4a-4750-b231-16b98052d7a4 HTTP/1.1" status: 200 len: 1059 time: 0.0436745
2026-05-12 07:03:02.415 9 INFO neutron.wsgi [None req-883fe03b-a450-48dd-9b40-b9cf7a99b6af fd6baac89f954a33bae9dc16520b6682 4ea77dfc919c498aa9ed65b1665bb9ae - - default default] 10.0.0.89 "DELETE /v2.0/security-groups/dde8b19e-d1d3-4633-ac54-f70d819c5c3c HTTP/1.1" status: 204 len: 168 time: 0.3070061
2026-05-12 07:03:02.448 9 INFO neutron.wsgi [req-46ebf0c1-639e-456b-9029-a641248c44d6 req-db75b820-a62d-4305-9601-384e5b04b9af 806c7a253260400084d39b4cf2a07e2d 1266992b5c684cfeaa0eaba140cec78c - - b774e3be6e02478d8b9c718970e08311 b774e3be6e02478d8b9c718970e08311] 199.204.45.156 "GET /v2.0/subnets?id=a7d81fd1-9d15-46bf-9ae4-44e991653438 HTTP/1.1" status: 200 len: 867 time: 0.0512083
2026-05-12 07:03:02.478 9 INFO neutron.wsgi [req-46ebf0c1-639e-456b-9029-a641248c44d6 req-b0e30701-8af8-463b-8338-5d4948740d2b 806c7a253260400084d39b4cf2a07e2d 1266992b5c684cfeaa0eaba140cec78c - - b774e3be6e02478d8b9c718970e08311 b774e3be6e02478d8b9c718970e08311] 199.204.45.156 "GET /v2.0/ports?network_id=8765e75f-5503-4603-84dd-acefebd29a74&device_owner=network%3Adhcp HTTP/1.1" status: 200 len: 210 time: 0.0225425
2026-05-12 07:03:02.540 10 INFO neutron.db.ovn_revision_numbers_db [None req-8b869861-29db-44a4-9696-bae518868819 - - - - - -] Successfully bumped revision number for resource 4bba4b5a-7951-4b6e-becb-e8c6ea4a2c56 (type: ports) to 2
2026-05-12 07:03:02.549 9 INFO neutron.wsgi [req-46ebf0c1-639e-456b-9029-a641248c44d6 req-dbcff403-8e6b-4944-adea-b2ef820fa73e 806c7a253260400084d39b4cf2a07e2d 1266992b5c684cfeaa0eaba140cec78c - - b774e3be6e02478d8b9c718970e08311 b774e3be6e02478d8b9c718970e08311] 199.204.45.156 "GET /v2.0/networks/8765e75f-5503-4603-84dd-acefebd29a74?fields=segments HTTP/1.1" status: 200 len: 212 time: 0.0668697
2026-05-12 07:03:02.620 9 INFO neutron.wsgi [req-46ebf0c1-639e-456b-9029-a641248c44d6 req-021fef9f-45dc-4bdd-9b7f-f4aa0fb99c45 806c7a253260400084d39b4cf2a07e2d 1266992b5c684cfeaa0eaba140cec78c - - b774e3be6e02478d8b9c718970e08311 b774e3be6e02478d8b9c718970e08311] 199.204.45.156 "GET /v2.0/networks/8765e75f-5503-4603-84dd-acefebd29a74?fields=provider%3Aphysical_network&fields=provider%3Anetwork_type HTTP/1.1" status: 200 len: 277 time: 0.0646400
2026-05-12 07:03:02.670 10 INFO neutron.db.ovn_revision_numbers_db [None req-59454bce-2fc0-4d03-b224-5ae5f7d4a3ce fd6baac89f954a33bae9dc16520b6682 4ea77dfc919c498aa9ed65b1665bb9ae - - default default] Successfully bumped revision number for resource 4bba4b5a-7951-4b6e-becb-e8c6ea4a2c56 (type: router_ports) to 1
2026-05-12 07:03:02.672 10 INFO neutron.wsgi [None req-59454bce-2fc0-4d03-b224-5ae5f7d4a3ce fd6baac89f954a33bae9dc16520b6682 4ea77dfc919c498aa9ed65b1665bb9ae - - default default] 10.0.0.89 "PUT /v2.0/routers/7d0da071-53e6-4f99-bfcc-d07ef2218595/add_router_interface HTTP/1.1" status: 200 len: 503 time: 2.8595979
2026-05-12 07:03:02.699 10 INFO neutron.db.ovn_revision_numbers_db [None req-8b869861-29db-44a4-9696-bae518868819 - - - - - -] Successfully bumped revision number for resource 4bba4b5a-7951-4b6e-becb-e8c6ea4a2c56 (type: router_ports) to 2
2026-05-12 07:03:03.433 9 INFO neutron.db.ovn_revision_numbers_db [None req-eed8c1fe-5ef8-4cf9-868a-07706a8c2a6a d36b98a16af44463a01e9ed50f660b5a aeae44ff286d4d4096afc3511d6a7964 - - default default] Successfully bumped revision number for resource af45f99b-f5f8-4ce4-b9eb-a5544022f8e6 (type: security_groups) to 1
2026-05-12 07:03:03.451 9 INFO neutron.db.ovn_revision_numbers_db [None req-eed8c1fe-5ef8-4cf9-868a-07706a8c2a6a d36b98a16af44463a01e9ed50f660b5a aeae44ff286d4d4096afc3511d6a7964 - - default default] Successfully bumped revision number for resource 8f6b8dae-482a-4c91-a8c4-02d5aee60f49 (type: security_group_rules) to 0
2026-05-12 07:03:03.468 9 INFO neutron.db.ovn_revision_numbers_db [None req-eed8c1fe-5ef8-4cf9-868a-07706a8c2a6a d36b98a16af44463a01e9ed50f660b5a aeae44ff286d4d4096afc3511d6a7964 - - default default] Successfully bumped revision number for resource e559401c-d0f9-4d06-a649-4a301c90d67f (type: security_group_rules) to 0
2026-05-12 07:03:03.493 9 INFO neutron.wsgi [None req-eed8c1fe-5ef8-4cf9-868a-07706a8c2a6a d36b98a16af44463a01e9ed50f660b5a aeae44ff286d4d4096afc3511d6a7964 - - default default] 10.0.0.89 "POST /v2.0/security-groups HTTP/1.1" status: 201 len: 1795 time: 0.1819613
2026-05-12 07:03:03.624 9 INFO neutron.db.ovn_revision_numbers_db [None req-d39dde9a-b159-4fea-8a81-6ed917789d72 d36b98a16af44463a01e9ed50f660b5a aeae44ff286d4d4096afc3511d6a7964 - - default default] Successfully bumped revision number for resource 8804d0c2-c7e4-455b-a453-73a14e6f9df6 (type: security_group_rules) to 0
2026-05-12 07:03:03.653 9 INFO neutron.wsgi [None req-d39dde9a-b159-4fea-8a81-6ed917789d72 d36b98a16af44463a01e9ed50f660b5a aeae44ff286d4d4096afc3511d6a7964 - - default default] 10.0.0.89 "POST /v2.0/security-group-rules HTTP/1.1" status: 201 len: 764 time: 0.1516931
2026-05-12 07:03:03.791 9 INFO neutron.db.ovn_revision_numbers_db [None req-5b24d864-4955-421c-a45a-ce1c6500caf3 d36b98a16af44463a01e9ed50f660b5a aeae44ff286d4d4096afc3511d6a7964 - - default default] Successfully bumped revision number for resource 7eb7594f-e26f-4adb-ae26-b60797852120 (type: security_group_rules) to 0
2026-05-12 07:03:03.822 9 INFO neutron.wsgi [None req-5b24d864-4955-421c-a45a-ce1c6500caf3 d36b98a16af44463a01e9ed50f660b5a aeae44ff286d4d4096afc3511d6a7964 - - default default] 10.0.0.89 "POST /v2.0/security-group-rules HTTP/1.1" status: 201 len: 769 time: 0.1631210
2026-05-12 07:03:04.109 9 WARNING neutron.scheduler.dhcp_agent_scheduler [None req-284552a1-3aa6-46aa-b98e-f91d86cccf84 d36b98a16af44463a01e9ed50f660b5a aeae44ff286d4d4096afc3511d6a7964 - - default default] No more DHCP agents
2026-05-12 07:03:04.124 9 WARNING neutron.api.rpc.agentnotifiers.dhcp_rpc_agent_api [None req-284552a1-3aa6-46aa-b98e-f91d86cccf84 d36b98a16af44463a01e9ed50f660b5a aeae44ff286d4d4096afc3511d6a7964 - - default default] Unable to schedule network dab09501-07c0-4439-8d5a-750df455d8ad: no agents available; will retry on subsequent port and subnet creation events.
2026-05-12 07:03:04.240 10 INFO neutron.db.ovn_revision_numbers_db [None req-dd756630-1d0a-4077-9f75-d7cdd637dcf4 05f4ce4846e74fee84228be9649f1af3 4e9eb2d57c0d4ca49758d74cc17f5c41 - - default default] Successfully bumped revision number for resource 29ff8bcb-dad9-429a-b853-6cb0ca1296ef (type: security_groups) to 1
2026-05-12 07:03:04.258 10 INFO neutron.db.ovn_revision_numbers_db [None req-dd756630-1d0a-4077-9f75-d7cdd637dcf4 05f4ce4846e74fee84228be9649f1af3 4e9eb2d57c0d4ca49758d74cc17f5c41 - - default default] Successfully bumped revision number for resource 1f6d4c6c-e8c4-4f73-bd07-2e31b4b5ee55 (type: security_group_rules) to 0
2026-05-12 07:03:04.272 10 INFO neutron.db.ovn_revision_numbers_db [None req-dd756630-1d0a-4077-9f75-d7cdd637dcf4 05f4ce4846e74fee84228be9649f1af3 4e9eb2d57c0d4ca49758d74cc17f5c41 - - default default] Successfully bumped revision number for resource 5930c80a-4cd4-4677-bb71-11691ddf9b21 (type: security_group_rules) to 0
2026-05-12 07:03:04.291 10 INFO neutron.db.ovn_revision_numbers_db [None req-dd756630-1d0a-4077-9f75-d7cdd637dcf4 05f4ce4846e74fee84228be9649f1af3 4e9eb2d57c0d4ca49758d74cc17f5c41 - - default default] Successfully bumped revision number for resource 6120351d-5b79-4ebe-bddb-52a083d01a97 (type: security_group_rules) to 0
2026-05-12 07:03:04.309 10 INFO neutron.db.ovn_revision_numbers_db [None req-dd756630-1d0a-4077-9f75-d7cdd637dcf4 05f4ce4846e74fee84228be9649f1af3 4e9eb2d57c0d4ca49758d74cc17f5c41 - - default default] Successfully bumped revision number for resource f3f87364-29d0-4a08-a021-f1c94f5262cd (type: security_group_rules) to 0
2026-05-12 07:03:04.361 10 INFO neutron.db.segments_db [None req-dd756630-1d0a-4077-9f75-d7cdd637dcf4 05f4ce4846e74fee84228be9649f1af3 4e9eb2d57c0d4ca49758d74cc17f5c41 - - default default] Added segment e7d46e1d-2fe8-4e48-b6c7-99c2261fa5f6 of type geneve for network 59819057-e216-4f68-a2bf-3d0153f6d70b
2026-05-12 07:03:04.492 9 INFO neutron.db.ovn_revision_numbers_db [None req-284552a1-3aa6-46aa-b98e-f91d86cccf84 d36b98a16af44463a01e9ed50f660b5a aeae44ff286d4d4096afc3511d6a7964 - - default default] Successfully bumped revision number for resource 492a68da-e99b-409d-9099-e818fb36cf31 (type: floatingips) to 0
2026-05-12 07:03:04.519 9 INFO neutron.wsgi [None req-284552a1-3aa6-46aa-b98e-f91d86cccf84 d36b98a16af44463a01e9ed50f660b5a aeae44ff286d4d4096afc3511d6a7964 - - default default] 10.0.0.89 "POST /v2.0/floatingips HTTP/1.1" status: 201 len: 751 time: 0.6934192
2026-05-12 07:03:04.534 9 INFO neutron.db.ovn_revision_numbers_db [None req-9aeeb3b1-a6c3-4f63-9fc9-ec7c719190e6 72c7586ff56245af82ff4e6e186630ba 874fd224bfdf48d786280c6117fa9003 - - default default] Successfully bumped revision number for resource 16fe1533-63b2-401d-b61d-a7d4d9640fc0 (type: security_groups) to 1
2026-05-12 07:03:04.562 9 INFO neutron.db.ovn_revision_numbers_db [None req-9aeeb3b1-a6c3-4f63-9fc9-ec7c719190e6 72c7586ff56245af82ff4e6e186630ba 874fd224bfdf48d786280c6117fa9003 - - default default] Successfully bumped revision number for resource 34aa57b1-96da-4ede-bc8a-08b1d1ea545a (type: security_group_rules) to 0
2026-05-12 07:03:04.565 10 INFO neutron.db.ovn_revision_numbers_db [None req-dd756630-1d0a-4077-9f75-d7cdd637dcf4 05f4ce4846e74fee84228be9649f1af3 4e9eb2d57c0d4ca49758d74cc17f5c41 - - default default] Successfully bumped revision number for resource 59819057-e216-4f68-a2bf-3d0153f6d70b (type: networks) to 1
2026-05-12 07:03:04.577 9 INFO neutron.db.ovn_revision_numbers_db [None req-9aeeb3b1-a6c3-4f63-9fc9-ec7c719190e6 72c7586ff56245af82ff4e6e186630ba 874fd224bfdf48d786280c6117fa9003 - - default default] Successfully bumped revision number for resource 6c6f23f1-5c0f-42f0-b96f-f5ece8d81193 (type: security_group_rules) to 0
2026-05-12 07:03:04.595 9 INFO neutron.db.ovn_revision_numbers_db [None req-9aeeb3b1-a6c3-4f63-9fc9-ec7c719190e6 72c7586ff56245af82ff4e6e186630ba 874fd224bfdf48d786280c6117fa9003 - - default default] Successfully bumped revision number for resource 92230a6d-4e37-4ccb-928f-1695640caf47 (type: security_group_rules) to 0
2026-05-12 07:03:04.615 9 INFO neutron.db.ovn_revision_numbers_db [None req-9aeeb3b1-a6c3-4f63-9fc9-ec7c719190e6 72c7586ff56245af82ff4e6e186630ba 874fd224bfdf48d786280c6117fa9003 - - default default] Successfully bumped revision number for resource faef6795-3a1d-47e6-b5c4-6e13a9dfa2d9 (type: security_group_rules) to 0
2026-05-12 07:03:04.685 9 INFO neutron.db.segments_db [None req-9aeeb3b1-a6c3-4f63-9fc9-ec7c719190e6 72c7586ff56245af82ff4e6e186630ba 874fd224bfdf48d786280c6117fa9003 - - default default] Added segment 4b919a2b-c8be-454a-9400-60d5b9ba8651 of type geneve for network 0c2a88d1-8463-4b99-805d-419bb0144469
2026-05-12 07:03:05.012 10 WARNING neutron.scheduler.dhcp_agent_scheduler [None req-dd756630-1d0a-4077-9f75-d7cdd637dcf4 05f4ce4846e74fee84228be9649f1af3 4e9eb2d57c0d4ca49758d74cc17f5c41 - - default default] No more DHCP agents
2026-05-12 07:03:05.015 10 WARNING neutron.api.rpc.agentnotifiers.dhcp_rpc_agent_api [None req-dd756630-1d0a-4077-9f75-d7cdd637dcf4 05f4ce4846e74fee84228be9649f1af3 4e9eb2d57c0d4ca49758d74cc17f5c41 - - default default] Unable to schedule network 59819057-e216-4f68-a2bf-3d0153f6d70b: no agents available; will retry on subsequent port and subnet creation events.
2026-05-12 07:03:05.119 10 INFO neutron.db.ovn_revision_numbers_db [None req-dd756630-1d0a-4077-9f75-d7cdd637dcf4 05f4ce4846e74fee84228be9649f1af3 4e9eb2d57c0d4ca49758d74cc17f5c41 - - default default] Successfully bumped revision number for resource e20a3641-3ff5-463c-ad29-d87791a49508 (type: ports) to 1
2026-05-12 07:03:05.120 9 INFO neutron.db.ovn_revision_numbers_db [None req-9aeeb3b1-a6c3-4f63-9fc9-ec7c719190e6 72c7586ff56245af82ff4e6e186630ba 874fd224bfdf48d786280c6117fa9003 - - default default] Successfully bumped revision number for resource 0c2a88d1-8463-4b99-805d-419bb0144469 (type: networks) to 1
2026-05-12 07:03:05.152 10 INFO neutron.wsgi [None req-dd756630-1d0a-4077-9f75-d7cdd637dcf4 05f4ce4846e74fee84228be9649f1af3 4e9eb2d57c0d4ca49758d74cc17f5c41 - - default default] 10.0.0.89 "POST /v2.0/networks HTTP/1.1" status: 201 len: 847 time: 1.2454026
2026-05-12 07:03:05.385 9 WARNING neutron.scheduler.dhcp_agent_scheduler [None req-9aeeb3b1-a6c3-4f63-9fc9-ec7c719190e6 72c7586ff56245af82ff4e6e186630ba 874fd224bfdf48d786280c6117fa9003 - - default default] No more DHCP agents
2026-05-12 07:03:05.392 9 WARNING neutron.api.rpc.agentnotifiers.dhcp_rpc_agent_api [None req-9aeeb3b1-a6c3-4f63-9fc9-ec7c719190e6 72c7586ff56245af82ff4e6e186630ba 874fd224bfdf48d786280c6117fa9003 - - default default] Unable to schedule network 0c2a88d1-8463-4b99-805d-419bb0144469: no agents available; will retry on subsequent port and subnet creation events.
2026-05-12 07:03:05.420 10 WARNING neutron.scheduler.dhcp_agent_scheduler [None req-c3d774e5-e36b-4665-b741-0f51502bf853 05f4ce4846e74fee84228be9649f1af3 4e9eb2d57c0d4ca49758d74cc17f5c41 - - default default] No more DHCP agents
2026-05-12 07:03:05.422 10 WARNING neutron.api.rpc.agentnotifiers.dhcp_rpc_agent_api [None req-c3d774e5-e36b-4665-b741-0f51502bf853 05f4ce4846e74fee84228be9649f1af3 4e9eb2d57c0d4ca49758d74cc17f5c41 - - default default] Unable to schedule network 59819057-e216-4f68-a2bf-3d0153f6d70b: no agents available; will retry on subsequent port and subnet creation events.
2026-05-12 07:03:05.508 9 INFO neutron.db.ovn_revision_numbers_db [None req-9aeeb3b1-a6c3-4f63-9fc9-ec7c719190e6 72c7586ff56245af82ff4e6e186630ba 874fd224bfdf48d786280c6117fa9003 - - default default] Successfully bumped revision number for resource efe3ef44-ab45-49f5-88c6-0f545795d793 (type: ports) to 1
2026-05-12 07:03:05.524 10 INFO neutron.db.ovn_revision_numbers_db [None req-c3d774e5-e36b-4665-b741-0f51502bf853 05f4ce4846e74fee84228be9649f1af3 4e9eb2d57c0d4ca49758d74cc17f5c41 - - default default] Successfully bumped revision number for resource 61ebb29c-455f-4314-bd86-00898558d7b8 (type: ports) to 1
2026-05-12 07:03:05.539 9 INFO neutron.wsgi [None req-9aeeb3b1-a6c3-4f63-9fc9-ec7c719190e6 72c7586ff56245af82ff4e6e186630ba 874fd224bfdf48d786280c6117fa9003 - - default default] 10.0.0.89 "POST /v2.0/networks HTTP/1.1" status: 201 len: 847 time: 1.2975280 /var/lib/openstack/lib/python3.10/site-packages/pycadf/identifier.py:71: UserWarning: Invalid uuid: neutron. To ensure interoperability, identifiers should be a valid uuid. warnings.warn(('Invalid uuid: %s. To ensure interoperability, '
2026-05-12 07:03:05.554 10 INFO neutron.wsgi [None req-c3d774e5-e36b-4665-b741-0f51502bf853 05f4ce4846e74fee84228be9649f1af3 4e9eb2d57c0d4ca49758d74cc17f5c41 - - default default] 10.0.0.89 "POST /v2.0/ports HTTP/1.1" status: 201 len: 978 time: 0.3959057
2026-05-12 07:03:05.661 10 INFO neutron.db.segments_db [None req-aeea65ea-aae3-43a1-8628-12c1b19ce7bc 05f4ce4846e74fee84228be9649f1af3 4e9eb2d57c0d4ca49758d74cc17f5c41 - - default default] Added segment 0a4a48d9-5d10-4d39-878c-0c6343e2db99 of type geneve for network b89f89f3-d886-406c-a3ca-e016aadd6d6b
2026-05-12 07:03:05.852 10 INFO neutron.db.ovn_revision_numbers_db [None req-aeea65ea-aae3-43a1-8628-12c1b19ce7bc 05f4ce4846e74fee84228be9649f1af3 4e9eb2d57c0d4ca49758d74cc17f5c41 - - default default] Successfully bumped revision number for resource b89f89f3-d886-406c-a3ca-e016aadd6d6b (type: networks) to 1
2026-05-12 07:03:05.873 10 WARNING neutron.scheduler.dhcp_agent_scheduler [None req-b0f1d3b3-23b7-4176-9baf-76363dd99a2c 72c7586ff56245af82ff4e6e186630ba 874fd224bfdf48d786280c6117fa9003 - - default default] No more DHCP agents
2026-05-12 07:03:05.884 10 WARNING neutron.api.rpc.agentnotifiers.dhcp_rpc_agent_api [None req-b0f1d3b3-23b7-4176-9baf-76363dd99a2c 72c7586ff56245af82ff4e6e186630ba 874fd224bfdf48d786280c6117fa9003 - - default default] Unable to schedule network 0c2a88d1-8463-4b99-805d-419bb0144469: no agents available; will retry on subsequent port and subnet creation events.
2026-05-12 07:03:05.923 10 INFO neutron.db.ovn_revision_numbers_db [None req-b0f1d3b3-23b7-4176-9baf-76363dd99a2c 72c7586ff56245af82ff4e6e186630ba 874fd224bfdf48d786280c6117fa9003 - - default default] Successfully bumped revision number for resource f6d924ba-53b1-40f3-83a3-95c7e500f915 (type: subnets) to 0
2026-05-12 07:03:05.945 10 INFO neutron.wsgi [None req-b0f1d3b3-23b7-4176-9baf-76363dd99a2c 72c7586ff56245af82ff4e6e186630ba 874fd224bfdf48d786280c6117fa9003 - - default default] 10.0.0.89 "POST /v2.0/subnets HTTP/1.1" status: 201 len: 802 time: 0.4002120
2026-05-12 07:03:06.153 10 WARNING neutron.scheduler.dhcp_agent_scheduler [None req-aeea65ea-aae3-43a1-8628-12c1b19ce7bc 05f4ce4846e74fee84228be9649f1af3 4e9eb2d57c0d4ca49758d74cc17f5c41 - - default default] No more DHCP agents
2026-05-12 07:03:06.167 10 WARNING neutron.api.rpc.agentnotifiers.dhcp_rpc_agent_api [None req-aeea65ea-aae3-43a1-8628-12c1b19ce7bc 05f4ce4846e74fee84228be9649f1af3 4e9eb2d57c0d4ca49758d74cc17f5c41 - - default default] Unable to schedule network b89f89f3-d886-406c-a3ca-e016aadd6d6b: no agents available; will retry on subsequent port and subnet creation events.
2026-05-12 07:03:06.327 10 INFO neutron.db.ovn_revision_numbers_db [None req-aeea65ea-aae3-43a1-8628-12c1b19ce7bc 05f4ce4846e74fee84228be9649f1af3 4e9eb2d57c0d4ca49758d74cc17f5c41 - - default default] Successfully bumped revision number for resource a87de5ab-9d9b-41f6-86c0-8fe1fa19911d (type: ports) to 1
2026-05-12 07:03:06.372 10 INFO neutron.wsgi [None req-aeea65ea-aae3-43a1-8628-12c1b19ce7bc 05f4ce4846e74fee84228be9649f1af3 4e9eb2d57c0d4ca49758d74cc17f5c41 - - default default] 10.0.0.89 "POST /v2.0/networks HTTP/1.1" status: 201 len: 834 time: 0.8139508
2026-05-12 07:03:06.631 10 WARNING neutron.scheduler.dhcp_agent_scheduler [None req-aca68be3-f11c-44ba-9fe8-de4b86500f62 72c7586ff56245af82ff4e6e186630ba 874fd224bfdf48d786280c6117fa9003 - - default default] No more DHCP agents
2026-05-12 07:03:06.634 10 WARNING neutron.api.rpc.agentnotifiers.dhcp_rpc_agent_api [None req-aca68be3-f11c-44ba-9fe8-de4b86500f62 72c7586ff56245af82ff4e6e186630ba 874fd224bfdf48d786280c6117fa9003 - - default default] Unable to schedule network dab09501-07c0-4439-8d5a-750df455d8ad: no agents available; will retry on subsequent port and subnet creation events.
2026-05-12 07:03:06.641 9 WARNING neutron.scheduler.dhcp_agent_scheduler [None req-ef457c61-9aa6-4265-b4b9-7f81f2565708 05f4ce4846e74fee84228be9649f1af3 4e9eb2d57c0d4ca49758d74cc17f5c41 - - default default] No more DHCP agents
2026-05-12 07:03:06.643 9 WARNING neutron.api.rpc.agentnotifiers.dhcp_rpc_agent_api [None req-ef457c61-9aa6-4265-b4b9-7f81f2565708 05f4ce4846e74fee84228be9649f1af3 4e9eb2d57c0d4ca49758d74cc17f5c41 - - default default] Unable to schedule network b89f89f3-d886-406c-a3ca-e016aadd6d6b: no agents available; will retry on subsequent port and subnet creation events.
2026-05-12 07:03:06.679 9 INFO neutron.db.ovn_revision_numbers_db [None req-ef457c61-9aa6-4265-b4b9-7f81f2565708 05f4ce4846e74fee84228be9649f1af3 4e9eb2d57c0d4ca49758d74cc17f5c41 - - default default] Successfully bumped revision number for resource f472a497-6933-43db-b9f3-8b09424a3577 (type: subnets) to 0
2026-05-12 07:03:06.700 9 INFO neutron.wsgi [None req-ef457c61-9aa6-4265-b4b9-7f81f2565708 05f4ce4846e74fee84228be9649f1af3 4e9eb2d57c0d4ca49758d74cc17f5c41 - - default default] 10.0.0.89 "POST /v2.0/subnets HTTP/1.1" status: 201 len: 821 time: 0.3234875
2026-05-12 07:03:06.745 9 INFO neutron.wsgi [-] 10.0.0.42 "GET / HTTP/1.1" status: 200 len: 247 time: 0.0016358
2026-05-12 07:03:06.747 9 INFO neutron.wsgi [-] 10.0.0.42 "GET / HTTP/1.1" status: 200 len: 247 time: 0.0010822
2026-05-12 07:03:06.816 10 INFO neutron.db.ovn_revision_numbers_db [None req-aca68be3-f11c-44ba-9fe8-de4b86500f62 72c7586ff56245af82ff4e6e186630ba 874fd224bfdf48d786280c6117fa9003 - - default default] Successfully bumped revision number for resource 95819c61-2ba0-4088-9aba-853c019655e5 (type: ports) to 1
2026-05-12 07:03:07.127 9 WARNING neutron.scheduler.dhcp_agent_scheduler [None req-9d6f3a6a-9953-4872-b6f6-0318f9f6e42d 05f4ce4846e74fee84228be9649f1af3 4e9eb2d57c0d4ca49758d74cc17f5c41 - - default default] No more DHCP agents
2026-05-12 07:03:07.131 9 WARNING neutron.api.rpc.agentnotifiers.dhcp_rpc_agent_api [None req-9d6f3a6a-9953-4872-b6f6-0318f9f6e42d 05f4ce4846e74fee84228be9649f1af3 4e9eb2d57c0d4ca49758d74cc17f5c41 - - default default] Unable to schedule network b89f89f3-d886-406c-a3ca-e016aadd6d6b: no agents available; will retry on subsequent port and subnet creation events.
2026-05-12 07:03:07.263 9 INFO neutron.db.ovn_revision_numbers_db [None req-9d6f3a6a-9953-4872-b6f6-0318f9f6e42d 05f4ce4846e74fee84228be9649f1af3 4e9eb2d57c0d4ca49758d74cc17f5c41 - - default default] Successfully bumped revision number for resource eb6fe31c-3ba2-4335-8590-9d6969cece69 (type: ports) to 1
2026-05-12 07:03:07.299 9 INFO neutron.wsgi [None req-9d6f3a6a-9953-4872-b6f6-0318f9f6e42d 05f4ce4846e74fee84228be9649f1af3 4e9eb2d57c0d4ca49758d74cc17f5c41 - - default default] 10.0.0.89 "POST /v2.0/ports HTTP/1.1" status: 201 len: 1165 time: 0.5939708 /var/lib/openstack/lib/python3.10/site-packages/pycadf/identifier.py:71: UserWarning: Invalid uuid: neutron. To ensure interoperability, identifiers should be a valid uuid. warnings.warn(('Invalid uuid: %s. To ensure interoperability, '
2026-05-12 07:03:07.611 9 INFO neutron.wsgi [None req-7e2a5143-95f4-4849-96d9-bea10b79c402 05f4ce4846e74fee84228be9649f1af3 4e9eb2d57c0d4ca49758d74cc17f5c41 - - default default] 10.0.0.89 "DELETE /v2.0/ports/eb6fe31c-3ba2-4335-8590-9d6969cece69 HTTP/1.1" status: 204 len: 168 time: 0.3080621
2026-05-12 07:03:07.632 9 INFO neutron.pecan_wsgi.hooks.translation [None req-5e87358f-19fb-4a87-ab7a-b3c3584f39e7 05f4ce4846e74fee84228be9649f1af3 4e9eb2d57c0d4ca49758d74cc17f5c41 - - default default] DELETE failed (client error): The resource could not be found.
2026-05-12 07:03:07.634 9 INFO neutron.wsgi [None req-5e87358f-19fb-4a87-ab7a-b3c3584f39e7 05f4ce4846e74fee84228be9649f1af3 4e9eb2d57c0d4ca49758d74cc17f5c41 - - default default] 10.0.0.89 "DELETE /v2.0/ports/eb6fe31c-3ba2-4335-8590-9d6969cece69 HTTP/1.1" status: 404 len: 333 time: 0.0184355
2026-05-12 07:03:07.654 9 INFO neutron.pecan_wsgi.hooks.translation [None req-831de10d-61e8-4aa5-bc5f-04db0ef45351 05f4ce4846e74fee84228be9649f1af3 4e9eb2d57c0d4ca49758d74cc17f5c41 - - default default] GET failed (client error): The resource could not be found.
2026-05-12 07:03:07.655 9 INFO neutron.wsgi [None req-831de10d-61e8-4aa5-bc5f-04db0ef45351 05f4ce4846e74fee84228be9649f1af3 4e9eb2d57c0d4ca49758d74cc17f5c41 - - default default] 10.0.0.89 "GET /v2.0/ports/eb6fe31c-3ba2-4335-8590-9d6969cece69 HTTP/1.1" status: 404 len: 333 time: 0.0167637
2026-05-12 07:03:07.739 10 INFO neutron.db.ovn_revision_numbers_db [None req-aca68be3-f11c-44ba-9fe8-de4b86500f62 72c7586ff56245af82ff4e6e186630ba 874fd224bfdf48d786280c6117fa9003 - - default default] Successfully bumped revision number for resource 95819c61-2ba0-4088-9aba-853c019655e5 (type: router_ports) to 1
2026-05-12 07:03:07.817 10 INFO neutron.db.ovn_revision_numbers_db [None req-aca68be3-f11c-44ba-9fe8-de4b86500f62 72c7586ff56245af82ff4e6e186630ba 874fd224bfdf48d786280c6117fa9003 - - default default] Successfully bumped revision number for resource ec82ccb9-5a1f-48c5-952d-b023503c6ceb (type: routers) to 2
2026-05-12 07:03:07.831 10 INFO neutron.wsgi [None req-aca68be3-f11c-44ba-9fe8-de4b86500f62 72c7586ff56245af82ff4e6e186630ba 874fd224bfdf48d786280c6117fa9003 - - default default] 10.0.0.89 "POST /v2.0/routers HTTP/1.1" status: 201 len: 873 time: 1.8814030
2026-05-12 07:03:07.851 9 INFO neutron.wsgi [None req-0c684aff-50bf-45a6-84e6-681ff1b05628 05f4ce4846e74fee84228be9649f1af3 4e9eb2d57c0d4ca49758d74cc17f5c41 - - default default] 10.0.0.89 "DELETE /v2.0/subnets/f472a497-6933-43db-b9f3-8b09424a3577 HTTP/1.1" status: 204 len: 168 time: 0.1879249
2026-05-12 07:03:08.365 9 INFO neutron.wsgi [None req-2f422eb4-dc99-4d37-bb52-2605d1d81c15 05f4ce4846e74fee84228be9649f1af3 4e9eb2d57c0d4ca49758d74cc17f5c41 - - default default] 10.0.0.89 "DELETE /v2.0/networks/b89f89f3-d886-406c-a3ca-e016aadd6d6b HTTP/1.1" status: 204 len: 168 time: 0.5084105
2026-05-12 07:03:08.484 10 WARNING neutron.plugins.ml2.drivers.ovn.mech_driver.ovsdb.ovn_client [None req-8b869861-29db-44a4-9696-bae518868819 - - - - - -] No hosting information found for port 4bba4b5a-7951-4b6e-becb-e8c6ea4a2c56: RuntimeError: No hosting information found for port 4bba4b5a-7951-4b6e-becb-e8c6ea4a2c56
2026-05-12 07:03:08.485 9 INFO neutron.db.segments_db [None req-5f862989-e44e-4195-87b2-e53988bfa73f 05f4ce4846e74fee84228be9649f1af3 4e9eb2d57c0d4ca49758d74cc17f5c41 - - default default] Added segment b0030535-c2f5-4405-8d33-be5e27244f34 of type geneve for network 528a51ea-9a4f-4bb5-b16e-96a032a306e8
2026-05-12 07:03:08.506 10 INFO neutron.plugins.ml2.drivers.ovn.mech_driver.mech_driver [None req-8b869861-29db-44a4-9696-bae518868819 - - - - - -] OVN reports status up for port: 95819c61-2ba0-4088-9aba-853c019655e5
2026-05-12 07:03:08.520 10 INFO neutron.plugins.ml2.plugin [None req-8b869861-29db-44a4-9696-bae518868819 - - - - - -] Attempt 1 to provision port 95819c61-2ba0-4088-9aba-853c019655e5
2026-05-12 07:03:08.655 10 WARNING neutron.scheduler.dhcp_agent_scheduler [None req-e0b6fa73-ff00-41bc-95b1-3ea0efe9182a 72c7586ff56245af82ff4e6e186630ba 874fd224bfdf48d786280c6117fa9003 - - default default] No more DHCP agents
2026-05-12 07:03:08.659 10 WARNING neutron.api.rpc.agentnotifiers.dhcp_rpc_agent_api [None req-e0b6fa73-ff00-41bc-95b1-3ea0efe9182a 72c7586ff56245af82ff4e6e186630ba 874fd224bfdf48d786280c6117fa9003 - - default default] Unable to schedule network 0c2a88d1-8463-4b99-805d-419bb0144469: no agents available; will retry on subsequent port and subnet creation events.
2026-05-12 07:03:08.682 9 INFO neutron.db.ovn_revision_numbers_db [None req-5f862989-e44e-4195-87b2-e53988bfa73f 05f4ce4846e74fee84228be9649f1af3 4e9eb2d57c0d4ca49758d74cc17f5c41 - - default default] Successfully bumped revision number for resource 528a51ea-9a4f-4bb5-b16e-96a032a306e8 (type: networks) to 1
2026-05-12 07:03:08.774 9 INFO neutron.services.segments.plugin [-] Segment 0a4a48d9-5d10-4d39-878c-0c6343e2db99 resource provider aggregate not found
2026-05-12 07:03:08.799 9 INFO neutron.services.segments.plugin [-] Segment 0a4a48d9-5d10-4d39-878c-0c6343e2db99 resource provider not found; error: Placement Client Error (4xx): {"errors": [{"status": 404, "title": "Not Found", "detail": "The resource could not be found.\n\n No resource provider with uuid 0a4a48d9-5d10-4d39-878c-0c6343e2db99 found for delete ", "request_id": "req-4d4d3c5a-940d-4124-a34f-77cf220bba17"}]}
2026-05-12 07:03:08.810 9 INFO neutron.services.segments.plugin [-] Segment 0a4a48d9-5d10-4d39-878c-0c6343e2db99 resource provider aggregate not found
2026-05-12 07:03:08.831 9 INFO neutron.services.segments.plugin [-] Segment 0a4a48d9-5d10-4d39-878c-0c6343e2db99 resource provider not found; error: Placement Client Error (4xx): {"errors": [{"status": 404, "title": "Not Found", "detail": "The resource could not be found.\n\n No resource provider with uuid 0a4a48d9-5d10-4d39-878c-0c6343e2db99 found for delete ", "request_id": "req-7016b1b0-e439-4fcd-8513-7bb34a437159"}]}
2026-05-12 07:03:08.886 10 INFO neutron.db.ovn_revision_numbers_db [None req-e0b6fa73-ff00-41bc-95b1-3ea0efe9182a 72c7586ff56245af82ff4e6e186630ba 874fd224bfdf48d786280c6117fa9003 - - default default] Successfully bumped revision number for resource 4e2b7b09-496f-416d-b18e-81824550bd58 (type: ports) to 1
2026-05-12 07:03:08.925 9 WARNING neutron.scheduler.dhcp_agent_scheduler [None req-5f862989-e44e-4195-87b2-e53988bfa73f 05f4ce4846e74fee84228be9649f1af3 4e9eb2d57c0d4ca49758d74cc17f5c41 - - default default] No more DHCP agents
2026-05-12 07:03:08.929 9 WARNING neutron.api.rpc.agentnotifiers.dhcp_rpc_agent_api [None req-5f862989-e44e-4195-87b2-e53988bfa73f 05f4ce4846e74fee84228be9649f1af3 4e9eb2d57c0d4ca49758d74cc17f5c41 - - default default] Unable to schedule network 528a51ea-9a4f-4bb5-b16e-96a032a306e8: no agents available; will retry on subsequent port and subnet creation events.
2026-05-12 07:03:09.050 9 INFO neutron.db.ovn_revision_numbers_db [None req-5f862989-e44e-4195-87b2-e53988bfa73f 05f4ce4846e74fee84228be9649f1af3 4e9eb2d57c0d4ca49758d74cc17f5c41 - - default default] Successfully bumped revision number for resource dc0d8f4a-5832-4890-87ca-2546f05df9a6 (type: ports) to 1
2026-05-12 07:03:09.055 9 INFO neutron.wsgi [None req-c19c9f5e-69b3-4b99-8dbe-39c2dc3337f5 fd6baac89f954a33bae9dc16520b6682 4ea77dfc919c498aa9ed65b1665bb9ae - - default default] 10.0.0.74 "GET /v2.0/subnets HTTP/1.1" status: 200 len: 3364 time: 0.1211293
2026-05-12 07:03:09.075 9 INFO neutron.wsgi [None req-f66bf92a-d756-464a-a90e-d342961516c5 fd6baac89f954a33bae9dc16520b6682 4ea77dfc919c498aa9ed65b1665bb9ae - - default default] 10.0.0.74 "GET /v2.0/subnetpools HTTP/1.1" status: 200 len: 193 time: 0.0171301
2026-05-12 07:03:09.097 9 INFO neutron.wsgi [None req-5f862989-e44e-4195-87b2-e53988bfa73f 05f4ce4846e74fee84228be9649f1af3 4e9eb2d57c0d4ca49758d74cc17f5c41 - - default default] 10.0.0.89 "POST /v2.0/networks HTTP/1.1" status: 201 len: 835 time: 0.7277420
2026-05-12 07:03:09.126 9 INFO neutron.wsgi [None req-41fa8ea7-d2bb-4ffd-b79d-8705d36faf4c fd6baac89f954a33bae9dc16520b6682 4ea77dfc919c498aa9ed65b1665bb9ae - - default default] 10.0.0.74 "GET /v2.0/subnets HTTP/1.1" status: 200 len: 3364 time: 0.0486059
2026-05-12 07:03:09.160 9 INFO neutron.wsgi [None req-1c0900da-b6e0-4c32-a0ae-f3b29192d858 fd6baac89f954a33bae9dc16520b6682 4ea77dfc919c498aa9ed65b1665bb9ae - - default default] 10.0.0.74 "GET /v2.0/network-ip-availabilities HTTP/1.1" status: 200 len: 3227 time: 0.0312860
2026-05-12 07:03:09.218 9 INFO neutron.wsgi [None req-0fa5016a-ea81-4a8d-9ce8-9aee70c18624 fd6baac89f954a33bae9dc16520b6682 4ea77dfc919c498aa9ed65b1665bb9ae - - default default] 10.0.0.74 "GET /v2.0/floatingips HTTP/1.1" status: 200 len: 1574 time: 0.0570149
2026-05-12 07:03:09.349 9 INFO neutron.wsgi [None req-562fc485-2af1-4bda-bbfe-e4df2ec4f82b fd6baac89f954a33bae9dc16520b6682 4ea77dfc919c498aa9ed65b1665bb9ae - - default default] 10.0.0.74 "GET /v2.0/routers HTTP/1.1" status: 200 len: 2209 time: 0.1295519
2026-05-12 07:03:09.366 9 INFO neutron.wsgi [None req-784f73ed-c1a2-4a83-a040-72a17d937cc5 fd6baac89f954a33bae9dc16520b6682 4ea77dfc919c498aa9ed65b1665bb9ae - - default default] 10.0.0.74 "GET /v2.0/agents?binary=ovn-controller HTTP/1.1" status: 200 len: 591 time: 0.0143251
2026-05-12 07:03:09.381 9 INFO neutron.wsgi [None req-92aa7a78-3857-4cac-b04a-e6bfc3fe6aa1 fd6baac89f954a33bae9dc16520b6682 4ea77dfc919c498aa9ed65b1665bb9ae - - default default] 10.0.0.74 "GET /v2.0/agents HTTP/1.1" status: 200 len: 997 time: 0.0137236
2026-05-12 07:03:09.474 9 INFO neutron.wsgi [None req-e844362c-b168-4ee7-85a9-17ebe21e324d fd6baac89f954a33bae9dc16520b6682 4ea77dfc919c498aa9ed65b1665bb9ae - - default default] 10.0.0.74 "GET /v2.0/networks HTTP/1.1" status: 200 len: 6069 time: 0.0902524
2026-05-12 07:03:09.512 9 INFO neutron.plugins.ml2.drivers.ovn.mech_driver.mech_driver [None req-48a7f436-cbd4-49cc-a101-66975f838078 - - - - - -] OVN reports status up for port: 4e2b7b09-496f-416d-b18e-81824550bd58
2026-05-12 07:03:09.531 10 INFO neutron.db.ovn_revision_numbers_db [None req-e0b6fa73-ff00-41bc-95b1-3ea0efe9182a 72c7586ff56245af82ff4e6e186630ba 874fd224bfdf48d786280c6117fa9003 - - default default] Successfully bumped revision number for resource 4e2b7b09-496f-416d-b18e-81824550bd58 (type: router_ports) to 1
2026-05-12 07:03:09.543 9 INFO neutron.wsgi [None req-44f92af8-8284-4fa0-bb2d-98bed8a7a6a3 fd6baac89f954a33bae9dc16520b6682 4ea77dfc919c498aa9ed65b1665bb9ae - - default default] 10.0.0.74 "GET /v2.0/ports HTTP/1.1" status: 200 len: 20555 time: 0.0633190
2026-05-12 07:03:09.546 9 WARNING neutron.scheduler.dhcp_agent_scheduler [None req-7a895e02-94b1-4830-a376-06aa35267b31 05f4ce4846e74fee84228be9649f1af3 4e9eb2d57c0d4ca49758d74cc17f5c41 - - default default] No more DHCP agents
2026-05-12 07:03:09.546 9 INFO neutron.plugins.ml2.plugin [None req-48a7f436-cbd4-49cc-a101-66975f838078 - - - - - -] Attempt 1 to provision port 4e2b7b09-496f-416d-b18e-81824550bd58
2026-05-12 07:03:09.556 9 WARNING neutron.api.rpc.agentnotifiers.dhcp_rpc_agent_api [None req-7a895e02-94b1-4830-a376-06aa35267b31 05f4ce4846e74fee84228be9649f1af3 4e9eb2d57c0d4ca49758d74cc17f5c41 - - default default] Unable to schedule network 528a51ea-9a4f-4bb5-b16e-96a032a306e8: no agents available; will retry on subsequent port and subnet creation events.
2026-05-12 07:03:09.630 9 INFO neutron.db.ovn_revision_numbers_db [None req-7a895e02-94b1-4830-a376-06aa35267b31 05f4ce4846e74fee84228be9649f1af3 4e9eb2d57c0d4ca49758d74cc17f5c41 - - default default] Successfully bumped revision number for resource 7625df9a-e246-4f54-bfad-f451ece5ed65 (type: subnets) to 0
2026-05-12 07:03:09.665 9 INFO neutron.wsgi [None req-7a895e02-94b1-4830-a376-06aa35267b31 05f4ce4846e74fee84228be9649f1af3 4e9eb2d57c0d4ca49758d74cc17f5c41 - - default default] 10.0.0.89 "POST /v2.0/subnets HTTP/1.1" status: 201 len: 821 time: 0.5626404
2026-05-12 07:03:09.672 9 INFO neutron.wsgi [None req-218e65bd-8340-4f3b-940f-5ff80ead80e4 fd6baac89f954a33bae9dc16520b6682 4ea77dfc919c498aa9ed65b1665bb9ae - - default default] 10.0.0.74 "GET /v2.0/security-groups HTTP/1.1" status: 200 len: 33400 time: 0.1144848 /var/lib/openstack/lib/python3.10/site-packages/pycadf/identifier.py:71: UserWarning: Invalid uuid: neutron. To ensure interoperability, identifiers should be a valid uuid. warnings.warn(('Invalid uuid: %s. To ensure interoperability, '
2026-05-12 07:03:09.743 10 INFO neutron.db.ovn_revision_numbers_db [None req-e0b6fa73-ff00-41bc-95b1-3ea0efe9182a 72c7586ff56245af82ff4e6e186630ba 874fd224bfdf48d786280c6117fa9003 - - default default] Successfully bumped revision number for resource 4e2b7b09-496f-416d-b18e-81824550bd58 (type: ports) to 1
2026-05-12 07:03:09.848 10 WARNING neutron.scheduler.dhcp_agent_scheduler [None req-e0b6fa73-ff00-41bc-95b1-3ea0efe9182a 72c7586ff56245af82ff4e6e186630ba 874fd224bfdf48d786280c6117fa9003 - - default default] No more DHCP agents
2026-05-12 07:03:09.852 10 WARNING neutron.api.rpc.agentnotifiers.dhcp_rpc_agent_api [None req-e0b6fa73-ff00-41bc-95b1-3ea0efe9182a 72c7586ff56245af82ff4e6e186630ba 874fd224bfdf48d786280c6117fa9003 - - default default] Unable to schedule network 0c2a88d1-8463-4b99-805d-419bb0144469: no agents available; will retry on subsequent port and subnet creation events.
2026-05-12 07:03:09.885 9 INFO neutron.db.ovn_revision_numbers_db [None req-48a7f436-cbd4-49cc-a101-66975f838078 - - - - - -] Successfully bumped revision number for resource 4e2b7b09-496f-416d-b18e-81824550bd58 (type: ports) to 2
2026-05-12 07:03:10.015 9 INFO neutron.db.ovn_revision_numbers_db [None req-48a7f436-cbd4-49cc-a101-66975f838078 - - - - - -] Successfully bumped revision number for resource 4e2b7b09-496f-416d-b18e-81824550bd58 (type: router_ports) to 2
2026-05-12 07:03:10.110 10 WARNING neutron.scheduler.dhcp_agent_scheduler [None req-42c331b2-1e61-4b6f-9d6d-d68351972619 05f4ce4846e74fee84228be9649f1af3 4e9eb2d57c0d4ca49758d74cc17f5c41 - - default default] No more DHCP agents
2026-05-12 07:03:10.115 10 WARNING neutron.api.rpc.agentnotifiers.dhcp_rpc_agent_api [None req-42c331b2-1e61-4b6f-9d6d-d68351972619 05f4ce4846e74fee84228be9649f1af3 4e9eb2d57c0d4ca49758d74cc17f5c41 - - default default] Unable to schedule network 528a51ea-9a4f-4bb5-b16e-96a032a306e8: no agents available; will retry on subsequent port and subnet creation events.
2026-05-12 07:03:10.186 9 INFO neutron.wsgi [req-228d00ca-77b3-4496-989b-67b1fa270f04 req-0bd6818a-e0aa-49d0-a38c-7d7f5b2f503d 806c7a253260400084d39b4cf2a07e2d 1266992b5c684cfeaa0eaba140cec78c - - b774e3be6e02478d8b9c718970e08311 b774e3be6e02478d8b9c718970e08311] 10.0.0.113 "GET /v2.0/ports?device_id=c35a2ce8-174c-4e93-94d7-bb7a5e5f1afd HTTP/1.1" status: 200 len: 1409 time: 0.0354989
2026-05-12 07:03:10.239 9 INFO neutron.wsgi [req-228d00ca-77b3-4496-989b-67b1fa270f04 req-41c0686e-9244-4fcc-9ee0-e00aef9c5290 806c7a253260400084d39b4cf2a07e2d 1266992b5c684cfeaa0eaba140cec78c - - b774e3be6e02478d8b9c718970e08311 b774e3be6e02478d8b9c718970e08311] 10.0.0.113 "GET /v2.0/security-groups?id=b7fa61bc-8b84-4f13-9e3f-76cea022c94d&fields=id&fields=name HTTP/1.1" status: 200 len: 312 time: 0.0459838
2026-05-12 07:03:10.510 10 INFO neutron.wsgi [req-1545a966-2f2e-4c2f-b9eb-c43804c1e8c1 req-eb6e5f93-0e3d-4d5e-aa57-18cb83a3299e d36b98a16af44463a01e9ed50f660b5a aeae44ff286d4d4096afc3511d6a7964 - - default default] 10.0.0.82 "GET /v2.0/security-groups?name=tempest-securitygroup--283219868&fields=id&tenant_id=aeae44ff286d4d4096afc3511d6a7964 HTTP/1.1" status: 200 len: 267 time: 0.0776398
2026-05-12 07:03:10.514 10 INFO neutron.db.ovn_revision_numbers_db [None req-42c331b2-1e61-4b6f-9d6d-d68351972619 05f4ce4846e74fee84228be9649f1af3 4e9eb2d57c0d4ca49758d74cc17f5c41 - - default default] Successfully bumped revision number for resource 35427d2f-1912-453b-a1b9-6dd98ce8804f (type: ports) to 1
2026-05-12 07:03:10.570 10 INFO neutron.wsgi [None req-42c331b2-1e61-4b6f-9d6d-d68351972619 05f4ce4846e74fee84228be9649f1af3 4e9eb2d57c0d4ca49758d74cc17f5c41 - - default default] 10.0.0.89 "POST /v2.0/ports HTTP/1.1" status: 201 len: 1123 time: 0.8991864
2026-05-12 07:03:10.572 10 INFO neutron.db.ovn_revision_numbers_db [None req-e0b6fa73-ff00-41bc-95b1-3ea0efe9182a 72c7586ff56245af82ff4e6e186630ba 874fd224bfdf48d786280c6117fa9003 - - default default] Successfully bumped revision number for resource 4e2b7b09-496f-416d-b18e-81824550bd58 (type: router_ports) to 2
2026-05-12 07:03:10.575 10 INFO neutron.wsgi [None req-e0b6fa73-ff00-41bc-95b1-3ea0efe9182a 72c7586ff56245af82ff4e6e186630ba 874fd224bfdf48d786280c6117fa9003 - - default default] 10.0.0.89 "PUT /v2.0/routers/ec82ccb9-5a1f-48c5-952d-b023503c6ceb/add_router_interface HTTP/1.1" status: 200 len: 503 time: 2.7391295
2026-05-12 07:03:10.631 10 INFO neutron.wsgi [req-1545a966-2f2e-4c2f-b9eb-c43804c1e8c1 req-95676c8d-e6d5-4053-a521-5b2e19046a91 d36b98a16af44463a01e9ed50f660b5a aeae44ff286d4d4096afc3511d6a7964 - - default default] 10.0.0.82 "GET /v2.0/networks?id=c19df5b5-e28d-4385-ae6c-c4a9fac70b9e HTTP/1.1" status: 200 len: 879 time: 0.1057723
2026-05-12 07:03:10.654 10 INFO neutron.wsgi [req-1545a966-2f2e-4c2f-b9eb-c43804c1e8c1 req-aac0a381-f04f-4692-b397-83a737addd2f d36b98a16af44463a01e9ed50f660b5a aeae44ff286d4d4096afc3511d6a7964 - - default default] 10.0.0.82 "GET /v2.0/quotas/aeae44ff286d4d4096afc3511d6a7964 HTTP/1.1" status: 200 len: 386 time: 0.0152876
2026-05-12 07:03:10.786 10 INFO neutron.wsgi [req-1545a966-2f2e-4c2f-b9eb-c43804c1e8c1 req-fa4dda23-7c43-4b2a-81b8-66f3a1a282c0 d36b98a16af44463a01e9ed50f660b5a aeae44ff286d4d4096afc3511d6a7964 - - default default] 10.0.0.82 "GET /v2.0/ports?tenant_id=aeae44ff286d4d4096afc3511d6a7964&fields=id HTTP/1.1" status: 200 len: 302 time: 0.1236315
2026-05-12 07:03:10.879 10 INFO neutron.wsgi [req-1545a966-2f2e-4c2f-b9eb-c43804c1e8c1 req-45e5099c-978f-4447-aef7-086487bbbc99 806c7a253260400084d39b4cf2a07e2d 1266992b5c684cfeaa0eaba140cec78c - - b774e3be6e02478d8b9c718970e08311 b774e3be6e02478d8b9c718970e08311] 10.0.0.82 "GET /v2.0/networks/c19df5b5-e28d-4385-ae6c-c4a9fac70b9e?fields=segments HTTP/1.1" status: 200 len: 212 time: 0.0804782
2026-05-12 07:03:10.885 9 INFO neutron.wsgi [None req-604c7d61-58eb-48cb-9627-a3f14b6a426f 05f4ce4846e74fee84228be9649f1af3 4e9eb2d57c0d4ca49758d74cc17f5c41 - - default default] 10.0.0.89 "DELETE /v2.0/ports/35427d2f-1912-453b-a1b9-6dd98ce8804f HTTP/1.1" status: 204 len: 168 time: 0.3098571
2026-05-12 07:03:10.907 9 INFO neutron.pecan_wsgi.hooks.translation [None req-e7b2b653-3e8c-43d6-8be4-1d329187aedb 05f4ce4846e74fee84228be9649f1af3 4e9eb2d57c0d4ca49758d74cc17f5c41 - - default default] GET failed (client error): The resource could not be found.
2026-05-12 07:03:10.909 9 INFO neutron.wsgi [None req-e7b2b653-3e8c-43d6-8be4-1d329187aedb 05f4ce4846e74fee84228be9649f1af3 4e9eb2d57c0d4ca49758d74cc17f5c41 - - default default] 10.0.0.89 "GET /v2.0/ports/35427d2f-1912-453b-a1b9-6dd98ce8804f HTTP/1.1" status: 404 len: 333 time: 0.0196860
2026-05-12 07:03:10.970 10 INFO neutron.wsgi [req-1545a966-2f2e-4c2f-b9eb-c43804c1e8c1 req-7977c99a-bdb6-4040-b235-fe5b5eee4261 806c7a253260400084d39b4cf2a07e2d 1266992b5c684cfeaa0eaba140cec78c - - b774e3be6e02478d8b9c718970e08311 b774e3be6e02478d8b9c718970e08311] 10.0.0.82 "GET /v2.0/networks/c19df5b5-e28d-4385-ae6c-c4a9fac70b9e?fields=provider%3Aphysical_network&fields=provider%3Anetwork_type HTTP/1.1" status: 200 len: 277 time: 0.0808098
2026-05-12 07:03:11.040 10 WARNING neutron.scheduler.dhcp_agent_scheduler [None req-3bdbe28d-0ae4-4d92-a980-0a840aa21252 72c7586ff56245af82ff4e6e186630ba 874fd224bfdf48d786280c6117fa9003 - - default default] No more DHCP agents
2026-05-12 07:03:11.043 10 WARNING neutron.api.rpc.agentnotifiers.dhcp_rpc_agent_api [None req-3bdbe28d-0ae4-4d92-a980-0a840aa21252 72c7586ff56245af82ff4e6e186630ba 874fd224bfdf48d786280c6117fa9003 - - default default] Unable to schedule network 0c2a88d1-8463-4b99-805d-419bb0144469: no agents available; will retry on subsequent port and subnet creation events.
2026-05-12 07:03:11.122 9 INFO neutron.wsgi [None req-dab0eb9c-9d4a-4cf5-8534-993e6461b0d8 05f4ce4846e74fee84228be9649f1af3 4e9eb2d57c0d4ca49758d74cc17f5c41 - - default default] 10.0.0.89 "DELETE /v2.0/subnets/7625df9a-e246-4f54-bfad-f451ece5ed65 HTTP/1.1" status: 204 len: 168 time: 0.2081361
2026-05-12 07:03:11.223 10 INFO neutron.db.ovn_revision_numbers_db [None req-3bdbe28d-0ae4-4d92-a980-0a840aa21252 72c7586ff56245af82ff4e6e186630ba 874fd224bfdf48d786280c6117fa9003 - - default default] Successfully bumped revision number for resource 5f829cd7-2642-4990-83b1-991a127e3915 (type: ports) to 1
2026-05-12 07:03:11.254 10 INFO neutron.wsgi [None req-3bdbe28d-0ae4-4d92-a980-0a840aa21252 72c7586ff56245af82ff4e6e186630ba 874fd224bfdf48d786280c6117fa9003 - - default default] 10.0.0.89 "POST /v2.0/ports HTTP/1.1" status: 201 len: 1154 time: 0.6742268 /var/lib/openstack/lib/python3.10/site-packages/pycadf/identifier.py:71: UserWarning: Invalid uuid: neutron. To ensure interoperability, identifiers should be a valid uuid. warnings.warn(('Invalid uuid: %s. To ensure interoperability, '
2026-05-12 07:03:11.318 10 INFO neutron.wsgi [req-7327d485-0a5b-4573-a211-c3db2459a829 req-8f58b2e8-9269-4009-8d4f-b19c178a4a9a d36b98a16af44463a01e9ed50f660b5a aeae44ff286d4d4096afc3511d6a7964 - - default default] 10.0.0.82 "GET /v2.0/ports?device_id=057fa315-2883-444d-a8e9-9376b4c14667 HTTP/1.1" status: 200 len: 210 time: 0.0347846
2026-05-12 07:03:11.706 10 WARNING neutron.scheduler.dhcp_agent_scheduler [None req-19b07a94-d5d4-40e8-a5c0-51e1eccb56e3 72c7586ff56245af82ff4e6e186630ba 874fd224bfdf48d786280c6117fa9003 - - default default] No more DHCP agents
2026-05-12 07:03:11.709 10 WARNING neutron.api.rpc.agentnotifiers.dhcp_rpc_agent_api [None req-19b07a94-d5d4-40e8-a5c0-51e1eccb56e3 72c7586ff56245af82ff4e6e186630ba 874fd224bfdf48d786280c6117fa9003 - - default default] Unable to schedule network 0c2a88d1-8463-4b99-805d-419bb0144469: no agents available; will retry on subsequent port and subnet creation events.
2026-05-12 07:03:11.830 9 INFO neutron.services.segments.plugin [-] Segment b0030535-c2f5-4405-8d33-be5e27244f34 resource provider aggregate not found
2026-05-12 07:03:11.836 9 INFO neutron.services.segments.plugin [-] Segment b0030535-c2f5-4405-8d33-be5e27244f34 resource provider aggregate not found
2026-05-12 07:03:11.847 9 INFO neutron.services.segments.plugin [-] Segment b0030535-c2f5-4405-8d33-be5e27244f34 resource provider not found; error: Placement Client Error (4xx): {"errors": [{"status": 404, "title": "Not Found", "detail": "The resource could not be found.\n\n No resource provider with uuid b0030535-c2f5-4405-8d33-be5e27244f34 found for delete ", "request_id": "req-4a2101e9-1dbf-4369-a2bd-e3b745cf0cbe"}]}
