Mar 26 01:11:10.451270 np0000160870 devstack@neutron-api.service[104399]: DEBUG neutron.api.extensions [None req-b20aba6e-311f-4622-9bd4-c5c71f615785 None None] Ext name="Distributed Virtual Router" alias="dvr" description="Enables configuration of Distributed Virtual Routers." updated="2014-06-1T10:00:00-00:00" {{(pid=104399) _check_extension /opt/stack/neutron/neutron/api/extensions.py:415}}
Mar 26 01:11:10.451355 np0000160870 devstack@neutron-api.service[104399]: INFO neutron.api.extensions [None req-b20aba6e-311f-4622-9bd4-c5c71f615785 None None] Extension dvr not supported by any of loaded plugins
Mar 26 01:11:10.451666 np0000160870 devstack@neutron-api.service[104399]: DEBUG neutron.api.extensions [None req-b20aba6e-311f-4622-9bd4-c5c71f615785 None None] Loading extension file: ecmp_routes.py {{(pid=104399) _load_all_extensions_from_path /opt/stack/neutron/neutron/api/extensions.py:449}}
Mar 26 01:11:10.451823 np0000160870 devstack@neutron-api.service[104396]: DEBUG neutron.manager [None req-c0669047-aada-461e-9796-64d181dc9ad6 None None] Successfully loaded revision_plugin plugin. Description: Adds revision numbers to resources. {{(pid=104396) _create_and_add_service_plugin /opt/stack/neutron/neutron/manager.py:239}}
Mar 26 01:11:10.451823 np0000160870 devstack@neutron-api.service[104396]: DEBUG oslo_concurrency.lockutils [None req-c0669047-aada-461e-9796-64d181dc9ad6 None None] Lock "manager" "released" by "neutron.manager.NeutronManager._create_instance" :: held 4.507s {{(pid=104396) inner /opt/stack/data/venv/lib/python3.12/site-packages/oslo_concurrency/lockutils.py:538}}
Mar 26 01:11:10.452051 np0000160870 devstack@neutron-api.service[104399]: DEBUG neutron.api.extensions [None req-b20aba6e-311f-4622-9bd4-c5c71f615785 None None] Ext name="Equal Cost Multipath Routing" alias="ecmp_routes" description="Allows traffic to reach thesame destination via multiple different links " updated="2020-11-26T18:00:00-00:00" {{(pid=104399) _check_extension /opt/stack/neutron/neutron/api/extensions.py:415}}
Mar 26 01:11:10.452051 np0000160870 devstack@neutron-api.service[104399]: INFO neutron.api.extensions [None req-b20aba6e-311f-4622-9bd4-c5c71f615785 None None] Extension ecmp_routes not supported by any of loaded plugins
Mar 26 01:11:10.452286 np0000160870 devstack@neutron-api.service[104396]: DEBUG neutron.api.extensions [None req-c0669047-aada-461e-9796-64d181dc9ad6 None None] get_extension_paths = OrderedDict({'/opt/stack/neutron/neutron/extensions': 1}) {{(pid=104396) get_extensions_path /opt/stack/neutron/neutron/api/extensions.py:640}}
Mar 26 01:11:10.452426 np0000160870 devstack@neutron-api.service[104399]: DEBUG neutron.api.extensions [None req-b20aba6e-311f-4622-9bd4-c5c71f615785 None None] Loading extension file: empty_string_filtering.py {{(pid=104399) _load_all_extensions_from_path /opt/stack/neutron/neutron/api/extensions.py:449}}
Mar 26 01:11:10.452487 np0000160870 devstack@neutron-api.service[104396]: INFO neutron.api.extensions [None req-c0669047-aada-461e-9796-64d181dc9ad6 None None] Initializing extension manager.
Mar 26 01:11:10.452613 np0000160870 devstack@neutron-api.service[104399]: DEBUG neutron.api.extensions [None req-b20aba6e-311f-4622-9bd4-c5c71f615785 None None] Ext name="Empty String Filtering Extension" alias="empty-string-filtering" description="Allow filtering by attributes with empty string value" updated="2018-05-01T10:00:00-00:00" {{(pid=104399) _check_extension /opt/stack/neutron/neutron/api/extensions.py:415}}
Mar 26 01:11:10.452613 np0000160870 devstack@neutron-api.service[104399]: INFO neutron.api.extensions [None req-b20aba6e-311f-4622-9bd4-c5c71f615785 None None] Loaded extension: empty-string-filtering
Mar 26 01:11:10.452808 np0000160870 devstack@neutron-api.service[104396]: DEBUG neutron.api.extensions [None req-c0669047-aada-461e-9796-64d181dc9ad6 None None] Loading extension file: __init__.py {{(pid=104396) _load_all_extensions_from_path /opt/stack/neutron/neutron/api/extensions.py:449}}
Mar 26 01:11:10.452889 np0000160870 devstack@neutron-api.service[104399]: DEBUG neutron.api.extensions [None req-b20aba6e-311f-4622-9bd4-c5c71f615785 None None] Loading extension file: expose_l3_conntrack_helper.py {{(pid=104399) _load_all_extensions_from_path /opt/stack/neutron/neutron/api/extensions.py:449}}
Mar 26 01:11:10.452945 np0000160870 devstack@neutron-api.service[104396]: DEBUG neutron.api.extensions [None req-c0669047-aada-461e-9796-64d181dc9ad6 None None] Loading extension file: __pycache__ {{(pid=104396) _load_all_extensions_from_path /opt/stack/neutron/neutron/api/extensions.py:449}}
Mar 26 01:11:10.452945 np0000160870 devstack@neutron-api.service[104396]: DEBUG neutron.api.extensions [None req-c0669047-aada-461e-9796-64d181dc9ad6 None None] Loading extension file: address_group.py {{(pid=104396) _load_all_extensions_from_path /opt/stack/neutron/neutron/api/extensions.py:449}}
Mar 26 01:11:10.452991 np0000160870 devstack@neutron-api.service[104399]: DEBUG neutron.api.extensions [None req-b20aba6e-311f-4622-9bd4-c5c71f615785 None None] Ext name="Expose CT target rules for conntrack helper" alias="expose-l3-conntrack-helper" description="Expose allow adding CT target rules for conntrack helper" updated="2019-04-04T10:00:00-00:00" {{(pid=104399) _check_extension /opt/stack/neutron/neutron/api/extensions.py:415}}
Mar 26 01:11:10.452991 np0000160870 devstack@neutron-api.service[104399]: INFO neutron.api.extensions [None req-b20aba6e-311f-4622-9bd4-c5c71f615785 None None] Extension expose-l3-conntrack-helper not supported by any of loaded plugins
Mar 26 01:11:10.452991 np0000160870 devstack@neutron-api.service[104399]: DEBUG neutron.api.extensions [None req-b20aba6e-311f-4622-9bd4-c5c71f615785 None None] Loading extension file: expose_port_forwarding_in_fip.py {{(pid=104399) _load_all_extensions_from_path /opt/stack/neutron/neutron/api/extensions.py:449}}
Mar 26 01:11:10.453115 np0000160870 devstack@neutron-api.service[104396]: DEBUG neutron.api.extensions [None req-c0669047-aada-461e-9796-64d181dc9ad6 None None] Ext name="Address group" alias="address-group" description="Support address group" updated="2020-07-15T10:00:00-00:00" {{(pid=104396) _check_extension /opt/stack/neutron/neutron/api/extensions.py:415}}
Mar 26 01:11:10.453140 np0000160870 devstack@neutron-api.service[104397]: DEBUG neutron_lib.callbacks.manager [None req-6fa7107d-5fa5-4228-b816-cfeeaf1920b7 None None] Subscribe: > process before_spawn 55550000, False {{(pid=104397) subscribe /opt/stack/data/venv/lib/python3.12/site-packages/neutron_lib/callbacks/manager.py:52}}
Mar 26 01:11:10.453191 np0000160870 devstack@neutron-api.service[104399]: DEBUG neutron.api.extensions [None req-b20aba6e-311f-4622-9bd4-c5c71f615785 None None] Ext name="Expose Floating IP port forwardings" alias="expose-port-forwarding-in-fip" description="Expose port forwarding fields in floating IP response" updated="2018-06-28T16:00:00-00:00" {{(pid=104399) _check_extension /opt/stack/neutron/neutron/api/extensions.py:415}}
Mar 26 01:11:10.453218 np0000160870 devstack@neutron-api.service[104397]: DEBUG neutron_lib.callbacks.manager [None req-6fa7107d-5fa5-4228-b816-cfeeaf1920b7 None None] Subscribe: > process after_init 55550000, True {{(pid=104397) subscribe /opt/stack/data/venv/lib/python3.12/site-packages/neutron_lib/callbacks/manager.py:52}}
Mar 26 01:11:10.453269 np0000160870 devstack@neutron-api.service[104399]: INFO neutron.api.extensions [None req-b20aba6e-311f-4622-9bd4-c5c71f615785 None None] Extension expose-port-forwarding-in-fip not supported by any of loaded plugins
Mar 26 01:11:10.453301 np0000160870 devstack@neutron-api.service[104396]: INFO neutron.api.extensions [None req-c0669047-aada-461e-9796-64d181dc9ad6 None None] Loaded extension: address-group
Mar 26 01:11:10.453360 np0000160870 devstack@neutron-api.service[104397]: DEBUG neutron_lib.callbacks.manager [None req-6fa7107d-5fa5-4228-b816-cfeeaf1920b7 None None] Subscribe: > segment after_create 55550000, False {{(pid=104397) subscribe /opt/stack/data/venv/lib/python3.12/site-packages/neutron_lib/callbacks/manager.py:52}}
Mar 26 01:11:10.453390 np0000160870 devstack@neutron-api.service[104399]: DEBUG neutron.api.extensions [None req-b20aba6e-311f-4622-9bd4-c5c71f615785 None None] Loading extension file: external_net.py {{(pid=104399) _load_all_extensions_from_path /opt/stack/neutron/neutron/api/extensions.py:449}}
Mar 26 01:11:10.453440 np0000160870 devstack@neutron-api.service[104396]: DEBUG neutron.api.extensions [None req-c0669047-aada-461e-9796-64d181dc9ad6 None None] Loading extension file: address_scope.py {{(pid=104396) _load_all_extensions_from_path /opt/stack/neutron/neutron/api/extensions.py:449}}
Mar 26 01:11:10.453466 np0000160870 devstack@neutron-api.service[104397]: DEBUG neutron_lib.callbacks.manager [None req-6fa7107d-5fa5-4228-b816-cfeeaf1920b7 None None] Subscribe: > segment after_create 55550000, False {{(pid=104397) subscribe /opt/stack/data/venv/lib/python3.12/site-packages/neutron_lib/callbacks/manager.py:52}}
Mar 26 01:11:10.453466 np0000160870 devstack@neutron-api.service[104397]: DEBUG neutron_lib.callbacks.manager [None req-6fa7107d-5fa5-4228-b816-cfeeaf1920b7 None None] Subscribe: > segment after_delete 55550000, False {{(pid=104397) subscribe /opt/stack/data/venv/lib/python3.12/site-packages/neutron_lib/callbacks/manager.py:52}}
Mar 26 01:11:10.453561 np0000160870 devstack@neutron-api.service[104399]: DEBUG neutron.api.extensions [None req-b20aba6e-311f-4622-9bd4-c5c71f615785 None None] Ext name="Neutron external network" alias="external-net" description="Adds external network attribute to network resource." updated="2013-01-14T10:00:00-00:00" {{(pid=104399) _check_extension /opt/stack/neutron/neutron/api/extensions.py:415}}
Mar 26 01:11:10.453615 np0000160870 devstack@neutron-api.service[104397]: DEBUG neutron_lib.callbacks.manager [None req-6fa7107d-5fa5-4228-b816-cfeeaf1920b7 None None] Subscribe: > allowed_address_pair before_create 55550000, False {{(pid=104397) subscribe /opt/stack/data/venv/lib/python3.12/site-packages/neutron_lib/callbacks/manager.py:52}}
Mar 26 01:11:10.453642 np0000160870 devstack@neutron-api.service[104396]: DEBUG neutron.api.extensions [None req-c0669047-aada-461e-9796-64d181dc9ad6 None None] Ext name="Address scope" alias="address-scope" description="Address scopes extension." updated="2015-07-26T10:00:00-00:00" {{(pid=104396) _check_extension /opt/stack/neutron/neutron/api/extensions.py:415}}
Mar 26 01:11:10.453703 np0000160870 devstack@neutron-api.service[104397]: DEBUG neutron_lib.callbacks.manager [None req-6fa7107d-5fa5-4228-b816-cfeeaf1920b7 None None] Subscribe: > security_group precommit_create 55550000, False {{(pid=104397) subscribe /opt/stack/data/venv/lib/python3.12/site-packages/neutron_lib/callbacks/manager.py:52}}
Mar 26 01:11:10.453734 np0000160870 devstack@neutron-api.service[104399]: INFO neutron.api.extensions [None req-b20aba6e-311f-4622-9bd4-c5c71f615785 None None] Loaded extension: external-net
Mar 26 01:11:10.453787 np0000160870 devstack@neutron-api.service[104399]: DEBUG neutron.api.extensions [None req-b20aba6e-311f-4622-9bd4-c5c71f615785 None None] Loading extension file: extra_dhcp_opt.py {{(pid=104399) _load_all_extensions_from_path /opt/stack/neutron/neutron/api/extensions.py:449}}
Mar 26 01:11:10.453811 np0000160870 devstack@neutron-api.service[104397]: DEBUG neutron_lib.callbacks.manager [None req-6fa7107d-5fa5-4228-b816-cfeeaf1920b7 None None] Subscribe: > security_group after_update 55550000, False {{(pid=104397) subscribe /opt/stack/data/venv/lib/python3.12/site-packages/neutron_lib/callbacks/manager.py:52}}
Mar 26 01:11:10.453889 np0000160870 devstack@neutron-api.service[104396]: INFO neutron.api.extensions [None req-c0669047-aada-461e-9796-64d181dc9ad6 None None] Loaded extension: address-scope
Mar 26 01:11:10.453914 np0000160870 devstack@neutron-api.service[104397]: DEBUG neutron_lib.callbacks.manager [None req-6fa7107d-5fa5-4228-b816-cfeeaf1920b7 None None] Subscribe: > security_group after_create 55550000, False {{(pid=104397) subscribe /opt/stack/data/venv/lib/python3.12/site-packages/neutron_lib/callbacks/manager.py:52}}
Mar 26 01:11:10.453973 np0000160870 devstack@neutron-api.service[104396]: DEBUG neutron.api.extensions [None req-c0669047-aada-461e-9796-64d181dc9ad6 None None] Loading extension file: admin_state_down_before_update.py {{(pid=104396) _load_all_extensions_from_path /opt/stack/neutron/neutron/api/extensions.py:449}}
Mar 26 01:11:10.453999 np0000160870 devstack@neutron-api.service[104397]: DEBUG neutron_lib.callbacks.manager [None req-6fa7107d-5fa5-4228-b816-cfeeaf1920b7 None None] Subscribe: > security_group precommit_delete 55550000, False {{(pid=104397) subscribe /opt/stack/data/venv/lib/python3.12/site-packages/neutron_lib/callbacks/manager.py:52}}
Mar 26 01:11:10.454054 np0000160870 devstack@neutron-api.service[104399]: DEBUG neutron.api.extensions [None req-b20aba6e-311f-4622-9bd4-c5c71f615785 None None] Ext name="Neutron Extra DHCP options" alias="extra_dhcp_opt" description="Extra options configuration for DHCP. For example PXE boot options to DHCP clients can be specified (e.g. tftp-server, server-ip-address, bootfile-name)" updated="2013-03-17T12:00:00-00:00" {{(pid=104399) _check_extension /opt/stack/neutron/neutron/api/extensions.py:415}}
Mar 26 01:11:10.454112 np0000160870 devstack@neutron-api.service[104397]: DEBUG neutron_lib.callbacks.manager [None req-6fa7107d-5fa5-4228-b816-cfeeaf1920b7 None None] Subscribe: > security_group after_delete 55550000, False {{(pid=104397) subscribe /opt/stack/data/venv/lib/python3.12/site-packages/neutron_lib/callbacks/manager.py:52}}
Mar 26 01:11:10.454741 np0000160870 devstack@neutron-api.service[104399]: INFO neutron.api.extensions [None req-b20aba6e-311f-4622-9bd4-c5c71f615785 None None] Loaded extension: extra_dhcp_opt
Mar 26 01:11:10.454974 np0000160870 devstack@neutron-api.service[104396]: DEBUG neutron.api.extensions [None req-c0669047-aada-461e-9796-64d181dc9ad6 None None] Ext name="Enforce Router's Admin State Down Before Update Extension" alias="router-admin-state-down-before-update" description="Ensure that the admin state of a router is DOWN (admin_state_up=False) before updating the distributed attribute" updated="2019-07-02T15:56:00" {{(pid=104396) _check_extension /opt/stack/neutron/neutron/api/extensions.py:415}}
Mar 26 01:11:10.455157 np0000160870 devstack@neutron-api.service[104397]: DEBUG neutron_lib.callbacks.manager [None req-6fa7107d-5fa5-4228-b816-cfeeaf1920b7 None None] Subscribe: > security_group_rule precommit_create 55550000, False {{(pid=104397) subscribe /opt/stack/data/venv/lib/python3.12/site-packages/neutron_lib/callbacks/manager.py:52}}
Mar 26 01:11:10.455304 np0000160870 devstack@neutron-api.service[104399]: DEBUG neutron.api.extensions [None req-b20aba6e-311f-4622-9bd4-c5c71f615785 None None] Loading extension file: extraroute.py {{(pid=104399) _load_all_extensions_from_path /opt/stack/neutron/neutron/api/extensions.py:449}}
Mar 26 01:11:10.455400 np0000160870 devstack@neutron-api.service[104397]: DEBUG neutron_lib.callbacks.manager [None req-6fa7107d-5fa5-4228-b816-cfeeaf1920b7 None None] Subscribe: > security_group_rule after_create 55550000, False {{(pid=104397) subscribe /opt/stack/data/venv/lib/python3.12/site-packages/neutron_lib/callbacks/manager.py:52}}
Mar 26 01:11:10.455558 np0000160870 devstack@neutron-api.service[104396]: INFO neutron.api.extensions [None req-c0669047-aada-461e-9796-64d181dc9ad6 None None] Extension router-admin-state-down-before-update not supported by any of loaded plugins
Mar 26 01:11:10.455609 np0000160870 devstack@neutron-api.service[104397]: DEBUG neutron_lib.callbacks.manager [None req-6fa7107d-5fa5-4228-b816-cfeeaf1920b7 None None] Subscribe: > security_group_rule before_delete 55550000, False {{(pid=104397) subscribe /opt/stack/data/venv/lib/python3.12/site-packages/neutron_lib/callbacks/manager.py:52}}
Mar 26 01:11:10.455758 np0000160870 devstack@neutron-api.service[104396]: DEBUG neutron.api.extensions [None req-c0669047-aada-461e-9796-64d181dc9ad6 None None] Loading extension file: agent.py {{(pid=104396) _load_all_extensions_from_path /opt/stack/neutron/neutron/api/extensions.py:449}}
Mar 26 01:11:10.455854 np0000160870 devstack@neutron-api.service[104399]: DEBUG neutron.api.extensions [None req-b20aba6e-311f-4622-9bd4-c5c71f615785 None None] Ext name="Neutron Extra Route" alias="extraroute" description="Extra routes configuration for L3 router" updated="2013-02-01T10:00:00-00:00" {{(pid=104399) _check_extension /opt/stack/neutron/neutron/api/extensions.py:415}}
Mar 26 01:11:10.455996 np0000160870 devstack@neutron-api.service[104397]: DEBUG neutron_lib.callbacks.manager [None req-6fa7107d-5fa5-4228-b816-cfeeaf1920b7 None None] Subscribe: > address_group after_create 55550000, False {{(pid=104397) subscribe /opt/stack/data/venv/lib/python3.12/site-packages/neutron_lib/callbacks/manager.py:52}}
Mar 26 01:11:10.455996 np0000160870 devstack@neutron-api.service[104397]: DEBUG neutron_lib.callbacks.manager [None req-6fa7107d-5fa5-4228-b816-cfeeaf1920b7 None None] Subscribe: > address_group after_update 55550000, False {{(pid=104397) subscribe /opt/stack/data/venv/lib/python3.12/site-packages/neutron_lib/callbacks/manager.py:52}}
Mar 26 01:11:10.456184 np0000160870 devstack@neutron-api.service[104399]: INFO neutron.api.extensions [None req-b20aba6e-311f-4622-9bd4-c5c71f615785 None None] Loaded extension: extraroute
Mar 26 01:11:10.456321 np0000160870 devstack@neutron-api.service[104397]: DEBUG neutron_lib.callbacks.manager [None req-6fa7107d-5fa5-4228-b816-cfeeaf1920b7 None None] Subscribe: > address_group after_delete 55550000, False {{(pid=104397) subscribe /opt/stack/data/venv/lib/python3.12/site-packages/neutron_lib/callbacks/manager.py:52}}
Mar 26 01:11:10.456428 np0000160870 devstack@neutron-api.service[104399]: DEBUG neutron.api.extensions [None req-b20aba6e-311f-4622-9bd4-c5c71f615785 None None] Loading extension file: extraroute_atomic.py {{(pid=104399) _load_all_extensions_from_path /opt/stack/neutron/neutron/api/extensions.py:449}}
Mar 26 01:11:10.456608 np0000160870 devstack@neutron-api.service[104396]: DEBUG neutron.api.extensions [None req-c0669047-aada-461e-9796-64d181dc9ad6 None None] Ext name="agent" alias="agent" description="The agent management extension." updated="2013-02-03T10:00:00-00:00" {{(pid=104396) _check_extension /opt/stack/neutron/neutron/api/extensions.py:415}}
Mar 26 01:11:10.456733 np0000160870 devstack@neutron-api.service[104397]: DEBUG neutron_lib.callbacks.manager [None req-6fa7107d-5fa5-4228-b816-cfeeaf1920b7 None None] Subscribe: > qos_plugin after_init 55550000, False {{(pid=104397) subscribe /opt/stack/data/venv/lib/python3.12/site-packages/neutron_lib/callbacks/manager.py:52}}
Mar 26 01:11:10.456801 np0000160870 devstack@neutron-api.service[104396]: INFO neutron.api.extensions [None req-c0669047-aada-461e-9796-64d181dc9ad6 None None] Loaded extension: agent
Mar 26 01:11:10.456852 np0000160870 devstack@neutron-api.service[104399]: DEBUG neutron.api.extensions [None req-b20aba6e-311f-4622-9bd4-c5c71f615785 None None] Ext name="Atomically add/remove extra routes" alias="extraroute-atomic" description="Edit extra routes of a router on server side by atomically adding/removing extra routes" updated="2019-07-10T00:00:00+00:00" {{(pid=104399) _check_extension /opt/stack/neutron/neutron/api/extensions.py:415}}
Mar 26 01:11:10.456878 np0000160870 devstack@neutron-api.service[104396]: DEBUG neutron.api.extensions [None req-c0669047-aada-461e-9796-64d181dc9ad6 None None] Loading extension file: agent_resources_synced.py {{(pid=104396) _load_all_extensions_from_path /opt/stack/neutron/neutron/api/extensions.py:449}}
Mar 26 01:11:10.456907 np0000160870 devstack@neutron-api.service[104397]: DEBUG neutron_lib.callbacks.manager [None req-6fa7107d-5fa5-4228-b816-cfeeaf1920b7 None None] Subscribe: > trunk_plugin after_init 55550000, False {{(pid=104397) subscribe /opt/stack/data/venv/lib/python3.12/site-packages/neutron_lib/callbacks/manager.py:52}}
Mar 26 01:11:10.456956 np0000160870 devstack@neutron-api.service[104399]: INFO neutron.api.extensions [None req-b20aba6e-311f-4622-9bd4-c5c71f615785 None None] Loaded extension: extraroute-atomic
Mar 26 01:11:10.456956 np0000160870 devstack@neutron-api.service[104399]: DEBUG neutron.api.extensions [None req-b20aba6e-311f-4622-9bd4-c5c71f615785 None None] Loading extension file: filter_validation.py {{(pid=104399) _load_all_extensions_from_path /opt/stack/neutron/neutron/api/extensions.py:449}}
Mar 26 01:11:10.457008 np0000160870 devstack@neutron-api.service[104396]: DEBUG neutron.api.extensions [None req-c0669047-aada-461e-9796-64d181dc9ad6 None None] Ext name="Agent's Resource View Synced to Placement" alias="agent-resources-synced" description="Stores success/failure of last sync to Placement" updated="2018-12-19T00:00:00-00:00" {{(pid=104396) _check_extension /opt/stack/neutron/neutron/api/extensions.py:415}}
Mar 26 01:11:10.457059 np0000160870 devstack@neutron-api.service[104397]: DEBUG neutron_lib.callbacks.manager [None req-6fa7107d-5fa5-4228-b816-cfeeaf1920b7 None None] Subscribe: > logging-plugin after_init 55550000, False {{(pid=104397) subscribe /opt/stack/data/venv/lib/python3.12/site-packages/neutron_lib/callbacks/manager.py:52}}
Mar 26 01:11:10.457089 np0000160870 devstack@neutron-api.service[104396]: INFO neutron.api.extensions [None req-c0669047-aada-461e-9796-64d181dc9ad6 None None] Extension agent-resources-synced not supported by any of loaded plugins
Mar 26 01:11:10.457139 np0000160870 devstack@neutron-api.service[104399]: DEBUG neutron.api.extensions [None req-b20aba6e-311f-4622-9bd4-c5c71f615785 None None] Ext name="Filter parameters validation" alias="filter-validation" description="Provides validation on filter parameters." updated="2018-07-04T10:00:00-00:00" {{(pid=104399) _check_extension /opt/stack/neutron/neutron/api/extensions.py:415}}
Mar 26 01:11:10.457165 np0000160870 devstack@neutron-api.service[104396]: DEBUG neutron.api.extensions [None req-c0669047-aada-461e-9796-64d181dc9ad6 None None] Loading extension file: allowedaddresspairs.py {{(pid=104396) _load_all_extensions_from_path /opt/stack/neutron/neutron/api/extensions.py:449}}
Mar 26 01:11:10.457225 np0000160870 devstack@neutron-api.service[104399]: INFO neutron.api.extensions [None req-b20aba6e-311f-4622-9bd4-c5c71f615785 None None] Loaded extension: filter-validation
Mar 26 01:11:10.457225 np0000160870 devstack@neutron-api.service[104399]: DEBUG neutron.api.extensions [None req-b20aba6e-311f-4622-9bd4-c5c71f615785 None None] Loading extension file: fip_pf_description.py {{(pid=104399) _load_all_extensions_from_path /opt/stack/neutron/neutron/api/extensions.py:449}}
Mar 26 01:11:10.457268 np0000160870 devstack@neutron-api.service[104397]: INFO neutron.services.logapi.drivers.ovn.driver [None req-6fa7107d-5fa5-4228-b816-cfeeaf1920b7 None None] OVN logging driver registered
Mar 26 01:11:10.457318 np0000160870 devstack@neutron-api.service[104399]: DEBUG neutron.api.extensions [None req-b20aba6e-311f-4622-9bd4-c5c71f615785 None None] Ext name="Floating IP Port Forwarding new attribute description" alias="floating-ip-port-forwarding-description" description="Add a description field to Port Forwarding rules" updated="2019-11-01T10:00:00-00:00" {{(pid=104399) _check_extension /opt/stack/neutron/neutron/api/extensions.py:415}}
Mar 26 01:11:10.457318 np0000160870 devstack@neutron-api.service[104399]: INFO neutron.api.extensions [None req-b20aba6e-311f-4622-9bd4-c5c71f615785 None None] Extension floating-ip-port-forwarding-description not supported by any of loaded plugins
Mar 26 01:11:10.457318 np0000160870 devstack@neutron-api.service[104399]: DEBUG neutron.api.extensions [None req-b20aba6e-311f-4622-9bd4-c5c71f615785 None None] Loading extension file: fip_pf_detail.py {{(pid=104399) _load_all_extensions_from_path /opt/stack/neutron/neutron/api/extensions.py:449}}
Mar 26 01:11:10.457437 np0000160870 devstack@neutron-api.service[104396]: DEBUG neutron.api.extensions [None req-c0669047-aada-461e-9796-64d181dc9ad6 None None] Ext name="Allowed Address Pairs" alias="allowed-address-pairs" description="Provides allowed address pairs" updated="2013-07-23T10:00:00-00:00" {{(pid=104396) _check_extension /opt/stack/neutron/neutron/api/extensions.py:415}}
Mar 26 01:11:10.457464 np0000160870 devstack@neutron-api.service[104399]: DEBUG neutron.api.extensions [None req-b20aba6e-311f-4622-9bd4-c5c71f615785 None None] Ext name="Floating IP port forwarding detail" alias="floating-ip-port-forwarding-detail" description="Allow list floating ip return more port forwarding data, include'id' and 'internal_port_id'" updated="2022-05-06T10:00:00-00:00" {{(pid=104399) _check_extension /opt/stack/neutron/neutron/api/extensions.py:415}}
Mar 26 01:11:10.457520 np0000160870 devstack@neutron-api.service[104396]: INFO neutron.api.extensions [None req-c0669047-aada-461e-9796-64d181dc9ad6 None None] Loaded extension: allowed-address-pairs
Mar 26 01:11:10.457520 np0000160870 devstack@neutron-api.service[104396]: DEBUG neutron.api.extensions [None req-c0669047-aada-461e-9796-64d181dc9ad6 None None] Loading extension file: auto_allocated_topology.py {{(pid=104396) _load_all_extensions_from_path /opt/stack/neutron/neutron/api/extensions.py:449}}
Mar 26 01:11:10.457909 np0000160870 devstack@neutron-api.service[104399]: INFO neutron.api.extensions [None req-b20aba6e-311f-4622-9bd4-c5c71f615785 None None] Loaded extension: floating-ip-port-forwarding-detail
Mar 26 01:11:10.457909 np0000160870 devstack@neutron-api.service[104399]: DEBUG neutron.api.extensions [None req-b20aba6e-311f-4622-9bd4-c5c71f615785 None None] Loading extension file: fip_pf_port_range.py {{(pid=104399) _load_all_extensions_from_path /opt/stack/neutron/neutron/api/extensions.py:449}}
Mar 26 01:11:10.458228 np0000160870 devstack@neutron-api.service[104396]: DEBUG neutron.api.extensions [None req-c0669047-aada-461e-9796-64d181dc9ad6 None None] Ext name="Auto Allocated Topology Services" alias="auto-allocated-topology" description="Auto Allocated Topology Services." updated="2016-01-01T00:00:00-00:00" {{(pid=104396) _check_extension /opt/stack/neutron/neutron/api/extensions.py:415}}
Mar 26 01:11:10.458463 np0000160870 devstack@neutron-api.service[104399]: DEBUG neutron.api.extensions [None req-b20aba6e-311f-4622-9bd4-c5c71f615785 None None] Ext name="Floating IP Port Forwarding support port ranges" alias="floating-ip-port-forwarding-port-ranges" description="Add support to port ranges" updated="2020-07-01T10:00:00-00:00" {{(pid=104399) _check_extension /opt/stack/neutron/neutron/api/extensions.py:415}}
Mar 26 01:11:10.458663 np0000160870 devstack@neutron-api.service[104396]: INFO neutron.api.extensions [None req-c0669047-aada-461e-9796-64d181dc9ad6 None None] Loaded extension: auto-allocated-topology
Mar 26 01:11:10.458810 np0000160870 devstack@neutron-api.service[104399]: INFO neutron.api.extensions [None req-b20aba6e-311f-4622-9bd4-c5c71f615785 None None] Extension floating-ip-port-forwarding-port-ranges not supported by any of loaded plugins
Mar 26 01:11:10.458950 np0000160870 devstack@neutron-api.service[104396]: DEBUG neutron.api.extensions [None req-c0669047-aada-461e-9796-64d181dc9ad6 None None] Loading extension file: availability_zone.py {{(pid=104396) _load_all_extensions_from_path /opt/stack/neutron/neutron/api/extensions.py:449}}
Mar 26 01:11:10.459027 np0000160870 devstack@neutron-api.service[104399]: DEBUG neutron.api.extensions [None req-b20aba6e-311f-4622-9bd4-c5c71f615785 None None] Loading extension file: fip_port_details.py {{(pid=104399) _load_all_extensions_from_path /opt/stack/neutron/neutron/api/extensions.py:449}}
Mar 26 01:11:10.459083 np0000160870 devstack@neutron-api.service[104397]: DEBUG neutron.plugins.ml2.plugin [None req-6fa7107d-5fa5-4228-b816-cfeeaf1920b7 None None] neutron.plugins.ml2.plugin.Ml2Plugin method _start_rpc_notifiers called with arguments () {} {{(pid=104397) wrapper /opt/stack/data/venv/lib/python3.12/site-packages/oslo_log/helpers.py:77}}
Mar 26 01:11:10.459110 np0000160870 devstack@neutron-api.service[104399]: DEBUG neutron.api.extensions [None req-b20aba6e-311f-4622-9bd4-c5c71f615785 None None] Ext name="Floating IP Port Details Extension" alias="fip-port-details" description="Add port_details attribute to Floating IP resource" updated="2018-04-09T10:00:00-00:00" {{(pid=104399) _check_extension /opt/stack/neutron/neutron/api/extensions.py:415}}
Mar 26 01:11:10.459163 np0000160870 devstack@neutron-api.service[104396]: DEBUG neutron.api.extensions [None req-c0669047-aada-461e-9796-64d181dc9ad6 None None] Ext name="Availability Zone" alias="availability_zone" description="The availability zone extension." updated="2015-01-01T10:00:00-00:00" {{(pid=104396) _check_extension /opt/stack/neutron/neutron/api/extensions.py:415}}
Mar 26 01:11:10.459163 np0000160870 devstack@neutron-api.service[104396]: INFO neutron.api.extensions [None req-c0669047-aada-461e-9796-64d181dc9ad6 None None] Loaded extension: availability_zone
Mar 26 01:11:10.459213 np0000160870 devstack@neutron-api.service[104397]: DEBUG neutron_lib.callbacks.manager [None req-6fa7107d-5fa5-4228-b816-cfeeaf1920b7 None None] Subscribe: > port after_create 55550000, False {{(pid=104397) subscribe /opt/stack/data/venv/lib/python3.12/site-packages/neutron_lib/callbacks/manager.py:52}}
Mar 26 01:11:10.459269 np0000160870 devstack@neutron-api.service[104399]: INFO neutron.api.extensions [None req-b20aba6e-311f-4622-9bd4-c5c71f615785 None None] Loaded extension: fip-port-details
Mar 26 01:11:10.459319 np0000160870 devstack@neutron-api.service[104396]: DEBUG neutron.api.extensions [None req-c0669047-aada-461e-9796-64d181dc9ad6 None None] Loading extension file: availability_zone_filter.py {{(pid=104396) _load_all_extensions_from_path /opt/stack/neutron/neutron/api/extensions.py:449}}
Mar 26 01:11:10.459342 np0000160870 devstack@neutron-api.service[104397]: DEBUG neutron_lib.callbacks.manager [None req-6fa7107d-5fa5-4228-b816-cfeeaf1920b7 None None] Subscribe: > port after_update 55550000, False {{(pid=104397) subscribe /opt/stack/data/venv/lib/python3.12/site-packages/neutron_lib/callbacks/manager.py:52}}
Mar 26 01:11:10.459367 np0000160870 devstack@neutron-api.service[104399]: DEBUG neutron.api.extensions [None req-b20aba6e-311f-4622-9bd4-c5c71f615785 None None] Loading extension file: flavors.py {{(pid=104399) _load_all_extensions_from_path /opt/stack/neutron/neutron/api/extensions.py:449}}
Mar 26 01:11:10.459416 np0000160870 devstack@neutron-api.service[104397]: DEBUG neutron_lib.callbacks.manager [None req-6fa7107d-5fa5-4228-b816-cfeeaf1920b7 None None] Subscribe: > port after_delete 55550000, False {{(pid=104397) subscribe /opt/stack/data/venv/lib/python3.12/site-packages/neutron_lib/callbacks/manager.py:52}}
Mar 26 01:11:10.459446 np0000160870 devstack@neutron-api.service[104396]: DEBUG neutron.api.extensions [None req-c0669047-aada-461e-9796-64d181dc9ad6 None None] Ext name="Availability Zone Filter Extension" alias="availability_zone_filter" description="Add filter parameters to AvailabilityZone resource" updated="2018-06-22T10:00:00-00:00" {{(pid=104396) _check_extension /opt/stack/neutron/neutron/api/extensions.py:415}}
Mar 26 01:11:10.459496 np0000160870 devstack@neutron-api.service[104397]: DEBUG neutron_lib.callbacks.manager [None req-6fa7107d-5fa5-4228-b816-cfeeaf1920b7 None None] Subscribe: > subnet after_create 55550000, False {{(pid=104397) subscribe /opt/stack/data/venv/lib/python3.12/site-packages/neutron_lib/callbacks/manager.py:52}}
Mar 26 01:11:10.459521 np0000160870 devstack@neutron-api.service[104399]: DEBUG neutron.api.extensions [None req-b20aba6e-311f-4622-9bd4-c5c71f615785 None None] Ext name="Neutron Service Flavors" alias="flavors" description="Flavor specification for Neutron advanced services." updated="2015-09-17T10:00:00-00:00" {{(pid=104399) _check_extension /opt/stack/neutron/neutron/api/extensions.py:415}}
Mar 26 01:11:10.459586 np0000160870 devstack@neutron-api.service[104397]: DEBUG neutron_lib.callbacks.manager [None req-6fa7107d-5fa5-4228-b816-cfeeaf1920b7 None None] Subscribe: > subnet after_update 55550000, False {{(pid=104397) subscribe /opt/stack/data/venv/lib/python3.12/site-packages/neutron_lib/callbacks/manager.py:52}}
Mar 26 01:11:10.459611 np0000160870 devstack@neutron-api.service[104396]: INFO neutron.api.extensions [None req-c0669047-aada-461e-9796-64d181dc9ad6 None None] Extension availability_zone_filter not supported by any of loaded plugins
Mar 26 01:11:10.459669 np0000160870 devstack@neutron-api.service[104399]: INFO neutron.api.extensions [None req-b20aba6e-311f-4622-9bd4-c5c71f615785 None None] Loaded extension: flavors
Mar 26 01:11:10.459693 np0000160870 devstack@neutron-api.service[104397]: DEBUG neutron_lib.callbacks.manager [None req-6fa7107d-5fa5-4228-b816-cfeeaf1920b7 None None] Subscribe: > subnet after_delete 55550000, False {{(pid=104397) subscribe /opt/stack/data/venv/lib/python3.12/site-packages/neutron_lib/callbacks/manager.py:52}}
Mar 26 01:11:10.459749 np0000160870 devstack@neutron-api.service[104396]: DEBUG neutron.api.extensions [None req-c0669047-aada-461e-9796-64d181dc9ad6 None None] Loading extension file: data_plane_status.py {{(pid=104396) _load_all_extensions_from_path /opt/stack/neutron/neutron/api/extensions.py:449}}
Mar 26 01:11:10.459775 np0000160870 devstack@neutron-api.service[104399]: DEBUG neutron.api.extensions [None req-b20aba6e-311f-4622-9bd4-c5c71f615785 None None] Loading extension file: floating_ip_port_forwarding.py {{(pid=104399) _load_all_extensions_from_path /opt/stack/neutron/neutron/api/extensions.py:449}}
Mar 26 01:11:10.459825 np0000160870 devstack@neutron-api.service[104397]: DEBUG neutron_lib.callbacks.manager [None req-6fa7107d-5fa5-4228-b816-cfeeaf1920b7 None None] Subscribe: > network after_create 55550000, False {{(pid=104397) subscribe /opt/stack/data/venv/lib/python3.12/site-packages/neutron_lib/callbacks/manager.py:52}}
Mar 26 01:11:10.459825 np0000160870 devstack@neutron-api.service[104397]: DEBUG neutron_lib.callbacks.manager [None req-6fa7107d-5fa5-4228-b816-cfeeaf1920b7 None None] Subscribe: > network after_update 55550000, False {{(pid=104397) subscribe /opt/stack/data/venv/lib/python3.12/site-packages/neutron_lib/callbacks/manager.py:52}}
Mar 26 01:11:10.459874 np0000160870 devstack@neutron-api.service[104396]: DEBUG neutron.api.extensions [None req-c0669047-aada-461e-9796-64d181dc9ad6 None None] Ext name="Port data plane status extension" alias="data-plane-status" description="Expose status of underlying data plane" updated="2017-01-24T10:00:00-00:00" {{(pid=104396) _check_extension /opt/stack/neutron/neutron/api/extensions.py:415}}
Mar 26 01:11:10.459926 np0000160870 devstack@neutron-api.service[104397]: DEBUG neutron_lib.callbacks.manager [None req-6fa7107d-5fa5-4228-b816-cfeeaf1920b7 None None] Subscribe: > network after_delete 55550000, False {{(pid=104397) subscribe /opt/stack/data/venv/lib/python3.12/site-packages/neutron_lib/callbacks/manager.py:52}}
Mar 26 01:11:10.459976 np0000160870 devstack@neutron-api.service[104399]: DEBUG neutron.api.extensions [None req-b20aba6e-311f-4622-9bd4-c5c71f615785 None None] Ext name="Floating IP Port Forwarding" alias="floating-ip-port-forwarding" description="Allow port forwarding from floating IP port to an internal port" updated="2018-01-19T10:00:00-00:00" {{(pid=104399) _check_extension /opt/stack/neutron/neutron/api/extensions.py:415}}
Mar 26 01:11:10.460000 np0000160870 devstack@neutron-api.service[104397]: DEBUG neutron_lib.callbacks.manager [None req-6fa7107d-5fa5-4228-b816-cfeeaf1920b7 None None] Subscribe: > security_group after_create 55550000, False {{(pid=104397) subscribe /opt/stack/data/venv/lib/python3.12/site-packages/neutron_lib/callbacks/manager.py:52}}
Mar 26 01:11:10.460030 np0000160870 devstack@neutron-api.service[104396]: INFO neutron.api.extensions [None req-c0669047-aada-461e-9796-64d181dc9ad6 None None] Extension data-plane-status not supported by any of loaded plugins
Mar 26 01:11:10.460084 np0000160870 devstack@neutron-api.service[104397]: DEBUG neutron_lib.callbacks.manager [None req-6fa7107d-5fa5-4228-b816-cfeeaf1920b7 None None] Subscribe: > security_group after_update 55550000, False {{(pid=104397) subscribe /opt/stack/data/venv/lib/python3.12/site-packages/neutron_lib/callbacks/manager.py:52}}
Mar 26 01:11:10.460109 np0000160870 devstack@neutron-api.service[104396]: DEBUG neutron.api.extensions [None req-c0669047-aada-461e-9796-64d181dc9ad6 None None] Loading extension file: default_subnetpools.py {{(pid=104396) _load_all_extensions_from_path /opt/stack/neutron/neutron/api/extensions.py:449}}
Mar 26 01:11:10.460158 np0000160870 devstack@neutron-api.service[104399]: INFO neutron.api.extensions [None req-b20aba6e-311f-4622-9bd4-c5c71f615785 None None] Extension floating-ip-port-forwarding not supported by any of loaded plugins
Mar 26 01:11:10.460186 np0000160870 devstack@neutron-api.service[104397]: DEBUG neutron_lib.callbacks.manager [None req-6fa7107d-5fa5-4228-b816-cfeeaf1920b7 None None] Subscribe: > security_group after_delete 55550000, False {{(pid=104397) subscribe /opt/stack/data/venv/lib/python3.12/site-packages/neutron_lib/callbacks/manager.py:52}}
Mar 26 01:11:10.460244 np0000160870 devstack@neutron-api.service[104399]: DEBUG neutron.api.extensions [None req-b20aba6e-311f-4622-9bd4-c5c71f615785 None None] Loading extension file: floatingip_pools.py {{(pid=104399) _load_all_extensions_from_path /opt/stack/neutron/neutron/api/extensions.py:449}}
Mar 26 01:11:10.460269 np0000160870 devstack@neutron-api.service[104397]: DEBUG neutron_lib.callbacks.manager [None req-6fa7107d-5fa5-4228-b816-cfeeaf1920b7 None None] Subscribe: > security_group_rule after_create 55550000, False {{(pid=104397) subscribe /opt/stack/data/venv/lib/python3.12/site-packages/neutron_lib/callbacks/manager.py:52}}
Mar 26 01:11:10.460324 np0000160870 devstack@neutron-api.service[104396]: DEBUG neutron.api.extensions [None req-c0669047-aada-461e-9796-64d181dc9ad6 None None] Ext name="Default Subnetpools" alias="default-subnetpools" description="Provides ability to mark and use a subnetpool as the default." updated="2016-02-18T18:00:00-00:00" {{(pid=104396) _check_extension /opt/stack/neutron/neutron/api/extensions.py:415}}
Mar 26 01:11:10.460349 np0000160870 devstack@neutron-api.service[104397]: DEBUG neutron_lib.callbacks.manager [None req-6fa7107d-5fa5-4228-b816-cfeeaf1920b7 None None] Subscribe: > security_group_rule after_update 55550000, False {{(pid=104397) subscribe /opt/stack/data/venv/lib/python3.12/site-packages/neutron_lib/callbacks/manager.py:52}}
Mar 26 01:11:10.460399 np0000160870 devstack@neutron-api.service[104399]: DEBUG neutron.api.extensions [None req-b20aba6e-311f-4622-9bd4-c5c71f615785 None None] Ext name="Floating IP Pools Extension" alias="floatingip-pools" description="Provides a floating IP pools API." updated="2018-03-21T10:00:00-00:00" {{(pid=104399) _check_extension /opt/stack/neutron/neutron/api/extensions.py:415}}
Mar 26 01:11:10.460430 np0000160870 devstack@neutron-api.service[104396]: INFO neutron.api.extensions [None req-c0669047-aada-461e-9796-64d181dc9ad6 None None] Loaded extension: default-subnetpools
Mar 26 01:11:10.460479 np0000160870 devstack@neutron-api.service[104397]: DEBUG neutron_lib.callbacks.manager [None req-6fa7107d-5fa5-4228-b816-cfeeaf1920b7 None None] Subscribe: > security_group_rule after_delete 55550000, False {{(pid=104397) subscribe /opt/stack/data/venv/lib/python3.12/site-packages/neutron_lib/callbacks/manager.py:52}}
Mar 26 01:11:10.460504 np0000160870 devstack@neutron-api.service[104396]: DEBUG neutron.api.extensions [None req-c0669047-aada-461e-9796-64d181dc9ad6 None None] Loading extension file: dhcpagentscheduler.py {{(pid=104396) _load_all_extensions_from_path /opt/stack/neutron/neutron/api/extensions.py:449}}
Mar 26 01:11:10.460571 np0000160870 devstack@neutron-api.service[104399]: INFO neutron.api.extensions [None req-b20aba6e-311f-4622-9bd4-c5c71f615785 None None] Loaded extension: floatingip-pools
Mar 26 01:11:10.460571 np0000160870 devstack@neutron-api.service[104399]: DEBUG neutron.api.extensions [None req-b20aba6e-311f-4622-9bd4-c5c71f615785 None None] Loading extension file: ip_allocation.py {{(pid=104399) _load_all_extensions_from_path /opt/stack/neutron/neutron/api/extensions.py:449}}
Mar 26 01:11:10.460615 np0000160870 devstack@neutron-api.service[104397]: DEBUG neutron_lib.callbacks.manager [None req-6fa7107d-5fa5-4228-b816-cfeeaf1920b7 None None] Subscribe: > address_group after_create 55550000, False {{(pid=104397) subscribe /opt/stack/data/venv/lib/python3.12/site-packages/neutron_lib/callbacks/manager.py:52}}
Mar 26 01:11:10.460615 np0000160870 devstack@neutron-api.service[104397]: DEBUG neutron_lib.callbacks.manager [None req-6fa7107d-5fa5-4228-b816-cfeeaf1920b7 None None] Subscribe: > address_group after_update 55550000, False {{(pid=104397) subscribe /opt/stack/data/venv/lib/python3.12/site-packages/neutron_lib/callbacks/manager.py:52}}
Mar 26 01:11:10.460694 np0000160870 devstack@neutron-api.service[104399]: DEBUG neutron.api.extensions [None req-b20aba6e-311f-4622-9bd4-c5c71f615785 None None] Ext name="IP Allocation" alias="ip_allocation" description="IP allocation extension." updated="2016-06-10T23:00:00-00:00" {{(pid=104399) _check_extension /opt/stack/neutron/neutron/api/extensions.py:415}}
Mar 26 01:11:10.460745 np0000160870 devstack@neutron-api.service[104397]: DEBUG neutron_lib.callbacks.manager [None req-6fa7107d-5fa5-4228-b816-cfeeaf1920b7 None None] Subscribe: > address_group after_delete 55550000, False {{(pid=104397) subscribe /opt/stack/data/venv/lib/python3.12/site-packages/neutron_lib/callbacks/manager.py:52}}
Mar 26 01:11:10.460770 np0000160870 devstack@neutron-api.service[104396]: DEBUG neutron.api.extensions [None req-c0669047-aada-461e-9796-64d181dc9ad6 None None] Ext name="DHCP Agent Scheduler" alias="dhcp_agent_scheduler" description="Schedule networks among dhcp agents" updated="2013-02-07T10:00:00-00:00" {{(pid=104396) _check_extension /opt/stack/neutron/neutron/api/extensions.py:415}}
Mar 26 01:11:10.460826 np0000160870 devstack@neutron-api.service[104399]: INFO neutron.api.extensions [None req-b20aba6e-311f-4622-9bd4-c5c71f615785 None None] Extension ip_allocation not supported by any of loaded plugins
Mar 26 01:11:10.460852 np0000160870 devstack@neutron-api.service[104397]: DEBUG neutron.plugins.ml2.ovo_rpc [None req-6fa7107d-5fa5-4228-b816-cfeeaf1920b7 None None] ML2 OVO RPC backend initialized. {{(pid=104397) __init__ /opt/stack/neutron/neutron/plugins/ml2/ovo_rpc.py:117}}
Mar 26 01:11:10.460901 np0000160870 devstack@neutron-api.service[104396]: INFO neutron.api.extensions [None req-c0669047-aada-461e-9796-64d181dc9ad6 None None] Loaded extension: dhcp_agent_scheduler
Mar 26 01:11:10.460925 np0000160870 devstack@neutron-api.service[104399]: DEBUG neutron.api.extensions [None req-b20aba6e-311f-4622-9bd4-c5c71f615785 None None] Loading extension file: ip_substring_port_filtering.py {{(pid=104399) _load_all_extensions_from_path /opt/stack/neutron/neutron/api/extensions.py:449}}
Mar 26 01:11:10.460976 np0000160870 devstack@neutron-api.service[104396]: DEBUG neutron.api.extensions [None req-c0669047-aada-461e-9796-64d181dc9ad6 None None] Loading extension file: dns.py {{(pid=104396) _load_all_extensions_from_path /opt/stack/neutron/neutron/api/extensions.py:449}}
Mar 26 01:11:10.461002 np0000160870 devstack@neutron-api.service[104399]: DEBUG neutron.api.extensions [None req-b20aba6e-311f-4622-9bd4-c5c71f615785 None None] Ext name="IP address substring filtering" alias="ip-substring-filtering" description="Provides IP address substring filtering when listing ports" updated="2017-11-28T09:00:00-00:00" {{(pid=104399) _check_extension /opt/stack/neutron/neutron/api/extensions.py:415}}
Mar 26 01:11:10.461057 np0000160870 devstack@neutron-api.service[104396]: DEBUG neutron.api.extensions [None req-c0669047-aada-461e-9796-64d181dc9ad6 None None] Ext name="DNS Integration" alias="dns-integration" description="Provides integration with DNS." updated="2015-08-15T18:00:00-00:00" {{(pid=104396) _check_extension /opt/stack/neutron/neutron/api/extensions.py:415}}
Mar 26 01:11:10.461086 np0000160870 devstack@neutron-api.service[104399]: INFO neutron.api.extensions [None req-b20aba6e-311f-4622-9bd4-c5c71f615785 None None] Extension ip-substring-filtering not supported by any of loaded plugins
Mar 26 01:11:10.461086 np0000160870 devstack@neutron-api.service[104399]: DEBUG neutron.api.extensions [None req-b20aba6e-311f-4622-9bd4-c5c71f615785 None None] Loading extension file: l2_adjacency.py {{(pid=104399) _load_all_extensions_from_path /opt/stack/neutron/neutron/api/extensions.py:449}}
Mar 26 01:11:10.461160 np0000160870 devstack@neutron-api.service[104396]: INFO neutron.api.extensions [None req-c0669047-aada-461e-9796-64d181dc9ad6 None None] Loaded extension: dns-integration
Mar 26 01:11:10.461160 np0000160870 devstack@neutron-api.service[104396]: DEBUG neutron.api.extensions [None req-c0669047-aada-461e-9796-64d181dc9ad6 None None] Loading extension file: dns_domain_ports.py {{(pid=104396) _load_all_extensions_from_path /opt/stack/neutron/neutron/api/extensions.py:449}}
Mar 26 01:11:10.461231 np0000160870 devstack@neutron-api.service[104399]: DEBUG neutron.api.extensions [None req-b20aba6e-311f-4622-9bd4-c5c71f615785 None None] Ext name="L2 Adjacency" alias="l2_adjacency" description="Display L2 Adjacency for Neutron Networks." updated="2016-04-12T16:00:00-00:00" {{(pid=104399) _check_extension /opt/stack/neutron/neutron/api/extensions.py:415}}
Mar 26 01:11:10.461261 np0000160870 devstack@neutron-api.service[104396]: DEBUG neutron.api.extensions [None req-c0669047-aada-461e-9796-64d181dc9ad6 None None] Ext name="dns_domain for ports" alias="dns-domain-ports" description="Allows the DNS domain to be specified for a network port." updated="2017-04-24T10:00:00-00:00" {{(pid=104396) _check_extension /opt/stack/neutron/neutron/api/extensions.py:415}}
Mar 26 01:11:10.461313 np0000160870 devstack@neutron-api.service[104399]: INFO neutron.api.extensions [None req-b20aba6e-311f-4622-9bd4-c5c71f615785 None None] Extension l2_adjacency not supported by any of loaded plugins
Mar 26 01:11:10.461313 np0000160870 devstack@neutron-api.service[104399]: DEBUG neutron.api.extensions [None req-b20aba6e-311f-4622-9bd4-c5c71f615785 None None] Loading extension file: l3.py {{(pid=104399) _load_all_extensions_from_path /opt/stack/neutron/neutron/api/extensions.py:449}}
Mar 26 01:11:10.461357 np0000160870 devstack@neutron-api.service[104397]: INFO neutron.quota [None req-6fa7107d-5fa5-4228-b816-cfeeaf1920b7 None None] Loaded quota_driver: .
Mar 26 01:11:10.461407 np0000160870 devstack@neutron-api.service[104396]: INFO neutron.api.extensions [None req-c0669047-aada-461e-9796-64d181dc9ad6 None None] Loaded extension: dns-domain-ports
Mar 26 01:11:10.461466 np0000160870 devstack@neutron-api.service[104397]: INFO neutron.plugins.ml2.plugin [None req-6fa7107d-5fa5-4228-b816-cfeeaf1920b7 None None] Modular L2 Plugin initialization complete
Mar 26 01:11:10.461495 np0000160870 devstack@neutron-api.service[104396]: DEBUG neutron.api.extensions [None req-c0669047-aada-461e-9796-64d181dc9ad6 None None] Loading extension file: dns_integration_domain_keywords.py {{(pid=104396) _load_all_extensions_from_path /opt/stack/neutron/neutron/api/extensions.py:449}}
Mar 26 01:11:10.461839 np0000160870 devstack@neutron-api.service[104397]: DEBUG neutron.manager [None req-6fa7107d-5fa5-4228-b816-cfeeaf1920b7 None None] Loading services supported by the core plugin {{(pid=104397) _load_services_from_core_plugin /opt/stack/neutron/neutron/manager.py:170}}
Mar 26 01:11:10.462782 np0000160870 devstack@neutron-api.service[104399]: DEBUG neutron.api.extensions [None req-b20aba6e-311f-4622-9bd4-c5c71f615785 None None] Ext name="Neutron L3 Router" alias="router" description="Router abstraction for basic L3 forwarding between L2 Neutron networks and access to external networks via a NAT gateway." updated="2012-07-20T10:00:00-00:00" {{(pid=104399) _check_extension /opt/stack/neutron/neutron/api/extensions.py:415}}
Mar 26 01:11:10.463147 np0000160870 devstack@neutron-api.service[104396]: DEBUG neutron.api.extensions [None req-c0669047-aada-461e-9796-64d181dc9ad6 None None] Ext name="DNS domain names with keywords allowed" alias="dns-integration-domain-keywords" description="Allows to use keywords like , , and as DNS domain name" updated="2020-06-15T18:00:00-00:00" {{(pid=104396) _check_extension /opt/stack/neutron/neutron/api/extensions.py:415}}
Mar 26 01:11:10.463516 np0000160870 devstack@neutron-api.service[104397]: INFO neutron.plugins.ml2.managers [None req-6fa7107d-5fa5-4228-b816-cfeeaf1920b7 None None] Got port-security extension from driver 'port_security'
Mar 26 01:11:10.463873 np0000160870 devstack@neutron-api.service[104399]: INFO neutron.api.extensions [None req-b20aba6e-311f-4622-9bd4-c5c71f615785 None None] Loaded extension: router
Mar 26 01:11:10.463873 np0000160870 devstack@neutron-api.service[104399]: DEBUG neutron.api.extensions [None req-b20aba6e-311f-4622-9bd4-c5c71f615785 None None] Loading extension file: l3_conntrack_helper.py {{(pid=104399) _load_all_extensions_from_path /opt/stack/neutron/neutron/api/extensions.py:449}}
Mar 26 01:11:10.464182 np0000160870 devstack@neutron-api.service[104396]: INFO neutron.api.extensions [None req-c0669047-aada-461e-9796-64d181dc9ad6 None None] Loaded extension: dns-integration-domain-keywords
