2026-03-06 22:20:48.828 7 INFO placement.requestlog [req-e34e6480-116a-434a-8c9e-4a77cd4e7152 req-cb1c3556-1ea3-459f-a4d5-c8b86a529006 087fa238fa9e426bbcff75e0f347b86d 69ac619724e642b7914acce4d5168ee8 - - 55d3e0290d064f859be0e1d1975e90ce 55d3e0290d064f859be0e1d1975e90ce] 199.204.45.169 "GET /resource_providers/1a15f98b-97c5-49c8-96dd-ac8715010ce6/aggregates" status: 200 len: 53 microversion: 1.19 [pid: 7|app: 0|req: 277/550] 199.204.45.169 () {34 vars in 898 bytes} [Fri Mar 6 22:20:48 2026] GET /resource_providers/1a15f98b-97c5-49c8-96dd-ac8715010ce6/aggregates => generated 53 bytes in 13 msecs (HTTP/1.1 200) 8 headers in 295 bytes (1 switches on core 0)
2026-03-06 22:20:48.849 8 INFO placement.requestlog [req-e34e6480-116a-434a-8c9e-4a77cd4e7152 req-a626efc9-a331-4b93-aaa2-c3db22a89719 087fa238fa9e426bbcff75e0f347b86d 69ac619724e642b7914acce4d5168ee8 - - 55d3e0290d064f859be0e1d1975e90ce 55d3e0290d064f859be0e1d1975e90ce] 199.204.45.169 "GET /resource_providers/1a15f98b-97c5-49c8-96dd-ac8715010ce6/traits" status: 200 len: 2316 microversion: 1.6 [pid: 8|app: 0|req: 274/551] 199.204.45.169 () {34 vars in 889 bytes} [Fri Mar 6 22:20:48 2026] GET /resource_providers/1a15f98b-97c5-49c8-96dd-ac8715010ce6/traits => generated 2316 bytes in 16 msecs (HTTP/1.1 200) 6 headers in 225 bytes (1 switches on core 0)
2026-03-06 22:20:48.870 7 INFO placement.requestlog [req-e34e6480-116a-434a-8c9e-4a77cd4e7152 req-559fc5f1-abea-4698-b0b6-20f38bfb9396 087fa238fa9e426bbcff75e0f347b86d 69ac619724e642b7914acce4d5168ee8 - - 55d3e0290d064f859be0e1d1975e90ce 55d3e0290d064f859be0e1d1975e90ce] 199.204.45.169 "GET /resource_providers/1a15f98b-97c5-49c8-96dd-ac8715010ce6/allocations" status: 200 len: 54 microversion: 1.0 [pid: 7|app: 0|req: 278/552] 199.204.45.169 () {32 vars in 856 bytes} [Fri Mar 6 22:20:48 2026] GET /resource_providers/1a15f98b-97c5-49c8-96dd-ac8715010ce6/allocations => generated 54 bytes in 14 msecs (HTTP/1.1 200) 6 headers in 223 bytes (1 switches on core 0)
2026-03-06 22:20:55.149 8 INFO placement.requestlog [None req-0423283a-71f3-4296-9e78-377c03d1deb3 - - - - - -] 10.0.0.77 "GET /" status: 200 len: 136 microversion: 1.0
2026-03-06 22:20:55.149 7 INFO placement.requestlog [None req-98487368-47d2-4d8c-8453-57eecfac066f - - - - - -] 10.0.0.77 "GET /" status: 200 len: 136 microversion: 1.0
2026-03-06 22:21:05.153 7 INFO placement.requestlog [None req-4081e776-2cb6-49bd-895a-be14ee81e716 - - - - - -] 10.0.0.77 "GET /" status: 200 len: 136 microversion: 1.0
2026-03-06 22:21:05.153 8 INFO placement.requestlog [None req-67002ec9-7ed3-4fa2-8214-6d33513fd94b - - - - - -] 10.0.0.77 "GET /" status: 200 len: 136 microversion: 1.0
2026-03-06 22:21:15.148 7 INFO placement.requestlog [None req-9961c040-beec-462d-9572-efb73875d902 - - - - - -] 10.0.0.77 "GET /" status: 200 len: 136 microversion: 1.0
2026-03-06 22:21:15.148 8 INFO placement.requestlog [None req-e255ef7a-81d2-4a47-8345-b208408aafc4 - - - - - -] 10.0.0.77 "GET /" status: 200 len: 136 microversion: 1.0
2026-03-06 22:21:25.149 7 INFO placement.requestlog [None req-b397ac36-ec76-4a39-b6b3-f4d360eee9c0 - - - - - -] 10.0.0.77 "GET /" status: 200 len: 136 microversion: 1.0
2026-03-06 22:21:25.149 8 INFO placement.requestlog [None req-f2bab973-797e-4343-b38b-857659cc94b5 - - - - - -] 10.0.0.77 "GET /" status: 200 len: 136 microversion: 1.0
2026-03-06 22:21:35.149 8 INFO placement.requestlog [None req-0f21fc81-4d29-4bb6-abbf-917a27e436be - - - - - -] 10.0.0.77 "GET /" status: 200 len: 136 microversion: 1.0
2026-03-06 22:21:35.149 7 INFO placement.requestlog [None req-f4d9f4da-d384-4c62-bedf-a1e4c6c21746 - - - - - -] 10.0.0.77 "GET /" status: 200 len: 136 microversion: 1.0
2026-03-06 22:21:45.149 7 INFO placement.requestlog [None req-ecbfd47b-1e26-43dc-af8d-b3650e8b8c8e - - - - - -] 10.0.0.77 "GET /" status: 200 len: 136 microversion: 1.0
2026-03-06 22:21:45.149 8 INFO placement.requestlog [None req-ce033a98-470a-4fe1-b5b8-d0a3c9a41caa - - - - - -] 10.0.0.77 "GET /" status: 200 len: 136 microversion: 1.0
2026-03-06 22:21:46.624 7 INFO placement.requestlog [None req-f27850ec-855c-441d-ab85-b5d2a83ac35c 949443260cc54b439e586e7da1575e1c f76cdce3e59743b5a8cb2a39d4cbf74b - - default default] 10.0.0.183 "GET /resource_providers" status: 200 len: 405 microversion: 1.0 [pid: 7|app: 0|req: 285/565] 10.0.0.183 () {28 vars in 592 bytes} [Fri Mar 6 22:21:46 2026] GET /resource_providers => generated 405 bytes in 96 msecs (HTTP/1.1 200) 6 headers in 224 bytes (1 switches on core 0)
2026-03-06 22:21:46.658 8 INFO placement.requestlog [None req-82772739-43d3-43d7-99ec-1129d0f9f22c 949443260cc54b439e586e7da1575e1c f76cdce3e59743b5a8cb2a39d4cbf74b - - default default] 10.0.0.183 "GET /resource_providers/1a15f98b-97c5-49c8-96dd-ac8715010ce6/inventories" status: 200 len: 400 microversion: 1.0 [pid: 8|app: 0|req: 281/566] 10.0.0.183 () {28 vars in 690 bytes} [Fri Mar 6 22:21:46 2026] GET /resource_providers/1a15f98b-97c5-49c8-96dd-ac8715010ce6/inventories => generated 400 bytes in 26 msecs (HTTP/1.1 200) 6 headers in 224 bytes (1 switches on core 0)
2026-03-06 22:21:46.678 7 INFO placement.requestlog [None req-a4c221e6-4528-4080-adcf-f1836b8e0adb 949443260cc54b439e586e7da1575e1c f76cdce3e59743b5a8cb2a39d4cbf74b - - default default] 10.0.0.183 "GET /resource_providers/1a15f98b-97c5-49c8-96dd-ac8715010ce6/usages" status: 200 len: 88 microversion: 1.0 [pid: 7|app: 0|req: 286/567] 10.0.0.183 () {28 vars in 680 bytes} [Fri Mar 6 22:21:46 2026] GET /resource_providers/1a15f98b-97c5-49c8-96dd-ac8715010ce6/usages => generated 88 bytes in 15 msecs (HTTP/1.1 200) 6 headers in 223 bytes (1 switches on core 0)
2026-03-06 22:21:48.753 8 INFO placement.requestlog [req-77a0876a-4366-49ca-b87f-a8b02d667b05 req-ead0399f-cc3f-4fed-9e8e-5ee4c35728ef 087fa238fa9e426bbcff75e0f347b86d 69ac619724e642b7914acce4d5168ee8 - - 55d3e0290d064f859be0e1d1975e90ce 55d3e0290d064f859be0e1d1975e90ce] 199.204.45.169 "GET /resource_providers/1a15f98b-97c5-49c8-96dd-ac8715010ce6/allocations" status: 200 len: 54 microversion: 1.0 [pid: 8|app: 0|req: 282/568] 199.204.45.169 () {32 vars in 856 bytes} [Fri Mar 6 22:21:48 2026] GET /resource_providers/1a15f98b-97c5-49c8-96dd-ac8715010ce6/allocations => generated 54 bytes in 13 msecs (HTTP/1.1 200) 6 headers in 223 bytes (1 switches on core 0)
2026-03-06 22:21:48.776 7 INFO placement.requestlog [req-77a0876a-4366-49ca-b87f-a8b02d667b05 req-f3ec25ef-9428-447e-8d53-3e40275f964e 087fa238fa9e426bbcff75e0f347b86d 69ac619724e642b7914acce4d5168ee8 - - 55d3e0290d064f859be0e1d1975e90ce 55d3e0290d064f859be0e1d1975e90ce] 199.204.45.169 "GET /resource_providers/1a15f98b-97c5-49c8-96dd-ac8715010ce6/allocations" status: 200 len: 54 microversion: 1.0 [pid: 7|app: 0|req: 287/569] 199.204.45.169 () {32 vars in 856 bytes} [Fri Mar 6 22:21:48 2026] GET /resource_providers/1a15f98b-97c5-49c8-96dd-ac8715010ce6/allocations => generated 54 bytes in 16 msecs (HTTP/1.1 200) 6 headers in 223 bytes (1 switches on core 0)
2026-03-06 22:21:55.148 7 INFO placement.requestlog [None req-5801a3be-d687-495a-b0b9-d1cea2c58a2c - - - - - -] 10.0.0.77 "GET /" status: 200 len: 136 microversion: 1.0
2026-03-06 22:21:55.148 8 INFO placement.requestlog [None req-f63af7a4-d2f8-43c7-a1c7-791ef56a369c - - - - - -] 10.0.0.77 "GET /" status: 200 len: 136 microversion: 1.0
2026-03-06 22:22:05.148 8 INFO placement.requestlog [None req-1fa6dbf8-7652-4527-87ca-bfef0dee7d83 - - - - - -] 10.0.0.77 "GET /" status: 200 len: 136 microversion: 1.0
2026-03-06 22:22:05.148 7 INFO placement.requestlog [None req-bdb74770-ec4f-446b-9a30-273f74d22ac5 - - - - - -] 10.0.0.77 "GET /" status: 200 len: 136 microversion: 1.0
2026-03-06 22:22:15.149 8 INFO placement.requestlog [None req-65623db5-c760-4c56-a7ee-93f81e2053b4 - - - - - -] 10.0.0.77 "GET /" status: 200 len: 136 microversion: 1.0
2026-03-06 22:22:15.149 7 INFO placement.requestlog [None req-1bf8ea30-f3bc-4416-a0a3-025d806c0659 - - - - - -] 10.0.0.77 "GET /" status: 200 len: 136 microversion: 1.0
2026-03-06 22:22:25.148 8 INFO placement.requestlog [None req-98756c13-97f2-4d60-a212-8f97200e9fa3 - - - - - -] 10.0.0.77 "GET /" status: 200 len: 136 microversion: 1.0
2026-03-06 22:22:25.148 7 INFO placement.requestlog [None req-76dcee25-ef1f-4bef-bad1-233ea22dd782 - - - - - -] 10.0.0.77 "GET /" status: 200 len: 136 microversion: 1.0
2026-03-06 22:22:35.153 8 INFO placement.requestlog [None req-b7b7a67f-82a3-411e-925d-57455882ced6 - - - - - -] 10.0.0.77 "GET /" status: 200 len: 136 microversion: 1.0
2026-03-06 22:22:35.153 7 INFO placement.requestlog [None req-667e751b-4614-4614-9660-2baf15dab3af - - - - - -] 10.0.0.77 "GET /" status: 200 len: 136 microversion: 1.0
2026-03-06 22:22:45.149 8 INFO placement.requestlog [None req-099422f8-4f28-4440-827f-fad3abef9ca3 - - - - - -] 10.0.0.77 "GET /" status: 200 len: 136 microversion: 1.0
2026-03-06 22:22:45.149 7 INFO placement.requestlog [None req-d7896724-ab35-4441-84c3-eb6a3eb045a9 - - - - - -] 10.0.0.77 "GET /" status: 200 len: 136 microversion: 1.0
2026-03-06 22:22:46.655 7 INFO placement.requestlog [None req-453fdf0a-7c9c-41f3-bf42-dbed33efbf84 949443260cc54b439e586e7da1575e1c f76cdce3e59743b5a8cb2a39d4cbf74b - - default default] 10.0.0.183 "GET /resource_providers" status: 200 len: 405 microversion: 1.0 [pid: 7|app: 0|req: 294/582] 10.0.0.183 () {28 vars in 592 bytes} [Fri Mar 6 22:22:46 2026] GET /resource_providers => generated 405 bytes in 80 msecs (HTTP/1.1 200) 6 headers in 224 bytes (1 switches on core 0)
2026-03-06 22:22:46.680 8 INFO placement.requestlog [None req-6005ad25-1275-4d85-8541-b0bbbcda04f5 949443260cc54b439e586e7da1575e1c f76cdce3e59743b5a8cb2a39d4cbf74b - - default default] 10.0.0.183 "GET /resource_providers/1a15f98b-97c5-49c8-96dd-ac8715010ce6/inventories" status: 200 len: 400 microversion: 1.0 [pid: 8|app: 0|req: 289/583] 10.0.0.183 () {28 vars in 690 bytes} [Fri Mar 6 22:22:46 2026] GET /resource_providers/1a15f98b-97c5-49c8-96dd-ac8715010ce6/inventories => generated 400 bytes in 19 msecs (HTTP/1.1 200) 6 headers in 224 bytes (1 switches on core 0)
2026-03-06 22:22:46.699 7 INFO placement.requestlog [None req-68506642-0c89-4b77-8e4c-0d41d8b582c1 949443260cc54b439e586e7da1575e1c f76cdce3e59743b5a8cb2a39d4cbf74b - - default default] 10.0.0.183 "GET /resource_providers/1a15f98b-97c5-49c8-96dd-ac8715010ce6/usages" status: 200 len: 88 microversion: 1.0 [pid: 7|app: 0|req: 295/584] 10.0.0.183 () {28 vars in 680 bytes} [Fri Mar 6 22:22:46 2026] GET /resource_providers/1a15f98b-97c5-49c8-96dd-ac8715010ce6/usages => generated 88 bytes in 15 msecs (HTTP/1.1 200) 6 headers in 223 bytes (1 switches on core 0)
2026-03-06 22:22:49.780 8 INFO placement.requestlog [req-1d960d56-2b4a-477a-80fd-99f9c1d4bff0 req-1bd04c21-10b7-49ab-a7f5-33f5487a5bb0 087fa238fa9e426bbcff75e0f347b86d 69ac619724e642b7914acce4d5168ee8 - - 55d3e0290d064f859be0e1d1975e90ce 55d3e0290d064f859be0e1d1975e90ce] 199.204.45.169 "GET /resource_providers/1a15f98b-97c5-49c8-96dd-ac8715010ce6/allocations" status: 200 len: 54 microversion: 1.0 [pid: 8|app: 0|req: 290/585] 199.204.45.169 () {32 vars in 856 bytes} [Fri Mar 6 22:22:49 2026] GET /resource_providers/1a15f98b-97c5-49c8-96dd-ac8715010ce6/allocations => generated 54 bytes in 15 msecs (HTTP/1.1 200) 6 headers in 223 bytes (1 switches on core 0)
2026-03-06 22:22:49.813 7 INFO placement.requestlog [req-1d960d56-2b4a-477a-80fd-99f9c1d4bff0 req-141aa76c-240e-427d-81da-8393f6abfddf 087fa238fa9e426bbcff75e0f347b86d 69ac619724e642b7914acce4d5168ee8 - - 55d3e0290d064f859be0e1d1975e90ce 55d3e0290d064f859be0e1d1975e90ce] 199.204.45.169 "GET /resource_providers/1a15f98b-97c5-49c8-96dd-ac8715010ce6/allocations" status: 200 len: 54 microversion: 1.0 [pid: 7|app: 0|req: 296/586] 199.204.45.169 () {32 vars in 856 bytes} [Fri Mar 6 22:22:49 2026] GET /resource_providers/1a15f98b-97c5-49c8-96dd-ac8715010ce6/allocations => generated 54 bytes in 27 msecs (HTTP/1.1 200) 6 headers in 223 bytes (1 switches on core 0)
2026-03-06 22:22:55.149 8 INFO placement.requestlog [None req-ef240ee0-f1a6-49ed-bbcb-771bbb00c476 - - - - - -] 10.0.0.77 "GET /" status: 200 len: 136 microversion: 1.0
2026-03-06 22:22:55.150 7 INFO placement.requestlog [None req-041ab9e7-efcb-4613-a3db-b8a92aa8f5f5 - - - - - -] 10.0.0.77 "GET /" status: 200 len: 136 microversion: 1.0
2026-03-06 22:23:05.148 8 INFO placement.requestlog [None req-0de94422-b81b-404b-bd66-a8dc35b684dd - - - - - -] 10.0.0.77 "GET /" status: 200 len: 136 microversion: 1.0
2026-03-06 22:23:05.148 7 INFO placement.requestlog [None req-7df8f189-cf6f-4974-a2c0-23025f2e1293 - - - - - -] 10.0.0.77 "GET /" status: 200 len: 136 microversion: 1.0
2026-03-06 22:23:15.148 7 INFO placement.requestlog [None req-c9a4fe6c-5051-4bc3-be0e-461876ffab62 - - - - - -] 10.0.0.77 "GET /" status: 200 len: 136 microversion: 1.0
2026-03-06 22:23:15.148 8 INFO placement.requestlog [None req-c199d014-134d-4112-bb8e-9fb779357afb - - - - - -] 10.0.0.77 "GET /" status: 200 len: 136 microversion: 1.0
2026-03-06 22:23:25.149 8 INFO placement.requestlog [None req-fd6cfd1e-ddeb-402f-92b6-222064eda1a6 - - - - - -] 10.0.0.77 "GET /" status: 200 len: 136 microversion: 1.0
2026-03-06 22:23:25.149 7 INFO placement.requestlog [None req-2a387757-84aa-49a8-9042-ac7dd0ac5006 - - - - - -] 10.0.0.77 "GET /" status: 200 len: 136 microversion: 1.0
2026-03-06 22:23:35.148 7 INFO placement.requestlog [None req-8039fd1e-e34a-4594-9d68-1964eeb9a120 - - - - - -] 10.0.0.77 "GET /" status: 200 len: 136 microversion: 1.0
2026-03-06 22:23:35.149 8 INFO placement.requestlog [None req-ac29e243-7472-497a-a767-9e857ab8daee - - - - - -] 10.0.0.77 "GET /" status: 200 len: 136 microversion: 1.0
2026-03-06 22:23:45.148 7 INFO placement.requestlog [None req-fb96f511-f181-498a-aabc-a7231e486d5f - - - - - -] 10.0.0.77 "GET /" status: 200 len: 136 microversion: 1.0
2026-03-06 22:23:45.148 8 INFO placement.requestlog [None req-382a7122-b10e-436c-a681-237d831c495e - - - - - -] 10.0.0.77 "GET /" status: 200 len: 136 microversion: 1.0
2026-03-06 22:23:46.591 8 INFO placement.requestlog [None req-706a0146-b793-4ad8-983a-4ee32ef3821e 949443260cc54b439e586e7da1575e1c f76cdce3e59743b5a8cb2a39d4cbf74b - - default default] 10.0.0.183 "GET /resource_providers" status: 200 len: 405 microversion: 1.0 [pid: 8|app: 0|req: 297/599] 10.0.0.183 () {28 vars in 592 bytes} [Fri Mar 6 22:23:46 2026] GET /resource_providers => generated 405 bytes in 60 msecs (HTTP/1.1 200) 6 headers in 224 bytes (1 switches on core 0)
2026-03-06 22:23:46.613 7 INFO placement.requestlog [None req-cc1a1496-f3a9-453c-9160-2bd81541bb01 949443260cc54b439e586e7da1575e1c f76cdce3e59743b5a8cb2a39d4cbf74b - - default default] 10.0.0.183 "GET /resource_providers/1a15f98b-97c5-49c8-96dd-ac8715010ce6/inventories" status: 200 len: 400 microversion: 1.0 [pid: 7|app: 0|req: 303/600] 10.0.0.183 () {28 vars in 690 bytes} [Fri Mar 6 22:23:46 2026] GET /resource_providers/1a15f98b-97c5-49c8-96dd-ac8715010ce6/inventories => generated 400 bytes in 16 msecs (HTTP/1.1 200) 6 headers in 224 bytes (1 switches on core 0)
2026-03-06 22:23:46.628 8 INFO placement.requestlog [None req-d227d055-ae57-4e25-8952-b584dabd951e 949443260cc54b439e586e7da1575e1c f76cdce3e59743b5a8cb2a39d4cbf74b - - default default] 10.0.0.183 "GET /resource_providers/1a15f98b-97c5-49c8-96dd-ac8715010ce6/usages" status: 200 len: 88 microversion: 1.0 [pid: 8|app: 0|req: 298/601] 10.0.0.183 () {28 vars in 680 bytes} [Fri Mar 6 22:23:46 2026] GET /resource_providers/1a15f98b-97c5-49c8-96dd-ac8715010ce6/usages => generated 88 bytes in 12 msecs (HTTP/1.1 200) 6 headers in 223 bytes (1 switches on core 0)
2026-03-06 22:23:49.772 7 INFO placement.requestlog [req-ea858ab8-f919-4b3f-aa63-0b45a5d7539f req-703d608d-6bfe-4a7e-9205-2dc6c50fa6b2 087fa238fa9e426bbcff75e0f347b86d 69ac619724e642b7914acce4d5168ee8 - - 55d3e0290d064f859be0e1d1975e90ce 55d3e0290d064f859be0e1d1975e90ce] 199.204.45.169 "GET /resource_providers/1a15f98b-97c5-49c8-96dd-ac8715010ce6/allocations" status: 200 len: 54 microversion: 1.0 [pid: 7|app: 0|req: 304/602] 199.204.45.169 () {32 vars in 856 bytes} [Fri Mar 6 22:23:49 2026] GET /resource_providers/1a15f98b-97c5-49c8-96dd-ac8715010ce6/allocations => generated 54 bytes in 16 msecs (HTTP/1.1 200) 6 headers in 223 bytes (1 switches on core 0)
2026-03-06 22:23:49.792 8 INFO placement.requestlog [req-ea858ab8-f919-4b3f-aa63-0b45a5d7539f req-0bd57c38-8d76-4fde-8666-77b506b086df 087fa238fa9e426bbcff75e0f347b86d 69ac619724e642b7914acce4d5168ee8 - - 55d3e0290d064f859be0e1d1975e90ce 55d3e0290d064f859be0e1d1975e90ce] 199.204.45.169 "GET /resource_providers/1a15f98b-97c5-49c8-96dd-ac8715010ce6/allocations" status: 200 len: 54 microversion: 1.0 [pid: 8|app: 0|req: 299/603] 199.204.45.169 () {32 vars in 856 bytes} [Fri Mar 6 22:23:49 2026] GET /resource_providers/1a15f98b-97c5-49c8-96dd-ac8715010ce6/allocations => generated 54 bytes in 13 msecs (HTTP/1.1 200) 6 headers in 223 bytes (1 switches on core 0)
2026-03-06 22:23:55.149 7 INFO placement.requestlog [None req-506181fb-8688-4ada-8e19-b93d3772a9f3 - - - - - -] 10.0.0.77 "GET /" status: 200 len: 136 microversion: 1.0
2026-03-06 22:23:55.149 8 INFO placement.requestlog [None req-cbcdeb35-78e1-439b-ba1f-9e4d9caf3c19 - - - - - -] 10.0.0.77 "GET /" status: 200 len: 136 microversion: 1.0
2026-03-06 22:24:05.149 7 INFO placement.requestlog [None req-5bbd74b6-e600-46d5-bf5f-6074129f4384 - - - - - -] 10.0.0.77 "GET /" status: 200 len: 136 microversion: 1.0
2026-03-06 22:24:05.149 8 INFO placement.requestlog [None req-089f2c7d-aa0a-4d66-bbf2-951edaf1c0ab - - - - - -] 10.0.0.77 "GET /" status: 200 len: 136 microversion: 1.0
2026-03-06 22:24:15.148 7 INFO placement.requestlog [None req-1d34e741-7e25-4979-9e82-e31b030382b8 - - - - - -] 10.0.0.77 "GET /" status: 200 len: 136 microversion: 1.0
2026-03-06 22:24:15.149 8 INFO placement.requestlog [None req-2db2886f-09d5-45b9-85df-3a3c2d3f177f - - - - - -] 10.0.0.77 "GET /" status: 200 len: 136 microversion: 1.0
2026-03-06 22:24:25.149 7 INFO placement.requestlog [None req-34743e82-92ff-4179-96df-79d16ef96af0 - - - - - -] 10.0.0.77 "GET /" status: 200 len: 136 microversion: 1.0
2026-03-06 22:24:25.149 8 INFO placement.requestlog [None req-47dfff46-5300-4d52-b568-35cc6c5bf8e0 - - - - - -] 10.0.0.77 "GET /" status: 200 len: 136 microversion: 1.0
2026-03-06 22:24:35.150 7 INFO placement.requestlog [None req-ddecf2a1-b6f3-4c32-bca9-4caa825ef7f8 - - - - - -] 10.0.0.77 "GET /" status: 200 len: 136 microversion: 1.0
2026-03-06 22:24:35.150 8 INFO placement.requestlog [None req-030afad7-5321-4b7f-b804-7512427083e6 - - - - - -] 10.0.0.77 "GET /" status: 200 len: 136 microversion: 1.0
2026-03-06 22:24:45.147 7 INFO placement.requestlog [None req-c645e043-b6b5-4d87-a8f2-f00d293952f5 - - - - - -] 10.0.0.77 "GET /" status: 200 len: 136 microversion: 1.0
2026-03-06 22:24:45.148 8 INFO placement.requestlog [None req-a9bb45ed-3e94-41b8-ad5e-ec80aeec0325 - - - - - -] 10.0.0.77 "GET /" status: 200 len: 136 microversion: 1.0
2026-03-06 22:24:46.661 7 INFO placement.requestlog [None req-5761e354-f7a6-4fc2-99d2-f7ca678dd1e8 949443260cc54b439e586e7da1575e1c f76cdce3e59743b5a8cb2a39d4cbf74b - - default default] 10.0.0.183 "GET /resource_providers" status: 200 len: 405 microversion: 1.0 [pid: 7|app: 0|req: 311/616] 10.0.0.183 () {28 vars in 592 bytes} [Fri Mar 6 22:24:46 2026] GET /resource_providers => generated 405 bytes in 93 msecs (HTTP/1.1 200) 6 headers in 224 bytes (1 switches on core 0)
2026-03-06 22:24:46.682 8 INFO placement.requestlog [None req-fb0e522c-42bc-49f3-a6a1-8735b87a4904 949443260cc54b439e586e7da1575e1c f76cdce3e59743b5a8cb2a39d4cbf74b - - default default] 10.0.0.183 "GET /resource_providers/1a15f98b-97c5-49c8-96dd-ac8715010ce6/inventories" status: 200 len: 400 microversion: 1.0 [pid: 8|app: 0|req: 306/617] 10.0.0.183 () {28 vars in 690 bytes} [Fri Mar 6 22:24:46 2026] GET /resource_providers/1a15f98b-97c5-49c8-96dd-ac8715010ce6/inventories => generated 400 bytes in 17 msecs (HTTP/1.1 200) 6 headers in 224 bytes (1 switches on core 0)
2026-03-06 22:24:46.698 7 INFO placement.requestlog [None req-2ba23585-3abc-4530-aa48-1572b8fa8381 949443260cc54b439e586e7da1575e1c f76cdce3e59743b5a8cb2a39d4cbf74b - - default default] 10.0.0.183 "GET /resource_providers/1a15f98b-97c5-49c8-96dd-ac8715010ce6/usages" status: 200 len: 88 microversion: 1.0 [pid: 7|app: 0|req: 312/618] 10.0.0.183 () {28 vars in 680 bytes} [Fri Mar 6 22:24:46 2026] GET /resource_providers/1a15f98b-97c5-49c8-96dd-ac8715010ce6/usages => generated 88 bytes in 13 msecs (HTTP/1.1 200) 6 headers in 223 bytes (1 switches on core 0)
2026-03-06 22:24:50.691 8 INFO placement.requestlog [req-f7ca225b-a9d0-433c-9ec7-1aceb94d1353 req-dfbec8ef-538f-4a3b-8681-799d7bb7cff8 087fa238fa9e426bbcff75e0f347b86d 69ac619724e642b7914acce4d5168ee8 - - 55d3e0290d064f859be0e1d1975e90ce 55d3e0290d064f859be0e1d1975e90ce] 199.204.45.169 "GET /resource_providers/1a15f98b-97c5-49c8-96dd-ac8715010ce6/allocations" status: 200 len: 54 microversion: 1.0 [pid: 8|app: 0|req: 307/619] 199.204.45.169 () {32 vars in 856 bytes} [Fri Mar 6 22:24:50 2026] GET /resource_providers/1a15f98b-97c5-49c8-96dd-ac8715010ce6/allocations => generated 54 bytes in 16 msecs (HTTP/1.1 200) 6 headers in 223 bytes (1 switches on core 0)
2026-03-06 22:24:50.712 7 INFO placement.requestlog [req-f7ca225b-a9d0-433c-9ec7-1aceb94d1353 req-be99c3f7-e062-4f9c-8526-d56c77a8a9a6 087fa238fa9e426bbcff75e0f347b86d 69ac619724e642b7914acce4d5168ee8 - - 55d3e0290d064f859be0e1d1975e90ce 55d3e0290d064f859be0e1d1975e90ce] 199.204.45.169 "GET /resource_providers/1a15f98b-97c5-49c8-96dd-ac8715010ce6/allocations" status: 200 len: 54 microversion: 1.0 [pid: 7|app: 0|req: 313/620] 199.204.45.169 () {32 vars in 856 bytes} [Fri Mar 6 22:24:50 2026] GET /resource_providers/1a15f98b-97c5-49c8-96dd-ac8715010ce6/allocations => generated 54 bytes in 14 msecs (HTTP/1.1 200) 6 headers in 223 bytes (1 switches on core 0)
2026-03-06 22:24:55.149 8 INFO placement.requestlog [None req-20b3b623-fe0b-4847-a157-75dac79b9df3 - - - - - -] 10.0.0.77 "GET /" status: 200 len: 136 microversion: 1.0
2026-03-06 22:24:55.149 7 INFO placement.requestlog [None req-445e7bd7-12d6-4765-a002-d2b8f8dda688 - - - - - -] 10.0.0.77 "GET /" status: 200 len: 136 microversion: 1.0
2026-03-06 22:25:05.150 7 INFO placement.requestlog [None req-691c25ef-cec5-46a2-a162-f8569ef5f3c8 - - - - - -] 10.0.0.77 "GET /" status: 200 len: 136 microversion: 1.0
2026-03-06 22:25:05.151 8 INFO placement.requestlog [None req-a5e6cb3e-38ff-4245-be2f-c86efc1ace28 - - - - - -] 10.0.0.77 "GET /" status: 200 len: 136 microversion: 1.0
2026-03-06 22:25:15.148 7 INFO placement.requestlog [None req-d44def45-5161-4f2f-a83c-46f45ad808fb - - - - - -] 10.0.0.77 "GET /" status: 200 len: 136 microversion: 1.0
2026-03-06 22:25:15.148 8 INFO placement.requestlog [None req-9bf71f60-4b02-4105-84bf-aa9da3a64bde - - - - - -] 10.0.0.77 "GET /" status: 200 len: 136 microversion: 1.0
2026-03-06 22:25:25.148 7 INFO placement.requestlog [None req-6aad990a-4512-47ec-ac02-8c4efab0a2ef - - - - - -] 10.0.0.77 "GET /" status: 200 len: 136 microversion: 1.0
2026-03-06 22:25:25.148 8 INFO placement.requestlog [None req-93cf1920-cfde-4f90-8898-73115cd30d97 - - - - - -] 10.0.0.77 "GET /" status: 200 len: 136 microversion: 1.0
2026-03-06 22:25:29.492 7 INFO placement.requestlog [req-ee97c8fd-c3ce-4d75-9cd0-b17d2c2c19cd req-68ac33ef-57ac-4b5c-b36f-969fabaff916 087fa238fa9e426bbcff75e0f347b86d 69ac619724e642b7914acce4d5168ee8 - - 55d3e0290d064f859be0e1d1975e90ce 55d3e0290d064f859be0e1d1975e90ce] 10.0.0.193 "GET /allocation_candidates?limit=1000&resources=DISK_GB%3A1%2CMEMORY_MB%3A512%2CVCPU%3A1&root_required=%21COMPUTE_STATUS_DISABLED" status: 200 len: 2781 microversion: 1.36 [pid: 7|app: 0|req: 318/629] 10.0.0.193 () {34 vars in 1011 bytes} [Fri Mar 6 22:25:29 2026] GET /allocation_candidates?limit=1000&resources=DISK_GB%3A1%2CMEMORY_MB%3A512%2CVCPU%3A1&root_required=%21COMPUTE_STATUS_DISABLED => generated 2781 bytes in 176 msecs (HTTP/1.1 200) 8 headers in 297 bytes (1 switches on core 0)
2026-03-06 22:25:29.550 8 INFO placement.requestlog [req-ee97c8fd-c3ce-4d75-9cd0-b17d2c2c19cd req-50620b2d-f3e2-4083-bdb1-097c57893cf5 087fa238fa9e426bbcff75e0f347b86d 69ac619724e642b7914acce4d5168ee8 - - 55d3e0290d064f859be0e1d1975e90ce 55d3e0290d064f859be0e1d1975e90ce] 10.0.0.193 "GET /allocations/b237c58a-404c-4630-814b-0e2afb68e20e" status: 200 len: 19 microversion: 1.28 [pid: 8|app: 0|req: 312/630] 10.0.0.193 () {34 vars in 860 bytes} [Fri Mar 6 22:25:29 2026] GET /allocations/b237c58a-404c-4630-814b-0e2afb68e20e => generated 19 bytes in 13 msecs (HTTP/1.1 200) 8 headers in 295 bytes (1 switches on core 0)
2026-03-06 22:25:29.645 7 INFO placement.requestlog [req-ee97c8fd-c3ce-4d75-9cd0-b17d2c2c19cd req-aca47a9d-a22a-46f8-ba30-6e129e2d2ed4 087fa238fa9e426bbcff75e0f347b86d 69ac619724e642b7914acce4d5168ee8 - - 55d3e0290d064f859be0e1d1975e90ce 55d3e0290d064f859be0e1d1975e90ce] 10.0.0.193 "PUT /allocations/b237c58a-404c-4630-814b-0e2afb68e20e" status: 204 len: 0 microversion: 1.36 [pid: 7|app: 0|req: 319/631] 10.0.0.193 () {38 vars in 913 bytes} [Fri Mar 6 22:25:29 2026] PUT /allocations/b237c58a-404c-4630-814b-0e2afb68e20e => generated 0 bytes in 90 msecs (HTTP/1.1 204) 5 headers in 199 bytes (1 switches on core 0)
2026-03-06 22:25:30.991 8 INFO placement.requestlog [req-a96d1fb4-2c3d-40b7-8365-fe9855a7e3b6 req-e222ba69-2e41-4df8-9706-607029116260 087fa238fa9e426bbcff75e0f347b86d 69ac619724e642b7914acce4d5168ee8 - - 55d3e0290d064f859be0e1d1975e90ce 55d3e0290d064f859be0e1d1975e90ce] 10.0.0.193 "GET /allocation_candidates?limit=1000&resources=DISK_GB%3A1%2CMEMORY_MB%3A512%2CVCPU%3A1&root_required=%21COMPUTE_STATUS_DISABLED" status: 200 len: 2783 microversion: 1.36 [pid: 8|app: 0|req: 313/632] 10.0.0.193 () {34 vars in 1011 bytes} [Fri Mar 6 22:25:30 2026] GET /allocation_candidates?limit=1000&resources=DISK_GB%3A1%2CMEMORY_MB%3A512%2CVCPU%3A1&root_required=%21COMPUTE_STATUS_DISABLED => generated 2783 bytes in 62 msecs (HTTP/1.1 200) 8 headers in 297 bytes (1 switches on core 0)
2026-03-06 22:25:31.039 7 INFO placement.requestlog [req-a96d1fb4-2c3d-40b7-8365-fe9855a7e3b6 req-e0506dc3-90d0-477e-9dc9-536343321627 087fa238fa9e426bbcff75e0f347b86d 69ac619724e642b7914acce4d5168ee8 - - 55d3e0290d064f859be0e1d1975e90ce 55d3e0290d064f859be0e1d1975e90ce] 10.0.0.193 "GET /allocations/ac35ca58-2af0-4e82-aa6a-98fa46b859fc" status: 200 len: 19 microversion: 1.28 [pid: 7|app: 0|req: 320/633] 10.0.0.193 () {34 vars in 860 bytes} [Fri Mar 6 22:25:31 2026] GET /allocations/ac35ca58-2af0-4e82-aa6a-98fa46b859fc => generated 19 bytes in 13 msecs (HTTP/1.1 200) 8 headers in 295 bytes (1 switches on core 0)
2026-03-06 22:25:31.140 8 INFO placement.requestlog [req-a96d1fb4-2c3d-40b7-8365-fe9855a7e3b6 req-75385713-6a48-45b7-a08f-1c5131d3a5df 087fa238fa9e426bbcff75e0f347b86d 69ac619724e642b7914acce4d5168ee8 - - 55d3e0290d064f859be0e1d1975e90ce 55d3e0290d064f859be0e1d1975e90ce] 10.0.0.193 "PUT /allocations/ac35ca58-2af0-4e82-aa6a-98fa46b859fc" status: 204 len: 0 microversion: 1.36 [pid: 8|app: 0|req: 314/634] 10.0.0.193 () {38 vars in 913 bytes} [Fri Mar 6 22:25:31 2026] PUT /allocations/ac35ca58-2af0-4e82-aa6a-98fa46b859fc => generated 0 bytes in 96 msecs (HTTP/1.1 204) 5 headers in 199 bytes (1 switches on core 0)
2026-03-06 22:25:31.147 7 INFO placement.requestlog [req-ee97c8fd-c3ce-4d75-9cd0-b17d2c2c19cd req-4d833316-67ae-475a-a34a-dd0b4e6b4283 087fa238fa9e426bbcff75e0f347b86d 69ac619724e642b7914acce4d5168ee8 - - 55d3e0290d064f859be0e1d1975e90ce 55d3e0290d064f859be0e1d1975e90ce] 199.204.45.169 "GET /allocations/b237c58a-404c-4630-814b-0e2afb68e20e" status: 200 len: 257 microversion: 1.28 [pid: 7|app: 0|req: 321/635] 199.204.45.169 () {34 vars in 862 bytes} [Fri Mar 6 22:25:31 2026] GET /allocations/b237c58a-404c-4630-814b-0e2afb68e20e => generated 257 bytes in 12 msecs (HTTP/1.1 200) 8 headers in 296 bytes (1 switches on core 0)
2026-03-06 22:25:32.001 7 INFO placement.requestlog [None req-79511158-36c7-4385-9b54-19666c295d47 87880e9f3d8643dfb30ef3d3bea4fe7f 69ac619724e642b7914acce4d5168ee8 - - 55d3e0290d064f859be0e1d1975e90ce 55d3e0290d064f859be0e1d1975e90ce] 10.0.0.11 "GET /resource_providers/a14a0572-9bfa-491a-a6da-7ad6436871cc/aggregates" status: 404 len: 235 microversion: 1.1 [pid: 7|app: 0|req: 322/636] 10.0.0.11 () {32 vars in 814 bytes} [Fri Mar 6 22:25:31 2026] GET /resource_providers/a14a0572-9bfa-491a-a6da-7ad6436871cc/aggregates => generated 235 bytes in 49 msecs (HTTP/1.1 404) 5 headers in 202 bytes (1 switches on core 0)
2026-03-06 22:25:32.014 8 INFO placement.requestlog [None req-e4358d0d-5a69-4ebb-a63a-5e57228813e6 87880e9f3d8643dfb30ef3d3bea4fe7f 69ac619724e642b7914acce4d5168ee8 - - 55d3e0290d064f859be0e1d1975e90ce 55d3e0290d064f859be0e1d1975e90ce] 10.0.0.11 "GET /resource_providers/a14a0572-9bfa-491a-a6da-7ad6436871cc/aggregates" status: 404 len: 235 microversion: 1.1 [pid: 8|app: 0|req: 315/637] 10.0.0.11 () {32 vars in 814 bytes} [Fri Mar 6 22:25:31 2026] GET /resource_providers/a14a0572-9bfa-491a-a6da-7ad6436871cc/aggregates => generated 235 bytes in 74 msecs (HTTP/1.1 404) 5 headers in 202 bytes (1 switches on core 0)
2026-03-06 22:25:32.022 7 INFO placement.requestlog [None req-26bbeef1-b6a9-40fa-a8c0-4ef9f0611ae6 87880e9f3d8643dfb30ef3d3bea4fe7f 69ac619724e642b7914acce4d5168ee8 - - 55d3e0290d064f859be0e1d1975e90ce 55d3e0290d064f859be0e1d1975e90ce] 10.0.0.11 "DELETE /resource_providers/a14a0572-9bfa-491a-a6da-7ad6436871cc" status: 404 len: 246 microversion: 1.1 [pid: 7|app: 0|req: 323/638] 10.0.0.11 () {34 vars in 814 bytes} [Fri Mar 6 22:25:32 2026] DELETE /resource_providers/a14a0572-9bfa-491a-a6da-7ad6436871cc => generated 246 bytes in 14 msecs (HTTP/1.1 404) 6 headers in 231 bytes (1 switches on core 0)
2026-03-06 22:25:32.031 8 INFO placement.requestlog [None req-78cab25e-59e6-4967-b25e-9897911a9d2d 87880e9f3d8643dfb30ef3d3bea4fe7f 69ac619724e642b7914acce4d5168ee8 - - 55d3e0290d064f859be0e1d1975e90ce 55d3e0290d064f859be0e1d1975e90ce] 10.0.0.11 "DELETE /resource_providers/a14a0572-9bfa-491a-a6da-7ad6436871cc" status: 404 len: 246 microversion: 1.1 [pid: 8|app: 0|req: 316/639] 10.0.0.11 () {34 vars in 814 bytes} [Fri Mar 6 22:25:32 2026] DELETE /resource_providers/a14a0572-9bfa-491a-a6da-7ad6436871cc => generated 246 bytes in 7 msecs (HTTP/1.1 404) 6 headers in 231 bytes (1 switches on core 0)
2026-03-06 22:25:32.188 7 INFO placement.requestlog [req-ee97c8fd-c3ce-4d75-9cd0-b17d2c2c19cd req-98c0383f-3a13-4dc5-bf6b-cf1d67a8bf10 087fa238fa9e426bbcff75e0f347b86d 69ac619724e642b7914acce4d5168ee8 - - 55d3e0290d064f859be0e1d1975e90ce 55d3e0290d064f859be0e1d1975e90ce] 199.204.45.169 "GET /resource_providers/1a15f98b-97c5-49c8-96dd-ac8715010ce6/allocations" status: 200 len: 252 microversion: 1.0 [pid: 7|app: 0|req: 324/640] 199.204.45.169 () {32 vars in 856 bytes} [Fri Mar 6 22:25:32 2026] GET /resource_providers/1a15f98b-97c5-49c8-96dd-ac8715010ce6/allocations => generated 252 bytes in 16 msecs (HTTP/1.1 200) 6 headers in 224 bytes (1 switches on core 0)
2026-03-06 22:25:32.215 8 INFO placement.requestlog [req-ee97c8fd-c3ce-4d75-9cd0-b17d2c2c19cd req-5738dcab-9bcd-4a12-93f5-8d0585fa8dd0 087fa238fa9e426bbcff75e0f347b86d 69ac619724e642b7914acce4d5168ee8 - - 55d3e0290d064f859be0e1d1975e90ce 55d3e0290d064f859be0e1d1975e90ce] 199.204.45.169 "GET /allocations/ac35ca58-2af0-4e82-aa6a-98fa46b859fc" status: 200 len: 257 microversion: 1.28 [pid: 8|app: 0|req: 317/641] 199.204.45.169 () {34 vars in 862 bytes} [Fri Mar 6 22:25:32 2026] GET /allocations/ac35ca58-2af0-4e82-aa6a-98fa46b859fc => generated 257 bytes in 20 msecs (HTTP/1.1 200) 8 headers in 296 bytes (1 switches on core 0)
2026-03-06 22:25:32.229 7 INFO placement.requestlog [req-ee97c8fd-c3ce-4d75-9cd0-b17d2c2c19cd req-87a70ecb-c69b-410f-a064-b3e20207ebdc 087fa238fa9e426bbcff75e0f347b86d 69ac619724e642b7914acce4d5168ee8 - - 55d3e0290d064f859be0e1d1975e90ce 55d3e0290d064f859be0e1d1975e90ce] 199.204.45.169 "GET /allocations/b237c58a-404c-4630-814b-0e2afb68e20e" status: 200 len: 257 microversion: 1.28 [pid: 7|app: 0|req: 325/642] 199.204.45.169 () {34 vars in 862 bytes} [Fri Mar 6 22:25:32 2026] GET /allocations/b237c58a-404c-4630-814b-0e2afb68e20e => generated 257 bytes in 9 msecs (HTTP/1.1 200) 8 headers in 296 bytes (1 switches on core 0)
2026-03-06 22:25:32.613 8 INFO placement.requestlog [req-a96d1fb4-2c3d-40b7-8365-fe9855a7e3b6 req-c9373038-cf05-486d-81c4-d30ab91ed7de 087fa238fa9e426bbcff75e0f347b86d 69ac619724e642b7914acce4d5168ee8 - - 55d3e0290d064f859be0e1d1975e90ce 55d3e0290d064f859be0e1d1975e90ce] 199.204.45.169 "GET /allocations/ac35ca58-2af0-4e82-aa6a-98fa46b859fc" status: 200 len: 257 microversion: 1.28 [pid: 8|app: 0|req: 318/643] 199.204.45.169 () {34 vars in 862 bytes} [Fri Mar 6 22:25:32 2026] GET /allocations/ac35ca58-2af0-4e82-aa6a-98fa46b859fc => generated 257 bytes in 28 msecs (HTTP/1.1 200) 8 headers in 296 bytes (1 switches on core 0)
2026-03-06 22:25:32.837 7 INFO placement.requestlog [None req-38a60525-1cc3-4e84-9be4-ad2c47119fc2 87880e9f3d8643dfb30ef3d3bea4fe7f 69ac619724e642b7914acce4d5168ee8 - - 55d3e0290d064f859be0e1d1975e90ce 55d3e0290d064f859be0e1d1975e90ce] 10.0.0.11 "GET /resource_providers/05a20636-e2ed-4dd8-92ce-32cf37075d63/aggregates" status: 404 len: 235 microversion: 1.1 [pid: 7|app: 0|req: 326/644] 10.0.0.11 () {32 vars in 814 bytes} [Fri Mar 6 22:25:32 2026] GET /resource_providers/05a20636-e2ed-4dd8-92ce-32cf37075d63/aggregates => generated 235 bytes in 205 msecs (HTTP/1.1 404) 5 headers in 202 bytes (1 switches on core 0)
2026-03-06 22:25:32.842 8 INFO placement.requestlog [None req-fac3fa8e-9f3c-4f43-8e8b-2bd205f4023d 87880e9f3d8643dfb30ef3d3bea4fe7f 69ac619724e642b7914acce4d5168ee8 - - 55d3e0290d064f859be0e1d1975e90ce 55d3e0290d064f859be0e1d1975e90ce] 10.0.0.11 "GET /resource_providers/05a20636-e2ed-4dd8-92ce-32cf37075d63/aggregates" status: 404 len: 235 microversion: 1.1 [pid: 8|app: 0|req: 319/645] 10.0.0.11 () {32 vars in 814 bytes} [Fri Mar 6 22:25:32 2026] GET /resource_providers/05a20636-e2ed-4dd8-92ce-32cf37075d63/aggregates => generated 235 bytes in 208 msecs (HTTP/1.1 404) 5 headers in 202 bytes (1 switches on core 0)
2026-03-06 22:25:32.875 7 INFO placement.requestlog [None req-94f48222-ec39-4a1e-9a90-91d20f5401c2 87880e9f3d8643dfb30ef3d3bea4fe7f 69ac619724e642b7914acce4d5168ee8 - - 55d3e0290d064f859be0e1d1975e90ce 55d3e0290d064f859be0e1d1975e90ce] 10.0.0.11 "DELETE /resource_providers/05a20636-e2ed-4dd8-92ce-32cf37075d63" status: 404 len: 246 microversion: 1.1
2026-03-06 22:25:32.878 8 INFO placement.requestlog [None req-b3871dd1-f246-4fae-8ef9-385174deabcb 87880e9f3d8643dfb30ef3d3bea4fe7f 69ac619724e642b7914acce4d5168ee8 - - 55d3e0290d064f859be0e1d1975e90ce 55d3e0290d064f859be0e1d1975e90ce] 10.0.0.11 "DELETE /resource_providers/05a20636-e2ed-4dd8-92ce-32cf37075d63" status: 404 len: 246 microversion: 1.1 [pid: 8|app: 0|req: 320/646] 10.0.0.11 () {34 vars in 814 bytes} [Fri Mar 6 22:25:32 2026] DELETE /resource_providers/05a20636-e2ed-4dd8-92ce-32cf37075d63 => generated 246 bytes in 27 msecs (HTTP/1.1 404) 6 headers in 231 bytes (1 switches on core 0) [pid: 7|app: 0|req: 327/647] 10.0.0.11 () {34 vars in 814 bytes} [Fri Mar 6 22:25:32 2026] DELETE /resource_providers/05a20636-e2ed-4dd8-92ce-32cf37075d63 => generated 246 bytes in 32 msecs (HTTP/1.1 404) 6 headers in 231 bytes (1 switches on core 0)
2026-03-06 22:25:34.332 8 INFO placement.requestlog [req-a96d1fb4-2c3d-40b7-8365-fe9855a7e3b6 req-35dc4b0c-3c92-4d8c-8bbc-65d7faf12e95 087fa238fa9e426bbcff75e0f347b86d 69ac619724e642b7914acce4d5168ee8 - - 55d3e0290d064f859be0e1d1975e90ce 55d3e0290d064f859be0e1d1975e90ce] 199.204.45.169 "GET /resource_providers/1a15f98b-97c5-49c8-96dd-ac8715010ce6/allocations" status: 200 len: 252 microversion: 1.0 [pid: 8|app: 0|req: 321/648] 199.204.45.169 () {32 vars in 856 bytes} [Fri Mar 6 22:25:34 2026] GET /resource_providers/1a15f98b-97c5-49c8-96dd-ac8715010ce6/allocations => generated 252 bytes in 42 msecs (HTTP/1.1 200) 6 headers in 224 bytes (1 switches on core 0)
2026-03-06 22:25:34.365 7 INFO placement.requestlog [req-a96d1fb4-2c3d-40b7-8365-fe9855a7e3b6 req-9dd808ca-8491-4674-bb06-d75596ab2b19 087fa238fa9e426bbcff75e0f347b86d 69ac619724e642b7914acce4d5168ee8 - - 55d3e0290d064f859be0e1d1975e90ce 55d3e0290d064f859be0e1d1975e90ce] 199.204.45.169 "GET /allocations/ac35ca58-2af0-4e82-aa6a-98fa46b859fc" status: 200 len: 257 microversion: 1.28 [pid: 7|app: 0|req: 328/649] 199.204.45.169 () {34 vars in 862 bytes} [Fri Mar 6 22:25:34 2026] GET /allocations/ac35ca58-2af0-4e82-aa6a-98fa46b859fc => generated 257 bytes in 23 msecs (HTTP/1.1 200) 8 headers in 296 bytes (1 switches on core 0)
2026-03-06 22:25:34.383 8 INFO placement.requestlog [req-a96d1fb4-2c3d-40b7-8365-fe9855a7e3b6 req-6f01cca0-e60a-4fce-978d-1ae83303b42f 087fa238fa9e426bbcff75e0f347b86d 69ac619724e642b7914acce4d5168ee8 - - 55d3e0290d064f859be0e1d1975e90ce 55d3e0290d064f859be0e1d1975e90ce] 199.204.45.169 "GET /allocations/b237c58a-404c-4630-814b-0e2afb68e20e" status: 200 len: 257 microversion: 1.28 [pid: 8|app: 0|req: 322/650] 199.204.45.169 () {34 vars in 862 bytes} [Fri Mar 6 22:25:34 2026] GET /allocations/b237c58a-404c-4630-814b-0e2afb68e20e => generated 257 bytes in 12 msecs (HTTP/1.1 200) 8 headers in 296 bytes (1 switches on core 0)
2026-03-06 22:25:35.148 7 INFO placement.requestlog [None req-c6f770aa-cd1d-4bf5-a18c-c32c367b5fd2 - - - - - -] 10.0.0.77 "GET /" status: 200 len: 136 microversion: 1.0
2026-03-06 22:25:35.148 8 INFO placement.requestlog [None req-dd95ac1d-0a98-4822-837c-0e7022384b5f - - - - - -] 10.0.0.77 "GET /" status: 200 len: 136 microversion: 1.0
2026-03-06 22:25:37.824 7 INFO placement.requestlog [req-3009679e-dcef-4723-bacd-6c5f8ef49787 req-204e910c-2be9-4be2-a4e4-d6684f69c309 087fa238fa9e426bbcff75e0f347b86d 69ac619724e642b7914acce4d5168ee8 - - 55d3e0290d064f859be0e1d1975e90ce 55d3e0290d064f859be0e1d1975e90ce] 10.0.0.193 "GET /allocation_candidates?limit=1000&resources=MEMORY_MB%3A512%2CVCPU%3A1&root_required=%21COMPUTE_STATUS_DISABLED" status: 200 len: 2770 microversion: 1.36 [pid: 7|app: 0|req: 330/653] 10.0.0.193 () {34 vars in 983 bytes} [Fri Mar 6 22:25:37 2026] GET /allocation_candidates?limit=1000&resources=MEMORY_MB%3A512%2CVCPU%3A1&root_required=%21COMPUTE_STATUS_DISABLED => generated 2770 bytes in 64 msecs (HTTP/1.1 200) 8 headers in 297 bytes (1 switches on core 0)
2026-03-06 22:25:37.874 8 INFO placement.requestlog [req-3009679e-dcef-4723-bacd-6c5f8ef49787 req-a0886d11-c3a0-4b0c-a983-49c1a2075d80 087fa238fa9e426bbcff75e0f347b86d 69ac619724e642b7914acce4d5168ee8 - - 55d3e0290d064f859be0e1d1975e90ce 55d3e0290d064f859be0e1d1975e90ce] 10.0.0.193 "GET /allocations/bc62890c-5775-4243-bb03-6a6b52e8ac34" status: 200 len: 19 microversion: 1.28 [pid: 8|app: 0|req: 324/654] 10.0.0.193 () {34 vars in 860 bytes} [Fri Mar 6 22:25:37 2026] GET /allocations/bc62890c-5775-4243-bb03-6a6b52e8ac34 => generated 19 bytes in 14 msecs (HTTP/1.1 200) 8 headers in 295 bytes (1 switches on core 0)
2026-03-06 22:25:37.939 7 INFO placement.requestlog [req-3009679e-dcef-4723-bacd-6c5f8ef49787 req-e7b3001c-38c4-45b0-a6f0-0fe20625b376 087fa238fa9e426bbcff75e0f347b86d 69ac619724e642b7914acce4d5168ee8 - - 55d3e0290d064f859be0e1d1975e90ce 55d3e0290d064f859be0e1d1975e90ce] 10.0.0.193 "PUT /allocations/bc62890c-5775-4243-bb03-6a6b52e8ac34" status: 204 len: 0 microversion: 1.36 [pid: 7|app: 0|req: 331/655] 10.0.0.193 () {38 vars in 913 bytes} [Fri Mar 6 22:25:37 2026] PUT /allocations/bc62890c-5775-4243-bb03-6a6b52e8ac34 => generated 0 bytes in 56 msecs (HTTP/1.1 204) 5 headers in 199 bytes (1 switches on core 0)
2026-03-06 22:25:39.537 8 INFO placement.requestlog [req-3009679e-dcef-4723-bacd-6c5f8ef49787 req-9dc1cffe-0720-470f-95a3-6cf10db94298 087fa238fa9e426bbcff75e0f347b86d 69ac619724e642b7914acce4d5168ee8 - - 55d3e0290d064f859be0e1d1975e90ce 55d3e0290d064f859be0e1d1975e90ce] 199.204.45.169 "GET /allocations/bc62890c-5775-4243-bb03-6a6b52e8ac34" status: 200 len: 243 microversion: 1.28 [pid: 8|app: 0|req: 325/656] 199.204.45.169 () {34 vars in 862 bytes} [Fri Mar 6 22:25:39 2026] GET /allocations/bc62890c-5775-4243-bb03-6a6b52e8ac34 => generated 243 bytes in 15 msecs (HTTP/1.1 200) 8 headers in 296 bytes (1 switches on core 0)
2026-03-06 22:25:40.590 7 INFO placement.requestlog [req-3009679e-dcef-4723-bacd-6c5f8ef49787 req-d1afbeb9-25cb-4a72-b8a7-7fc54cbadfb1 087fa238fa9e426bbcff75e0f347b86d 69ac619724e642b7914acce4d5168ee8 - - 55d3e0290d064f859be0e1d1975e90ce 55d3e0290d064f859be0e1d1975e90ce] 199.204.45.169 "GET /resource_providers/1a15f98b-97c5-49c8-96dd-ac8715010ce6/allocations" status: 200 len: 338 microversion: 1.0 [pid: 7|app: 0|req: 332/657] 199.204.45.169 () {32 vars in 856 bytes} [Fri Mar 6 22:25:40 2026] GET /resource_providers/1a15f98b-97c5-49c8-96dd-ac8715010ce6/allocations => generated 338 bytes in 30 msecs (HTTP/1.1 200) 6 headers in 224 bytes (1 switches on core 0)
2026-03-06 22:25:40.618 8 INFO placement.requestlog [req-3009679e-dcef-4723-bacd-6c5f8ef49787 req-4507f719-f4c2-497b-8164-3a1dac723f69 087fa238fa9e426bbcff75e0f347b86d 69ac619724e642b7914acce4d5168ee8 - - 55d3e0290d064f859be0e1d1975e90ce 55d3e0290d064f859be0e1d1975e90ce] 199.204.45.169 "GET /allocations/ac35ca58-2af0-4e82-aa6a-98fa46b859fc" status: 200 len: 257 microversion: 1.28 [pid: 8|app: 0|req: 326/658] 199.204.45.169 () {34 vars in 862 bytes} [Fri Mar 6 22:25:40 2026] GET /allocations/ac35ca58-2af0-4e82-aa6a-98fa46b859fc => generated 257 bytes in 21 msecs (HTTP/1.1 200) 8 headers in 296 bytes (1 switches on core 0)
2026-03-06 22:25:40.637 7 INFO placement.requestlog [req-3009679e-dcef-4723-bacd-6c5f8ef49787 req-2d3a9150-1199-4946-b1a5-59c89d813438 087fa238fa9e426bbcff75e0f347b86d 69ac619724e642b7914acce4d5168ee8 - - 55d3e0290d064f859be0e1d1975e90ce 55d3e0290d064f859be0e1d1975e90ce] 199.204.45.169 "GET /allocations/bc62890c-5775-4243-bb03-6a6b52e8ac34" status: 200 len: 243 microversion: 1.28 [pid: 7|app: 0|req: 333/659] 199.204.45.169 () {34 vars in 862 bytes} [Fri Mar 6 22:25:40 2026] GET /allocations/bc62890c-5775-4243-bb03-6a6b52e8ac34 => generated 243 bytes in 14 msecs (HTTP/1.1 200) 8 headers in 296 bytes (1 switches on core 0)
2026-03-06 22:25:40.655 8 INFO placement.requestlog [req-3009679e-dcef-4723-bacd-6c5f8ef49787 req-84f5f132-be05-49e9-8ba3-8d34b3337196 087fa238fa9e426bbcff75e0f347b86d 69ac619724e642b7914acce4d5168ee8 - - 55d3e0290d064f859be0e1d1975e90ce 55d3e0290d064f859be0e1d1975e90ce] 199.204.45.169 "GET /allocations/b237c58a-404c-4630-814b-0e2afb68e20e" status: 200 len: 257 microversion: 1.28 [pid: 8|app: 0|req: 327/660] 199.204.45.169 () {34 vars in 862 bytes} [Fri Mar 6 22:25:40 2026] GET /allocations/b237c58a-404c-4630-814b-0e2afb68e20e => generated 257 bytes in 13 msecs (HTTP/1.1 200) 8 headers in 296 bytes (1 switches on core 0)
2026-03-06 22:25:42.938 8 INFO placement.requestlog [None req-0f905769-154d-4a25-858e-50af9d722aa5 87880e9f3d8643dfb30ef3d3bea4fe7f 69ac619724e642b7914acce4d5168ee8 - - 55d3e0290d064f859be0e1d1975e90ce 55d3e0290d064f859be0e1d1975e90ce] 10.0.0.11 "GET /resource_providers/494461e4-08e0-4d17-99f3-ad87ff748952/aggregates" status: 404 len: 235 microversion: 1.1 [pid: 8|app: 0|req: 328/661] 10.0.0.11 () {32 vars in 814 bytes} [Fri Mar 6 22:25:42 2026] GET /resource_providers/494461e4-08e0-4d17-99f3-ad87ff748952/aggregates => generated 235 bytes in 11 msecs (HTTP/1.1 404) 5 headers in 202 bytes (1 switches on core 0)
2026-03-06 22:25:42.947 7 INFO placement.requestlog [None req-3ed95388-4afe-45a5-9649-c3c202903fb5 87880e9f3d8643dfb30ef3d3bea4fe7f 69ac619724e642b7914acce4d5168ee8 - - 55d3e0290d064f859be0e1d1975e90ce 55d3e0290d064f859be0e1d1975e90ce] 10.0.0.11 "GET /resource_providers/494461e4-08e0-4d17-99f3-ad87ff748952/aggregates" status: 404 len: 235 microversion: 1.1 [pid: 7|app: 0|req: 334/662] 10.0.0.11 () {32 vars in 814 bytes} [Fri Mar 6 22:25:42 2026] GET /resource_providers/494461e4-08e0-4d17-99f3-ad87ff748952/aggregates => generated 235 bytes in 21 msecs (HTTP/1.1 404) 5 headers in 202 bytes (1 switches on core 0)
2026-03-06 22:25:42.954 8 INFO placement.requestlog [None req-ccbf2d18-9dc9-4a87-9a54-04072c5aa3f4 87880e9f3d8643dfb30ef3d3bea4fe7f 69ac619724e642b7914acce4d5168ee8 - - 55d3e0290d064f859be0e1d1975e90ce 55d3e0290d064f859be0e1d1975e90ce] 10.0.0.11 "DELETE /resource_providers/494461e4-08e0-4d17-99f3-ad87ff748952" status: 404 len: 246 microversion: 1.1 [pid: 8|app: 0|req: 329/663] 10.0.0.11 () {34 vars in 814 bytes} [Fri Mar 6 22:25:42 2026] DELETE /resource_providers/494461e4-08e0-4d17-99f3-ad87ff748952 => generated 246 bytes in 9 msecs (HTTP/1.1 404) 6 headers in 231 bytes (1 switches on core 0)
2026-03-06 22:25:42.961 7 INFO placement.requestlog [None req-f967cdcc-ff28-4aa5-b18c-b10eb1a16346 87880e9f3d8643dfb30ef3d3bea4fe7f 69ac619724e642b7914acce4d5168ee8 - - 55d3e0290d064f859be0e1d1975e90ce 55d3e0290d064f859be0e1d1975e90ce] 10.0.0.11 "DELETE /resource_providers/494461e4-08e0-4d17-99f3-ad87ff748952" status: 404 len: 246 microversion: 1.1 [pid: 7|app: 0|req: 335/664] 10.0.0.11 () {34 vars in 814 bytes} [Fri Mar 6 22:25:42 2026] DELETE /resource_providers/494461e4-08e0-4d17-99f3-ad87ff748952 => generated 246 bytes in 9 msecs (HTTP/1.1 404) 6 headers in 231 bytes (1 switches on core 0)
2026-03-06 22:25:44.995 7 INFO placement.requestlog [None req-e2a21e0f-c2b3-43ea-9832-480e1c208387 87880e9f3d8643dfb30ef3d3bea4fe7f 69ac619724e642b7914acce4d5168ee8 - - 55d3e0290d064f859be0e1d1975e90ce 55d3e0290d064f859be0e1d1975e90ce] 10.0.0.11 "GET /resource_providers/9ecbef01-e812-42a2-a838-544bc740582b/aggregates" status: 404 len: 235 microversion: 1.1 [pid: 7|app: 0|req: 336/665] 10.0.0.11 () {32 vars in 814 bytes} [Fri Mar 6 22:25:44 2026] GET /resource_providers/9ecbef01-e812-42a2-a838-544bc740582b/aggregates => generated 235 bytes in 9 msecs (HTTP/1.1 404) 5 headers in 202 bytes (1 switches on core 0)
2026-03-06 22:25:44.998 8 INFO placement.requestlog [None req-9ca57ded-65e2-4c10-9eb9-faf877d99a3a 87880e9f3d8643dfb30ef3d3bea4fe7f 69ac619724e642b7914acce4d5168ee8 - - 55d3e0290d064f859be0e1d1975e90ce 55d3e0290d064f859be0e1d1975e90ce] 10.0.0.11 "GET /resource_providers/9ecbef01-e812-42a2-a838-544bc740582b/aggregates" status: 404 len: 235 microversion: 1.1 [pid: 8|app: 0|req: 330/666] 10.0.0.11 () {32 vars in 814 bytes} [Fri Mar 6 22:25:44 2026] GET /resource_providers/9ecbef01-e812-42a2-a838-544bc740582b/aggregates => generated 235 bytes in 28 msecs (HTTP/1.1 404) 5 headers in 202 bytes (1 switches on core 0)
2026-03-06 22:25:45.023 8 INFO placement.requestlog [None req-64f79b45-1671-4a34-afe1-f54d4f7cba0f 87880e9f3d8643dfb30ef3d3bea4fe7f 69ac619724e642b7914acce4d5168ee8 - - 55d3e0290d064f859be0e1d1975e90ce 55d3e0290d064f859be0e1d1975e90ce] 10.0.0.11 "DELETE /resource_providers/9ecbef01-e812-42a2-a838-544bc740582b" status: 404 len: 246 microversion: 1.1 [pid: 8|app: 0|req: 331/667] 10.0.0.11 () {34 vars in 814 bytes} [Fri Mar 6 22:25:45 2026] DELETE /resource_providers/9ecbef01-e812-42a2-a838-544bc740582b => generated 246 bytes in 11 msecs (HTTP/1.1 404) 6 headers in 231 bytes (1 switches on core 0)
2026-03-06 22:25:45.024 7 INFO placement.requestlog [None req-2a748651-81e9-43b0-881f-39678ec1c814 87880e9f3d8643dfb30ef3d3bea4fe7f 69ac619724e642b7914acce4d5168ee8 - - 55d3e0290d064f859be0e1d1975e90ce 55d3e0290d064f859be0e1d1975e90ce] 10.0.0.11 "DELETE /resource_providers/9ecbef01-e812-42a2-a838-544bc740582b" status: 404 len: 246 microversion: 1.1 [pid: 7|app: 0|req: 337/668] 10.0.0.11 () {34 vars in 814 bytes} [Fri Mar 6 22:25:45 2026] DELETE /resource_providers/9ecbef01-e812-42a2-a838-544bc740582b => generated 246 bytes in 13 msecs (HTTP/1.1 404) 6 headers in 231 bytes (1 switches on core 0)
2026-03-06 22:25:45.148 7 INFO placement.requestlog [None req-985274a9-a0a2-45a3-8c71-48b6c3e45903 - - - - - -] 10.0.0.77 "GET /" status: 200 len: 136 microversion: 1.0
2026-03-06 22:25:45.149 8 INFO placement.requestlog [None req-744ccbfe-9bc1-4752-8ff7-ca211536d2cf - - - - - -] 10.0.0.77 "GET /" status: 200 len: 136 microversion: 1.0
2026-03-06 22:25:47.135 7 INFO placement.requestlog [None req-561db4d6-961e-4b50-9d33-6259c8621097 949443260cc54b439e586e7da1575e1c f76cdce3e59743b5a8cb2a39d4cbf74b - - default default] 10.0.0.183 "GET /resource_providers" status: 200 len: 405 microversion: 1.0 [pid: 7|app: 0|req: 339/671] 10.0.0.183 () {28 vars in 592 bytes} [Fri Mar 6 22:25:46 2026] GET /resource_providers => generated 405 bytes in 203 msecs (HTTP/1.1 200) 6 headers in 224 bytes (1 switches on core 0)
2026-03-06 22:25:47.161 8 INFO placement.requestlog [None req-87c3e0b4-377d-4599-9261-d10ff43b2d5e 949443260cc54b439e586e7da1575e1c f76cdce3e59743b5a8cb2a39d4cbf74b - - default default] 10.0.0.183 "GET /resource_providers/1a15f98b-97c5-49c8-96dd-ac8715010ce6/inventories" status: 200 len: 400 microversion: 1.0 [pid: 8|app: 0|req: 333/672] 10.0.0.183 () {28 vars in 690 bytes} [Fri Mar 6 22:25:47 2026] GET /resource_providers/1a15f98b-97c5-49c8-96dd-ac8715010ce6/inventories => generated 400 bytes in 21 msecs (HTTP/1.1 200) 6 headers in 224 bytes (1 switches on core 0)
2026-03-06 22:25:47.177 7 INFO placement.requestlog [None req-8b255649-53c3-413a-8787-802fb2eba4e4 949443260cc54b439e586e7da1575e1c f76cdce3e59743b5a8cb2a39d4cbf74b - - default default] 10.0.0.183 "GET /resource_providers/1a15f98b-97c5-49c8-96dd-ac8715010ce6/usages" status: 200 len: 91 microversion: 1.0 [pid: 7|app: 0|req: 340/673] 10.0.0.183 () {28 vars in 680 bytes} [Fri Mar 6 22:25:47 2026] GET /resource_providers/1a15f98b-97c5-49c8-96dd-ac8715010ce6/usages => generated 91 bytes in 12 msecs (HTTP/1.1 200) 6 headers in 223 bytes (1 switches on core 0)
