2026-04-04 11:29:18.249 16 ERROR oslo_messaging.rpc.server ^^^^^^^^^^^^^^^^^^
2026-04-04 11:29:18.249 16 ERROR oslo_messaging.rpc.server
File "/var/lib/openstack/lib/python3.12/site-packages/oslo_db/sqlalchemy/enginefacade.py", line 1183, in wrapper
2026-04-04 11:29:18.249 16 ERROR oslo_messaging.rpc.server return fn(*args, **kwargs)
2026-04-04 11:29:18.249 16 ERROR oslo_messaging.rpc.server ^^^^^^^^^^^^^^^^^^^
2026-04-04 11:29:18.249 16 ERROR oslo_messaging.rpc.server
File "/var/lib/openstack/lib/python3.12/site-packages/neutron/db/ipam_pluggable_backend.py", line 226, in allocate_ips_for_port
2026-04-04 11:29:18.249 16 ERROR oslo_messaging.rpc.server return self._allocate_ips_for_port(context, port)
2026-04-04 11:29:18.249 16 ERROR oslo_messaging.rpc.server ^^^^^^^^^^^^^^^^^^^^^^^^^^^^^^^^^^^^^^^^^^
2026-04-04 11:29:18.249 16 ERROR oslo_messaging.rpc.server
File "/var/lib/openstack/lib/python3.12/site-packages/neutron/db/ipam_pluggable_backend.py", line 258, in _allocate_ips_for_port
2026-04-04 11:29:18.249 16 ERROR oslo_messaging.rpc.server subnets = self._ipam_get_subnets(
2026-04-04 11:29:18.249 16 ERROR oslo_messaging.rpc.server ^^^^^^^^^^^^^^^^^^^^^^^
2026-04-04 11:29:18.249 16 ERROR oslo_messaging.rpc.server
File "/var/lib/openstack/lib/python3.12/site-packages/neutron/db/ipam_backend_mixin.py", line 686, in _ipam_get_subnets
2026-04-04 11:29:18.249 16 ERROR oslo_messaging.rpc.server subnet.read_lock_register(
2026-04-04 11:29:18.249 16 ERROR oslo_messaging.rpc.server
File "/var/lib/openstack/lib/python3.12/site-packages/neutron/db/models_v2.py", line 77, in read_lock_register
2026-04-04 11:29:18.249 16 ERROR oslo_messaging.rpc.server raise exception
2026-04-04 11:29:18.249 16 ERROR oslo_messaging.rpc.server neutron_lib.exceptions.SubnetInUse: Unable to complete operation on subnet b260304b-7278-4575-803a-b3cb1ab376ed: This subnet is being modified by another concurrent operation.
2026-04-04 11:29:18.249 16 ERROR oslo_messaging.rpc.server
2026-04-04 11:29:19.713 16 INFO neutron.plugins.ml2.plugin [None req-e6860e14-9513-43b0-8741-f06abe7eca0b - - - - - -] Attempt 1 to provision port 14bfff20-0ad5-4dd5-b8fe-e9683160f6a8
2026-04-04 11:29:19.776 16 INFO neutron.plugins.ml2.plugin [None req-e6860e14-9513-43b0-8741-f06abe7eca0b - - - - - -] Attempt 1 to provision port c34ef029-02e7-416b-be64-14a93ddad661
2026-04-04 11:29:19.804 16 INFO neutron.plugins.ml2.plugin [None req-e6860e14-9513-43b0-8741-f06abe7eca0b - - - - - -] Attempt 1 to provision port bc8edad7-109b-46ec-84e0-e62135f3a9ff
2026-04-04 11:29:19.852 16 INFO neutron.plugins.ml2.plugin [None req-e6860e14-9513-43b0-8741-f06abe7eca0b - - - - - -] Attempt 1 to provision port ca3e9c43-03b8-4e6f-b22d-df81a23a8faf
2026-04-04 11:29:19.901 16 INFO neutron.plugins.ml2.plugin [None req-e6860e14-9513-43b0-8741-f06abe7eca0b - - - - - -] Attempt 1 to provision port 26c50939-ff5b-40ca-82b2-bc48ae81b9a5
2026-04-04 11:29:19.931 16 INFO neutron.plugins.ml2.plugin [None req-e6860e14-9513-43b0-8741-f06abe7eca0b - - - - - -] Attempt 1 to provision port f75b4c3e-1d18-4142-9df7-58b25b33edcb
2026-04-04 11:29:19.952 16 INFO neutron.plugins.ml2.plugin [None req-e6860e14-9513-43b0-8741-f06abe7eca0b - - - - - -] Attempt 1 to provision port 6d4c267b-42a1-4bb5-890b-76e8af30bbea
2026-04-04 11:29:19.973 16 INFO neutron.plugins.ml2.plugin [None req-e6860e14-9513-43b0-8741-f06abe7eca0b - - - - - -] Attempt 1 to provision port 3203bd7f-2dbd-4700-83d8-5955b1684239
2026-04-04 11:29:19.994 16 INFO neutron.plugins.ml2.plugin [None req-e6860e14-9513-43b0-8741-f06abe7eca0b - - - - - -] Attempt 1 to provision port 2a4b66ae-0441-434b-9684-c8def4332fda
2026-04-04 11:29:20.066 13 INFO neutron.plugins.ml2.plugin [None req-08a27ae5-5799-47f1-9be2-6050bfdd5ce0 - - - - - -] Attempt 1 to provision port 45dcebf7-51d1-4c45-8b43-abda95b03211
2026-04-04 11:29:20.516 13 INFO neutron.plugins.ml2.plugin [None req-08a27ae5-5799-47f1-9be2-6050bfdd5ce0 - - - - - -] Attempt 1 to provision port a19eedab-d7ad-4717-9383-d078504f03d9
2026-04-04 11:29:20.650 13 INFO neutron.notifiers.nova [-] Nova event matching ['req-63955468-84f7-455a-ac6e-e5bed2590b50'] response: {'server_uuid': '82eb05e5-c6bc-412f-8719-6038351d901d', 'name': 'network-vif-plugged', 'status': 'completed', 'tag': '45dcebf7-51d1-4c45-8b43-abda95b03211', 'code': 200}
2026-04-04 11:29:20.895 13 INFO neutron.plugins.ml2.plugin [None req-08a27ae5-5799-47f1-9be2-6050bfdd5ce0 - - - - - -] Attempt 1 to provision port e4d1aa59-fe4f-4a3e-b218-ea0f7ef11567
2026-04-04 11:29:21.857 13 INFO neutron.plugins.ml2.plugin [None req-08a27ae5-5799-47f1-9be2-6050bfdd5ce0 - - - - - -] Attempt 1 to provision port e4d1aa59-fe4f-4a3e-b218-ea0f7ef11567
2026-04-04 11:29:22.203 13 INFO neutron.plugins.ml2.plugin [None req-08a27ae5-5799-47f1-9be2-6050bfdd5ce0 - - - - - -] Attempt 1 to provision port 45dcebf7-51d1-4c45-8b43-abda95b03211
2026-04-04 11:29:22.523 13 INFO neutron.plugins.ml2.plugin [None req-08a27ae5-5799-47f1-9be2-6050bfdd5ce0 - - - - - -] Attempt 1 to provision port a19eedab-d7ad-4717-9383-d078504f03d9
2026-04-04 11:29:22.756 13 INFO neutron.notifiers.nova [-] Nova event matching ['req-48c18ca7-9340-4e40-823e-ddd5628f8a03'] response: {'server_uuid': 'c82148f4-09fa-4c70-85fc-5927fd9b6fc7', 'name': 'network-vif-plugged', 'status': 'completed', 'tag': 'a19eedab-d7ad-4717-9383-d078504f03d9', 'code': 200}
2026-04-04 11:29:22.757 13 INFO neutron.notifiers.nova [-] Nova event matching ['req-48c18ca7-9340-4e40-823e-ddd5628f8a03'] response: {'server_uuid': 'db3ea914-1d10-4d42-8596-93a68d81a0be', 'name': 'network-vif-plugged', 'status': 'completed', 'tag': 'e4d1aa59-fe4f-4a3e-b218-ea0f7ef11567', 'code': 200}
2026-04-04 11:29:25.737 16 INFO neutron.plugins.ml2.plugin [None req-08a27ae5-5799-47f1-9be2-6050bfdd5ce0 - - - - - -] Attempt 1 to provision port d4e6fc34-9ca6-4e69-b59c-440ca9153e1c
2026-04-04 11:29:27.872 13 INFO neutron.plugins.ml2.plugin [None req-bbdfa63c-3bd7-4689-8f9c-d1cb701263ab - - - - - -] Attempt 1 to provision port bc8edad7-109b-46ec-84e0-e62135f3a9ff
2026-04-04 11:29:27.921 13 INFO neutron.plugins.ml2.plugin [None req-bbdfa63c-3bd7-4689-8f9c-d1cb701263ab - - - - - -] Attempt 1 to provision port 3203bd7f-2dbd-4700-83d8-5955b1684239
2026-04-04 11:29:27.933 16 INFO neutron.plugins.ml2.plugin [None req-08a27ae5-5799-47f1-9be2-6050bfdd5ce0 - - - - - -] Attempt 1 to provision port d4e6fc34-9ca6-4e69-b59c-440ca9153e1c
2026-04-04 11:29:27.943 13 INFO neutron.plugins.ml2.plugin [None req-bbdfa63c-3bd7-4689-8f9c-d1cb701263ab - - - - - -] Attempt 1 to provision port 45dcebf7-51d1-4c45-8b43-abda95b03211
2026-04-04 11:29:29.833 16 INFO neutron.plugins.ml2.plugin [None req-08a27ae5-5799-47f1-9be2-6050bfdd5ce0 - - - - - -] Attempt 1 to provision port 8d12e89f-f803-402b-9afe-292a0552841e
2026-04-04 11:29:31.712 16 INFO neutron.plugins.ml2.plugin [None req-08a27ae5-5799-47f1-9be2-6050bfdd5ce0 - - - - - -] Attempt 1 to provision port 8d12e89f-f803-402b-9afe-292a0552841e
2026-04-04 11:29:35.417 16 INFO neutron.plugins.ml2.plugin [None req-3059e287-4dc3-4b0d-b294-53289fc8134a - - - - - -] Attempt 1 to provision port 8d12e89f-f803-402b-9afe-292a0552841e
2026-04-04 11:29:35.455 16 INFO neutron.plugins.ml2.plugin [None req-3059e287-4dc3-4b0d-b294-53289fc8134a - - - - - -] Attempt 1 to provision port 9633d7e2-b01b-4340-867f-04a1b4b98e45
2026-04-04 11:29:36.414 13 INFO neutron.plugins.ml2.plugin [None req-08a27ae5-5799-47f1-9be2-6050bfdd5ce0 - - - - - -] Attempt 1 to provision port 1e7641cc-37b5-4841-b743-11f364ff2a3d
2026-04-04 11:29:36.510 13 INFO neutron.notifiers.nova [-] Nova event matching ['req-7956395a-f418-4e2b-bb94-d3870fdd2b86'] response: {'server_uuid': 'df24a005-1135-4b57-9c60-6a7ed5d12eba', 'name': 'network-vif-plugged', 'status': 'completed', 'tag': '1e7641cc-37b5-4841-b743-11f364ff2a3d', 'code': 200}
2026-04-04 11:29:38.285 16 INFO neutron.plugins.ml2.plugin [None req-08a27ae5-5799-47f1-9be2-6050bfdd5ce0 - - - - - -] Attempt 1 to provision port 1e7641cc-37b5-4841-b743-11f364ff2a3d
2026-04-04 11:29:45.096 13 INFO neutron.plugins.ml2.plugin [None req-0c93b34e-c7a8-486d-a233-15d730794506 - - - - - -] Attempt 1 to provision port cee707fc-6fca-4980-a213-f233d6d0e6d8
2026-04-04 11:29:51.801 16 INFO neutron.plugins.ml2.plugin [None req-08a27ae5-5799-47f1-9be2-6050bfdd5ce0 - - - - - -] Attempt 1 to provision port 26c50939-ff5b-40ca-82b2-bc48ae81b9a5
2026-04-04 11:29:52.082 16 INFO neutron.plugins.ml2.plugin [None req-08a27ae5-5799-47f1-9be2-6050bfdd5ce0 - - - - - -] Attempt 1 to provision port 6d4c267b-42a1-4bb5-890b-76e8af30bbea
2026-04-04 11:29:53.786 16 INFO neutron.plugins.ml2.plugin [None req-08a27ae5-5799-47f1-9be2-6050bfdd5ce0 - - - - - -] Attempt 1 to provision port 26c50939-ff5b-40ca-82b2-bc48ae81b9a5
2026-04-04 11:29:53.979 16 INFO neutron.plugins.ml2.plugin [None req-08a27ae5-5799-47f1-9be2-6050bfdd5ce0 - - - - - -] Attempt 1 to provision port 6d4c267b-42a1-4bb5-890b-76e8af30bbea
2026-04-04 11:29:55.801 13 INFO neutron.plugins.ml2.plugin [None req-08a27ae5-5799-47f1-9be2-6050bfdd5ce0 - - - - - -] Attempt 1 to provision port 9633d7e2-b01b-4340-867f-04a1b4b98e45
2026-04-04 11:29:56.079 13 INFO neutron.plugins.ml2.plugin [None req-08a27ae5-5799-47f1-9be2-6050bfdd5ce0 - - - - - -] Attempt 1 to provision port cee707fc-6fca-4980-a213-f233d6d0e6d8
2026-04-04 11:29:57.318 16 INFO neutron.plugins.ml2.plugin [None req-b394cc8b-f0f4-46d9-8e7e-081914cbd004 - - - - - -] Attempt 1 to provision port a19eedab-d7ad-4717-9383-d078504f03d9
2026-04-04 11:29:57.825 16 INFO neutron.plugins.ml2.plugin [None req-08a27ae5-5799-47f1-9be2-6050bfdd5ce0 - - - - - -] Attempt 1 to provision port 9633d7e2-b01b-4340-867f-04a1b4b98e45
2026-04-04 11:29:58.059 16 INFO neutron.plugins.ml2.plugin [None req-08a27ae5-5799-47f1-9be2-6050bfdd5ce0 - - - - - -] Attempt 1 to provision port cee707fc-6fca-4980-a213-f233d6d0e6d8
2026-04-04 11:29:58.226 16 INFO neutron.plugins.ml2.plugin [None req-08a27ae5-5799-47f1-9be2-6050bfdd5ce0 - - - - - -] Attempt 1 to provision port a19eedab-d7ad-4717-9383-d078504f03d9
2026-04-04 11:30:01.376 16 INFO neutron.plugins.ml2.plugin [None req-130b11ce-fcdd-49a6-998f-daf8c9573ad3 - - - - - -] Attempt 1 to provision port a19eedab-d7ad-4717-9383-d078504f03d9
2026-04-04 11:30:01.816 13 INFO neutron.plugins.ml2.plugin [None req-08a27ae5-5799-47f1-9be2-6050bfdd5ce0 - - - - - -] Attempt 1 to provision port a19eedab-d7ad-4717-9383-d078504f03d9
2026-04-04 11:30:08.521 16 INFO neutron.notifiers.nova [-] Nova event matching ['req-23651788-37da-48d0-b22a-b893b457d6f5'] response: {'server_uuid': 'df24a005-1135-4b57-9c60-6a7ed5d12eba', 'name': 'network-vif-unplugged', 'status': 'completed', 'tag': '1e7641cc-37b5-4841-b743-11f364ff2a3d', 'code': 200}
2026-04-04 11:30:10.385 13 INFO neutron.plugins.ml2.plugin [None req-08a27ae5-5799-47f1-9be2-6050bfdd5ce0 - - - - - -] Attempt 1 to provision port 1e7641cc-37b5-4841-b743-11f364ff2a3d
2026-04-04 11:30:10.490 13 INFO neutron.notifiers.nova [-] Nova event matching ['req-814fa0ea-288b-4315-9717-9d0da92e2fb6'] response: {'server_uuid': 'df24a005-1135-4b57-9c60-6a7ed5d12eba', 'name': 'network-vif-plugged', 'status': 'completed', 'tag': '1e7641cc-37b5-4841-b743-11f364ff2a3d', 'code': 200}
2026-04-04 11:30:11.863 16 INFO neutron.plugins.ml2.plugin [None req-08a27ae5-5799-47f1-9be2-6050bfdd5ce0 - - - - - -] Attempt 1 to provision port 1e7641cc-37b5-4841-b743-11f364ff2a3d
2026-04-04 11:30:17.840 13 INFO neutron.plugins.ml2.plugin [None req-08a27ae5-5799-47f1-9be2-6050bfdd5ce0 - - - - - -] Attempt 1 to provision port 7dd6cf12-cfa3-4b9c-822a-ccb8d19f317d
2026-04-04 11:30:19.573 13 INFO neutron.plugins.ml2.plugin [None req-bcdd90f3-c955-4d9e-98e2-aece5f3a0f92 - - - - - -] Attempt 1 to provision port e570dfc4-8c03-49a3-bf19-f18b33567991
2026-04-04 11:30:19.609 13 INFO neutron.plugins.ml2.plugin [None req-bcdd90f3-c955-4d9e-98e2-aece5f3a0f92 - - - - - -] Attempt 1 to provision port 7dd6cf12-cfa3-4b9c-822a-ccb8d19f317d
2026-04-04 11:30:19.854 16 INFO neutron.plugins.ml2.plugin [None req-08a27ae5-5799-47f1-9be2-6050bfdd5ce0 - - - - - -] Attempt 1 to provision port 7dd6cf12-cfa3-4b9c-822a-ccb8d19f317d
2026-04-04 11:30:20.053 16 INFO neutron.plugins.ml2.plugin [None req-08a27ae5-5799-47f1-9be2-6050bfdd5ce0 - - - - - -] Attempt 1 to provision port fc5c8758-6996-410d-a64c-72f22afdea30
2026-04-04 11:30:21.752 13 INFO neutron.plugins.ml2.plugin [None req-08a27ae5-5799-47f1-9be2-6050bfdd5ce0 - - - - - -] Attempt 1 to provision port fc5c8758-6996-410d-a64c-72f22afdea30
2026-04-04 11:30:23.399 13 INFO neutron.plugins.ml2.plugin [None req-2a0e2eea-2d65-4525-ae60-ae1a2ae6eae3 - - - - - -] Attempt 1 to provision port 5f5a7f69-72ab-4091-a476-458db68fae0f
2026-04-04 11:30:27.860 13 INFO neutron.plugins.ml2.plugin [None req-08a27ae5-5799-47f1-9be2-6050bfdd5ce0 - - - - - -] Attempt 1 to provision port cf0c82c7-4739-486d-90b5-f272534df243
2026-04-04 11:30:28.532 16 INFO neutron.plugins.ml2.plugin [None req-ab3c6381-6a99-4b56-8365-49e2d0fcb19f - - - - - -] Attempt 1 to provision port cf0c82c7-4739-486d-90b5-f272534df243
2026-04-04 11:30:32.597 13 INFO neutron.plugins.ml2.plugin [None req-ca6ee88e-60d6-42d8-ad48-4ac784bc1ca7 - - - - - -] Attempt 1 to provision port e570dfc4-8c03-49a3-bf19-f18b33567991
2026-04-04 11:30:33.856 13 INFO neutron.plugins.ml2.plugin [None req-08a27ae5-5799-47f1-9be2-6050bfdd5ce0 - - - - - -] Attempt 1 to provision port 60868650-2dfa-48d3-b1b7-56ea51186a31
2026-04-04 11:30:35.862 16 INFO neutron.plugins.ml2.plugin [None req-08a27ae5-5799-47f1-9be2-6050bfdd5ce0 - - - - - -] Attempt 1 to provision port 60868650-2dfa-48d3-b1b7-56ea51186a31
2026-04-04 11:30:37.523 13 INFO neutron.notifiers.nova [-] Nova event matching ['req-1ea28455-7c96-4924-b992-f00e8b2b470f'] response: {'server_uuid': 'df24a005-1135-4b57-9c60-6a7ed5d12eba', 'name': 'network-vif-unplugged', 'status': 'completed', 'tag': '1e7641cc-37b5-4841-b743-11f364ff2a3d', 'code': 200}
2026-04-04 11:30:38.068 13 INFO neutron.plugins.ml2.plugin [None req-08a27ae5-5799-47f1-9be2-6050bfdd5ce0 - - - - - -] Attempt 1 to provision port 048a2712-d3ad-4963-b5f1-e97362df2797
2026-04-04 11:30:39.489 16 INFO neutron.plugins.ml2.plugin [None req-269209a5-104b-478b-ab29-b5d0e1dd063e - - - - - -] Attempt 1 to provision port cf2dd40f-7fd5-478a-8512-4a2c306b8188
2026-04-04 11:30:39.527 16 INFO neutron.plugins.ml2.plugin [None req-269209a5-104b-478b-ab29-b5d0e1dd063e - - - - - -] Attempt 1 to provision port 048a2712-d3ad-4963-b5f1-e97362df2797
2026-04-04 11:30:39.652 16 INFO neutron.plugins.ml2.plugin [None req-269209a5-104b-478b-ab29-b5d0e1dd063e - - - - - -] Attempt 1 to provision port 0d7c39df-c0b0-4d3f-8c26-75ae36ed691a
2026-04-04 11:30:40.578 16 INFO neutron.plugins.ml2.plugin [None req-08a27ae5-5799-47f1-9be2-6050bfdd5ce0 - - - - - -] Attempt 1 to provision port 96a828bb-29ff-4725-b67c-e70a66ebd8e8
2026-04-04 11:30:40.989 16 INFO neutron.notifiers.nova [-] Nova event matching ['req-00bbc215-6307-4824-8384-2857763a8147'] response: {'server_uuid': 'd4128808-8a64-477c-8811-510a0382726d', 'name': 'network-vif-plugged', 'status': 'completed', 'tag': '96a828bb-29ff-4725-b67c-e70a66ebd8e8', 'code': 200}
2026-04-04 11:30:41.572 16 INFO neutron.plugins.ml2.plugin [None req-08a27ae5-5799-47f1-9be2-6050bfdd5ce0 - - - - - -] Attempt 1 to provision port 0de4aa2c-3e71-4d44-89a9-c2aa3be26318
2026-04-04 11:30:42.044 16 INFO neutron.plugins.ml2.plugin [None req-08a27ae5-5799-47f1-9be2-6050bfdd5ce0 - - - - - -] Attempt 1 to provision port 048a2712-d3ad-4963-b5f1-e97362df2797
2026-04-04 11:30:42.971 13 INFO neutron.plugins.ml2.plugin [None req-08a27ae5-5799-47f1-9be2-6050bfdd5ce0 - - - - - -] Attempt 1 to provision port 96a828bb-29ff-4725-b67c-e70a66ebd8e8
2026-04-04 11:30:43.168 13 INFO neutron.plugins.ml2.plugin [None req-08a27ae5-5799-47f1-9be2-6050bfdd5ce0 - - - - - -] Attempt 1 to provision port 0de4aa2c-3e71-4d44-89a9-c2aa3be26318
2026-04-04 11:30:43.445 13 INFO neutron.plugins.ml2.plugin [None req-08a27ae5-5799-47f1-9be2-6050bfdd5ce0 - - - - - -] Attempt 1 to provision port 18b819a1-9944-4ca8-bf15-09d3e36f8bf1
2026-04-04 11:30:44.316 13 INFO neutron.plugins.ml2.plugin [None req-08a27ae5-5799-47f1-9be2-6050bfdd5ce0 - - - - - -] Attempt 1 to provision port e570dfc4-8c03-49a3-bf19-f18b33567991
2026-04-04 11:30:44.614 13 INFO neutron.plugins.ml2.plugin [None req-08a27ae5-5799-47f1-9be2-6050bfdd5ce0 - - - - - -] Attempt 1 to provision port 5f5a7f69-72ab-4091-a476-458db68fae0f
2026-04-04 11:30:46.001 13 INFO neutron.plugins.ml2.plugin [None req-08a27ae5-5799-47f1-9be2-6050bfdd5ce0 - - - - - -] Attempt 1 to provision port 18b819a1-9944-4ca8-bf15-09d3e36f8bf1
2026-04-04 11:30:46.303 13 INFO neutron.plugins.ml2.plugin [None req-08a27ae5-5799-47f1-9be2-6050bfdd5ce0 - - - - - -] Attempt 1 to provision port 5f5a7f69-72ab-4091-a476-458db68fae0f
2026-04-04 11:30:46.458 13 INFO neutron.plugins.ml2.plugin [None req-08a27ae5-5799-47f1-9be2-6050bfdd5ce0 - - - - - -] Attempt 1 to provision port e570dfc4-8c03-49a3-bf19-f18b33567991
2026-04-04 11:30:46.827 13 INFO neutron.plugins.ml2.plugin [None req-f8f64294-8158-4355-b2ba-874cefc5c769 - - - - - -] Attempt 1 to provision port acbb7750-94c6-4240-9220-16067860a830
2026-04-04 11:30:46.871 13 INFO neutron.plugins.ml2.plugin [None req-f8f64294-8158-4355-b2ba-874cefc5c769 - - - - - -] Attempt 1 to provision port 18b819a1-9944-4ca8-bf15-09d3e36f8bf1
2026-04-04 11:30:48.070 13 INFO neutron.notifiers.nova [-] Nova event matching ['req-847b5a63-2af6-4bf1-bb7e-8173574c26a5'] response: {'server_uuid': 'd4128808-8a64-477c-8811-510a0382726d', 'name': 'network-vif-unplugged', 'status': 'completed', 'tag': '96a828bb-29ff-4725-b67c-e70a66ebd8e8', 'code': 200}
2026-04-04 11:30:55.094 13 INFO neutron.plugins.ml2.plugin [None req-08a27ae5-5799-47f1-9be2-6050bfdd5ce0 - - - - - -] Attempt 1 to provision port a5de2b19-5c3a-4053-a0da-aeea107eb260
2026-04-04 11:30:55.259 13 INFO neutron.notifiers.nova [-] Nova event matching ['req-5e1abd0b-745b-4a64-b8de-ef07119828a8'] response: {'server_uuid': 'a3d41309-2b3e-4bf5-b16b-80fe6059449b', 'name': 'network-vif-plugged', 'status': 'completed', 'tag': 'a5de2b19-5c3a-4053-a0da-aeea107eb260', 'code': 200}
2026-04-04 11:30:55.403 13 INFO neutron.plugins.ml2.plugin [None req-91eadd16-b0ad-4109-bf2e-08927669fe25 - - - - - -] Attempt 1 to provision port a5de2b19-5c3a-4053-a0da-aeea107eb260
2026-04-04 11:30:55.594 13 INFO neutron.plugins.ml2.plugin [None req-91eadd16-b0ad-4109-bf2e-08927669fe25 - - - - - -] Attempt 1 to provision port acbb7750-94c6-4240-9220-16067860a830
2026-04-04 11:30:55.678 13 INFO neutron.plugins.ml2.plugin [None req-91eadd16-b0ad-4109-bf2e-08927669fe25 - - - - - -] Attempt 1 to provision port 7b21a7e3-4b6a-4288-9801-d8087d42ca27
2026-04-04 11:30:55.979 13 INFO neutron.plugins.ml2.plugin [None req-08a27ae5-5799-47f1-9be2-6050bfdd5ce0 - - - - - -] Attempt 1 to provision port 0d7c39df-c0b0-4d3f-8c26-75ae36ed691a
2026-04-04 11:30:56.282 13 INFO neutron.plugins.ml2.plugin [None req-91eadd16-b0ad-4109-bf2e-08927669fe25 - - - - - -] Attempt 1 to provision port 048a2712-d3ad-4963-b5f1-e97362df2797
2026-04-04 11:30:56.482 13 INFO neutron.plugins.ml2.plugin [None req-91eadd16-b0ad-4109-bf2e-08927669fe25 - - - - - -] Attempt 1 to provision port 18b819a1-9944-4ca8-bf15-09d3e36f8bf1
2026-04-04 11:30:56.649 13 INFO neutron.plugins.ml2.plugin [None req-91eadd16-b0ad-4109-bf2e-08927669fe25 - - - - - -] Attempt 1 to provision port cf2dd40f-7fd5-478a-8512-4a2c306b8188
2026-04-04 11:30:56.885 13 INFO neutron.plugins.ml2.plugin [None req-08a27ae5-5799-47f1-9be2-6050bfdd5ce0 - - - - - -] Attempt 1 to provision port cf2dd40f-7fd5-478a-8512-4a2c306b8188
2026-04-04 11:30:58.018 13 INFO neutron.plugins.ml2.plugin [None req-08a27ae5-5799-47f1-9be2-6050bfdd5ce0 - - - - - -] Attempt 1 to provision port acbb7750-94c6-4240-9220-16067860a830
2026-04-04 11:30:58.277 13 INFO neutron.plugins.ml2.plugin [None req-08a27ae5-5799-47f1-9be2-6050bfdd5ce0 - - - - - -] Attempt 1 to provision port cf2dd40f-7fd5-478a-8512-4a2c306b8188
2026-04-04 11:30:58.465 13 INFO neutron.plugins.ml2.plugin [None req-08a27ae5-5799-47f1-9be2-6050bfdd5ce0 - - - - - -] Attempt 1 to provision port a5de2b19-5c3a-4053-a0da-aeea107eb260
2026-04-04 11:30:58.747 13 INFO neutron.plugins.ml2.plugin [None req-08a27ae5-5799-47f1-9be2-6050bfdd5ce0 - - - - - -] Attempt 1 to provision port 7b21a7e3-4b6a-4288-9801-d8087d42ca27
2026-04-04 11:30:59.119 13 INFO neutron.plugins.ml2.plugin [None req-08a27ae5-5799-47f1-9be2-6050bfdd5ce0 - - - - - -] Attempt 1 to provision port 0d7c39df-c0b0-4d3f-8c26-75ae36ed691a
2026-04-04 11:31:00.366 13 INFO neutron.plugins.ml2.plugin [None req-08a27ae5-5799-47f1-9be2-6050bfdd5ce0 - - - - - -] Attempt 1 to provision port acbb7750-94c6-4240-9220-16067860a830
2026-04-04 11:31:02.958 13 INFO neutron.plugins.ml2.plugin [None req-1e8f0d0c-3639-4f0f-a988-51e1815f058b - - - - - -] Attempt 1 to provision port cf2dd40f-7fd5-478a-8512-4a2c306b8188
2026-04-04 11:31:03.033 13 INFO neutron.plugins.ml2.plugin [None req-1e8f0d0c-3639-4f0f-a988-51e1815f058b - - - - - -] Attempt 1 to provision port 1abd01cf-d664-4d19-b674-f69b80b41b2b
2026-04-04 11:31:04.448 16 INFO neutron.plugins.ml2.plugin [None req-08a27ae5-5799-47f1-9be2-6050bfdd5ce0 - - - - - -] Attempt 1 to provision port bf8027da-861e-4729-9125-3523e7826dc6
2026-04-04 11:31:06.413 16 INFO neutron.plugins.ml2.plugin [None req-08a27ae5-5799-47f1-9be2-6050bfdd5ce0 - - - - - -] Attempt 1 to provision port bf8027da-861e-4729-9125-3523e7826dc6
2026-04-04 11:31:08.787 13 INFO neutron.plugins.ml2.plugin [None req-08a27ae5-5799-47f1-9be2-6050bfdd5ce0 - - - - - -] Attempt 1 to provision port 8b52c8b9-320c-4442-b7c7-8d3fd1e20d1d
2026-04-04 11:31:10.546 13 INFO neutron.plugins.ml2.plugin [None req-08a27ae5-5799-47f1-9be2-6050bfdd5ce0 - - - - - -] Attempt 1 to provision port 32e934ee-9d9d-439e-8bda-b14ae9a795f8
2026-04-04 11:31:11.007 13 INFO neutron.plugins.ml2.plugin [None req-08a27ae5-5799-47f1-9be2-6050bfdd5ce0 - - - - - -] Attempt 1 to provision port 8b52c8b9-320c-4442-b7c7-8d3fd1e20d1d
2026-04-04 11:31:12.468 16 INFO neutron.plugins.ml2.plugin [None req-08a27ae5-5799-47f1-9be2-6050bfdd5ce0 - - - - - -] Attempt 1 to provision port 32e934ee-9d9d-439e-8bda-b14ae9a795f8
2026-04-04 11:31:13.211 13 INFO neutron.plugins.ml2.plugin [None req-85db3809-c140-48c1-a25c-422d11adc640 - - - - - -] Attempt 1 to provision port acbb7750-94c6-4240-9220-16067860a830
2026-04-04 11:31:13.307 13 INFO neutron.plugins.ml2.plugin [None req-85db3809-c140-48c1-a25c-422d11adc640 - - - - - -] Attempt 1 to provision port 8b52c8b9-320c-4442-b7c7-8d3fd1e20d1d
2026-04-04 11:31:13.378 13 INFO neutron.plugins.ml2.plugin [None req-85db3809-c140-48c1-a25c-422d11adc640 - - - - - -] Attempt 1 to provision port 30a840a0-58ab-45f1-9d33-ae4a2cccef4c
2026-04-04 11:31:16.920 13 INFO neutron.plugins.ml2.plugin [None req-08a27ae5-5799-47f1-9be2-6050bfdd5ce0 - - - - - -] Attempt 1 to provision port 312c8848-72fe-43e1-a970-ed4da8a291f0
2026-04-04 11:31:17.023 13 INFO neutron.notifiers.nova [-] Nova event matching ['req-4d3624e4-6193-4ec9-8212-df72bfb07117'] response: {'server_uuid': 'ba13a72e-2e45-41e2-8775-d04fa7a01b7f', 'name': 'network-vif-plugged', 'status': 'completed', 'tag': '312c8848-72fe-43e1-a970-ed4da8a291f0', 'code': 200}
2026-04-04 11:31:18.524 16 INFO neutron.plugins.ml2.plugin [None req-08a27ae5-5799-47f1-9be2-6050bfdd5ce0 - - - - - -] Attempt 1 to provision port d74c52e1-f8a6-4a3c-a3f2-7845fa6f0196
2026-04-04 11:31:18.980 16 INFO neutron.plugins.ml2.plugin [None req-08a27ae5-5799-47f1-9be2-6050bfdd5ce0 - - - - - -] Attempt 1 to provision port 312c8848-72fe-43e1-a970-ed4da8a291f0
2026-04-04 11:31:20.576 13 INFO neutron.plugins.ml2.plugin [None req-08a27ae5-5799-47f1-9be2-6050bfdd5ce0 - - - - - -] Attempt 1 to provision port d74c52e1-f8a6-4a3c-a3f2-7845fa6f0196
2026-04-04 11:31:20.793 13 INFO neutron.plugins.ml2.plugin [None req-08a27ae5-5799-47f1-9be2-6050bfdd5ce0 - - - - - -] Attempt 1 to provision port e332c13b-7009-4d85-a19c-5123c163b219
2026-04-04 11:31:21.079 16 INFO neutron.plugins.ml2.plugin [None req-70440fb2-3ba1-49d2-889f-fe66b4f1d916 - - - - - -] Attempt 1 to provision port 63f1c03d-3b53-460d-b34e-1925f2148abf
2026-04-04 11:31:21.140 16 INFO neutron.plugins.ml2.plugin [None req-70440fb2-3ba1-49d2-889f-fe66b4f1d916 - - - - - -] Attempt 1 to provision port e332c13b-7009-4d85-a19c-5123c163b219
2026-04-04 11:31:23.275 16 INFO neutron.plugins.ml2.plugin [None req-08a27ae5-5799-47f1-9be2-6050bfdd5ce0 - - - - - -] Attempt 1 to provision port e332c13b-7009-4d85-a19c-5123c163b219
2026-04-04 11:31:23.732 16 INFO neutron.plugins.ml2.plugin [None req-08a27ae5-5799-47f1-9be2-6050bfdd5ce0 - - - - - -] Attempt 1 to provision port 641b7d99-63db-464a-b6db-f1ef8e114cc9
2026-04-04 11:31:24.591 16 INFO neutron.notifiers.nova [-] Nova event matching ['req-101ba4c1-f83a-4cc5-aeb7-4693c509fdcb'] response: {'server_uuid': '9c846028-5c17-41e9-97bd-466c688ea93a', 'name': 'network-vif-plugged', 'status': 'completed', 'tag': '641b7d99-63db-464a-b6db-f1ef8e114cc9', 'code': 200}
2026-04-04 11:31:27.024 13 INFO neutron.plugins.ml2.plugin [None req-08a27ae5-5799-47f1-9be2-6050bfdd5ce0 - - - - - -] Attempt 1 to provision port 83dd5c2c-e838-4b29-a8d8-cd8cd73305c9
2026-04-04 11:31:27.690 13 INFO neutron.plugins.ml2.plugin [None req-08a27ae5-5799-47f1-9be2-6050bfdd5ce0 - - - - - -] Attempt 1 to provision port 30a840a0-58ab-45f1-9d33-ae4a2cccef4c
2026-04-04 11:31:27.930 13 INFO neutron.plugins.ml2.plugin [None req-08a27ae5-5799-47f1-9be2-6050bfdd5ce0 - - - - - -] Attempt 1 to provision port 641b7d99-63db-464a-b6db-f1ef8e114cc9
2026-04-04 11:31:28.164 13 INFO neutron.plugins.ml2.plugin [None req-08a27ae5-5799-47f1-9be2-6050bfdd5ce0 - - - - - -] Attempt 1 to provision port 1abd01cf-d664-4d19-b674-f69b80b41b2b
2026-04-04 11:31:29.318 16 INFO neutron.plugins.ml2.plugin [None req-dd8e12eb-d3d0-40f4-b1ff-326d0eb40db2 - - - - - -] Attempt 1 to provision port 19cd559b-5f16-43e2-a48d-f77cf48668c8
2026-04-04 11:31:29.551 16 INFO neutron.plugins.ml2.plugin [None req-dd8e12eb-d3d0-40f4-b1ff-326d0eb40db2 - - - - - -] Attempt 1 to provision port 83dd5c2c-e838-4b29-a8d8-cd8cd73305c9
2026-04-04 11:31:29.616 16 INFO neutron.plugins.ml2.plugin [None req-dd8e12eb-d3d0-40f4-b1ff-326d0eb40db2 - - - - - -] Attempt 1 to provision port 63f1c03d-3b53-460d-b34e-1925f2148abf
2026-04-04 11:31:29.641 16 INFO neutron.plugins.ml2.plugin [None req-dd8e12eb-d3d0-40f4-b1ff-326d0eb40db2 - - - - - -] Attempt 1 to provision port 8b1097df-7faa-42e1-be85-72de31e81a72
2026-04-04 11:31:29.806 16 INFO neutron.plugins.ml2.plugin [None req-dd8e12eb-d3d0-40f4-b1ff-326d0eb40db2 - - - - - -] Attempt 1 to provision port 641b7d99-63db-464a-b6db-f1ef8e114cc9
2026-04-04 11:31:29.814 13 INFO neutron.plugins.ml2.plugin [None req-08a27ae5-5799-47f1-9be2-6050bfdd5ce0 - - - - - -] Attempt 1 to provision port 83dd5c2c-e838-4b29-a8d8-cd8cd73305c9
2026-04-04 11:31:29.844 16 INFO neutron.plugins.ml2.plugin [None req-dd8e12eb-d3d0-40f4-b1ff-326d0eb40db2 - - - - - -] Attempt 1 to provision port e332c13b-7009-4d85-a19c-5123c163b219
2026-04-04 11:31:30.019 13 INFO neutron.plugins.ml2.plugin [None req-08a27ae5-5799-47f1-9be2-6050bfdd5ce0 - - - - - -] Attempt 1 to provision port 19cd559b-5f16-43e2-a48d-f77cf48668c8
2026-04-04 11:31:30.154 13 INFO neutron.plugins.ml2.plugin [None req-08a27ae5-5799-47f1-9be2-6050bfdd5ce0 - - - - - -] Attempt 1 to provision port 8b1097df-7faa-42e1-be85-72de31e81a72
2026-04-04 11:31:32.797 16 INFO neutron.plugins.ml2.plugin [None req-08a27ae5-5799-47f1-9be2-6050bfdd5ce0 - - - - - -] Attempt 1 to provision port 19cd559b-5f16-43e2-a48d-f77cf48668c8
2026-04-04 11:31:33.004 16 INFO neutron.plugins.ml2.plugin [None req-08a27ae5-5799-47f1-9be2-6050bfdd5ce0 - - - - - -] Attempt 1 to provision port 8b1097df-7faa-42e1-be85-72de31e81a72
2026-04-04 11:31:33.192 16 INFO neutron.plugins.ml2.plugin [None req-08a27ae5-5799-47f1-9be2-6050bfdd5ce0 - - - - - -] Attempt 1 to provision port 10e4c87d-f59b-48e0-852d-661845f8c98c
2026-04-04 11:31:33.323 16 INFO neutron.notifiers.nova [-] Nova event matching ['req-c9994239-fe42-44e0-9ffd-9268a351e77f'] response: {'server_uuid': 'fd32dfbc-43af-416d-9742-140c5ff8f023', 'name': 'network-vif-plugged', 'status': 'completed', 'tag': '10e4c87d-f59b-48e0-852d-661845f8c98c', 'code': 200}
2026-04-04 11:31:34.637 13 INFO neutron.plugins.ml2.plugin [None req-08a27ae5-5799-47f1-9be2-6050bfdd5ce0 - - - - - -] Attempt 1 to provision port 10e4c87d-f59b-48e0-852d-661845f8c98c
2026-04-04 11:31:36.670 13 INFO neutron.plugins.ml2.plugin [None req-08a27ae5-5799-47f1-9be2-6050bfdd5ce0 - - - - - -] Attempt 1 to provision port 63f1c03d-3b53-460d-b34e-1925f2148abf
2026-04-04 11:31:36.986 13 INFO neutron.plugins.ml2.plugin [None req-08a27ae5-5799-47f1-9be2-6050bfdd5ce0 - - - - - -] Attempt 1 to provision port 154a63de-f42b-4a65-9b7a-94fe9ac2ccc2
2026-04-04 11:31:37.772 16 INFO neutron.plugins.ml2.plugin [None req-31d816df-d5f1-4388-b3c5-17e06dcdcd76 - - - - - -] Attempt 1 to provision port 83dd5c2c-e838-4b29-a8d8-cd8cd73305c9
2026-04-04 11:31:37.843 16 INFO neutron.plugins.ml2.plugin [None req-31d816df-d5f1-4388-b3c5-17e06dcdcd76 - - - - - -] Attempt 1 to provision port 154a63de-f42b-4a65-9b7a-94fe9ac2ccc2
2026-04-04 11:31:37.897 16 INFO neutron.plugins.ml2.plugin [None req-31d816df-d5f1-4388-b3c5-17e06dcdcd76 - - - - - -] Attempt 1 to provision port 8b1097df-7faa-42e1-be85-72de31e81a72
2026-04-04 11:31:37.948 16 INFO neutron.plugins.ml2.plugin [None req-31d816df-d5f1-4388-b3c5-17e06dcdcd76 - - - - - -] Attempt 1 to provision port 641b7d99-63db-464a-b6db-f1ef8e114cc9
2026-04-04 11:31:38.001 16 INFO neutron.plugins.ml2.plugin [None req-31d816df-d5f1-4388-b3c5-17e06dcdcd76 - - - - - -] Attempt 1 to provision port 63f1c03d-3b53-460d-b34e-1925f2148abf
2026-04-04 11:31:38.814 16 INFO neutron.plugins.ml2.plugin [None req-08a27ae5-5799-47f1-9be2-6050bfdd5ce0 - - - - - -] Attempt 1 to provision port 63f1c03d-3b53-460d-b34e-1925f2148abf
2026-04-04 11:31:39.016 16 INFO neutron.plugins.ml2.plugin [None req-08a27ae5-5799-47f1-9be2-6050bfdd5ce0 - - - - - -] Attempt 1 to provision port 154a63de-f42b-4a65-9b7a-94fe9ac2ccc2
2026-04-04 11:31:42.079 13 INFO neutron.plugins.ml2.plugin [None req-d563df42-a211-4a42-9dad-696081cd2076 - - - - - -] Attempt 1 to provision port 8b1097df-7faa-42e1-be85-72de31e81a72
2026-04-04 11:31:44.975 16 INFO neutron.plugins.ml2.plugin [None req-1dbbcf1a-1adc-4482-8fff-3be41039dcb7 - - - - - -] Attempt 1 to provision port 63f1c03d-3b53-460d-b34e-1925f2148abf
2026-04-04 11:31:45.032 16 INFO neutron.plugins.ml2.plugin [None req-1dbbcf1a-1adc-4482-8fff-3be41039dcb7 - - - - - -] Attempt 1 to provision port 8b1097df-7faa-42e1-be85-72de31e81a72
2026-04-04 11:31:49.085 16 INFO neutron.plugins.ml2.plugin [None req-47e85f9b-cbf4-42ea-ba5c-712a8ed7d6e2 - - - - - -] Attempt 1 to provision port 641b7d99-63db-464a-b6db-f1ef8e114cc9
2026-04-04 11:31:54.400 13 INFO neutron.plugins.ml2.plugin [None req-2559970d-88a9-4369-9349-7cfd49677d6c - - - - - -] Attempt 1 to provision port e0c94761-d61b-4e92-b206-60d3edde2f91
2026-04-04 11:32:03.301 16 INFO neutron.plugins.ml2.plugin [None req-08a27ae5-5799-47f1-9be2-6050bfdd5ce0 - - - - - -] Attempt 1 to provision port c6d2d2d8-11c7-4512-9396-6716b8b1a684
2026-04-04 11:32:03.394 16 INFO neutron.notifiers.nova [-] Nova event matching ['req-c432179d-a9d5-4798-be31-f4aa8e433118'] response: {'server_uuid': '2e384407-cb01-46b6-bcc1-610ea7c169bc', 'name': 'network-vif-plugged', 'status': 'completed', 'tag': 'c6d2d2d8-11c7-4512-9396-6716b8b1a684', 'code': 200}
2026-04-04 11:32:04.757 13 INFO neutron.plugins.ml2.plugin [None req-08a27ae5-5799-47f1-9be2-6050bfdd5ce0 - - - - - -] Attempt 1 to provision port c6d2d2d8-11c7-4512-9396-6716b8b1a684
2026-04-04 11:32:10.661 16 INFO neutron.plugins.ml2.plugin [None req-08a27ae5-5799-47f1-9be2-6050bfdd5ce0 - - - - - -] Attempt 1 to provision port 9c11844f-faef-44a4-a1f8-cfb83096ae11
2026-04-04 11:32:12.654 13 INFO neutron.plugins.ml2.plugin [None req-08a27ae5-5799-47f1-9be2-6050bfdd5ce0 - - - - - -] Attempt 1 to provision port 9c11844f-faef-44a4-a1f8-cfb83096ae11
2026-04-04 11:33:10.586 16 INFO neutron.plugins.ml2.plugin [None req-5750b649-64d0-45e9-84f5-6d7030be4256 - - - - - -] Attempt 1 to provision port 96ced4b2-a916-44d4-8493-656febc0d46a
2026-04-04 11:33:10.738 13 INFO neutron.plugins.ml2.plugin [None req-08a27ae5-5799-47f1-9be2-6050bfdd5ce0 - - - - - -] Attempt 1 to provision port 96ced4b2-a916-44d4-8493-656febc0d46a
2026-04-04 11:33:12.843 16 INFO neutron.plugins.ml2.plugin [None req-08a27ae5-5799-47f1-9be2-6050bfdd5ce0 - - - - - -] Attempt 1 to provision port 96ced4b2-a916-44d4-8493-656febc0d46a
2026-04-04 11:33:13.029 16 INFO neutron.plugins.ml2.plugin [None req-08a27ae5-5799-47f1-9be2-6050bfdd5ce0 - - - - - -] Attempt 1 to provision port 0e54888f-7f88-4d2a-8702-263a2a013bf7
2026-04-04 11:33:13.325 16 INFO neutron.plugins.ml2.plugin [None req-08a27ae5-5799-47f1-9be2-6050bfdd5ce0 - - - - - -] Attempt 1 to provision port 0e0f4cdf-0425-459e-a654-34754a18cbb3
2026-04-04 11:33:14.666 13 INFO neutron.plugins.ml2.plugin [None req-08a27ae5-5799-47f1-9be2-6050bfdd5ce0 - - - - - -] Attempt 1 to provision port 0e54888f-7f88-4d2a-8702-263a2a013bf7
2026-04-04 11:33:14.904 13 INFO neutron.plugins.ml2.plugin [None req-08a27ae5-5799-47f1-9be2-6050bfdd5ce0 - - - - - -] Attempt 1 to provision port 0e0f4cdf-0425-459e-a654-34754a18cbb3
2026-04-04 11:33:18.722 13 INFO neutron.plugins.ml2.plugin [None req-08a27ae5-5799-47f1-9be2-6050bfdd5ce0 - - - - - -] Attempt 1 to provision port 96ced4b2-a916-44d4-8493-656febc0d46a
2026-04-04 11:33:20.331 13 INFO neutron.plugins.ml2.plugin [None req-3e1b0b66-072f-4e05-8b81-1f0f7d600ccb - - - - - -] Attempt 1 to provision port b81bbc54-b39f-46cc-ae86-55b23e8b5d26
2026-04-04 11:33:20.361 13 INFO neutron.plugins.ml2.plugin [None req-3e1b0b66-072f-4e05-8b81-1f0f7d600ccb - - - - - -] Attempt 1 to provision port 907a73ff-47ea-4d2e-bc9e-d330a1c4c813
2026-04-04 11:33:20.386 13 INFO neutron.plugins.ml2.plugin [None req-3e1b0b66-072f-4e05-8b81-1f0f7d600ccb - - - - - -] Attempt 1 to provision port 0e54888f-7f88-4d2a-8702-263a2a013bf7
2026-04-04 11:33:20.849 13 INFO neutron.plugins.ml2.plugin [None req-3e1b0b66-072f-4e05-8b81-1f0f7d600ccb - - - - - -] Attempt 1 to provision port 96ced4b2-a916-44d4-8493-656febc0d46a
2026-04-04 11:33:20.892 13 INFO neutron.plugins.ml2.plugin [None req-3e1b0b66-072f-4e05-8b81-1f0f7d600ccb - - - - - -] Attempt 1 to provision port e0d8b40e-ef27-4b91-a47f-40b540b8fc88
2026-04-04 11:33:22.686 16 INFO neutron.plugins.ml2.plugin [None req-08a27ae5-5799-47f1-9be2-6050bfdd5ce0 - - - - - -] Attempt 1 to provision port d49bf690-6df1-433d-a09e-dc86fea92806
2026-04-04 11:33:24.666 16 INFO neutron.plugins.ml2.plugin [None req-08a27ae5-5799-47f1-9be2-6050bfdd5ce0 - - - - - -] Attempt 1 to provision port d49bf690-6df1-433d-a09e-dc86fea92806
2026-04-04 11:33:28.833 16 INFO neutron.plugins.ml2.plugin [None req-8be1bb51-6057-4870-96bf-6fe6d588152d - - - - - -] Attempt 1 to provision port 907a73ff-47ea-4d2e-bc9e-d330a1c4c813
2026-04-04 11:33:28.861 16 INFO neutron.plugins.ml2.plugin [None req-8be1bb51-6057-4870-96bf-6fe6d588152d - - - - - -] Attempt 1 to provision port d49bf690-6df1-433d-a09e-dc86fea92806
2026-04-04 11:33:28.912 16 INFO neutron.plugins.ml2.plugin [None req-8be1bb51-6057-4870-96bf-6fe6d588152d - - - - - -] Attempt 1 to provision port 09fe1169-f17e-4fdd-a313-966bcf9d9bf0
2026-04-04 11:33:28.934 16 INFO neutron.plugins.ml2.plugin [None req-8be1bb51-6057-4870-96bf-6fe6d588152d - - - - - -] Attempt 1 to provision port 0e54888f-7f88-4d2a-8702-263a2a013bf7
2026-04-04 11:33:28.997 16 INFO neutron.plugins.ml2.plugin [None req-8be1bb51-6057-4870-96bf-6fe6d588152d - - - - - -] Attempt 1 to provision port 96ced4b2-a916-44d4-8493-656febc0d46a
2026-04-04 11:33:29.044 16 INFO neutron.plugins.ml2.plugin [None req-8be1bb51-6057-4870-96bf-6fe6d588152d - - - - - -] Attempt 1 to provision port e0d8b40e-ef27-4b91-a47f-40b540b8fc88
2026-04-04 11:33:29.190 13 INFO neutron.plugins.ml2.plugin [None req-08a27ae5-5799-47f1-9be2-6050bfdd5ce0 - - - - - -] Attempt 1 to provision port f599154e-65a7-491f-bb0c-15e8f5986de1
2026-04-04 11:33:29.308 13 INFO neutron.notifiers.nova [-] Nova event matching ['req-ed4ec6c2-1768-4e69-9182-110ca79bcb11'] response: {'server_uuid': '2f012fd4-b9c9-4446-a99b-d46360637e5d', 'name': 'network-vif-plugged', 'status': 'completed', 'tag': 'f599154e-65a7-491f-bb0c-15e8f5986de1', 'code': 200}
2026-04-04 11:33:30.760 16 INFO neutron.plugins.ml2.plugin [None req-08a27ae5-5799-47f1-9be2-6050bfdd5ce0 - - - - - -] Attempt 1 to provision port f599154e-65a7-491f-bb0c-15e8f5986de1
2026-04-04 11:33:30.996 16 INFO neutron.plugins.ml2.plugin [None req-08a27ae5-5799-47f1-9be2-6050bfdd5ce0 - - - - - -] Attempt 1 to provision port 09fe1169-f17e-4fdd-a313-966bcf9d9bf0
2026-04-04 11:33:31.263 16 INFO neutron.plugins.ml2.plugin [None req-08a27ae5-5799-47f1-9be2-6050bfdd5ce0 - - - - - -] Attempt 1 to provision port 907a73ff-47ea-4d2e-bc9e-d330a1c4c813
2026-04-04 11:33:32.695 16 INFO neutron.plugins.ml2.plugin [None req-08a27ae5-5799-47f1-9be2-6050bfdd5ce0 - - - - - -] Attempt 1 to provision port b81bbc54-b39f-46cc-ae86-55b23e8b5d26
2026-04-04 11:33:32.978 16 INFO neutron.plugins.ml2.plugin [None req-08a27ae5-5799-47f1-9be2-6050bfdd5ce0 - - - - - -] Attempt 1 to provision port 09fe1169-f17e-4fdd-a313-966bcf9d9bf0
2026-04-04 11:33:33.171 16 INFO neutron.plugins.ml2.plugin [None req-08a27ae5-5799-47f1-9be2-6050bfdd5ce0 - - - - - -] Attempt 1 to provision port e0d8b40e-ef27-4b91-a47f-40b540b8fc88
2026-04-04 11:33:33.323 16 INFO neutron.plugins.ml2.plugin [None req-5282d300-7f55-458d-8be5-8c7cee021d66 - - - - - -] Attempt 1 to provision port d49bf690-6df1-433d-a09e-dc86fea92806
2026-04-04 11:33:33.415 16 INFO neutron.plugins.ml2.plugin [None req-5282d300-7f55-458d-8be5-8c7cee021d66 - - - - - -] Attempt 1 to provision port 09fe1169-f17e-4fdd-a313-966bcf9d9bf0
2026-04-04 11:33:33.505 16 INFO neutron.plugins.ml2.plugin [None req-5282d300-7f55-458d-8be5-8c7cee021d66 - - - - - -] Attempt 1 to provision port e0d8b40e-ef27-4b91-a47f-40b540b8fc88
2026-04-04 11:33:33.523 16 INFO neutron.plugins.ml2.plugin [None req-08a27ae5-5799-47f1-9be2-6050bfdd5ce0 - - - - - -] Attempt 1 to provision port 907a73ff-47ea-4d2e-bc9e-d330a1c4c813
2026-04-04 11:33:34.691 13 INFO neutron.plugins.ml2.plugin [None req-08a27ae5-5799-47f1-9be2-6050bfdd5ce0 - - - - - -] Attempt 1 to provision port b81bbc54-b39f-46cc-ae86-55b23e8b5d26
2026-04-04 11:33:34.837 13 INFO neutron.plugins.ml2.plugin [None req-08a27ae5-5799-47f1-9be2-6050bfdd5ce0 - - - - - -] Attempt 1 to provision port e0d8b40e-ef27-4b91-a47f-40b540b8fc88
2026-04-04 11:33:37.021 16 INFO neutron.plugins.ml2.plugin [None req-dd4e77a9-84f7-4847-882f-217251f70cd9 - - - - - -] Attempt 1 to provision port f599154e-65a7-491f-bb0c-15e8f5986de1
2026-04-04 11:33:37.072 16 INFO neutron.plugins.ml2.plugin [None req-dd4e77a9-84f7-4847-882f-217251f70cd9 - - - - - -] Attempt 1 to provision port d49bf690-6df1-433d-a09e-dc86fea92806
2026-04-04 11:33:37.125 16 INFO neutron.plugins.ml2.plugin [None req-dd4e77a9-84f7-4847-882f-217251f70cd9 - - - - - -] Attempt 1 to provision port 907a73ff-47ea-4d2e-bc9e-d330a1c4c813
2026-04-04 11:33:37.188 16 INFO neutron.plugins.ml2.plugin [None req-dd4e77a9-84f7-4847-882f-217251f70cd9 - - - - - -] Attempt 1 to provision port 09fe1169-f17e-4fdd-a313-966bcf9d9bf0
2026-04-04 11:33:39.325 13 INFO neutron.plugins.ml2.plugin [None req-2f1910af-9dc6-425b-ada0-4d0e3b2daf4e - - - - - -] Attempt 1 to provision port 907a73ff-47ea-4d2e-bc9e-d330a1c4c813
2026-04-04 11:33:39.381 13 INFO neutron.plugins.ml2.plugin [None req-2f1910af-9dc6-425b-ada0-4d0e3b2daf4e - - - - - -] Attempt 1 to provision port 09fe1169-f17e-4fdd-a313-966bcf9d9bf0
2026-04-04 11:33:40.756 13 INFO neutron.plugins.ml2.plugin [None req-45e9a0b3-d1d7-4754-9d74-6e61764ad83b - - - - - -] Attempt 1 to provision port 09fe1169-f17e-4fdd-a313-966bcf9d9bf0
2026-04-04 11:33:46.676 13 INFO neutron.plugins.ml2.plugin [None req-08a27ae5-5799-47f1-9be2-6050bfdd5ce0 - - - - - -] Attempt 1 to provision port 9fffe10f-f910-4e32-b86b-9bb7986e61f6
2026-04-04 11:33:46.783 13 INFO neutron.notifiers.nova [-] Nova event matching ['req-279f53e3-50c0-467e-922e-3459c091bc0c'] response: {'server_uuid': '39bc7b76-85ce-4e78-845c-b32b0d0d8d7c', 'name': 'network-vif-plugged', 'status': 'completed', 'tag': '9fffe10f-f910-4e32-b86b-9bb7986e61f6', 'code': 200}
2026-04-04 11:33:48.737 13 INFO neutron.plugins.ml2.plugin [None req-08a27ae5-5799-47f1-9be2-6050bfdd5ce0 - - - - - -] Attempt 1 to provision port 9fffe10f-f910-4e32-b86b-9bb7986e61f6
2026-04-04 11:34:11.888 13 INFO neutron.plugins.ml2.plugin [None req-cb896747-c0dd-4db2-8b68-7bfd50f6abeb - - - - - -] Attempt 1 to provision port 552c171f-c832-41f8-9a69-9140942e8422
2026-04-04 11:34:33.237 13 INFO neutron.plugins.ml2.plugin [None req-08a27ae5-5799-47f1-9be2-6050bfdd5ce0 - - - - - -] Attempt 1 to provision port d2e2d9a4-699d-4da9-8163-98684ce89292
2026-04-04 11:34:33.399 13 INFO neutron.notifiers.nova [-] Nova event matching ['req-0809a992-45de-4c4c-aba1-62870c968072'] response: {'server_uuid': '24944673-bf95-4eb3-a233-41866e319dc2', 'name': 'network-vif-plugged', 'status': 'completed', 'tag': 'd2e2d9a4-699d-4da9-8163-98684ce89292', 'code': 200}
2026-04-04 11:34:34.727 16 INFO neutron.plugins.ml2.plugin [None req-08a27ae5-5799-47f1-9be2-6050bfdd5ce0 - - - - - -] Attempt 1 to provision port d2e2d9a4-699d-4da9-8163-98684ce89292
2026-04-04 11:35:15.147 16 INFO neutron.plugins.ml2.plugin [None req-8fc277a7-ae85-4896-9faa-8bd402885b5f - - - - - -] Attempt 1 to provision port 36397cab-2c9c-4fe3-b8ba-a00f55f63cad
2026-04-04 11:35:20.717 13 INFO neutron.plugins.ml2.plugin [None req-08a27ae5-5799-47f1-9be2-6050bfdd5ce0 - - - - - -] Attempt 1 to provision port 36397cab-2c9c-4fe3-b8ba-a00f55f63cad
2026-04-04 11:35:20.834 13 INFO neutron.notifiers.nova [-] Nova event matching ['req-4295a989-8bdd-40d9-8859-4f410482b924'] response: {'server_uuid': '24944673-bf95-4eb3-a233-41866e319dc2', 'name': 'network-vif-plugged', 'status': 'completed', 'tag': '36397cab-2c9c-4fe3-b8ba-a00f55f63cad', 'code': 200}
2026-04-04 11:35:22.710 16 INFO neutron.plugins.ml2.plugin [None req-08a27ae5-5799-47f1-9be2-6050bfdd5ce0 - - - - - -] Attempt 1 to provision port 36397cab-2c9c-4fe3-b8ba-a00f55f63cad
2026-04-04 11:35:25.247 16 INFO neutron.plugins.ml2.plugin [None req-08a27ae5-5799-47f1-9be2-6050bfdd5ce0 - - - - - -] Attempt 1 to provision port 36397cab-2c9c-4fe3-b8ba-a00f55f63cad
2026-04-04 11:35:51.117 16 INFO neutron.plugins.ml2.plugin [None req-bad6bc57-4694-4d84-9ced-b491c814f688 - - - - - -] Attempt 1 to provision port ebbeb458-e2ab-4acc-94b3-431487231a64
2026-04-04 11:35:58.299 16 INFO neutron.plugins.ml2.plugin [None req-08a27ae5-5799-47f1-9be2-6050bfdd5ce0 - - - - - -] Attempt 1 to provision port ebbeb458-e2ab-4acc-94b3-431487231a64
2026-04-04 11:35:58.460 16 INFO neutron.notifiers.nova [-] Nova event matching ['req-f7aac88b-442f-430c-881d-fc5183dfbb49'] response: {'server_uuid': '24944673-bf95-4eb3-a233-41866e319dc2', 'name': 'network-vif-plugged', 'status': 'completed', 'tag': 'ebbeb458-e2ab-4acc-94b3-431487231a64', 'code': 200}
2026-04-04 11:35:58.909 13 INFO neutron.plugins.ml2.plugin [None req-08a27ae5-5799-47f1-9be2-6050bfdd5ce0 - - - - - -] Attempt 1 to provision port ebbeb458-e2ab-4acc-94b3-431487231a64
2026-04-04 11:36:07.014 13 INFO neutron.plugins.ml2.plugin [None req-319fdba2-7858-4cc0-850f-55c388847948 - - - - - -] Attempt 1 to provision port 59fc2394-4f36-4ff5-9609-27f38b1576e5
2026-04-04 11:36:12.955 16 INFO neutron.plugins.ml2.plugin [None req-08a27ae5-5799-47f1-9be2-6050bfdd5ce0 - - - - - -] Attempt 1 to provision port 59fc2394-4f36-4ff5-9609-27f38b1576e5
2026-04-04 11:36:13.067 16 INFO neutron.notifiers.nova [-] Nova event matching ['req-8cbaf55d-7e0f-409a-9c22-8faa8cb1e4e6'] response: {'server_uuid': '24944673-bf95-4eb3-a233-41866e319dc2', 'name': 'network-vif-plugged', 'status': 'completed', 'tag': '59fc2394-4f36-4ff5-9609-27f38b1576e5', 'code': 200}
2026-04-04 11:36:14.920 13 INFO neutron.plugins.ml2.plugin [None req-08a27ae5-5799-47f1-9be2-6050bfdd5ce0 - - - - - -] Attempt 1 to provision port 59fc2394-4f36-4ff5-9609-27f38b1576e5
2026-04-04 11:36:16.726 13 INFO neutron.plugins.ml2.plugin [None req-809295c8-4771-469c-88f9-d42a795c51e8 - - - - - -] Attempt 1 to provision port ebbeb458-e2ab-4acc-94b3-431487231a64
2026-04-04 11:36:16.975 16 INFO neutron.plugins.ml2.plugin [None req-08a27ae5-5799-47f1-9be2-6050bfdd5ce0 - - - - - -] Attempt 1 to provision port ebbeb458-e2ab-4acc-94b3-431487231a64
2026-04-04 11:36:31.011 13 INFO neutron.plugins.ml2.plugin [None req-08a27ae5-5799-47f1-9be2-6050bfdd5ce0 - - - - - -] Attempt 1 to provision port 59fc2394-4f36-4ff5-9609-27f38b1576e5
2026-04-04 11:36:31.817 16 INFO neutron.plugins.ml2.plugin [None req-4e39caea-aa44-42e4-972c-8cc2bf063b99 - - - - - -] Attempt 1 to provision port 59fc2394-4f36-4ff5-9609-27f38b1576e5
2026-04-04 11:36:40.973 16 INFO neutron.plugins.ml2.plugin [None req-08a27ae5-5799-47f1-9be2-6050bfdd5ce0 - - - - - -] Attempt 1 to provision port ebbeb458-e2ab-4acc-94b3-431487231a64
2026-04-04 11:36:41.620 13 INFO neutron.plugins.ml2.plugin [None req-da7b840e-0a92-4f86-b0ef-64ccd2791296 - - - - - -] Attempt 1 to provision port ebbeb458-e2ab-4acc-94b3-431487231a64
2026-04-04 11:37:25.101 13 INFO neutron.notifiers.nova [-] Nova event matching ['req-2356b586-7231-4b51-ad9d-6eb6f114ad1b'] response: {'server_uuid': '2f012fd4-b9c9-4446-a99b-d46360637e5d', 'name': 'network-vif-unplugged', 'status': 'completed', 'tag': 'f599154e-65a7-491f-bb0c-15e8f5986de1', 'code': 200}
2026-04-04 11:37:58.937 13 INFO neutron.plugins.ml2.plugin [None req-08a27ae5-5799-47f1-9be2-6050bfdd5ce0 - - - - - -] Attempt 1 to provision port 4802bc2b-7431-4d6d-ac47-adb589088318
2026-04-04 11:37:59.124 16 INFO neutron.plugins.ml2.plugin [None req-918c953c-dfb6-43d1-a5e6-2ecec2941046 - - - - - -] Attempt 1 to provision port 4802bc2b-7431-4d6d-ac47-adb589088318