Jun 02 15:30:45.750610 np0000178070 devstack@neutron-api.service[103317]: DEBUG neutron_lib.callbacks.manager [None req-698e25a8-8f2b-47d1-aaca-e4037165102d None None] Subscribe: > security_group_rule after_delete 55550000, False {{(pid=103317) subscribe /opt/stack/data/venv/lib/python3.12/site-packages/neutron_lib/callbacks/manager.py:52}}
Jun 02 15:30:45.750726 np0000178070 devstack@neutron-api.service[103317]: DEBUG neutron_lib.callbacks.manager [None req-698e25a8-8f2b-47d1-aaca-e4037165102d None None] Subscribe: > address_group after_create 55550000, False {{(pid=103317) subscribe /opt/stack/data/venv/lib/python3.12/site-packages/neutron_lib/callbacks/manager.py:52}}
Jun 02 15:30:45.750816 np0000178070 devstack@neutron-api.service[103319]: DEBUG neutron.api.extensions [None req-fe4b6404-daf0-46cb-9e2d-99f7bee86316 None None] Ext name="L2 Adjacency" alias="l2_adjacency" description="Display L2 Adjacency for Neutron Networks." updated="2016-04-12T16:00:00-00:00" {{(pid=103319) _check_extension /opt/stack/neutron/neutron/api/extensions.py:415}}
Jun 02 15:30:45.750845 np0000178070 devstack@neutron-api.service[103317]: DEBUG neutron_lib.callbacks.manager [None req-698e25a8-8f2b-47d1-aaca-e4037165102d None None] Subscribe: > address_group after_update 55550000, False {{(pid=103317) subscribe /opt/stack/data/venv/lib/python3.12/site-packages/neutron_lib/callbacks/manager.py:52}}
Jun 02 15:30:45.750919 np0000178070 devstack@neutron-api.service[103317]: DEBUG neutron_lib.callbacks.manager [None req-698e25a8-8f2b-47d1-aaca-e4037165102d None None] Subscribe: > address_group after_delete 55550000, False {{(pid=103317) subscribe /opt/stack/data/venv/lib/python3.12/site-packages/neutron_lib/callbacks/manager.py:52}}
Jun 02 15:30:45.750979 np0000178070 devstack@neutron-api.service[103319]: INFO neutron.api.extensions [None req-fe4b6404-daf0-46cb-9e2d-99f7bee86316 None None] Extension l2_adjacency not supported by any of loaded plugins
Jun 02 15:30:45.751049 np0000178070 devstack@neutron-api.service[103317]: DEBUG neutron.plugins.ml2.ovo_rpc [None req-698e25a8-8f2b-47d1-aaca-e4037165102d None None] ML2 OVO RPC backend initialized. {{(pid=103317) __init__ /opt/stack/neutron/neutron/plugins/ml2/ovo_rpc.py:117}}
Jun 02 15:30:45.751079 np0000178070 devstack@neutron-api.service[103319]: DEBUG neutron.api.extensions [None req-fe4b6404-daf0-46cb-9e2d-99f7bee86316 None None] Loading extension file: l3.py {{(pid=103319) _load_all_extensions_from_path /opt/stack/neutron/neutron/api/extensions.py:449}}
Jun 02 15:30:45.751499 np0000178070 devstack@neutron-api.service[103319]: DEBUG neutron.api.extensions [None req-fe4b6404-daf0-46cb-9e2d-99f7bee86316 None None] Ext name="Neutron L3 Router" alias="router" description="Router abstraction for basic L3 forwarding between L2 Neutron networks and access to external networks via a NAT gateway." updated="2012-07-20T10:00:00-00:00" {{(pid=103319) _check_extension /opt/stack/neutron/neutron/api/extensions.py:415}}
Jun 02 15:30:45.751693 np0000178070 devstack@neutron-api.service[103319]: INFO neutron.api.extensions [None req-fe4b6404-daf0-46cb-9e2d-99f7bee86316 None None] Loaded extension: router
Jun 02 15:30:45.751825 np0000178070 devstack@neutron-api.service[103319]: DEBUG neutron.api.extensions [None req-fe4b6404-daf0-46cb-9e2d-99f7bee86316 None None] Loading extension file: l3_conntrack_helper.py {{(pid=103319) _load_all_extensions_from_path /opt/stack/neutron/neutron/api/extensions.py:449}}
Jun 02 15:30:45.751862 np0000178070 devstack@neutron-api.service[103317]: INFO neutron.quota [None req-698e25a8-8f2b-47d1-aaca-e4037165102d None None] Loaded quota_driver: .
Jun 02 15:30:45.751959 np0000178070 devstack@neutron-api.service[103317]: INFO neutron.plugins.ml2.plugin [None req-698e25a8-8f2b-47d1-aaca-e4037165102d None None] Modular L2 Plugin initialization complete
Jun 02 15:30:45.752095 np0000178070 devstack@neutron-api.service[103317]: DEBUG neutron.manager [None req-698e25a8-8f2b-47d1-aaca-e4037165102d None None] Loading services supported by the core plugin {{(pid=103317) _load_services_from_core_plugin /opt/stack/neutron/neutron/manager.py:170}}
Jun 02 15:30:45.752206 np0000178070 devstack@neutron-api.service[103317]: INFO neutron.plugins.ml2.managers [None req-698e25a8-8f2b-47d1-aaca-e4037165102d None None] Got port-security extension from driver 'port_security'
Jun 02 15:30:45.752404 np0000178070 devstack@neutron-api.service[103319]: DEBUG neutron.api.extensions [None req-fe4b6404-daf0-46cb-9e2d-99f7bee86316 None None] Ext name="L3 Conntrack helper" alias="l3-conntrack-helper" description="Allow adding CT target rules for conntrack helper" updated="2019-04-04T10:00:00-00:00" {{(pid=103319) _check_extension /opt/stack/neutron/neutron/api/extensions.py:415}}
Jun 02 15:30:45.752469 np0000178070 devstack@neutron-api.service[103317]: DEBUG neutron.manager [None req-698e25a8-8f2b-47d1-aaca-e4037165102d None None] Loading service plugins: ['ovn-router', 'auto_allocate', 'tag', 'timestamp', 'network_ip_availability', 'flavors', 'revisions'] {{(pid=103317) _load_service_plugins /opt/stack/neutron/neutron/manager.py:195}}
Jun 02 15:30:45.752561 np0000178070 devstack@neutron-api.service[103319]: INFO neutron.api.extensions [None req-fe4b6404-daf0-46cb-9e2d-99f7bee86316 None None] Extension l3-conntrack-helper not supported by any of loaded plugins
Jun 02 15:30:45.752602 np0000178070 devstack@neutron-api.service[103317]: INFO neutron.manager [None req-698e25a8-8f2b-47d1-aaca-e4037165102d None None] Loading Plugin: ovn-router
Jun 02 15:30:45.752671 np0000178070 devstack@neutron-api.service[103319]: DEBUG neutron.api.extensions [None req-fe4b6404-daf0-46cb-9e2d-99f7bee86316 None None] Loading extension file: l3_enable_default_route_bfd.py {{(pid=103319) _load_all_extensions_from_path /opt/stack/neutron/neutron/api/extensions.py:449}}
Jun 02 15:30:45.752932 np0000178070 devstack@neutron-api.service[103319]: DEBUG neutron.api.extensions [None req-fe4b6404-daf0-46cb-9e2d-99f7bee86316 None None] Ext name="Enable Default Route BFD" alias="enable-default-route-bfd" description="Enables configurable BFD behavior for default routes" updated="2023-02-27T00:00:00-00:00" {{(pid=103319) _check_extension /opt/stack/neutron/neutron/api/extensions.py:415}}
Jun 02 15:30:45.753095 np0000178070 devstack@neutron-api.service[103319]: INFO neutron.api.extensions [None req-fe4b6404-daf0-46cb-9e2d-99f7bee86316 None None] Loaded extension: enable-default-route-bfd
Jun 02 15:30:45.753172 np0000178070 devstack@neutron-api.service[103319]: DEBUG neutron.api.extensions [None req-fe4b6404-daf0-46cb-9e2d-99f7bee86316 None None] Loading extension file: l3_enable_default_route_ecmp.py {{(pid=103319) _load_all_extensions_from_path /opt/stack/neutron/neutron/api/extensions.py:449}}
Jun 02 15:30:45.753378 np0000178070 devstack@neutron-api.service[103319]: DEBUG neutron.api.extensions [None req-fe4b6404-daf0-46cb-9e2d-99f7bee86316 None None] Ext name="Enable Default Route ECMP" alias="enable-default-route-ecmp" description="Enables configurable ECMP behavior for default routes" updated="2023-02-27T00:00:00-00:00" {{(pid=103319) _check_extension /opt/stack/neutron/neutron/api/extensions.py:415}}
Jun 02 15:30:45.753545 np0000178070 devstack@neutron-api.service[103319]: INFO neutron.api.extensions [None req-fe4b6404-daf0-46cb-9e2d-99f7bee86316 None None] Loaded extension: enable-default-route-ecmp
Jun 02 15:30:45.753671 np0000178070 devstack@neutron-api.service[103319]: DEBUG neutron.api.extensions [None req-fe4b6404-daf0-46cb-9e2d-99f7bee86316 None None] Loading extension file: l3_ext_gw_mode.py {{(pid=103319) _load_all_extensions_from_path /opt/stack/neutron/neutron/api/extensions.py:449}}
Jun 02 15:30:45.753860 np0000178070 devstack@neutron-api.service[103319]: DEBUG neutron.api.extensions [None req-fe4b6404-daf0-46cb-9e2d-99f7bee86316 None None] Ext name="Neutron L3 Configurable external gateway mode" alias="ext-gw-mode" description="Extension of the router abstraction for specifying whether SNAT should occur on the external gateway" updated="2013-03-28T10:00:00-00:00" {{(pid=103319) _check_extension /opt/stack/neutron/neutron/api/extensions.py:415}}
Jun 02 15:30:45.754035 np0000178070 devstack@neutron-api.service[103319]: INFO neutron.api.extensions [None req-fe4b6404-daf0-46cb-9e2d-99f7bee86316 None None] Loaded extension: ext-gw-mode
Jun 02 15:30:45.754126 np0000178070 devstack@neutron-api.service[103319]: DEBUG neutron.api.extensions [None req-fe4b6404-daf0-46cb-9e2d-99f7bee86316 None None] Loading extension file: l3_ext_ha_mode.py {{(pid=103319) _load_all_extensions_from_path /opt/stack/neutron/neutron/api/extensions.py:449}}
Jun 02 15:30:45.754370 np0000178070 devstack@neutron-api.service[103319]: DEBUG neutron.api.extensions [None req-fe4b6404-daf0-46cb-9e2d-99f7bee86316 None None] Ext name="HA Router extension" alias="l3-ha" description="Adds HA capability to routers." updated="2014-04-26T00:00:00-00:00" {{(pid=103319) _check_extension /opt/stack/neutron/neutron/api/extensions.py:415}}
Jun 02 15:30:45.754526 np0000178070 devstack@neutron-api.service[103319]: INFO neutron.api.extensions [None req-fe4b6404-daf0-46cb-9e2d-99f7bee86316 None None] Loaded extension: l3-ha
Jun 02 15:30:45.754611 np0000178070 devstack@neutron-api.service[103319]: DEBUG neutron.api.extensions [None req-fe4b6404-daf0-46cb-9e2d-99f7bee86316 None None] Loading extension file: l3_ext_ndp_proxy.py {{(pid=103319) _load_all_extensions_from_path /opt/stack/neutron/neutron/api/extensions.py:449}}
Jun 02 15:30:45.754839 np0000178070 devstack@neutron-api.service[103319]: DEBUG neutron.api.extensions [None req-fe4b6404-daf0-46cb-9e2d-99f7bee86316 None None] Ext name="Router support to enable NDP proxy" alias="l3-ext-ndp-proxy" description="Router extension to enable ndp proxy" updated="2020-08-25T00:00:00-00:00" {{(pid=103319) _check_extension /opt/stack/neutron/neutron/api/extensions.py:415}}
Jun 02 15:30:45.755193 np0000178070 devstack@neutron-api.service[103319]: INFO neutron.api.extensions [None req-fe4b6404-daf0-46cb-9e2d-99f7bee86316 None None] Extension l3-ext-ndp-proxy not supported by any of loaded plugins
Jun 02 15:30:45.755193 np0000178070 devstack@neutron-api.service[103319]: DEBUG neutron.api.extensions [None req-fe4b6404-daf0-46cb-9e2d-99f7bee86316 None None] Loading extension file: l3_extra_gws.py {{(pid=103319) _load_all_extensions_from_path /opt/stack/neutron/neutron/api/extensions.py:449}}
Jun 02 15:30:45.755434 np0000178070 devstack@neutron-api.service[103319]: DEBUG neutron.api.extensions [None req-fe4b6404-daf0-46cb-9e2d-99f7bee86316 None None] Ext name="Neutron L3 External Gateway Multihoming" alias="external-gateway-multihoming" description="Allow multiple external gateway ports per router" updated="2023-01-18T00:00:00-00:00" {{(pid=103319) _check_extension /opt/stack/neutron/neutron/api/extensions.py:415}}
Jun 02 15:30:45.755581 np0000178070 devstack@neutron-api.service[103319]: INFO neutron.api.extensions [None req-fe4b6404-daf0-46cb-9e2d-99f7bee86316 None None] Loaded extension: external-gateway-multihoming
Jun 02 15:30:45.755674 np0000178070 devstack@neutron-api.service[103319]: DEBUG neutron.api.extensions [None req-fe4b6404-daf0-46cb-9e2d-99f7bee86316 None None] Loading extension file: l3_flavors.py {{(pid=103319) _load_all_extensions_from_path /opt/stack/neutron/neutron/api/extensions.py:449}}
Jun 02 15:30:45.755894 np0000178070 devstack@neutron-api.service[103319]: DEBUG neutron.api.extensions [None req-fe4b6404-daf0-46cb-9e2d-99f7bee86316 None None] Ext name="Router Flavor Extension" alias="l3-flavors" description="Flavor support for routers." updated="2016-05-17T00:00:00-00:00" {{(pid=103319) _check_extension /opt/stack/neutron/neutron/api/extensions.py:415}}
Jun 02 15:30:45.756060 np0000178070 devstack@neutron-api.service[103319]: INFO neutron.api.extensions [None req-fe4b6404-daf0-46cb-9e2d-99f7bee86316 None None] Loaded extension: l3-flavors
Jun 02 15:30:45.756148 np0000178070 devstack@neutron-api.service[103319]: DEBUG neutron.api.extensions [None req-fe4b6404-daf0-46cb-9e2d-99f7bee86316 None None] Loading extension file: l3_ndp_proxy.py {{(pid=103319) _load_all_extensions_from_path /opt/stack/neutron/neutron/api/extensions.py:449}}
Jun 02 15:30:45.756435 np0000178070 devstack@neutron-api.service[103319]: DEBUG neutron.api.extensions [None req-fe4b6404-daf0-46cb-9e2d-99f7bee86316 None None] Ext name="name" alias="l3-ndp-proxy" description="description" updated="2021-06-29T10:00:00-00:00" {{(pid=103319) _check_extension /opt/stack/neutron/neutron/api/extensions.py:415}}
Jun 02 15:30:45.756628 np0000178070 devstack@neutron-api.service[103319]: INFO neutron.api.extensions [None req-fe4b6404-daf0-46cb-9e2d-99f7bee86316 None None] Extension l3-ndp-proxy not supported by any of loaded plugins
Jun 02 15:30:45.756714 np0000178070 devstack@neutron-api.service[103319]: DEBUG neutron.api.extensions [None req-fe4b6404-daf0-46cb-9e2d-99f7bee86316 None None] Loading extension file: l3_port_ip_change_not_allowed.py {{(pid=103319) _load_all_extensions_from_path /opt/stack/neutron/neutron/api/extensions.py:449}}
Jun 02 15:30:45.756935 np0000178070 devstack@neutron-api.service[103319]: DEBUG neutron.api.extensions [None req-fe4b6404-daf0-46cb-9e2d-99f7bee86316 None None] Ext name="Prevent L3 router ports IP address change extension" alias="l3-port-ip-change-not-allowed" description="Prevent change of IP address for some L3 router ports" updated="2018-10-09T10:00:00-00:00" {{(pid=103319) _check_extension /opt/stack/neutron/neutron/api/extensions.py:415}}
Jun 02 15:30:45.757077 np0000178070 devstack@neutron-api.service[103319]: INFO neutron.api.extensions [None req-fe4b6404-daf0-46cb-9e2d-99f7bee86316 None None] Extension l3-port-ip-change-not-allowed not supported by any of loaded plugins
Jun 02 15:30:45.757217 np0000178070 devstack@neutron-api.service[103319]: DEBUG neutron.api.extensions [None req-fe4b6404-daf0-46cb-9e2d-99f7bee86316 None None] Loading extension file: l3agentscheduler.py {{(pid=103319) _load_all_extensions_from_path /opt/stack/neutron/neutron/api/extensions.py:449}}
Jun 02 15:30:45.757738 np0000178070 devstack@neutron-api.service[103319]: DEBUG neutron.api.extensions [None req-fe4b6404-daf0-46cb-9e2d-99f7bee86316 None None] Ext name="L3 Agent Scheduler" alias="l3_agent_scheduler" description="Schedule routers among l3 agents" updated="2013-02-07T10:00:00-00:00" {{(pid=103319) _check_extension /opt/stack/neutron/neutron/api/extensions.py:415}}
Jun 02 15:30:45.757985 np0000178070 devstack@neutron-api.service[103319]: INFO neutron.api.extensions [None req-fe4b6404-daf0-46cb-9e2d-99f7bee86316 None None] Extension l3_agent_scheduler not supported by any of loaded plugins
Jun 02 15:30:45.757985 np0000178070 devstack@neutron-api.service[103319]: DEBUG neutron.api.extensions [None req-fe4b6404-daf0-46cb-9e2d-99f7bee86316 None None] Loading extension file: local_ip.py {{(pid=103319) _load_all_extensions_from_path /opt/stack/neutron/neutron/api/extensions.py:449}}
Jun 02 15:30:45.758371 np0000178070 devstack@neutron-api.service[103319]: DEBUG neutron.api.extensions [None req-fe4b6404-daf0-46cb-9e2d-99f7bee86316 None None] Ext name="Local IP" alias="local_ip" description="Support Node Local Virtual IP" updated="2021-07-26T10:00:00-00:00" {{(pid=103319) _check_extension /opt/stack/neutron/neutron/api/extensions.py:415}}
Jun 02 15:30:45.758510 np0000178070 devstack@neutron-api.service[103319]: INFO neutron.api.extensions [None req-fe4b6404-daf0-46cb-9e2d-99f7bee86316 None None] Extension local_ip not supported by any of loaded plugins
Jun 02 15:30:45.758629 np0000178070 devstack@neutron-api.service[103319]: DEBUG neutron.api.extensions [None req-fe4b6404-daf0-46cb-9e2d-99f7bee86316 None None] Loading extension file: logging.py {{(pid=103319) _load_all_extensions_from_path /opt/stack/neutron/neutron/api/extensions.py:449}}
Jun 02 15:30:45.758917 np0000178070 devstack@neutron-api.service[103319]: DEBUG neutron.api.extensions [None req-fe4b6404-daf0-46cb-9e2d-99f7bee86316 None None] Ext name="Logging API Extension" alias="logging" description="Provides a logging API for resources such as security group and firewall." updated="2017-01-01T10:00:00-00:00" {{(pid=103319) _check_extension /opt/stack/neutron/neutron/api/extensions.py:415}}
Jun 02 15:30:45.759084 np0000178070 devstack@neutron-api.service[103319]: INFO neutron.api.extensions [None req-fe4b6404-daf0-46cb-9e2d-99f7bee86316 None None] Extension logging not supported by any of loaded plugins
Jun 02 15:30:45.759174 np0000178070 devstack@neutron-api.service[103319]: DEBUG neutron.api.extensions [None req-fe4b6404-daf0-46cb-9e2d-99f7bee86316 None None] Loading extension file: metering.py {{(pid=103319) _load_all_extensions_from_path /opt/stack/neutron/neutron/api/extensions.py:449}}
Jun 02 15:30:45.759606 np0000178070 devstack@neutron-api.service[103319]: DEBUG neutron.api.extensions [None req-fe4b6404-daf0-46cb-9e2d-99f7bee86316 None None] Ext name="Neutron Metering" alias="metering" description="Neutron Metering extension." updated="2013-06-12T10:00:00-00:00" {{(pid=103319) _check_extension /opt/stack/neutron/neutron/api/extensions.py:415}}
Jun 02 15:30:45.759833 np0000178070 devstack@neutron-api.service[103319]: INFO neutron.api.extensions [None req-fe4b6404-daf0-46cb-9e2d-99f7bee86316 None None] Extension metering not supported by any of loaded plugins
Jun 02 15:30:45.759887 np0000178070 devstack@neutron-api.service[103319]: DEBUG neutron.api.extensions [None req-fe4b6404-daf0-46cb-9e2d-99f7bee86316 None None] Loading extension file: metering_source_and_destination_fields.py {{(pid=103319) _load_all_extensions_from_path /opt/stack/neutron/neutron/api/extensions.py:449}}
Jun 02 15:30:45.760109 np0000178070 devstack@neutron-api.service[103319]: DEBUG neutron.api.extensions [None req-fe4b6404-daf0-46cb-9e2d-99f7bee86316 None None] Ext name="Neutron Metering with source and destination filtering" alias="metering_source_and_destination_fields" description="Neutron Metering extension that enables the use of source and destination IP prefixes to create metering label rules." updated="2020-08-21T08:12:00-00:00" {{(pid=103319) _check_extension /opt/stack/neutron/neutron/api/extensions.py:415}}
Jun 02 15:30:45.760271 np0000178070 devstack@neutron-api.service[103319]: INFO neutron.api.extensions [None req-fe4b6404-daf0-46cb-9e2d-99f7bee86316 None None] Extension metering_source_and_destination_fields not supported by any of loaded plugins
Jun 02 15:30:45.760363 np0000178070 devstack@neutron-api.service[103319]: DEBUG neutron.api.extensions [None req-fe4b6404-daf0-46cb-9e2d-99f7bee86316 None None] Loading extension file: multiprovidernet.py {{(pid=103319) _load_all_extensions_from_path /opt/stack/neutron/neutron/api/extensions.py:449}}
Jun 02 15:30:45.760591 np0000178070 devstack@neutron-api.service[103319]: DEBUG neutron.api.extensions [None req-fe4b6404-daf0-46cb-9e2d-99f7bee86316 None None] Ext name="Multi Provider Network" alias="multi-provider" description="Expose mapping of virtual networks to multiple physical networks" updated="2013-06-27T10:00:00-00:00" {{(pid=103319) _check_extension /opt/stack/neutron/neutron/api/extensions.py:415}}
Jun 02 15:30:45.760776 np0000178070 devstack@neutron-api.service[103319]: INFO neutron.api.extensions [None req-fe4b6404-daf0-46cb-9e2d-99f7bee86316 None None] Loaded extension: multi-provider
Jun 02 15:30:45.760867 np0000178070 devstack@neutron-api.service[103319]: DEBUG neutron.api.extensions [None req-fe4b6404-daf0-46cb-9e2d-99f7bee86316 None None] Loading extension file: netmtu.py {{(pid=103319) _load_all_extensions_from_path /opt/stack/neutron/neutron/api/extensions.py:449}}
Jun 02 15:30:45.761091 np0000178070 devstack@neutron-api.service[103319]: DEBUG neutron.api.extensions [None req-fe4b6404-daf0-46cb-9e2d-99f7bee86316 None None] Ext name="Network MTU" alias="net-mtu" description="Provides MTU attribute for a network resource." updated="2015-03-25T10:00:00-00:00" {{(pid=103319) _check_extension /opt/stack/neutron/neutron/api/extensions.py:415}}
Jun 02 15:30:45.761257 np0000178070 devstack@neutron-api.service[103319]: INFO neutron.api.extensions [None req-fe4b6404-daf0-46cb-9e2d-99f7bee86316 None None] Loaded extension: net-mtu
Jun 02 15:30:45.761346 np0000178070 devstack@neutron-api.service[103319]: DEBUG neutron.api.extensions [None req-fe4b6404-daf0-46cb-9e2d-99f7bee86316 None None] Loading extension file: netmtu_writable.py {{(pid=103319) _load_all_extensions_from_path /opt/stack/neutron/neutron/api/extensions.py:449}}
Jun 02 15:30:45.761568 np0000178070 devstack@neutron-api.service[103319]: DEBUG neutron.api.extensions [None req-fe4b6404-daf0-46cb-9e2d-99f7bee86316 None None] Ext name="Network MTU (writable)" alias="net-mtu-writable" description="Provides a writable MTU attribute for a network resource." updated="2017-07-12T00:00:00-00:00" {{(pid=103319) _check_extension /opt/stack/neutron/neutron/api/extensions.py:415}}
Jun 02 15:30:45.761689 np0000178070 devstack@neutron-api.service[103317]: DEBUG neutron_lib.callbacks.manager [None req-698e25a8-8f2b-47d1-aaca-e4037165102d None None] Subscribe: > router before_delete 55550000, False {{(pid=103317) subscribe /opt/stack/data/venv/lib/python3.12/site-packages/neutron_lib/callbacks/manager.py:52}}
Jun 02 15:30:45.761760 np0000178070 devstack@neutron-api.service[103319]: INFO neutron.api.extensions [None req-fe4b6404-daf0-46cb-9e2d-99f7bee86316 None None] Loaded extension: net-mtu-writable
Jun 02 15:30:45.761829 np0000178070 devstack@neutron-api.service[103317]: DEBUG neutron_lib.callbacks.manager [None req-698e25a8-8f2b-47d1-aaca-e4037165102d None None] Subscribe: port before_update 55550000, False {{(pid=103317) subscribe /opt/stack/data/venv/lib/python3.12/site-packages/neutron_lib/callbacks/manager.py:52}}
Jun 02 15:30:45.761858 np0000178070 devstack@neutron-api.service[103319]: DEBUG neutron.api.extensions [None req-fe4b6404-daf0-46cb-9e2d-99f7bee86316 None None] Loading extension file: network_availability_zone.py {{(pid=103319) _load_all_extensions_from_path /opt/stack/neutron/neutron/api/extensions.py:449}}
Jun 02 15:30:45.761935 np0000178070 devstack@neutron-api.service[103317]: DEBUG neutron_lib.callbacks.manager [None req-698e25a8-8f2b-47d1-aaca-e4037165102d None None] Subscribe: port after_update 55550000, False {{(pid=103317) subscribe /opt/stack/data/venv/lib/python3.12/site-packages/neutron_lib/callbacks/manager.py:52}}
Jun 02 15:30:45.762054 np0000178070 devstack@neutron-api.service[103317]: DEBUG neutron_lib.callbacks.manager [None req-698e25a8-8f2b-47d1-aaca-e4037165102d None None] Subscribe: > port precommit_delete 55550000, False {{(pid=103317) subscribe /opt/stack/data/venv/lib/python3.12/site-packages/neutron_lib/callbacks/manager.py:52}}
Jun 02 15:30:45.762087 np0000178070 devstack@neutron-api.service[103319]: DEBUG neutron.api.extensions [None req-fe4b6404-daf0-46cb-9e2d-99f7bee86316 None None] Ext name="Network Availability Zone" alias="network_availability_zone" description="Availability zone support for network." updated="2015-01-01T10:00:00-00:00" {{(pid=103319) _check_extension /opt/stack/neutron/neutron/api/extensions.py:415}}
Jun 02 15:30:45.762137 np0000178070 devstack@neutron-api.service[103317]: DEBUG neutron_lib.callbacks.manager [None req-698e25a8-8f2b-47d1-aaca-e4037165102d None None] Subscribe: port before_update 55550000, False {{(pid=103317) subscribe /opt/stack/data/venv/lib/python3.12/site-packages/neutron_lib/callbacks/manager.py:52}}
Jun 02 15:30:45.762238 np0000178070 devstack@neutron-api.service[103317]: DEBUG neutron_lib.callbacks.manager [None req-698e25a8-8f2b-47d1-aaca-e4037165102d None None] Subscribe: port before_delete 55550000, False {{(pid=103317) subscribe /opt/stack/data/venv/lib/python3.12/site-packages/neutron_lib/callbacks/manager.py:52}}
Jun 02 15:30:45.762268 np0000178070 devstack@neutron-api.service[103319]: INFO neutron.api.extensions [None req-fe4b6404-daf0-46cb-9e2d-99f7bee86316 None None] Loaded extension: network_availability_zone
Jun 02 15:30:45.762365 np0000178070 devstack@neutron-api.service[103319]: DEBUG neutron.api.extensions [None req-fe4b6404-daf0-46cb-9e2d-99f7bee86316 None None] Loading extension file: network_ha.py {{(pid=103319) _load_all_extensions_from_path /opt/stack/neutron/neutron/api/extensions.py:449}}
Jun 02 15:30:45.762394 np0000178070 devstack@neutron-api.service[103317]: DEBUG neutron_lib.callbacks.manager [None req-698e25a8-8f2b-47d1-aaca-e4037165102d None None] Subscribe: > router precommit_create 55550000, False {{(pid=103317) subscribe /opt/stack/data/venv/lib/python3.12/site-packages/neutron_lib/callbacks/manager.py:52}}
Jun 02 15:30:45.762479 np0000178070 devstack@neutron-api.service[103317]: DEBUG neutron_lib.callbacks.manager [None req-698e25a8-8f2b-47d1-aaca-e4037165102d None None] Subscribe: > router precommit_create 55550000, False {{(pid=103317) subscribe /opt/stack/data/venv/lib/python3.12/site-packages/neutron_lib/callbacks/manager.py:52}}
Jun 02 15:30:45.762590 np0000178070 devstack@neutron-api.service[103317]: DEBUG neutron_lib.callbacks.manager [None req-698e25a8-8f2b-47d1-aaca-e4037165102d None None] Subscribe: > router precommit_update 55550000, False {{(pid=103317) subscribe /opt/stack/data/venv/lib/python3.12/site-packages/neutron_lib/callbacks/manager.py:52}}
Jun 02 15:30:45.762623 np0000178070 devstack@neutron-api.service[103319]: DEBUG neutron.api.extensions [None req-fe4b6404-daf0-46cb-9e2d-99f7bee86316 None None] Ext name="Network HA creation flag" alias="network_ha" description="Network high availability creation flag." updated="2023-04-27T10:00:00-00:00" {{(pid=103319) _check_extension /opt/stack/neutron/neutron/api/extensions.py:415}}
Jun 02 15:30:45.762696 np0000178070 devstack@neutron-api.service[103317]: DEBUG neutron_lib.callbacks.manager [None req-698e25a8-8f2b-47d1-aaca-e4037165102d None None] Subscribe: subnet after_update 55550000, False {{(pid=103317) subscribe /opt/stack/data/venv/lib/python3.12/site-packages/neutron_lib/callbacks/manager.py:52}}
Jun 02 15:30:45.762811 np0000178070 devstack@neutron-api.service[103319]: INFO neutron.api.extensions [None req-fe4b6404-daf0-46cb-9e2d-99f7bee86316 None None] Extension network_ha not supported by any of loaded plugins
Jun 02 15:30:45.762902 np0000178070 devstack@neutron-api.service[103319]: DEBUG neutron.api.extensions [None req-fe4b6404-daf0-46cb-9e2d-99f7bee86316 None None] Loading extension file: network_ip_availability.py {{(pid=103319) _load_all_extensions_from_path /opt/stack/neutron/neutron/api/extensions.py:449}}
Jun 02 15:30:45.762931 np0000178070 devstack@neutron-api.service[103317]: DEBUG neutron.quota.resource_registry [None req-698e25a8-8f2b-47d1-aaca-e4037165102d None None] Tracking information for resource: router configured {{(pid=103317) set_tracked_resource /opt/stack/neutron/neutron/quota/resource_registry.py:203}}
Jun 02 15:30:45.762992 np0000178070 devstack@neutron-api.service[103317]: DEBUG neutron.quota.resource_registry [None req-698e25a8-8f2b-47d1-aaca-e4037165102d None None] Tracking information for resource: floatingip configured {{(pid=103317) set_tracked_resource /opt/stack/neutron/neutron/quota/resource_registry.py:203}}
Jun 02 15:30:45.763106 np0000178070 devstack@neutron-api.service[103317]: INFO neutron.services.ovn_l3.plugin [None req-698e25a8-8f2b-47d1-aaca-e4037165102d None None] Starting OVNL3RouterPlugin
Jun 02 15:30:45.763137 np0000178070 devstack@neutron-api.service[103319]: DEBUG neutron.api.extensions [None req-fe4b6404-daf0-46cb-9e2d-99f7bee86316 None None] Ext name="Network IP Availability" alias="network-ip-availability" description="Provides IP availability data for each network and subnet." updated="2015-09-24T00:00:00-00:00" {{(pid=103319) _check_extension /opt/stack/neutron/neutron/api/extensions.py:415}}
Jun 02 15:30:45.763301 np0000178070 devstack@neutron-api.service[103317]: DEBUG neutron_lib.callbacks.manager [None req-698e25a8-8f2b-47d1-aaca-e4037165102d None None] Subscribe: > port_forwarding_plugin after_init 55550000, False {{(pid=103317) subscribe /opt/stack/data/venv/lib/python3.12/site-packages/neutron_lib/callbacks/manager.py:52}}
Jun 02 15:30:45.763336 np0000178070 devstack@neutron-api.service[103319]: INFO neutron.api.extensions [None req-fe4b6404-daf0-46cb-9e2d-99f7bee86316 None None] Loaded extension: network-ip-availability
Jun 02 15:30:45.763389 np0000178070 devstack@neutron-api.service[103319]: DEBUG neutron.api.extensions [None req-fe4b6404-daf0-46cb-9e2d-99f7bee86316 None None] Loading extension file: network_ip_availability_details.py {{(pid=103319) _load_all_extensions_from_path /opt/stack/neutron/neutron/api/extensions.py:449}}
Jun 02 15:30:45.763509 np0000178070 devstack@neutron-api.service[103317]: DEBUG neutron_lib.callbacks.manager [None req-698e25a8-8f2b-47d1-aaca-e4037165102d None None] Subscribe: > router before_create 55550100, False {{(pid=103317) subscribe /opt/stack/data/venv/lib/python3.12/site-packages/neutron_lib/callbacks/manager.py:52}}
Jun 02 15:30:45.763614 np0000178070 devstack@neutron-api.service[103317]: DEBUG neutron_lib.callbacks.manager [None req-698e25a8-8f2b-47d1-aaca-e4037165102d None None] Subscribe: > router precommit_delete 55550100, False {{(pid=103317) subscribe /opt/stack/data/venv/lib/python3.12/site-packages/neutron_lib/callbacks/manager.py:52}}
Jun 02 15:30:45.763658 np0000178070 devstack@neutron-api.service[103319]: DEBUG neutron.api.extensions [None req-fe4b6404-daf0-46cb-9e2d-99f7bee86316 None None] Ext name="Network IP Availability Details Extension" alias="network-ip-availability-details" description="Add ip_availability_details attribute to network-ip-availabilities resource." updated="2025-10-31T00:00:00-00:00" {{(pid=103319) _check_extension /opt/stack/neutron/neutron/api/extensions.py:415}}
Jun 02 15:30:45.763757 np0000178070 devstack@neutron-api.service[103317]: DEBUG neutron_lib.callbacks.manager [None req-698e25a8-8f2b-47d1-aaca-e4037165102d None None] Subscribe: > router precommit_create 55550100, False {{(pid=103317) subscribe /opt/stack/data/venv/lib/python3.12/site-packages/neutron_lib/callbacks/manager.py:52}}
Jun 02 15:30:45.763804 np0000178070 devstack@neutron-api.service[103319]: INFO neutron.api.extensions [None req-fe4b6404-daf0-46cb-9e2d-99f7bee86316 None None] Loaded extension: network-ip-availability-details
Jun 02 15:30:45.763832 np0000178070 devstack@neutron-api.service[103317]: DEBUG neutron_lib.callbacks.manager [None req-698e25a8-8f2b-47d1-aaca-e4037165102d None None] Subscribe: > router precommit_update 55550100, False {{(pid=103317) subscribe /opt/stack/data/venv/lib/python3.12/site-packages/neutron_lib/callbacks/manager.py:52}}
Jun 02 15:30:45.763895 np0000178070 devstack@neutron-api.service[103319]: DEBUG neutron.api.extensions [None req-fe4b6404-daf0-46cb-9e2d-99f7bee86316 None None] Loading extension file: network_segment_range.py {{(pid=103319) _load_all_extensions_from_path /opt/stack/neutron/neutron/api/extensions.py:449}}
Jun 02 15:30:45.764192 np0000178070 devstack@neutron-api.service[103319]: DEBUG neutron.api.extensions [None req-fe4b6404-daf0-46cb-9e2d-99f7bee86316 None None] Ext name="Neutron Network Segment Range" alias="network-segment-range" description="Provides support for the network segment range management" updated="2018-11-29T00:00:00-00:00" {{(pid=103319) _check_extension /opt/stack/neutron/neutron/api/extensions.py:415}}
Jun 02 15:30:45.764369 np0000178070 devstack@neutron-api.service[103319]: INFO neutron.api.extensions [None req-fe4b6404-daf0-46cb-9e2d-99f7bee86316 None None] Extension network-segment-range not supported by any of loaded plugins
Jun 02 15:30:45.764445 np0000178070 devstack@neutron-api.service[103319]: DEBUG neutron.api.extensions [None req-fe4b6404-daf0-46cb-9e2d-99f7bee86316 None None] Loading extension file: pagination.py {{(pid=103319) _load_all_extensions_from_path /opt/stack/neutron/neutron/api/extensions.py:449}}
Jun 02 15:30:45.764691 np0000178070 devstack@neutron-api.service[103319]: DEBUG neutron.api.extensions [None req-fe4b6404-daf0-46cb-9e2d-99f7bee86316 None None] Ext name="Pagination support" alias="pagination" description="Extension that indicates that pagination is enabled." updated="2016-06-12T00:00:00-00:00" {{(pid=103319) _check_extension /opt/stack/neutron/neutron/api/extensions.py:415}}
Jun 02 15:30:45.764786 np0000178070 devstack@neutron-api.service[103319]: INFO neutron.api.extensions [None req-fe4b6404-daf0-46cb-9e2d-99f7bee86316 None None] Loaded extension: pagination
Jun 02 15:30:45.764875 np0000178070 devstack@neutron-api.service[103319]: DEBUG neutron.api.extensions [None req-fe4b6404-daf0-46cb-9e2d-99f7bee86316 None None] Loading extension file: port_device_profile.py {{(pid=103319) _load_all_extensions_from_path /opt/stack/neutron/neutron/api/extensions.py:449}}
Jun 02 15:30:45.765094 np0000178070 devstack@neutron-api.service[103319]: DEBUG neutron.api.extensions [None req-fe4b6404-daf0-46cb-9e2d-99f7bee86316 None None] Ext name="Port device profile" alias="port-device-profile" description="Expose the port device profile (Cyborg)" updated="2020-12-17T10:00:00-00:00" {{(pid=103319) _check_extension /opt/stack/neutron/neutron/api/extensions.py:415}}
Jun 02 15:30:45.765264 np0000178070 devstack@neutron-api.service[103319]: INFO neutron.api.extensions [None req-fe4b6404-daf0-46cb-9e2d-99f7bee86316 None None] Loaded extension: port-device-profile
Jun 02 15:30:45.765354 np0000178070 devstack@neutron-api.service[103319]: DEBUG neutron.api.extensions [None req-fe4b6404-daf0-46cb-9e2d-99f7bee86316 None None] Loading extension file: port_hardware_offload_type.py {{(pid=103319) _load_all_extensions_from_path /opt/stack/neutron/neutron/api/extensions.py:449}}
Jun 02 15:30:45.765593 np0000178070 devstack@neutron-api.service[103319]: DEBUG neutron.api.extensions [None req-fe4b6404-daf0-46cb-9e2d-99f7bee86316 None None] Ext name="Port hardware offload" alias="port-hardware-offload-type" description="Expose port hardware offload extension" updated="2023-05-09T10:00:00-00:00" {{(pid=103319) _check_extension /opt/stack/neutron/neutron/api/extensions.py:415}}
Jun 02 15:30:45.765757 np0000178070 devstack@neutron-api.service[103319]: INFO neutron.api.extensions [None req-fe4b6404-daf0-46cb-9e2d-99f7bee86316 None None] Extension port-hardware-offload-type not supported by any of loaded plugins
Jun 02 15:30:45.765871 np0000178070 devstack@neutron-api.service[103319]: DEBUG neutron.api.extensions [None req-fe4b6404-daf0-46cb-9e2d-99f7bee86316 None None] Loading extension file: port_hint_ovs_tx_steering.py {{(pid=103319) _load_all_extensions_from_path /opt/stack/neutron/neutron/api/extensions.py:449}}
Jun 02 15:30:45.766063 np0000178070 devstack@neutron-api.service[103319]: DEBUG neutron.api.extensions [None req-fe4b6404-daf0-46cb-9e2d-99f7bee86316 None None] Ext name="Port hint: Open vSwitch Tx steering" alias="port-hint-ovs-tx-steering" description="Enable Port hint: Open vSwitch Tx steering" updated="2023-01-01T00:00:00-00:00" {{(pid=103319) _check_extension /opt/stack/neutron/neutron/api/extensions.py:415}}
Jun 02 15:30:45.766253 np0000178070 devstack@neutron-api.service[103319]: INFO neutron.api.extensions [None req-fe4b6404-daf0-46cb-9e2d-99f7bee86316 None None] Extension port-hint-ovs-tx-steering not supported by any of loaded plugins
Jun 02 15:30:45.766351 np0000178070 devstack@neutron-api.service[103319]: DEBUG neutron.api.extensions [None req-fe4b6404-daf0-46cb-9e2d-99f7bee86316 None None] Loading extension file: port_hints.py {{(pid=103319) _load_all_extensions_from_path /opt/stack/neutron/neutron/api/extensions.py:449}}
Jun 02 15:30:45.766610 np0000178070 devstack@neutron-api.service[103319]: DEBUG neutron.api.extensions [None req-fe4b6404-daf0-46cb-9e2d-99f7bee86316 None None] Ext name="Port hints" alias="port-hints" description="Backend specific port hints to allow backend specific tuning" updated="2023-01-01T00:00:00-00:00" {{(pid=103319) _check_extension /opt/stack/neutron/neutron/api/extensions.py:415}}
Jun 02 15:30:45.766802 np0000178070 devstack@neutron-api.service[103319]: INFO neutron.api.extensions [None req-fe4b6404-daf0-46cb-9e2d-99f7bee86316 None None] Extension port-hints not supported by any of loaded plugins
Jun 02 15:30:45.766882 np0000178070 devstack@neutron-api.service[103319]: DEBUG neutron.api.extensions [None req-fe4b6404-daf0-46cb-9e2d-99f7bee86316 None None] Loading extension file: port_mac_address_override.py {{(pid=103319) _load_all_extensions_from_path /opt/stack/neutron/neutron/api/extensions.py:449}}
Jun 02 15:30:45.767106 np0000178070 devstack@neutron-api.service[103319]: DEBUG neutron.api.extensions [None req-fe4b6404-daf0-46cb-9e2d-99f7bee86316 None None] Ext name="Neutron Port MAC address override" alias="port-mac-override" description="Allow overriding the MAC address of a direct-physical Port via the active binding profile" updated="2022-03-18T10:00:00-00:00" {{(pid=103319) _check_extension /opt/stack/neutron/neutron/api/extensions.py:415}}
Jun 02 15:30:45.767191 np0000178070 devstack@neutron-api.service[103317]: DEBUG neutron.services.provider_configuration [None req-698e25a8-8f2b-47d1-aaca-e4037165102d None None] Service providers = [] {{(pid=103317) parse_service_provider_opt /opt/stack/neutron/neutron/services/provider_configuration.py:170}}
Jun 02 15:30:45.767321 np0000178070 devstack@neutron-api.service[103319]: INFO neutron.api.extensions [None req-fe4b6404-daf0-46cb-9e2d-99f7bee86316 None None] Extension port-mac-override not supported by any of loaded plugins
Jun 02 15:30:45.767347 np0000178070 devstack@neutron-api.service[103317]: DEBUG neutron.db.servicetype_db [None req-698e25a8-8f2b-47d1-aaca-e4037165102d None None] Adding provider configuration for service L3_ROUTER_NAT {{(pid=103317) add_provider_configuration /opt/stack/neutron/neutron/db/servicetype_db.py:45}}
Jun 02 15:30:45.767373 np0000178070 devstack@neutron-api.service[103319]: DEBUG neutron.api.extensions [None req-fe4b6404-daf0-46cb-9e2d-99f7bee86316 None None] Loading extension file: port_mac_address_regenerate.py {{(pid=103319) _load_all_extensions_from_path /opt/stack/neutron/neutron/api/extensions.py:449}}
Jun 02 15:30:45.767615 np0000178070 devstack@neutron-api.service[103319]: DEBUG neutron.api.extensions [None req-fe4b6404-daf0-46cb-9e2d-99f7bee86316 None None] Ext name="Neutron Port MAC address regenerate" alias="port-mac-address-regenerate" description="Network port MAC address regenerate" updated="2018-05-03T10:00:00-00:00" {{(pid=103319) _check_extension /opt/stack/neutron/neutron/api/extensions.py:415}}
Jun 02 15:30:45.767803 np0000178070 devstack@neutron-api.service[103319]: INFO neutron.api.extensions [None req-fe4b6404-daf0-46cb-9e2d-99f7bee86316 None None] Loaded extension: port-mac-address-regenerate
Jun 02 15:30:45.767886 np0000178070 devstack@neutron-api.service[103319]: DEBUG neutron.api.extensions [None req-fe4b6404-daf0-46cb-9e2d-99f7bee86316 None None] Loading extension file: port_numa_affinity_policy.py {{(pid=103319) _load_all_extensions_from_path /opt/stack/neutron/neutron/api/extensions.py:449}}
Jun 02 15:30:45.768108 np0000178070 devstack@neutron-api.service[103319]: DEBUG neutron.api.extensions [None req-fe4b6404-daf0-46cb-9e2d-99f7bee86316 None None] Ext name="Port NUMA affinity policy" alias="port-numa-affinity-policy" description="Expose the port NUMA affinity policy" updated="2020-07-08T10:00:00-00:00" {{(pid=103319) _check_extension /opt/stack/neutron/neutron/api/extensions.py:415}}
Jun 02 15:30:45.768284 np0000178070 devstack@neutron-api.service[103319]: INFO neutron.api.extensions [None req-fe4b6404-daf0-46cb-9e2d-99f7bee86316 None None] Loaded extension: port-numa-affinity-policy
Jun 02 15:30:45.768360 np0000178070 devstack@neutron-api.service[103319]: DEBUG neutron.api.extensions [None req-fe4b6404-daf0-46cb-9e2d-99f7bee86316 None None] Loading extension file: port_numa_affinity_policy_socket.py {{(pid=103319) _load_all_extensions_from_path /opt/stack/neutron/neutron/api/extensions.py:449}}
Jun 02 15:30:45.768552 np0000178070 devstack@neutron-api.service[103317]: DEBUG neutron_lib.callbacks.manager [None req-698e25a8-8f2b-47d1-aaca-e4037165102d None None] Subscribe: > router precommit_create 55549900, False {{(pid=103317) subscribe /opt/stack/data/venv/lib/python3.12/site-packages/neutron_lib/callbacks/manager.py:52}}
Jun 02 15:30:45.768580 np0000178070 devstack@neutron-api.service[103319]: DEBUG neutron.api.extensions [None req-fe4b6404-daf0-46cb-9e2d-99f7bee86316 None None] Ext name="Port NUMA affinity policy "socket"" alias="port-numa-affinity-policy-socket" description="Adds "socket" to the supported port NUMA affinity policies" updated="2024-02-09T10:00:00-00:00" {{(pid=103319) _check_extension /opt/stack/neutron/neutron/api/extensions.py:415}}
Jun 02 15:30:45.768666 np0000178070 devstack@neutron-api.service[103317]: DEBUG neutron_lib.callbacks.manager [None req-698e25a8-8f2b-47d1-aaca-e4037165102d None None] Subscribe: > router_interface after_create 55550000, False {{(pid=103317) subscribe /opt/stack/data/venv/lib/python3.12/site-packages/neutron_lib/callbacks/manager.py:52}}
Jun 02 15:30:45.768787 np0000178070 devstack@neutron-api.service[103319]: INFO neutron.api.extensions [None req-fe4b6404-daf0-46cb-9e2d-99f7bee86316 None None] Loaded extension: port-numa-affinity-policy-socket
Jun 02 15:30:45.768820 np0000178070 devstack@neutron-api.service[103317]: DEBUG neutron_lib.callbacks.manager [None req-698e25a8-8f2b-47d1-aaca-e4037165102d None None] Subscribe: > floatingip after_create 55550000, False {{(pid=103317) subscribe /opt/stack/data/venv/lib/python3.12/site-packages/neutron_lib/callbacks/manager.py:52}}
Jun 02 15:30:45.768848 np0000178070 devstack@neutron-api.service[103319]: DEBUG neutron.api.extensions [None req-fe4b6404-daf0-46cb-9e2d-99f7bee86316 None None] Loading extension file: port_resource_request.py {{(pid=103319) _load_all_extensions_from_path /opt/stack/neutron/neutron/api/extensions.py:449}}
Jun 02 15:30:45.768873 np0000178070 devstack@neutron-api.service[103317]: DEBUG neutron_lib.callbacks.manager [None req-698e25a8-8f2b-47d1-aaca-e4037165102d None None] Subscribe: > floatingip precommit_create 55550000, False {{(pid=103317) subscribe /opt/stack/data/venv/lib/python3.12/site-packages/neutron_lib/callbacks/manager.py:52}}
Jun 02 15:30:45.768973 np0000178070 devstack@neutron-api.service[103317]: DEBUG neutron_lib.callbacks.manager [None req-698e25a8-8f2b-47d1-aaca-e4037165102d None None] Subscribe: > floatingip precommit_update 55550000, False {{(pid=103317) subscribe /opt/stack/data/venv/lib/python3.12/site-packages/neutron_lib/callbacks/manager.py:52}}
Jun 02 15:30:45.769091 np0000178070 devstack@neutron-api.service[103319]: DEBUG neutron.api.extensions [None req-fe4b6404-daf0-46cb-9e2d-99f7bee86316 None None] Ext name="Port Resource Request" alias="port-resource-request" description="Expose resource request to Port" updated="2018-05-08T10:00:00-00:00" {{(pid=103319) _check_extension /opt/stack/neutron/neutron/api/extensions.py:415}}
Jun 02 15:30:45.769123 np0000178070 devstack@neutron-api.service[103317]: DEBUG neutron_lib.callbacks.manager [None req-698e25a8-8f2b-47d1-aaca-e4037165102d None None] Subscribe: > floatingip after_delete 55550000, False {{(pid=103317) subscribe /opt/stack/data/venv/lib/python3.12/site-packages/neutron_lib/callbacks/manager.py:52}}
Jun 02 15:30:45.769233 np0000178070 devstack@neutron-api.service[103317]: DEBUG neutron_lib.callbacks.manager [None req-698e25a8-8f2b-47d1-aaca-e4037165102d None None] Subscribe: > floatingip after_status_update 55550000, False {{(pid=103317) subscribe /opt/stack/data/venv/lib/python3.12/site-packages/neutron_lib/callbacks/manager.py:52}}
Jun 02 15:30:45.769260 np0000178070 devstack@neutron-api.service[103319]: INFO neutron.api.extensions [None req-fe4b6404-daf0-46cb-9e2d-99f7bee86316 None None] Extension port-resource-request not supported by any of loaded plugins
Jun 02 15:30:45.769325 np0000178070 devstack@neutron-api.service[103317]: DEBUG neutron_lib.callbacks.manager [None req-698e25a8-8f2b-47d1-aaca-e4037165102d None None] Subscribe: > floatingip after_update 55550000, False {{(pid=103317) subscribe /opt/stack/data/venv/lib/python3.12/site-packages/neutron_lib/callbacks/manager.py:52}}
Jun 02 15:30:45.769357 np0000178070 devstack@neutron-api.service[103319]: DEBUG neutron.api.extensions [None req-fe4b6404-daf0-46cb-9e2d-99f7bee86316 None None] Loading extension file: port_resource_request_groups.py {{(pid=103319) _load_all_extensions_from_path /opt/stack/neutron/neutron/api/extensions.py:449}}
Jun 02 15:30:45.769600 np0000178070 devstack@neutron-api.service[103317]: DEBUG neutron_lib.callbacks.manager [None req-698e25a8-8f2b-47d1-aaca-e4037165102d None None] Subscribe: > port_forwarding after_create 55550000, False {{(pid=103317) subscribe /opt/stack/data/venv/lib/python3.12/site-packages/neutron_lib/callbacks/manager.py:52}}
Jun 02 15:30:45.769600 np0000178070 devstack@neutron-api.service[103317]: DEBUG neutron_lib.callbacks.manager [None req-698e25a8-8f2b-47d1-aaca-e4037165102d None None] Subscribe: > router_interface after_delete 55550000, False {{(pid=103317) subscribe /opt/stack/data/venv/lib/python3.12/site-packages/neutron_lib/callbacks/manager.py:52}}
Jun 02 15:30:45.769734 np0000178070 devstack@neutron-api.service[103319]: DEBUG neutron.api.extensions [None req-fe4b6404-daf0-46cb-9e2d-99f7bee86316 None None] Ext name="Port Resource Request Groups" alias="port-resource-request-groups" description="Support requesting multiple groups of resources and traits from the same RP subtree in resource_request" updated="2021-08-02T10:00:00-00:00" {{(pid=103319) _check_extension /opt/stack/neutron/neutron/api/extensions.py:415}}
Jun 02 15:30:45.769773 np0000178070 devstack@neutron-api.service[103317]: DEBUG neutron_lib.callbacks.manager [None req-698e25a8-8f2b-47d1-aaca-e4037165102d None None] Subscribe: > router after_create 55550000, False {{(pid=103317) subscribe /opt/stack/data/venv/lib/python3.12/site-packages/neutron_lib/callbacks/manager.py:52}}
Jun 02 15:30:45.769838 np0000178070 devstack@neutron-api.service[103319]: INFO neutron.api.extensions [None req-fe4b6404-daf0-46cb-9e2d-99f7bee86316 None None] Extension port-resource-request-groups not supported by any of loaded plugins
Jun 02 15:30:45.769864 np0000178070 devstack@neutron-api.service[103317]: DEBUG neutron_lib.callbacks.manager [None req-698e25a8-8f2b-47d1-aaca-e4037165102d None None] Subscribe: > router precommit_create 55550000, False {{(pid=103317) subscribe /opt/stack/data/venv/lib/python3.12/site-packages/neutron_lib/callbacks/manager.py:52}}
Jun 02 15:30:45.769891 np0000178070 devstack@neutron-api.service[103319]: DEBUG neutron.api.extensions [None req-fe4b6404-daf0-46cb-9e2d-99f7bee86316 None None] Loading extension file: port_trusted_vif.py {{(pid=103319) _load_all_extensions_from_path /opt/stack/neutron/neutron/api/extensions.py:449}}
Jun 02 15:30:45.769947 np0000178070 devstack@neutron-api.service[103317]: DEBUG neutron_lib.callbacks.manager [None req-698e25a8-8f2b-47d1-aaca-e4037165102d None None] Subscribe: > router after_delete 55550000, False {{(pid=103317) subscribe /opt/stack/data/venv/lib/python3.12/site-packages/neutron_lib/callbacks/manager.py:52}}
Jun 02 15:30:45.769947 np0000178070 devstack@neutron-api.service[103317]: DEBUG neutron_lib.callbacks.manager [None req-698e25a8-8f2b-47d1-aaca-e4037165102d None None] Subscribe: > router after_update 55550000, False {{(pid=103317) subscribe /opt/stack/data/venv/lib/python3.12/site-packages/neutron_lib/callbacks/manager.py:52}}
Jun 02 15:30:45.770015 np0000178070 devstack@neutron-api.service[103319]: DEBUG neutron.api.extensions [None req-fe4b6404-daf0-46cb-9e2d-99f7bee86316 None None] Ext name="Port trusted vif" alias="port-trusted-vif" description="Expose port 'trusted' attribute in the API" updated="2024-07-10T10:00:00-00:00" {{(pid=103319) _check_extension /opt/stack/neutron/neutron/api/extensions.py:415}}
Jun 02 15:30:45.770076 np0000178070 devstack@neutron-api.service[103317]: DEBUG neutron.services.service_base [None req-698e25a8-8f2b-47d1-aaca-e4037165102d None None] Loaded 'neutron.services.ovn_l3.service_providers.ovn.OvnDriver' provider for service L3_ROUTER_NAT {{(pid=103317) load_drivers /opt/stack/neutron/neutron/services/service_base.py:49}}
Jun 02 15:30:45.770133 np0000178070 devstack@neutron-api.service[103317]: DEBUG neutron_lib.callbacks.manager [None req-698e25a8-8f2b-47d1-aaca-e4037165102d None None] Subscribe: > process after_init 55550001, True {{(pid=103317) subscribe /opt/stack/data/venv/lib/python3.12/site-packages/neutron_lib/callbacks/manager.py:52}}
Jun 02 15:30:45.770189 np0000178070 devstack@neutron-api.service[103319]: INFO neutron.api.extensions [None req-fe4b6404-daf0-46cb-9e2d-99f7bee86316 None None] Extension port-trusted-vif not supported by any of loaded plugins
Jun 02 15:30:45.770284 np0000178070 devstack@neutron-api.service[103317]: DEBUG neutron.manager [None req-698e25a8-8f2b-47d1-aaca-e4037165102d None None] Successfully loaded L3_ROUTER_NAT plugin. Description: L3 Router Service Plugin for basic L3 forwarding using OVN {{(pid=103317) _create_and_add_service_plugin /opt/stack/neutron/neutron/manager.py:239}}
Jun 02 15:30:45.770326 np0000178070 devstack@neutron-api.service[103319]: DEBUG neutron.api.extensions [None req-fe4b6404-daf0-46cb-9e2d-99f7bee86316 None None] Loading extension file: portbindings.py {{(pid=103319) _load_all_extensions_from_path /opt/stack/neutron/neutron/api/extensions.py:449}}
Jun 02 15:30:45.770401 np0000178070 devstack@neutron-api.service[103317]: INFO neutron.manager [None req-698e25a8-8f2b-47d1-aaca-e4037165102d None None] Loading Plugin: auto_allocate
