2026-05-09 22:56:59.067 10 INFO neutron.wsgi [None req-8a3bd47f-6d27-4ce5-94e8-768673301bbf 366cd82edd944e3aa76314b1beb49644 7119415023b5468285ed9a0c58350b05 - - default default] 10.0.0.214 "GET /v2.0/trunks/62861888-c5b7-4818-be7a-4b337ed6ca24 HTTP/1.1" status: 200 len: 610 time: 0.0202229
2026-05-09 22:56:59.181 10 INFO neutron.wsgi [None req-b7adc810-e700-414c-827d-510281d116b8 366cd82edd944e3aa76314b1beb49644 7119415023b5468285ed9a0c58350b05 - - default default] 10.0.0.214 "GET /v2.0/ports/cc1ce766-9112-428d-b014-028c2238e6b1 HTTP/1.1" status: 200 len: 1020 time: 0.1107025
2026-05-09 22:56:59.201 9 INFO neutron.wsgi [None req-df4386f8-f52c-4d95-938e-7744ab65bf8b 8df602c576ed4eb7a388b6ec3d9f6864 b51fdf18aad844e4af18a455445db30d - - default default] 10.0.0.214 "GET /v2.0/security-groups?tenant_id=8892e12843014c6e80222228711dcbcf&name=default HTTP/1.1" status: 200 len: 2996 time: 0.1735010
2026-05-09 22:56:59.240 9 INFO neutron.wsgi [None req-5a55db8c-2120-4be1-86fd-7720baaa97a8 8df602c576ed4eb7a388b6ec3d9f6864 b51fdf18aad844e4af18a455445db30d - - default default] 10.0.0.214 "DELETE /v2.0/subnets/116dce65-e133-4985-85e5-5e18389f7512 HTTP/1.1" status: 204 len: 168 time: 0.2677910 /var/lib/openstack/lib/python3.10/site-packages/pycadf/identifier.py:71: UserWarning: Invalid uuid: neutron. To ensure interoperability, identifiers should be a valid uuid. warnings.warn(('Invalid uuid: %s. To ensure interoperability, '
2026-05-09 22:56:59.249 9 INFO neutron.db.ovn_revision_numbers_db [None req-64373b3d-fa40-4989-8570-cb986a62730f 9d970655bf074b629e7b7467e78980fb 1ec0a8b96e184bec97bfba10e7947f65 - - default default] Successfully bumped revision number for resource 0060ba2e-7100-442c-8ee1-31679aea6d07 (type: floatingips) to 4
2026-05-09 22:56:59.298 10 INFO neutron.wsgi [None req-b057b18c-4820-4c7a-adab-5e678652c453 366cd82edd944e3aa76314b1beb49644 7119415023b5468285ed9a0c58350b05 - - default default] 10.0.0.214 "DELETE /v2.0/trunks/62861888-c5b7-4818-be7a-4b337ed6ca24 HTTP/1.1" status: 204 len: 168 time: 0.1125767
2026-05-09 22:56:59.331 9 INFO neutron.wsgi [None req-d860f722-4ef2-4279-a668-55ced800bd95 366cd82edd944e3aa76314b1beb49644 7119415023b5468285ed9a0c58350b05 - - default default] 10.0.0.214 "GET /v2.0/trunks/2204459f-4b1c-42cf-9214-e2585e34f131 HTTP/1.1" status: 200 len: 603 time: 0.0285900
2026-05-09 22:56:59.409 9 INFO neutron.db.ovn_revision_numbers_db [None req-64373b3d-fa40-4989-8570-cb986a62730f 9d970655bf074b629e7b7467e78980fb 1ec0a8b96e184bec97bfba10e7947f65 - - default default] Successfully bumped revision number for resource 0060ba2e-7100-442c-8ee1-31679aea6d07 (type: floatingips) to 5
2026-05-09 22:56:59.437 10 INFO neutron.wsgi [None req-26dc9a0f-48a5-4adf-88d1-e55a3030d342 366cd82edd944e3aa76314b1beb49644 7119415023b5468285ed9a0c58350b05 - - default default] 10.0.0.214 "GET /v2.0/ports/5909768e-58db-4641-9e22-7406e1d27cee HTTP/1.1" status: 200 len: 1020 time: 0.1015000
2026-05-09 22:56:59.448 9 INFO neutron.wsgi [None req-64373b3d-fa40-4989-8570-cb986a62730f 9d970655bf074b629e7b7467e78980fb 1ec0a8b96e184bec97bfba10e7947f65 - - default default] 10.0.0.214 "PUT /v2.0/floatingips/0060ba2e-7100-442c-8ee1-31679aea6d07 HTTP/1.1" status: 200 len: 1049 time: 0.7537386
2026-05-09 22:56:59.493 9 INFO neutron.notifiers.nova [-] Nova event matching ['req-1bd838d7-c535-4e17-9b77-69b20885d477'] response: {'name': 'network-changed', 'server_uuid': '72661ce2-43fa-4806-ba7a-9d2100dd79d3', 'tag': '1de02d89-e10d-49f6-8315-fb702bf58ca8', 'status': 'completed', 'code': 200}
2026-05-09 22:56:59.520 10 INFO neutron.wsgi [None req-236c90cf-7054-4c4c-8181-eb1ce3886d75 9d970655bf074b629e7b7467e78980fb 1ec0a8b96e184bec97bfba10e7947f65 - - default default] 10.0.0.214 "GET /v2.0/floatingips/0060ba2e-7100-442c-8ee1-31679aea6d07 HTTP/1.1" status: 200 len: 1051 time: 0.0674882
2026-05-09 22:56:59.555 10 INFO neutron.wsgi [None req-7b762848-a414-4918-aa24-f003c4d43ce2 8df602c576ed4eb7a388b6ec3d9f6864 b51fdf18aad844e4af18a455445db30d - - default default] 10.0.0.214 "DELETE /v2.0/security-groups/faae3190-b836-4688-95d6-3f559325a91c HTTP/1.1" status: 204 len: 168 time: 0.3479936
2026-05-09 22:56:59.567 9 INFO neutron.wsgi [req-4efe2370-b1db-40b5-852a-683db885b537 req-dabf89cc-abcf-4a71-8777-0008758df18e 85346ff96472477b85427d9835cf6455 a87c074d5f924c5685712dc6e41e38b3 - - 6c1a401fdf844f518769ed403dc14c20 6c1a401fdf844f518769ed403dc14c20] 199.204.45.35 "GET /v2.0/ports?tenant_id=1ec0a8b96e184bec97bfba10e7947f65&device_id=72661ce2-43fa-4806-ba7a-9d2100dd79d3 HTTP/1.1" status: 200 len: 1409 time: 0.0508261
2026-05-09 22:56:59.570 10 INFO neutron.wsgi [None req-ea1037d7-6602-467e-853b-0fdcd073ce24 366cd82edd944e3aa76314b1beb49644 7119415023b5468285ed9a0c58350b05 - - default default] 10.0.0.214 "DELETE /v2.0/trunks/2204459f-4b1c-42cf-9214-e2585e34f131 HTTP/1.1" status: 204 len: 168 time: 0.1250708
2026-05-09 22:56:59.649 9 INFO neutron.wsgi [req-4efe2370-b1db-40b5-852a-683db885b537 req-d6b28400-c9bc-4878-89d2-4757b493b500 85346ff96472477b85427d9835cf6455 a87c074d5f924c5685712dc6e41e38b3 - - 6c1a401fdf844f518769ed403dc14c20 6c1a401fdf844f518769ed403dc14c20] 199.204.45.35 "GET /v2.0/networks?id=b5dcd988-e022-46b6-8241-a6704d7fd2e8 HTTP/1.1" status: 200 len: 958 time: 0.0740559
2026-05-09 22:56:59.709 9 INFO neutron.wsgi [req-4efe2370-b1db-40b5-852a-683db885b537 req-66fa4a4c-2159-4dba-86c8-757e99d8ab52 85346ff96472477b85427d9835cf6455 a87c074d5f924c5685712dc6e41e38b3 - - 6c1a401fdf844f518769ed403dc14c20 6c1a401fdf844f518769ed403dc14c20] 199.204.45.35 "GET /v2.0/floatingips?fixed_ip_address=10.100.0.8&port_id=1de02d89-e10d-49f6-8315-fb702bf58ca8 HTTP/1.1" status: 200 len: 1059 time: 0.0530500
2026-05-09 22:56:59.743 9 INFO neutron.wsgi [None req-a08610b3-165b-4d17-8554-e9f74187a0ef 8df602c576ed4eb7a388b6ec3d9f6864 b51fdf18aad844e4af18a455445db30d - - default default] 10.0.0.214 "DELETE /v2.0/networks/1eebed6e-ec24-4ef6-a8ed-6cda50db74ae HTTP/1.1" status: 204 len: 168 time: 0.4998550
2026-05-09 22:56:59.758 9 INFO neutron.wsgi [req-4efe2370-b1db-40b5-852a-683db885b537 req-3d3b3f76-97e6-4cd2-8c9a-aa3d4c99db59 85346ff96472477b85427d9835cf6455 a87c074d5f924c5685712dc6e41e38b3 - - 6c1a401fdf844f518769ed403dc14c20 6c1a401fdf844f518769ed403dc14c20] 199.204.45.35 "GET /v2.0/subnets?id=7b7a4d1d-1249-4705-bc92-61ed2f4eb062 HTTP/1.1" status: 200 len: 852 time: 0.0417442
2026-05-09 22:56:59.785 9 INFO neutron.wsgi [req-4efe2370-b1db-40b5-852a-683db885b537 req-0916207f-4cd7-4870-8cde-22f277ad029c 85346ff96472477b85427d9835cf6455 a87c074d5f924c5685712dc6e41e38b3 - - 6c1a401fdf844f518769ed403dc14c20 6c1a401fdf844f518769ed403dc14c20] 199.204.45.35 "GET /v2.0/ports?network_id=b5dcd988-e022-46b6-8241-a6704d7fd2e8&device_owner=network%3Adhcp HTTP/1.1" status: 200 len: 210 time: 0.0193906
2026-05-09 22:56:59.823 10 INFO neutron.wsgi [None req-cb19d919-6bba-4d4b-9f73-7d20bf78f22f 366cd82edd944e3aa76314b1beb49644 7119415023b5468285ed9a0c58350b05 - - default default] 10.0.0.214 "DELETE /v2.0/ports/170fe85d-2617-4a46-a028-831fd262cb3d HTTP/1.1" status: 204 len: 168 time: 0.2494888
2026-05-09 22:56:59.872 9 INFO neutron.wsgi [req-4efe2370-b1db-40b5-852a-683db885b537 req-8d3b1761-de1a-4356-a347-49b495e98c41 85346ff96472477b85427d9835cf6455 a87c074d5f924c5685712dc6e41e38b3 - - 6c1a401fdf844f518769ed403dc14c20 6c1a401fdf844f518769ed403dc14c20] 199.204.45.35 "GET /v2.0/networks/b5dcd988-e022-46b6-8241-a6704d7fd2e8?fields=segments HTTP/1.1" status: 200 len: 212 time: 0.0802069
2026-05-09 22:56:59.944 9 INFO neutron.wsgi [req-4efe2370-b1db-40b5-852a-683db885b537 req-a768209e-0de0-48bb-a807-27315025278e 85346ff96472477b85427d9835cf6455 a87c074d5f924c5685712dc6e41e38b3 - - 6c1a401fdf844f518769ed403dc14c20 6c1a401fdf844f518769ed403dc14c20] 199.204.45.35 "GET /v2.0/networks/b5dcd988-e022-46b6-8241-a6704d7fd2e8?fields=provider%3Aphysical_network&fields=provider%3Anetwork_type HTTP/1.1" status: 200 len: 277 time: 0.0636325
2026-05-09 22:57:00.087 9 INFO neutron.wsgi [None req-72c6f3fe-fb28-486c-92bc-88b6446273d5 366cd82edd944e3aa76314b1beb49644 7119415023b5468285ed9a0c58350b05 - - default default] 10.0.0.214 "DELETE /v2.0/ports/62a19822-f981-4e8f-a411-e03a6f24c035 HTTP/1.1" status: 204 len: 168 time: 0.2588642
2026-05-09 22:57:00.165 9 INFO neutron.wsgi [None req-f743074d-f3b8-49c7-abc4-320db18af36f 8df602c576ed4eb7a388b6ec3d9f6864 b51fdf18aad844e4af18a455445db30d - - default default] 10.0.0.214 "GET /v2.0/security-groups?tenant_id=742f81e28bff4b74bad5728396c47511&name=default HTTP/1.1" status: 200 len: 2996 time: 0.0440724
2026-05-09 22:57:00.362 9 INFO neutron.wsgi [-] 10.0.0.138 "GET / HTTP/1.1" status: 200 len: 247 time: 0.0026248
2026-05-09 22:57:00.365 9 INFO neutron.wsgi [-] 10.0.0.138 "GET / HTTP/1.1" status: 200 len: 247 time: 0.0022154
2026-05-09 22:57:00.387 9 INFO neutron.wsgi [None req-d329cb3a-42ff-4bde-9ff0-4878e47deb70 8df602c576ed4eb7a388b6ec3d9f6864 b51fdf18aad844e4af18a455445db30d - - default default] 10.0.0.214 "DELETE /v2.0/security-groups/a8f743b4-ebd7-4d2b-9fa5-c69f6d8a9564 HTTP/1.1" status: 204 len: 168 time: 0.2179937
2026-05-09 22:57:00.391 10 INFO neutron.wsgi [None req-8c4e50bb-1b86-423e-9f40-306824732477 366cd82edd944e3aa76314b1beb49644 7119415023b5468285ed9a0c58350b05 - - default default] 10.0.0.214 "DELETE /v2.0/ports/73d5a174-1e94-44ea-bb99-6948316c3426 HTTP/1.1" status: 204 len: 168 time: 0.2964830
2026-05-09 22:57:00.577 9 INFO neutron.services.segments.plugin [-] Segment 3fc6a839-7645-4a42-8e35-19779fab7795 resource provider aggregate not found
2026-05-09 22:57:00.583 9 INFO neutron.services.segments.plugin [-] Segment 3fc6a839-7645-4a42-8e35-19779fab7795 resource provider aggregate not found
2026-05-09 22:57:00.596 9 INFO neutron.services.segments.plugin [-] Segment 3fc6a839-7645-4a42-8e35-19779fab7795 resource provider not found; error: Placement Client Error (4xx): {"errors": [{"status": 404, "title": "Not Found", "detail": "The resource could not be found.\n\n No resource provider with uuid 3fc6a839-7645-4a42-8e35-19779fab7795 found for delete ", "request_id": "req-a972ea05-3dc2-4b83-8e49-7212e635bd81"}]}
2026-05-09 22:57:00.610 9 INFO neutron.services.segments.plugin [-] Segment 3fc6a839-7645-4a42-8e35-19779fab7795 resource provider not found; error: Placement Client Error (4xx): {"errors": [{"status": 404, "title": "Not Found", "detail": "The resource could not be found.\n\n No resource provider with uuid 3fc6a839-7645-4a42-8e35-19779fab7795 found for delete ", "request_id": "req-6b8ce3bb-7a0f-4574-9dc2-60d6fae71cb4"}]}
2026-05-09 22:57:00.633 9 INFO neutron.wsgi [None req-0b72425c-7e43-4ad4-97fc-9efbbfe4bd5d 8df602c576ed4eb7a388b6ec3d9f6864 b51fdf18aad844e4af18a455445db30d - - default default] 10.0.0.214 "GET /v2.0/security-groups?tenant_id=8806587621f347839f471b03381d3aaa&name=default HTTP/1.1" status: 200 len: 2996 time: 0.0674193
2026-05-09 22:57:00.715 9 INFO neutron.wsgi [None req-3720052e-8f78-4369-91d6-3fc138b399f1 366cd82edd944e3aa76314b1beb49644 7119415023b5468285ed9a0c58350b05 - - default default] 10.0.0.214 "DELETE /v2.0/ports/cc1ce766-9112-428d-b014-028c2238e6b1 HTTP/1.1" status: 204 len: 168 time: 0.3190603
2026-05-09 22:57:00.930 9 INFO neutron.wsgi [None req-be588c37-493f-46e1-8fe7-6db351c32e07 8df602c576ed4eb7a388b6ec3d9f6864 b51fdf18aad844e4af18a455445db30d - - default default] 10.0.0.214 "DELETE /v2.0/security-groups/7300b508-e9c8-4eb0-9806-887111485eb6 HTTP/1.1" status: 204 len: 168 time: 0.2918322
2026-05-09 22:57:00.967 9 INFO neutron.wsgi [None req-09fbe739-4ca2-4cc0-a17a-2a7ae57d61d7 366cd82edd944e3aa76314b1beb49644 7119415023b5468285ed9a0c58350b05 - - default default] 10.0.0.214 "DELETE /v2.0/ports/5909768e-58db-4641-9e22-7406e1d27cee HTTP/1.1" status: 204 len: 168 time: 0.2473140
2026-05-09 22:57:01.369 9 INFO neutron.wsgi [None req-2406b911-1225-48a4-9add-9ed10a077758 366cd82edd944e3aa76314b1beb49644 7119415023b5468285ed9a0c58350b05 - - default default] 10.0.0.214 "DELETE /v2.0/networks/81be10e2-e0ca-4062-98da-291cb0662aff HTTP/1.1" status: 204 len: 168 time: 0.3933539
2026-05-09 22:57:01.662 9 WARNING neutron_lib.context [None req-b95f60f2-eae1-4704-934d-be3e59c78280 f517571ed702499db94b7cc39be53589 8f0b85fcf0f14cab9c66cc9447f9017e - - default default] Method 'is_advsvc' is deprecated since 2023.2 release (neutron-lib 3.8.0) and will be removed once support for the old RBAC API policies will be removed from Neutron. Please use method 'is_service_role' instead.
2026-05-09 22:57:01.754 9 INFO neutron.wsgi [None req-092278d5-e2bb-43cd-9c23-b0cb61ba9c35 366cd82edd944e3aa76314b1beb49644 7119415023b5468285ed9a0c58350b05 - - default default] 10.0.0.214 "DELETE /v2.0/networks/86a4d61f-34a6-47ae-b892-a6ea43283ed7 HTTP/1.1" status: 204 len: 168 time: 0.3779604
2026-05-09 22:57:01.821 9 INFO neutron.db.ovn_revision_numbers_db [None req-b95f60f2-eae1-4704-934d-be3e59c78280 f517571ed702499db94b7cc39be53589 8f0b85fcf0f14cab9c66cc9447f9017e - - default default] Successfully bumped revision number for resource 61afac19-6082-4ea3-abc0-010d88a5acdc (type: security_groups) to 1
2026-05-09 22:57:01.835 9 INFO neutron.db.ovn_revision_numbers_db [None req-b95f60f2-eae1-4704-934d-be3e59c78280 f517571ed702499db94b7cc39be53589 8f0b85fcf0f14cab9c66cc9447f9017e - - default default] Successfully bumped revision number for resource 0fa78c09-400a-483a-8a27-2a4428f20b2a (type: security_group_rules) to 0
2026-05-09 22:57:01.849 9 INFO neutron.db.ovn_revision_numbers_db [None req-b95f60f2-eae1-4704-934d-be3e59c78280 f517571ed702499db94b7cc39be53589 8f0b85fcf0f14cab9c66cc9447f9017e - - default default] Successfully bumped revision number for resource 32d20161-df8d-4753-a4fd-1eb0baacec91 (type: security_group_rules) to 0
2026-05-09 22:57:01.864 9 INFO neutron.db.ovn_revision_numbers_db [None req-b95f60f2-eae1-4704-934d-be3e59c78280 f517571ed702499db94b7cc39be53589 8f0b85fcf0f14cab9c66cc9447f9017e - - default default] Successfully bumped revision number for resource 33df669b-d071-41a1-a588-15bf2fdcab89 (type: security_group_rules) to 0
2026-05-09 22:57:01.879 9 INFO neutron.db.ovn_revision_numbers_db [None req-b95f60f2-eae1-4704-934d-be3e59c78280 f517571ed702499db94b7cc39be53589 8f0b85fcf0f14cab9c66cc9447f9017e - - default default] Successfully bumped revision number for resource 4253f561-93b5-4c75-a5a2-332e8d77bb68 (type: security_group_rules) to 0
2026-05-09 22:57:01.928 9 INFO neutron.db.segments_db [None req-b95f60f2-eae1-4704-934d-be3e59c78280 f517571ed702499db94b7cc39be53589 8f0b85fcf0f14cab9c66cc9447f9017e - - default default] Added segment 61dd4430-365c-453b-8b88-54ceabfa8666 of type geneve for network e353beee-7ca2-41f5-9818-c80ea41f327f
2026-05-09 22:57:02.075 9 INFO neutron.db.ovn_revision_numbers_db [None req-b95f60f2-eae1-4704-934d-be3e59c78280 f517571ed702499db94b7cc39be53589 8f0b85fcf0f14cab9c66cc9447f9017e - - default default] Successfully bumped revision number for resource e353beee-7ca2-41f5-9818-c80ea41f327f (type: networks) to 1
2026-05-09 22:57:02.109 10 INFO neutron.services.segments.plugin [-] Segment c7d1ea0b-96ce-4fc8-9fe8-2472955a7169 resource provider aggregate not found
2026-05-09 22:57:02.116 10 INFO neutron.services.segments.plugin [-] Segment c7d1ea0b-96ce-4fc8-9fe8-2472955a7169 resource provider aggregate not found
2026-05-09 22:57:02.131 10 INFO neutron.services.segments.plugin [-] Segment c7d1ea0b-96ce-4fc8-9fe8-2472955a7169 resource provider not found; error: Placement Client Error (4xx): {"errors": [{"status": 404, "title": "Not Found", "detail": "The resource could not be found.\n\n No resource provider with uuid c7d1ea0b-96ce-4fc8-9fe8-2472955a7169 found for delete ", "request_id": "req-9add3332-5229-4ed3-bf94-4bee39a8cf3b"}]}
2026-05-09 22:57:02.144 10 INFO neutron.services.segments.plugin [-] Segment c7d1ea0b-96ce-4fc8-9fe8-2472955a7169 resource provider not found; error: Placement Client Error (4xx): {"errors": [{"status": 404, "title": "Not Found", "detail": "The resource could not be found.\n\n No resource provider with uuid c7d1ea0b-96ce-4fc8-9fe8-2472955a7169 found for delete ", "request_id": "req-e5c413bf-f682-4d1c-99bc-98e6e4284e09"}]}
2026-05-09 22:57:02.164 10 INFO neutron.wsgi [None req-ed1f5954-205e-49a9-9372-7fc8c3772537 366cd82edd944e3aa76314b1beb49644 7119415023b5468285ed9a0c58350b05 - - default default] 10.0.0.214 "DELETE /v2.0/networks/70d73ce5-1a64-4121-bd1b-47ecf05c7af5 HTTP/1.1" status: 204 len: 168 time: 0.4058697
2026-05-09 22:57:02.265 9 WARNING neutron.scheduler.dhcp_agent_scheduler [None req-b95f60f2-eae1-4704-934d-be3e59c78280 f517571ed702499db94b7cc39be53589 8f0b85fcf0f14cab9c66cc9447f9017e - - default default] No more DHCP agents
2026-05-09 22:57:02.269 9 WARNING neutron.api.rpc.agentnotifiers.dhcp_rpc_agent_api [None req-b95f60f2-eae1-4704-934d-be3e59c78280 f517571ed702499db94b7cc39be53589 8f0b85fcf0f14cab9c66cc9447f9017e - - default default] Unable to schedule network e353beee-7ca2-41f5-9818-c80ea41f327f: no agents available; will retry on subsequent port and subnet creation events.
2026-05-09 22:57:02.619 9 INFO neutron.db.ovn_revision_numbers_db [None req-b95f60f2-eae1-4704-934d-be3e59c78280 f517571ed702499db94b7cc39be53589 8f0b85fcf0f14cab9c66cc9447f9017e - - default default] Successfully bumped revision number for resource cca8a6c7-ab78-4d97-bab3-7060d17c04fd (type: ports) to 1
2026-05-09 22:57:02.621 9 INFO neutron.services.segments.plugin [-] Segment 48a85254-e62b-4fc1-aaf7-516d7bcd8ead resource provider aggregate not found
2026-05-09 22:57:02.626 9 INFO neutron.services.segments.plugin [-] Segment 48a85254-e62b-4fc1-aaf7-516d7bcd8ead resource provider aggregate not found
2026-05-09 22:57:02.640 9 INFO neutron.services.segments.plugin [-] Segment 48a85254-e62b-4fc1-aaf7-516d7bcd8ead resource provider not found; error: Placement Client Error (4xx): {"errors": [{"status": 404, "title": "Not Found", "detail": "The resource could not be found.\n\n No resource provider with uuid 48a85254-e62b-4fc1-aaf7-516d7bcd8ead found for delete ", "request_id": "req-2312a86e-2076-4089-b0df-ef8e183a1a20"}]}
2026-05-09 22:57:02.650 9 INFO neutron.services.segments.plugin [-] Segment 48a85254-e62b-4fc1-aaf7-516d7bcd8ead resource provider not found; error: Placement Client Error (4xx): {"errors": [{"status": 404, "title": "Not Found", "detail": "The resource could not be found.\n\n No resource provider with uuid 48a85254-e62b-4fc1-aaf7-516d7bcd8ead found for delete ", "request_id": "req-55b219eb-a338-42ea-af6d-c370932850b0"}]}
2026-05-09 22:57:02.654 9 INFO neutron.services.segments.plugin [-] Segment 2b719a43-c7cd-4409-af64-ca81cdb5061f resource provider aggregate not found
2026-05-09 22:57:02.664 9 INFO neutron.services.segments.plugin [-] Segment 2b719a43-c7cd-4409-af64-ca81cdb5061f resource provider aggregate not found
2026-05-09 22:57:02.669 9 INFO neutron.services.segments.plugin [-] Segment 2b719a43-c7cd-4409-af64-ca81cdb5061f resource provider not found; error: Placement Client Error (4xx): {"errors": [{"status": 404, "title": "Not Found", "detail": "The resource could not be found.\n\n No resource provider with uuid 2b719a43-c7cd-4409-af64-ca81cdb5061f found for delete ", "request_id": "req-a7252d13-8ff8-4938-b85d-f3fef7a44916"}]}
2026-05-09 22:57:02.672 9 INFO neutron.wsgi [None req-b95f60f2-eae1-4704-934d-be3e59c78280 f517571ed702499db94b7cc39be53589 8f0b85fcf0f14cab9c66cc9447f9017e - - default default] 10.0.0.214 "POST /v2.0/networks HTTP/1.1" status: 201 len: 847 time: 1.1234174
2026-05-09 22:57:02.682 9 WARNING neutron_lib.context [None req-e283cdfa-6356-4bb3-97ee-c321f4d5698b f517571ed702499db94b7cc39be53589 8f0b85fcf0f14cab9c66cc9447f9017e - - default default] Method 'is_advsvc' is deprecated since 2023.2 release (neutron-lib 3.8.0) and will be removed once support for the old RBAC API policies will be removed from Neutron. Please use method 'is_service_role' instead.
2026-05-09 22:57:02.684 9 INFO neutron.services.segments.plugin [-] Segment 2b719a43-c7cd-4409-af64-ca81cdb5061f resource provider not found; error: Placement Client Error (4xx): {"errors": [{"status": 404, "title": "Not Found", "detail": "The resource could not be found.\n\n No resource provider with uuid 2b719a43-c7cd-4409-af64-ca81cdb5061f found for delete ", "request_id": "req-cb005df2-478a-4fc3-81b4-ba8fe96ffaa6"}]}
2026-05-09 22:57:02.912 9 INFO neutron.wsgi [None req-70927f2e-211f-40c3-bb27-937f774b66aa 366cd82edd944e3aa76314b1beb49644 7119415023b5468285ed9a0c58350b05 - - default default] 10.0.0.214 "DELETE /v2.0/networks/48c42e9b-9f3e-4928-8131-49ebae637f1a HTTP/1.1" status: 204 len: 168 time: 0.7401822
2026-05-09 22:57:02.948 9 WARNING neutron.scheduler.dhcp_agent_scheduler [None req-e283cdfa-6356-4bb3-97ee-c321f4d5698b f517571ed702499db94b7cc39be53589 8f0b85fcf0f14cab9c66cc9447f9017e - - default default] No more DHCP agents
2026-05-09 22:57:02.951 9 WARNING neutron.api.rpc.agentnotifiers.dhcp_rpc_agent_api [None req-e283cdfa-6356-4bb3-97ee-c321f4d5698b f517571ed702499db94b7cc39be53589 8f0b85fcf0f14cab9c66cc9447f9017e - - default default] Unable to schedule network e353beee-7ca2-41f5-9818-c80ea41f327f: no agents available; will retry on subsequent port and subnet creation events.
2026-05-09 22:57:03.031 9 INFO neutron.db.ovn_revision_numbers_db [None req-e283cdfa-6356-4bb3-97ee-c321f4d5698b f517571ed702499db94b7cc39be53589 8f0b85fcf0f14cab9c66cc9447f9017e - - default default] Successfully bumped revision number for resource 088b6a76-d23c-41c8-8df5-e88226e15a8a (type: ports) to 1
2026-05-09 22:57:03.054 9 INFO neutron.wsgi [None req-e283cdfa-6356-4bb3-97ee-c321f4d5698b f517571ed702499db94b7cc39be53589 8f0b85fcf0f14cab9c66cc9447f9017e - - default default] 10.0.0.214 "POST /v2.0/ports HTTP/1.1" status: 201 len: 977 time: 0.3778610
2026-05-09 22:57:03.066 10 WARNING neutron_lib.context [None req-75a63bd9-cd6b-455c-9536-ce2bf06ae905 f517571ed702499db94b7cc39be53589 8f0b85fcf0f14cab9c66cc9447f9017e - - default default] Method 'is_advsvc' is deprecated since 2023.2 release (neutron-lib 3.8.0) and will be removed once support for the old RBAC API policies will be removed from Neutron. Please use method 'is_service_role' instead.
2026-05-09 22:57:03.182 10 INFO neutron.db.segments_db [None req-75a63bd9-cd6b-455c-9536-ce2bf06ae905 f517571ed702499db94b7cc39be53589 8f0b85fcf0f14cab9c66cc9447f9017e - - default default] Added segment 62d28705-f3f0-4f11-9ef5-998f4a908a42 of type geneve for network 36c820e8-fd9e-4a74-934e-d0e9b4bb789f
2026-05-09 22:57:03.374 10 INFO neutron.db.ovn_revision_numbers_db [None req-75a63bd9-cd6b-455c-9536-ce2bf06ae905 f517571ed702499db94b7cc39be53589 8f0b85fcf0f14cab9c66cc9447f9017e - - default default] Successfully bumped revision number for resource 36c820e8-fd9e-4a74-934e-d0e9b4bb789f (type: networks) to 1
2026-05-09 22:57:03.409 10 INFO neutron.wsgi [None req-ad044e9a-920f-493b-9ebf-e33aa8a690b4 366cd82edd944e3aa76314b1beb49644 7119415023b5468285ed9a0c58350b05 - - default default] 10.0.0.214 "DELETE /v2.0/networks/ed7fb755-4dbb-4fa3-b264-6ef5cc4fb9b2 HTTP/1.1" status: 204 len: 168 time: 0.4908569
2026-05-09 22:57:03.561 10 WARNING neutron.scheduler.dhcp_agent_scheduler [None req-75a63bd9-cd6b-455c-9536-ce2bf06ae905 f517571ed702499db94b7cc39be53589 8f0b85fcf0f14cab9c66cc9447f9017e - - default default] No more DHCP agents
2026-05-09 22:57:03.564 10 WARNING neutron.api.rpc.agentnotifiers.dhcp_rpc_agent_api [None req-75a63bd9-cd6b-455c-9536-ce2bf06ae905 f517571ed702499db94b7cc39be53589 8f0b85fcf0f14cab9c66cc9447f9017e - - default default] Unable to schedule network 36c820e8-fd9e-4a74-934e-d0e9b4bb789f: no agents available; will retry on subsequent port and subnet creation events.
2026-05-09 22:57:03.648 10 INFO neutron.db.ovn_revision_numbers_db [None req-75a63bd9-cd6b-455c-9536-ce2bf06ae905 f517571ed702499db94b7cc39be53589 8f0b85fcf0f14cab9c66cc9447f9017e - - default default] Successfully bumped revision number for resource 86a6d415-6513-4622-b5e4-aa75d6c2cdfa (type: ports) to 1
2026-05-09 22:57:03.670 10 INFO neutron.wsgi [None req-75a63bd9-cd6b-455c-9536-ce2bf06ae905 f517571ed702499db94b7cc39be53589 8f0b85fcf0f14cab9c66cc9447f9017e - - default default] 10.0.0.214 "POST /v2.0/networks HTTP/1.1" status: 201 len: 834 time: 0.6097512
2026-05-09 22:57:03.685 10 WARNING neutron_lib.context [None req-0f95e501-2aad-4c8b-8ffe-8b103faa6937 f517571ed702499db94b7cc39be53589 8f0b85fcf0f14cab9c66cc9447f9017e - - default default] Method 'is_advsvc' is deprecated since 2023.2 release (neutron-lib 3.8.0) and will be removed once support for the old RBAC API policies will be removed from Neutron. Please use method 'is_service_role' instead.
2026-05-09 22:57:03.907 10 WARNING neutron.scheduler.dhcp_agent_scheduler [None req-0f95e501-2aad-4c8b-8ffe-8b103faa6937 f517571ed702499db94b7cc39be53589 8f0b85fcf0f14cab9c66cc9447f9017e - - default default] No more DHCP agents
2026-05-09 22:57:03.910 10 WARNING neutron.api.rpc.agentnotifiers.dhcp_rpc_agent_api [None req-0f95e501-2aad-4c8b-8ffe-8b103faa6937 f517571ed702499db94b7cc39be53589 8f0b85fcf0f14cab9c66cc9447f9017e - - default default] Unable to schedule network 36c820e8-fd9e-4a74-934e-d0e9b4bb789f: no agents available; will retry on subsequent port and subnet creation events.
2026-05-09 22:57:03.944 10 INFO neutron.db.ovn_revision_numbers_db [None req-0f95e501-2aad-4c8b-8ffe-8b103faa6937 f517571ed702499db94b7cc39be53589 8f0b85fcf0f14cab9c66cc9447f9017e - - default default] Successfully bumped revision number for resource 300e746d-1222-4fa3-a7a6-4ba4c25978a2 (type: subnets) to 0
2026-05-09 22:57:03.976 10 INFO neutron.wsgi [None req-0f95e501-2aad-4c8b-8ffe-8b103faa6937 f517571ed702499db94b7cc39be53589 8f0b85fcf0f14cab9c66cc9447f9017e - - default default] 10.0.0.214 "POST /v2.0/subnets HTTP/1.1" status: 201 len: 821 time: 0.2980266
2026-05-09 22:57:03.987 10 WARNING neutron_lib.context [None req-2ec1d54d-dbf5-418f-899b-d9dd85efb16b f517571ed702499db94b7cc39be53589 8f0b85fcf0f14cab9c66cc9447f9017e - - default default] Method 'is_advsvc' is deprecated since 2023.2 release (neutron-lib 3.8.0) and will be removed once support for the old RBAC API policies will be removed from Neutron. Please use method 'is_service_role' instead.
2026-05-09 22:57:04.155 10 INFO neutron.services.segments.plugin [-] Segment 60238421-c245-4257-8622-abc40ca9fad2 resource provider aggregate not found
2026-05-09 22:57:04.175 10 INFO neutron.services.segments.plugin [-] Segment 60238421-c245-4257-8622-abc40ca9fad2 resource provider not found; error: Placement Client Error (4xx): {"errors": [{"status": 404, "title": "Not Found", "detail": "The resource could not be found.\n\n No resource provider with uuid 60238421-c245-4257-8622-abc40ca9fad2 found for delete ", "request_id": "req-49889d97-b24b-49ee-a6e1-38d67edfccd9"}]}
2026-05-09 22:57:04.176 10 INFO neutron.services.segments.plugin [-] Segment 60238421-c245-4257-8622-abc40ca9fad2 resource provider aggregate not found
2026-05-09 22:57:04.202 10 INFO neutron.services.segments.plugin [-] Segment 60238421-c245-4257-8622-abc40ca9fad2 resource provider not found; error: Placement Client Error (4xx): {"errors": [{"status": 404, "title": "Not Found", "detail": "The resource could not be found.\n\n No resource provider with uuid 60238421-c245-4257-8622-abc40ca9fad2 found for delete ", "request_id": "req-fbc25fff-c158-4f4a-8c10-e88e765b0531"}]}
2026-05-09 22:57:04.367 10 WARNING neutron.scheduler.dhcp_agent_scheduler [None req-2ec1d54d-dbf5-418f-899b-d9dd85efb16b f517571ed702499db94b7cc39be53589 8f0b85fcf0f14cab9c66cc9447f9017e - - default default] No more DHCP agents
2026-05-09 22:57:04.370 10 WARNING neutron.api.rpc.agentnotifiers.dhcp_rpc_agent_api [None req-2ec1d54d-dbf5-418f-899b-d9dd85efb16b f517571ed702499db94b7cc39be53589 8f0b85fcf0f14cab9c66cc9447f9017e - - default default] Unable to schedule network 36c820e8-fd9e-4a74-934e-d0e9b4bb789f: no agents available; will retry on subsequent port and subnet creation events. /var/lib/openstack/lib/python3.10/site-packages/pycadf/identifier.py:71: UserWarning: Invalid uuid: neutron. To ensure interoperability, identifiers should be a valid uuid. warnings.warn(('Invalid uuid: %s. To ensure interoperability, '
2026-05-09 22:57:04.500 10 INFO neutron.db.ovn_revision_numbers_db [None req-2ec1d54d-dbf5-418f-899b-d9dd85efb16b f517571ed702499db94b7cc39be53589 8f0b85fcf0f14cab9c66cc9447f9017e - - default default] Successfully bumped revision number for resource fe3a7b84-56a9-4711-a9ea-b8f79ebf2273 (type: ports) to 1
2026-05-09 22:57:04.525 10 INFO neutron.wsgi [None req-2ec1d54d-dbf5-418f-899b-d9dd85efb16b f517571ed702499db94b7cc39be53589 8f0b85fcf0f14cab9c66cc9447f9017e - - default default] 10.0.0.214 "POST /v2.0/ports HTTP/1.1" status: 201 len: 1165 time: 0.5428252 /var/lib/openstack/lib/python3.10/site-packages/pycadf/identifier.py:71: UserWarning: Invalid uuid: neutron. To ensure interoperability, identifiers should be a valid uuid. warnings.warn(('Invalid uuid: %s. To ensure interoperability, '
2026-05-09 22:57:04.538 9 INFO neutron.db.ovn_revision_numbers_db [None req-a6818c44-1858-4d93-9771-b5008d1a23ca 8df602c576ed4eb7a388b6ec3d9f6864 b51fdf18aad844e4af18a455445db30d - - default default] Successfully bumped revision number for resource 30bc2242-545e-408a-a750-cbf6344588ab (type: security_groups) to 1
2026-05-09 22:57:04.555 9 INFO neutron.db.ovn_revision_numbers_db [None req-a6818c44-1858-4d93-9771-b5008d1a23ca 8df602c576ed4eb7a388b6ec3d9f6864 b51fdf18aad844e4af18a455445db30d - - default default] Successfully bumped revision number for resource 0e01694d-e141-46a1-a939-34bf972925ac (type: security_group_rules) to 0
2026-05-09 22:57:04.571 9 INFO neutron.db.ovn_revision_numbers_db [None req-a6818c44-1858-4d93-9771-b5008d1a23ca 8df602c576ed4eb7a388b6ec3d9f6864 b51fdf18aad844e4af18a455445db30d - - default default] Successfully bumped revision number for resource 460ef102-eed7-4e61-b305-07a265aaf1c8 (type: security_group_rules) to 0
2026-05-09 22:57:04.585 9 INFO neutron.db.ovn_revision_numbers_db [None req-a6818c44-1858-4d93-9771-b5008d1a23ca 8df602c576ed4eb7a388b6ec3d9f6864 b51fdf18aad844e4af18a455445db30d - - default default] Successfully bumped revision number for resource 7c78a08e-fbb7-4a0b-801f-28aba8b184fe (type: security_group_rules) to 0
2026-05-09 22:57:04.600 9 INFO neutron.db.ovn_revision_numbers_db [None req-a6818c44-1858-4d93-9771-b5008d1a23ca 8df602c576ed4eb7a388b6ec3d9f6864 b51fdf18aad844e4af18a455445db30d - - default default] Successfully bumped revision number for resource 9d2dee09-27bc-4339-8e0b-82974d944b21 (type: security_group_rules) to 0
2026-05-09 22:57:04.627 9 INFO neutron.wsgi [None req-a6818c44-1858-4d93-9771-b5008d1a23ca 8df602c576ed4eb7a388b6ec3d9f6864 b51fdf18aad844e4af18a455445db30d - - default default] 10.0.0.214 "GET /v2.0/security-groups?tenant_id=1e3d6c91089f44de87d7f05dc0a8c52d&name=default HTTP/1.1" status: 200 len: 2996 time: 0.3737659
2026-05-09 22:57:04.692 9 INFO neutron.services.segments.plugin [-] Segment cbd13a27-b4b0-4dd7-b867-f5e9cf0340bf resource provider aggregate not found
2026-05-09 22:57:04.709 9 INFO neutron.services.segments.plugin [-] Segment cbd13a27-b4b0-4dd7-b867-f5e9cf0340bf resource provider not found; error: Placement Client Error (4xx): {"errors": [{"status": 404, "title": "Not Found", "detail": "The resource could not be found.\n\n No resource provider with uuid cbd13a27-b4b0-4dd7-b867-f5e9cf0340bf found for delete ", "request_id": "req-49568eff-46b1-4f59-9189-8703da3fb562"}]}
2026-05-09 22:57:04.711 9 INFO neutron.services.segments.plugin [-] Segment cbd13a27-b4b0-4dd7-b867-f5e9cf0340bf resource provider aggregate not found
2026-05-09 22:57:04.729 9 INFO neutron.services.segments.plugin [-] Segment cbd13a27-b4b0-4dd7-b867-f5e9cf0340bf resource provider not found; error: Placement Client Error (4xx): {"errors": [{"status": 404, "title": "Not Found", "detail": "The resource could not be found.\n\n No resource provider with uuid cbd13a27-b4b0-4dd7-b867-f5e9cf0340bf found for delete ", "request_id": "req-504b98a2-3ec5-40e7-8b04-7d2df19c5afd"}]}
2026-05-09 22:57:04.859 9 INFO neutron.wsgi [None req-e87e65eb-7846-434d-bc19-a20cbfa85367 8df602c576ed4eb7a388b6ec3d9f6864 b51fdf18aad844e4af18a455445db30d - - default default] 10.0.0.214 "DELETE /v2.0/security-groups/30bc2242-545e-408a-a750-cbf6344588ab HTTP/1.1" status: 204 len: 168 time: 0.2241261
2026-05-09 22:57:05.054 9 INFO neutron.wsgi [None req-93a732c5-d5e3-4237-85cc-457cbf0df3fd 8df602c576ed4eb7a388b6ec3d9f6864 b51fdf18aad844e4af18a455445db30d - - default default] 10.0.0.214 "GET /v2.0/security-groups?tenant_id=7119415023b5468285ed9a0c58350b05&name=default HTTP/1.1" status: 200 len: 2996 time: 0.0367751
2026-05-09 22:57:05.074 10 INFO neutron.wsgi [None req-010ec325-4126-44ee-87e4-bd9e4a078c27 f517571ed702499db94b7cc39be53589 8f0b85fcf0f14cab9c66cc9447f9017e - - default default] 10.0.0.214 "DELETE /v2.0/ports/fe3a7b84-56a9-4711-a9ea-b8f79ebf2273 HTTP/1.1" status: 204 len: 168 time: 0.5436504
2026-05-09 22:57:05.096 10 INFO neutron.pecan_wsgi.hooks.translation [None req-58915d18-d58d-425e-9013-65307665f01b f517571ed702499db94b7cc39be53589 8f0b85fcf0f14cab9c66cc9447f9017e - - default default] DELETE failed (client error): The resource could not be found.
2026-05-09 22:57:05.098 10 INFO neutron.wsgi [None req-58915d18-d58d-425e-9013-65307665f01b f517571ed702499db94b7cc39be53589 8f0b85fcf0f14cab9c66cc9447f9017e - - default default] 10.0.0.214 "DELETE /v2.0/ports/fe3a7b84-56a9-4711-a9ea-b8f79ebf2273 HTTP/1.1" status: 404 len: 333 time: 0.0189166
2026-05-09 22:57:05.119 10 INFO neutron.pecan_wsgi.hooks.translation [None req-9662858d-6b60-4c1b-9966-c2b85a2618c1 f517571ed702499db94b7cc39be53589 8f0b85fcf0f14cab9c66cc9447f9017e - - default default] GET failed (client error): The resource could not be found.
2026-05-09 22:57:05.121 10 INFO neutron.wsgi [None req-9662858d-6b60-4c1b-9966-c2b85a2618c1 f517571ed702499db94b7cc39be53589 8f0b85fcf0f14cab9c66cc9447f9017e - - default default] 10.0.0.214 "GET /v2.0/ports/fe3a7b84-56a9-4711-a9ea-b8f79ebf2273 HTTP/1.1" status: 404 len: 333 time: 0.0183599
2026-05-09 22:57:05.304 9 INFO neutron.wsgi [None req-b87a7d5a-30d7-4ffc-ad75-c3583424acd0 f517571ed702499db94b7cc39be53589 8f0b85fcf0f14cab9c66cc9447f9017e - - default default] 10.0.0.214 "DELETE /v2.0/subnets/300e746d-1222-4fa3-a7a6-4ba4c25978a2 HTTP/1.1" status: 204 len: 168 time: 0.1772799
2026-05-09 22:57:05.311 10 INFO neutron.wsgi [None req-a6664a20-edab-4917-9fda-b01e3f637419 8df602c576ed4eb7a388b6ec3d9f6864 b51fdf18aad844e4af18a455445db30d - - default default] 10.0.0.214 "DELETE /v2.0/security-groups/c06f7a89-abe2-4d3c-bd83-b4b4a66ab342 HTTP/1.1" status: 204 len: 168 time: 0.2507010
2026-05-09 22:57:05.574 10 INFO neutron.db.ovn_revision_numbers_db [None req-b621b7e2-25d6-4407-90ca-123924bd8760 8df602c576ed4eb7a388b6ec3d9f6864 b51fdf18aad844e4af18a455445db30d - - default default] Successfully bumped revision number for resource 87b284e7-8266-427c-9df1-4843489a7fa6 (type: security_groups) to 1
2026-05-09 22:57:05.592 10 INFO neutron.db.ovn_revision_numbers_db [None req-b621b7e2-25d6-4407-90ca-123924bd8760 8df602c576ed4eb7a388b6ec3d9f6864 b51fdf18aad844e4af18a455445db30d - - default default] Successfully bumped revision number for resource 0e0cc63b-81bc-4cea-bd78-95546143bc6b (type: security_group_rules) to 0
2026-05-09 22:57:05.598 10 INFO neutron.db.ovn_revision_numbers_db [None req-b82f73bf-c43d-4b6c-905c-2d5c4c077024 4188508d59984f52ac39d83edc6a82a8 04c0bb8d7e004a8bb7840f3d11c07570 - - default default] Successfully bumped revision number for resource c2c6db35-4edf-4910-b428-573e03f00a91 (type: security_groups) to 1
2026-05-09 22:57:05.605 10 INFO neutron.db.ovn_revision_numbers_db [None req-b621b7e2-25d6-4407-90ca-123924bd8760 8df602c576ed4eb7a388b6ec3d9f6864 b51fdf18aad844e4af18a455445db30d - - default default] Successfully bumped revision number for resource 269cb0e9-c645-4919-bd28-09c27c1ed648 (type: security_group_rules) to 0
2026-05-09 22:57:05.612 10 INFO neutron.db.ovn_revision_numbers_db [None req-b82f73bf-c43d-4b6c-905c-2d5c4c077024 4188508d59984f52ac39d83edc6a82a8 04c0bb8d7e004a8bb7840f3d11c07570 - - default default] Successfully bumped revision number for resource 29ba0c69-02e1-4878-ac6f-28a211a070fb (type: security_group_rules) to 0
2026-05-09 22:57:05.618 10 INFO neutron.db.ovn_revision_numbers_db [None req-b621b7e2-25d6-4407-90ca-123924bd8760 8df602c576ed4eb7a388b6ec3d9f6864 b51fdf18aad844e4af18a455445db30d - - default default] Successfully bumped revision number for resource 857ae66e-b7b2-40d1-84a0-3fcb77746156 (type: security_group_rules) to 0
2026-05-09 22:57:05.624 10 INFO neutron.db.ovn_revision_numbers_db [None req-b82f73bf-c43d-4b6c-905c-2d5c4c077024 4188508d59984f52ac39d83edc6a82a8 04c0bb8d7e004a8bb7840f3d11c07570 - - default default] Successfully bumped revision number for resource 38fdd597-09fe-4ecc-b376-31abb8788994 (type: security_group_rules) to 0
2026-05-09 22:57:05.629 10 INFO neutron.db.ovn_revision_numbers_db [None req-b621b7e2-25d6-4407-90ca-123924bd8760 8df602c576ed4eb7a388b6ec3d9f6864 b51fdf18aad844e4af18a455445db30d - - default default] Successfully bumped revision number for resource bba1ab2a-2935-4d10-8f0d-ce78695efe7d (type: security_group_rules) to 0
2026-05-09 22:57:05.648 10 INFO neutron.db.ovn_revision_numbers_db [None req-b82f73bf-c43d-4b6c-905c-2d5c4c077024 4188508d59984f52ac39d83edc6a82a8 04c0bb8d7e004a8bb7840f3d11c07570 - - default default] Successfully bumped revision number for resource 64f521fe-eb75-4cbb-81ea-d68d16d9e97f (type: security_group_rules) to 0
2026-05-09 22:57:05.654 10 INFO neutron.wsgi [None req-b621b7e2-25d6-4407-90ca-123924bd8760 8df602c576ed4eb7a388b6ec3d9f6864 b51fdf18aad844e4af18a455445db30d - - default default] 10.0.0.214 "GET /v2.0/security-groups?tenant_id=d7ca9c3b251b490da04869fa60e46dfd&name=default HTTP/1.1" status: 200 len: 2996 time: 0.2084582
2026-05-09 22:57:05.673 10 INFO neutron.db.ovn_revision_numbers_db [None req-b82f73bf-c43d-4b6c-905c-2d5c4c077024 4188508d59984f52ac39d83edc6a82a8 04c0bb8d7e004a8bb7840f3d11c07570 - - default default] Successfully bumped revision number for resource a815bc63-b8bf-41cf-a37f-b5de611eb6f1 (type: security_group_rules) to 0
2026-05-09 22:57:05.677 9 INFO neutron.wsgi [None req-b9868245-7335-47bc-afe4-84f3ba6e35a9 f517571ed702499db94b7cc39be53589 8f0b85fcf0f14cab9c66cc9447f9017e - - default default] 10.0.0.214 "DELETE /v2.0/networks/36c820e8-fd9e-4a74-934e-d0e9b4bb789f HTTP/1.1" status: 204 len: 168 time: 0.3688064
2026-05-09 22:57:05.688 9 WARNING neutron_lib.context [None req-805316d3-cdb0-41ef-acab-55c5121e0069 f517571ed702499db94b7cc39be53589 8f0b85fcf0f14cab9c66cc9447f9017e - - default default] Method 'is_advsvc' is deprecated since 2023.2 release (neutron-lib 3.8.0) and will be removed once support for the old RBAC API policies will be removed from Neutron. Please use method 'is_service_role' instead.
2026-05-09 22:57:05.727 10 INFO neutron.db.segments_db [None req-b82f73bf-c43d-4b6c-905c-2d5c4c077024 4188508d59984f52ac39d83edc6a82a8 04c0bb8d7e004a8bb7840f3d11c07570 - - default default] Added segment 57e2ed4c-da7c-4bcd-91d9-6bb4004b25a0 of type geneve for network c7beccb0-80b5-4372-88af-0d4a4667b999
2026-05-09 22:57:05.763 9 INFO neutron.db.segments_db [None req-805316d3-cdb0-41ef-acab-55c5121e0069 f517571ed702499db94b7cc39be53589 8f0b85fcf0f14cab9c66cc9447f9017e - - default default] Added segment 403148ec-5625-45d0-ac8a-a46fdc0b43af of type geneve for network ac807fcd-9b7c-4f46-a97b-da9ee825f526
2026-05-09 22:57:05.890 10 INFO neutron.db.ovn_revision_numbers_db [None req-b82f73bf-c43d-4b6c-905c-2d5c4c077024 4188508d59984f52ac39d83edc6a82a8 04c0bb8d7e004a8bb7840f3d11c07570 - - default default] Successfully bumped revision number for resource c7beccb0-80b5-4372-88af-0d4a4667b999 (type: networks) to 1
2026-05-09 22:57:05.916 9 INFO neutron.db.ovn_revision_numbers_db [None req-805316d3-cdb0-41ef-acab-55c5121e0069 f517571ed702499db94b7cc39be53589 8f0b85fcf0f14cab9c66cc9447f9017e - - default default] Successfully bumped revision number for resource ac807fcd-9b7c-4f46-a97b-da9ee825f526 (type: networks) to 1
2026-05-09 22:57:05.936 10 INFO neutron.wsgi [None req-06868fb4-5e49-4605-ac6c-b752ed13502f 8df602c576ed4eb7a388b6ec3d9f6864 b51fdf18aad844e4af18a455445db30d - - default default] 10.0.0.214 "DELETE /v2.0/security-groups/87b284e7-8266-427c-9df1-4843489a7fa6 HTTP/1.1" status: 204 len: 168 time: 0.2759030
2026-05-09 22:57:06.054 10 WARNING neutron.scheduler.dhcp_agent_scheduler [None req-b82f73bf-c43d-4b6c-905c-2d5c4c077024 4188508d59984f52ac39d83edc6a82a8 04c0bb8d7e004a8bb7840f3d11c07570 - - default default] No more DHCP agents
2026-05-09 22:57:06.057 10 WARNING neutron.api.rpc.agentnotifiers.dhcp_rpc_agent_api [None req-b82f73bf-c43d-4b6c-905c-2d5c4c077024 4188508d59984f52ac39d83edc6a82a8 04c0bb8d7e004a8bb7840f3d11c07570 - - default default] Unable to schedule network c7beccb0-80b5-4372-88af-0d4a4667b999: no agents available; will retry on subsequent port and subnet creation events.
2026-05-09 22:57:06.075 9 WARNING neutron.scheduler.dhcp_agent_scheduler [None req-805316d3-cdb0-41ef-acab-55c5121e0069 f517571ed702499db94b7cc39be53589 8f0b85fcf0f14cab9c66cc9447f9017e - - default default] No more DHCP agents
2026-05-09 22:57:06.077 9 WARNING neutron.api.rpc.agentnotifiers.dhcp_rpc_agent_api [None req-805316d3-cdb0-41ef-acab-55c5121e0069 f517571ed702499db94b7cc39be53589 8f0b85fcf0f14cab9c66cc9447f9017e - - default default] Unable to schedule network ac807fcd-9b7c-4f46-a97b-da9ee825f526: no agents available; will retry on subsequent port and subnet creation events.
2026-05-09 22:57:06.131 10 INFO neutron.db.ovn_revision_numbers_db [None req-b82f73bf-c43d-4b6c-905c-2d5c4c077024 4188508d59984f52ac39d83edc6a82a8 04c0bb8d7e004a8bb7840f3d11c07570 - - default default] Successfully bumped revision number for resource 5115f7cf-8695-4a9c-a34d-2b8fd6e114dd (type: ports) to 1
2026-05-09 22:57:06.164 10 INFO neutron.wsgi [None req-b82f73bf-c43d-4b6c-905c-2d5c4c077024 4188508d59984f52ac39d83edc6a82a8 04c0bb8d7e004a8bb7840f3d11c07570 - - default default] 10.0.0.214 "POST /v2.0/networks HTTP/1.1" status: 201 len: 927 time: 0.8902242
2026-05-09 22:57:06.167 9 INFO neutron.db.ovn_revision_numbers_db [None req-805316d3-cdb0-41ef-acab-55c5121e0069 f517571ed702499db94b7cc39be53589 8f0b85fcf0f14cab9c66cc9447f9017e - - default default] Successfully bumped revision number for resource 2a5977b3-8306-4f06-8e88-4f9ae958fbf2 (type: ports) to 1
2026-05-09 22:57:06.191 9 INFO neutron.wsgi [None req-805316d3-cdb0-41ef-acab-55c5121e0069 f517571ed702499db94b7cc39be53589 8f0b85fcf0f14cab9c66cc9447f9017e - - default default] 10.0.0.214 "POST /v2.0/networks HTTP/1.1" status: 201 len: 834 time: 0.5070901
2026-05-09 22:57:06.208 9 WARNING neutron_lib.context [None req-1ffbae49-9717-4630-a4e6-70c9e62dfe32 f517571ed702499db94b7cc39be53589 8f0b85fcf0f14cab9c66cc9447f9017e - - default default] Method 'is_advsvc' is deprecated since 2023.2 release (neutron-lib 3.8.0) and will be removed once support for the old RBAC API policies will be removed from Neutron. Please use method 'is_service_role' instead.
2026-05-09 22:57:06.311 10 WARNING neutron.scheduler.dhcp_agent_scheduler [None req-c9f409c7-6bdb-49fb-aa32-8bea21562d1b 4188508d59984f52ac39d83edc6a82a8 04c0bb8d7e004a8bb7840f3d11c07570 - - default default] No more DHCP agents
2026-05-09 22:57:06.313 10 WARNING neutron.api.rpc.agentnotifiers.dhcp_rpc_agent_api [None req-c9f409c7-6bdb-49fb-aa32-8bea21562d1b 4188508d59984f52ac39d83edc6a82a8 04c0bb8d7e004a8bb7840f3d11c07570 - - default default] Unable to schedule network c7beccb0-80b5-4372-88af-0d4a4667b999: no agents available; will retry on subsequent port and subnet creation events.
2026-05-09 22:57:06.436 9 WARNING neutron.scheduler.dhcp_agent_scheduler [None req-1ffbae49-9717-4630-a4e6-70c9e62dfe32 f517571ed702499db94b7cc39be53589 8f0b85fcf0f14cab9c66cc9447f9017e - - default default] No more DHCP agents
2026-05-09 22:57:06.439 9 WARNING neutron.api.rpc.agentnotifiers.dhcp_rpc_agent_api [None req-1ffbae49-9717-4630-a4e6-70c9e62dfe32 f517571ed702499db94b7cc39be53589 8f0b85fcf0f14cab9c66cc9447f9017e - - default default] Unable to schedule network ac807fcd-9b7c-4f46-a97b-da9ee825f526: no agents available; will retry on subsequent port and subnet creation events.
2026-05-09 22:57:06.473 9 INFO neutron.db.ovn_revision_numbers_db [None req-1ffbae49-9717-4630-a4e6-70c9e62dfe32 f517571ed702499db94b7cc39be53589 8f0b85fcf0f14cab9c66cc9447f9017e - - default default] Successfully bumped revision number for resource fd92e2a1-382b-4924-8585-a9d160d52ed4 (type: subnets) to 0
2026-05-09 22:57:06.488 9 INFO neutron.wsgi [None req-1ffbae49-9717-4630-a4e6-70c9e62dfe32 f517571ed702499db94b7cc39be53589 8f0b85fcf0f14cab9c66cc9447f9017e - - default default] 10.0.0.214 "POST /v2.0/subnets HTTP/1.1" status: 201 len: 821 time: 0.2863219
2026-05-09 22:57:06.499 9 WARNING neutron_lib.context [None req-15d1e43e-5cdd-4a73-9dac-233fd36ba46d f517571ed702499db94b7cc39be53589 8f0b85fcf0f14cab9c66cc9447f9017e - - default default] Method 'is_advsvc' is deprecated since 2023.2 release (neutron-lib 3.8.0) and will be removed once support for the old RBAC API policies will be removed from Neutron. Please use method 'is_service_role' instead.
2026-05-09 22:57:06.729 9 INFO neutron.services.segments.plugin [-] Segment 62d28705-f3f0-4f11-9ef5-998f4a908a42 resource provider aggregate not found
2026-05-09 22:57:06.753 9 INFO neutron.services.segments.plugin [-] Segment 62d28705-f3f0-4f11-9ef5-998f4a908a42 resource provider not found; error: Placement Client Error (4xx): {"errors": [{"status": 404, "title": "Not Found", "detail": "The resource could not be found.\n\n No resource provider with uuid 62d28705-f3f0-4f11-9ef5-998f4a908a42 found for delete ", "request_id": "req-bfd95f3a-11c3-41ee-9a83-796137c9600f"}]}
2026-05-09 22:57:06.761 9 INFO neutron.services.segments.plugin [-] Segment 62d28705-f3f0-4f11-9ef5-998f4a908a42 resource provider aggregate not found
2026-05-09 22:57:06.782 9 INFO neutron.services.segments.plugin [-] Segment 62d28705-f3f0-4f11-9ef5-998f4a908a42 resource provider not found; error: Placement Client Error (4xx): {"errors": [{"status": 404, "title": "Not Found", "detail": "The resource could not be found.\n\n No resource provider with uuid 62d28705-f3f0-4f11-9ef5-998f4a908a42 found for delete ", "request_id": "req-c3a1afec-d19c-4049-9dcf-392f32c6568f"}]}
2026-05-09 22:57:06.785 10 INFO neutron.db.ovn_revision_numbers_db [None req-c9f409c7-6bdb-49fb-aa32-8bea21562d1b 4188508d59984f52ac39d83edc6a82a8 04c0bb8d7e004a8bb7840f3d11c07570 - - default default] Successfully bumped revision number for resource 5115f7cf-8695-4a9c-a34d-2b8fd6e114dd (type: ports) to 2
2026-05-09 22:57:06.811 9 WARNING neutron.scheduler.dhcp_agent_scheduler [None req-15d1e43e-5cdd-4a73-9dac-233fd36ba46d f517571ed702499db94b7cc39be53589 8f0b85fcf0f14cab9c66cc9447f9017e - - default default] No more DHCP agents
2026-05-09 22:57:06.813 9 WARNING neutron.api.rpc.agentnotifiers.dhcp_rpc_agent_api [None req-15d1e43e-5cdd-4a73-9dac-233fd36ba46d f517571ed702499db94b7cc39be53589 8f0b85fcf0f14cab9c66cc9447f9017e - - default default] Unable to schedule network ac807fcd-9b7c-4f46-a97b-da9ee825f526: no agents available; will retry on subsequent port and subnet creation events.
2026-05-09 22:57:06.832 10 INFO neutron.db.ovn_revision_numbers_db [None req-c9f409c7-6bdb-49fb-aa32-8bea21562d1b 4188508d59984f52ac39d83edc6a82a8 04c0bb8d7e004a8bb7840f3d11c07570 - - default default] Successfully bumped revision number for resource 1d9add42-20ac-4686-973a-1299a99a4499 (type: subnets) to 0
2026-05-09 22:57:06.847 10 INFO neutron.wsgi [None req-c9f409c7-6bdb-49fb-aa32-8bea21562d1b 4188508d59984f52ac39d83edc6a82a8 04c0bb8d7e004a8bb7840f3d11c07570 - - default default] 10.0.0.214 "POST /v2.0/subnets HTTP/1.1" status: 201 len: 819 time: 0.6781604
2026-05-09 22:57:06.857 10 WARNING neutron.api.v2.base [None req-0bc9603f-134f-45ab-8ea9-eea4da7d9512 4188508d59984f52ac39d83edc6a82a8 04c0bb8d7e004a8bb7840f3d11c07570 - - default default] An exception happened while processing the request body. The exception message is [Invalid input for target_tenant. Reason: 'None' is not a valid string.].: webob.exc.HTTPBadRequest: Invalid input for target_tenant. Reason: 'None' is not a valid string.
2026-05-09 22:57:06.857 10 INFO neutron.api.v2.resource [None req-0bc9603f-134f-45ab-8ea9-eea4da7d9512 4188508d59984f52ac39d83edc6a82a8 04c0bb8d7e004a8bb7840f3d11c07570 - - default default] create failed (client error): Invalid input for target_tenant. Reason: 'None' is not a valid string.
2026-05-09 22:57:06.859 10 INFO neutron.wsgi [None req-0bc9603f-134f-45ab-8ea9-eea4da7d9512 4188508d59984f52ac39d83edc6a82a8 04c0bb8d7e004a8bb7840f3d11c07570 - - default default] 10.0.0.214 "POST /v2.0/rbac-policies HTTP/1.1" status: 400 len: 346 time: 0.0076118
2026-05-09 22:57:06.942 9 INFO neutron.db.ovn_revision_numbers_db [None req-15d1e43e-5cdd-4a73-9dac-233fd36ba46d f517571ed702499db94b7cc39be53589 8f0b85fcf0f14cab9c66cc9447f9017e - - default default] Successfully bumped revision number for resource 5c3bab95-b2e2-4352-91b8-c5573422d177 (type: ports) to 1
2026-05-09 22:57:06.963 9 INFO neutron.wsgi [None req-15d1e43e-5cdd-4a73-9dac-233fd36ba46d f517571ed702499db94b7cc39be53589 8f0b85fcf0f14cab9c66cc9447f9017e - - default default] 10.0.0.214 "POST /v2.0/ports HTTP/1.1" status: 201 len: 1126 time: 0.4682834
2026-05-09 22:57:07.247 10 INFO neutron.wsgi [None req-e7800e47-136b-43db-ab14-08ffeac8cf4a f517571ed702499db94b7cc39be53589 8f0b85fcf0f14cab9c66cc9447f9017e - - default default] 10.0.0.214 "DELETE /v2.0/ports/5c3bab95-b2e2-4352-91b8-c5573422d177 HTTP/1.1" status: 204 len: 168 time: 0.2777357
2026-05-09 22:57:07.274 10 INFO neutron.pecan_wsgi.hooks.translation [None req-907e549e-09b0-4e38-acaf-da54367f9a10 f517571ed702499db94b7cc39be53589 8f0b85fcf0f14cab9c66cc9447f9017e - - default default] GET failed (client error): The resource could not be found.
