2026-05-09 22:56:16.983 9 INFO neutron.wsgi [req-247257db-bf63-402e-aa56-8eacdacc6a82 req-25bc3aab-e74d-483f-a6cd-e33419672f3a 9d970655bf074b629e7b7467e78980fb 1ec0a8b96e184bec97bfba10e7947f65 - - default default] 10.0.0.106 "GET /v2.0/security-groups?name=tempest-secgroup-smoke-785425374&fields=id&tenant_id=1ec0a8b96e184bec97bfba10e7947f65 HTTP/1.1" status: 200 len: 267 time: 0.0712531
2026-05-09 22:56:16.994 10 INFO neutron.plugins.ml2.drivers.ovn.mech_driver.ovsdb.ovsdb_monitor [None req-275a342b-9f8b-47fb-8927-cc0b5824e6bb - - - - - -] Router c62c8e54-58cb-4a4e-a22a-0d3594ef293c is bound to host instance
2026-05-09 22:56:17.031 10 INFO neutron.db.ovn_revision_numbers_db [None req-a6e8f38c-d118-4aef-b9c3-4390fcf469c2 8df602c576ed4eb7a388b6ec3d9f6864 b51fdf18aad844e4af18a455445db30d - - default default] Successfully bumped revision number for resource 8faf3977-bc51-4447-804f-21776f247479 (type: router_ports) to 1
2026-05-09 22:56:17.076 9 INFO neutron.wsgi [req-247257db-bf63-402e-aa56-8eacdacc6a82 req-38239382-c0e1-44fd-8c68-d91c3eac17e3 9d970655bf074b629e7b7467e78980fb 1ec0a8b96e184bec97bfba10e7947f65 - - default default] 10.0.0.106 "GET /v2.0/networks?id=b5dcd988-e022-46b6-8241-a6704d7fd2e8 HTTP/1.1" status: 200 len: 859 time: 0.0817184
2026-05-09 22:56:17.090 9 INFO neutron.wsgi [req-247257db-bf63-402e-aa56-8eacdacc6a82 req-e6ad6e1d-58f0-4e11-bcde-abd4061ce991 9d970655bf074b629e7b7467e78980fb 1ec0a8b96e184bec97bfba10e7947f65 - - default default] 10.0.0.106 "GET /v2.0/quotas/1ec0a8b96e184bec97bfba10e7947f65 HTTP/1.1" status: 200 len: 386 time: 0.0095537
2026-05-09 22:56:17.138 10 INFO neutron.db.ovn_revision_numbers_db [None req-a6e8f38c-d118-4aef-b9c3-4390fcf469c2 8df602c576ed4eb7a388b6ec3d9f6864 b51fdf18aad844e4af18a455445db30d - - default default] Successfully bumped revision number for resource c62c8e54-58cb-4a4e-a22a-0d3594ef293c (type: routers) to 2
2026-05-09 22:56:17.165 10 INFO neutron.wsgi [None req-a6e8f38c-d118-4aef-b9c3-4390fcf469c2 8df602c576ed4eb7a388b6ec3d9f6864 b51fdf18aad844e4af18a455445db30d - - default default] 10.0.0.214 "POST /v2.0/routers HTTP/1.1" status: 201 len: 873 time: 1.4926748
2026-05-09 22:56:17.185 9 INFO neutron.wsgi [req-247257db-bf63-402e-aa56-8eacdacc6a82 req-dc568aa9-2e43-4a4f-bc2a-ca288b285174 9d970655bf074b629e7b7467e78980fb 1ec0a8b96e184bec97bfba10e7947f65 - - default default] 10.0.0.106 "GET /v2.0/ports?tenant_id=1ec0a8b96e184bec97bfba10e7947f65&fields=id HTTP/1.1" status: 200 len: 302 time: 0.0897448
2026-05-09 22:56:17.266 9 INFO neutron.wsgi [req-247257db-bf63-402e-aa56-8eacdacc6a82 req-eb25eae4-632c-4fae-af4e-d36d2fc32fef 85346ff96472477b85427d9835cf6455 a87c074d5f924c5685712dc6e41e38b3 - - 6c1a401fdf844f518769ed403dc14c20 6c1a401fdf844f518769ed403dc14c20] 10.0.0.106 "GET /v2.0/networks/b5dcd988-e022-46b6-8241-a6704d7fd2e8?fields=segments HTTP/1.1" status: 200 len: 212 time: 0.0637703
2026-05-09 22:56:17.348 9 INFO neutron.wsgi [req-247257db-bf63-402e-aa56-8eacdacc6a82 req-234628ca-d4fe-4816-adfc-d068ab45f93f 85346ff96472477b85427d9835cf6455 a87c074d5f924c5685712dc6e41e38b3 - - 6c1a401fdf844f518769ed403dc14c20 6c1a401fdf844f518769ed403dc14c20] 10.0.0.106 "GET /v2.0/networks/b5dcd988-e022-46b6-8241-a6704d7fd2e8?fields=provider%3Aphysical_network&fields=provider%3Anetwork_type HTTP/1.1" status: 200 len: 277 time: 0.0766048
2026-05-09 22:56:17.510 10 INFO neutron.wsgi [req-fc739924-d456-4dc3-9461-625d3fc6c3d1 req-5c59d810-1020-42d9-bbc1-9130bb2c6b3b 9d970655bf074b629e7b7467e78980fb 1ec0a8b96e184bec97bfba10e7947f65 - - default default] 10.0.0.106 "GET /v2.0/ports?device_id=1a035ac0-4f96-4d60-9d13-a2ed06126286 HTTP/1.1" status: 200 len: 210 time: 0.0305085
2026-05-09 22:56:17.710 10 INFO neutron.db.ovn_revision_numbers_db [None req-275a342b-9f8b-47fb-8927-cc0b5824e6bb - - - - - -] Successfully bumped revision number for resource 8faf3977-bc51-4447-804f-21776f247479 (type: ports) to 1
2026-05-09 22:56:17.801 10 WARNING neutron.scheduler.dhcp_agent_scheduler [None req-3a6048b2-bb99-45f2-ab22-a7bf643c5401 8df602c576ed4eb7a388b6ec3d9f6864 b51fdf18aad844e4af18a455445db30d - - default default] No more DHCP agents
2026-05-09 22:56:17.806 10 WARNING neutron.api.rpc.agentnotifiers.dhcp_rpc_agent_api [None req-3a6048b2-bb99-45f2-ab22-a7bf643c5401 8df602c576ed4eb7a388b6ec3d9f6864 b51fdf18aad844e4af18a455445db30d - - default default] Unable to schedule network 1eebed6e-ec24-4ef6-a8ed-6cda50db74ae: no agents available; will retry on subsequent port and subnet creation events.
2026-05-09 22:56:18.250 10 INFO neutron.db.ovn_revision_numbers_db [None req-275a342b-9f8b-47fb-8927-cc0b5824e6bb - - - - - -] Successfully bumped revision number for resource 8faf3977-bc51-4447-804f-21776f247479 (type: router_ports) to 3
2026-05-09 22:56:18.320 10 INFO neutron.db.ovn_revision_numbers_db [None req-3a6048b2-bb99-45f2-ab22-a7bf643c5401 8df602c576ed4eb7a388b6ec3d9f6864 b51fdf18aad844e4af18a455445db30d - - default default] Successfully bumped revision number for resource 90c63483-4dfd-4178-b787-229701c2fdf4 (type: ports) to 1
2026-05-09 22:56:18.395 9 INFO neutron.wsgi [req-247257db-bf63-402e-aa56-8eacdacc6a82 req-98df8078-8e5a-498f-ba75-45d2fc0fc632 9d970655bf074b629e7b7467e78980fb 1ec0a8b96e184bec97bfba10e7947f65 - - default default] 199.204.45.35 "GET /v2.0/networks?id=b5dcd988-e022-46b6-8241-a6704d7fd2e8 HTTP/1.1" status: 200 len: 859 time: 0.0780778
2026-05-09 22:56:18.437 10 INFO neutron.db.ovn_revision_numbers_db [None req-275a342b-9f8b-47fb-8927-cc0b5824e6bb - - - - - -] Successfully bumped revision number for resource 8faf3977-bc51-4447-804f-21776f247479 (type: ports) to 2
2026-05-09 22:56:18.447 9 INFO neutron.wsgi [req-247257db-bf63-402e-aa56-8eacdacc6a82 req-8da6320c-1413-4105-8e3b-f5fb95021c1a 9d970655bf074b629e7b7467e78980fb 1ec0a8b96e184bec97bfba10e7947f65 - - default default] 199.204.45.35 "GET /v2.0/security-groups?fields=id&fields=name&tenant_id=1ec0a8b96e184bec97bfba10e7947f65 HTTP/1.1" status: 200 len: 379 time: 0.0400717
2026-05-09 22:56:18.457 9 WARNING neutron_lib.context [req-247257db-bf63-402e-aa56-8eacdacc6a82 req-5e2537d3-a5b9-4dd8-ae98-7fbce3a52e1f 9d970655bf074b629e7b7467e78980fb 1ec0a8b96e184bec97bfba10e7947f65 - - default default] Method 'is_advsvc' is deprecated since 2023.2 release (neutron-lib 3.8.0) and will be removed once support for the old RBAC API policies will be removed from Neutron. Please use method 'is_service_role' instead.
2026-05-09 22:56:18.628 9 INFO neutron.wsgi [req-6458fb7f-5d3f-4cd3-bae4-75d2d1f7742b req-167190db-ab2f-4606-aa2d-5b40ec2395a1 9d970655bf074b629e7b7467e78980fb 1ec0a8b96e184bec97bfba10e7947f65 - - default default] 10.0.0.106 "GET /v2.0/ports?device_id=1a035ac0-4f96-4d60-9d13-a2ed06126286 HTTP/1.1" status: 200 len: 210 time: 0.0259862
2026-05-09 22:56:18.631 9 WARNING neutron.plugins.ml2.drivers.ovn.mech_driver.ovsdb.ovn_client [None req-71f043e5-1309-4e04-8b43-f38cc1602804 - - - - - -] No hosting information found for port 95535b40-b149-4f45-bea1-7842e62620d9: RuntimeError: No hosting information found for port 95535b40-b149-4f45-bea1-7842e62620d9
2026-05-09 22:56:18.632 9 INFO neutron.plugins.ml2.drivers.ovn.mech_driver.mech_driver [None req-71f043e5-1309-4e04-8b43-f38cc1602804 - - - - - -] OVN reports status down for port: fe931cbc-3c58-4c72-8899-cd2a281a5771
2026-05-09 22:56:18.883 10 INFO neutron.db.ovn_revision_numbers_db [None req-275a342b-9f8b-47fb-8927-cc0b5824e6bb - - - - - -] Successfully bumped revision number for resource 8faf3977-bc51-4447-804f-21776f247479 (type: ports) to 4
2026-05-09 22:56:19.000 10 INFO neutron.db.ovn_revision_numbers_db [None req-3a6048b2-bb99-45f2-ab22-a7bf643c5401 8df602c576ed4eb7a388b6ec3d9f6864 b51fdf18aad844e4af18a455445db30d - - default default] Successfully bumped revision number for resource 90c63483-4dfd-4178-b787-229701c2fdf4 (type: router_ports) to 1
2026-05-09 22:56:19.085 9 INFO neutron.notifiers.nova [-] Nova event matching ['req-8a4389e9-19e4-4d3c-84d7-0aebf9fbb22e'] response: {'server_uuid': '253de020-4a4e-4408-aa7c-d93423a291c2', 'name': 'network-vif-unplugged', 'status': 'completed', 'tag': 'fe931cbc-3c58-4c72-8899-cd2a281a5771', 'code': 200}
2026-05-09 22:56:19.196 10 INFO neutron.db.ovn_revision_numbers_db [None req-275a342b-9f8b-47fb-8927-cc0b5824e6bb - - - - - -] Successfully bumped revision number for resource 8faf3977-bc51-4447-804f-21776f247479 (type: router_ports) to 4
2026-05-09 22:56:19.198 9 WARNING neutron.scheduler.dhcp_agent_scheduler [req-247257db-bf63-402e-aa56-8eacdacc6a82 req-5e2537d3-a5b9-4dd8-ae98-7fbce3a52e1f 9d970655bf074b629e7b7467e78980fb 1ec0a8b96e184bec97bfba10e7947f65 - - default default] No more DHCP agents
2026-05-09 22:56:19.201 9 WARNING neutron.api.rpc.agentnotifiers.dhcp_rpc_agent_api [req-247257db-bf63-402e-aa56-8eacdacc6a82 req-5e2537d3-a5b9-4dd8-ae98-7fbce3a52e1f 9d970655bf074b629e7b7467e78980fb 1ec0a8b96e184bec97bfba10e7947f65 - - default default] Unable to schedule network b5dcd988-e022-46b6-8241-a6704d7fd2e8: no agents available; will retry on subsequent port and subnet creation events.
2026-05-09 22:56:19.226 10 INFO neutron.db.ovn_revision_numbers_db [None req-a8e208e6-e1b0-4d73-b8a4-7012bbff06b5 8df602c576ed4eb7a388b6ec3d9f6864 b51fdf18aad844e4af18a455445db30d - - default default] Successfully bumped revision number for resource 57744cdf-5ef2-4703-b028-5bd1912552ee (type: security_groups) to 1
2026-05-09 22:56:19.248 10 INFO neutron.db.ovn_revision_numbers_db [None req-3a6048b2-bb99-45f2-ab22-a7bf643c5401 8df602c576ed4eb7a388b6ec3d9f6864 b51fdf18aad844e4af18a455445db30d - - default default] Successfully bumped revision number for resource 90c63483-4dfd-4178-b787-229701c2fdf4 (type: ports) to 1
2026-05-09 22:56:19.255 10 INFO neutron.db.ovn_revision_numbers_db [None req-a8e208e6-e1b0-4d73-b8a4-7012bbff06b5 8df602c576ed4eb7a388b6ec3d9f6864 b51fdf18aad844e4af18a455445db30d - - default default] Successfully bumped revision number for resource 0f4cde2d-af95-4aa4-867f-27b96551a1fb (type: security_group_rules) to 0
2026-05-09 22:56:19.276 10 INFO neutron.db.ovn_revision_numbers_db [None req-a8e208e6-e1b0-4d73-b8a4-7012bbff06b5 8df602c576ed4eb7a388b6ec3d9f6864 b51fdf18aad844e4af18a455445db30d - - default default] Successfully bumped revision number for resource 70ca1334-468c-4369-918c-3969df9331ec (type: security_group_rules) to 0
2026-05-09 22:56:19.300 10 INFO neutron.db.ovn_revision_numbers_db [None req-a8e208e6-e1b0-4d73-b8a4-7012bbff06b5 8df602c576ed4eb7a388b6ec3d9f6864 b51fdf18aad844e4af18a455445db30d - - default default] Successfully bumped revision number for resource bc71d28b-3550-42cb-8b05-6299b65ab8ee (type: security_group_rules) to 0
2026-05-09 22:56:19.317 10 INFO neutron.db.ovn_revision_numbers_db [None req-a8e208e6-e1b0-4d73-b8a4-7012bbff06b5 8df602c576ed4eb7a388b6ec3d9f6864 b51fdf18aad844e4af18a455445db30d - - default default] Successfully bumped revision number for resource e8e64dc1-1520-4f29-8f89-5241256bd254 (type: security_group_rules) to 0
2026-05-09 22:56:19.331 9 INFO neutron.db.ovn_revision_numbers_db [None req-71f043e5-1309-4e04-8b43-f38cc1602804 - - - - - -] Successfully bumped revision number for resource fe931cbc-3c58-4c72-8899-cd2a281a5771 (type: ports) to 5
2026-05-09 22:56:19.336 10 WARNING neutron.scheduler.dhcp_agent_scheduler [None req-3a6048b2-bb99-45f2-ab22-a7bf643c5401 8df602c576ed4eb7a388b6ec3d9f6864 b51fdf18aad844e4af18a455445db30d - - default default] No more DHCP agents
2026-05-09 22:56:19.337 10 WARNING neutron.api.rpc.agentnotifiers.dhcp_rpc_agent_api [None req-3a6048b2-bb99-45f2-ab22-a7bf643c5401 8df602c576ed4eb7a388b6ec3d9f6864 b51fdf18aad844e4af18a455445db30d - - default default] Unable to schedule network 1eebed6e-ec24-4ef6-a8ed-6cda50db74ae: no agents available; will retry on subsequent port and subnet creation events.
2026-05-09 22:56:19.343 10 INFO neutron.wsgi [None req-a8e208e6-e1b0-4d73-b8a4-7012bbff06b5 8df602c576ed4eb7a388b6ec3d9f6864 b51fdf18aad844e4af18a455445db30d - - default default] 10.0.0.214 "GET /v2.0/security-groups?tenant_id=1f5e4bc04cfb4acb95c47bf640520ed2&name=default HTTP/1.1" status: 200 len: 2996 time: 0.4828846
2026-05-09 22:56:19.345 9 WARNING neutron.plugins.ml2.drivers.ovn.mech_driver.ovsdb.ovn_client [None req-71f043e5-1309-4e04-8b43-f38cc1602804 - - - - - -] Logical_Switch_Port %s host information not removed, the port state is up
2026-05-09 22:56:19.346 9 INFO neutron.plugins.ml2.drivers.ovn.mech_driver.mech_driver [None req-71f043e5-1309-4e04-8b43-f38cc1602804 - - - - - -] OVN reports status up for port: fe931cbc-3c58-4c72-8899-cd2a281a5771
2026-05-09 22:56:19.374 9 INFO neutron.plugins.ml2.plugin [None req-71f043e5-1309-4e04-8b43-f38cc1602804 - - - - - -] Attempt 1 to provision port fe931cbc-3c58-4c72-8899-cd2a281a5771
2026-05-09 22:56:19.422 9 INFO neutron.db.ovn_revision_numbers_db [req-247257db-bf63-402e-aa56-8eacdacc6a82 req-5e2537d3-a5b9-4dd8-ae98-7fbce3a52e1f 9d970655bf074b629e7b7467e78980fb 1ec0a8b96e184bec97bfba10e7947f65 - - default default] Successfully bumped revision number for resource 0e5cd655-6fd1-4270-b7bd-69253d0a62f3 (type: ports) to 1
2026-05-09 22:56:19.452 9 INFO neutron.wsgi [req-247257db-bf63-402e-aa56-8eacdacc6a82 req-5e2537d3-a5b9-4dd8-ae98-7fbce3a52e1f 9d970655bf074b629e7b7467e78980fb 1ec0a8b96e184bec97bfba10e7947f65 - - default default] 199.204.45.35 "POST /v2.0/ports HTTP/1.1" status: 201 len: 1158 time: 1.0006588 /var/lib/openstack/lib/python3.10/site-packages/pycadf/identifier.py:71: UserWarning: Invalid uuid: neutron. To ensure interoperability, identifiers should be a valid uuid. warnings.warn(('Invalid uuid: %s. To ensure interoperability, '
2026-05-09 22:56:19.636 10 INFO neutron.wsgi [None req-b610988b-95cf-43f8-b879-22db56209323 8df602c576ed4eb7a388b6ec3d9f6864 b51fdf18aad844e4af18a455445db30d - - default default] 10.0.0.214 "DELETE /v2.0/security-groups/57744cdf-5ef2-4703-b028-5bd1912552ee HTTP/1.1" status: 204 len: 168 time: 0.2848516
2026-05-09 22:56:19.703 9 INFO neutron.db.ovn_revision_numbers_db [None req-71f043e5-1309-4e04-8b43-f38cc1602804 - - - - - -] Successfully bumped revision number for resource fe931cbc-3c58-4c72-8899-cd2a281a5771 (type: ports) to 6
2026-05-09 22:56:19.765 9 INFO neutron.wsgi [req-c495ecda-aeb2-4000-b400-1ed6ddb227c0 req-8af5c998-f6ae-4ab8-9613-5b9f14e84ede 9d970655bf074b629e7b7467e78980fb 1ec0a8b96e184bec97bfba10e7947f65 - - default default] 10.0.0.106 "GET /v2.0/ports?device_id=1a035ac0-4f96-4d60-9d13-a2ed06126286 HTTP/1.1" status: 200 len: 1156 time: 0.0656645
2026-05-09 22:56:19.787 9 INFO neutron.plugins.ml2.drivers.ovn.mech_driver.mech_driver [None req-71f043e5-1309-4e04-8b43-f38cc1602804 - - - - - -] OVN reports status up for port: 18c6232a-96ce-4c7d-9d9a-0e8cc213017b
2026-05-09 22:56:19.814 9 INFO neutron.plugins.ml2.plugin [None req-71f043e5-1309-4e04-8b43-f38cc1602804 - - - - - -] Attempt 1 to provision port 18c6232a-96ce-4c7d-9d9a-0e8cc213017b
2026-05-09 22:56:19.867 9 INFO neutron.wsgi [req-c495ecda-aeb2-4000-b400-1ed6ddb227c0 req-7674f3bc-4a9a-4803-9a1f-2ded8d999e5e 9d970655bf074b629e7b7467e78980fb 1ec0a8b96e184bec97bfba10e7947f65 - - default default] 10.0.0.106 "GET /v2.0/security-groups?id=ff02cfbe-b9d9-4af5-95e0-e18fc7b8262b&fields=id&fields=name HTTP/1.1" status: 200 len: 312 time: 0.0940373
2026-05-09 22:56:19.991 9 INFO neutron.db.ovn_revision_numbers_db [req-247257db-bf63-402e-aa56-8eacdacc6a82 req-4f376f41-3d45-45af-9c2b-349c3575f41e 85346ff96472477b85427d9835cf6455 a87c074d5f924c5685712dc6e41e38b3 - - 6c1a401fdf844f518769ed403dc14c20 6c1a401fdf844f518769ed403dc14c20] Successfully bumped revision number for resource 0e5cd655-6fd1-4270-b7bd-69253d0a62f3 (type: ports) to 2
2026-05-09 22:56:20.121 10 INFO neutron.db.ovn_revision_numbers_db [None req-3a6048b2-bb99-45f2-ab22-a7bf643c5401 8df602c576ed4eb7a388b6ec3d9f6864 b51fdf18aad844e4af18a455445db30d - - default default] Successfully bumped revision number for resource 90c63483-4dfd-4178-b787-229701c2fdf4 (type: router_ports) to 1
2026-05-09 22:56:20.124 10 INFO neutron.wsgi [None req-3a6048b2-bb99-45f2-ab22-a7bf643c5401 8df602c576ed4eb7a388b6ec3d9f6864 b51fdf18aad844e4af18a455445db30d - - default default] 10.0.0.214 "PUT /v2.0/routers/c62c8e54-58cb-4a4e-a22a-0d3594ef293c/add_router_interface HTTP/1.1" status: 200 len: 503 time: 2.9547021
2026-05-09 22:56:20.209 9 INFO neutron.db.ovn_revision_numbers_db [None req-71f043e5-1309-4e04-8b43-f38cc1602804 - - - - - -] Successfully bumped revision number for resource 18c6232a-96ce-4c7d-9d9a-0e8cc213017b (type: ports) to 2
2026-05-09 22:56:20.292 9 INFO neutron.db.ovn_revision_numbers_db [req-247257db-bf63-402e-aa56-8eacdacc6a82 req-4f376f41-3d45-45af-9c2b-349c3575f41e 85346ff96472477b85427d9835cf6455 a87c074d5f924c5685712dc6e41e38b3 - - 6c1a401fdf844f518769ed403dc14c20 6c1a401fdf844f518769ed403dc14c20] Successfully bumped revision number for resource 0e5cd655-6fd1-4270-b7bd-69253d0a62f3 (type: ports) to 2
2026-05-09 22:56:20.300 9 INFO neutron.db.ovn_revision_numbers_db [None req-71f043e5-1309-4e04-8b43-f38cc1602804 - - - - - -] Successfully bumped revision number for resource 18c6232a-96ce-4c7d-9d9a-0e8cc213017b (type: router_ports) to 2
2026-05-09 22:56:20.313 9 INFO neutron.wsgi [req-247257db-bf63-402e-aa56-8eacdacc6a82 req-4f376f41-3d45-45af-9c2b-349c3575f41e 85346ff96472477b85427d9835cf6455 a87c074d5f924c5685712dc6e41e38b3 - - 6c1a401fdf844f518769ed403dc14c20 6c1a401fdf844f518769ed403dc14c20] 199.204.45.35 "PUT /v2.0/ports/0e5cd655-6fd1-4270-b7bd-69253d0a62f3 HTTP/1.1" status: 200 len: 1376 time: 0.8490012 /var/lib/openstack/lib/python3.10/site-packages/pycadf/identifier.py:71: UserWarning: Invalid uuid: neutron. To ensure interoperability, identifiers should be a valid uuid. warnings.warn(('Invalid uuid: %s. To ensure interoperability, '
2026-05-09 22:56:20.391 9 INFO neutron.wsgi [req-247257db-bf63-402e-aa56-8eacdacc6a82 req-5b8910c9-4849-48f2-bac8-56b40b5913ac 85346ff96472477b85427d9835cf6455 a87c074d5f924c5685712dc6e41e38b3 - - 6c1a401fdf844f518769ed403dc14c20 6c1a401fdf844f518769ed403dc14c20] 199.204.45.35 "GET /v2.0/ports?tenant_id=1ec0a8b96e184bec97bfba10e7947f65&device_id=1a035ac0-4f96-4d60-9d13-a2ed06126286 HTTP/1.1" status: 200 len: 1407 time: 0.0336664
2026-05-09 22:56:20.422 9 INFO neutron.wsgi [req-247257db-bf63-402e-aa56-8eacdacc6a82 req-aad83559-0665-437c-ba36-c7dc976e9ec5 85346ff96472477b85427d9835cf6455 a87c074d5f924c5685712dc6e41e38b3 - - 6c1a401fdf844f518769ed403dc14c20 6c1a401fdf844f518769ed403dc14c20] 199.204.45.35 "GET /v2.0/floatingips?fixed_ip_address=10.100.0.3&port_id=0e5cd655-6fd1-4270-b7bd-69253d0a62f3 HTTP/1.1" status: 200 len: 217 time: 0.0250251
2026-05-09 22:56:20.460 9 INFO neutron.wsgi [req-247257db-bf63-402e-aa56-8eacdacc6a82 req-7a4409f6-ae3e-421e-a393-231d0224e4d5 85346ff96472477b85427d9835cf6455 a87c074d5f924c5685712dc6e41e38b3 - - 6c1a401fdf844f518769ed403dc14c20 6c1a401fdf844f518769ed403dc14c20] 199.204.45.35 "GET /v2.0/subnets?id=7b7a4d1d-1249-4705-bc92-61ed2f4eb062 HTTP/1.1" status: 200 len: 852 time: 0.0319076
2026-05-09 22:56:20.485 9 INFO neutron.wsgi [req-247257db-bf63-402e-aa56-8eacdacc6a82 req-289f7342-d9d9-4d48-8b43-9759c0be5810 85346ff96472477b85427d9835cf6455 a87c074d5f924c5685712dc6e41e38b3 - - 6c1a401fdf844f518769ed403dc14c20 6c1a401fdf844f518769ed403dc14c20] 199.204.45.35 "GET /v2.0/ports?network_id=b5dcd988-e022-46b6-8241-a6704d7fd2e8&device_owner=network%3Adhcp HTTP/1.1" status: 200 len: 210 time: 0.0189698
2026-05-09 22:56:20.547 9 INFO neutron.wsgi [req-247257db-bf63-402e-aa56-8eacdacc6a82 req-f47457d5-3b06-4068-89ab-f3351d85f7fa 85346ff96472477b85427d9835cf6455 a87c074d5f924c5685712dc6e41e38b3 - - 6c1a401fdf844f518769ed403dc14c20 6c1a401fdf844f518769ed403dc14c20] 199.204.45.35 "GET /v2.0/networks/b5dcd988-e022-46b6-8241-a6704d7fd2e8?fields=segments HTTP/1.1" status: 200 len: 212 time: 0.0578148
2026-05-09 22:56:20.612 9 INFO neutron.wsgi [req-247257db-bf63-402e-aa56-8eacdacc6a82 req-d402fde8-dfb8-4654-9954-a8955007777d 85346ff96472477b85427d9835cf6455 a87c074d5f924c5685712dc6e41e38b3 - - 6c1a401fdf844f518769ed403dc14c20 6c1a401fdf844f518769ed403dc14c20] 199.204.45.35 "GET /v2.0/networks/b5dcd988-e022-46b6-8241-a6704d7fd2e8?fields=provider%3Aphysical_network&fields=provider%3Anetwork_type HTTP/1.1" status: 200 len: 277 time: 0.0571969
2026-05-09 22:56:20.846 9 WARNING neutron_lib.context [None req-d3b1d8af-7a99-4cf0-9019-f7846d719a98 7bcccd163e0e48bebc1c69bc3f00f218 8806587621f347839f471b03381d3aaa - - default default] Method 'is_advsvc' is deprecated since 2023.2 release (neutron-lib 3.8.0) and will be removed once support for the old RBAC API policies will be removed from Neutron. Please use method 'is_service_role' instead.
2026-05-09 22:56:20.999 9 INFO neutron.wsgi [req-990f26ea-cde6-4e03-9c73-b2d85ff5a603 req-095974af-35ec-4668-8f8f-fe393520234d 9d970655bf074b629e7b7467e78980fb 1ec0a8b96e184bec97bfba10e7947f65 - - default default] 10.0.0.106 "GET /v2.0/ports?device_id=1a035ac0-4f96-4d60-9d13-a2ed06126286 HTTP/1.1" status: 200 len: 1168 time: 0.0512528
2026-05-09 22:56:21.000 9 INFO neutron.db.ovn_revision_numbers_db [None req-d3b1d8af-7a99-4cf0-9019-f7846d719a98 7bcccd163e0e48bebc1c69bc3f00f218 8806587621f347839f471b03381d3aaa - - default default] Successfully bumped revision number for resource c07fc47f-7faa-4b49-a98a-7524e1722136 (type: security_groups) to 1
2026-05-09 22:56:21.018 9 INFO neutron.db.ovn_revision_numbers_db [None req-d3b1d8af-7a99-4cf0-9019-f7846d719a98 7bcccd163e0e48bebc1c69bc3f00f218 8806587621f347839f471b03381d3aaa - - default default] Successfully bumped revision number for resource 6959293a-4ba5-4360-9553-a43205260218 (type: security_group_rules) to 0
2026-05-09 22:56:21.042 9 INFO neutron.db.ovn_revision_numbers_db [None req-d3b1d8af-7a99-4cf0-9019-f7846d719a98 7bcccd163e0e48bebc1c69bc3f00f218 8806587621f347839f471b03381d3aaa - - default default] Successfully bumped revision number for resource 6dc4f5a8-9c6f-4167-99d1-fc7cd68dafc9 (type: security_group_rules) to 0
2026-05-09 22:56:21.056 9 INFO neutron.wsgi [req-990f26ea-cde6-4e03-9c73-b2d85ff5a603 req-6ae4087b-fca8-4855-9786-25540ec9eb73 9d970655bf074b629e7b7467e78980fb 1ec0a8b96e184bec97bfba10e7947f65 - - default default] 10.0.0.106 "GET /v2.0/security-groups?id=ff02cfbe-b9d9-4af5-95e0-e18fc7b8262b&fields=id&fields=name HTTP/1.1" status: 200 len: 312 time: 0.0464602
2026-05-09 22:56:21.064 9 INFO neutron.wsgi [None req-d3b1d8af-7a99-4cf0-9019-f7846d719a98 7bcccd163e0e48bebc1c69bc3f00f218 8806587621f347839f471b03381d3aaa - - default default] 10.0.0.214 "POST /v2.0/security-groups HTTP/1.1" status: 201 len: 1807 time: 0.2233784
2026-05-09 22:56:21.074 9 WARNING neutron_lib.context [None req-801d7938-9af2-4566-aa00-6674f158b30c 7bcccd163e0e48bebc1c69bc3f00f218 8806587621f347839f471b03381d3aaa - - default default] Method 'is_advsvc' is deprecated since 2023.2 release (neutron-lib 3.8.0) and will be removed once support for the old RBAC API policies will be removed from Neutron. Please use method 'is_service_role' instead.
2026-05-09 22:56:21.129 9 INFO neutron.notifiers.nova [-] Nova event matching ['req-c54a8012-67e1-441d-b6b0-03a3a6a63391'] response: {'server_uuid': '253de020-4a4e-4408-aa7c-d93423a291c2', 'name': 'network-vif-plugged', 'status': 'completed', 'tag': 'fe931cbc-3c58-4c72-8899-cd2a281a5771', 'code': 200}
2026-05-09 22:56:21.130 9 INFO neutron.notifiers.nova [-] Nova event matching ['req-c54a8012-67e1-441d-b6b0-03a3a6a63391'] response: {'server_uuid': '253de020-4a4e-4408-aa7c-d93423a291c2', 'name': 'network-vif-plugged', 'status': 'completed', 'tag': 'fe931cbc-3c58-4c72-8899-cd2a281a5771', 'code': 200}
2026-05-09 22:56:21.130 9 INFO neutron.notifiers.nova [-] Nova event matching ['req-c54a8012-67e1-441d-b6b0-03a3a6a63391'] response: {'server_uuid': '253de020-4a4e-4408-aa7c-d93423a291c2', 'name': 'network-vif-plugged', 'status': 'completed', 'tag': 'fe931cbc-3c58-4c72-8899-cd2a281a5771', 'code': 200}
2026-05-09 22:56:21.130 9 INFO neutron.notifiers.nova [-] Nova event matching ['req-c54a8012-67e1-441d-b6b0-03a3a6a63391'] response: {'name': 'network-changed', 'server_uuid': '1a035ac0-4f96-4d60-9d13-a2ed06126286', 'tag': '0e5cd655-6fd1-4270-b7bd-69253d0a62f3', 'status': 'completed', 'code': 200}
2026-05-09 22:56:21.184 9 INFO neutron.wsgi [req-de6809c4-9775-4a7e-bbe0-d50b7dc3d0c0 req-d33c3cbd-7026-453c-a72b-dc2e971473cf 85346ff96472477b85427d9835cf6455 a87c074d5f924c5685712dc6e41e38b3 - - 6c1a401fdf844f518769ed403dc14c20 6c1a401fdf844f518769ed403dc14c20] 199.204.45.35 "GET /v2.0/ports?tenant_id=1ec0a8b96e184bec97bfba10e7947f65&device_id=1a035ac0-4f96-4d60-9d13-a2ed06126286 HTTP/1.1" status: 200 len: 1407 time: 0.0364501
2026-05-09 22:56:21.241 9 INFO neutron.db.ovn_revision_numbers_db [None req-801d7938-9af2-4566-aa00-6674f158b30c 7bcccd163e0e48bebc1c69bc3f00f218 8806587621f347839f471b03381d3aaa - - default default] Successfully bumped revision number for resource c5ac2160-24ee-422e-9561-93e214401461 (type: security_group_rules) to 0
2026-05-09 22:56:21.260 9 INFO neutron.wsgi [req-de6809c4-9775-4a7e-bbe0-d50b7dc3d0c0 req-785668c9-1d25-40d8-a677-4ba0a29a5904 85346ff96472477b85427d9835cf6455 a87c074d5f924c5685712dc6e41e38b3 - - 6c1a401fdf844f518769ed403dc14c20 6c1a401fdf844f518769ed403dc14c20] 199.204.45.35 "GET /v2.0/networks?id=b5dcd988-e022-46b6-8241-a6704d7fd2e8 HTTP/1.1" status: 200 len: 958 time: 0.0687377
2026-05-09 22:56:21.277 9 INFO neutron.wsgi [None req-801d7938-9af2-4566-aa00-6674f158b30c 7bcccd163e0e48bebc1c69bc3f00f218 8806587621f347839f471b03381d3aaa - - default default] 10.0.0.214 "POST /v2.0/security-group-rules HTTP/1.1" status: 201 len: 764 time: 0.2082586
2026-05-09 22:56:21.290 9 INFO neutron.wsgi [req-de6809c4-9775-4a7e-bbe0-d50b7dc3d0c0 req-3c92c3fa-1a41-4413-92c4-49c20b407a4d 85346ff96472477b85427d9835cf6455 a87c074d5f924c5685712dc6e41e38b3 - - 6c1a401fdf844f518769ed403dc14c20 6c1a401fdf844f518769ed403dc14c20] 199.204.45.35 "GET /v2.0/floatingips?fixed_ip_address=10.100.0.3&port_id=0e5cd655-6fd1-4270-b7bd-69253d0a62f3 HTTP/1.1" status: 200 len: 217 time: 0.0223076
2026-05-09 22:56:21.291 10 WARNING neutron_lib.context [None req-c42b472f-5b92-4c1b-9199-446c0527cd9d 7bcccd163e0e48bebc1c69bc3f00f218 8806587621f347839f471b03381d3aaa - - default default] Method 'is_advsvc' is deprecated since 2023.2 release (neutron-lib 3.8.0) and will be removed once support for the old RBAC API policies will be removed from Neutron. Please use method 'is_service_role' instead.
2026-05-09 22:56:21.332 9 INFO neutron.wsgi [req-de6809c4-9775-4a7e-bbe0-d50b7dc3d0c0 req-96a63f1a-8f39-4986-ad0c-8044379b2e52 85346ff96472477b85427d9835cf6455 a87c074d5f924c5685712dc6e41e38b3 - - 6c1a401fdf844f518769ed403dc14c20 6c1a401fdf844f518769ed403dc14c20] 199.204.45.35 "GET /v2.0/subnets?id=7b7a4d1d-1249-4705-bc92-61ed2f4eb062 HTTP/1.1" status: 200 len: 852 time: 0.0376630
2026-05-09 22:56:21.360 9 INFO neutron.wsgi [req-de6809c4-9775-4a7e-bbe0-d50b7dc3d0c0 req-cc429f5e-17b3-4846-b6e4-32e8516cd51a 85346ff96472477b85427d9835cf6455 a87c074d5f924c5685712dc6e41e38b3 - - 6c1a401fdf844f518769ed403dc14c20 6c1a401fdf844f518769ed403dc14c20] 199.204.45.35 "GET /v2.0/ports?network_id=b5dcd988-e022-46b6-8241-a6704d7fd2e8&device_owner=network%3Adhcp HTTP/1.1" status: 200 len: 210 time: 0.0202546
2026-05-09 22:56:21.425 10 INFO neutron.db.ovn_revision_numbers_db [None req-c42b472f-5b92-4c1b-9199-446c0527cd9d 7bcccd163e0e48bebc1c69bc3f00f218 8806587621f347839f471b03381d3aaa - - default default] Successfully bumped revision number for resource d14d61a0-2951-45bc-a695-ef1a9162b0e2 (type: security_group_rules) to 0
2026-05-09 22:56:21.431 9 INFO neutron.wsgi [req-de6809c4-9775-4a7e-bbe0-d50b7dc3d0c0 req-22ddc42f-6759-41e0-823a-62b7913689af 85346ff96472477b85427d9835cf6455 a87c074d5f924c5685712dc6e41e38b3 - - 6c1a401fdf844f518769ed403dc14c20 6c1a401fdf844f518769ed403dc14c20] 199.204.45.35 "GET /v2.0/networks/b5dcd988-e022-46b6-8241-a6704d7fd2e8?fields=segments HTTP/1.1" status: 200 len: 212 time: 0.0620840
2026-05-09 22:56:21.450 10 INFO neutron.wsgi [None req-c42b472f-5b92-4c1b-9199-446c0527cd9d 7bcccd163e0e48bebc1c69bc3f00f218 8806587621f347839f471b03381d3aaa - - default default] 10.0.0.214 "POST /v2.0/security-group-rules HTTP/1.1" status: 201 len: 763 time: 0.1678538
2026-05-09 22:56:21.461 10 WARNING neutron_lib.context [None req-5501d1b9-083c-44e2-871e-7c47b9caf0dd 7bcccd163e0e48bebc1c69bc3f00f218 8806587621f347839f471b03381d3aaa - - default default] Method 'is_advsvc' is deprecated since 2023.2 release (neutron-lib 3.8.0) and will be removed once support for the old RBAC API policies will be removed from Neutron. Please use method 'is_service_role' instead.
2026-05-09 22:56:21.514 9 INFO neutron.wsgi [req-de6809c4-9775-4a7e-bbe0-d50b7dc3d0c0 req-0e286463-9298-467a-9a00-424eba271a36 85346ff96472477b85427d9835cf6455 a87c074d5f924c5685712dc6e41e38b3 - - 6c1a401fdf844f518769ed403dc14c20 6c1a401fdf844f518769ed403dc14c20] 199.204.45.35 "GET /v2.0/networks/b5dcd988-e022-46b6-8241-a6704d7fd2e8?fields=provider%3Aphysical_network&fields=provider%3Anetwork_type HTTP/1.1" status: 200 len: 277 time: 0.0788770
2026-05-09 22:56:21.615 10 INFO neutron.db.ovn_revision_numbers_db [None req-5501d1b9-083c-44e2-871e-7c47b9caf0dd 7bcccd163e0e48bebc1c69bc3f00f218 8806587621f347839f471b03381d3aaa - - default default] Successfully bumped revision number for resource 36547a7a-72ee-41fc-a49b-f7bf720518ba (type: security_group_rules) to 0
2026-05-09 22:56:21.642 10 INFO neutron.wsgi [None req-5501d1b9-083c-44e2-871e-7c47b9caf0dd 7bcccd163e0e48bebc1c69bc3f00f218 8806587621f347839f471b03381d3aaa - - default default] 10.0.0.214 "POST /v2.0/security-group-rules HTTP/1.1" status: 201 len: 769 time: 0.1868994
2026-05-09 22:56:21.650 10 WARNING neutron_lib.context [None req-0d59459b-eb7c-4e92-8a08-57e20ff4b532 7bcccd163e0e48bebc1c69bc3f00f218 8806587621f347839f471b03381d3aaa - - default default] Method 'is_advsvc' is deprecated since 2023.2 release (neutron-lib 3.8.0) and will be removed once support for the old RBAC API policies will be removed from Neutron. Please use method 'is_service_role' instead.
2026-05-09 22:56:21.764 10 INFO neutron.db.ovn_revision_numbers_db [None req-0d59459b-eb7c-4e92-8a08-57e20ff4b532 7bcccd163e0e48bebc1c69bc3f00f218 8806587621f347839f471b03381d3aaa - - default default] Successfully bumped revision number for resource 5d5f4ddb-0b97-4e36-a4dd-e5006646599a (type: security_group_rules) to 0
2026-05-09 22:56:21.788 10 INFO neutron.wsgi [None req-0d59459b-eb7c-4e92-8a08-57e20ff4b532 7bcccd163e0e48bebc1c69bc3f00f218 8806587621f347839f471b03381d3aaa - - default default] 10.0.0.214 "POST /v2.0/security-group-rules HTTP/1.1" status: 201 len: 768 time: 0.1427824
2026-05-09 22:56:21.801 10 WARNING neutron_lib.context [None req-f9172571-7562-4557-8c12-3b19f9832de6 7bcccd163e0e48bebc1c69bc3f00f218 8806587621f347839f471b03381d3aaa - - default default] Method 'is_advsvc' is deprecated since 2023.2 release (neutron-lib 3.8.0) and will be removed once support for the old RBAC API policies will be removed from Neutron. Please use method 'is_service_role' instead.
2026-05-09 22:56:21.822 10 INFO neutron.db.securitygroups_db [None req-f9172571-7562-4557-8c12-3b19f9832de6 7bcccd163e0e48bebc1c69bc3f00f218 8806587621f347839f471b03381d3aaa - - default default] Project 8806587621f347839f471b03381d3aaa added a security group rule with legacy IPv6 ICMP protocol name icmp, ipv6-icmp should be used instead. It was automatically converted.
2026-05-09 22:56:21.941 10 INFO neutron.db.ovn_revision_numbers_db [None req-f9172571-7562-4557-8c12-3b19f9832de6 7bcccd163e0e48bebc1c69bc3f00f218 8806587621f347839f471b03381d3aaa - - default default] Successfully bumped revision number for resource 80c32e14-6fd6-4623-ba16-d8d6532878d6 (type: security_group_rules) to 0
2026-05-09 22:56:21.971 10 INFO neutron.wsgi [None req-f9172571-7562-4557-8c12-3b19f9832de6 7bcccd163e0e48bebc1c69bc3f00f218 8806587621f347839f471b03381d3aaa - - default default] 10.0.0.214 "POST /v2.0/security-group-rules HTTP/1.1" status: 201 len: 774 time: 0.1764390
2026-05-09 22:56:21.984 9 WARNING neutron_lib.context [None req-60c5c1b4-675e-410c-b9d8-5d4a86c922bc 7bcccd163e0e48bebc1c69bc3f00f218 8806587621f347839f471b03381d3aaa - - default default] Method 'is_advsvc' is deprecated since 2023.2 release (neutron-lib 3.8.0) and will be removed once support for the old RBAC API policies will be removed from Neutron. Please use method 'is_service_role' instead.
2026-05-09 22:56:22.009 9 INFO neutron.db.securitygroups_db [None req-60c5c1b4-675e-410c-b9d8-5d4a86c922bc 7bcccd163e0e48bebc1c69bc3f00f218 8806587621f347839f471b03381d3aaa - - default default] Project 8806587621f347839f471b03381d3aaa added a security group rule with legacy IPv6 ICMP protocol name icmp, ipv6-icmp should be used instead. It was automatically converted.
2026-05-09 22:56:22.145 9 INFO neutron.db.ovn_revision_numbers_db [None req-60c5c1b4-675e-410c-b9d8-5d4a86c922bc 7bcccd163e0e48bebc1c69bc3f00f218 8806587621f347839f471b03381d3aaa - - default default] Successfully bumped revision number for resource 200db702-9c2c-4402-88e8-338e3f6ffbf1 (type: security_group_rules) to 0
2026-05-09 22:56:22.172 9 INFO neutron.wsgi [req-0a6f6f13-9cde-4bcf-824d-09e90ae0825c req-d1d26edf-2e37-4308-9a8f-a8745159d6cc 9d970655bf074b629e7b7467e78980fb 1ec0a8b96e184bec97bfba10e7947f65 - - default default] 10.0.0.106 "GET /v2.0/ports?device_id=1a035ac0-4f96-4d60-9d13-a2ed06126286 HTTP/1.1" status: 200 len: 1168 time: 0.0466461
2026-05-09 22:56:22.184 9 INFO neutron.wsgi [None req-60c5c1b4-675e-410c-b9d8-5d4a86c922bc 7bcccd163e0e48bebc1c69bc3f00f218 8806587621f347839f471b03381d3aaa - - default default] 10.0.0.214 "POST /v2.0/security-group-rules HTTP/1.1" status: 201 len: 773 time: 0.2074370
2026-05-09 22:56:22.229 9 INFO neutron.wsgi [req-0a6f6f13-9cde-4bcf-824d-09e90ae0825c req-1d08a01a-3159-4e87-b796-de44ccb34ab1 9d970655bf074b629e7b7467e78980fb 1ec0a8b96e184bec97bfba10e7947f65 - - default default] 10.0.0.106 "GET /v2.0/security-groups?id=ff02cfbe-b9d9-4af5-95e0-e18fc7b8262b&fields=id&fields=name HTTP/1.1" status: 200 len: 312 time: 0.0497825
2026-05-09 22:56:22.615 10 WARNING neutron_lib.context [None req-c144e284-f5fc-45d9-bf94-592b5a921c0b 7bcccd163e0e48bebc1c69bc3f00f218 8806587621f347839f471b03381d3aaa - - default default] Method 'is_advsvc' is deprecated since 2023.2 release (neutron-lib 3.8.0) and will be removed once support for the old RBAC API policies will be removed from Neutron. Please use method 'is_service_role' instead.
2026-05-09 22:56:22.746 10 INFO neutron.db.ovn_revision_numbers_db [None req-c144e284-f5fc-45d9-bf94-592b5a921c0b 7bcccd163e0e48bebc1c69bc3f00f218 8806587621f347839f471b03381d3aaa - - default default] Successfully bumped revision number for resource 27426208-7e3c-4d5a-a5a5-946d378397ef (type: security_groups) to 1
2026-05-09 22:56:22.763 10 INFO neutron.db.ovn_revision_numbers_db [None req-c144e284-f5fc-45d9-bf94-592b5a921c0b 7bcccd163e0e48bebc1c69bc3f00f218 8806587621f347839f471b03381d3aaa - - default default] Successfully bumped revision number for resource ab89802e-17dc-4069-85ff-c5d064b50155 (type: security_group_rules) to 0
2026-05-09 22:56:22.779 10 INFO neutron.db.ovn_revision_numbers_db [None req-c144e284-f5fc-45d9-bf94-592b5a921c0b 7bcccd163e0e48bebc1c69bc3f00f218 8806587621f347839f471b03381d3aaa - - default default] Successfully bumped revision number for resource ae93658d-46af-472c-b53a-cd889cb6ba57 (type: security_group_rules) to 0
2026-05-09 22:56:22.799 10 INFO neutron.wsgi [None req-c144e284-f5fc-45d9-bf94-592b5a921c0b 7bcccd163e0e48bebc1c69bc3f00f218 8806587621f347839f471b03381d3aaa - - default default] 10.0.0.214 "POST /v2.0/security-groups HTTP/1.1" status: 201 len: 1796 time: 0.1924779
2026-05-09 22:56:22.811 10 WARNING neutron_lib.context [None req-cc4595d0-5b20-40c7-999b-66477a63b17e 7bcccd163e0e48bebc1c69bc3f00f218 8806587621f347839f471b03381d3aaa - - default default] Method 'is_advsvc' is deprecated since 2023.2 release (neutron-lib 3.8.0) and will be removed once support for the old RBAC API policies will be removed from Neutron. Please use method 'is_service_role' instead.
2026-05-09 22:56:22.933 10 INFO neutron.db.ovn_revision_numbers_db [None req-cc4595d0-5b20-40c7-999b-66477a63b17e 7bcccd163e0e48bebc1c69bc3f00f218 8806587621f347839f471b03381d3aaa - - default default] Successfully bumped revision number for resource c8b41e38-e847-4974-8455-1aeb123f6735 (type: security_group_rules) to 0
2026-05-09 22:56:22.958 10 INFO neutron.wsgi [None req-cc4595d0-5b20-40c7-999b-66477a63b17e 7bcccd163e0e48bebc1c69bc3f00f218 8806587621f347839f471b03381d3aaa - - default default] 10.0.0.214 "POST /v2.0/security-group-rules HTTP/1.1" status: 201 len: 764 time: 0.1523602
2026-05-09 22:56:22.969 10 WARNING neutron_lib.context [None req-012e1b07-07ff-4a64-a4a8-195a3171a7c7 7bcccd163e0e48bebc1c69bc3f00f218 8806587621f347839f471b03381d3aaa - - default default] Method 'is_advsvc' is deprecated since 2023.2 release (neutron-lib 3.8.0) and will be removed once support for the old RBAC API policies will be removed from Neutron. Please use method 'is_service_role' instead.
2026-05-09 22:56:23.070 10 INFO neutron.db.ovn_revision_numbers_db [None req-012e1b07-07ff-4a64-a4a8-195a3171a7c7 7bcccd163e0e48bebc1c69bc3f00f218 8806587621f347839f471b03381d3aaa - - default default] Successfully bumped revision number for resource 7be3f894-9947-438f-ac5b-15178370cd48 (type: security_group_rules) to 0
2026-05-09 22:56:23.096 10 INFO neutron.wsgi [None req-012e1b07-07ff-4a64-a4a8-195a3171a7c7 7bcccd163e0e48bebc1c69bc3f00f218 8806587621f347839f471b03381d3aaa - - default default] 10.0.0.214 "POST /v2.0/security-group-rules HTTP/1.1" status: 201 len: 769 time: 0.1323018
2026-05-09 22:56:23.105 10 WARNING neutron_lib.context [None req-6b73c23b-99dd-4569-aa63-b7c19f05a66a 7bcccd163e0e48bebc1c69bc3f00f218 8806587621f347839f471b03381d3aaa - - default default] Method 'is_advsvc' is deprecated since 2023.2 release (neutron-lib 3.8.0) and will be removed once support for the old RBAC API policies will be removed from Neutron. Please use method 'is_service_role' instead.
2026-05-09 22:56:23.290 9 INFO neutron.db.ovn_revision_numbers_db [None req-61b97f59-e4a1-4460-b948-6218e98da872 8df602c576ed4eb7a388b6ec3d9f6864 b51fdf18aad844e4af18a455445db30d - - default default] Successfully bumped revision number for resource 64e33e1a-9a4a-4d4c-acf8-9e5389b48506 (type: security_groups) to 1
2026-05-09 22:56:23.320 9 INFO neutron.db.ovn_revision_numbers_db [None req-61b97f59-e4a1-4460-b948-6218e98da872 8df602c576ed4eb7a388b6ec3d9f6864 b51fdf18aad844e4af18a455445db30d - - default default] Successfully bumped revision number for resource 10a0d7a8-130e-4fa1-8ec0-883886e82087 (type: security_group_rules) to 0
2026-05-09 22:56:23.339 9 INFO neutron.db.ovn_revision_numbers_db [None req-61b97f59-e4a1-4460-b948-6218e98da872 8df602c576ed4eb7a388b6ec3d9f6864 b51fdf18aad844e4af18a455445db30d - - default default] Successfully bumped revision number for resource 1ac71330-cc46-4849-99cc-22515b409c9e (type: security_group_rules) to 0
2026-05-09 22:56:23.356 10 WARNING neutron.scheduler.dhcp_agent_scheduler [None req-6b73c23b-99dd-4569-aa63-b7c19f05a66a 7bcccd163e0e48bebc1c69bc3f00f218 8806587621f347839f471b03381d3aaa - - default default] No more DHCP agents
2026-05-09 22:56:23.358 10 WARNING neutron.api.rpc.agentnotifiers.dhcp_rpc_agent_api [None req-6b73c23b-99dd-4569-aa63-b7c19f05a66a 7bcccd163e0e48bebc1c69bc3f00f218 8806587621f347839f471b03381d3aaa - - default default] Unable to schedule network 331ae174-097c-48c5-947d-49292eec1204: no agents available; will retry on subsequent port and subnet creation events.
2026-05-09 22:56:23.364 9 INFO neutron.db.ovn_revision_numbers_db [None req-61b97f59-e4a1-4460-b948-6218e98da872 8df602c576ed4eb7a388b6ec3d9f6864 b51fdf18aad844e4af18a455445db30d - - default default] Successfully bumped revision number for resource 39ae1774-cda3-4b49-a549-6f9faa619327 (type: security_group_rules) to 0
2026-05-09 22:56:23.379 9 INFO neutron.db.ovn_revision_numbers_db [None req-61b97f59-e4a1-4460-b948-6218e98da872 8df602c576ed4eb7a388b6ec3d9f6864 b51fdf18aad844e4af18a455445db30d - - default default] Successfully bumped revision number for resource 73036100-6a17-4020-922a-641ec1b0c628 (type: security_group_rules) to 0
2026-05-09 22:56:23.404 9 INFO neutron.wsgi [req-783800a9-bd99-4b75-898c-87cb2fb6db31 req-6f17408a-6b8e-4097-96bb-16b6efca43fd 9d970655bf074b629e7b7467e78980fb 1ec0a8b96e184bec97bfba10e7947f65 - - default default] 10.0.0.106 "GET /v2.0/ports?device_id=1a035ac0-4f96-4d60-9d13-a2ed06126286 HTTP/1.1" status: 200 len: 1168 time: 0.1101882
2026-05-09 22:56:23.408 9 INFO neutron.wsgi [None req-61b97f59-e4a1-4460-b948-6218e98da872 8df602c576ed4eb7a388b6ec3d9f6864 b51fdf18aad844e4af18a455445db30d - - default default] 10.0.0.214 "GET /v2.0/security-groups?tenant_id=243c323d651445a4a5d0fe0527626ae1&name=default HTTP/1.1" status: 200 len: 2996 time: 0.3969932
2026-05-09 22:56:23.451 9 INFO neutron.wsgi [req-783800a9-bd99-4b75-898c-87cb2fb6db31 req-8633aba2-98b9-4279-8489-4702caafbb5a 9d970655bf074b629e7b7467e78980fb 1ec0a8b96e184bec97bfba10e7947f65 - - default default] 10.0.0.106 "GET /v2.0/security-groups?id=ff02cfbe-b9d9-4af5-95e0-e18fc7b8262b&fields=id&fields=name HTTP/1.1" status: 200 len: 312 time: 0.0398386
2026-05-09 22:56:23.599 9 INFO neutron.wsgi [None req-c50c7e2e-39c7-447f-b4b0-07ea0f9f209b 8df602c576ed4eb7a388b6ec3d9f6864 b51fdf18aad844e4af18a455445db30d - - default default] 10.0.0.214 "DELETE /v2.0/security-groups/64e33e1a-9a4a-4d4c-acf8-9e5389b48506 HTTP/1.1" status: 204 len: 168 time: 0.1831105
2026-05-09 22:56:23.652 10 INFO neutron.db.ovn_revision_numbers_db [None req-6b73c23b-99dd-4569-aa63-b7c19f05a66a 7bcccd163e0e48bebc1c69bc3f00f218 8806587621f347839f471b03381d3aaa - - default default] Successfully bumped revision number for resource a82d8dfe-56b6-4276-8d16-8e64be3db34c (type: floatingips) to 0
2026-05-09 22:56:23.669 10 INFO neutron.wsgi [None req-6b73c23b-99dd-4569-aa63-b7c19f05a66a 7bcccd163e0e48bebc1c69bc3f00f218 8806587621f347839f471b03381d3aaa - - default default] 10.0.0.214 "POST /v2.0/floatingips HTTP/1.1" status: 201 len: 751 time: 0.5686450
2026-05-09 22:56:23.780 10 INFO neutron.wsgi [req-6496bd9a-8fdc-4fe4-9913-01962f20f0fe req-1dbdc12f-5174-4561-b087-68e57e1e85f3 7bcccd163e0e48bebc1c69bc3f00f218 8806587621f347839f471b03381d3aaa - - default default] 10.0.0.106 "GET /v2.0/security-groups?name=tempest-securitygroup--881813926&fields=id&tenant_id=8806587621f347839f471b03381d3aaa HTTP/1.1" status: 200 len: 267 time: 0.0377367
2026-05-09 22:56:23.828 10 INFO neutron.wsgi [req-6496bd9a-8fdc-4fe4-9913-01962f20f0fe req-4fd65d78-d11e-4689-be18-c93e72815b37 7bcccd163e0e48bebc1c69bc3f00f218 8806587621f347839f471b03381d3aaa - - default default] 10.0.0.106 "GET /v2.0/security-groups?name=tempest-secgroup-smoke-86693475&fields=id&tenant_id=8806587621f347839f471b03381d3aaa HTTP/1.1" status: 200 len: 267 time: 0.0378428
2026-05-09 22:56:23.900 10 INFO neutron.wsgi [req-6496bd9a-8fdc-4fe4-9913-01962f20f0fe req-1af250c2-6dda-4d25-b694-a2c3fbf7bbbd 7bcccd163e0e48bebc1c69bc3f00f218 8806587621f347839f471b03381d3aaa - - default default] 10.0.0.106 "GET /v2.0/networks?id=4143a9ff-5fd7-4422-a049-04b3f3d9c7b7 HTTP/1.1" status: 200 len: 871 time: 0.0633960
2026-05-09 22:56:23.920 10 INFO neutron.wsgi [req-6496bd9a-8fdc-4fe4-9913-01962f20f0fe req-8771f6b3-aeb6-46af-bbbd-1dd729d6785d 7bcccd163e0e48bebc1c69bc3f00f218 8806587621f347839f471b03381d3aaa - - default default] 10.0.0.106 "GET /v2.0/quotas/8806587621f347839f471b03381d3aaa HTTP/1.1" status: 200 len: 386 time: 0.0124416
2026-05-09 22:56:24.007 10 INFO neutron.wsgi [req-6496bd9a-8fdc-4fe4-9913-01962f20f0fe req-57a70573-8c31-4405-9fcb-46e9fe46cf43 7bcccd163e0e48bebc1c69bc3f00f218 8806587621f347839f471b03381d3aaa - - default default] 10.0.0.106 "GET /v2.0/ports?tenant_id=8806587621f347839f471b03381d3aaa&fields=id HTTP/1.1" status: 200 len: 302 time: 0.0826511
2026-05-09 22:56:24.082 10 INFO neutron.wsgi [req-6496bd9a-8fdc-4fe4-9913-01962f20f0fe req-25908f35-ffde-4e15-8aeb-602d40d2cb73 85346ff96472477b85427d9835cf6455 a87c074d5f924c5685712dc6e41e38b3 - - 6c1a401fdf844f518769ed403dc14c20 6c1a401fdf844f518769ed403dc14c20] 10.0.0.106 "GET /v2.0/networks/4143a9ff-5fd7-4422-a049-04b3f3d9c7b7?fields=segments HTTP/1.1" status: 200 len: 212 time: 0.0624034
2026-05-09 22:56:24.143 10 INFO neutron.wsgi [req-6496bd9a-8fdc-4fe4-9913-01962f20f0fe req-f680e595-2916-4af3-95d5-439d9b23d3ec 85346ff96472477b85427d9835cf6455 a87c074d5f924c5685712dc6e41e38b3 - - 6c1a401fdf844f518769ed403dc14c20 6c1a401fdf844f518769ed403dc14c20] 10.0.0.106 "GET /v2.0/networks/4143a9ff-5fd7-4422-a049-04b3f3d9c7b7?fields=provider%3Aphysical_network&fields=provider%3Anetwork_type HTTP/1.1" status: 200 len: 277 time: 0.0558074
2026-05-09 22:56:24.301 9 INFO neutron.wsgi [req-6b5b0070-99ba-4f6e-97bd-a96df584e8a9 req-ddc29cf2-b402-41e5-b98f-5e28dd29e0e5 7bcccd163e0e48bebc1c69bc3f00f218 8806587621f347839f471b03381d3aaa - - default default] 10.0.0.106 "GET /v2.0/ports?device_id=73e3d27b-45fb-47d6-9ace-26f3b99fcecf HTTP/1.1" status: 200 len: 210 time: 0.0218821
2026-05-09 22:56:24.625 10 INFO neutron.wsgi [req-95295aea-4cc8-43ea-8f64-aa9787ac7d9c req-0ee47b2e-c6b4-448f-8afe-e3824253c500 9d970655bf074b629e7b7467e78980fb 1ec0a8b96e184bec97bfba10e7947f65 - - default default] 10.0.0.106 "GET /v2.0/ports?device_id=1a035ac0-4f96-4d60-9d13-a2ed06126286 HTTP/1.1" status: 200 len: 1168 time: 0.0996644
2026-05-09 22:56:24.670 10 INFO neutron.wsgi [req-95295aea-4cc8-43ea-8f64-aa9787ac7d9c req-53fa6c68-6aab-40b3-a635-6fac1d6c9b5b 9d970655bf074b629e7b7467e78980fb 1ec0a8b96e184bec97bfba10e7947f65 - - default default] 10.0.0.106 "GET /v2.0/security-groups?id=ff02cfbe-b9d9-4af5-95e0-e18fc7b8262b&fields=id&fields=name HTTP/1.1" status: 200 len: 312 time: 0.0385106
2026-05-09 22:56:25.044 9 INFO neutron.wsgi [req-6496bd9a-8fdc-4fe4-9913-01962f20f0fe req-51ea9702-9e3e-4975-9777-9e7f458c9937 7bcccd163e0e48bebc1c69bc3f00f218 8806587621f347839f471b03381d3aaa - - default default] 199.204.45.35 "GET /v2.0/networks?id=4143a9ff-5fd7-4422-a049-04b3f3d9c7b7 HTTP/1.1" status: 200 len: 871 time: 0.0700207
2026-05-09 22:56:25.111 9 INFO neutron.wsgi [req-6496bd9a-8fdc-4fe4-9913-01962f20f0fe req-6d6fb37a-778b-4e3f-8684-658f53c3ff86 7bcccd163e0e48bebc1c69bc3f00f218 8806587621f347839f471b03381d3aaa - - default default] 199.204.45.35 "GET /v2.0/security-groups?fields=id&fields=name&tenant_id=8806587621f347839f471b03381d3aaa HTTP/1.1" status: 200 len: 470 time: 0.0626452
2026-05-09 22:56:25.123 9 WARNING neutron_lib.context [req-6496bd9a-8fdc-4fe4-9913-01962f20f0fe req-e32446ce-ed32-4a76-be2a-6439ce3d067a 7bcccd163e0e48bebc1c69bc3f00f218 8806587621f347839f471b03381d3aaa - - default default] Method 'is_advsvc' is deprecated since 2023.2 release (neutron-lib 3.8.0) and will be removed once support for the old RBAC API policies will be removed from Neutron. Please use method 'is_service_role' instead.
2026-05-09 22:56:25.247 9 WARNING neutron.plugins.ml2.drivers.ovn.mech_driver.ovsdb.ovn_client [None req-71f043e5-1309-4e04-8b43-f38cc1602804 - - - - - -] No hosting information found for port 18c6232a-96ce-4c7d-9d9a-0e8cc213017b: RuntimeError: No hosting information found for port 18c6232a-96ce-4c7d-9d9a-0e8cc213017b
2026-05-09 22:56:25.247 9 INFO neutron.plugins.ml2.drivers.ovn.mech_driver.mech_driver [None req-71f043e5-1309-4e04-8b43-f38cc1602804 - - - - - -] OVN reports status up for port: 8faf3977-bc51-4447-804f-21776f247479
2026-05-09 22:56:25.268 9 INFO neutron.plugins.ml2.plugin [None req-71f043e5-1309-4e04-8b43-f38cc1602804 - - - - - -] Attempt 1 to provision port 8faf3977-bc51-4447-804f-21776f247479
2026-05-09 22:56:25.374 9 INFO neutron.plugins.ml2.drivers.ovn.mech_driver.mech_driver [None req-71f043e5-1309-4e04-8b43-f38cc1602804 - - - - - -] OVN reports status up for port: 90c63483-4dfd-4178-b787-229701c2fdf4
2026-05-09 22:56:25.395 9 INFO neutron.plugins.ml2.plugin [None req-71f043e5-1309-4e04-8b43-f38cc1602804 - - - - - -] Attempt 1 to provision port 90c63483-4dfd-4178-b787-229701c2fdf4
2026-05-09 22:56:25.412 9 INFO neutron.wsgi [req-e4abcb5e-b9d7-4ab0-b22a-0734d28ba153 req-cd20f9e8-b7dc-4e36-aa1c-59114359f5e2 7bcccd163e0e48bebc1c69bc3f00f218 8806587621f347839f471b03381d3aaa - - default default] 10.0.0.106 "GET /v2.0/ports?device_id=73e3d27b-45fb-47d6-9ace-26f3b99fcecf HTTP/1.1" status: 200 len: 210 time: 0.0292864
2026-05-09 22:56:25.504 9 WARNING neutron.scheduler.dhcp_agent_scheduler [req-6496bd9a-8fdc-4fe4-9913-01962f20f0fe req-e32446ce-ed32-4a76-be2a-6439ce3d067a 7bcccd163e0e48bebc1c69bc3f00f218 8806587621f347839f471b03381d3aaa - - default default] No more DHCP agents
2026-05-09 22:56:25.507 9 WARNING neutron.api.rpc.agentnotifiers.dhcp_rpc_agent_api [req-6496bd9a-8fdc-4fe4-9913-01962f20f0fe req-e32446ce-ed32-4a76-be2a-6439ce3d067a 7bcccd163e0e48bebc1c69bc3f00f218 8806587621f347839f471b03381d3aaa - - default default] Unable to schedule network 4143a9ff-5fd7-4422-a049-04b3f3d9c7b7: no agents available; will retry on subsequent port and subnet creation events. /var/lib/openstack/lib/python3.10/site-packages/pycadf/identifier.py:71: UserWarning: Invalid uuid: neutron. To ensure interoperability, identifiers should be a valid uuid. warnings.warn(('Invalid uuid: %s. To ensure interoperability, '
2026-05-09 22:56:25.585 9 INFO neutron.wsgi [req-a56b4e72-47c0-4b64-abb9-6262da46030a req-0377bba3-0cb4-4869-abd3-ad0c535bac90 85346ff96472477b85427d9835cf6455 a87c074d5f924c5685712dc6e41e38b3 - - 6c1a401fdf844f518769ed403dc14c20 6c1a401fdf844f518769ed403dc14c20] 10.0.0.182 "GET /v2.0/ports?device_id=253de020-4a4e-4408-aa7c-d93423a291c2 HTTP/1.1" status: 200 len: 1409 time: 0.0589280
2026-05-09 22:56:25.779 10 INFO neutron.wsgi [req-9b48568e-2460-4f67-a2ab-627009e50003 req-ae3540de-c0e1-4315-bcc0-9a29a4b0e490 9d970655bf074b629e7b7467e78980fb 1ec0a8b96e184bec97bfba10e7947f65 - - default default] 10.0.0.106 "GET /v2.0/ports?device_id=1a035ac0-4f96-4d60-9d13-a2ed06126286 HTTP/1.1" status: 200 len: 1168 time: 0.0333860
