2026-05-09 22:55:53.011 9 INFO neutron.wsgi [req-1ee68fa6-f1ce-4a8c-b7ea-b7bae4370b95 req-cbf7d6c4-551e-4fab-9ec3-caecdffebf9b 76452630c6e042bc8c2018bb1ae223c7 a802bb84ce9e4588a065b76827fd0065 - - default default] 10.0.0.106 "GET /v2.0/security-groups?id=95f1682d-52fb-4fef-8588-20079034885e&fields=id&fields=name HTTP/1.1" status: 200 len: 286 time: 0.0359254
2026-05-09 22:55:53.068 9 WARNING neutron.plugins.ml2.drivers.ovn.mech_driver.ovsdb.ovn_client [None req-71f043e5-1309-4e04-8b43-f38cc1602804 - - - - - -] No hosting information found for port e7850204-60b6-4359-8ac2-bf7372b3ed63: RuntimeError: No hosting information found for port e7850204-60b6-4359-8ac2-bf7372b3ed63
2026-05-09 22:55:53.069 9 INFO neutron.plugins.ml2.drivers.ovn.mech_driver.mech_driver [None req-71f043e5-1309-4e04-8b43-f38cc1602804 - - - - - -] OVN reports status up for port: fe931cbc-3c58-4c72-8899-cd2a281a5771
2026-05-09 22:55:53.080 9 INFO neutron.plugins.ml2.plugin [None req-71f043e5-1309-4e04-8b43-f38cc1602804 - - - - - -] Attempt 1 to provision port fe931cbc-3c58-4c72-8899-cd2a281a5771
2026-05-09 22:55:53.210 9 INFO neutron.notifiers.nova [-] Nova event matching ['req-28801cdf-f5e9-4ee4-93cd-70999b01788a'] response: {'server_uuid': '253de020-4a4e-4408-aa7c-d93423a291c2', 'name': 'network-vif-plugged', 'status': 'completed', 'tag': 'fe931cbc-3c58-4c72-8899-cd2a281a5771', 'code': 200}
2026-05-09 22:55:53.364 9 INFO neutron.db.ovn_revision_numbers_db [None req-71f043e5-1309-4e04-8b43-f38cc1602804 - - - - - -] Successfully bumped revision number for resource fe931cbc-3c58-4c72-8899-cd2a281a5771 (type: ports) to 4
2026-05-09 22:55:53.438 9 INFO neutron.plugins.ml2.drivers.ovn.mech_driver.mech_driver [None req-71f043e5-1309-4e04-8b43-f38cc1602804 - - - - - -] OVN reports status up for port: 333e0cf3-1ce8-4e6f-aafd-caa4ce83f131
2026-05-09 22:55:53.467 9 INFO neutron.plugins.ml2.plugin [None req-71f043e5-1309-4e04-8b43-f38cc1602804 - - - - - -] Attempt 1 to provision port 333e0cf3-1ce8-4e6f-aafd-caa4ce83f131 /var/lib/openstack/lib/python3.10/site-packages/pycadf/identifier.py:71: UserWarning: Invalid uuid: neutron. To ensure interoperability, identifiers should be a valid uuid. warnings.warn(('Invalid uuid: %s. To ensure interoperability, '
2026-05-09 22:55:53.841 9 INFO neutron.wsgi [req-300ffd63-365c-4bba-8317-d6ff145305cd req-f2781a29-feed-4132-908b-fe04e3f697a8 4f59506a3ac44402a9f63c0b96918d3b d9054d28544c4ff7a78c470473e83457 - - default default] 10.0.0.106 "GET /v2.0/ports?device_id=253de020-4a4e-4408-aa7c-d93423a291c2 HTTP/1.1" status: 200 len: 1170 time: 0.0519509
2026-05-09 22:55:53.947 9 INFO neutron.wsgi [req-300ffd63-365c-4bba-8317-d6ff145305cd req-7f5e606d-f4e7-4b31-b6f8-674b78a9dde9 4f59506a3ac44402a9f63c0b96918d3b d9054d28544c4ff7a78c470473e83457 - - default default] 10.0.0.106 "GET /v2.0/security-groups?id=2ea643d9-a1e2-4f7a-b71f-b435094e610d&fields=id&fields=name HTTP/1.1" status: 200 len: 313 time: 0.0973532
2026-05-09 22:55:53.997 9 INFO neutron.db.ovn_revision_numbers_db [None req-71f043e5-1309-4e04-8b43-f38cc1602804 - - - - - -] Successfully bumped revision number for resource 333e0cf3-1ce8-4e6f-aafd-caa4ce83f131 (type: ports) to 4
2026-05-09 22:55:54.066 10 INFO neutron.wsgi [req-c0caf109-05d5-4cf9-81d9-de5112e5999b req-77f4c410-e015-4a57-9345-cf77488f7aa9 4f59506a3ac44402a9f63c0b96918d3b d9054d28544c4ff7a78c470473e83457 - - default default] 10.0.0.106 "GET /v2.0/ports?device_id=253de020-4a4e-4408-aa7c-d93423a291c2 HTTP/1.1" status: 200 len: 1170 time: 0.0458689 /var/lib/openstack/lib/python3.10/site-packages/pycadf/identifier.py:71: UserWarning: Invalid uuid: neutron. To ensure interoperability, identifiers should be a valid uuid. warnings.warn(('Invalid uuid: %s. To ensure interoperability, '
2026-05-09 22:55:54.120 9 INFO neutron.wsgi [req-6b105e9d-147d-435f-a90e-8e3b18078c98 req-0d80bd1b-64fb-4179-8c64-da4185364384 76452630c6e042bc8c2018bb1ae223c7 a802bb84ce9e4588a065b76827fd0065 - - default default] 10.0.0.106 "GET /v2.0/ports?device_id=5df29f9e-7b70-45d8-b79f-3f1e3045d941 HTTP/1.1" status: 200 len: 1170 time: 0.0430868
2026-05-09 22:55:54.166 9 INFO neutron.wsgi [req-6b105e9d-147d-435f-a90e-8e3b18078c98 req-b5baeeed-f96a-458c-b85b-38abdcd4870b 76452630c6e042bc8c2018bb1ae223c7 a802bb84ce9e4588a065b76827fd0065 - - default default] 10.0.0.106 "GET /v2.0/security-groups?id=95f1682d-52fb-4fef-8588-20079034885e&fields=id&fields=name HTTP/1.1" status: 200 len: 286 time: 0.0407929
2026-05-09 22:55:54.315 10 INFO neutron.db.l3_db [None req-3df3191d-4543-4fd9-84f8-9c0e47a0161a 4f59506a3ac44402a9f63c0b96918d3b d9054d28544c4ff7a78c470473e83457 - - default default] Floating IP d4093b3f-1f0d-420f-b192-4dbd96d54838 associated. External IP: 10.96.250.218, port: fe931cbc-3c58-4c72-8899-cd2a281a5771.
2026-05-09 22:55:54.537 10 INFO neutron.db.ovn_revision_numbers_db [None req-3df3191d-4543-4fd9-84f8-9c0e47a0161a 4f59506a3ac44402a9f63c0b96918d3b d9054d28544c4ff7a78c470473e83457 - - default default] Successfully bumped revision number for resource d4093b3f-1f0d-420f-b192-4dbd96d54838 (type: floatingips) to 1
2026-05-09 22:55:54.665 10 INFO neutron.db.ovn_revision_numbers_db [None req-3df3191d-4543-4fd9-84f8-9c0e47a0161a 4f59506a3ac44402a9f63c0b96918d3b d9054d28544c4ff7a78c470473e83457 - - default default] Successfully bumped revision number for resource d4093b3f-1f0d-420f-b192-4dbd96d54838 (type: floatingips) to 2
2026-05-09 22:55:54.694 10 INFO neutron.wsgi [None req-3df3191d-4543-4fd9-84f8-9c0e47a0161a 4f59506a3ac44402a9f63c0b96918d3b d9054d28544c4ff7a78c470473e83457 - - default default] 10.0.0.214 "PUT /v2.0/floatingips/d4093b3f-1f0d-420f-b192-4dbd96d54838 HTTP/1.1" status: 200 len: 1049 time: 0.6155539
2026-05-09 22:55:54.727 10 INFO neutron.notifiers.nova [-] Nova event matching ['req-d9d05463-a17a-4ffb-a7b7-88ff93ba2aca'] response: {'name': 'network-changed', 'server_uuid': '253de020-4a4e-4408-aa7c-d93423a291c2', 'tag': 'fe931cbc-3c58-4c72-8899-cd2a281a5771', 'status': 'completed', 'code': 200}
2026-05-09 22:55:54.782 9 INFO neutron.wsgi [req-d003b631-7cc1-4f7f-8f39-3c4680e15b16 req-153a2632-9b41-44d5-ba3c-4143ea498555 85346ff96472477b85427d9835cf6455 a87c074d5f924c5685712dc6e41e38b3 - - 6c1a401fdf844f518769ed403dc14c20 6c1a401fdf844f518769ed403dc14c20] 199.204.45.35 "GET /v2.0/ports?tenant_id=d9054d28544c4ff7a78c470473e83457&device_id=253de020-4a4e-4408-aa7c-d93423a291c2 HTTP/1.1" status: 200 len: 1409 time: 0.0351756
2026-05-09 22:55:54.855 9 INFO neutron.wsgi [req-d003b631-7cc1-4f7f-8f39-3c4680e15b16 req-af881014-40cb-4088-88e0-34e2e4537530 85346ff96472477b85427d9835cf6455 a87c074d5f924c5685712dc6e41e38b3 - - 6c1a401fdf844f518769ed403dc14c20 6c1a401fdf844f518769ed403dc14c20] 199.204.45.35 "GET /v2.0/networks?id=f9f76884-0871-4344-9825-61812e54423c HTTP/1.1" status: 200 len: 974 time: 0.0660343
2026-05-09 22:55:54.923 9 INFO neutron.wsgi [req-d003b631-7cc1-4f7f-8f39-3c4680e15b16 req-de4d690b-e4f9-43e9-8a0f-fdd7cfe833a8 85346ff96472477b85427d9835cf6455 a87c074d5f924c5685712dc6e41e38b3 - - 6c1a401fdf844f518769ed403dc14c20 6c1a401fdf844f518769ed403dc14c20] 199.204.45.35 "GET /v2.0/floatingips?fixed_ip_address=10.100.0.4&port_id=fe931cbc-3c58-4c72-8899-cd2a281a5771 HTTP/1.1" status: 200 len: 1059 time: 0.0605402
2026-05-09 22:55:54.968 9 INFO neutron.wsgi [req-d003b631-7cc1-4f7f-8f39-3c4680e15b16 req-84b3ee4f-2064-4735-9c8c-b3d6134bc6f6 85346ff96472477b85427d9835cf6455 a87c074d5f924c5685712dc6e41e38b3 - - 6c1a401fdf844f518769ed403dc14c20 6c1a401fdf844f518769ed403dc14c20] 199.204.45.35 "GET /v2.0/subnets?id=3ccccd7a-ab25-471e-b27c-b84f7917aac2 HTTP/1.1" status: 200 len: 869 time: 0.0407424
2026-05-09 22:55:54.995 9 INFO neutron.wsgi [req-d003b631-7cc1-4f7f-8f39-3c4680e15b16 req-15585435-124a-4ebd-80d2-5afb4f26709d 85346ff96472477b85427d9835cf6455 a87c074d5f924c5685712dc6e41e38b3 - - 6c1a401fdf844f518769ed403dc14c20 6c1a401fdf844f518769ed403dc14c20] 199.204.45.35 "GET /v2.0/ports?network_id=f9f76884-0871-4344-9825-61812e54423c&device_owner=network%3Adhcp HTTP/1.1" status: 200 len: 210 time: 0.0205212
2026-05-09 22:55:55.069 9 INFO neutron.wsgi [req-d003b631-7cc1-4f7f-8f39-3c4680e15b16 req-7ffd7b4c-a48f-4a58-9eaa-d7a992d6176e 85346ff96472477b85427d9835cf6455 a87c074d5f924c5685712dc6e41e38b3 - - 6c1a401fdf844f518769ed403dc14c20 6c1a401fdf844f518769ed403dc14c20] 199.204.45.35 "GET /v2.0/networks/f9f76884-0871-4344-9825-61812e54423c?fields=segments HTTP/1.1" status: 200 len: 212 time: 0.0638590
2026-05-09 22:55:55.142 9 INFO neutron.wsgi [req-d003b631-7cc1-4f7f-8f39-3c4680e15b16 req-2cf1a12d-375a-4a24-95c2-a680020f15eb 85346ff96472477b85427d9835cf6455 a87c074d5f924c5685712dc6e41e38b3 - - 6c1a401fdf844f518769ed403dc14c20 6c1a401fdf844f518769ed403dc14c20] 199.204.45.35 "GET /v2.0/networks/f9f76884-0871-4344-9825-61812e54423c?fields=provider%3Aphysical_network&fields=provider%3Anetwork_type HTTP/1.1" status: 200 len: 277 time: 0.0684340 /var/lib/openstack/lib/python3.10/site-packages/pycadf/identifier.py:71: UserWarning: Invalid uuid: neutron. To ensure interoperability, identifiers should be a valid uuid. warnings.warn(('Invalid uuid: %s. To ensure interoperability, '
2026-05-09 22:55:55.271 9 INFO neutron.notifiers.nova [-] Nova event matching ['req-6fc62be9-ce75-41a4-b8a0-635a14917d35'] response: {'server_uuid': '253de020-4a4e-4408-aa7c-d93423a291c2', 'name': 'network-vif-plugged', 'status': 'completed', 'tag': 'fe931cbc-3c58-4c72-8899-cd2a281a5771', 'code': 200}
2026-05-09 22:55:55.271 9 INFO neutron.notifiers.nova [-] Nova event matching ['req-6fc62be9-ce75-41a4-b8a0-635a14917d35'] response: {'server_uuid': '5df29f9e-7b70-45d8-b79f-3f1e3045d941', 'name': 'network-vif-plugged', 'status': 'completed', 'tag': '333e0cf3-1ce8-4e6f-aafd-caa4ce83f131', 'code': 200}
2026-05-09 22:55:55.271 9 INFO neutron.notifiers.nova [-] Nova event matching ['req-6fc62be9-ce75-41a4-b8a0-635a14917d35'] response: {'server_uuid': '5df29f9e-7b70-45d8-b79f-3f1e3045d941', 'name': 'network-vif-plugged', 'status': 'completed', 'tag': '333e0cf3-1ce8-4e6f-aafd-caa4ce83f131', 'code': 200}
2026-05-09 22:55:55.280 10 INFO neutron.db.ovn_revision_numbers_db [None req-9890f472-7442-4618-89b6-37ba88e3f4f3 8df602c576ed4eb7a388b6ec3d9f6864 b51fdf18aad844e4af18a455445db30d - - default default] Successfully bumped revision number for resource 714c8606-b2ae-4f91-9acc-3e31779cd79c (type: security_groups) to 1
2026-05-09 22:55:55.290 9 INFO neutron.wsgi [req-2b7710c2-b236-488a-8796-e7ec84ddcc16 req-fd17da67-cd1f-4c6c-880b-dcb00455f0d7 76452630c6e042bc8c2018bb1ae223c7 a802bb84ce9e4588a065b76827fd0065 - - default default] 10.0.0.106 "GET /v2.0/ports?device_id=5df29f9e-7b70-45d8-b79f-3f1e3045d941 HTTP/1.1" status: 200 len: 1170 time: 0.0499828
2026-05-09 22:55:55.300 10 INFO neutron.db.ovn_revision_numbers_db [None req-9890f472-7442-4618-89b6-37ba88e3f4f3 8df602c576ed4eb7a388b6ec3d9f6864 b51fdf18aad844e4af18a455445db30d - - default default] Successfully bumped revision number for resource 7c90b678-3d95-401f-8c94-0bebcac23095 (type: security_group_rules) to 0
2026-05-09 22:55:55.324 10 INFO neutron.db.ovn_revision_numbers_db [None req-9890f472-7442-4618-89b6-37ba88e3f4f3 8df602c576ed4eb7a388b6ec3d9f6864 b51fdf18aad844e4af18a455445db30d - - default default] Successfully bumped revision number for resource 7ce597a6-d7f0-408c-8cc5-dc95d344bca4 (type: security_group_rules) to 0
2026-05-09 22:55:55.344 10 INFO neutron.db.ovn_revision_numbers_db [None req-9890f472-7442-4618-89b6-37ba88e3f4f3 8df602c576ed4eb7a388b6ec3d9f6864 b51fdf18aad844e4af18a455445db30d - - default default] Successfully bumped revision number for resource 8cdd837f-9c82-4a78-8db0-6e9379078dba (type: security_group_rules) to 0
2026-05-09 22:55:55.350 9 INFO neutron.wsgi [req-2b7710c2-b236-488a-8796-e7ec84ddcc16 req-6f880594-5ddd-4dd7-9fc1-86f97da111e6 76452630c6e042bc8c2018bb1ae223c7 a802bb84ce9e4588a065b76827fd0065 - - default default] 10.0.0.106 "GET /v2.0/security-groups?id=95f1682d-52fb-4fef-8588-20079034885e&fields=id&fields=name HTTP/1.1" status: 200 len: 286 time: 0.0507262
2026-05-09 22:55:55.362 10 INFO neutron.db.ovn_revision_numbers_db [None req-9890f472-7442-4618-89b6-37ba88e3f4f3 8df602c576ed4eb7a388b6ec3d9f6864 b51fdf18aad844e4af18a455445db30d - - default default] Successfully bumped revision number for resource c04ec8bd-5ba8-4a7c-848d-dcf2fc8a4a24 (type: security_group_rules) to 0
2026-05-09 22:55:55.385 10 INFO neutron.wsgi [None req-9890f472-7442-4618-89b6-37ba88e3f4f3 8df602c576ed4eb7a388b6ec3d9f6864 b51fdf18aad844e4af18a455445db30d - - default default] 10.0.0.214 "GET /v2.0/security-groups?tenant_id=c07558aec98c49d4ac234c7095953fa3&name=default HTTP/1.1" status: 200 len: 2996 time: 0.4689591
2026-05-09 22:55:55.599 10 INFO neutron.wsgi [None req-d7fff2e1-2025-4f9b-9f38-e4af65f313d1 8df602c576ed4eb7a388b6ec3d9f6864 b51fdf18aad844e4af18a455445db30d - - default default] 10.0.0.214 "DELETE /v2.0/security-groups/714c8606-b2ae-4f91-9acc-3e31779cd79c HTTP/1.1" status: 204 len: 168 time: 0.2055743
2026-05-09 22:55:56.516 10 INFO neutron.wsgi [req-5e08e573-840e-40b3-9562-1f0e67378b9c req-e204de32-292a-47c3-bee7-f28dc49f67b5 76452630c6e042bc8c2018bb1ae223c7 a802bb84ce9e4588a065b76827fd0065 - - default default] 10.0.0.106 "GET /v2.0/ports?device_id=5df29f9e-7b70-45d8-b79f-3f1e3045d941 HTTP/1.1" status: 200 len: 1170 time: 0.0986125
2026-05-09 22:55:56.561 10 INFO neutron.wsgi [req-5e08e573-840e-40b3-9562-1f0e67378b9c req-33b1452a-6174-469c-9a3c-3d2a3190bd1f 76452630c6e042bc8c2018bb1ae223c7 a802bb84ce9e4588a065b76827fd0065 - - default default] 10.0.0.106 "GET /v2.0/security-groups?id=95f1682d-52fb-4fef-8588-20079034885e&fields=id&fields=name HTTP/1.1" status: 200 len: 286 time: 0.0372062
2026-05-09 22:55:57.165 9 INFO neutron.plugins.ml2.drivers.ovn.mech_driver.mech_driver [None req-71f043e5-1309-4e04-8b43-f38cc1602804 - - - - - -] OVN reports status down for port: 333e0cf3-1ce8-4e6f-aafd-caa4ce83f131
2026-05-09 22:55:57.208 10 INFO neutron.wsgi [req-9b974c81-4aab-4963-bf78-7a02a079cd11 req-90a24368-07d9-45b9-be40-98bdf8f3f78e 76452630c6e042bc8c2018bb1ae223c7 a802bb84ce9e4588a065b76827fd0065 - - default default] 10.0.0.106 "GET /v2.0/ports?device_id=5df29f9e-7b70-45d8-b79f-3f1e3045d941 HTTP/1.1" status: 200 len: 1170 time: 0.0615335
2026-05-09 22:55:57.277 10 INFO neutron.wsgi [req-9b974c81-4aab-4963-bf78-7a02a079cd11 req-cb56d6db-6c3a-4b84-a0e2-314446cdf833 76452630c6e042bc8c2018bb1ae223c7 a802bb84ce9e4588a065b76827fd0065 - - default default] 10.0.0.106 "GET /v2.0/security-groups?id=95f1682d-52fb-4fef-8588-20079034885e&fields=id&fields=name HTTP/1.1" status: 200 len: 286 time: 0.0610695
2026-05-09 22:55:57.369 9 INFO neutron.notifiers.nova [-] Nova event matching ['req-5b5a20b1-da62-4d5d-b38c-4bd7c23812ab'] response: {'server_uuid': '5df29f9e-7b70-45d8-b79f-3f1e3045d941', 'name': 'network-vif-unplugged', 'status': 'completed', 'tag': '333e0cf3-1ce8-4e6f-aafd-caa4ce83f131', 'code': 200}
2026-05-09 22:55:57.495 9 INFO neutron.wsgi [req-b9403590-fa78-476a-add8-da0fbb95c3d9 req-ef9928e0-d9d4-42a3-8d2a-2b3381636488 76452630c6e042bc8c2018bb1ae223c7 a802bb84ce9e4588a065b76827fd0065 - - default default] 199.204.45.35 "GET /v2.0/ports?device_id=5df29f9e-7b70-45d8-b79f-3f1e3045d941 HTTP/1.1" status: 200 len: 1168 time: 0.0536559
2026-05-09 22:55:57.584 9 INFO neutron.db.ovn_revision_numbers_db [None req-71f043e5-1309-4e04-8b43-f38cc1602804 - - - - - -] Successfully bumped revision number for resource 333e0cf3-1ce8-4e6f-aafd-caa4ce83f131 (type: ports) to 5
2026-05-09 22:55:57.686 10 WARNING neutron_lib.context [None req-7e0359a6-b48c-42d4-b33e-ccff4690b82e ae5a952bbe9f4e819c2b95ab58c66ba8 8a610ec2afea4e24a3aa3ae63aff6644 - - default default] Method 'is_advsvc' is deprecated since 2023.2 release (neutron-lib 3.8.0) and will be removed once support for the old RBAC API policies will be removed from Neutron. Please use method 'is_service_role' instead.
2026-05-09 22:55:57.806 9 INFO neutron.wsgi [req-b9403590-fa78-476a-add8-da0fbb95c3d9 req-c863b2d9-27a1-41a4-9821-44fd35ef02d6 76452630c6e042bc8c2018bb1ae223c7 a802bb84ce9e4588a065b76827fd0065 - - default default] 199.204.45.35 "DELETE /v2.0/ports/333e0cf3-1ce8-4e6f-aafd-caa4ce83f131 HTTP/1.1" status: 204 len: 173 time: 0.3057241
2026-05-09 22:55:57.816 10 INFO neutron.db.ovn_revision_numbers_db [None req-7e0359a6-b48c-42d4-b33e-ccff4690b82e ae5a952bbe9f4e819c2b95ab58c66ba8 8a610ec2afea4e24a3aa3ae63aff6644 - - default default] Successfully bumped revision number for resource fbe6da58-6563-406b-8294-2ba29be2c36f (type: security_groups) to 1
2026-05-09 22:55:57.831 10 INFO neutron.db.ovn_revision_numbers_db [None req-7e0359a6-b48c-42d4-b33e-ccff4690b82e ae5a952bbe9f4e819c2b95ab58c66ba8 8a610ec2afea4e24a3aa3ae63aff6644 - - default default] Successfully bumped revision number for resource 25ea9b80-6038-4ed1-b284-210a41c9ba1f (type: security_group_rules) to 0
2026-05-09 22:55:57.848 10 INFO neutron.db.ovn_revision_numbers_db [None req-7e0359a6-b48c-42d4-b33e-ccff4690b82e ae5a952bbe9f4e819c2b95ab58c66ba8 8a610ec2afea4e24a3aa3ae63aff6644 - - default default] Successfully bumped revision number for resource 46cc4bad-dc46-4c89-9da1-30f2fe0f80b9 (type: security_group_rules) to 0
2026-05-09 22:55:57.866 10 INFO neutron.db.ovn_revision_numbers_db [None req-7e0359a6-b48c-42d4-b33e-ccff4690b82e ae5a952bbe9f4e819c2b95ab58c66ba8 8a610ec2afea4e24a3aa3ae63aff6644 - - default default] Successfully bumped revision number for resource be51ee99-0f13-499e-a115-232468b575f0 (type: security_group_rules) to 0
2026-05-09 22:55:57.883 10 INFO neutron.db.ovn_revision_numbers_db [None req-7e0359a6-b48c-42d4-b33e-ccff4690b82e ae5a952bbe9f4e819c2b95ab58c66ba8 8a610ec2afea4e24a3aa3ae63aff6644 - - default default] Successfully bumped revision number for resource feba8a4c-0447-4793-b10d-20185c201454 (type: security_group_rules) to 0
2026-05-09 22:55:57.941 10 INFO neutron.db.segments_db [None req-7e0359a6-b48c-42d4-b33e-ccff4690b82e ae5a952bbe9f4e819c2b95ab58c66ba8 8a610ec2afea4e24a3aa3ae63aff6644 - - default default] Added segment efd0a034-5350-4967-96a1-4d4b5c84b9d2 of type geneve for network 4a630f20-24ef-4b50-bf81-3183f034dedb
2026-05-09 22:55:58.101 10 INFO neutron.db.ovn_revision_numbers_db [None req-7e0359a6-b48c-42d4-b33e-ccff4690b82e ae5a952bbe9f4e819c2b95ab58c66ba8 8a610ec2afea4e24a3aa3ae63aff6644 - - default default] Successfully bumped revision number for resource 4a630f20-24ef-4b50-bf81-3183f034dedb (type: networks) to 1
2026-05-09 22:55:58.294 10 WARNING neutron.scheduler.dhcp_agent_scheduler [None req-7e0359a6-b48c-42d4-b33e-ccff4690b82e ae5a952bbe9f4e819c2b95ab58c66ba8 8a610ec2afea4e24a3aa3ae63aff6644 - - default default] No more DHCP agents
2026-05-09 22:55:58.295 10 WARNING neutron.api.rpc.agentnotifiers.dhcp_rpc_agent_api [None req-7e0359a6-b48c-42d4-b33e-ccff4690b82e ae5a952bbe9f4e819c2b95ab58c66ba8 8a610ec2afea4e24a3aa3ae63aff6644 - - default default] Unable to schedule network 4a630f20-24ef-4b50-bf81-3183f034dedb: no agents available; will retry on subsequent port and subnet creation events.
2026-05-09 22:55:58.373 10 INFO neutron.db.ovn_revision_numbers_db [None req-7e0359a6-b48c-42d4-b33e-ccff4690b82e ae5a952bbe9f4e819c2b95ab58c66ba8 8a610ec2afea4e24a3aa3ae63aff6644 - - default default] Successfully bumped revision number for resource b85f69b5-004e-423b-b1e8-7e7377c96c0f (type: ports) to 1
2026-05-09 22:55:58.395 10 INFO neutron.wsgi [None req-7e0359a6-b48c-42d4-b33e-ccff4690b82e ae5a952bbe9f4e819c2b95ab58c66ba8 8a610ec2afea4e24a3aa3ae63aff6644 - - default default] 10.0.0.214 "POST /v2.0/networks HTTP/1.1" status: 201 len: 849 time: 0.9210556
2026-05-09 22:55:58.405 10 WARNING neutron_lib.context [None req-bab8412a-776d-4aa1-b5fc-dd46a486c232 ae5a952bbe9f4e819c2b95ab58c66ba8 8a610ec2afea4e24a3aa3ae63aff6644 - - default default] Method 'is_advsvc' is deprecated since 2023.2 release (neutron-lib 3.8.0) and will be removed once support for the old RBAC API policies will be removed from Neutron. Please use method 'is_service_role' instead.
2026-05-09 22:55:58.642 10 WARNING neutron.scheduler.dhcp_agent_scheduler [None req-bab8412a-776d-4aa1-b5fc-dd46a486c232 ae5a952bbe9f4e819c2b95ab58c66ba8 8a610ec2afea4e24a3aa3ae63aff6644 - - default default] No more DHCP agents
2026-05-09 22:55:58.644 10 WARNING neutron.api.rpc.agentnotifiers.dhcp_rpc_agent_api [None req-bab8412a-776d-4aa1-b5fc-dd46a486c232 ae5a952bbe9f4e819c2b95ab58c66ba8 8a610ec2afea4e24a3aa3ae63aff6644 - - default default] Unable to schedule network 4a630f20-24ef-4b50-bf81-3183f034dedb: no agents available; will retry on subsequent port and subnet creation events.
2026-05-09 22:55:58.670 10 INFO neutron.db.ovn_revision_numbers_db [None req-bab8412a-776d-4aa1-b5fc-dd46a486c232 ae5a952bbe9f4e819c2b95ab58c66ba8 8a610ec2afea4e24a3aa3ae63aff6644 - - default default] Successfully bumped revision number for resource f70e7a0c-78c1-413a-b1b9-fdb98ca9bd5d (type: subnets) to 0
2026-05-09 22:55:58.685 10 INFO neutron.wsgi [None req-bab8412a-776d-4aa1-b5fc-dd46a486c232 ae5a952bbe9f4e819c2b95ab58c66ba8 8a610ec2afea4e24a3aa3ae63aff6644 - - default default] 10.0.0.214 "POST /v2.0/subnets HTTP/1.1" status: 201 len: 802 time: 0.2849231
2026-05-09 22:55:58.698 10 WARNING neutron_lib.context [None req-d3f35523-03b7-407a-95c1-35bf64afc936 ae5a952bbe9f4e819c2b95ab58c66ba8 8a610ec2afea4e24a3aa3ae63aff6644 - - default default] Method 'is_advsvc' is deprecated since 2023.2 release (neutron-lib 3.8.0) and will be removed once support for the old RBAC API policies will be removed from Neutron. Please use method 'is_service_role' instead.
2026-05-09 22:55:59.130 10 WARNING neutron.scheduler.dhcp_agent_scheduler [None req-d3f35523-03b7-407a-95c1-35bf64afc936 ae5a952bbe9f4e819c2b95ab58c66ba8 8a610ec2afea4e24a3aa3ae63aff6644 - - default default] No more DHCP agents
2026-05-09 22:55:59.132 10 WARNING neutron.api.rpc.agentnotifiers.dhcp_rpc_agent_api [None req-d3f35523-03b7-407a-95c1-35bf64afc936 ae5a952bbe9f4e819c2b95ab58c66ba8 8a610ec2afea4e24a3aa3ae63aff6644 - - default default] Unable to schedule network 331ae174-097c-48c5-947d-49292eec1204: no agents available; will retry on subsequent port and subnet creation events.
2026-05-09 22:55:59.293 10 INFO neutron.db.ovn_revision_numbers_db [None req-d3f35523-03b7-407a-95c1-35bf64afc936 ae5a952bbe9f4e819c2b95ab58c66ba8 8a610ec2afea4e24a3aa3ae63aff6644 - - default default] Successfully bumped revision number for resource 43cde8b8-1ad1-4732-b9c8-03c3db099b39 (type: ports) to 1
2026-05-09 22:55:59.409 9 INFO neutron.notifiers.nova [-] Nova event matching ['req-49282102-7984-4ca5-9571-2c5ad4d83124'] response: {'server_uuid': '5df29f9e-7b70-45d8-b79f-3f1e3045d941', 'name': 'network-vif-plugged', 'status': 'completed', 'tag': '333e0cf3-1ce8-4e6f-aafd-caa4ce83f131', 'code': 200}
2026-05-09 22:55:59.409 9 INFO neutron.notifiers.nova [-] Nova event matching ['req-49282102-7984-4ca5-9571-2c5ad4d83124'] response: {'server_uuid': '5df29f9e-7b70-45d8-b79f-3f1e3045d941', 'name': 'network-vif-deleted', 'tag': '333e0cf3-1ce8-4e6f-aafd-caa4ce83f131', 'status': 'completed', 'code': 200} /var/lib/openstack/lib/python3.10/site-packages/pycadf/identifier.py:71: UserWarning: Invalid uuid: neutron. To ensure interoperability, identifiers should be a valid uuid. warnings.warn(('Invalid uuid: %s. To ensure interoperability, '
2026-05-09 22:56:00.034 10 INFO neutron.plugins.ml2.drivers.ovn.mech_driver.mech_driver [None req-cd05494e-96de-4e18-ab90-4c0885dfd4f5 - - - - - -] OVN reports status up for port: 43cde8b8-1ad1-4732-b9c8-03c3db099b39
2026-05-09 22:56:00.048 10 INFO neutron.plugins.ml2.plugin [None req-cd05494e-96de-4e18-ab90-4c0885dfd4f5 - - - - - -] Attempt 1 to provision port 43cde8b8-1ad1-4732-b9c8-03c3db099b39
2026-05-09 22:56:00.071 10 INFO neutron.db.ovn_revision_numbers_db [None req-d3f35523-03b7-407a-95c1-35bf64afc936 ae5a952bbe9f4e819c2b95ab58c66ba8 8a610ec2afea4e24a3aa3ae63aff6644 - - default default] Successfully bumped revision number for resource 43cde8b8-1ad1-4732-b9c8-03c3db099b39 (type: router_ports) to 1
2026-05-09 22:56:00.151 10 INFO neutron.db.ovn_revision_numbers_db [None req-d3f35523-03b7-407a-95c1-35bf64afc936 ae5a952bbe9f4e819c2b95ab58c66ba8 8a610ec2afea4e24a3aa3ae63aff6644 - - default default] Successfully bumped revision number for resource d78e2c05-9ce7-491d-bf76-7c1004fc36cc (type: routers) to 2
2026-05-09 22:56:00.163 10 INFO neutron.wsgi [None req-d3f35523-03b7-407a-95c1-35bf64afc936 ae5a952bbe9f4e819c2b95ab58c66ba8 8a610ec2afea4e24a3aa3ae63aff6644 - - default default] 10.0.0.214 "POST /v2.0/routers HTTP/1.1" status: 201 len: 873 time: 1.4716923
2026-05-09 22:56:00.360 10 INFO neutron.wsgi [-] 10.0.0.138 "GET / HTTP/1.1" status: 200 len: 247 time: 0.0011761
2026-05-09 22:56:00.360 9 INFO neutron.wsgi [-] 10.0.0.138 "GET / HTTP/1.1" status: 200 len: 247 time: 0.0017478
2026-05-09 22:56:00.601 9 INFO neutron.wsgi [None req-49c887a3-12f9-499b-ab14-02a15237909a 8df602c576ed4eb7a388b6ec3d9f6864 b51fdf18aad844e4af18a455445db30d - - default default] 10.0.0.214 "PUT /v2.0/routers/ecc0aafe-b203-4a8e-90e1-a2b5b0b89a2d/remove_router_interface HTTP/1.1" status: 200 len: 503 time: 1.1000342
2026-05-09 22:56:00.695 10 WARNING neutron.scheduler.dhcp_agent_scheduler [None req-0f0e2af6-eba5-4abf-8362-6d32230e10c0 ae5a952bbe9f4e819c2b95ab58c66ba8 8a610ec2afea4e24a3aa3ae63aff6644 - - default default] No more DHCP agents
2026-05-09 22:56:00.709 10 WARNING neutron.api.rpc.agentnotifiers.dhcp_rpc_agent_api [None req-0f0e2af6-eba5-4abf-8362-6d32230e10c0 ae5a952bbe9f4e819c2b95ab58c66ba8 8a610ec2afea4e24a3aa3ae63aff6644 - - default default] Unable to schedule network 4a630f20-24ef-4b50-bf81-3183f034dedb: no agents available; will retry on subsequent port and subnet creation events.
2026-05-09 22:56:00.923 10 INFO neutron.db.ovn_revision_numbers_db [None req-0f0e2af6-eba5-4abf-8362-6d32230e10c0 ae5a952bbe9f4e819c2b95ab58c66ba8 8a610ec2afea4e24a3aa3ae63aff6644 - - default default] Successfully bumped revision number for resource d1492da8-d087-4efc-8928-6d916d762e47 (type: ports) to 1
2026-05-09 22:56:01.809 10 INFO neutron.db.ovn_revision_numbers_db [None req-0f0e2af6-eba5-4abf-8362-6d32230e10c0 ae5a952bbe9f4e819c2b95ab58c66ba8 8a610ec2afea4e24a3aa3ae63aff6644 - - default default] Successfully bumped revision number for resource d1492da8-d087-4efc-8928-6d916d762e47 (type: router_ports) to 1
2026-05-09 22:56:01.863 10 INFO neutron.wsgi [None req-c7db8e89-291e-458e-ad57-1220393f7cc7 8df602c576ed4eb7a388b6ec3d9f6864 b51fdf18aad844e4af18a455445db30d - - default default] 10.0.0.214 "DELETE /v2.0/routers/ecc0aafe-b203-4a8e-90e1-a2b5b0b89a2d HTTP/1.1" status: 204 len: 168 time: 1.2570028 /var/lib/openstack/lib/python3.10/site-packages/pycadf/identifier.py:71: UserWarning: Invalid uuid: neutron. To ensure interoperability, identifiers should be a valid uuid. warnings.warn(('Invalid uuid: %s. To ensure interoperability, '
2026-05-09 22:56:02.000 10 INFO neutron.db.ovn_revision_numbers_db [None req-0f0e2af6-eba5-4abf-8362-6d32230e10c0 ae5a952bbe9f4e819c2b95ab58c66ba8 8a610ec2afea4e24a3aa3ae63aff6644 - - default default] Successfully bumped revision number for resource d1492da8-d087-4efc-8928-6d916d762e47 (type: ports) to 1
2026-05-09 22:56:02.080 10 WARNING neutron.scheduler.dhcp_agent_scheduler [None req-0f0e2af6-eba5-4abf-8362-6d32230e10c0 ae5a952bbe9f4e819c2b95ab58c66ba8 8a610ec2afea4e24a3aa3ae63aff6644 - - default default] No more DHCP agents
2026-05-09 22:56:02.081 10 WARNING neutron.api.rpc.agentnotifiers.dhcp_rpc_agent_api [None req-0f0e2af6-eba5-4abf-8362-6d32230e10c0 ae5a952bbe9f4e819c2b95ab58c66ba8 8a610ec2afea4e24a3aa3ae63aff6644 - - default default] Unable to schedule network 4a630f20-24ef-4b50-bf81-3183f034dedb: no agents available; will retry on subsequent port and subnet creation events.
2026-05-09 22:56:02.084 9 INFO neutron.db.ovn_revision_numbers_db [None req-61d4d4b8-dcf5-4e6f-94a5-c50da4114474 8df602c576ed4eb7a388b6ec3d9f6864 b51fdf18aad844e4af18a455445db30d - - default default] Successfully bumped revision number for resource a903b961-f192-41f1-9090-fa9736dcfbb2 (type: security_groups) to 1
2026-05-09 22:56:02.097 9 INFO neutron.db.ovn_revision_numbers_db [None req-61d4d4b8-dcf5-4e6f-94a5-c50da4114474 8df602c576ed4eb7a388b6ec3d9f6864 b51fdf18aad844e4af18a455445db30d - - default default] Successfully bumped revision number for resource 0312c212-1692-4a18-9a7a-6c2acb32d459 (type: security_group_rules) to 0
2026-05-09 22:56:02.101 10 INFO neutron.wsgi [None req-22f27ae2-3b77-4fd8-907c-119c9dd497d0 8df602c576ed4eb7a388b6ec3d9f6864 b51fdf18aad844e4af18a455445db30d - - default default] 10.0.0.214 "DELETE /v2.0/subnets/de040453-97f0-4208-9ad6-8a40357e6c27 HTTP/1.1" status: 204 len: 168 time: 0.2329662
2026-05-09 22:56:02.121 9 INFO neutron.db.ovn_revision_numbers_db [None req-61d4d4b8-dcf5-4e6f-94a5-c50da4114474 8df602c576ed4eb7a388b6ec3d9f6864 b51fdf18aad844e4af18a455445db30d - - default default] Successfully bumped revision number for resource 4b376951-839c-4dab-b24f-094229a2a7ee (type: security_group_rules) to 0
2026-05-09 22:56:02.144 9 INFO neutron.db.ovn_revision_numbers_db [None req-61d4d4b8-dcf5-4e6f-94a5-c50da4114474 8df602c576ed4eb7a388b6ec3d9f6864 b51fdf18aad844e4af18a455445db30d - - default default] Successfully bumped revision number for resource 83a9168a-c2b1-4d2c-ac59-43905147e68f (type: security_group_rules) to 0
2026-05-09 22:56:02.161 9 INFO neutron.db.ovn_revision_numbers_db [None req-61d4d4b8-dcf5-4e6f-94a5-c50da4114474 8df602c576ed4eb7a388b6ec3d9f6864 b51fdf18aad844e4af18a455445db30d - - default default] Successfully bumped revision number for resource 9f8cd22b-d2eb-40cf-a890-652bfb63f75e (type: security_group_rules) to 0
2026-05-09 22:56:02.191 9 INFO neutron.wsgi [None req-61d4d4b8-dcf5-4e6f-94a5-c50da4114474 8df602c576ed4eb7a388b6ec3d9f6864 b51fdf18aad844e4af18a455445db30d - - default default] 10.0.0.214 "GET /v2.0/security-groups?tenant_id=7fdf7d94c97e4724a2d593a703b0d998&name=default HTTP/1.1" status: 200 len: 2996 time: 0.3593588
2026-05-09 22:56:02.406 10 INFO neutron.db.ovn_revision_numbers_db [None req-0f0e2af6-eba5-4abf-8362-6d32230e10c0 ae5a952bbe9f4e819c2b95ab58c66ba8 8a610ec2afea4e24a3aa3ae63aff6644 - - default default] Successfully bumped revision number for resource d1492da8-d087-4efc-8928-6d916d762e47 (type: router_ports) to 1
2026-05-09 22:56:02.408 10 INFO neutron.wsgi [None req-0f0e2af6-eba5-4abf-8362-6d32230e10c0 ae5a952bbe9f4e819c2b95ab58c66ba8 8a610ec2afea4e24a3aa3ae63aff6644 - - default default] 10.0.0.214 "PUT /v2.0/routers/d78e2c05-9ce7-491d-bf76-7c1004fc36cc/add_router_interface HTTP/1.1" status: 200 len: 503 time: 2.2402458
2026-05-09 22:56:02.417 10 WARNING neutron_lib.context [None req-31432f87-16ee-4f98-851e-2096841454f9 ae5a952bbe9f4e819c2b95ab58c66ba8 8a610ec2afea4e24a3aa3ae63aff6644 - - default default] Method 'is_advsvc' is deprecated since 2023.2 release (neutron-lib 3.8.0) and will be removed once support for the old RBAC API policies will be removed from Neutron. Please use method 'is_service_role' instead.
2026-05-09 22:56:02.444 9 INFO neutron.services.segments.plugin [-] Segment e9e9a3f0-1bbb-4c38-a987-8b90fb791167 resource provider aggregate not found
2026-05-09 22:56:02.448 9 INFO neutron.services.segments.plugin [-] Segment e9e9a3f0-1bbb-4c38-a987-8b90fb791167 resource provider aggregate not found
2026-05-09 22:56:02.461 9 INFO neutron.services.segments.plugin [-] Segment e9e9a3f0-1bbb-4c38-a987-8b90fb791167 resource provider not found; error: Placement Client Error (4xx): {"errors": [{"status": 404, "title": "Not Found", "detail": "The resource could not be found.\n\n No resource provider with uuid e9e9a3f0-1bbb-4c38-a987-8b90fb791167 found for delete ", "request_id": "req-ad9c0329-a37b-485f-a9ee-81362e6ae736"}]}
2026-05-09 22:56:02.467 9 INFO neutron.services.segments.plugin [-] Segment e9e9a3f0-1bbb-4c38-a987-8b90fb791167 resource provider not found; error: Placement Client Error (4xx): {"errors": [{"status": 404, "title": "Not Found", "detail": "The resource could not be found.\n\n No resource provider with uuid e9e9a3f0-1bbb-4c38-a987-8b90fb791167 found for delete ", "request_id": "req-8845abb5-e4b6-479f-a29d-7838cf43e71b"}]}
2026-05-09 22:56:02.483 9 INFO neutron.wsgi [None req-1f60373c-d4b3-45a3-a894-6ad0fba09a2a 8df602c576ed4eb7a388b6ec3d9f6864 b51fdf18aad844e4af18a455445db30d - - default default] 10.0.0.214 "DELETE /v2.0/networks/56b1afff-d03f-4389-a461-085d9b7a84f1 HTTP/1.1" status: 204 len: 168 time: 0.3770659
2026-05-09 22:56:02.522 10 INFO neutron.wsgi [None req-16a5d306-201d-4d83-affe-c0b96c5bb826 8df602c576ed4eb7a388b6ec3d9f6864 b51fdf18aad844e4af18a455445db30d - - default default] 10.0.0.214 "DELETE /v2.0/security-groups/a903b961-f192-41f1-9090-fa9736dcfbb2 HTTP/1.1" status: 204 len: 168 time: 0.3252831
2026-05-09 22:56:02.632 9 INFO neutron.wsgi [None req-0f5875d3-9ae6-456a-b7c2-5b4c34c7463e 8df602c576ed4eb7a388b6ec3d9f6864 b51fdf18aad844e4af18a455445db30d - - default default] 10.0.0.214 "GET /v2.0/security-groups?tenant_id=a802bb84ce9e4588a065b76827fd0065&name=default HTTP/1.1" status: 200 len: 2996 time: 0.0378745
2026-05-09 22:56:02.762 10 WARNING neutron.scheduler.dhcp_agent_scheduler [None req-31432f87-16ee-4f98-851e-2096841454f9 ae5a952bbe9f4e819c2b95ab58c66ba8 8a610ec2afea4e24a3aa3ae63aff6644 - - default default] No more DHCP agents
2026-05-09 22:56:02.764 10 WARNING neutron.api.rpc.agentnotifiers.dhcp_rpc_agent_api [None req-31432f87-16ee-4f98-851e-2096841454f9 ae5a952bbe9f4e819c2b95ab58c66ba8 8a610ec2afea4e24a3aa3ae63aff6644 - - default default] Unable to schedule network 4a630f20-24ef-4b50-bf81-3183f034dedb: no agents available; will retry on subsequent port and subnet creation events.
2026-05-09 22:56:02.830 9 INFO neutron.wsgi [None req-88e9ce8b-c56e-4ef5-b066-781d9df927ff 8df602c576ed4eb7a388b6ec3d9f6864 b51fdf18aad844e4af18a455445db30d - - default default] 10.0.0.214 "DELETE /v2.0/security-groups/95f1682d-52fb-4fef-8588-20079034885e HTTP/1.1" status: 204 len: 168 time: 0.1926911
2026-05-09 22:56:02.939 10 INFO neutron.db.ovn_revision_numbers_db [None req-31432f87-16ee-4f98-851e-2096841454f9 ae5a952bbe9f4e819c2b95ab58c66ba8 8a610ec2afea4e24a3aa3ae63aff6644 - - default default] Successfully bumped revision number for resource 0e4e2e05-8e6a-4a08-9225-2a85c52b539b (type: ports) to 1
2026-05-09 22:56:02.962 10 INFO neutron.wsgi [None req-31432f87-16ee-4f98-851e-2096841454f9 ae5a952bbe9f4e819c2b95ab58c66ba8 8a610ec2afea4e24a3aa3ae63aff6644 - - default default] 10.0.0.214 "POST /v2.0/ports HTTP/1.1" status: 201 len: 1158 time: 0.5491486 /var/lib/openstack/lib/python3.10/site-packages/pycadf/identifier.py:71: UserWarning: Invalid uuid: neutron. To ensure interoperability, identifiers should be a valid uuid. warnings.warn(('Invalid uuid: %s. To ensure interoperability, '
2026-05-09 22:56:02.970 10 WARNING neutron_lib.context [None req-dfd4e518-8496-4ffd-bf56-6e280f3074c4 ae5a952bbe9f4e819c2b95ab58c66ba8 8a610ec2afea4e24a3aa3ae63aff6644 - - default default] Method 'is_advsvc' is deprecated since 2023.2 release (neutron-lib 3.8.0) and will be removed once support for the old RBAC API policies will be removed from Neutron. Please use method 'is_service_role' instead.
2026-05-09 22:56:03.298 10 WARNING neutron.scheduler.dhcp_agent_scheduler [None req-dfd4e518-8496-4ffd-bf56-6e280f3074c4 ae5a952bbe9f4e819c2b95ab58c66ba8 8a610ec2afea4e24a3aa3ae63aff6644 - - default default] No more DHCP agents
2026-05-09 22:56:03.301 10 WARNING neutron.api.rpc.agentnotifiers.dhcp_rpc_agent_api [None req-dfd4e518-8496-4ffd-bf56-6e280f3074c4 ae5a952bbe9f4e819c2b95ab58c66ba8 8a610ec2afea4e24a3aa3ae63aff6644 - - default default] Unable to schedule network 4a630f20-24ef-4b50-bf81-3183f034dedb: no agents available; will retry on subsequent port and subnet creation events.
2026-05-09 22:56:03.472 10 INFO neutron.db.ovn_revision_numbers_db [None req-dfd4e518-8496-4ffd-bf56-6e280f3074c4 ae5a952bbe9f4e819c2b95ab58c66ba8 8a610ec2afea4e24a3aa3ae63aff6644 - - default default] Successfully bumped revision number for resource 2f55784f-76ac-4ed4-9d2e-f37142dadee2 (type: ports) to 1
2026-05-09 22:56:03.493 10 INFO neutron.wsgi [None req-dfd4e518-8496-4ffd-bf56-6e280f3074c4 ae5a952bbe9f4e819c2b95ab58c66ba8 8a610ec2afea4e24a3aa3ae63aff6644 - - default default] 10.0.0.214 "POST /v2.0/ports HTTP/1.1" status: 201 len: 1154 time: 0.5278089 /var/lib/openstack/lib/python3.10/site-packages/pycadf/identifier.py:71: UserWarning: Invalid uuid: neutron. To ensure interoperability, identifiers should be a valid uuid. warnings.warn(('Invalid uuid: %s. To ensure interoperability, '
2026-05-09 22:56:03.504 10 WARNING neutron_lib.context [None req-7b616f03-50e7-4be5-8d15-1259f23cc1b0 ae5a952bbe9f4e819c2b95ab58c66ba8 8a610ec2afea4e24a3aa3ae63aff6644 - - default default] Method 'is_advsvc' is deprecated since 2023.2 release (neutron-lib 3.8.0) and will be removed once support for the old RBAC API policies will be removed from Neutron. Please use method 'is_service_role' instead.
2026-05-09 22:56:03.742 10 WARNING neutron.scheduler.dhcp_agent_scheduler [None req-7b616f03-50e7-4be5-8d15-1259f23cc1b0 ae5a952bbe9f4e819c2b95ab58c66ba8 8a610ec2afea4e24a3aa3ae63aff6644 - - default default] No more DHCP agents
2026-05-09 22:56:03.744 10 WARNING neutron.api.rpc.agentnotifiers.dhcp_rpc_agent_api [None req-7b616f03-50e7-4be5-8d15-1259f23cc1b0 ae5a952bbe9f4e819c2b95ab58c66ba8 8a610ec2afea4e24a3aa3ae63aff6644 - - default default] Unable to schedule network 331ae174-097c-48c5-947d-49292eec1204: no agents available; will retry on subsequent port and subnet creation events.
2026-05-09 22:56:04.105 10 INFO neutron.db.l3_db [None req-7b616f03-50e7-4be5-8d15-1259f23cc1b0 ae5a952bbe9f4e819c2b95ab58c66ba8 8a610ec2afea4e24a3aa3ae63aff6644 - - default default] Floating IP e6e19bcb-9a11-4f5a-bb12-b2b2c456b7ec associated. External IP: 10.96.250.213, port: 2f55784f-76ac-4ed4-9d2e-f37142dadee2.
2026-05-09 22:56:04.281 10 INFO neutron.db.ovn_revision_numbers_db [None req-7b616f03-50e7-4be5-8d15-1259f23cc1b0 ae5a952bbe9f4e819c2b95ab58c66ba8 8a610ec2afea4e24a3aa3ae63aff6644 - - default default] Successfully bumped revision number for resource e6e19bcb-9a11-4f5a-bb12-b2b2c456b7ec (type: floatingips) to 0 /var/lib/openstack/lib/python3.10/site-packages/pycadf/identifier.py:71: UserWarning: Invalid uuid: neutron. To ensure interoperability, identifiers should be a valid uuid. warnings.warn(('Invalid uuid: %s. To ensure interoperability, '
2026-05-09 22:56:04.435 10 INFO neutron.db.ovn_revision_numbers_db [None req-7b616f03-50e7-4be5-8d15-1259f23cc1b0 ae5a952bbe9f4e819c2b95ab58c66ba8 8a610ec2afea4e24a3aa3ae63aff6644 - - default default] Successfully bumped revision number for resource e6e19bcb-9a11-4f5a-bb12-b2b2c456b7ec (type: floatingips) to 1
2026-05-09 22:56:04.491 10 INFO neutron.wsgi [None req-7b616f03-50e7-4be5-8d15-1259f23cc1b0 ae5a952bbe9f4e819c2b95ab58c66ba8 8a610ec2afea4e24a3aa3ae63aff6644 - - default default] 10.0.0.214 "POST /v2.0/floatingips HTTP/1.1" status: 201 len: 1041 time: 0.9915779
2026-05-09 22:56:04.560 9 INFO neutron.db.ovn_revision_numbers_db [None req-ee46b09e-2122-401e-a4f5-d21b346fc2e1 8df602c576ed4eb7a388b6ec3d9f6864 b51fdf18aad844e4af18a455445db30d - - default default] Successfully bumped revision number for resource 7300b508-e9c8-4eb0-9806-887111485eb6 (type: security_groups) to 1
2026-05-09 22:56:04.574 9 INFO neutron.db.ovn_revision_numbers_db [None req-ee46b09e-2122-401e-a4f5-d21b346fc2e1 8df602c576ed4eb7a388b6ec3d9f6864 b51fdf18aad844e4af18a455445db30d - - default default] Successfully bumped revision number for resource 1a540b82-43cf-48f0-8ee6-1517f1549843 (type: security_group_rules) to 0
2026-05-09 22:56:04.602 9 INFO neutron.db.ovn_revision_numbers_db [None req-ee46b09e-2122-401e-a4f5-d21b346fc2e1 8df602c576ed4eb7a388b6ec3d9f6864 b51fdf18aad844e4af18a455445db30d - - default default] Successfully bumped revision number for resource 483dd70d-368a-44de-8a84-85244e141527 (type: security_group_rules) to 0
2026-05-09 22:56:04.628 9 INFO neutron.db.ovn_revision_numbers_db [None req-ee46b09e-2122-401e-a4f5-d21b346fc2e1 8df602c576ed4eb7a388b6ec3d9f6864 b51fdf18aad844e4af18a455445db30d - - default default] Successfully bumped revision number for resource e52c8e6a-b681-4ffe-b576-c60345d23ea8 (type: security_group_rules) to 0
2026-05-09 22:56:04.637 9 INFO neutron.db.l3_db [None req-734c4928-fbac-4c93-984e-de9a6f74423e ae5a952bbe9f4e819c2b95ab58c66ba8 8a610ec2afea4e24a3aa3ae63aff6644 - - default default] Floating IP e6e19bcb-9a11-4f5a-bb12-b2b2c456b7ec disassociated. External IP: 10.96.250.213, port: 2f55784f-76ac-4ed4-9d2e-f37142dadee2.
2026-05-09 22:56:04.666 9 INFO neutron.db.ovn_revision_numbers_db [None req-ee46b09e-2122-401e-a4f5-d21b346fc2e1 8df602c576ed4eb7a388b6ec3d9f6864 b51fdf18aad844e4af18a455445db30d - - default default] Successfully bumped revision number for resource e619e92a-238e-4f00-82e9-e700359d0f97 (type: security_group_rules) to 0
2026-05-09 22:56:04.721 9 INFO neutron.db.ovn_revision_numbers_db [None req-734c4928-fbac-4c93-984e-de9a6f74423e ae5a952bbe9f4e819c2b95ab58c66ba8 8a610ec2afea4e24a3aa3ae63aff6644 - - default default] Successfully bumped revision number for resource e6e19bcb-9a11-4f5a-bb12-b2b2c456b7ec (type: floatingips) to 2
2026-05-09 22:56:04.767 9 INFO neutron.db.segments_db [None req-ee46b09e-2122-401e-a4f5-d21b346fc2e1 8df602c576ed4eb7a388b6ec3d9f6864 b51fdf18aad844e4af18a455445db30d - - default default] Added segment fa90489f-3bf6-4847-ad52-e31bc31e3010 of type geneve for network 4143a9ff-5fd7-4422-a049-04b3f3d9c7b7
2026-05-09 22:56:04.825 10 WARNING neutron.plugins.ml2.drivers.ovn.mech_driver.ovsdb.ovn_client [None req-cd05494e-96de-4e18-ab90-4c0885dfd4f5 - - - - - -] No hosting information found for port 43cde8b8-1ad1-4732-b9c8-03c3db099b39: RuntimeError: No hosting information found for port 43cde8b8-1ad1-4732-b9c8-03c3db099b39
2026-05-09 22:56:04.825 10 INFO neutron.plugins.ml2.drivers.ovn.mech_driver.mech_driver [None req-cd05494e-96de-4e18-ab90-4c0885dfd4f5 - - - - - -] OVN reports status up for port: d1492da8-d087-4efc-8928-6d916d762e47
2026-05-09 22:56:04.832 10 INFO neutron.plugins.ml2.plugin [None req-cd05494e-96de-4e18-ab90-4c0885dfd4f5 - - - - - -] Attempt 1 to provision port d1492da8-d087-4efc-8928-6d916d762e47
2026-05-09 22:56:05.035 9 INFO neutron.wsgi [None req-734c4928-fbac-4c93-984e-de9a6f74423e ae5a952bbe9f4e819c2b95ab58c66ba8 8a610ec2afea4e24a3aa3ae63aff6644 - - default default] 10.0.0.214 "PUT /v2.0/floatingips/e6e19bcb-9a11-4f5a-bb12-b2b2c456b7ec HTTP/1.1" status: 200 len: 748 time: 0.5402780 /var/lib/openstack/lib/python3.10/site-packages/pycadf/identifier.py:71: UserWarning: Invalid uuid: neutron. To ensure interoperability, identifiers should be a valid uuid. warnings.warn(('Invalid uuid: %s. To ensure interoperability, '
2026-05-09 22:56:05.098 10 INFO neutron.db.ovn_revision_numbers_db [None req-cd05494e-96de-4e18-ab90-4c0885dfd4f5 - - - - - -] Successfully bumped revision number for resource d1492da8-d087-4efc-8928-6d916d762e47 (type: ports) to 2
2026-05-09 22:56:05.173 10 INFO neutron.db.ovn_revision_numbers_db [None req-cd05494e-96de-4e18-ab90-4c0885dfd4f5 - - - - - -] Successfully bumped revision number for resource d1492da8-d087-4efc-8928-6d916d762e47 (type: router_ports) to 2
2026-05-09 22:56:05.185 9 INFO neutron.db.ovn_revision_numbers_db [None req-ee46b09e-2122-401e-a4f5-d21b346fc2e1 8df602c576ed4eb7a388b6ec3d9f6864 b51fdf18aad844e4af18a455445db30d - - default default] Successfully bumped revision number for resource 4143a9ff-5fd7-4422-a049-04b3f3d9c7b7 (type: networks) to 1
2026-05-09 22:56:05.390 9 WARNING neutron.scheduler.dhcp_agent_scheduler [None req-ee46b09e-2122-401e-a4f5-d21b346fc2e1 8df602c576ed4eb7a388b6ec3d9f6864 b51fdf18aad844e4af18a455445db30d - - default default] No more DHCP agents
2026-05-09 22:56:05.396 9 WARNING neutron.api.rpc.agentnotifiers.dhcp_rpc_agent_api [None req-ee46b09e-2122-401e-a4f5-d21b346fc2e1 8df602c576ed4eb7a388b6ec3d9f6864 b51fdf18aad844e4af18a455445db30d - - default default] Unable to schedule network 4143a9ff-5fd7-4422-a049-04b3f3d9c7b7: no agents available; will retry on subsequent port and subnet creation events.
2026-05-09 22:56:05.497 9 INFO neutron.db.ovn_revision_numbers_db [None req-ee46b09e-2122-401e-a4f5-d21b346fc2e1 8df602c576ed4eb7a388b6ec3d9f6864 b51fdf18aad844e4af18a455445db30d - - default default] Successfully bumped revision number for resource d18a6ab1-1334-4e84-8b21-090750b1a915 (type: ports) to 1
2026-05-09 22:56:05.503 9 INFO neutron.wsgi [None req-423cf908-c44f-4584-b0fe-8f760a836c26 ae5a952bbe9f4e819c2b95ab58c66ba8 8a610ec2afea4e24a3aa3ae63aff6644 - - default default] 10.0.0.214 "DELETE /v2.0/floatingips/e6e19bcb-9a11-4f5a-bb12-b2b2c456b7ec HTTP/1.1" status: 204 len: 168 time: 0.4642122
2026-05-09 22:56:05.517 10 WARNING neutron_lib.context [None req-86335e67-326f-45e9-bafd-5e5668ccf435 ae5a952bbe9f4e819c2b95ab58c66ba8 8a610ec2afea4e24a3aa3ae63aff6644 - - default default] Method 'is_advsvc' is deprecated since 2023.2 release (neutron-lib 3.8.0) and will be removed once support for the old RBAC API policies will be removed from Neutron. Please use method 'is_service_role' instead.
2026-05-09 22:56:05.519 9 INFO neutron.wsgi [None req-ee46b09e-2122-401e-a4f5-d21b346fc2e1 8df602c576ed4eb7a388b6ec3d9f6864 b51fdf18aad844e4af18a455445db30d - - default default] 10.0.0.214 "POST /v2.0/networks HTTP/1.1" status: 201 len: 942 time: 1.3533092
2026-05-09 22:56:05.670 9 WARNING neutron.scheduler.dhcp_agent_scheduler [None req-548427a0-f4ee-4bde-803a-cf4871bebabb 8df602c576ed4eb7a388b6ec3d9f6864 b51fdf18aad844e4af18a455445db30d - - default default] No more DHCP agents
2026-05-09 22:56:05.673 9 WARNING neutron.api.rpc.agentnotifiers.dhcp_rpc_agent_api [None req-548427a0-f4ee-4bde-803a-cf4871bebabb 8df602c576ed4eb7a388b6ec3d9f6864 b51fdf18aad844e4af18a455445db30d - - default default] Unable to schedule network 4143a9ff-5fd7-4422-a049-04b3f3d9c7b7: no agents available; will retry on subsequent port and subnet creation events.
2026-05-09 22:56:05.754 10 WARNING neutron.scheduler.dhcp_agent_scheduler [None req-86335e67-326f-45e9-bafd-5e5668ccf435 ae5a952bbe9f4e819c2b95ab58c66ba8 8a610ec2afea4e24a3aa3ae63aff6644 - - default default] No more DHCP agents
2026-05-09 22:56:05.756 10 WARNING neutron.api.rpc.agentnotifiers.dhcp_rpc_agent_api [None req-86335e67-326f-45e9-bafd-5e5668ccf435 ae5a952bbe9f4e819c2b95ab58c66ba8 8a610ec2afea4e24a3aa3ae63aff6644 - - default default] Unable to schedule network 331ae174-097c-48c5-947d-49292eec1204: no agents available; will retry on subsequent port and subnet creation events.
2026-05-09 22:56:05.795 9 WARNING neutron_lib.context [None req-092d759e-7190-4ee3-ba13-32bceb9dc79f 9d970655bf074b629e7b7467e78980fb 1ec0a8b96e184bec97bfba10e7947f65 - - default default] Method 'is_advsvc' is deprecated since 2023.2 release (neutron-lib 3.8.0) and will be removed once support for the old RBAC API policies will be removed from Neutron. Please use method 'is_service_role' instead.
2026-05-09 22:56:05.968 9 INFO neutron.db.ovn_revision_numbers_db [None req-092d759e-7190-4ee3-ba13-32bceb9dc79f 9d970655bf074b629e7b7467e78980fb 1ec0a8b96e184bec97bfba10e7947f65 - - default default] Successfully bumped revision number for resource efa2d022-61d9-4938-8997-d7193c3471dc (type: security_groups) to 1
2026-05-09 22:56:05.989 9 INFO neutron.db.ovn_revision_numbers_db [None req-092d759e-7190-4ee3-ba13-32bceb9dc79f 9d970655bf074b629e7b7467e78980fb 1ec0a8b96e184bec97bfba10e7947f65 - - default default] Successfully bumped revision number for resource 71749056-250c-46af-b6ba-6116f89c0081 (type: security_group_rules) to 0
2026-05-09 22:56:06.015 9 INFO neutron.db.ovn_revision_numbers_db [None req-092d759e-7190-4ee3-ba13-32bceb9dc79f 9d970655bf074b629e7b7467e78980fb 1ec0a8b96e184bec97bfba10e7947f65 - - default default] Successfully bumped revision number for resource 788db042-dc13-41b9-b1ab-54238eebf3be (type: security_group_rules) to 0
2026-05-09 22:56:06.031 9 INFO neutron.db.ovn_revision_numbers_db [None req-092d759e-7190-4ee3-ba13-32bceb9dc79f 9d970655bf074b629e7b7467e78980fb 1ec0a8b96e184bec97bfba10e7947f65 - - default default] Successfully bumped revision number for resource ae904a8d-5388-4105-8f3b-9389a95fbfae (type: security_group_rules) to 0
2026-05-09 22:56:06.063 9 INFO neutron.db.ovn_revision_numbers_db [None req-092d759e-7190-4ee3-ba13-32bceb9dc79f 9d970655bf074b629e7b7467e78980fb 1ec0a8b96e184bec97bfba10e7947f65 - - default default] Successfully bumped revision number for resource cffc8d1b-b551-494f-a19d-c005670d297f (type: security_group_rules) to 0
2026-05-09 22:56:06.118 9 INFO neutron.db.segments_db [None req-092d759e-7190-4ee3-ba13-32bceb9dc79f 9d970655bf074b629e7b7467e78980fb 1ec0a8b96e184bec97bfba10e7947f65 - - default default] Added segment 67a50a0e-3c9e-41a6-a192-2c51fb720cf2 of type geneve for network b5dcd988-e022-46b6-8241-a6704d7fd2e8
2026-05-09 22:56:06.196 9 INFO neutron.db.ovn_revision_numbers_db [None req-548427a0-f4ee-4bde-803a-cf4871bebabb 8df602c576ed4eb7a388b6ec3d9f6864 b51fdf18aad844e4af18a455445db30d - - default default] Successfully bumped revision number for resource d18a6ab1-1334-4e84-8b21-090750b1a915 (type: ports) to 2
2026-05-09 22:56:06.250 9 INFO neutron.db.ovn_revision_numbers_db [None req-548427a0-f4ee-4bde-803a-cf4871bebabb 8df602c576ed4eb7a388b6ec3d9f6864 b51fdf18aad844e4af18a455445db30d - - default default] Successfully bumped revision number for resource dba4859d-60bc-47fe-8b67-009f80d96f27 (type: subnets) to 0
2026-05-09 22:56:06.278 9 INFO neutron.wsgi [None req-548427a0-f4ee-4bde-803a-cf4871bebabb 8df602c576ed4eb7a388b6ec3d9f6864 b51fdf18aad844e4af18a455445db30d - - default default] 10.0.0.214 "POST /v2.0/subnets HTTP/1.1" status: 201 len: 862 time: 0.7543051
2026-05-09 22:56:06.289 9 INFO neutron.db.ovn_revision_numbers_db [None req-092d759e-7190-4ee3-ba13-32bceb9dc79f 9d970655bf074b629e7b7467e78980fb 1ec0a8b96e184bec97bfba10e7947f65 - - default default] Successfully bumped revision number for resource b5dcd988-e022-46b6-8241-a6704d7fd2e8 (type: networks) to 1
