2026-05-09 22:58:44.581 9 INFO neutron.wsgi [None req-76fe886b-eb2a-4f6a-8a9b-af9511f99f0a 8df602c576ed4eb7a388b6ec3d9f6864 b51fdf18aad844e4af18a455445db30d - - default default] 10.0.0.214 "GET /v2.0/security-groups?tenant_id=4fe0bfdf7ed14345950b46cd454d346a&name=default HTTP/1.1" status: 200 len: 3000 time: 0.4552066 /var/lib/openstack/lib/python3.10/site-packages/pycadf/identifier.py:71: UserWarning: Invalid uuid: neutron. To ensure interoperability, identifiers should be a valid uuid. warnings.warn(('Invalid uuid: %s. To ensure interoperability, '
2026-05-09 22:58:44.635 9 INFO neutron.wsgi [req-4db95fb4-be90-4e7d-aba8-0a4ff8bfcce9 req-27179b70-2be1-4ab5-8b4a-be691cdd0df8 85346ff96472477b85427d9835cf6455 a87c074d5f924c5685712dc6e41e38b3 - - 6c1a401fdf844f518769ed403dc14c20 6c1a401fdf844f518769ed403dc14c20] 199.204.45.35 "GET /v2.0/networks/206da5a8-bf9c-41c8-98ee-e5071fa75dd2?fields=segments HTTP/1.1" status: 200 len: 212 time: 0.0572448
2026-05-09 22:58:44.701 9 INFO neutron.wsgi [req-4db95fb4-be90-4e7d-aba8-0a4ff8bfcce9 req-06d9a6c1-3304-4081-bcf3-03212ab14cf2 85346ff96472477b85427d9835cf6455 a87c074d5f924c5685712dc6e41e38b3 - - 6c1a401fdf844f518769ed403dc14c20 6c1a401fdf844f518769ed403dc14c20] 199.204.45.35 "GET /v2.0/networks/206da5a8-bf9c-41c8-98ee-e5071fa75dd2?fields=provider%3Aphysical_network&fields=provider%3Anetwork_type HTTP/1.1" status: 200 len: 277 time: 0.0616362
2026-05-09 22:58:44.825 10 INFO neutron.wsgi [None req-0e0b47a0-c21f-4bbf-974c-7a0f6c5b9fb5 8df602c576ed4eb7a388b6ec3d9f6864 b51fdf18aad844e4af18a455445db30d - - default default] 10.0.0.214 "DELETE /v2.0/security-groups/1800cc47-d7cf-45b2-aec1-2eceb6d2ec61 HTTP/1.1" status: 204 len: 168 time: 0.2375777
2026-05-09 22:58:45.109 10 INFO neutron.db.ovn_revision_numbers_db [None req-a2b1c23d-76b7-45bd-965d-bbe198fa9c91 8df602c576ed4eb7a388b6ec3d9f6864 b51fdf18aad844e4af18a455445db30d - - default default] Successfully bumped revision number for resource a11761b7-f5c5-48ad-9a3f-2737db72139e (type: security_groups) to 1
2026-05-09 22:58:45.124 10 INFO neutron.db.ovn_revision_numbers_db [None req-a2b1c23d-76b7-45bd-965d-bbe198fa9c91 8df602c576ed4eb7a388b6ec3d9f6864 b51fdf18aad844e4af18a455445db30d - - default default] Successfully bumped revision number for resource 1f4e8b7b-2060-4c87-90c4-b7efa5fdcad0 (type: security_group_rules) to 0
2026-05-09 22:58:45.138 10 INFO neutron.db.ovn_revision_numbers_db [None req-a2b1c23d-76b7-45bd-965d-bbe198fa9c91 8df602c576ed4eb7a388b6ec3d9f6864 b51fdf18aad844e4af18a455445db30d - - default default] Successfully bumped revision number for resource 46ded310-059e-4560-b05d-8a7730ea5257 (type: security_group_rules) to 0
2026-05-09 22:58:45.152 10 INFO neutron.db.ovn_revision_numbers_db [None req-a2b1c23d-76b7-45bd-965d-bbe198fa9c91 8df602c576ed4eb7a388b6ec3d9f6864 b51fdf18aad844e4af18a455445db30d - - default default] Successfully bumped revision number for resource 47646fcf-a7a1-4428-8888-1ea243acafdc (type: security_group_rules) to 0
2026-05-09 22:58:45.170 10 INFO neutron.db.ovn_revision_numbers_db [None req-a2b1c23d-76b7-45bd-965d-bbe198fa9c91 8df602c576ed4eb7a388b6ec3d9f6864 b51fdf18aad844e4af18a455445db30d - - default default] Successfully bumped revision number for resource 87469f1c-e25e-42e8-935f-c79555d22a39 (type: security_group_rules) to 0
2026-05-09 22:58:45.195 10 INFO neutron.wsgi [None req-a2b1c23d-76b7-45bd-965d-bbe198fa9c91 8df602c576ed4eb7a388b6ec3d9f6864 b51fdf18aad844e4af18a455445db30d - - default default] 10.0.0.214 "GET /v2.0/security-groups?tenant_id=c60e26acf73d40c3947ab565fead1c3f&name=default HTTP/1.1" status: 200 len: 3000 time: 0.2332408
2026-05-09 22:58:45.360 9 INFO neutron.wsgi [-] 10.0.0.138 "GET / HTTP/1.1" status: 200 len: 247 time: 0.0017641
2026-05-09 22:58:45.360 10 INFO neutron.wsgi [-] 10.0.0.138 "GET / HTTP/1.1" status: 200 len: 247 time: 0.0021591
2026-05-09 22:58:45.436 10 INFO neutron.wsgi [None req-fe0b8d4d-3b85-4516-9f6f-43245342026d 8df602c576ed4eb7a388b6ec3d9f6864 b51fdf18aad844e4af18a455445db30d - - default default] 10.0.0.214 "DELETE /v2.0/security-groups/a11761b7-f5c5-48ad-9a3f-2737db72139e HTTP/1.1" status: 204 len: 168 time: 0.2346213
2026-05-09 22:58:45.774 9 INFO neutron.wsgi [req-1613a700-d172-4b8c-a12b-54f85af792d2 req-0579884f-83f0-4a3c-9c91-384ab5d89229 85346ff96472477b85427d9835cf6455 a87c074d5f924c5685712dc6e41e38b3 - - 6c1a401fdf844f518769ed403dc14c20 6c1a401fdf844f518769ed403dc14c20] 10.0.0.182 "GET /v2.0/ports?device_id=fc45ba97-71b8-486d-bb24-112c18b2a813 HTTP/1.1" status: 200 len: 1638 time: 0.0553968
2026-05-09 22:58:45.822 9 INFO neutron.wsgi [req-1613a700-d172-4b8c-a12b-54f85af792d2 req-ceb4a84c-a721-46a4-b6a5-05e559c931c8 85346ff96472477b85427d9835cf6455 a87c074d5f924c5685712dc6e41e38b3 - - 6c1a401fdf844f518769ed403dc14c20 6c1a401fdf844f518769ed403dc14c20] 10.0.0.182 "GET /v2.0/security-groups?id=953c31df-dda9-4692-bfa8-248377534ae3&fields=id&fields=name HTTP/1.1" status: 200 len: 311 time: 0.0401065
2026-05-09 22:58:48.888 9 WARNING neutron_lib.context [None req-f5416295-e49d-490c-b290-28ee7d476379 cf6fbbea26154a75990ddc48d7457d49 3be0b4f1cc264cd1a205ca78521dd93a - - default default] Method 'is_advsvc' is deprecated since 2023.2 release (neutron-lib 3.8.0) and will be removed once support for the old RBAC API policies will be removed from Neutron. Please use method 'is_service_role' instead.
2026-05-09 22:58:49.035 9 INFO neutron.db.ovn_revision_numbers_db [None req-f5416295-e49d-490c-b290-28ee7d476379 cf6fbbea26154a75990ddc48d7457d49 3be0b4f1cc264cd1a205ca78521dd93a - - default default] Successfully bumped revision number for resource 77221243-6898-4979-91ca-7278dfad9ad8 (type: routers) to 1
2026-05-09 22:58:49.051 9 INFO neutron.wsgi [None req-f5416295-e49d-490c-b290-28ee7d476379 cf6fbbea26154a75990ddc48d7457d49 3be0b4f1cc264cd1a205ca78521dd93a - - default default] 10.0.0.214 "POST /v2.0/routers HTTP/1.1" status: 201 len: 654 time: 0.3341928
2026-05-09 22:58:49.116 9 INFO neutron.wsgi [None req-4a6963b5-6427-4dee-81e5-099037a1dd18 cf6fbbea26154a75990ddc48d7457d49 3be0b4f1cc264cd1a205ca78521dd93a - - default default] 10.0.0.214 "PUT /v2.0/routers/77221243-6898-4979-91ca-7278dfad9ad8/tags HTTP/1.1" status: 200 len: 218 time: 0.0568080
2026-05-09 22:58:49.166 9 INFO neutron.wsgi [None req-fb74291a-f6f6-4557-8629-a83b7f75db02 cf6fbbea26154a75990ddc48d7457d49 3be0b4f1cc264cd1a205ca78521dd93a - - default default] 10.0.0.214 "GET /v2.0/routers/77221243-6898-4979-91ca-7278dfad9ad8/tags HTTP/1.1" status: 200 len: 218 time: 0.0455215
2026-05-09 22:58:49.220 9 INFO neutron.wsgi [None req-ce6af438-9c5d-43b8-8d3c-a4f33663996b cf6fbbea26154a75990ddc48d7457d49 3be0b4f1cc264cd1a205ca78521dd93a - - default default] 10.0.0.214 "PUT /v2.0/routers/77221243-6898-4979-91ca-7278dfad9ad8/tags/green HTTP/1.1" status: 201 len: 201 time: 0.0494173
2026-05-09 22:58:49.267 9 INFO neutron.wsgi [None req-00eb4627-56e8-484f-a7ee-9a14598d4c94 cf6fbbea26154a75990ddc48d7457d49 3be0b4f1cc264cd1a205ca78521dd93a - - default default] 10.0.0.214 "GET /v2.0/routers/77221243-6898-4979-91ca-7278dfad9ad8/tags HTTP/1.1" status: 200 len: 227 time: 0.0416999
2026-05-09 22:58:49.321 9 INFO neutron.wsgi [None req-fe172937-5a98-481d-9585-0179e1bbe236 cf6fbbea26154a75990ddc48d7457d49 3be0b4f1cc264cd1a205ca78521dd93a - - default default] 10.0.0.214 "PUT /v2.0/routers/77221243-6898-4979-91ca-7278dfad9ad8/tags/red HTTP/1.1" status: 201 len: 201 time: 0.0476055
2026-05-09 22:58:49.367 9 INFO neutron.wsgi [None req-90e7c419-053f-437c-8518-d394438e75d0 cf6fbbea26154a75990ddc48d7457d49 3be0b4f1cc264cd1a205ca78521dd93a - - default default] 10.0.0.214 "GET /v2.0/routers/77221243-6898-4979-91ca-7278dfad9ad8/tags HTTP/1.1" status: 200 len: 227 time: 0.0408266
2026-05-09 22:58:49.438 9 INFO neutron.wsgi [None req-2f6e478a-2a2a-4761-8059-e50da89d8dd0 cf6fbbea26154a75990ddc48d7457d49 3be0b4f1cc264cd1a205ca78521dd93a - - default default] 10.0.0.214 "PUT /v2.0/routers/77221243-6898-4979-91ca-7278dfad9ad8/tags/black.or.white HTTP/1.1" status: 201 len: 201 time: 0.0662329
2026-05-09 22:58:49.497 9 INFO neutron.wsgi [None req-e7d0b012-037b-40f1-ad77-ddd10c47ae08 cf6fbbea26154a75990ddc48d7457d49 3be0b4f1cc264cd1a205ca78521dd93a - - default default] 10.0.0.214 "GET /v2.0/routers/77221243-6898-4979-91ca-7278dfad9ad8/tags HTTP/1.1" status: 200 len: 245 time: 0.0528600
2026-05-09 22:58:49.566 9 INFO neutron.wsgi [None req-a40333a9-2935-4de9-adf7-857120c39a64 cf6fbbea26154a75990ddc48d7457d49 3be0b4f1cc264cd1a205ca78521dd93a - - default default] 10.0.0.214 "PUT /v2.0/routers/77221243-6898-4979-91ca-7278dfad9ad8/tags HTTP/1.1" status: 200 len: 230 time: 0.0635815
2026-05-09 22:58:49.618 9 INFO neutron.wsgi [None req-fabba075-85d4-448d-ad3f-638a21876377 cf6fbbea26154a75990ddc48d7457d49 3be0b4f1cc264cd1a205ca78521dd93a - - default default] 10.0.0.214 "GET /v2.0/routers/77221243-6898-4979-91ca-7278dfad9ad8/tags HTTP/1.1" status: 200 len: 230 time: 0.0452509
2026-05-09 22:58:49.670 9 INFO neutron.wsgi [None req-903155fa-421b-4dc9-ab47-a6bfd75205cf cf6fbbea26154a75990ddc48d7457d49 3be0b4f1cc264cd1a205ca78521dd93a - - default default] 10.0.0.214 "GET /v2.0/routers/77221243-6898-4979-91ca-7278dfad9ad8/tags/red HTTP/1.1" status: 204 len: 168 time: 0.0449305
2026-05-09 22:58:49.728 10 INFO neutron.api.v2.resource [None req-a360bd5b-1ffd-43b8-8e5a-4170aa55c9c4 cf6fbbea26154a75990ddc48d7457d49 3be0b4f1cc264cd1a205ca78521dd93a - - default default] show failed (client error): The resource could not be found.
2026-05-09 22:58:49.729 10 INFO neutron.wsgi [None req-a360bd5b-1ffd-43b8-8e5a-4170aa55c9c4 cf6fbbea26154a75990ddc48d7457d49 3be0b4f1cc264cd1a205ca78521dd93a - - default default] 10.0.0.214 "GET /v2.0/routers/77221243-6898-4979-91ca-7278dfad9ad8/tags/green HTTP/1.1" status: 404 len: 299 time: 0.0528359
2026-05-09 22:58:49.793 9 INFO neutron.wsgi [None req-5c757a0e-0d5c-4405-8dcf-cced57b4312f cf6fbbea26154a75990ddc48d7457d49 3be0b4f1cc264cd1a205ca78521dd93a - - default default] 10.0.0.214 "DELETE /v2.0/routers/77221243-6898-4979-91ca-7278dfad9ad8/tags/red HTTP/1.1" status: 204 len: 168 time: 0.0563598
2026-05-09 22:58:49.848 9 INFO neutron.wsgi [None req-9c1fc3cf-6a3e-4619-ba19-a1ebc4bee137 cf6fbbea26154a75990ddc48d7457d49 3be0b4f1cc264cd1a205ca78521dd93a - - default default] 10.0.0.214 "GET /v2.0/routers/77221243-6898-4979-91ca-7278dfad9ad8/tags HTTP/1.1" status: 200 len: 223 time: 0.0493670
2026-05-09 22:58:49.898 9 INFO neutron.api.v2.resource [None req-1e8cb2f2-5915-45be-8ec4-0c14e3003d22 cf6fbbea26154a75990ddc48d7457d49 3be0b4f1cc264cd1a205ca78521dd93a - - default default] delete failed (client error): The resource could not be found.
2026-05-09 22:58:49.899 9 INFO neutron.wsgi [None req-1e8cb2f2-5915-45be-8ec4-0c14e3003d22 cf6fbbea26154a75990ddc48d7457d49 3be0b4f1cc264cd1a205ca78521dd93a - - default default] 10.0.0.214 "DELETE /v2.0/routers/77221243-6898-4979-91ca-7278dfad9ad8/tags/green HTTP/1.1" status: 404 len: 299 time: 0.0442283
2026-05-09 22:58:49.967 9 INFO neutron.wsgi [None req-399d476f-ba15-4d5b-9ff9-f14ad575ac34 cf6fbbea26154a75990ddc48d7457d49 3be0b4f1cc264cd1a205ca78521dd93a - - default default] 10.0.0.214 "DELETE /v2.0/routers/77221243-6898-4979-91ca-7278dfad9ad8/tags HTTP/1.1" status: 204 len: 168 time: 0.0615873
2026-05-09 22:58:50.219 9 INFO neutron.wsgi [None req-b18defe6-0235-4128-a908-6057db4672f9 cf6fbbea26154a75990ddc48d7457d49 3be0b4f1cc264cd1a205ca78521dd93a - - default default] 10.0.0.214 "GET /v2.0/routers/77221243-6898-4979-91ca-7278dfad9ad8/tags HTTP/1.1" status: 200 len: 205 time: 0.2460866
2026-05-09 22:58:50.277 9 INFO neutron.wsgi [None req-d00089ad-0061-4b51-b502-de82548d901c cf6fbbea26154a75990ddc48d7457d49 3be0b4f1cc264cd1a205ca78521dd93a - - default default] 10.0.0.214 "GET /v2.0/routers/77221243-6898-4979-91ca-7278dfad9ad8 HTTP/1.1" status: 200 len: 655 time: 0.0470276
2026-05-09 22:58:50.730 9 INFO neutron.db.ovn_revision_numbers_db [None req-e66ebaf8-d244-40eb-a5f0-c1d5435d89ee cf6fbbea26154a75990ddc48d7457d49 3be0b4f1cc264cd1a205ca78521dd93a - - default default] Successfully bumped revision number for resource 77221243-6898-4979-91ca-7278dfad9ad8 (type: routers) to 7
2026-05-09 22:58:50.733 9 INFO neutron.wsgi [None req-e66ebaf8-d244-40eb-a5f0-c1d5435d89ee cf6fbbea26154a75990ddc48d7457d49 3be0b4f1cc264cd1a205ca78521dd93a - - default default] 10.0.0.214 "PUT /v2.0/routers/77221243-6898-4979-91ca-7278dfad9ad8 HTTP/1.1" status: 200 len: 655 time: 0.4502189
2026-05-09 22:58:50.759 9 INFO neutron.wsgi [None req-dfe614d9-60b4-4d73-bb58-e1e21a8e9982 cf6fbbea26154a75990ddc48d7457d49 3be0b4f1cc264cd1a205ca78521dd93a - - default default] 10.0.0.214 "GET /v2.0/ports?device_id=77221243-6898-4979-91ca-7278dfad9ad8 HTTP/1.1" status: 200 len: 205 time: 0.0205920
2026-05-09 22:58:51.071 9 INFO neutron.wsgi [None req-eebc1dcc-3a4f-4587-a14a-0b1b35a301fa cf6fbbea26154a75990ddc48d7457d49 3be0b4f1cc264cd1a205ca78521dd93a - - default default] 10.0.0.214 "DELETE /v2.0/routers/77221243-6898-4979-91ca-7278dfad9ad8 HTTP/1.1" status: 204 len: 168 time: 0.3060985
2026-05-09 22:58:51.971 9 INFO neutron.db.ovn_revision_numbers_db [None req-716f7bc9-f086-442f-91e9-7d7b144ee9f9 8df602c576ed4eb7a388b6ec3d9f6864 b51fdf18aad844e4af18a455445db30d - - default default] Successfully bumped revision number for resource 6550d1b4-7656-4355-994e-ea66a07b93ad (type: security_groups) to 1
2026-05-09 22:58:51.984 9 INFO neutron.db.ovn_revision_numbers_db [None req-716f7bc9-f086-442f-91e9-7d7b144ee9f9 8df602c576ed4eb7a388b6ec3d9f6864 b51fdf18aad844e4af18a455445db30d - - default default] Successfully bumped revision number for resource 38814b08-b1ba-49ed-b093-bd9f543ef0af (type: security_group_rules) to 0
2026-05-09 22:58:51.998 9 INFO neutron.db.ovn_revision_numbers_db [None req-716f7bc9-f086-442f-91e9-7d7b144ee9f9 8df602c576ed4eb7a388b6ec3d9f6864 b51fdf18aad844e4af18a455445db30d - - default default] Successfully bumped revision number for resource 56601c18-2329-43f4-97d3-b13b92209952 (type: security_group_rules) to 0
2026-05-09 22:58:52.013 9 INFO neutron.db.ovn_revision_numbers_db [None req-716f7bc9-f086-442f-91e9-7d7b144ee9f9 8df602c576ed4eb7a388b6ec3d9f6864 b51fdf18aad844e4af18a455445db30d - - default default] Successfully bumped revision number for resource 8d784973-dd07-4f97-a204-3de930a15fc9 (type: security_group_rules) to 0
2026-05-09 22:58:52.026 9 INFO neutron.db.ovn_revision_numbers_db [None req-716f7bc9-f086-442f-91e9-7d7b144ee9f9 8df602c576ed4eb7a388b6ec3d9f6864 b51fdf18aad844e4af18a455445db30d - - default default] Successfully bumped revision number for resource a6a2dc77-79d1-4c93-b525-cd27d34f5aa8 (type: security_group_rules) to 0
2026-05-09 22:58:52.061 9 INFO neutron.wsgi [None req-716f7bc9-f086-442f-91e9-7d7b144ee9f9 8df602c576ed4eb7a388b6ec3d9f6864 b51fdf18aad844e4af18a455445db30d - - default default] 10.0.0.214 "GET /v2.0/security-groups?tenant_id=3be0b4f1cc264cd1a205ca78521dd93a&name=default HTTP/1.1" status: 200 len: 3000 time: 0.3219419
2026-05-09 22:58:52.251 9 INFO neutron.wsgi [None req-f3162b1f-6f62-4595-a19c-e6fcd5caeb54 8df602c576ed4eb7a388b6ec3d9f6864 b51fdf18aad844e4af18a455445db30d - - default default] 10.0.0.214 "DELETE /v2.0/security-groups/6550d1b4-7656-4355-994e-ea66a07b93ad HTTP/1.1" status: 204 len: 168 time: 0.1845591
2026-05-09 22:58:52.465 9 INFO neutron.db.ovn_revision_numbers_db [None req-7ef5936a-fbb9-400a-8163-ed86bf739a3b 8df602c576ed4eb7a388b6ec3d9f6864 b51fdf18aad844e4af18a455445db30d - - default default] Successfully bumped revision number for resource 4711f9ec-5229-4aa6-9775-10b02019e870 (type: security_groups) to 1
2026-05-09 22:58:52.479 9 INFO neutron.db.ovn_revision_numbers_db [None req-7ef5936a-fbb9-400a-8163-ed86bf739a3b 8df602c576ed4eb7a388b6ec3d9f6864 b51fdf18aad844e4af18a455445db30d - - default default] Successfully bumped revision number for resource 570617c6-6740-40e8-aa0a-4dc6d5b222ed (type: security_group_rules) to 0
2026-05-09 22:58:52.494 9 INFO neutron.db.ovn_revision_numbers_db [None req-7ef5936a-fbb9-400a-8163-ed86bf739a3b 8df602c576ed4eb7a388b6ec3d9f6864 b51fdf18aad844e4af18a455445db30d - - default default] Successfully bumped revision number for resource bd61f164-7194-4a65-847f-564337eb3c2d (type: security_group_rules) to 0
2026-05-09 22:58:52.511 9 INFO neutron.db.ovn_revision_numbers_db [None req-7ef5936a-fbb9-400a-8163-ed86bf739a3b 8df602c576ed4eb7a388b6ec3d9f6864 b51fdf18aad844e4af18a455445db30d - - default default] Successfully bumped revision number for resource c3789136-6ef9-49f1-89a5-c26873e833e1 (type: security_group_rules) to 0
2026-05-09 22:58:52.526 9 INFO neutron.db.ovn_revision_numbers_db [None req-7ef5936a-fbb9-400a-8163-ed86bf739a3b 8df602c576ed4eb7a388b6ec3d9f6864 b51fdf18aad844e4af18a455445db30d - - default default] Successfully bumped revision number for resource caa836c1-7f57-4f53-a0fa-898f35a6381f (type: security_group_rules) to 0
2026-05-09 22:58:52.557 9 INFO neutron.wsgi [None req-7ef5936a-fbb9-400a-8163-ed86bf739a3b 8df602c576ed4eb7a388b6ec3d9f6864 b51fdf18aad844e4af18a455445db30d - - default default] 10.0.0.214 "GET /v2.0/security-groups?tenant_id=53ddd67fbf92437c8d6c4e563b10ddb7&name=default HTTP/1.1" status: 200 len: 3000 time: 0.2091777
2026-05-09 22:58:52.751 9 INFO neutron.wsgi [None req-f248ab55-a3f3-4024-99f5-3013b7b86683 8df602c576ed4eb7a388b6ec3d9f6864 b51fdf18aad844e4af18a455445db30d - - default default] 10.0.0.214 "DELETE /v2.0/security-groups/4711f9ec-5229-4aa6-9775-10b02019e870 HTTP/1.1" status: 204 len: 168 time: 0.1895893
2026-05-09 22:58:53.928 9 INFO neutron.wsgi [req-311e0a29-b217-46d0-b4e8-0f06c8a82dd8 req-62bc19a3-22c6-42fd-8f15-f3ca2b32f5bf 85346ff96472477b85427d9835cf6455 a87c074d5f924c5685712dc6e41e38b3 - - 6c1a401fdf844f518769ed403dc14c20 6c1a401fdf844f518769ed403dc14c20] 10.0.0.182 "GET /v2.0/ports?device_id=d46b042a-78b1-4852-adf3-427f372a7df2 HTTP/1.1" status: 200 len: 1642 time: 0.0371644
2026-05-09 22:58:53.975 9 INFO neutron.wsgi [req-311e0a29-b217-46d0-b4e8-0f06c8a82dd8 req-e0f11d95-eeac-4c2b-b7c7-c6cfb72a04d2 85346ff96472477b85427d9835cf6455 a87c074d5f924c5685712dc6e41e38b3 - - 6c1a401fdf844f518769ed403dc14c20 6c1a401fdf844f518769ed403dc14c20] 10.0.0.182 "GET /v2.0/security-groups?id=953c31df-dda9-4692-bfa8-248377534ae3&fields=id&fields=name HTTP/1.1" status: 200 len: 311 time: 0.0387490
2026-05-09 22:58:56.122 10 WARNING neutron_lib.context [None req-c7b023aa-bac7-40d6-9992-8abfe1dc2f71 efef07234b8340cea27f15f3829ff4d7 ea9788cb250d4c17a19e8f9efb295db8 - - default default] Method 'is_advsvc' is deprecated since 2023.2 release (neutron-lib 3.8.0) and will be removed once support for the old RBAC API policies will be removed from Neutron. Please use method 'is_service_role' instead.
2026-05-09 22:58:56.166 10 INFO neutron.wsgi [None req-c7b023aa-bac7-40d6-9992-8abfe1dc2f71 efef07234b8340cea27f15f3829ff4d7 ea9788cb250d4c17a19e8f9efb295db8 - - default default] 10.0.0.214 "POST /v2.0/subnetpools HTTP/1.1" status: 201 len: 715 time: 0.1940084
2026-05-09 22:58:56.203 10 INFO neutron.wsgi [None req-78553069-4398-443c-81b2-4172e87efba0 efef07234b8340cea27f15f3829ff4d7 ea9788cb250d4c17a19e8f9efb295db8 - - default default] 10.0.0.214 "PUT /v2.0/subnetpools/fcd70e7c-0d36-4a24-8d3e-1ec775e6a5e5/tags HTTP/1.1" status: 200 len: 218 time: 0.0309205
2026-05-09 22:58:56.229 10 INFO neutron.wsgi [None req-42b3d582-71aa-4c77-a5a0-bbe71372918f efef07234b8340cea27f15f3829ff4d7 ea9788cb250d4c17a19e8f9efb295db8 - - default default] 10.0.0.214 "GET /v2.0/subnetpools/fcd70e7c-0d36-4a24-8d3e-1ec775e6a5e5/tags HTTP/1.1" status: 200 len: 218 time: 0.0214891
2026-05-09 22:58:56.267 10 INFO neutron.wsgi [None req-d9c08448-99c6-48b4-8ffa-560375e7bdf2 efef07234b8340cea27f15f3829ff4d7 ea9788cb250d4c17a19e8f9efb295db8 - - default default] 10.0.0.214 "PUT /v2.0/subnetpools/fcd70e7c-0d36-4a24-8d3e-1ec775e6a5e5/tags/green HTTP/1.1" status: 201 len: 201 time: 0.0340424
2026-05-09 22:58:56.293 10 INFO neutron.wsgi [None req-82f1f9cf-d660-44f5-94b7-d1762466a3a6 efef07234b8340cea27f15f3829ff4d7 ea9788cb250d4c17a19e8f9efb295db8 - - default default] 10.0.0.214 "GET /v2.0/subnetpools/fcd70e7c-0d36-4a24-8d3e-1ec775e6a5e5/tags HTTP/1.1" status: 200 len: 227 time: 0.0201104
2026-05-09 22:58:56.318 10 INFO neutron.wsgi [None req-56018161-97fb-435c-87c3-dbca06c40aaf efef07234b8340cea27f15f3829ff4d7 ea9788cb250d4c17a19e8f9efb295db8 - - default default] 10.0.0.214 "PUT /v2.0/subnetpools/fcd70e7c-0d36-4a24-8d3e-1ec775e6a5e5/tags/red HTTP/1.1" status: 201 len: 201 time: 0.0201430
2026-05-09 22:58:56.347 10 INFO neutron.wsgi [None req-7e07dfa4-ab3f-4c1a-b25b-62939339feff efef07234b8340cea27f15f3829ff4d7 ea9788cb250d4c17a19e8f9efb295db8 - - default default] 10.0.0.214 "GET /v2.0/subnetpools/fcd70e7c-0d36-4a24-8d3e-1ec775e6a5e5/tags HTTP/1.1" status: 200 len: 227 time: 0.0241711
2026-05-09 22:58:56.385 10 INFO neutron.wsgi [None req-9485f052-37b3-49dc-9537-c836ba642885 efef07234b8340cea27f15f3829ff4d7 ea9788cb250d4c17a19e8f9efb295db8 - - default default] 10.0.0.214 "PUT /v2.0/subnetpools/fcd70e7c-0d36-4a24-8d3e-1ec775e6a5e5/tags/black.or.white HTTP/1.1" status: 201 len: 201 time: 0.0340548
2026-05-09 22:58:56.412 10 INFO neutron.wsgi [None req-901d002b-58a0-4eaa-a5aa-c885779a51bb efef07234b8340cea27f15f3829ff4d7 ea9788cb250d4c17a19e8f9efb295db8 - - default default] 10.0.0.214 "GET /v2.0/subnetpools/fcd70e7c-0d36-4a24-8d3e-1ec775e6a5e5/tags HTTP/1.1" status: 200 len: 245 time: 0.0221529
2026-05-09 22:58:56.458 10 INFO neutron.wsgi [None req-45281c79-ae75-4012-acf0-23685d5fa9af efef07234b8340cea27f15f3829ff4d7 ea9788cb250d4c17a19e8f9efb295db8 - - default default] 10.0.0.214 "PUT /v2.0/subnetpools/fcd70e7c-0d36-4a24-8d3e-1ec775e6a5e5/tags HTTP/1.1" status: 200 len: 230 time: 0.0403659
2026-05-09 22:58:56.487 10 INFO neutron.wsgi [None req-0674115e-61c7-4571-a1eb-ec9c91c87ba2 efef07234b8340cea27f15f3829ff4d7 ea9788cb250d4c17a19e8f9efb295db8 - - default default] 10.0.0.214 "GET /v2.0/subnetpools/fcd70e7c-0d36-4a24-8d3e-1ec775e6a5e5/tags HTTP/1.1" status: 200 len: 230 time: 0.0230491
2026-05-09 22:58:56.511 10 INFO neutron.wsgi [None req-3c38733d-ccb3-4f46-8409-e6b378bbada5 efef07234b8340cea27f15f3829ff4d7 ea9788cb250d4c17a19e8f9efb295db8 - - default default] 10.0.0.214 "GET /v2.0/subnetpools/fcd70e7c-0d36-4a24-8d3e-1ec775e6a5e5/tags/red HTTP/1.1" status: 204 len: 168 time: 0.0202377
2026-05-09 22:58:56.535 10 INFO neutron.api.v2.resource [None req-6ca59e53-f2bc-4ff3-a450-8183f00501e9 efef07234b8340cea27f15f3829ff4d7 ea9788cb250d4c17a19e8f9efb295db8 - - default default] show failed (client error): The resource could not be found.
2026-05-09 22:58:56.536 10 INFO neutron.wsgi [None req-6ca59e53-f2bc-4ff3-a450-8183f00501e9 efef07234b8340cea27f15f3829ff4d7 ea9788cb250d4c17a19e8f9efb295db8 - - default default] 10.0.0.214 "GET /v2.0/subnetpools/fcd70e7c-0d36-4a24-8d3e-1ec775e6a5e5/tags/green HTTP/1.1" status: 404 len: 299 time: 0.0205741
2026-05-09 22:58:56.576 10 INFO neutron.wsgi [None req-de538160-829c-4496-b9a6-4cd0d5bdeebc efef07234b8340cea27f15f3829ff4d7 ea9788cb250d4c17a19e8f9efb295db8 - - default default] 10.0.0.214 "DELETE /v2.0/subnetpools/fcd70e7c-0d36-4a24-8d3e-1ec775e6a5e5/tags/red HTTP/1.1" status: 204 len: 168 time: 0.0369236
2026-05-09 22:58:56.608 10 INFO neutron.wsgi [None req-3f5c8e2d-535a-445b-8ed1-cbc13e385e94 efef07234b8340cea27f15f3829ff4d7 ea9788cb250d4c17a19e8f9efb295db8 - - default default] 10.0.0.214 "GET /v2.0/subnetpools/fcd70e7c-0d36-4a24-8d3e-1ec775e6a5e5/tags HTTP/1.1" status: 200 len: 223 time: 0.0266390
2026-05-09 22:58:56.633 9 INFO neutron.wsgi [None req-1803eb39-fa2d-4ee1-aa1d-716efd129c1a 30343efc63d44469af7bea640da5ee5f aa04f6c409e944f7ad24af9018e29413 - - default default] 10.0.0.214 "GET /v2.0/subnets/54f78f57-25d4-4098-a167-2070d21a6a9f HTTP/1.1" status: 200 len: 845 time: 0.0292666
2026-05-09 22:58:56.636 10 INFO neutron.api.v2.resource [None req-308ed7b7-f99b-45d4-b7de-95be7cafeec6 efef07234b8340cea27f15f3829ff4d7 ea9788cb250d4c17a19e8f9efb295db8 - - default default] delete failed (client error): The resource could not be found.
2026-05-09 22:58:56.638 10 INFO neutron.wsgi [None req-308ed7b7-f99b-45d4-b7de-95be7cafeec6 efef07234b8340cea27f15f3829ff4d7 ea9788cb250d4c17a19e8f9efb295db8 - - default default] 10.0.0.214 "DELETE /v2.0/subnetpools/fcd70e7c-0d36-4a24-8d3e-1ec775e6a5e5/tags/green HTTP/1.1" status: 404 len: 299 time: 0.0256817
2026-05-09 22:58:56.679 10 INFO neutron.wsgi [None req-c48c0ed3-c541-4637-8d82-25dbdd883e7f efef07234b8340cea27f15f3829ff4d7 ea9788cb250d4c17a19e8f9efb295db8 - - default default] 10.0.0.214 "DELETE /v2.0/subnetpools/fcd70e7c-0d36-4a24-8d3e-1ec775e6a5e5/tags HTTP/1.1" status: 204 len: 168 time: 0.0361218
2026-05-09 22:58:56.706 10 INFO neutron.wsgi [None req-ec4a105e-97fe-4a76-8aca-c9d200426bfe efef07234b8340cea27f15f3829ff4d7 ea9788cb250d4c17a19e8f9efb295db8 - - default default] 10.0.0.214 "GET /v2.0/subnetpools/fcd70e7c-0d36-4a24-8d3e-1ec775e6a5e5/tags HTTP/1.1" status: 200 len: 205 time: 0.0222700
2026-05-09 22:58:56.792 10 INFO neutron.wsgi [None req-4caff015-a0d0-42ec-baaa-178a429f9eb0 efef07234b8340cea27f15f3829ff4d7 ea9788cb250d4c17a19e8f9efb295db8 - - default default] 10.0.0.214 "DELETE /v2.0/subnetpools/fcd70e7c-0d36-4a24-8d3e-1ec775e6a5e5 HTTP/1.1" status: 204 len: 168 time: 0.0716882
2026-05-09 22:58:57.628 9 INFO neutron.wsgi [None req-ac837843-0bfb-44a7-aabe-12fe618cbbb4 8df602c576ed4eb7a388b6ec3d9f6864 b51fdf18aad844e4af18a455445db30d - - default default] 10.0.0.206 "GET /v2.0/extensions/security-group HTTP/1.1" status: 200 len: 369 time: 0.1216829
2026-05-09 22:58:57.643 9 INFO neutron.wsgi [None req-f6c315cf-bbc1-4ab1-953f-69fb5d15af10 8df602c576ed4eb7a388b6ec3d9f6864 b51fdf18aad844e4af18a455445db30d - - default default] 10.0.0.206 "GET /v2.0/extensions/dns-integration HTTP/1.1" status: 200 len: 371 time: 0.0064576
2026-05-09 22:58:57.654 9 INFO neutron.wsgi [None req-f0c175bd-cc4c-4759-b1f2-69633a079caa 8df602c576ed4eb7a388b6ec3d9f6864 b51fdf18aad844e4af18a455445db30d - - default default] 10.0.0.206 "GET /v2.0/extensions/qos HTTP/1.1" status: 200 len: 365 time: 0.0062804
2026-05-09 22:58:57.665 9 INFO neutron.wsgi [None req-955f623d-e0a5-46a1-8e35-f0d1b7111634 8df602c576ed4eb7a388b6ec3d9f6864 b51fdf18aad844e4af18a455445db30d - - default default] 10.0.0.206 "GET /v2.0/extensions/allowed-address-pairs HTTP/1.1" status: 200 len: 383 time: 0.0053756
2026-05-09 22:58:57.712 9 INFO neutron.db.ovn_revision_numbers_db [None req-9f7ac3fc-f8c5-43d2-a983-f5e049d47163 8df602c576ed4eb7a388b6ec3d9f6864 b51fdf18aad844e4af18a455445db30d - - default default] Successfully bumped revision number for resource 69636965-23cf-4228-b92f-616414943e52 (type: security_groups) to 1
2026-05-09 22:58:57.724 9 INFO neutron.db.ovn_revision_numbers_db [None req-9f7ac3fc-f8c5-43d2-a983-f5e049d47163 8df602c576ed4eb7a388b6ec3d9f6864 b51fdf18aad844e4af18a455445db30d - - default default] Successfully bumped revision number for resource 0a3a6328-a7ca-4aef-9d4b-5d3072d18a19 (type: security_group_rules) to 0
2026-05-09 22:58:57.735 9 INFO neutron.db.ovn_revision_numbers_db [None req-9f7ac3fc-f8c5-43d2-a983-f5e049d47163 8df602c576ed4eb7a388b6ec3d9f6864 b51fdf18aad844e4af18a455445db30d - - default default] Successfully bumped revision number for resource 447a3640-0dae-4b46-ac91-570f437704c9 (type: security_group_rules) to 0
2026-05-09 22:58:57.747 9 INFO neutron.db.ovn_revision_numbers_db [None req-9f7ac3fc-f8c5-43d2-a983-f5e049d47163 8df602c576ed4eb7a388b6ec3d9f6864 b51fdf18aad844e4af18a455445db30d - - default default] Successfully bumped revision number for resource caccdb29-ce08-43b7-ab27-af4043f4acf5 (type: security_group_rules) to 0
2026-05-09 22:58:57.757 9 INFO neutron.db.ovn_revision_numbers_db [None req-9f7ac3fc-f8c5-43d2-a983-f5e049d47163 8df602c576ed4eb7a388b6ec3d9f6864 b51fdf18aad844e4af18a455445db30d - - default default] Successfully bumped revision number for resource ee75e9b6-4d5f-4bf3-9e37-3960f4e391d9 (type: security_group_rules) to 0
2026-05-09 22:58:57.787 9 INFO neutron.wsgi [None req-9f7ac3fc-f8c5-43d2-a983-f5e049d47163 8df602c576ed4eb7a388b6ec3d9f6864 b51fdf18aad844e4af18a455445db30d - - default default] 10.0.0.214 "GET /v2.0/security-groups?tenant_id=ea9788cb250d4c17a19e8f9efb295db8&name=default HTTP/1.1" status: 200 len: 3000 time: 0.3452253
2026-05-09 22:58:58.005 9 INFO neutron.wsgi [None req-43e3fef7-44f0-4fa1-a9bc-f1ec4d66dce4 8df602c576ed4eb7a388b6ec3d9f6864 b51fdf18aad844e4af18a455445db30d - - default default] 10.0.0.214 "DELETE /v2.0/security-groups/69636965-23cf-4228-b92f-616414943e52 HTTP/1.1" status: 204 len: 168 time: 0.2142017
2026-05-09 22:58:58.195 10 INFO neutron.wsgi [-] 10.0.0.206 "GET / HTTP/1.1" status: 200 len: 284 time: 0.0013213
2026-05-09 22:58:58.250 10 INFO neutron.wsgi [None req-6313ae0a-7d37-49cc-a2bd-171af1b8e396 f51613e9f1da4505b318e07d7d33fd04 7d0cb4af5f264adc8ef32bc36fd8ee93 - - default default] 10.0.0.206 "GET /v2.0/subnets/54f78f57-25d4-4098-a167-2070d21a6a9f HTTP/1.1" status: 200 len: 832 time: 0.0397046
2026-05-09 22:58:58.251 10 INFO neutron.db.ovn_revision_numbers_db [None req-dea0363d-4a35-4f0a-85d8-5f66bf73ae3c 8df602c576ed4eb7a388b6ec3d9f6864 b51fdf18aad844e4af18a455445db30d - - default default] Successfully bumped revision number for resource 588886b5-8a4b-4400-91fd-6d1bd3a16547 (type: security_groups) to 1
2026-05-09 22:58:58.268 9 INFO neutron.wsgi [None req-fb7968f4-785c-469d-b077-f5c2f5abf961 8df602c576ed4eb7a388b6ec3d9f6864 b51fdf18aad844e4af18a455445db30d - - default default] 10.0.0.206 "GET /v2.0/extensions/security-group HTTP/1.1" status: 200 len: 369 time: 0.0082264
2026-05-09 22:58:58.271 10 INFO neutron.db.ovn_revision_numbers_db [None req-dea0363d-4a35-4f0a-85d8-5f66bf73ae3c 8df602c576ed4eb7a388b6ec3d9f6864 b51fdf18aad844e4af18a455445db30d - - default default] Successfully bumped revision number for resource c12f5c0a-d1d9-4590-b1e9-9a39d4569bd1 (type: security_group_rules) to 0
2026-05-09 22:58:58.278 9 INFO neutron.wsgi [None req-9bb1d8c0-b918-44e9-b32d-bd2eb1eaaa34 8df602c576ed4eb7a388b6ec3d9f6864 b51fdf18aad844e4af18a455445db30d - - default default] 10.0.0.206 "GET /v2.0/extensions/dns-integration HTTP/1.1" status: 200 len: 371 time: 0.0043972
2026-05-09 22:58:58.287 10 INFO neutron.db.ovn_revision_numbers_db [None req-dea0363d-4a35-4f0a-85d8-5f66bf73ae3c 8df602c576ed4eb7a388b6ec3d9f6864 b51fdf18aad844e4af18a455445db30d - - default default] Successfully bumped revision number for resource c607c9b9-491a-43ab-b97d-6943281d93d2 (type: security_group_rules) to 0
2026-05-09 22:58:58.288 9 INFO neutron.wsgi [None req-01bbda6c-dd92-48a6-b79c-efbed948425d 8df602c576ed4eb7a388b6ec3d9f6864 b51fdf18aad844e4af18a455445db30d - - default default] 10.0.0.206 "GET /v2.0/extensions/qos HTTP/1.1" status: 200 len: 365 time: 0.0045426
2026-05-09 22:58:58.298 9 INFO neutron.wsgi [None req-e4558a21-4a30-4399-a5c8-91f3b4650c77 8df602c576ed4eb7a388b6ec3d9f6864 b51fdf18aad844e4af18a455445db30d - - default default] 10.0.0.206 "GET /v2.0/extensions/allowed-address-pairs HTTP/1.1" status: 200 len: 383 time: 0.0053790
2026-05-09 22:58:58.305 10 INFO neutron.db.ovn_revision_numbers_db [None req-dea0363d-4a35-4f0a-85d8-5f66bf73ae3c 8df602c576ed4eb7a388b6ec3d9f6864 b51fdf18aad844e4af18a455445db30d - - default default] Successfully bumped revision number for resource eb52200e-6d5e-4b39-baa1-1729fb4ae260 (type: security_group_rules) to 0
2026-05-09 22:58:58.320 10 INFO neutron.db.ovn_revision_numbers_db [None req-dea0363d-4a35-4f0a-85d8-5f66bf73ae3c 8df602c576ed4eb7a388b6ec3d9f6864 b51fdf18aad844e4af18a455445db30d - - default default] Successfully bumped revision number for resource fd286116-716c-4dbc-b8e6-690980961793 (type: security_group_rules) to 0
2026-05-09 22:58:58.347 10 INFO neutron.wsgi [None req-dea0363d-4a35-4f0a-85d8-5f66bf73ae3c 8df602c576ed4eb7a388b6ec3d9f6864 b51fdf18aad844e4af18a455445db30d - - default default] 10.0.0.214 "GET /v2.0/security-groups?tenant_id=ea93cff2d986454ea91ebf6f404f89b5&name=default HTTP/1.1" status: 200 len: 3000 time: 0.2412622
2026-05-09 22:58:58.357 9 INFO neutron.wsgi [None req-82b50ea7-0264-4f19-9850-7d81dc07abe7 8df602c576ed4eb7a388b6ec3d9f6864 b51fdf18aad844e4af18a455445db30d - - default default] 10.0.0.206 "GET /v2.0/subnets/54f78f57-25d4-4098-a167-2070d21a6a9f HTTP/1.1" status: 200 len: 850 time: 0.0505226
2026-05-09 22:58:58.454 9 INFO neutron.wsgi [None req-2905496f-2d25-4253-a476-a35faf495509 8df602c576ed4eb7a388b6ec3d9f6864 b51fdf18aad844e4af18a455445db30d - - default default] 10.0.0.206 "GET /v2.0/extensions/security-group HTTP/1.1" status: 200 len: 369 time: 0.0107403
2026-05-09 22:58:58.466 9 INFO neutron.wsgi [None req-df4fd587-d448-4324-815e-a0ee705c9384 8df602c576ed4eb7a388b6ec3d9f6864 b51fdf18aad844e4af18a455445db30d - - default default] 10.0.0.206 "GET /v2.0/extensions/dns-integration HTTP/1.1" status: 200 len: 371 time: 0.0065644
2026-05-09 22:58:58.474 9 INFO neutron.wsgi [None req-6c7b6a2b-c92f-46c0-87c9-8b4810b8b43e 8df602c576ed4eb7a388b6ec3d9f6864 b51fdf18aad844e4af18a455445db30d - - default default] 10.0.0.206 "GET /v2.0/extensions/qos HTTP/1.1" status: 200 len: 365 time: 0.0041270
2026-05-09 22:58:58.487 9 INFO neutron.wsgi [None req-b4958bb9-caec-423c-b10f-341327522203 8df602c576ed4eb7a388b6ec3d9f6864 b51fdf18aad844e4af18a455445db30d - - default default] 10.0.0.206 "GET /v2.0/extensions/allowed-address-pairs HTTP/1.1" status: 200 len: 383 time: 0.0049987
2026-05-09 22:58:58.550 9 INFO neutron.wsgi [None req-8541e174-6a32-4d06-8328-48a74a7ed400 8df602c576ed4eb7a388b6ec3d9f6864 b51fdf18aad844e4af18a455445db30d - - default default] 10.0.0.206 "GET /v2.0/networks/64dd60ee-326f-49be-a679-80e45915b2af HTTP/1.1" status: 200 len: 1001 time: 0.0561111
2026-05-09 22:58:58.561 10 INFO neutron.wsgi [None req-a440ae49-b13c-4f88-9bf2-37c1ed25893a 8df602c576ed4eb7a388b6ec3d9f6864 b51fdf18aad844e4af18a455445db30d - - default default] 10.0.0.214 "DELETE /v2.0/security-groups/588886b5-8a4b-4400-91fd-6d1bd3a16547 HTTP/1.1" status: 204 len: 168 time: 0.2109125
2026-05-09 22:58:58.562 9 INFO neutron.wsgi [None req-86889933-7658-4d2b-8928-4b03b94be7c9 8df602c576ed4eb7a388b6ec3d9f6864 b51fdf18aad844e4af18a455445db30d - - default default] 10.0.0.206 "GET /v2.0/extensions/project-id HTTP/1.1" status: 200 len: 403 time: 0.0061924
2026-05-09 22:58:58.870 9 WARNING neutron.scheduler.dhcp_agent_scheduler [None req-03e81fdc-9697-4398-a064-60279916113b 8df602c576ed4eb7a388b6ec3d9f6864 b51fdf18aad844e4af18a455445db30d - - default default] No more DHCP agents
2026-05-09 22:58:58.873 9 WARNING neutron.api.rpc.agentnotifiers.dhcp_rpc_agent_api [None req-03e81fdc-9697-4398-a064-60279916113b 8df602c576ed4eb7a388b6ec3d9f6864 b51fdf18aad844e4af18a455445db30d - - default default] Unable to schedule network 64dd60ee-326f-49be-a679-80e45915b2af: no agents available; will retry on subsequent port and subnet creation events.
2026-05-09 22:58:59.054 9 INFO neutron.db.ovn_revision_numbers_db [None req-03e81fdc-9697-4398-a064-60279916113b 8df602c576ed4eb7a388b6ec3d9f6864 b51fdf18aad844e4af18a455445db30d - - default default] Successfully bumped revision number for resource b0dd95e9-1eb1-494f-adc5-4fcbb31b85e6 (type: ports) to 1
2026-05-09 22:58:59.080 9 INFO neutron.wsgi [None req-03e81fdc-9697-4398-a064-60279916113b 8df602c576ed4eb7a388b6ec3d9f6864 b51fdf18aad844e4af18a455445db30d - - default default] 10.0.0.206 "POST /v2.0/ports HTTP/1.1" status: 201 len: 1337 time: 0.5077996
2026-05-09 22:59:00.360 10 INFO neutron.wsgi [-] 10.0.0.138 "GET / HTTP/1.1" status: 200 len: 247 time: 0.0018837
2026-05-09 22:59:00.363 9 INFO neutron.wsgi [-] 10.0.0.138 "GET / HTTP/1.1" status: 200 len: 247 time: 0.0039024
2026-05-09 22:59:01.266 10 INFO neutron.wsgi [None req-d3f5358c-db74-4ec3-9cc6-89fa6ea4a288 8df602c576ed4eb7a388b6ec3d9f6864 b51fdf18aad844e4af18a455445db30d - - default default] 199.204.45.35 "GET /v2.0/extensions/security-group HTTP/1.1" status: 200 len: 369 time: 0.1564326
2026-05-09 22:59:01.280 10 INFO neutron.wsgi [None req-14a21d53-fcee-4950-9f16-a2887396532c 8df602c576ed4eb7a388b6ec3d9f6864 b51fdf18aad844e4af18a455445db30d - - default default] 199.204.45.35 "GET /v2.0/extensions/dns-integration HTTP/1.1" status: 200 len: 371 time: 0.0066407
2026-05-09 22:59:01.288 10 INFO neutron.wsgi [None req-d0a277e9-de72-43cf-af4d-268c521dc524 8df602c576ed4eb7a388b6ec3d9f6864 b51fdf18aad844e4af18a455445db30d - - default default] 199.204.45.35 "GET /v2.0/extensions/qos HTTP/1.1" status: 200 len: 365 time: 0.0041745
2026-05-09 22:59:01.296 10 INFO neutron.wsgi [None req-92bdf553-db62-4905-a10a-56080ee3a1c4 8df602c576ed4eb7a388b6ec3d9f6864 b51fdf18aad844e4af18a455445db30d - - default default] 199.204.45.35 "GET /v2.0/extensions/allowed-address-pairs HTTP/1.1" status: 200 len: 383 time: 0.0040257
2026-05-09 22:59:01.332 10 INFO neutron.wsgi [None req-63f6c920-0036-4916-a505-28f8e268632f 8df602c576ed4eb7a388b6ec3d9f6864 b51fdf18aad844e4af18a455445db30d - - default default] 199.204.45.35 "GET /v2.0/ports/b0dd95e9-1eb1-494f-adc5-4fcbb31b85e6 HTTP/1.1" status: 200 len: 1332 time: 0.0313759
2026-05-09 22:59:01.703 10 INFO neutron.wsgi [None req-4f29e67f-67f2-4791-bfe3-a5d8cb86c294 8df602c576ed4eb7a388b6ec3d9f6864 b51fdf18aad844e4af18a455445db30d - - default default] 199.204.45.35 "GET /v2.0/extensions/security-group HTTP/1.1" status: 200 len: 369 time: 0.0075040
2026-05-09 22:59:01.714 10 INFO neutron.wsgi [None req-aa0f1e77-3740-4569-8808-2586278fe068 8df602c576ed4eb7a388b6ec3d9f6864 b51fdf18aad844e4af18a455445db30d - - default default] 199.204.45.35 "GET /v2.0/extensions/dns-integration HTTP/1.1" status: 200 len: 371 time: 0.0046508
2026-05-09 22:59:01.726 10 INFO neutron.wsgi [None req-19fd658f-6a2d-41db-a882-ab8a8e6241a9 8df602c576ed4eb7a388b6ec3d9f6864 b51fdf18aad844e4af18a455445db30d - - default default] 199.204.45.35 "GET /v2.0/extensions/qos HTTP/1.1" status: 200 len: 365 time: 0.0077839
2026-05-09 22:59:01.734 10 INFO neutron.wsgi [None req-3085a95f-7dce-4292-99bc-1af27866af1e 8df602c576ed4eb7a388b6ec3d9f6864 b51fdf18aad844e4af18a455445db30d - - default default] 199.204.45.35 "GET /v2.0/extensions/allowed-address-pairs HTTP/1.1" status: 200 len: 383 time: 0.0044692
2026-05-09 22:59:01.749 10 INFO neutron.api.v2.resource [None req-4293f357-846e-42b2-869d-e0d06d0eb849 8df602c576ed4eb7a388b6ec3d9f6864 b51fdf18aad844e4af18a455445db30d - - default default] show failed (client error): The resource could not be found.
2026-05-09 22:59:01.750 10 INFO neutron.wsgi [None req-4293f357-846e-42b2-869d-e0d06d0eb849 8df602c576ed4eb7a388b6ec3d9f6864 b51fdf18aad844e4af18a455445db30d - - default default] 199.204.45.35 "GET /v2.0/security-groups/lb-d0c11b35-845e-498b-a98e-25626210d125 HTTP/1.1" status: 404 len: 355 time: 0.0118184
2026-05-09 22:59:01.783 10 INFO neutron.wsgi [None req-196b29ad-aa6d-45e3-ae00-8a490af9cb3f 8df602c576ed4eb7a388b6ec3d9f6864 b51fdf18aad844e4af18a455445db30d - - default default] 199.204.45.35 "GET /v2.0/security-groups?name=lb-d0c11b35-845e-498b-a98e-25626210d125 HTTP/1.1" status: 200 len: 221 time: 0.0292797
2026-05-09 22:59:01.896 10 INFO neutron.db.ovn_revision_numbers_db [None req-16dd9d6d-cda0-46b6-a7e2-0710ce451dcb 8df602c576ed4eb7a388b6ec3d9f6864 b51fdf18aad844e4af18a455445db30d - - default default] Successfully bumped revision number for resource ee728330-d5f0-413d-a6cc-d3608ac7b7d6 (type: security_groups) to 1
2026-05-09 22:59:01.909 10 INFO neutron.db.ovn_revision_numbers_db [None req-16dd9d6d-cda0-46b6-a7e2-0710ce451dcb 8df602c576ed4eb7a388b6ec3d9f6864 b51fdf18aad844e4af18a455445db30d - - default default] Successfully bumped revision number for resource b2c56a09-cdbd-4bb3-a58a-3a416a5e956d (type: security_group_rules) to 0
2026-05-09 22:59:01.924 10 INFO neutron.db.ovn_revision_numbers_db [None req-16dd9d6d-cda0-46b6-a7e2-0710ce451dcb 8df602c576ed4eb7a388b6ec3d9f6864 b51fdf18aad844e4af18a455445db30d - - default default] Successfully bumped revision number for resource cf85d312-bf19-4080-9f44-82df03ac083e (type: security_group_rules) to 0
2026-05-09 22:59:01.957 10 INFO neutron.wsgi [None req-16dd9d6d-cda0-46b6-a7e2-0710ce451dcb 8df602c576ed4eb7a388b6ec3d9f6864 b51fdf18aad844e4af18a455445db30d - - default default] 199.204.45.35 "POST /v2.0/security-groups HTTP/1.1" status: 201 len: 1779 time: 0.1681371
2026-05-09 22:59:02.004 10 INFO neutron.wsgi [None req-d1a2e592-76ec-4bd5-a47d-33f739189e06 8df602c576ed4eb7a388b6ec3d9f6864 b51fdf18aad844e4af18a455445db30d - - default default] 199.204.45.35 "GET /v2.0/security-group-rules?security_group_id=ee728330-d5f0-413d-a6cc-d3608ac7b7d6 HTTP/1.1" status: 200 len: 1318 time: 0.0409124
2026-05-09 22:59:02.594 10 INFO neutron.db.ovn_revision_numbers_db [None req-f1bad515-af5e-4041-bbe3-ef609d8b23b4 8df602c576ed4eb7a388b6ec3d9f6864 b51fdf18aad844e4af18a455445db30d - - default default] Successfully bumped revision number for resource b0dd95e9-1eb1-494f-adc5-4fcbb31b85e6 (type: ports) to 2
2026-05-09 22:59:02.606 10 INFO neutron.wsgi [None req-f1bad515-af5e-4041-bbe3-ef609d8b23b4 8df602c576ed4eb7a388b6ec3d9f6864 b51fdf18aad844e4af18a455445db30d - - default default] 199.204.45.35 "PUT /v2.0/ports/b0dd95e9-1eb1-494f-adc5-4fcbb31b85e6 HTTP/1.1" status: 200 len: 1332 time: 0.5904791 /var/lib/openstack/lib/python3.10/site-packages/pycadf/identifier.py:71: UserWarning: Invalid uuid: neutron. To ensure interoperability, identifiers should be a valid uuid. warnings.warn(('Invalid uuid: %s. To ensure interoperability, '
2026-05-09 22:59:02.677 10 INFO neutron.wsgi [None req-48aee5f8-7044-4480-9ed1-715dcac5c8ac 8df602c576ed4eb7a388b6ec3d9f6864 b51fdf18aad844e4af18a455445db30d - - default default] 199.204.45.35 "GET /v2.0/extensions/security-group HTTP/1.1" status: 200 len: 369 time: 0.0089498
2026-05-09 22:59:02.684 10 INFO neutron.wsgi [None req-1add2911-1436-46d3-88ea-f78bfb48f285 8df602c576ed4eb7a388b6ec3d9f6864 b51fdf18aad844e4af18a455445db30d - - default default] 199.204.45.35 "GET /v2.0/extensions/dns-integration HTTP/1.1" status: 200 len: 371 time: 0.0031364
2026-05-09 22:59:02.692 10 INFO neutron.wsgi [None req-93f3ba0a-4671-4259-b893-d8e09824b24d 8df602c576ed4eb7a388b6ec3d9f6864 b51fdf18aad844e4af18a455445db30d - - default default] 199.204.45.35 "GET /v2.0/extensions/qos HTTP/1.1" status: 200 len: 365 time: 0.0041401
2026-05-09 22:59:02.701 10 INFO neutron.wsgi [None req-47259175-76e0-4d48-8d08-5272e45d050c 8df602c576ed4eb7a388b6ec3d9f6864 b51fdf18aad844e4af18a455445db30d - - default default] 199.204.45.35 "GET /v2.0/extensions/allowed-address-pairs HTTP/1.1" status: 200 len: 383 time: 0.0062649
2026-05-09 22:59:02.735 10 INFO neutron.wsgi [None req-ab50a904-07da-4ff4-a948-329caa4d1619 8df602c576ed4eb7a388b6ec3d9f6864 b51fdf18aad844e4af18a455445db30d - - default default] 199.204.45.35 "GET /v2.0/subnets/54f78f57-25d4-4098-a167-2070d21a6a9f HTTP/1.1" status: 200 len: 850 time: 0.0296159 /var/lib/openstack/lib/python3.10/site-packages/pycadf/identifier.py:71: UserWarning: Invalid uuid: neutron. To ensure interoperability, identifiers should be a valid uuid. warnings.warn(('Invalid uuid: %s. To ensure interoperability, '
2026-05-09 22:59:10.444 9 INFO neutron.wsgi [req-a3a08464-7a0e-4d60-8ae5-6d71e85c1735 req-e4cc4dbe-46db-488c-a4b5-2b20ef6f879c 8df602c576ed4eb7a388b6ec3d9f6864 b51fdf18aad844e4af18a455445db30d - - default default] 10.0.0.106 "GET /v2.0/security-groups?id=6d1cef21-45aa-4ec4-a167-12c14b301fea&fields=id HTTP/1.1" status: 200 len: 267 time: 0.0447550
2026-05-09 22:59:10.519 9 INFO neutron.wsgi [req-a3a08464-7a0e-4d60-8ae5-6d71e85c1735 req-b87a15ab-6d9a-43f7-93a3-f037e5088eae 8df602c576ed4eb7a388b6ec3d9f6864 b51fdf18aad844e4af18a455445db30d - - default default] 10.0.0.106 "GET /v2.0/networks?id=abff8c3d-7a4a-4ea7-b500-ee7bc29bb0ff HTTP/1.1" status: 200 len: 937 time: 0.0679369
2026-05-09 22:59:10.536 9 INFO neutron.wsgi [req-a3a08464-7a0e-4d60-8ae5-6d71e85c1735 req-92df7272-8ba4-4986-854d-dc4bc6183978 8df602c576ed4eb7a388b6ec3d9f6864 b51fdf18aad844e4af18a455445db30d - - default default] 10.0.0.106 "GET /v2.0/quotas/b51fdf18aad844e4af18a455445db30d HTTP/1.1" status: 200 len: 385 time: 0.0102069
2026-05-09 22:59:10.596 9 INFO neutron.wsgi [req-a3a08464-7a0e-4d60-8ae5-6d71e85c1735 req-678f637c-da4b-466e-a596-adffcd3088a7 8df602c576ed4eb7a388b6ec3d9f6864 b51fdf18aad844e4af18a455445db30d - - default default] 10.0.0.106 "GET /v2.0/ports?tenant_id=b51fdf18aad844e4af18a455445db30d&fields=id HTTP/1.1" status: 200 len: 348 time: 0.0527058
2026-05-09 22:59:10.668 9 INFO neutron.wsgi [req-a3a08464-7a0e-4d60-8ae5-6d71e85c1735 req-8c2a74e8-ef8a-4315-a7e4-e8203ed9bd8a 85346ff96472477b85427d9835cf6455 a87c074d5f924c5685712dc6e41e38b3 - - 6c1a401fdf844f518769ed403dc14c20 6c1a401fdf844f518769ed403dc14c20] 10.0.0.106 "GET /v2.0/networks/abff8c3d-7a4a-4ea7-b500-ee7bc29bb0ff?fields=segments HTTP/1.1" status: 200 len: 212 time: 0.0570762
2026-05-09 22:59:10.744 9 INFO neutron.wsgi [req-a3a08464-7a0e-4d60-8ae5-6d71e85c1735 req-60593329-9ca5-4594-88e6-4139b6c46a5e 85346ff96472477b85427d9835cf6455 a87c074d5f924c5685712dc6e41e38b3 - - 6c1a401fdf844f518769ed403dc14c20 6c1a401fdf844f518769ed403dc14c20] 10.0.0.106 "GET /v2.0/networks/abff8c3d-7a4a-4ea7-b500-ee7bc29bb0ff?fields=provider%3Aphysical_network&fields=provider%3Anetwork_type HTTP/1.1" status: 200 len: 277 time: 0.0681937
2026-05-09 22:59:11.267 10 INFO neutron.wsgi [req-fb9613b2-707e-4edb-886d-a6c31388035f req-1aea5413-f163-4d06-870a-b24af21f2048 8df602c576ed4eb7a388b6ec3d9f6864 b51fdf18aad844e4af18a455445db30d - - default default] 10.0.0.106 "GET /v2.0/ports?device_id=4b6cae2a-b9fe-4cd7-bae1-1aa09af7a9e7 HTTP/1.1" status: 200 len: 210 time: 0.0313656
2026-05-09 22:59:11.375 9 INFO neutron.wsgi [req-6da68f00-ce77-481a-ae85-a8c35cc7e58e req-7c2eab1e-1df7-4f35-b01d-e3d0088fae1d 8df602c576ed4eb7a388b6ec3d9f6864 b51fdf18aad844e4af18a455445db30d - - default default] 10.0.0.106 "GET /v2.0/ports?device_id=4b6cae2a-b9fe-4cd7-bae1-1aa09af7a9e7 HTTP/1.1" status: 200 len: 210 time: 0.0260818
2026-05-09 22:59:11.791 9 INFO neutron.wsgi [req-a3a08464-7a0e-4d60-8ae5-6d71e85c1735 req-d014338d-c291-415a-81fd-bfdc718110dd 8df602c576ed4eb7a388b6ec3d9f6864 b51fdf18aad844e4af18a455445db30d - - default default] 199.204.45.35 "GET /v2.0/networks?id=abff8c3d-7a4a-4ea7-b500-ee7bc29bb0ff HTTP/1.1" status: 200 len: 937 time: 0.0666416
2026-05-09 22:59:11.851 9 INFO neutron.wsgi [req-a3a08464-7a0e-4d60-8ae5-6d71e85c1735 req-c657259b-0aa6-4492-a5bc-c34c9471ad0d 8df602c576ed4eb7a388b6ec3d9f6864 b51fdf18aad844e4af18a455445db30d - - default default] 199.204.45.35 "GET /v2.0/security-groups?fields=id&fields=name&tenant_id=b51fdf18aad844e4af18a455445db30d HTTP/1.1" status: 200 len: 542 time: 0.0499344
2026-05-09 22:59:12.090 9 WARNING neutron.scheduler.dhcp_agent_scheduler [req-a3a08464-7a0e-4d60-8ae5-6d71e85c1735 req-c70eebb3-6c6f-4fe2-b6bf-c242700b9754 8df602c576ed4eb7a388b6ec3d9f6864 b51fdf18aad844e4af18a455445db30d - - default default] No more DHCP agents
2026-05-09 22:59:12.091 9 WARNING neutron.api.rpc.agentnotifiers.dhcp_rpc_agent_api [req-a3a08464-7a0e-4d60-8ae5-6d71e85c1735 req-c70eebb3-6c6f-4fe2-b6bf-c242700b9754 8df602c576ed4eb7a388b6ec3d9f6864 b51fdf18aad844e4af18a455445db30d - - default default] Unable to schedule network abff8c3d-7a4a-4ea7-b500-ee7bc29bb0ff: no agents available; will retry on subsequent port and subnet creation events.
2026-05-09 22:59:12.258 9 INFO neutron.db.ovn_revision_numbers_db [req-a3a08464-7a0e-4d60-8ae5-6d71e85c1735 req-c70eebb3-6c6f-4fe2-b6bf-c242700b9754 8df602c576ed4eb7a388b6ec3d9f6864 b51fdf18aad844e4af18a455445db30d - - default default] Successfully bumped revision number for resource 26fd9f40-9215-44da-9379-490276f4bef5 (type: ports) to 1
2026-05-09 22:59:12.282 9 INFO neutron.wsgi [req-a3a08464-7a0e-4d60-8ae5-6d71e85c1735 req-c70eebb3-6c6f-4fe2-b6bf-c242700b9754 8df602c576ed4eb7a388b6ec3d9f6864 b51fdf18aad844e4af18a455445db30d - - default default] 199.204.45.35 "POST /v2.0/ports HTTP/1.1" status: 201 len: 1283 time: 0.4275727 /var/lib/openstack/lib/python3.10/site-packages/pycadf/identifier.py:71: UserWarning: Invalid uuid: neutron. To ensure interoperability, identifiers should be a valid uuid. warnings.warn(('Invalid uuid: %s. To ensure interoperability, '
2026-05-09 22:59:12.713 9 INFO neutron.db.ovn_revision_numbers_db [req-a3a08464-7a0e-4d60-8ae5-6d71e85c1735 req-b68013ed-49cb-4a9d-a5f6-41a4cebe1084 85346ff96472477b85427d9835cf6455 a87c074d5f924c5685712dc6e41e38b3 - - 6c1a401fdf844f518769ed403dc14c20 6c1a401fdf844f518769ed403dc14c20] Successfully bumped revision number for resource 26fd9f40-9215-44da-9379-490276f4bef5 (type: ports) to 2
2026-05-09 22:59:13.153 9 INFO neutron.db.ovn_revision_numbers_db [req-a3a08464-7a0e-4d60-8ae5-6d71e85c1735 req-b68013ed-49cb-4a9d-a5f6-41a4cebe1084 85346ff96472477b85427d9835cf6455 a87c074d5f924c5685712dc6e41e38b3 - - 6c1a401fdf844f518769ed403dc14c20 6c1a401fdf844f518769ed403dc14c20] Successfully bumped revision number for resource 26fd9f40-9215-44da-9379-490276f4bef5 (type: ports) to 2
2026-05-09 22:59:13.173 9 INFO neutron.wsgi [req-a3a08464-7a0e-4d60-8ae5-6d71e85c1735 req-b68013ed-49cb-4a9d-a5f6-41a4cebe1084 85346ff96472477b85427d9835cf6455 a87c074d5f924c5685712dc6e41e38b3 - - 6c1a401fdf844f518769ed403dc14c20 6c1a401fdf844f518769ed403dc14c20] 199.204.45.35 "PUT /v2.0/ports/26fd9f40-9215-44da-9379-490276f4bef5 HTTP/1.1" status: 200 len: 1380 time: 0.8850238
2026-05-09 22:59:13.215 9 INFO neutron.notifiers.nova [-] Nova event matching ['req-604d6e9b-3455-452e-81a9-42079d64a13b'] response: {'name': 'network-changed', 'server_uuid': '4b6cae2a-b9fe-4cd7-bae1-1aa09af7a9e7', 'tag': '26fd9f40-9215-44da-9379-490276f4bef5', 'status': 'completed', 'code': 200} /var/lib/openstack/lib/python3.10/site-packages/pycadf/identifier.py:71: UserWarning: Invalid uuid: neutron. To ensure interoperability, identifiers should be a valid uuid. warnings.warn(('Invalid uuid: %s. To ensure interoperability, '
