2026-05-09 22:48:00.362 10 INFO neutron.wsgi [-] 10.0.0.138 "GET / HTTP/1.1" status: 200 len: 247 time: 0.0027516
2026-05-09 22:48:15.361 9 INFO neutron.wsgi [-] 10.0.0.138 "GET / HTTP/1.1" status: 200 len: 247 time: 0.0025177
2026-05-09 22:48:15.361 10 INFO neutron.wsgi [-] 10.0.0.138 "GET / HTTP/1.1" status: 200 len: 247 time: 0.0024273
2026-05-09 22:48:30.361 9 INFO neutron.wsgi [-] 10.0.0.138 "GET / HTTP/1.1" status: 200 len: 247 time: 0.0026000
2026-05-09 22:48:30.362 10 INFO neutron.wsgi [-] 10.0.0.138 "GET / HTTP/1.1" status: 200 len: 247 time: 0.0030863
2026-05-09 22:48:34.080 10 INFO neutron.wsgi [None req-dba16a59-1c26-4e9b-add1-55c6f8ed9d63 8df602c576ed4eb7a388b6ec3d9f6864 b51fdf18aad844e4af18a455445db30d - - default default] 10.0.0.216 "GET /v2.0/floatingips HTTP/1.1" status: 200 len: 193 time: 0.1457353
2026-05-09 22:48:34.160 10 INFO neutron.wsgi [None req-c42a2e63-6708-4bf0-9dfa-d832bda46357 8df602c576ed4eb7a388b6ec3d9f6864 b51fdf18aad844e4af18a455445db30d - - default default] 10.0.0.216 "GET /v2.0/networks HTTP/1.1" status: 200 len: 2350 time: 0.0797019
2026-05-09 22:48:34.203 10 INFO neutron.wsgi [None req-5965ae9b-cf4f-4719-b509-c19ecd1a7ead 8df602c576ed4eb7a388b6ec3d9f6864 b51fdf18aad844e4af18a455445db30d - - default default] 10.0.0.216 "GET /v2.0/subnets HTTP/1.1" status: 200 len: 1437 time: 0.0410318
2026-05-09 22:48:34.245 10 INFO neutron.wsgi [None req-06a848e0-9248-48fa-8730-abe25cdd812e 8df602c576ed4eb7a388b6ec3d9f6864 b51fdf18aad844e4af18a455445db30d - - default default] 10.0.0.216 "GET /v2.0/routers HTTP/1.1" status: 200 len: 189 time: 0.0398533
2026-05-09 22:48:34.278 10 INFO neutron.wsgi [None req-85ec43e7-5ed8-453b-8761-96cac726e708 8df602c576ed4eb7a388b6ec3d9f6864 b51fdf18aad844e4af18a455445db30d - - default default] 10.0.0.216 "GET /v2.0/agents?binary=ovn-controller HTTP/1.1" status: 200 len: 591 time: 0.0323985
2026-05-09 22:48:34.291 10 INFO neutron.wsgi [None req-79de24e9-b9b8-4605-9162-08f2e944cd35 8df602c576ed4eb7a388b6ec3d9f6864 b51fdf18aad844e4af18a455445db30d - - default default] 10.0.0.216 "GET /v2.0/agents HTTP/1.1" status: 200 len: 997 time: 0.0113151
2026-05-09 22:48:34.339 10 INFO neutron.wsgi [None req-d1924566-bfac-489d-b479-821a5e95313b 8df602c576ed4eb7a388b6ec3d9f6864 b51fdf18aad844e4af18a455445db30d - - default default] 10.0.0.216 "GET /v2.0/security-groups HTTP/1.1" status: 200 len: 16803 time: 0.0464745
2026-05-09 22:48:34.357 10 INFO neutron.wsgi [None req-06a36bdc-1512-4d61-a74b-29876b95b5cd 8df602c576ed4eb7a388b6ec3d9f6864 b51fdf18aad844e4af18a455445db30d - - default default] 10.0.0.216 "GET /v2.0/network-ip-availabilities HTTP/1.1" status: 200 len: 1280 time: 0.0122619
2026-05-09 22:48:34.402 10 INFO neutron.wsgi [None req-c7207569-6d27-4d23-a499-b40fb0206892 8df602c576ed4eb7a388b6ec3d9f6864 b51fdf18aad844e4af18a455445db30d - - default default] 10.0.0.216 "GET /v2.0/ports HTTP/1.1" status: 200 len: 5351 time: 0.0437684
2026-05-09 22:48:34.440 10 INFO neutron.wsgi [None req-bdf4d265-cb54-48e0-bd9c-29836d21ddaf 8df602c576ed4eb7a388b6ec3d9f6864 b51fdf18aad844e4af18a455445db30d - - default default] 10.0.0.216 "GET /v2.0/subnets HTTP/1.1" status: 200 len: 1437 time: 0.0343227
2026-05-09 22:48:34.449 10 INFO neutron.wsgi [None req-d60ab17b-e809-4055-aeb2-f9a2f8a19990 8df602c576ed4eb7a388b6ec3d9f6864 b51fdf18aad844e4af18a455445db30d - - default default] 10.0.0.216 "GET /v2.0/subnetpools HTTP/1.1" status: 200 len: 193 time: 0.0080161
2026-05-09 22:48:45.362 10 INFO neutron.wsgi [-] 10.0.0.138 "GET / HTTP/1.1" status: 200 len: 247 time: 0.0024917
2026-05-09 22:48:45.362 9 INFO neutron.wsgi [-] 10.0.0.138 "GET / HTTP/1.1" status: 200 len: 247 time: 0.0028012
2026-05-09 22:49:00.362 10 INFO neutron.wsgi [-] 10.0.0.138 "GET / HTTP/1.1" status: 200 len: 247 time: 0.0031929
2026-05-09 22:49:00.363 9 INFO neutron.wsgi [-] 10.0.0.138 "GET / HTTP/1.1" status: 200 len: 247 time: 0.0040441
2026-05-09 22:49:15.361 10 INFO neutron.wsgi [-] 10.0.0.138 "GET / HTTP/1.1" status: 200 len: 247 time: 0.0023632
2026-05-09 22:49:15.364 10 INFO neutron.wsgi [-] 10.0.0.138 "GET / HTTP/1.1" status: 200 len: 247 time: 0.0019078
2026-05-09 22:49:30.360 9 INFO neutron.wsgi [-] 10.0.0.138 "GET / HTTP/1.1" status: 200 len: 247 time: 0.0013173
2026-05-09 22:49:30.361 10 INFO neutron.wsgi [-] 10.0.0.138 "GET / HTTP/1.1" status: 200 len: 247 time: 0.0022044
2026-05-09 22:49:34.000 10 INFO neutron.wsgi [None req-c25cbcb0-66d4-40bb-b43f-207c815107bc 8df602c576ed4eb7a388b6ec3d9f6864 b51fdf18aad844e4af18a455445db30d - - default default] 10.0.0.216 "GET /v2.0/networks HTTP/1.1" status: 200 len: 2350 time: 0.1113319
2026-05-09 22:49:34.027 10 INFO neutron.wsgi [None req-47abf40c-1883-4f8f-8562-8120db55e752 8df602c576ed4eb7a388b6ec3d9f6864 b51fdf18aad844e4af18a455445db30d - - default default] 10.0.0.216 "GET /v2.0/subnets HTTP/1.1" status: 200 len: 1437 time: 0.0254812
2026-05-09 22:49:34.036 10 INFO neutron.wsgi [None req-d2e7fc7a-48d8-4ea4-976c-1d9fa89d629b 8df602c576ed4eb7a388b6ec3d9f6864 b51fdf18aad844e4af18a455445db30d - - default default] 10.0.0.216 "GET /v2.0/subnetpools HTTP/1.1" status: 200 len: 193 time: 0.0078855
2026-05-09 22:49:34.074 10 INFO neutron.wsgi [None req-6f023204-9cb8-489e-8cf3-e84042499968 8df602c576ed4eb7a388b6ec3d9f6864 b51fdf18aad844e4af18a455445db30d - - default default] 10.0.0.216 "GET /v2.0/agents HTTP/1.1" status: 200 len: 997 time: 0.0375638
2026-05-09 22:49:34.135 10 INFO neutron.wsgi [None req-881434fd-5106-4ed8-9e41-4aacec9ac5eb 8df602c576ed4eb7a388b6ec3d9f6864 b51fdf18aad844e4af18a455445db30d - - default default] 10.0.0.216 "GET /v2.0/security-groups HTTP/1.1" status: 200 len: 16803 time: 0.0592370
2026-05-09 22:49:34.190 10 INFO neutron.wsgi [None req-ef73a665-bcfe-48bd-8c3a-587b04cb7bdb 8df602c576ed4eb7a388b6ec3d9f6864 b51fdf18aad844e4af18a455445db30d - - default default] 10.0.0.216 "GET /v2.0/ports HTTP/1.1" status: 200 len: 5351 time: 0.0508301
2026-05-09 22:49:34.217 10 INFO neutron.wsgi [None req-5f0ab0d6-0fcf-496d-8835-8b8e58c4b32f 8df602c576ed4eb7a388b6ec3d9f6864 b51fdf18aad844e4af18a455445db30d - - default default] 10.0.0.216 "GET /v2.0/routers HTTP/1.1" status: 200 len: 189 time: 0.0218344
2026-05-09 22:49:34.225 10 INFO neutron.wsgi [None req-81c59371-eeed-4678-ba0d-a1a1e0628d55 8df602c576ed4eb7a388b6ec3d9f6864 b51fdf18aad844e4af18a455445db30d - - default default] 10.0.0.216 "GET /v2.0/agents?binary=ovn-controller HTTP/1.1" status: 200 len: 591 time: 0.0079277
2026-05-09 22:49:34.241 10 INFO neutron.wsgi [None req-e35d9a8e-94fc-426e-bb4f-7c9a06227363 8df602c576ed4eb7a388b6ec3d9f6864 b51fdf18aad844e4af18a455445db30d - - default default] 10.0.0.216 "GET /v2.0/network-ip-availabilities HTTP/1.1" status: 200 len: 1280 time: 0.0141242
2026-05-09 22:49:34.267 10 INFO neutron.wsgi [None req-06b528be-321f-4b75-a25b-80f32713bbd7 8df602c576ed4eb7a388b6ec3d9f6864 b51fdf18aad844e4af18a455445db30d - - default default] 10.0.0.216 "GET /v2.0/floatingips HTTP/1.1" status: 200 len: 193 time: 0.0233302
2026-05-09 22:49:34.297 10 INFO neutron.wsgi [None req-52fced76-903b-4992-b436-33c21556f76c 8df602c576ed4eb7a388b6ec3d9f6864 b51fdf18aad844e4af18a455445db30d - - default default] 10.0.0.216 "GET /v2.0/subnets HTTP/1.1" status: 200 len: 1437 time: 0.0299017
2026-05-09 22:49:45.361 10 INFO neutron.wsgi [-] 10.0.0.138 "GET / HTTP/1.1" status: 200 len: 247 time: 0.0024426
2026-05-09 22:49:45.362 9 INFO neutron.wsgi [-] 10.0.0.138 "GET / HTTP/1.1" status: 200 len: 247 time: 0.0027394
2026-05-09 22:50:00.361 10 INFO neutron.wsgi [-] 10.0.0.138 "GET / HTTP/1.1" status: 200 len: 247 time: 0.0025303
2026-05-09 22:50:00.361 9 INFO neutron.wsgi [-] 10.0.0.138 "GET / HTTP/1.1" status: 200 len: 247 time: 0.0027573
2026-05-09 22:50:15.363 10 INFO neutron.wsgi [-] 10.0.0.138 "GET / HTTP/1.1" status: 200 len: 247 time: 0.0032861
2026-05-09 22:50:15.366 10 INFO neutron.wsgi [-] 10.0.0.138 "GET / HTTP/1.1" status: 200 len: 247 time: 0.0019124
2026-05-09 22:50:16.896 10 INFO neutron.pecan_wsgi.hooks.translation [None req-9fb624e0-de43-4b66-a01c-117c05383d64 8df602c576ed4eb7a388b6ec3d9f6864 b51fdf18aad844e4af18a455445db30d - - default default] GET failed (client error): The resource could not be found.
2026-05-09 22:50:16.897 10 INFO neutron.wsgi [None req-9fb624e0-de43-4b66-a01c-117c05383d64 8df602c576ed4eb7a388b6ec3d9f6864 b51fdf18aad844e4af18a455445db30d - - default default] 199.204.45.35,10.0.0.138 "GET /v2.0/networks/public HTTP/1.1" status: 404 len: 290 time: 0.0544424
2026-05-09 22:50:17.040 10 INFO neutron.wsgi [None req-56e18e17-3c35-4ca1-a867-d8fb08ac25ab 8df602c576ed4eb7a388b6ec3d9f6864 b51fdf18aad844e4af18a455445db30d - - default default] 199.204.45.35,10.0.0.138 "GET /v2.0/networks?name=public HTTP/1.1" status: 200 len: 928 time: 0.1402063
2026-05-09 22:50:18.238 10 INFO neutron.pecan_wsgi.hooks.translation [None req-b1046c58-88cd-4dfa-a55d-963d8303fa9c 8df602c576ed4eb7a388b6ec3d9f6864 b51fdf18aad844e4af18a455445db30d - - default default] GET failed (client error): The resource could not be found.
2026-05-09 22:50:18.240 10 INFO neutron.wsgi [None req-b1046c58-88cd-4dfa-a55d-963d8303fa9c 8df602c576ed4eb7a388b6ec3d9f6864 b51fdf18aad844e4af18a455445db30d - - default default] 199.204.45.35,10.0.0.138 "GET /v2.0/networks/public HTTP/1.1" status: 404 len: 290 time: 0.0582500
2026-05-09 22:50:18.298 10 INFO neutron.wsgi [None req-7c5dc7eb-5d99-4a2c-a65c-9a5f6d1a18d0 8df602c576ed4eb7a388b6ec3d9f6864 b51fdf18aad844e4af18a455445db30d - - default default] 199.204.45.35,10.0.0.138 "GET /v2.0/networks?name=public HTTP/1.1" status: 200 len: 928 time: 0.0563850
2026-05-09 22:50:18.324 10 INFO neutron.pecan_wsgi.hooks.translation [None req-1b064022-72df-433d-ab01-7243750fdb32 8df602c576ed4eb7a388b6ec3d9f6864 b51fdf18aad844e4af18a455445db30d - - default default] GET failed (client error): The resource could not be found.
2026-05-09 22:50:18.326 10 INFO neutron.wsgi [None req-1b064022-72df-433d-ab01-7243750fdb32 8df602c576ed4eb7a388b6ec3d9f6864 b51fdf18aad844e4af18a455445db30d - - default default] 199.204.45.35,10.0.0.138 "GET /v2.0/subnets/public-subnet?network_id=331ae174-097c-48c5-947d-49292eec1204 HTTP/1.1" status: 404 len: 295 time: 0.0226307
2026-05-09 22:50:18.373 10 INFO neutron.wsgi [None req-cf9a1ce2-eaea-427d-9897-3dcf70c98545 8df602c576ed4eb7a388b6ec3d9f6864 b51fdf18aad844e4af18a455445db30d - - default default] 199.204.45.35,10.0.0.138 "GET /v2.0/subnets?name=public-subnet&network_id=331ae174-097c-48c5-947d-49292eec1204 HTTP/1.1" status: 200 len: 819 time: 0.0436964
2026-05-09 22:50:30.360 9 INFO neutron.wsgi [-] 10.0.0.138 "GET / HTTP/1.1" status: 200 len: 247 time: 0.0019741
2026-05-09 22:50:30.360 10 INFO neutron.wsgi [-] 10.0.0.138 "GET / HTTP/1.1" status: 200 len: 247 time: 0.0018442
2026-05-09 22:50:33.992 10 INFO neutron.wsgi [None req-d4692e4b-1caa-44c5-acad-1286e7f213ff 8df602c576ed4eb7a388b6ec3d9f6864 b51fdf18aad844e4af18a455445db30d - - default default] 10.0.0.216 "GET /v2.0/security-groups HTTP/1.1" status: 200 len: 16803 time: 0.1008554
2026-05-09 22:50:34.033 10 INFO neutron.wsgi [None req-02450cad-b8a4-4af5-89f6-642dc38290ce 8df602c576ed4eb7a388b6ec3d9f6864 b51fdf18aad844e4af18a455445db30d - - default default] 10.0.0.216 "GET /v2.0/subnets HTTP/1.1" status: 200 len: 1437 time: 0.0358524
2026-05-09 22:50:34.043 10 INFO neutron.wsgi [None req-ffe92c3d-5570-4eb4-9f25-6d86d30908db 8df602c576ed4eb7a388b6ec3d9f6864 b51fdf18aad844e4af18a455445db30d - - default default] 10.0.0.216 "GET /v2.0/subnetpools HTTP/1.1" status: 200 len: 193 time: 0.0087154
2026-05-09 22:50:34.079 10 INFO neutron.wsgi [None req-a5b7207c-0d3f-4429-bfde-f8d2067179a9 8df602c576ed4eb7a388b6ec3d9f6864 b51fdf18aad844e4af18a455445db30d - - default default] 10.0.0.216 "GET /v2.0/subnets HTTP/1.1" status: 200 len: 1437 time: 0.0361495
2026-05-09 22:50:34.139 10 INFO neutron.wsgi [None req-69cbd87f-5cce-4c60-b12b-fdbb28181429 8df602c576ed4eb7a388b6ec3d9f6864 b51fdf18aad844e4af18a455445db30d - - default default] 10.0.0.216 "GET /v2.0/networks HTTP/1.1" status: 200 len: 2350 time: 0.0580518
2026-05-09 22:50:34.184 10 INFO neutron.wsgi [None req-6de4f2a5-fb09-46e9-be43-566aed7dc508 8df602c576ed4eb7a388b6ec3d9f6864 b51fdf18aad844e4af18a455445db30d - - default default] 10.0.0.216 "GET /v2.0/agents HTTP/1.1" status: 200 len: 997 time: 0.0433962
2026-05-09 22:50:34.200 10 INFO neutron.wsgi [None req-ffde5768-6b56-413b-9fa0-6441b06724b8 8df602c576ed4eb7a388b6ec3d9f6864 b51fdf18aad844e4af18a455445db30d - - default default] 10.0.0.216 "GET /v2.0/network-ip-availabilities HTTP/1.1" status: 200 len: 1280 time: 0.0147104
2026-05-09 22:50:34.225 10 INFO neutron.wsgi [None req-a1ed8c54-895b-498b-b2d6-160c9e222afa 8df602c576ed4eb7a388b6ec3d9f6864 b51fdf18aad844e4af18a455445db30d - - default default] 10.0.0.216 "GET /v2.0/floatingips HTTP/1.1" status: 200 len: 193 time: 0.0241392
2026-05-09 22:50:34.271 10 INFO neutron.wsgi [None req-c14a8e00-5d8e-4d5c-b00c-3ad97331a896 8df602c576ed4eb7a388b6ec3d9f6864 b51fdf18aad844e4af18a455445db30d - - default default] 10.0.0.216 "GET /v2.0/ports HTTP/1.1" status: 200 len: 5351 time: 0.0448780
2026-05-09 22:50:34.296 10 INFO neutron.wsgi [None req-0f40239d-5a7d-4e59-b301-eeca02d71914 8df602c576ed4eb7a388b6ec3d9f6864 b51fdf18aad844e4af18a455445db30d - - default default] 10.0.0.216 "GET /v2.0/routers HTTP/1.1" status: 200 len: 189 time: 0.0208933
2026-05-09 22:50:34.306 10 INFO neutron.wsgi [None req-3f3e9944-45d5-4a8d-a35e-bb82c0f39063 8df602c576ed4eb7a388b6ec3d9f6864 b51fdf18aad844e4af18a455445db30d - - default default] 10.0.0.216 "GET /v2.0/agents?binary=ovn-controller HTTP/1.1" status: 200 len: 591 time: 0.0090470
2026-05-09 22:50:45.361 10 INFO neutron.wsgi [-] 10.0.0.138 "GET / HTTP/1.1" status: 200 len: 247 time: 0.0025055
2026-05-09 22:50:45.365 10 INFO neutron.wsgi [-] 10.0.0.138 "GET / HTTP/1.1" status: 200 len: 247 time: 0.0021474
2026-05-09 22:50:52.596 10 INFO neutron.pecan_wsgi.hooks.translation [None req-21b68d1d-ce6a-4eaa-ab96-72b710fa97d8 8df602c576ed4eb7a388b6ec3d9f6864 b51fdf18aad844e4af18a455445db30d - - default default] GET failed (client error): The resource could not be found.
2026-05-09 22:50:52.598 10 INFO neutron.wsgi [None req-21b68d1d-ce6a-4eaa-ab96-72b710fa97d8 8df602c576ed4eb7a388b6ec3d9f6864 b51fdf18aad844e4af18a455445db30d - - default default] 199.204.45.35,10.0.0.138 "GET /v2.0/networks/lb-mgmt-net HTTP/1.1" status: 404 len: 295 time: 0.0606618
2026-05-09 22:50:52.660 10 INFO neutron.wsgi [None req-16dd3342-7fee-4494-afe4-f0f66231fc4b 8df602c576ed4eb7a388b6ec3d9f6864 b51fdf18aad844e4af18a455445db30d - - default default] 199.204.45.35,10.0.0.138 "GET /v2.0/networks?name=lb-mgmt-net HTTP/1.1" status: 200 len: 913 time: 0.0572197
2026-05-09 22:50:53.595 10 INFO neutron.pecan_wsgi.hooks.translation [None req-3e4abe10-a719-4668-9c30-7c5c9f96a4fa 8df602c576ed4eb7a388b6ec3d9f6864 b51fdf18aad844e4af18a455445db30d - - default default] GET failed (client error): The resource could not be found.
2026-05-09 22:50:53.597 10 INFO neutron.wsgi [None req-3e4abe10-a719-4668-9c30-7c5c9f96a4fa 8df602c576ed4eb7a388b6ec3d9f6864 b51fdf18aad844e4af18a455445db30d - - default default] 199.204.45.35,10.0.0.138 "GET /v2.0/networks/lb-mgmt-net HTTP/1.1" status: 404 len: 295 time: 0.0597777
2026-05-09 22:50:53.666 10 INFO neutron.wsgi [None req-b1df8015-aa5f-4027-bd5e-c60e6a5b7bee 8df602c576ed4eb7a388b6ec3d9f6864 b51fdf18aad844e4af18a455445db30d - - default default] 199.204.45.35,10.0.0.138 "GET /v2.0/networks?name=lb-mgmt-net HTTP/1.1" status: 200 len: 913 time: 0.0663564
2026-05-09 22:50:53.763 10 INFO neutron.pecan_wsgi.hooks.translation [None req-43358f10-fe1d-4bf6-8b88-66c9870cfe54 8df602c576ed4eb7a388b6ec3d9f6864 b51fdf18aad844e4af18a455445db30d - - default default] GET failed (client error): The resource could not be found.
2026-05-09 22:50:53.765 10 INFO neutron.wsgi [None req-43358f10-fe1d-4bf6-8b88-66c9870cfe54 8df602c576ed4eb7a388b6ec3d9f6864 b51fdf18aad844e4af18a455445db30d - - default default] 199.204.45.35,10.0.0.138 "GET /v2.0/subnets/lb-mgmt-subnet?network_id=abff8c3d-7a4a-4ea7-b500-ee7bc29bb0ff HTTP/1.1" status: 404 len: 296 time: 0.0887783
2026-05-09 22:50:53.826 10 INFO neutron.wsgi [None req-ed72b628-9295-4ff6-9340-253cc26d9afe 8df602c576ed4eb7a388b6ec3d9f6864 b51fdf18aad844e4af18a455445db30d - - default default] 199.204.45.35,10.0.0.138 "GET /v2.0/subnets?name=lb-mgmt-subnet&network_id=abff8c3d-7a4a-4ea7-b500-ee7bc29bb0ff HTTP/1.1" status: 200 len: 805 time: 0.0469887
2026-05-09 22:50:54.992 10 INFO neutron.api.v2.resource [None req-f8c68f66-d770-47ee-ba84-b6bfbc480a4d 8df602c576ed4eb7a388b6ec3d9f6864 b51fdf18aad844e4af18a455445db30d - - default default] show failed (client error): The resource could not be found.
2026-05-09 22:50:54.993 10 INFO neutron.wsgi [None req-f8c68f66-d770-47ee-ba84-b6bfbc480a4d 8df602c576ed4eb7a388b6ec3d9f6864 b51fdf18aad844e4af18a455445db30d - - default default] 199.204.45.35,10.0.0.138 "GET /v2.0/security-groups/lb-health-mgr-sec-grp HTTP/1.1" status: 404 len: 313 time: 0.0456116
2026-05-09 22:50:55.052 10 INFO neutron.wsgi [None req-cda82bc5-c9d0-46c4-b2d0-dab0b75dec5e 8df602c576ed4eb7a388b6ec3d9f6864 b51fdf18aad844e4af18a455445db30d - - default default] 199.204.45.35,10.0.0.138 "GET /v2.0/security-groups?name=lb-health-mgr-sec-grp HTTP/1.1" status: 200 len: 4649 time: 0.0544300
2026-05-09 22:50:56.243 10 INFO neutron.wsgi [None req-e8b6a823-cbb4-4e36-bf85-2ef0d5c20de8 8df602c576ed4eb7a388b6ec3d9f6864 b51fdf18aad844e4af18a455445db30d - - default default] 199.204.45.35,10.0.0.138 "GET /v2.0/security-groups/d26b3357-1843-4c88-ab7d-4f0908fca27a HTTP/1.1" status: 200 len: 4646 time: 0.0727005
2026-05-09 22:50:56.290 10 INFO neutron.wsgi [None req-774be44a-b730-4240-96d4-5deac5dfe926 8df602c576ed4eb7a388b6ec3d9f6864 b51fdf18aad844e4af18a455445db30d - - default default] 199.204.45.35,10.0.0.138 "GET /v2.0/security-groups/d26b3357-1843-4c88-ab7d-4f0908fca27a HTTP/1.1" status: 200 len: 4646 time: 0.0376294
2026-05-09 22:50:56.318 10 INFO neutron.wsgi [None req-c71b21fc-0add-47f3-b624-78337e025498 8df602c576ed4eb7a388b6ec3d9f6864 b51fdf18aad844e4af18a455445db30d - - default default] 199.204.45.35,10.0.0.138 "GET /v2.0/security-group-rules/b15717b1-6b01-4bee-ba8c-b5a31f86c405 HTTP/1.1" status: 200 len: 744 time: 0.0204484
2026-05-09 22:50:57.212 10 INFO neutron.wsgi [None req-03a1b02f-aa1b-4390-83c4-5fb5505fa201 8df602c576ed4eb7a388b6ec3d9f6864 b51fdf18aad844e4af18a455445db30d - - default default] 199.204.45.35,10.0.0.138 "GET /v2.0/security-groups/d26b3357-1843-4c88-ab7d-4f0908fca27a HTTP/1.1" status: 200 len: 4646 time: 0.0721889
2026-05-09 22:50:57.253 10 INFO neutron.wsgi [None req-dfb607f1-16af-4da1-b558-20baf6637ed2 8df602c576ed4eb7a388b6ec3d9f6864 b51fdf18aad844e4af18a455445db30d - - default default] 199.204.45.35,10.0.0.138 "GET /v2.0/security-groups/d26b3357-1843-4c88-ab7d-4f0908fca27a HTTP/1.1" status: 200 len: 4646 time: 0.0314541
2026-05-09 22:50:57.280 10 INFO neutron.wsgi [None req-05c43c1a-164a-4998-be11-9b4ac479be17 8df602c576ed4eb7a388b6ec3d9f6864 b51fdf18aad844e4af18a455445db30d - - default default] 199.204.45.35,10.0.0.138 "GET /v2.0/security-group-rules/2d9119fa-1eda-4a13-b3a7-b7c76ffba6be HTTP/1.1" status: 200 len: 746 time: 0.0197582
2026-05-09 22:50:58.178 10 INFO neutron.wsgi [None req-03c12697-32c8-4765-b162-e339470b077d 8df602c576ed4eb7a388b6ec3d9f6864 b51fdf18aad844e4af18a455445db30d - - default default] 199.204.45.35,10.0.0.138 "GET /v2.0/security-groups/d26b3357-1843-4c88-ab7d-4f0908fca27a HTTP/1.1" status: 200 len: 4646 time: 0.0762169
2026-05-09 22:50:58.216 10 INFO neutron.wsgi [None req-4c046d70-11e3-4912-b7c8-f53347b49e69 8df602c576ed4eb7a388b6ec3d9f6864 b51fdf18aad844e4af18a455445db30d - - default default] 199.204.45.35,10.0.0.138 "GET /v2.0/security-groups/d26b3357-1843-4c88-ab7d-4f0908fca27a HTTP/1.1" status: 200 len: 4646 time: 0.0307996
2026-05-09 22:50:58.236 10 INFO neutron.wsgi [None req-095ad672-d460-46ce-af0b-b5d0b67cf932 8df602c576ed4eb7a388b6ec3d9f6864 b51fdf18aad844e4af18a455445db30d - - default default] 199.204.45.35,10.0.0.138 "GET /v2.0/security-group-rules/156c3822-48c5-4dbe-b211-321a5b789825 HTTP/1.1" status: 200 len: 746 time: 0.0142820
2026-05-09 22:50:59.105 10 INFO neutron.wsgi [None req-29e3618b-57cd-4405-8f71-b44782ee9d7f 8df602c576ed4eb7a388b6ec3d9f6864 b51fdf18aad844e4af18a455445db30d - - default default] 199.204.45.35,10.0.0.138 "GET /v2.0/security-groups/d26b3357-1843-4c88-ab7d-4f0908fca27a HTTP/1.1" status: 200 len: 4646 time: 0.0750141
2026-05-09 22:50:59.145 10 INFO neutron.wsgi [None req-cc5733e7-f8df-4f0b-b39a-856c5533a2d0 8df602c576ed4eb7a388b6ec3d9f6864 b51fdf18aad844e4af18a455445db30d - - default default] 199.204.45.35,10.0.0.138 "GET /v2.0/security-groups/d26b3357-1843-4c88-ab7d-4f0908fca27a HTTP/1.1" status: 200 len: 4646 time: 0.0317481
2026-05-09 22:50:59.173 10 INFO neutron.wsgi [None req-3a8680cd-7254-4968-b261-b2c2eac08664 8df602c576ed4eb7a388b6ec3d9f6864 b51fdf18aad844e4af18a455445db30d - - default default] 199.204.45.35,10.0.0.138 "GET /v2.0/security-group-rules/83c783e6-43c2-465f-b21f-62e1de7dff9d HTTP/1.1" status: 200 len: 746 time: 0.0208950
2026-05-09 22:51:00.041 10 INFO neutron.wsgi [None req-dcdefbc6-e22a-44d3-a12f-1e37381f7140 8df602c576ed4eb7a388b6ec3d9f6864 b51fdf18aad844e4af18a455445db30d - - default default] 199.204.45.35,10.0.0.138 "GET /v2.0/security-groups/d26b3357-1843-4c88-ab7d-4f0908fca27a HTTP/1.1" status: 200 len: 4646 time: 0.0728652
2026-05-09 22:51:00.083 10 INFO neutron.wsgi [None req-d4428905-36d7-4688-b6d5-372086492c75 8df602c576ed4eb7a388b6ec3d9f6864 b51fdf18aad844e4af18a455445db30d - - default default] 199.204.45.35,10.0.0.138 "GET /v2.0/security-groups/d26b3357-1843-4c88-ab7d-4f0908fca27a HTTP/1.1" status: 200 len: 4646 time: 0.0335100
2026-05-09 22:51:00.105 10 INFO neutron.wsgi [None req-e8e5c84a-5efe-45b6-b7e6-f405908a7369 8df602c576ed4eb7a388b6ec3d9f6864 b51fdf18aad844e4af18a455445db30d - - default default] 199.204.45.35,10.0.0.138 "GET /v2.0/security-group-rules/80d4819b-dc6f-46ae-a565-c0b2e92c6edc HTTP/1.1" status: 200 len: 746 time: 0.0155754
2026-05-09 22:51:00.360 9 INFO neutron.wsgi [-] 10.0.0.138 "GET / HTTP/1.1" status: 200 len: 247 time: 0.0016639
2026-05-09 22:51:00.363 9 INFO neutron.wsgi [-] 10.0.0.138 "GET / HTTP/1.1" status: 200 len: 247 time: 0.0020022
2026-05-09 22:51:01.443 10 INFO neutron.wsgi [None req-8b0def9f-488c-4815-9b1f-fa9f5932d60d 8df602c576ed4eb7a388b6ec3d9f6864 b51fdf18aad844e4af18a455445db30d - - default default] 199.204.45.35,10.0.0.138 "GET /v2.0/networks/abff8c3d-7a4a-4ea7-b500-ee7bc29bb0ff HTTP/1.1" status: 200 len: 910 time: 0.1224134
2026-05-09 22:51:01.478 10 INFO neutron.pecan_wsgi.hooks.translation [None req-82162d3c-5035-42fb-996f-45f29a79c6d1 8df602c576ed4eb7a388b6ec3d9f6864 b51fdf18aad844e4af18a455445db30d - - default default] GET failed (client error): The resource could not be found.
2026-05-09 22:51:01.480 10 INFO neutron.wsgi [None req-82162d3c-5035-42fb-996f-45f29a79c6d1 8df602c576ed4eb7a388b6ec3d9f6864 b51fdf18aad844e4af18a455445db30d - - default default] 199.204.45.35,10.0.0.138 "GET /v2.0/ports/octavia-health-manager-port-instance?network_id=abff8c3d-7a4a-4ea7-b500-ee7bc29bb0ff HTTP/1.1" status: 404 len: 314 time: 0.0313201
2026-05-09 22:51:01.532 10 INFO neutron.wsgi [None req-929e859d-913a-452b-a586-24ad3e24093c 8df602c576ed4eb7a388b6ec3d9f6864 b51fdf18aad844e4af18a455445db30d - - default default] 199.204.45.35,10.0.0.138 "GET /v2.0/ports?name=octavia-health-manager-port-instance&network_id=abff8c3d-7a4a-4ea7-b500-ee7bc29bb0ff HTTP/1.1" status: 200 len: 1399 time: 0.0497401
2026-05-09 22:51:01.567 10 INFO neutron.wsgi [None req-4a227779-c9c4-44ba-a06a-faaa59391a9b 8df602c576ed4eb7a388b6ec3d9f6864 b51fdf18aad844e4af18a455445db30d - - default default] 199.204.45.35,10.0.0.138 "GET /v2.0/security-groups/d26b3357-1843-4c88-ab7d-4f0908fca27a HTTP/1.1" status: 200 len: 4646 time: 0.0251741
2026-05-09 22:51:08.030 10 INFO neutron.pecan_wsgi.hooks.translation [None req-d282d9e4-2b3f-458a-a747-4382337500a5 8df602c576ed4eb7a388b6ec3d9f6864 b51fdf18aad844e4af18a455445db30d - - default default] GET failed (client error): The resource could not be found.
2026-05-09 22:51:08.031 10 INFO neutron.wsgi [None req-d282d9e4-2b3f-458a-a747-4382337500a5 8df602c576ed4eb7a388b6ec3d9f6864 b51fdf18aad844e4af18a455445db30d - - default default] 199.204.45.35,10.0.0.138 "GET /v2.0/ports/octavia-health-manager-port-instance HTTP/1.1" status: 404 len: 314 time: 0.0676243
2026-05-09 22:51:08.070 10 INFO neutron.wsgi [None req-906ef915-417f-46d1-bf56-353fdc4cf7f8 8df602c576ed4eb7a388b6ec3d9f6864 b51fdf18aad844e4af18a455445db30d - - default default] 199.204.45.35,10.0.0.138 "GET /v2.0/ports?name=octavia-health-manager-port-instance HTTP/1.1" status: 200 len: 1399 time: 0.0350635
2026-05-09 22:51:09.730 10 INFO neutron.wsgi [None req-3cbbc6cd-d409-4e8f-adc1-fd969c91459f 8df602c576ed4eb7a388b6ec3d9f6864 b51fdf18aad844e4af18a455445db30d - - default default] 199.204.45.35,10.0.0.138 "GET /v2.0/ports HTTP/1.1" status: 200 len: 5351 time: 0.0914235
2026-05-09 22:51:10.780 10 INFO neutron.api.v2.resource [None req-5551b2e0-598a-43e2-8ef6-6b9e78c43a5d 8df602c576ed4eb7a388b6ec3d9f6864 b51fdf18aad844e4af18a455445db30d - - default default] show failed (client error): The resource could not be found.
2026-05-09 22:51:10.781 10 INFO neutron.wsgi [None req-5551b2e0-598a-43e2-8ef6-6b9e78c43a5d 8df602c576ed4eb7a388b6ec3d9f6864 b51fdf18aad844e4af18a455445db30d - - default default] 199.204.45.35,10.0.0.138 "GET /v2.0/security-groups/lb-mgmt-sec-grp HTTP/1.1" status: 404 len: 307 time: 0.0525336
2026-05-09 22:51:10.822 10 INFO neutron.wsgi [None req-a85d89e2-8063-485a-a3b4-b1a496938704 8df602c576ed4eb7a388b6ec3d9f6864 b51fdf18aad844e4af18a455445db30d - - default default] 199.204.45.35,10.0.0.138 "GET /v2.0/security-groups?name=lb-mgmt-sec-grp HTTP/1.1" status: 200 len: 2937 time: 0.0357320
2026-05-09 22:51:11.828 10 INFO neutron.wsgi [None req-ac4e02f1-7d55-477c-89ca-1f5ec2245dda 8df602c576ed4eb7a388b6ec3d9f6864 b51fdf18aad844e4af18a455445db30d - - default default] 199.204.45.35,10.0.0.138 "GET /v2.0/security-groups/6d1cef21-45aa-4ec4-a167-12c14b301fea HTTP/1.1" status: 200 len: 2934 time: 0.0746627
2026-05-09 22:51:11.865 10 INFO neutron.wsgi [None req-67d6eb2f-c5e8-4c34-ac8c-23e7d49027d3 8df602c576ed4eb7a388b6ec3d9f6864 b51fdf18aad844e4af18a455445db30d - - default default] 199.204.45.35,10.0.0.138 "GET /v2.0/security-groups/6d1cef21-45aa-4ec4-a167-12c14b301fea HTTP/1.1" status: 200 len: 2934 time: 0.0284805
2026-05-09 22:51:11.892 10 INFO neutron.wsgi [None req-53aec7da-4c24-43d0-8d8f-efef814aac6e 8df602c576ed4eb7a388b6ec3d9f6864 b51fdf18aad844e4af18a455445db30d - - default default] 199.204.45.35,10.0.0.138 "GET /v2.0/security-group-rules/e61c30e2-1877-40a2-b102-2198922ea3c3 HTTP/1.1" status: 200 len: 766 time: 0.0207748
2026-05-09 22:51:12.815 10 INFO neutron.wsgi [None req-cbf86eb8-f6a9-4d61-ba60-1fe0fad7b9bc 8df602c576ed4eb7a388b6ec3d9f6864 b51fdf18aad844e4af18a455445db30d - - default default] 199.204.45.35,10.0.0.138 "GET /v2.0/security-groups/6d1cef21-45aa-4ec4-a167-12c14b301fea HTTP/1.1" status: 200 len: 2934 time: 0.0657947
2026-05-09 22:51:12.847 10 INFO neutron.wsgi [None req-80f908f7-d779-4050-b368-af2eae24dc3b 8df602c576ed4eb7a388b6ec3d9f6864 b51fdf18aad844e4af18a455445db30d - - default default] 199.204.45.35,10.0.0.138 "GET /v2.0/security-groups/6d1cef21-45aa-4ec4-a167-12c14b301fea HTTP/1.1" status: 200 len: 2934 time: 0.0255768
2026-05-09 22:51:12.870 10 INFO neutron.wsgi [None req-fd7bd722-606c-4945-9a8d-b47c9c5ff1cd 8df602c576ed4eb7a388b6ec3d9f6864 b51fdf18aad844e4af18a455445db30d - - default default] 199.204.45.35,10.0.0.138 "GET /v2.0/security-group-rules/1eeac2a7-b2a1-4ef8-a284-23efacae05ca HTTP/1.1" status: 200 len: 770 time: 0.0144966
2026-05-09 22:51:15.362 10 INFO neutron.wsgi [-] 10.0.0.138 "GET / HTTP/1.1" status: 200 len: 247 time: 0.0025187
2026-05-09 22:51:15.363 9 INFO neutron.wsgi [-] 10.0.0.138 "GET / HTTP/1.1" status: 200 len: 247 time: 0.0041246
2026-05-09 22:51:24.439 10 INFO neutron.wsgi [None req-a1624926-7167-494d-8c1c-bf93793e25fb 8df602c576ed4eb7a388b6ec3d9f6864 b51fdf18aad844e4af18a455445db30d - - default default] 199.204.45.35,10.0.0.138 "GET /v2.0/quotas/b51fdf18aad844e4af18a455445db30d HTTP/1.1" status: 200 len: 361 time: 0.0146830
2026-05-09 22:51:30.360 10 INFO neutron.wsgi [-] 10.0.0.138 "GET / HTTP/1.1" status: 200 len: 247 time: 0.0021212
2026-05-09 22:51:30.361 9 INFO neutron.wsgi [-] 10.0.0.138 "GET / HTTP/1.1" status: 200 len: 247 time: 0.0019863
2026-05-09 22:51:34.073 10 INFO neutron.wsgi [None req-304b863f-9d74-4967-b0c5-f5aeb9a8f194 8df602c576ed4eb7a388b6ec3d9f6864 b51fdf18aad844e4af18a455445db30d - - default default] 10.0.0.216 "GET /v2.0/routers HTTP/1.1" status: 200 len: 189 time: 0.0785830
2026-05-09 22:51:34.114 10 INFO neutron.wsgi [None req-f7ea4787-d52e-4283-a93d-da5dff7bb0a1 8df602c576ed4eb7a388b6ec3d9f6864 b51fdf18aad844e4af18a455445db30d - - default default] 10.0.0.216 "GET /v2.0/agents?binary=ovn-controller HTTP/1.1" status: 200 len: 591 time: 0.0396581
2026-05-09 22:51:34.126 10 INFO neutron.wsgi [None req-d2a190e6-93f5-4110-a0a9-927f6a96ab37 8df602c576ed4eb7a388b6ec3d9f6864 b51fdf18aad844e4af18a455445db30d - - default default] 10.0.0.216 "GET /v2.0/agents HTTP/1.1" status: 200 len: 997 time: 0.0114086
2026-05-09 22:51:34.160 10 INFO neutron.wsgi [None req-1634dd02-9c98-4b9c-8945-4f682c8de759 8df602c576ed4eb7a388b6ec3d9f6864 b51fdf18aad844e4af18a455445db30d - - default default] 10.0.0.216 "GET /v2.0/subnets HTTP/1.1" status: 200 len: 1437 time: 0.0327725
2026-05-09 22:51:34.207 10 INFO neutron.wsgi [None req-b5bb5ef9-5347-45d9-8351-057ac239e5b0 8df602c576ed4eb7a388b6ec3d9f6864 b51fdf18aad844e4af18a455445db30d - - default default] 10.0.0.216 "GET /v2.0/ports HTTP/1.1" status: 200 len: 5351 time: 0.0461760
2026-05-09 22:51:34.255 10 INFO neutron.wsgi [None req-ccb4371c-b2e1-4556-b95f-9f8cd66083b3 8df602c576ed4eb7a388b6ec3d9f6864 b51fdf18aad844e4af18a455445db30d - - default default] 10.0.0.216 "GET /v2.0/subnets HTTP/1.1" status: 200 len: 1437 time: 0.0360868
2026-05-09 22:51:34.271 10 INFO neutron.wsgi [None req-406b004f-ed8a-4677-8b1f-fff51b8468a6 8df602c576ed4eb7a388b6ec3d9f6864 b51fdf18aad844e4af18a455445db30d - - default default] 10.0.0.216 "GET /v2.0/subnetpools HTTP/1.1" status: 200 len: 193 time: 0.0141356
2026-05-09 22:51:34.317 10 INFO neutron.wsgi [None req-4bb16016-30fd-46db-8b43-6289f64d5b43 8df602c576ed4eb7a388b6ec3d9f6864 b51fdf18aad844e4af18a455445db30d - - default default] 10.0.0.216 "GET /v2.0/security-groups HTTP/1.1" status: 200 len: 16803 time: 0.0457797
2026-05-09 22:51:34.336 10 INFO neutron.wsgi [None req-0938938a-5c21-49fc-976d-f00fc0a97fd6 8df602c576ed4eb7a388b6ec3d9f6864 b51fdf18aad844e4af18a455445db30d - - default default] 10.0.0.216 "GET /v2.0/network-ip-availabilities HTTP/1.1" status: 200 len: 1280 time: 0.0125959
2026-05-09 22:51:34.400 10 INFO neutron.wsgi [None req-a09028aa-fccb-448a-a1be-224b6210283b 8df602c576ed4eb7a388b6ec3d9f6864 b51fdf18aad844e4af18a455445db30d - - default default] 10.0.0.216 "GET /v2.0/networks HTTP/1.1" status: 200 len: 2350 time: 0.0637424
2026-05-09 22:51:34.420 10 INFO neutron.wsgi [None req-50145f11-377e-4354-a912-39f614c4370a 8df602c576ed4eb7a388b6ec3d9f6864 b51fdf18aad844e4af18a455445db30d - - default default] 10.0.0.216 "GET /v2.0/floatingips HTTP/1.1" status: 200 len: 193 time: 0.0183320
2026-05-09 22:51:45.361 9 INFO neutron.wsgi [-] 10.0.0.138 "GET / HTTP/1.1" status: 200 len: 247 time: 0.0024698
2026-05-09 22:51:45.361 10 INFO neutron.wsgi [-] 10.0.0.138 "GET / HTTP/1.1" status: 200 len: 247 time: 0.0026278
2026-05-09 22:52:00.362 10 INFO neutron.wsgi [-] 10.0.0.138 "GET / HTTP/1.1" status: 200 len: 247 time: 0.0029972
2026-05-09 22:52:00.365 9 INFO neutron.wsgi [-] 10.0.0.138 "GET / HTTP/1.1" status: 200 len: 247 time: 0.0050471
2026-05-09 22:52:14.342 10 INFO neutron.api.v2.resource [None req-6292921a-595a-433b-9026-f8a463ac28f3 8df602c576ed4eb7a388b6ec3d9f6864 b51fdf18aad844e4af18a455445db30d - - default default] show failed (client error): The resource could not be found.
2026-05-09 22:52:14.343 10 INFO neutron.wsgi [None req-6292921a-595a-433b-9026-f8a463ac28f3 8df602c576ed4eb7a388b6ec3d9f6864 b51fdf18aad844e4af18a455445db30d - - default default] 199.204.45.35,10.0.0.138 "GET /v2.0/security-groups/manila-service-security-group?project_id=a87c074d5f924c5685712dc6e41e38b3 HTTP/1.1" status: 404 len: 321 time: 0.0532119
2026-05-09 22:52:14.384 10 INFO neutron.wsgi [None req-dc345ff2-ed3c-4b0b-82ff-d0ed6385c4f4 8df602c576ed4eb7a388b6ec3d9f6864 b51fdf18aad844e4af18a455445db30d - - default default] 199.204.45.35,10.0.0.138 "GET /v2.0/security-groups?name=manila-service-security-group&project_id=a87c074d5f924c5685712dc6e41e38b3 HTTP/1.1" status: 200 len: 4062 time: 0.0358901
2026-05-09 22:52:15.362 9 INFO neutron.wsgi [-] 10.0.0.138 "GET / HTTP/1.1" status: 200 len: 247 time: 0.0027654
2026-05-09 22:52:15.362 10 INFO neutron.wsgi [-] 10.0.0.138 "GET / HTTP/1.1" status: 200 len: 247 time: 0.0024159
2026-05-09 22:52:15.446 10 INFO neutron.wsgi [None req-d1ba9a69-a34b-4e13-b5e6-5c9080386c7a 8df602c576ed4eb7a388b6ec3d9f6864 b51fdf18aad844e4af18a455445db30d - - default default] 199.204.45.35,10.0.0.138 "GET /v2.0/security-groups/3ab3a5d5-1b6e-4201-bef2-59ad03124992?project_id=a87c074d5f924c5685712dc6e41e38b3 HTTP/1.1" status: 200 len: 4059 time: 0.0736077
2026-05-09 22:52:15.484 10 INFO neutron.wsgi [None req-0b296418-339f-430b-a7a0-aedac3275561 8df602c576ed4eb7a388b6ec3d9f6864 b51fdf18aad844e4af18a455445db30d - - default default] 199.204.45.35,10.0.0.138 "GET /v2.0/security-groups/3ab3a5d5-1b6e-4201-bef2-59ad03124992 HTTP/1.1" status: 200 len: 4059 time: 0.0303054
2026-05-09 22:52:15.505 10 INFO neutron.wsgi [None req-ba464db1-ee02-427c-b308-9ca76e464c44 8df602c576ed4eb7a388b6ec3d9f6864 b51fdf18aad844e4af18a455445db30d - - default default] 199.204.45.35,10.0.0.138 "GET /v2.0/security-group-rules/bfc08de4-0224-475c-852c-8481462a9b54 HTTP/1.1" status: 200 len: 740 time: 0.0141969
2026-05-09 22:52:16.556 9 INFO neutron.wsgi [None req-77550f2a-833e-4a0b-b88c-9e157fe69520 8df602c576ed4eb7a388b6ec3d9f6864 b51fdf18aad844e4af18a455445db30d - - default default] 199.204.45.35,10.0.0.138 "GET /v2.0/security-groups/3ab3a5d5-1b6e-4201-bef2-59ad03124992?project_id=a87c074d5f924c5685712dc6e41e38b3 HTTP/1.1" status: 200 len: 4059 time: 0.1052794
2026-05-09 22:52:16.595 9 INFO neutron.wsgi [None req-4a8971aa-49fc-4184-9942-6161cf7986f4 8df602c576ed4eb7a388b6ec3d9f6864 b51fdf18aad844e4af18a455445db30d - - default default] 199.204.45.35,10.0.0.138 "GET /v2.0/security-groups/3ab3a5d5-1b6e-4201-bef2-59ad03124992 HTTP/1.1" status: 200 len: 4059 time: 0.0302916
2026-05-09 22:52:16.615 9 INFO neutron.wsgi [None req-6c05e1b0-41e9-4031-8001-844c72ea950b 8df602c576ed4eb7a388b6ec3d9f6864 b51fdf18aad844e4af18a455445db30d - - default default] 199.204.45.35,10.0.0.138 "GET /v2.0/security-group-rules/6fbd61a6-4771-46d7-bb8f-bd8113e68ab6 HTTP/1.1" status: 200 len: 742 time: 0.0139503
2026-05-09 22:52:17.639 10 INFO neutron.wsgi [None req-38369be6-503d-472f-8a33-4856593aba80 8df602c576ed4eb7a388b6ec3d9f6864 b51fdf18aad844e4af18a455445db30d - - default default] 199.204.45.35,10.0.0.138 "GET /v2.0/security-groups/3ab3a5d5-1b6e-4201-bef2-59ad03124992?project_id=a87c074d5f924c5685712dc6e41e38b3 HTTP/1.1" status: 200 len: 4059 time: 0.0650532
2026-05-09 22:52:17.697 10 INFO neutron.wsgi [None req-96b8dae4-3194-4779-9f9f-7440d3660d61 8df602c576ed4eb7a388b6ec3d9f6864 b51fdf18aad844e4af18a455445db30d - - default default] 199.204.45.35,10.0.0.138 "GET /v2.0/security-groups/3ab3a5d5-1b6e-4201-bef2-59ad03124992 HTTP/1.1" status: 200 len: 4059 time: 0.0503914
2026-05-09 22:52:17.720 10 INFO neutron.wsgi [None req-a1b08b5f-1671-4335-9d97-101825d1816c 8df602c576ed4eb7a388b6ec3d9f6864 b51fdf18aad844e4af18a455445db30d - - default default] 199.204.45.35,10.0.0.138 "GET /v2.0/security-group-rules/331a5a2f-1e2c-421c-abec-b028c6af918c HTTP/1.1" status: 200 len: 744 time: 0.0161374
2026-05-09 22:52:18.742 9 INFO neutron.wsgi [None req-5393e147-a878-4fb2-b32b-42324103ded1 8df602c576ed4eb7a388b6ec3d9f6864 b51fdf18aad844e4af18a455445db30d - - default default] 199.204.45.35,10.0.0.138 "GET /v2.0/security-groups/3ab3a5d5-1b6e-4201-bef2-59ad03124992?project_id=a87c074d5f924c5685712dc6e41e38b3 HTTP/1.1" status: 200 len: 4059 time: 0.0706086
2026-05-09 22:52:18.780 9 INFO neutron.wsgi [None req-bbc2a602-39f6-4308-9649-3a47985e79fd 8df602c576ed4eb7a388b6ec3d9f6864 b51fdf18aad844e4af18a455445db30d - - default default] 199.204.45.35,10.0.0.138 "GET /v2.0/security-groups/3ab3a5d5-1b6e-4201-bef2-59ad03124992 HTTP/1.1" status: 200 len: 4059 time: 0.0296891
2026-05-09 22:52:18.800 9 INFO neutron.wsgi [None req-1b46c7dd-5a2e-498d-a25d-85efe9d578bb 8df602c576ed4eb7a388b6ec3d9f6864 b51fdf18aad844e4af18a455445db30d - - default default] 199.204.45.35,10.0.0.138 "GET /v2.0/security-group-rules/80d6c289-3185-417f-805f-207184ee47ae HTTP/1.1" status: 200 len: 745 time: 0.0139289
2026-05-09 22:52:26.004 10 INFO neutron.wsgi [None req-8e7ad4f0-a0c7-4026-a284-b0b171edb5a3 8df602c576ed4eb7a388b6ec3d9f6864 b51fdf18aad844e4af18a455445db30d - - default default] 199.204.45.35,10.0.0.138 "GET /v2.0/quotas/a87c074d5f924c5685712dc6e41e38b3 HTTP/1.1" status: 200 len: 361 time: 0.0137949
2026-05-09 22:52:30.359 10 INFO neutron.wsgi [-] 10.0.0.138 "GET / HTTP/1.1" status: 200 len: 247 time: 0.0013385
2026-05-09 22:52:30.360 9 INFO neutron.wsgi [-] 10.0.0.138 "GET / HTTP/1.1" status: 200 len: 247 time: 0.0016882
2026-05-09 22:52:33.971 10 INFO neutron.wsgi [None req-f639c64d-bec1-4caf-8500-8bbb5ee649e9 8df602c576ed4eb7a388b6ec3d9f6864 b51fdf18aad844e4af18a455445db30d - - default default] 10.0.0.216 "GET /v2.0/agents HTTP/1.1" status: 200 len: 997 time: 0.0845466
2026-05-09 22:52:34.012 10 INFO neutron.wsgi [None req-3b1e8632-6069-442a-8c53-b88be282345b 8df602c576ed4eb7a388b6ec3d9f6864 b51fdf18aad844e4af18a455445db30d - - default default] 10.0.0.216 "GET /v2.0/subnets HTTP/1.1" status: 200 len: 1437 time: 0.0397542
2026-05-09 22:52:34.021 10 INFO neutron.wsgi [None req-a9273b5c-c825-4187-b037-077f5d0481b5 8df602c576ed4eb7a388b6ec3d9f6864 b51fdf18aad844e4af18a455445db30d - - default default] 10.0.0.216 "GET /v2.0/subnetpools HTTP/1.1" status: 200 len: 193 time: 0.0080523
2026-05-09 22:52:34.038 10 INFO neutron.wsgi [None req-adc4aed4-0835-4246-a728-4c2fe40f4808 8df602c576ed4eb7a388b6ec3d9f6864 b51fdf18aad844e4af18a455445db30d - - default default] 10.0.0.216 "GET /v2.0/floatingips HTTP/1.1" status: 200 len: 193 time: 0.0167398
2026-05-09 22:52:34.052 10 INFO neutron.wsgi [None req-830500c8-c522-4d9c-a93e-8e43f5d7dac0 8df602c576ed4eb7a388b6ec3d9f6864 b51fdf18aad844e4af18a455445db30d - - default default] 10.0.0.216 "GET /v2.0/network-ip-availabilities HTTP/1.1" status: 200 len: 1280 time: 0.0133374
2026-05-09 22:52:34.101 10 INFO neutron.wsgi [None req-ae39da11-9442-46ca-a717-699eb088a742 8df602c576ed4eb7a388b6ec3d9f6864 b51fdf18aad844e4af18a455445db30d - - default default] 10.0.0.216 "GET /v2.0/security-groups HTTP/1.1" status: 200 len: 16803 time: 0.0477335
2026-05-09 22:52:34.154 10 INFO neutron.wsgi [None req-5e465ff9-5d3f-4fb0-8a68-ec4fd76d7d88 8df602c576ed4eb7a388b6ec3d9f6864 b51fdf18aad844e4af18a455445db30d - - default default] 10.0.0.216 "GET /v2.0/ports HTTP/1.1" status: 200 len: 5351 time: 0.0439517
2026-05-09 22:52:34.187 10 INFO neutron.wsgi [None req-82949002-1f4a-47a4-ada8-a2280fbcadd4 8df602c576ed4eb7a388b6ec3d9f6864 b51fdf18aad844e4af18a455445db30d - - default default] 10.0.0.216 "GET /v2.0/subnets HTTP/1.1" status: 200 len: 1437 time: 0.0297213
2026-05-09 22:52:34.331 10 INFO neutron.wsgi [None req-67519474-fdf3-4526-b853-db99ed6c2b9d 8df602c576ed4eb7a388b6ec3d9f6864 b51fdf18aad844e4af18a455445db30d - - default default] 10.0.0.216 "GET /v2.0/networks HTTP/1.1" status: 200 len: 2350 time: 0.1424291
2026-05-09 22:52:34.355 10 INFO neutron.wsgi [None req-4e3f1b96-6f93-400b-9b0d-33cc125937ba 8df602c576ed4eb7a388b6ec3d9f6864 b51fdf18aad844e4af18a455445db30d - - default default] 10.0.0.216 "GET /v2.0/routers HTTP/1.1" status: 200 len: 189 time: 0.0225701
2026-05-09 22:52:34.365 10 INFO neutron.wsgi [None req-7dd80eb6-272d-4222-8972-2f1c47c7ed74 8df602c576ed4eb7a388b6ec3d9f6864 b51fdf18aad844e4af18a455445db30d - - default default] 10.0.0.216 "GET /v2.0/agents?binary=ovn-controller HTTP/1.1" status: 200 len: 591 time: 0.0090032
2026-05-09 22:52:45.361 10 INFO neutron.wsgi [-] 10.0.0.138 "GET / HTTP/1.1" status: 200 len: 247 time: 0.0025656
2026-05-09 22:52:45.361 9 INFO neutron.wsgi [-] 10.0.0.138 "GET / HTTP/1.1" status: 200 len: 247 time: 0.0031259
2026-05-09 22:53:00.361 10 INFO neutron.wsgi [-] 10.0.0.138 "GET / HTTP/1.1" status: 200 len: 247 time: 0.0027092
2026-05-09 22:53:00.366 10 INFO neutron.wsgi [-] 10.0.0.138 "GET / HTTP/1.1" status: 200 len: 247 time: 0.0037465
2026-05-09 22:53:15.361 9 INFO neutron.wsgi [-] 10.0.0.138 "GET / HTTP/1.1" status: 200 len: 247 time: 0.0034215
2026-05-09 22:53:15.363 9 INFO neutron.wsgi [-] 10.0.0.138 "GET / HTTP/1.1" status: 200 len: 247 time: 0.0012257
2026-05-09 22:53:16.255 9 INFO neutron.wsgi [None req-02cc1737-89ba-4ae2-8611-8d07d4da04e2 8df602c576ed4eb7a388b6ec3d9f6864 b51fdf18aad844e4af18a455445db30d - - default default] 199.204.45.35,10.0.0.138 "GET /v2.0/networks?name=public HTTP/1.1" status: 200 len: 928 time: 0.1251190
2026-05-09 22:53:30.361 10 INFO neutron.wsgi [-] 10.0.0.138 "GET / HTTP/1.1" status: 200 len: 247 time: 0.0025375
2026-05-09 22:53:30.361 9 INFO neutron.wsgi [-] 10.0.0.138 "GET / HTTP/1.1" status: 200 len: 247 time: 0.0030093
2026-05-09 22:53:33.977 10 INFO neutron.wsgi [None req-1861205c-0979-4a98-b3ef-36e737552eee 8df602c576ed4eb7a388b6ec3d9f6864 b51fdf18aad844e4af18a455445db30d - - default default] 10.0.0.216 "GET /v2.0/agents HTTP/1.1" status: 200 len: 997 time: 0.0883362
2026-05-09 22:53:33.988 10 INFO neutron.wsgi [None req-6ef5b235-53e4-41a6-832e-7c0d549b2174 8df602c576ed4eb7a388b6ec3d9f6864 b51fdf18aad844e4af18a455445db30d - - default default] 10.0.0.216 "GET /v2.0/network-ip-availabilities HTTP/1.1" status: 200 len: 1280 time: 0.0101278
2026-05-09 22:53:34.034 10 INFO neutron.wsgi [None req-70dde231-5b2f-4bf9-a18c-8775a4f39148 8df602c576ed4eb7a388b6ec3d9f6864 b51fdf18aad844e4af18a455445db30d - - default default] 10.0.0.216 "GET /v2.0/ports HTTP/1.1" status: 200 len: 5351 time: 0.0457950
2026-05-09 22:53:34.064 10 INFO neutron.wsgi [None req-e70abd63-da06-43de-bde4-56b9e4965e5b 8df602c576ed4eb7a388b6ec3d9f6864 b51fdf18aad844e4af18a455445db30d - - default default] 10.0.0.216 "GET /v2.0/routers HTTP/1.1" status: 200 len: 189 time: 0.0209091
2026-05-09 22:53:34.073 10 INFO neutron.wsgi [None req-fcbac236-c798-454e-92ce-89620c7420ca 8df602c576ed4eb7a388b6ec3d9f6864 b51fdf18aad844e4af18a455445db30d - - default default] 10.0.0.216 "GET /v2.0/agents?binary=ovn-controller HTTP/1.1" status: 200 len: 591 time: 0.0085030
2026-05-09 22:53:34.103 10 INFO neutron.wsgi [None req-632b48e0-7b92-47dc-8a10-942a942e3adc 8df602c576ed4eb7a388b6ec3d9f6864 b51fdf18aad844e4af18a455445db30d - - default default] 10.0.0.216 "GET /v2.0/subnets HTTP/1.1" status: 200 len: 1437 time: 0.0288055
2026-05-09 22:53:34.110 10 INFO neutron.wsgi [None req-a4aa5db7-9510-4f7b-8579-ae7ae2208f76 8df602c576ed4eb7a388b6ec3d9f6864 b51fdf18aad844e4af18a455445db30d - - default default] 10.0.0.216 "GET /v2.0/subnetpools HTTP/1.1" status: 200 len: 193 time: 0.0065179
2026-05-09 22:53:34.130 10 INFO neutron.wsgi [None req-abaed1f6-37cd-4d64-8190-4c5bae25ce3e 8df602c576ed4eb7a388b6ec3d9f6864 b51fdf18aad844e4af18a455445db30d - - default default] 10.0.0.216 "GET /v2.0/floatingips HTTP/1.1" status: 200 len: 193 time: 0.0190270
2026-05-09 22:53:34.190 10 INFO neutron.wsgi [None req-789a7a9f-a032-4345-9ed1-d13b581acebb 8df602c576ed4eb7a388b6ec3d9f6864 b51fdf18aad844e4af18a455445db30d - - default default] 10.0.0.216 "GET /v2.0/networks HTTP/1.1" status: 200 len: 2350 time: 0.0593598
2026-05-09 22:53:34.241 10 INFO neutron.wsgi [None req-159edf10-9c5f-4877-b7cc-50e0a0a25f38 8df602c576ed4eb7a388b6ec3d9f6864 b51fdf18aad844e4af18a455445db30d - - default default] 10.0.0.216 "GET /v2.0/security-groups HTTP/1.1" status: 200 len: 16803 time: 0.0482490
2026-05-09 22:53:34.283 10 INFO neutron.wsgi [None req-d257559b-2a9d-465b-ae07-1f6dd12ef784 8df602c576ed4eb7a388b6ec3d9f6864 b51fdf18aad844e4af18a455445db30d - - default default] 10.0.0.216 "GET /v2.0/subnets HTTP/1.1" status: 200 len: 1437 time: 0.0368557
2026-05-09 22:53:45.359 9 INFO neutron.wsgi [-] 10.0.0.138 "GET / HTTP/1.1" status: 200 len: 247 time: 0.0013111
2026-05-09 22:53:45.364 10 INFO neutron.wsgi [-] 10.0.0.138 "GET / HTTP/1.1" status: 200 len: 247 time: 0.0048234
2026-05-09 22:53:55.689 10 INFO neutron.wsgi [None req-dd635293-8581-4982-b192-2f29ba548594 8df602c576ed4eb7a388b6ec3d9f6864 b51fdf18aad844e4af18a455445db30d - - default default] 10.0.0.214 "GET /v2.0/networks HTTP/1.1" status: 200 len: 2369 time: 0.2291646 /var/lib/openstack/lib/python3.10/site-packages/pycadf/identifier.py:71: UserWarning: Invalid uuid: neutron. To ensure interoperability, identifiers should be a valid uuid. warnings.warn(('Invalid uuid: %s. To ensure interoperability, '
2026-05-09 22:53:56.866 9 INFO neutron.wsgi [None req-f5036e4b-0236-4a0d-8038-7c6ce16f1380 8df602c576ed4eb7a388b6ec3d9f6864 b51fdf18aad844e4af18a455445db30d - - default default] 10.0.0.214 "GET /v2.0/floatingips HTTP/1.1" status: 200 len: 212 time: 0.0356264
2026-05-09 22:53:56.907 9 INFO neutron.wsgi [None req-bf13cb42-2a02-4e13-b503-b5b746e1b79b 8df602c576ed4eb7a388b6ec3d9f6864 b51fdf18aad844e4af18a455445db30d - - default default] 10.0.0.214 "GET /v2.0/routers HTTP/1.1" status: 200 len: 208 time: 0.0347543
2026-05-09 22:53:56.952 9 INFO neutron.wsgi [None req-74c71d9e-7da1-4b10-8bfa-bfab9d2f1969 8df602c576ed4eb7a388b6ec3d9f6864 b51fdf18aad844e4af18a455445db30d - - default default] 10.0.0.214 "GET /v2.0/ports HTTP/1.1" status: 200 len: 5370 time: 0.0409174
2026-05-09 22:53:56.999 9 INFO neutron.wsgi [None req-3d7a0d9b-91cd-47c7-a1e5-b46ab484dafe 8df602c576ed4eb7a388b6ec3d9f6864 b51fdf18aad844e4af18a455445db30d - - default default] 10.0.0.214 "GET /v2.0/subnets HTTP/1.1" status: 200 len: 1456 time: 0.0415761
2026-05-09 22:53:57.136 9 INFO neutron.wsgi [None req-b574eca7-f432-403d-8cc7-3c50dea58b29 8df602c576ed4eb7a388b6ec3d9f6864 b51fdf18aad844e4af18a455445db30d - - default default] 10.0.0.214 "GET /v2.0/networks HTTP/1.1" status: 200 len: 2369 time: 0.1323936
2026-05-09 22:53:57.209 9 INFO neutron.wsgi [None req-525d867f-1206-484e-aff6-3dad950409ec 8df602c576ed4eb7a388b6ec3d9f6864 b51fdf18aad844e4af18a455445db30d - - default default] 10.0.0.214 "GET /v2.0/security-groups HTTP/1.1" status: 200 len: 16822 time: 0.0682027
2026-05-09 22:53:57.227 10 INFO neutron.wsgi [None req-839492f9-fe4e-4ec9-8cbf-19716d2b1397 8df602c576ed4eb7a388b6ec3d9f6864 b51fdf18aad844e4af18a455445db30d - - default default] 10.0.0.214 "GET /v2.0/subnetpools HTTP/1.1" status: 200 len: 212 time: 0.0132473
2026-05-09 22:54:00.361 9 INFO neutron.wsgi [-] 10.0.0.138 "GET / HTTP/1.1" status: 200 len: 247 time: 0.0028846
2026-05-09 22:54:00.362 10 INFO neutron.wsgi [-] 10.0.0.138 "GET / HTTP/1.1" status: 200 len: 247 time: 0.0028849
2026-05-09 22:54:07.917 9 INFO neutron.db.ovn_revision_numbers_db [None req-8f9f760d-5748-4b45-a3d8-bf53374fe4fe 8df602c576ed4eb7a388b6ec3d9f6864 b51fdf18aad844e4af18a455445db30d - - default default] Successfully bumped revision number for resource c4ec957b-6124-4297-88e4-9cd272248c4e (type: security_groups) to 1
2026-05-09 22:54:07.920 10 INFO neutron.db.ovn_revision_numbers_db [None req-3ceac1c3-486a-4c47-b06f-4f66c281f7d5 8df602c576ed4eb7a388b6ec3d9f6864 b51fdf18aad844e4af18a455445db30d - - default default] Successfully bumped revision number for resource 48b509e1-c3e0-4837-b2b8-d878eea44d77 (type: security_groups) to 1
2026-05-09 22:54:07.935 9 INFO neutron.db.ovn_revision_numbers_db [None req-8f9f760d-5748-4b45-a3d8-bf53374fe4fe 8df602c576ed4eb7a388b6ec3d9f6864 b51fdf18aad844e4af18a455445db30d - - default default] Successfully bumped revision number for resource 7dfee056-de95-468f-a2a4-009c7e0ff8ad (type: security_group_rules) to 0
2026-05-09 22:54:07.937 10 INFO neutron.db.ovn_revision_numbers_db [None req-3ceac1c3-486a-4c47-b06f-4f66c281f7d5 8df602c576ed4eb7a388b6ec3d9f6864 b51fdf18aad844e4af18a455445db30d - - default default] Successfully bumped revision number for resource 643a1041-53c0-47e0-9b78-260dae3ff1b2 (type: security_group_rules) to 0
2026-05-09 22:54:07.943 10 INFO neutron.db.ovn_revision_numbers_db [None req-33078663-6040-4314-b8aa-8ee2db1a260b 8df602c576ed4eb7a388b6ec3d9f6864 b51fdf18aad844e4af18a455445db30d - - default default] Successfully bumped revision number for resource 59c9a672-b541-4024-b321-5f4453ffd65e (type: security_groups) to 1
2026-05-09 22:54:07.948 9 INFO neutron.db.ovn_revision_numbers_db [None req-8f9f760d-5748-4b45-a3d8-bf53374fe4fe 8df602c576ed4eb7a388b6ec3d9f6864 b51fdf18aad844e4af18a455445db30d - - default default] Successfully bumped revision number for resource 8a64301a-28e9-4fa1-8451-08a5b7732bd0 (type: security_group_rules) to 0
2026-05-09 22:54:07.952 10 INFO neutron.db.ovn_revision_numbers_db [None req-3ceac1c3-486a-4c47-b06f-4f66c281f7d5 8df602c576ed4eb7a388b6ec3d9f6864 b51fdf18aad844e4af18a455445db30d - - default default] Successfully bumped revision number for resource 6866b5a8-3063-4b70-8b1f-f63909438f18 (type: security_group_rules) to 0
2026-05-09 22:54:07.957 10 INFO neutron.db.ovn_revision_numbers_db [None req-33078663-6040-4314-b8aa-8ee2db1a260b 8df602c576ed4eb7a388b6ec3d9f6864 b51fdf18aad844e4af18a455445db30d - - default default] Successfully bumped revision number for resource 47a813b9-71cc-42d9-8531-822537b8e939 (type: security_group_rules) to 0
