2026-05-09 22:57:41.047 9 INFO neutron.pecan_wsgi.hooks.translation [None req-ca393a21-16ad-41ee-9a66-1e1725b9695f 2c4460e7623c49018df2f0252f95fd3d 8d7540d647d34341a93467478cf04038 - - default default] DELETE failed (client error): The resource could not be found.
2026-05-09 22:57:41.049 9 INFO neutron.wsgi [None req-ca393a21-16ad-41ee-9a66-1e1725b9695f 2c4460e7623c49018df2f0252f95fd3d 8d7540d647d34341a93467478cf04038 - - default default] 10.0.0.214 "DELETE /v2.0/subnets/3459080c-b664-49ad-940a-8fa2019431e8 HTTP/1.1" status: 404 len: 337 time: 0.0187466
2026-05-09 22:57:41.050 10 INFO neutron.services.segments.plugin [-] Segment e0855e83-d715-4fdd-b4c9-a866704f8b8e resource provider aggregate not found
2026-05-09 22:57:41.057 10 INFO neutron.services.segments.plugin [-] Segment e0855e83-d715-4fdd-b4c9-a866704f8b8e resource provider aggregate not found
2026-05-09 22:57:41.063 10 INFO neutron.services.segments.plugin [-] Segment e0855e83-d715-4fdd-b4c9-a866704f8b8e resource provider not found; error: Placement Client Error (4xx): {"errors": [{"status": 404, "title": "Not Found", "detail": "The resource could not be found.\n\n No resource provider with uuid e0855e83-d715-4fdd-b4c9-a866704f8b8e found for delete ", "request_id": "req-10bf5387-e604-4fa7-87fa-f2c6030a7c86"}]}
2026-05-09 22:57:41.069 10 INFO neutron.services.segments.plugin [-] Segment e0855e83-d715-4fdd-b4c9-a866704f8b8e resource provider not found; error: Placement Client Error (4xx): {"errors": [{"status": 404, "title": "Not Found", "detail": "The resource could not be found.\n\n No resource provider with uuid e0855e83-d715-4fdd-b4c9-a866704f8b8e found for delete ", "request_id": "req-afdd1fca-eec3-44f8-ad5e-f95fbdbacee8"}]}
2026-05-09 22:57:41.070 9 INFO neutron.wsgi [None req-e41928ba-f508-4e4c-aab0-d0769a88ccfd 2c4460e7623c49018df2f0252f95fd3d 8d7540d647d34341a93467478cf04038 - - default default] 10.0.0.214 "GET /v2.0/ports?device_id=f9504848-9e0a-4e64-b9b8-710174b4cffe HTTP/1.1" status: 200 len: 205 time: 0.0164795
2026-05-09 22:57:41.092 9 INFO neutron.api.v2.resource [None req-e86695d3-bd5f-491a-ac9a-5542ab91aa26 2c4460e7623c49018df2f0252f95fd3d 8d7540d647d34341a93467478cf04038 - - default default] delete failed (client error): The resource could not be found.
2026-05-09 22:57:41.093 9 INFO neutron.wsgi [None req-e86695d3-bd5f-491a-ac9a-5542ab91aa26 2c4460e7623c49018df2f0252f95fd3d 8d7540d647d34341a93467478cf04038 - - default default] 10.0.0.214 "DELETE /v2.0/routers/f9504848-9e0a-4e64-b9b8-710174b4cffe HTTP/1.1" status: 404 len: 336 time: 0.0193777
2026-05-09 22:57:41.113 9 INFO neutron.pecan_wsgi.hooks.translation [None req-542e7c25-bb35-4454-9da1-da616d65ca10 2c4460e7623c49018df2f0252f95fd3d 8d7540d647d34341a93467478cf04038 - - default default] DELETE failed (client error): The resource could not be found.
2026-05-09 22:57:41.115 9 INFO neutron.wsgi [None req-542e7c25-bb35-4454-9da1-da616d65ca10 2c4460e7623c49018df2f0252f95fd3d 8d7540d647d34341a93467478cf04038 - - default default] 10.0.0.214 "DELETE /v2.0/subnets/5b974200-5ad9-47bb-8779-c8b571ec23ec HTTP/1.1" status: 404 len: 337 time: 0.0153975
2026-05-09 22:57:41.137 9 INFO neutron.wsgi [None req-6115ffc7-2e82-4b96-8f96-56f5e21dd5ca 2c4460e7623c49018df2f0252f95fd3d 8d7540d647d34341a93467478cf04038 - - default default] 10.0.0.214 "GET /v2.0/ports?device_id=e49effe3-81dd-4751-81bd-5c9a0908caf7 HTTP/1.1" status: 200 len: 205 time: 0.0163715
2026-05-09 22:57:41.162 9 INFO neutron.api.v2.resource [None req-6c688136-558d-4df6-a7fb-349c55621435 2c4460e7623c49018df2f0252f95fd3d 8d7540d647d34341a93467478cf04038 - - default default] delete failed (client error): The resource could not be found.
2026-05-09 22:57:41.163 9 INFO neutron.wsgi [None req-6c688136-558d-4df6-a7fb-349c55621435 2c4460e7623c49018df2f0252f95fd3d 8d7540d647d34341a93467478cf04038 - - default default] 10.0.0.214 "DELETE /v2.0/routers/e49effe3-81dd-4751-81bd-5c9a0908caf7 HTTP/1.1" status: 404 len: 336 time: 0.0221055
2026-05-09 22:57:41.180 9 INFO neutron.pecan_wsgi.hooks.translation [None req-69c8d6e0-b078-4989-8635-1cde081e9e59 2c4460e7623c49018df2f0252f95fd3d 8d7540d647d34341a93467478cf04038 - - default default] DELETE failed (client error): The resource could not be found.
2026-05-09 22:57:41.182 9 INFO neutron.wsgi [None req-69c8d6e0-b078-4989-8635-1cde081e9e59 2c4460e7623c49018df2f0252f95fd3d 8d7540d647d34341a93467478cf04038 - - default default] 10.0.0.214 "DELETE /v2.0/subnets/ca545599-f9d8-4b72-8783-f7076341685b HTTP/1.1" status: 404 len: 337 time: 0.0151742
2026-05-09 22:57:41.200 9 INFO neutron.pecan_wsgi.hooks.translation [None req-f13b81b7-114a-42c0-8a50-a8ef38539f18 2c4460e7623c49018df2f0252f95fd3d 8d7540d647d34341a93467478cf04038 - - default default] DELETE failed (client error): The resource could not be found.
2026-05-09 22:57:41.203 9 INFO neutron.wsgi [None req-f13b81b7-114a-42c0-8a50-a8ef38539f18 2c4460e7623c49018df2f0252f95fd3d 8d7540d647d34341a93467478cf04038 - - default default] 10.0.0.214 "DELETE /v2.0/subnets/f23fb4f8-0c8e-472e-a277-2585ff190c8f HTTP/1.1" status: 404 len: 337 time: 0.0163684
2026-05-09 22:57:41.550 9 INFO neutron.wsgi [None req-75e0fa78-d0f2-4ac7-8536-96a0f961f4ea 8df602c576ed4eb7a388b6ec3d9f6864 b51fdf18aad844e4af18a455445db30d - - default default] 10.0.0.214 "GET /v2.0/security-groups?tenant_id=9671dcc19c48436fa3bdc86b9d1f00b2&name=default HTTP/1.1" status: 200 len: 2996 time: 0.2626286
2026-05-09 22:57:41.746 9 INFO neutron.wsgi [None req-7fc36966-ca34-4c76-beb0-b424121a6056 8df602c576ed4eb7a388b6ec3d9f6864 b51fdf18aad844e4af18a455445db30d - - default default] 10.0.0.214 "DELETE /v2.0/security-groups/0d1139c1-8057-40dc-9312-693a2c39c826 HTTP/1.1" status: 204 len: 168 time: 0.1911931
2026-05-09 22:57:41.854 10 INFO neutron.wsgi [None req-8346f873-927a-425f-8916-f4b2d319535c 8df602c576ed4eb7a388b6ec3d9f6864 b51fdf18aad844e4af18a455445db30d - - default default] 10.0.0.214 "GET /v2.0/security-groups?tenant_id=8d7540d647d34341a93467478cf04038&name=default HTTP/1.1" status: 200 len: 2996 time: 0.1798573
2026-05-09 22:57:41.982 9 INFO neutron.db.ovn_revision_numbers_db [None req-e628ddac-2e5d-4d17-97dc-dde6626b43b4 8df602c576ed4eb7a388b6ec3d9f6864 b51fdf18aad844e4af18a455445db30d - - default default] Successfully bumped revision number for resource 061c6571-667f-4700-a46f-a7ea7f5f6703 (type: security_groups) to 1
2026-05-09 22:57:42.000 9 INFO neutron.db.ovn_revision_numbers_db [None req-e628ddac-2e5d-4d17-97dc-dde6626b43b4 8df602c576ed4eb7a388b6ec3d9f6864 b51fdf18aad844e4af18a455445db30d - - default default] Successfully bumped revision number for resource 04b661e2-f5b2-4e7d-b1a7-94334153cb16 (type: security_group_rules) to 0
2026-05-09 22:57:42.017 9 INFO neutron.db.ovn_revision_numbers_db [None req-e628ddac-2e5d-4d17-97dc-dde6626b43b4 8df602c576ed4eb7a388b6ec3d9f6864 b51fdf18aad844e4af18a455445db30d - - default default] Successfully bumped revision number for resource 11a7139c-c9ff-4275-b351-fffd1ecfa404 (type: security_group_rules) to 0
2026-05-09 22:57:42.034 9 INFO neutron.db.ovn_revision_numbers_db [None req-e628ddac-2e5d-4d17-97dc-dde6626b43b4 8df602c576ed4eb7a388b6ec3d9f6864 b51fdf18aad844e4af18a455445db30d - - default default] Successfully bumped revision number for resource 6af089ff-892f-4fbe-bc42-174ec7e4d388 (type: security_group_rules) to 0
2026-05-09 22:57:42.053 9 INFO neutron.db.ovn_revision_numbers_db [None req-e628ddac-2e5d-4d17-97dc-dde6626b43b4 8df602c576ed4eb7a388b6ec3d9f6864 b51fdf18aad844e4af18a455445db30d - - default default] Successfully bumped revision number for resource b5005155-24ed-458a-ab4c-60e0439d2761 (type: security_group_rules) to 0
2026-05-09 22:57:42.078 9 INFO neutron.wsgi [None req-e628ddac-2e5d-4d17-97dc-dde6626b43b4 8df602c576ed4eb7a388b6ec3d9f6864 b51fdf18aad844e4af18a455445db30d - - default default] 10.0.0.214 "GET /v2.0/security-groups?tenant_id=5560de23433843529d4a522021a1edaa&name=default HTTP/1.1" status: 200 len: 2996 time: 0.2348232
2026-05-09 22:57:42.082 9 INFO neutron.wsgi [None req-40b09f5f-5c57-47c9-9a0b-3833c36d1ef7 8df602c576ed4eb7a388b6ec3d9f6864 b51fdf18aad844e4af18a455445db30d - - default default] 10.0.0.214 "DELETE /v2.0/security-groups/3b189b70-c585-42c5-b513-6855f6b5127b HTTP/1.1" status: 204 len: 168 time: 0.2237928
2026-05-09 22:57:42.287 10 INFO neutron.wsgi [None req-cb1bb192-fc0b-4ce6-8d5a-7c0ccb35903a 8df602c576ed4eb7a388b6ec3d9f6864 b51fdf18aad844e4af18a455445db30d - - default default] 10.0.0.214 "DELETE /v2.0/security-groups/061c6571-667f-4700-a46f-a7ea7f5f6703 HTTP/1.1" status: 204 len: 168 time: 0.2028604
2026-05-09 22:57:42.619 9 INFO neutron.db.ovn_revision_numbers_db [None req-6a658216-43cf-46a8-89f2-601d6573f388 8df602c576ed4eb7a388b6ec3d9f6864 b51fdf18aad844e4af18a455445db30d - - default default] Successfully bumped revision number for resource 987a773f-e888-4f75-95b4-07557b752ef4 (type: security_groups) to 1
2026-05-09 22:57:42.632 9 INFO neutron.db.ovn_revision_numbers_db [None req-6a658216-43cf-46a8-89f2-601d6573f388 8df602c576ed4eb7a388b6ec3d9f6864 b51fdf18aad844e4af18a455445db30d - - default default] Successfully bumped revision number for resource 144bc86f-c413-4fc8-a323-9677f3c038b8 (type: security_group_rules) to 0
2026-05-09 22:57:42.646 9 INFO neutron.db.ovn_revision_numbers_db [None req-6a658216-43cf-46a8-89f2-601d6573f388 8df602c576ed4eb7a388b6ec3d9f6864 b51fdf18aad844e4af18a455445db30d - - default default] Successfully bumped revision number for resource 3c248a38-b5fa-408a-b83c-c0d3549345eb (type: security_group_rules) to 0
2026-05-09 22:57:42.660 9 INFO neutron.db.ovn_revision_numbers_db [None req-6a658216-43cf-46a8-89f2-601d6573f388 8df602c576ed4eb7a388b6ec3d9f6864 b51fdf18aad844e4af18a455445db30d - - default default] Successfully bumped revision number for resource 8d92ee4a-9560-40be-9326-33f7f140ac93 (type: security_group_rules) to 0
2026-05-09 22:57:42.673 9 INFO neutron.db.ovn_revision_numbers_db [None req-6a658216-43cf-46a8-89f2-601d6573f388 8df602c576ed4eb7a388b6ec3d9f6864 b51fdf18aad844e4af18a455445db30d - - default default] Successfully bumped revision number for resource ae0bc4b5-b64f-4653-bf71-c887c64c0625 (type: security_group_rules) to 0
2026-05-09 22:57:42.695 9 INFO neutron.wsgi [None req-6a658216-43cf-46a8-89f2-601d6573f388 8df602c576ed4eb7a388b6ec3d9f6864 b51fdf18aad844e4af18a455445db30d - - default default] 10.0.0.214 "GET /v2.0/security-groups?tenant_id=abe2b70c43d14d6b96ce66f5a6fc0fdf&name=default HTTP/1.1" status: 200 len: 2996 time: 0.1925032
2026-05-09 22:57:42.881 9 INFO neutron.wsgi [None req-4572350a-f342-4564-a9d2-9cef9c6abb62 8df602c576ed4eb7a388b6ec3d9f6864 b51fdf18aad844e4af18a455445db30d - - default default] 10.0.0.214 "DELETE /v2.0/security-groups/987a773f-e888-4f75-95b4-07557b752ef4 HTTP/1.1" status: 204 len: 168 time: 0.1807330
2026-05-09 22:57:43.095 9 WARNING neutron_lib.context [None req-34f8eebc-c60a-42d0-86a9-5d18fa5f350d 1d47c992c04a4b99833b7f39d419f07a 0c136338a1424ec18534eeaf80beb98b - - default default] Method 'is_advsvc' is deprecated since 2023.2 release (neutron-lib 3.8.0) and will be removed once support for the old RBAC API policies will be removed from Neutron. Please use method 'is_service_role' instead.
2026-05-09 22:57:43.232 9 INFO neutron.db.ovn_revision_numbers_db [None req-34f8eebc-c60a-42d0-86a9-5d18fa5f350d 1d47c992c04a4b99833b7f39d419f07a 0c136338a1424ec18534eeaf80beb98b - - default default] Successfully bumped revision number for resource 8427d769-4028-4c7d-a3be-d34d8b6af527 (type: security_groups) to 1
2026-05-09 22:57:43.248 9 INFO neutron.db.ovn_revision_numbers_db [None req-34f8eebc-c60a-42d0-86a9-5d18fa5f350d 1d47c992c04a4b99833b7f39d419f07a 0c136338a1424ec18534eeaf80beb98b - - default default] Successfully bumped revision number for resource 62f59068-dbbc-4a28-ad47-9bb9ff7b1df9 (type: security_group_rules) to 0
2026-05-09 22:57:43.263 9 INFO neutron.db.ovn_revision_numbers_db [None req-34f8eebc-c60a-42d0-86a9-5d18fa5f350d 1d47c992c04a4b99833b7f39d419f07a 0c136338a1424ec18534eeaf80beb98b - - default default] Successfully bumped revision number for resource 9269c766-c6f5-4628-985b-cefcf79dd03b (type: security_group_rules) to 0
2026-05-09 22:57:43.298 9 INFO neutron.db.ovn_revision_numbers_db [None req-34f8eebc-c60a-42d0-86a9-5d18fa5f350d 1d47c992c04a4b99833b7f39d419f07a 0c136338a1424ec18534eeaf80beb98b - - default default] Successfully bumped revision number for resource b71d05fc-9976-4d99-9ebf-02014d8cd2df (type: security_group_rules) to 0
2026-05-09 22:57:43.315 9 INFO neutron.db.ovn_revision_numbers_db [None req-34f8eebc-c60a-42d0-86a9-5d18fa5f350d 1d47c992c04a4b99833b7f39d419f07a 0c136338a1424ec18534eeaf80beb98b - - default default] Successfully bumped revision number for resource cf1bcc51-02a9-4f83-81f8-55bb699e1718 (type: security_group_rules) to 0
2026-05-09 22:57:43.411 9 INFO neutron.db.ovn_revision_numbers_db [None req-34f8eebc-c60a-42d0-86a9-5d18fa5f350d 1d47c992c04a4b99833b7f39d419f07a 0c136338a1424ec18534eeaf80beb98b - - default default] Successfully bumped revision number for resource d06bdb85-a603-4a13-91ec-8d76110545d1 (type: security_groups) to 1
2026-05-09 22:57:43.428 9 INFO neutron.db.ovn_revision_numbers_db [None req-34f8eebc-c60a-42d0-86a9-5d18fa5f350d 1d47c992c04a4b99833b7f39d419f07a 0c136338a1424ec18534eeaf80beb98b - - default default] Successfully bumped revision number for resource 029c3406-36b4-4c09-9537-288d5e2a492c (type: security_group_rules) to 0
2026-05-09 22:57:43.444 9 INFO neutron.db.ovn_revision_numbers_db [None req-34f8eebc-c60a-42d0-86a9-5d18fa5f350d 1d47c992c04a4b99833b7f39d419f07a 0c136338a1424ec18534eeaf80beb98b - - default default] Successfully bumped revision number for resource 414c81b4-467a-436b-b903-d82dce7e4dfb (type: security_group_rules) to 0
2026-05-09 22:57:43.469 9 INFO neutron.wsgi [None req-34f8eebc-c60a-42d0-86a9-5d18fa5f350d 1d47c992c04a4b99833b7f39d419f07a 0c136338a1424ec18534eeaf80beb98b - - default default] 10.0.0.214 "POST /v2.0/security-groups HTTP/1.1" status: 201 len: 1737 time: 0.5788937
2026-05-09 22:57:43.482 9 WARNING neutron_lib.context [None req-382d6695-1ef5-4294-aa8a-cc02e6745259 1d47c992c04a4b99833b7f39d419f07a 0c136338a1424ec18534eeaf80beb98b - - default default] Method 'is_advsvc' is deprecated since 2023.2 release (neutron-lib 3.8.0) and will be removed once support for the old RBAC API policies will be removed from Neutron. Please use method 'is_service_role' instead.
2026-05-09 22:57:43.610 9 INFO neutron.db.ovn_revision_numbers_db [None req-382d6695-1ef5-4294-aa8a-cc02e6745259 1d47c992c04a4b99833b7f39d419f07a 0c136338a1424ec18534eeaf80beb98b - - default default] Successfully bumped revision number for resource 6e7e9011-5ccd-42aa-b4ea-65d0362fcd85 (type: security_groups) to 1
2026-05-09 22:57:43.624 9 INFO neutron.db.ovn_revision_numbers_db [None req-382d6695-1ef5-4294-aa8a-cc02e6745259 1d47c992c04a4b99833b7f39d419f07a 0c136338a1424ec18534eeaf80beb98b - - default default] Successfully bumped revision number for resource 09903916-ff16-464d-9f4d-714f9803fcbe (type: security_group_rules) to 0
2026-05-09 22:57:43.644 9 INFO neutron.db.ovn_revision_numbers_db [None req-382d6695-1ef5-4294-aa8a-cc02e6745259 1d47c992c04a4b99833b7f39d419f07a 0c136338a1424ec18534eeaf80beb98b - - default default] Successfully bumped revision number for resource 9fb15a4a-ce8d-4d1c-bb6d-e037899e2fdd (type: security_group_rules) to 0
2026-05-09 22:57:43.666 9 INFO neutron.wsgi [None req-382d6695-1ef5-4294-aa8a-cc02e6745259 1d47c992c04a4b99833b7f39d419f07a 0c136338a1424ec18534eeaf80beb98b - - default default] 10.0.0.214 "POST /v2.0/security-groups HTTP/1.1" status: 201 len: 1737 time: 0.1916323
2026-05-09 22:57:43.677 10 WARNING neutron_lib.context [None req-697c9075-b32d-4986-9538-337f59e0faea 1d47c992c04a4b99833b7f39d419f07a 0c136338a1424ec18534eeaf80beb98b - - default default] Method 'is_advsvc' is deprecated since 2023.2 release (neutron-lib 3.8.0) and will be removed once support for the old RBAC API policies will be removed from Neutron. Please use method 'is_service_role' instead.
2026-05-09 22:57:43.799 10 INFO neutron.db.ovn_revision_numbers_db [None req-697c9075-b32d-4986-9538-337f59e0faea 1d47c992c04a4b99833b7f39d419f07a 0c136338a1424ec18534eeaf80beb98b - - default default] Successfully bumped revision number for resource 1c984cb6-3c3e-436f-a1c0-849513e97bfa (type: security_groups) to 1
2026-05-09 22:57:43.811 10 INFO neutron.db.ovn_revision_numbers_db [None req-697c9075-b32d-4986-9538-337f59e0faea 1d47c992c04a4b99833b7f39d419f07a 0c136338a1424ec18534eeaf80beb98b - - default default] Successfully bumped revision number for resource 9df45d03-b5eb-412a-a9ad-4f0f5c1bbfcc (type: security_group_rules) to 0
2026-05-09 22:57:43.827 10 INFO neutron.db.ovn_revision_numbers_db [None req-697c9075-b32d-4986-9538-337f59e0faea 1d47c992c04a4b99833b7f39d419f07a 0c136338a1424ec18534eeaf80beb98b - - default default] Successfully bumped revision number for resource f61db339-3b2e-4a9b-8f5d-8657f027b6cc (type: security_group_rules) to 0
2026-05-09 22:57:43.845 10 INFO neutron.wsgi [None req-697c9075-b32d-4986-9538-337f59e0faea 1d47c992c04a4b99833b7f39d419f07a 0c136338a1424ec18534eeaf80beb98b - - default default] 10.0.0.214 "POST /v2.0/security-groups HTTP/1.1" status: 201 len: 1737 time: 0.1729798
2026-05-09 22:57:43.854 10 WARNING neutron_lib.context [None req-d8c3e7f7-b1a4-4b27-810c-235196b7bc96 1d47c992c04a4b99833b7f39d419f07a 0c136338a1424ec18534eeaf80beb98b - - default default] Method 'is_advsvc' is deprecated since 2023.2 release (neutron-lib 3.8.0) and will be removed once support for the old RBAC API policies will be removed from Neutron. Please use method 'is_service_role' instead.
2026-05-09 22:57:43.959 10 INFO neutron.db.ovn_revision_numbers_db [None req-d8c3e7f7-b1a4-4b27-810c-235196b7bc96 1d47c992c04a4b99833b7f39d419f07a 0c136338a1424ec18534eeaf80beb98b - - default default] Successfully bumped revision number for resource c3e266c4-b708-4ab8-a524-0af4d6c57829 (type: security_groups) to 1
2026-05-09 22:57:43.977 10 WARNING neutron_lib.context [None req-209e3bf1-22f7-48d0-9290-6b2f5f9ad141 a2486a5d08d54003bfe686d195f1b9ae 969daee1aa6a4cd38f9fc90b410800b5 - - default default] Method 'is_advsvc' is deprecated since 2023.2 release (neutron-lib 3.8.0) and will be removed once support for the old RBAC API policies will be removed from Neutron. Please use method 'is_service_role' instead.
2026-05-09 22:57:43.983 10 INFO neutron.db.ovn_revision_numbers_db [None req-d8c3e7f7-b1a4-4b27-810c-235196b7bc96 1d47c992c04a4b99833b7f39d419f07a 0c136338a1424ec18534eeaf80beb98b - - default default] Successfully bumped revision number for resource 12d60f76-90d9-4b09-bdb5-ce12ca4c1e88 (type: security_group_rules) to 0
2026-05-09 22:57:43.995 9 WARNING neutron.plugins.ml2.drivers.ovn.mech_driver.ovsdb.ovn_client [None req-71f043e5-1309-4e04-8b43-f38cc1602804 - - - - - -] No port found with ID eb57316b-38f4-4125-bb03-e308d9b64406: RuntimeError: No port found with ID eb57316b-38f4-4125-bb03-e308d9b64406
2026-05-09 22:57:43.997 10 INFO neutron.db.ovn_revision_numbers_db [None req-d8c3e7f7-b1a4-4b27-810c-235196b7bc96 1d47c992c04a4b99833b7f39d419f07a 0c136338a1424ec18534eeaf80beb98b - - default default] Successfully bumped revision number for resource 38166ded-b396-45d7-a5ca-54de15a0d395 (type: security_group_rules) to 0
2026-05-09 22:57:44.016 10 INFO neutron.wsgi [None req-d8c3e7f7-b1a4-4b27-810c-235196b7bc96 1d47c992c04a4b99833b7f39d419f07a 0c136338a1424ec18534eeaf80beb98b - - default default] 10.0.0.214 "POST /v2.0/security-groups HTTP/1.1" status: 201 len: 1737 time: 0.1671631
2026-05-09 22:57:44.028 9 WARNING neutron_lib.context [None req-ef98e427-8ee8-427f-b74d-1a7b82ae11e4 1d47c992c04a4b99833b7f39d419f07a 0c136338a1424ec18534eeaf80beb98b - - default default] Method 'is_advsvc' is deprecated since 2023.2 release (neutron-lib 3.8.0) and will be removed once support for the old RBAC API policies will be removed from Neutron. Please use method 'is_service_role' instead.
2026-05-09 22:57:44.111 10 INFO neutron.db.ovn_revision_numbers_db [None req-209e3bf1-22f7-48d0-9290-6b2f5f9ad141 a2486a5d08d54003bfe686d195f1b9ae 969daee1aa6a4cd38f9fc90b410800b5 - - default default] Successfully bumped revision number for resource 3b43ba36-cb54-44c1-9a47-05f26a2b4c8a (type: security_groups) to 1
2026-05-09 22:57:44.128 10 INFO neutron.db.ovn_revision_numbers_db [None req-209e3bf1-22f7-48d0-9290-6b2f5f9ad141 a2486a5d08d54003bfe686d195f1b9ae 969daee1aa6a4cd38f9fc90b410800b5 - - default default] Successfully bumped revision number for resource 2813fffe-949f-4932-b008-31a7aa46d357 (type: security_group_rules) to 0
2026-05-09 22:57:44.142 10 INFO neutron.db.ovn_revision_numbers_db [None req-209e3bf1-22f7-48d0-9290-6b2f5f9ad141 a2486a5d08d54003bfe686d195f1b9ae 969daee1aa6a4cd38f9fc90b410800b5 - - default default] Successfully bumped revision number for resource 7757877a-7e1f-476b-bf27-933b5dade71c (type: security_group_rules) to 0
2026-05-09 22:57:44.151 9 INFO neutron.db.ovn_revision_numbers_db [None req-ef98e427-8ee8-427f-b74d-1a7b82ae11e4 1d47c992c04a4b99833b7f39d419f07a 0c136338a1424ec18534eeaf80beb98b - - default default] Successfully bumped revision number for resource 4be687ee-4661-4b41-8859-18ef604c48fd (type: security_groups) to 1
2026-05-09 22:57:44.156 10 INFO neutron.db.ovn_revision_numbers_db [None req-209e3bf1-22f7-48d0-9290-6b2f5f9ad141 a2486a5d08d54003bfe686d195f1b9ae 969daee1aa6a4cd38f9fc90b410800b5 - - default default] Successfully bumped revision number for resource 950761e4-90c9-4c76-a753-e1c936c4879e (type: security_group_rules) to 0
2026-05-09 22:57:44.165 9 INFO neutron.db.ovn_revision_numbers_db [None req-ef98e427-8ee8-427f-b74d-1a7b82ae11e4 1d47c992c04a4b99833b7f39d419f07a 0c136338a1424ec18534eeaf80beb98b - - default default] Successfully bumped revision number for resource 8d5995e4-0e15-47fc-96e1-4814e2f540bc (type: security_group_rules) to 0
2026-05-09 22:57:44.170 10 INFO neutron.db.ovn_revision_numbers_db [None req-209e3bf1-22f7-48d0-9290-6b2f5f9ad141 a2486a5d08d54003bfe686d195f1b9ae 969daee1aa6a4cd38f9fc90b410800b5 - - default default] Successfully bumped revision number for resource a55838a5-b040-4dba-a5ce-a2bc4762809e (type: security_group_rules) to 0
2026-05-09 22:57:44.182 9 INFO neutron.db.ovn_revision_numbers_db [None req-ef98e427-8ee8-427f-b74d-1a7b82ae11e4 1d47c992c04a4b99833b7f39d419f07a 0c136338a1424ec18534eeaf80beb98b - - default default] Successfully bumped revision number for resource eaddea62-d0f0-4e81-9326-55018203d9fd (type: security_group_rules) to 0
2026-05-09 22:57:44.200 9 INFO neutron.wsgi [None req-ef98e427-8ee8-427f-b74d-1a7b82ae11e4 1d47c992c04a4b99833b7f39d419f07a 0c136338a1424ec18534eeaf80beb98b - - default default] 10.0.0.214 "POST /v2.0/security-groups HTTP/1.1" status: 201 len: 1737 time: 0.1784670
2026-05-09 22:57:44.240 9 INFO neutron.wsgi [None req-da0e5186-7716-46df-af3b-21df0ab9972e 1d47c992c04a4b99833b7f39d419f07a 0c136338a1424ec18534eeaf80beb98b - - default default] 10.0.0.214 "PUT /v2.0/security-groups/d06bdb85-a603-4a13-91ec-8d76110545d1/tags HTTP/1.1" status: 200 len: 210 time: 0.0350323
2026-05-09 22:57:44.259 10 INFO neutron.db.ovn_revision_numbers_db [None req-209e3bf1-22f7-48d0-9290-6b2f5f9ad141 a2486a5d08d54003bfe686d195f1b9ae 969daee1aa6a4cd38f9fc90b410800b5 - - default default] Successfully bumped revision number for resource 374afdd1-ad1f-4732-a536-1ff60b000194 (type: security_groups) to 1
2026-05-09 22:57:44.273 10 INFO neutron.db.ovn_revision_numbers_db [None req-209e3bf1-22f7-48d0-9290-6b2f5f9ad141 a2486a5d08d54003bfe686d195f1b9ae 969daee1aa6a4cd38f9fc90b410800b5 - - default default] Successfully bumped revision number for resource a10e7917-8e48-4ece-b7bf-73f53dc05c86 (type: security_group_rules) to 0
2026-05-09 22:57:44.275 9 INFO neutron.wsgi [None req-00fa642d-bdba-4023-879a-af84b6350522 1d47c992c04a4b99833b7f39d419f07a 0c136338a1424ec18534eeaf80beb98b - - default default] 10.0.0.214 "PUT /v2.0/security-groups/6e7e9011-5ccd-42aa-b4ea-65d0362fcd85/tags HTTP/1.1" status: 200 len: 218 time: 0.0300837
2026-05-09 22:57:44.289 10 INFO neutron.db.ovn_revision_numbers_db [None req-209e3bf1-22f7-48d0-9290-6b2f5f9ad141 a2486a5d08d54003bfe686d195f1b9ae 969daee1aa6a4cd38f9fc90b410800b5 - - default default] Successfully bumped revision number for resource fa689030-c7e5-4414-be4e-90b95e734d0d (type: security_group_rules) to 0
2026-05-09 22:57:44.308 10 INFO neutron.wsgi [None req-209e3bf1-22f7-48d0-9290-6b2f5f9ad141 a2486a5d08d54003bfe686d195f1b9ae 969daee1aa6a4cd38f9fc90b410800b5 - - default default] 10.0.0.214 "POST /v2.0/security-groups HTTP/1.1" status: 201 len: 1760 time: 0.4936063
2026-05-09 22:57:44.333 9 INFO neutron.wsgi [None req-843f8ae0-047d-4ffa-a4e1-297c46156ee8 1d47c992c04a4b99833b7f39d419f07a 0c136338a1424ec18534eeaf80beb98b - - default default] 10.0.0.214 "PUT /v2.0/security-groups/1c984cb6-3c3e-436f-a1c0-849513e97bfa/tags HTTP/1.1" status: 200 len: 227 time: 0.0523880
2026-05-09 22:57:44.354 10 INFO neutron.wsgi [None req-23134be8-f01d-46a8-bbb7-7299a7659c3f a2486a5d08d54003bfe686d195f1b9ae 969daee1aa6a4cd38f9fc90b410800b5 - - default default] 10.0.0.214 "GET /v2.0/security-groups HTTP/1.1" status: 200 len: 4538 time: 0.0414183
2026-05-09 22:57:44.370 9 INFO neutron.wsgi [None req-f0d91230-9017-43dc-9dc8-049b034aed13 1d47c992c04a4b99833b7f39d419f07a 0c136338a1424ec18534eeaf80beb98b - - default default] 10.0.0.214 "PUT /v2.0/security-groups/c3e266c4-b708-4ab8-a524-0af4d6c57829/tags HTTP/1.1" status: 200 len: 212 time: 0.0293541
2026-05-09 22:57:44.419 9 INFO neutron.wsgi [None req-4fb6d476-775b-475d-9ecf-ce0a4bfcd7da 1d47c992c04a4b99833b7f39d419f07a 0c136338a1424ec18534eeaf80beb98b - - default default] 10.0.0.214 "GET /v2.0/security-groups?tags=red HTTP/1.1" status: 200 len: 4813 time: 0.0437491
2026-05-09 22:57:44.422 10 INFO neutron.db.ovn_revision_numbers_db [None req-f45c04ed-39d8-4c07-a064-65d4d9a2e2b9 a2486a5d08d54003bfe686d195f1b9ae 969daee1aa6a4cd38f9fc90b410800b5 - - default default] Successfully bumped revision number for resource 374afdd1-ad1f-4732-a536-1ff60b000194 (type: security_groups) to 2
2026-05-09 22:57:44.425 10 INFO neutron.wsgi [None req-f45c04ed-39d8-4c07-a064-65d4d9a2e2b9 a2486a5d08d54003bfe686d195f1b9ae 969daee1aa6a4cd38f9fc90b410800b5 - - default default] 10.0.0.214 "PUT /v2.0/security-groups/374afdd1-ad1f-4732-a536-1ff60b000194 HTTP/1.1" status: 200 len: 1795 time: 0.0658121
2026-05-09 22:57:44.471 9 INFO neutron.wsgi [None req-b6831411-f072-4bb1-8868-f5a7946e4f43 a2486a5d08d54003bfe686d195f1b9ae 969daee1aa6a4cd38f9fc90b410800b5 - - default default] 10.0.0.214 "GET /v2.0/security-groups/374afdd1-ad1f-4732-a536-1ff60b000194 HTTP/1.1" status: 200 len: 1795 time: 0.0408688
2026-05-09 22:57:44.475 9 INFO neutron.wsgi [None req-bdeeae7e-3718-4c9d-85d7-c3cb54e9f7db 1d47c992c04a4b99833b7f39d419f07a 0c136338a1424ec18534eeaf80beb98b - - default default] 10.0.0.214 "GET /v2.0/security-groups?tags=red%2Cblue HTTP/1.1" status: 200 len: 3289 time: 0.0506291
2026-05-09 22:57:44.523 10 INFO neutron.wsgi [None req-1ccf84c2-e877-4e96-b25d-c444bfae1d9e 1d47c992c04a4b99833b7f39d419f07a 0c136338a1424ec18534eeaf80beb98b - - default default] 10.0.0.214 "GET /v2.0/security-groups?tags-any=blue HTTP/1.1" status: 200 len: 3289 time: 0.0421784
2026-05-09 22:57:44.576 10 INFO neutron.wsgi [None req-65fec153-3c33-4542-bfb0-e1d49851c73a 1d47c992c04a4b99833b7f39d419f07a 0c136338a1424ec18534eeaf80beb98b - - default default] 10.0.0.214 "GET /v2.0/security-groups?tags-any=red%2Cblue HTTP/1.1" status: 200 len: 4813 time: 0.0471168
2026-05-09 22:57:44.589 9 INFO neutron.wsgi [None req-639d239b-c630-4e5b-8053-87951f3f6974 a2486a5d08d54003bfe686d195f1b9ae 969daee1aa6a4cd38f9fc90b410800b5 - - default default] 10.0.0.214 "DELETE /v2.0/security-groups/374afdd1-ad1f-4732-a536-1ff60b000194 HTTP/1.1" status: 204 len: 168 time: 0.1124349
2026-05-09 22:57:44.635 10 INFO neutron.wsgi [None req-ce95e6e9-6002-4e0b-96f3-420ca63bf809 1d47c992c04a4b99833b7f39d419f07a 0c136338a1424ec18534eeaf80beb98b - - default default] 10.0.0.214 "GET /v2.0/security-groups?not-tags=red HTTP/1.1" status: 200 len: 6041 time: 0.0534823
2026-05-09 22:57:44.640 10 INFO neutron.wsgi [None req-303e7592-8c5c-411a-92dd-c4e7064c4aef a2486a5d08d54003bfe686d195f1b9ae 969daee1aa6a4cd38f9fc90b410800b5 - - default default] 10.0.0.214 "GET /v2.0/security-groups HTTP/1.1" status: 200 len: 2996 time: 0.0426712
2026-05-09 22:57:44.657 9 INFO neutron.api.v2.resource [None req-8594f089-6e16-4112-aefe-97ff2d7baf73 a2486a5d08d54003bfe686d195f1b9ae 969daee1aa6a4cd38f9fc90b410800b5 - - default default] delete failed (client error): The resource could not be found.
2026-05-09 22:57:44.659 9 INFO neutron.wsgi [None req-8594f089-6e16-4112-aefe-97ff2d7baf73 a2486a5d08d54003bfe686d195f1b9ae 969daee1aa6a4cd38f9fc90b410800b5 - - default default] 10.0.0.214 "DELETE /v2.0/security-groups/374afdd1-ad1f-4732-a536-1ff60b000194 HTTP/1.1" status: 404 len: 347 time: 0.0134017
2026-05-09 22:57:44.670 9 WARNING neutron_lib.context [None req-7ba194d7-85aa-428e-9027-c59ece7b9b4e a2486a5d08d54003bfe686d195f1b9ae 969daee1aa6a4cd38f9fc90b410800b5 - - default default] Method 'is_advsvc' is deprecated since 2023.2 release (neutron-lib 3.8.0) and will be removed once support for the old RBAC API policies will be removed from Neutron. Please use method 'is_service_role' instead.
2026-05-09 22:57:44.685 10 INFO neutron.wsgi [None req-1b5aa761-88c8-4334-a733-52068b87a2b4 1d47c992c04a4b99833b7f39d419f07a 0c136338a1424ec18534eeaf80beb98b - - default default] 10.0.0.214 "GET /v2.0/security-groups?not-tags=red%2Cblue HTTP/1.1" status: 200 len: 7565 time: 0.0418885
2026-05-09 22:57:44.736 10 INFO neutron.wsgi [None req-06973c1c-7ca4-4be3-a301-868cd937ae61 1d47c992c04a4b99833b7f39d419f07a 0c136338a1424ec18534eeaf80beb98b - - default default] 10.0.0.214 "GET /v2.0/security-groups?not-tags-any=blue HTTP/1.1" status: 200 len: 7565 time: 0.0462151
2026-05-09 22:57:44.786 9 INFO neutron.wsgi [None req-a1a96642-b8fb-4dec-a3d9-9500ae56e3c5 1d47c992c04a4b99833b7f39d419f07a 0c136338a1424ec18534eeaf80beb98b - - default default] 10.0.0.214 "GET /v2.0/security-groups?not-tags-any=red%2Cblue HTTP/1.1" status: 200 len: 6041 time: 0.0447786
2026-05-09 22:57:44.792 9 INFO neutron.db.ovn_revision_numbers_db [None req-7ba194d7-85aa-428e-9027-c59ece7b9b4e a2486a5d08d54003bfe686d195f1b9ae 969daee1aa6a4cd38f9fc90b410800b5 - - default default] Successfully bumped revision number for resource 5c940868-25c4-4fd8-9148-24d6ade6633d (type: security_groups) to 1
2026-05-09 22:57:44.805 9 INFO neutron.db.ovn_revision_numbers_db [None req-7ba194d7-85aa-428e-9027-c59ece7b9b4e a2486a5d08d54003bfe686d195f1b9ae 969daee1aa6a4cd38f9fc90b410800b5 - - default default] Successfully bumped revision number for resource 0ee2899e-a232-4ec7-bda6-ec1e43766cc4 (type: security_group_rules) to 0
2026-05-09 22:57:44.819 9 INFO neutron.db.ovn_revision_numbers_db [None req-7ba194d7-85aa-428e-9027-c59ece7b9b4e a2486a5d08d54003bfe686d195f1b9ae 969daee1aa6a4cd38f9fc90b410800b5 - - default default] Successfully bumped revision number for resource 8f160f41-dc29-4b83-b905-ddc7eb47d69a (type: security_group_rules) to 0
2026-05-09 22:57:44.837 9 INFO neutron.wsgi [None req-7ba194d7-85aa-428e-9027-c59ece7b9b4e a2486a5d08d54003bfe686d195f1b9ae 969daee1aa6a4cd38f9fc90b410800b5 - - default default] 10.0.0.214 "POST /v2.0/security-groups HTTP/1.1" status: 201 len: 1759 time: 0.1722069
2026-05-09 22:57:44.846 9 WARNING neutron_lib.context [None req-8d13a1b3-3fba-47d1-a58b-caaf43d6296c a2486a5d08d54003bfe686d195f1b9ae 969daee1aa6a4cd38f9fc90b410800b5 - - default default] Method 'is_advsvc' is deprecated since 2023.2 release (neutron-lib 3.8.0) and will be removed once support for the old RBAC API policies will be removed from Neutron. Please use method 'is_service_role' instead.
2026-05-09 22:57:44.888 10 INFO neutron.wsgi [None req-51b83870-7f3d-46ef-96dc-94749a1329c2 1d47c992c04a4b99833b7f39d419f07a 0c136338a1424ec18534eeaf80beb98b - - default default] 10.0.0.214 "DELETE /v2.0/security-groups/d06bdb85-a603-4a13-91ec-8d76110545d1 HTTP/1.1" status: 204 len: 168 time: 0.0960243
2026-05-09 22:57:44.987 9 INFO neutron.db.ovn_revision_numbers_db [None req-8d13a1b3-3fba-47d1-a58b-caaf43d6296c a2486a5d08d54003bfe686d195f1b9ae 969daee1aa6a4cd38f9fc90b410800b5 - - default default] Successfully bumped revision number for resource 9ee2fee9-9425-475f-8011-f89caaacd0bc (type: security_group_rules) to 0
2026-05-09 22:57:45.015 9 INFO neutron.wsgi [None req-8d13a1b3-3fba-47d1-a58b-caaf43d6296c a2486a5d08d54003bfe686d195f1b9ae 969daee1aa6a4cd38f9fc90b410800b5 - - default default] 10.0.0.214 "POST /v2.0/security-group-rules HTTP/1.1" status: 201 len: 768 time: 0.1723042
2026-05-09 22:57:45.018 10 INFO neutron.wsgi [None req-0da2120b-980a-44eb-985e-6de932fba41d 1d47c992c04a4b99833b7f39d419f07a 0c136338a1424ec18534eeaf80beb98b - - default default] 10.0.0.214 "DELETE /v2.0/security-groups/6e7e9011-5ccd-42aa-b4ea-65d0362fcd85 HTTP/1.1" status: 204 len: 168 time: 0.1240134
2026-05-09 22:57:45.074 10 INFO neutron.wsgi [None req-cfd58b9d-24fb-42a0-a41c-9c9ae4daf37b a2486a5d08d54003bfe686d195f1b9ae 969daee1aa6a4cd38f9fc90b410800b5 - - default default] 10.0.0.214 "GET /v2.0/security-group-rules/9ee2fee9-9425-475f-8011-f89caaacd0bc HTTP/1.1" status: 200 len: 763 time: 0.0513496
2026-05-09 22:57:45.139 9 INFO neutron.wsgi [None req-65302fc1-ec66-4c8f-baca-b8af329c2c7b a2486a5d08d54003bfe686d195f1b9ae 969daee1aa6a4cd38f9fc90b410800b5 - - default default] 10.0.0.214 "GET /v2.0/security-group-rules HTTP/1.1" status: 200 len: 4113 time: 0.0576906
2026-05-09 22:57:45.168 10 INFO neutron.wsgi [None req-a3890b1d-de6c-41e4-947d-b3093a70498f 1d47c992c04a4b99833b7f39d419f07a 0c136338a1424ec18534eeaf80beb98b - - default default] 10.0.0.214 "DELETE /v2.0/security-groups/1c984cb6-3c3e-436f-a1c0-849513e97bfa HTTP/1.1" status: 204 len: 168 time: 0.1457777
2026-05-09 22:57:45.277 10 INFO neutron.wsgi [None req-bc4dc3c7-3363-41b2-8ee6-2f11f1126255 1d47c992c04a4b99833b7f39d419f07a 0c136338a1424ec18534eeaf80beb98b - - default default] 10.0.0.214 "DELETE /v2.0/security-groups/c3e266c4-b708-4ab8-a524-0af4d6c57829 HTTP/1.1" status: 204 len: 168 time: 0.1052628
2026-05-09 22:57:45.290 9 INFO neutron.wsgi [None req-ba1a8565-4965-4492-a6d0-074cbcd931e2 a2486a5d08d54003bfe686d195f1b9ae 969daee1aa6a4cd38f9fc90b410800b5 - - default default] 10.0.0.214 "DELETE /v2.0/security-group-rules/9ee2fee9-9425-475f-8011-f89caaacd0bc HTTP/1.1" status: 204 len: 168 time: 0.1458683
2026-05-09 22:57:45.332 9 INFO neutron.wsgi [None req-feac764d-2704-4782-b76c-0a65463a771c a2486a5d08d54003bfe686d195f1b9ae 969daee1aa6a4cd38f9fc90b410800b5 - - default default] 10.0.0.214 "GET /v2.0/security-group-rules HTTP/1.1" status: 200 len: 3567 time: 0.0372243
2026-05-09 22:57:45.340 9 WARNING neutron_lib.context [None req-8c61d1b2-0d0e-4973-9245-f08c8538c3fc a2486a5d08d54003bfe686d195f1b9ae 969daee1aa6a4cd38f9fc90b410800b5 - - default default] Method 'is_advsvc' is deprecated since 2023.2 release (neutron-lib 3.8.0) and will be removed once support for the old RBAC API policies will be removed from Neutron. Please use method 'is_service_role' instead.
2026-05-09 22:57:45.359 9 INFO neutron.wsgi [-] 10.0.0.138 "GET / HTTP/1.1" status: 200 len: 247 time: 0.0015869
2026-05-09 22:57:45.360 10 INFO neutron.wsgi [-] 10.0.0.138 "GET / HTTP/1.1" status: 200 len: 247 time: 0.0016847
2026-05-09 22:57:45.390 10 INFO neutron.wsgi [None req-55946b50-23b1-4672-af03-10b896f6114b 1d47c992c04a4b99833b7f39d419f07a 0c136338a1424ec18534eeaf80beb98b - - default default] 10.0.0.214 "DELETE /v2.0/security-groups/4be687ee-4661-4b41-8859-18ef604c48fd HTTP/1.1" status: 204 len: 168 time: 0.1064751
2026-05-09 22:57:45.456 9 INFO neutron.db.ovn_revision_numbers_db [None req-8c61d1b2-0d0e-4973-9245-f08c8538c3fc a2486a5d08d54003bfe686d195f1b9ae 969daee1aa6a4cd38f9fc90b410800b5 - - default default] Successfully bumped revision number for resource 569d717e-0694-4552-b941-074c155af1b2 (type: security_group_rules) to 0
2026-05-09 22:57:45.478 9 INFO neutron.wsgi [None req-8c61d1b2-0d0e-4973-9245-f08c8538c3fc a2486a5d08d54003bfe686d195f1b9ae 969daee1aa6a4cd38f9fc90b410800b5 - - default default] 10.0.0.214 "POST /v2.0/security-group-rules HTTP/1.1" status: 201 len: 768 time: 0.1409543
2026-05-09 22:57:45.502 9 INFO neutron.wsgi [None req-85b7c4c7-737e-46ca-b793-56c68aca30f0 a2486a5d08d54003bfe686d195f1b9ae 969daee1aa6a4cd38f9fc90b410800b5 - - default default] 10.0.0.214 "GET /v2.0/security-group-rules/569d717e-0694-4552-b941-074c155af1b2 HTTP/1.1" status: 200 len: 763 time: 0.0170031
2026-05-09 22:57:45.541 9 INFO neutron.wsgi [None req-532a2bba-b594-44b0-8e91-348bc62a0b0f a2486a5d08d54003bfe686d195f1b9ae 969daee1aa6a4cd38f9fc90b410800b5 - - default default] 10.0.0.214 "GET /v2.0/security-group-rules HTTP/1.1" status: 200 len: 4113 time: 0.0349057
2026-05-09 22:57:45.654 9 INFO neutron.wsgi [None req-5aaa50ad-f28c-458a-9a97-125894d5715f a2486a5d08d54003bfe686d195f1b9ae 969daee1aa6a4cd38f9fc90b410800b5 - - default default] 10.0.0.214 "DELETE /v2.0/security-group-rules/569d717e-0694-4552-b941-074c155af1b2 HTTP/1.1" status: 204 len: 168 time: 0.1074023
2026-05-09 22:57:45.693 9 INFO neutron.wsgi [None req-c957513a-4c57-4b78-b483-7c52a3f6cca5 a2486a5d08d54003bfe686d195f1b9ae 969daee1aa6a4cd38f9fc90b410800b5 - - default default] 10.0.0.214 "GET /v2.0/security-group-rules HTTP/1.1" status: 200 len: 3567 time: 0.0354416
2026-05-09 22:57:45.701 9 WARNING neutron_lib.context [None req-63c23dcb-a542-42ee-8e7f-55ab1fb294e5 a2486a5d08d54003bfe686d195f1b9ae 969daee1aa6a4cd38f9fc90b410800b5 - - default default] Method 'is_advsvc' is deprecated since 2023.2 release (neutron-lib 3.8.0) and will be removed once support for the old RBAC API policies will be removed from Neutron. Please use method 'is_service_role' instead.
2026-05-09 22:57:45.717 9 INFO neutron.db.securitygroups_db [None req-63c23dcb-a542-42ee-8e7f-55ab1fb294e5 a2486a5d08d54003bfe686d195f1b9ae 969daee1aa6a4cd38f9fc90b410800b5 - - default default] Project 969daee1aa6a4cd38f9fc90b410800b5 added a security group rule with legacy IPv6 ICMP protocol name icmp, ipv6-icmp should be used instead. It was automatically converted.
2026-05-09 22:57:45.805 9 INFO neutron.db.ovn_revision_numbers_db [None req-63c23dcb-a542-42ee-8e7f-55ab1fb294e5 a2486a5d08d54003bfe686d195f1b9ae 969daee1aa6a4cd38f9fc90b410800b5 - - default default] Successfully bumped revision number for resource a1df377a-75a6-406d-9962-b53f9cd8b513 (type: security_group_rules) to 0
2026-05-09 22:57:45.827 9 INFO neutron.wsgi [None req-63c23dcb-a542-42ee-8e7f-55ab1fb294e5 a2486a5d08d54003bfe686d195f1b9ae 969daee1aa6a4cd38f9fc90b410800b5 - - default default] 10.0.0.214 "POST /v2.0/security-group-rules HTTP/1.1" status: 201 len: 774 time: 0.1303229
2026-05-09 22:57:45.847 9 INFO neutron.wsgi [None req-0390f14e-d723-4696-b96a-679284fd8f61 a2486a5d08d54003bfe686d195f1b9ae 969daee1aa6a4cd38f9fc90b410800b5 - - default default] 10.0.0.214 "GET /v2.0/security-group-rules/a1df377a-75a6-406d-9962-b53f9cd8b513 HTTP/1.1" status: 200 len: 769 time: 0.0147223
2026-05-09 22:57:45.885 9 INFO neutron.wsgi [None req-eb083c21-9534-4b07-a845-2d1217ad634a a2486a5d08d54003bfe686d195f1b9ae 969daee1aa6a4cd38f9fc90b410800b5 - - default default] 10.0.0.214 "GET /v2.0/security-group-rules HTTP/1.1" status: 200 len: 4119 time: 0.0341451
2026-05-09 22:57:46.012 9 INFO neutron.wsgi [None req-4837aaba-4ddf-460c-a8a6-fde0ccbada05 a2486a5d08d54003bfe686d195f1b9ae 969daee1aa6a4cd38f9fc90b410800b5 - - default default] 10.0.0.214 "DELETE /v2.0/security-group-rules/a1df377a-75a6-406d-9962-b53f9cd8b513 HTTP/1.1" status: 204 len: 168 time: 0.1183147
2026-05-09 22:57:46.053 9 INFO neutron.wsgi [None req-dfc08522-19d4-4573-99bb-64eef8e16950 a2486a5d08d54003bfe686d195f1b9ae 969daee1aa6a4cd38f9fc90b410800b5 - - default default] 10.0.0.214 "GET /v2.0/security-group-rules HTTP/1.1" status: 200 len: 3567 time: 0.0361240
2026-05-09 22:57:46.195 9 INFO neutron.wsgi [None req-bcfae0e0-c8d8-4f5b-8e93-e246d527d54a a2486a5d08d54003bfe686d195f1b9ae 969daee1aa6a4cd38f9fc90b410800b5 - - default default] 10.0.0.214 "DELETE /v2.0/security-groups/5c940868-25c4-4fd8-9148-24d6ade6633d HTTP/1.1" status: 204 len: 168 time: 0.1286364
2026-05-09 22:57:46.239 9 INFO neutron.wsgi [None req-1cadd0c7-8a0e-4427-8d39-d5bf17ac3de1 a2486a5d08d54003bfe686d195f1b9ae 969daee1aa6a4cd38f9fc90b410800b5 - - default default] 10.0.0.214 "GET /v2.0/security-groups HTTP/1.1" status: 200 len: 2996 time: 0.0386894
2026-05-09 22:57:46.283 9 INFO neutron.wsgi [None req-f2e15ff1-f8d6-4fa3-8b35-7fd6e6ec5829 a2486a5d08d54003bfe686d195f1b9ae 969daee1aa6a4cd38f9fc90b410800b5 - - default default] 10.0.0.214 "GET /v2.0/security-groups HTTP/1.1" status: 200 len: 2996 time: 0.0350962
2026-05-09 22:57:46.448 10 INFO neutron.wsgi [None req-9858156e-ee30-4d97-8639-4f6cf2b9200f 8df602c576ed4eb7a388b6ec3d9f6864 b51fdf18aad844e4af18a455445db30d - - default default] 10.0.0.214 "GET /v2.0/security-groups?tenant_id=0c136338a1424ec18534eeaf80beb98b&name=default HTTP/1.1" status: 200 len: 2996 time: 0.2573831
2026-05-09 22:57:46.674 10 INFO neutron.wsgi [None req-4f1ba234-249b-4c5e-8716-7d1e005089ae 8df602c576ed4eb7a388b6ec3d9f6864 b51fdf18aad844e4af18a455445db30d - - default default] 10.0.0.214 "DELETE /v2.0/security-groups/8427d769-4028-4c7d-a3be-d34d8b6af527 HTTP/1.1" status: 204 len: 168 time: 0.2198305
2026-05-09 22:57:46.927 9 INFO neutron.db.ovn_revision_numbers_db [None req-a827dba4-224c-404f-b167-4ee5075deae8 8df602c576ed4eb7a388b6ec3d9f6864 b51fdf18aad844e4af18a455445db30d - - default default] Successfully bumped revision number for resource 9701fc56-b413-4c84-acc5-dd5dbb831247 (type: security_groups) to 1
2026-05-09 22:57:46.940 9 INFO neutron.db.ovn_revision_numbers_db [None req-a827dba4-224c-404f-b167-4ee5075deae8 8df602c576ed4eb7a388b6ec3d9f6864 b51fdf18aad844e4af18a455445db30d - - default default] Successfully bumped revision number for resource 52dc9ec1-9603-4b25-a08b-c90a728ec134 (type: security_group_rules) to 0
2026-05-09 22:57:46.953 9 INFO neutron.db.ovn_revision_numbers_db [None req-a827dba4-224c-404f-b167-4ee5075deae8 8df602c576ed4eb7a388b6ec3d9f6864 b51fdf18aad844e4af18a455445db30d - - default default] Successfully bumped revision number for resource 63c044b9-c848-4652-b538-0a2c4402d738 (type: security_group_rules) to 0
2026-05-09 22:57:46.970 9 INFO neutron.db.ovn_revision_numbers_db [None req-a827dba4-224c-404f-b167-4ee5075deae8 8df602c576ed4eb7a388b6ec3d9f6864 b51fdf18aad844e4af18a455445db30d - - default default] Successfully bumped revision number for resource 672e020a-325a-4a05-834f-0ea8f2a9d7fd (type: security_group_rules) to 0
2026-05-09 22:57:46.988 9 INFO neutron.db.ovn_revision_numbers_db [None req-a827dba4-224c-404f-b167-4ee5075deae8 8df602c576ed4eb7a388b6ec3d9f6864 b51fdf18aad844e4af18a455445db30d - - default default] Successfully bumped revision number for resource 7dbe2071-91dd-4b27-8f09-147907ec76e4 (type: security_group_rules) to 0
2026-05-09 22:57:47.013 10 WARNING neutron_lib.context [None req-fb0fe154-1a3d-46d2-97ee-4919a2c328f9 af3c9341de654d76a5bccfcd4e3341a9 9246639387ba44f3bc3b4e0ed30dde65 - - default default] Method 'is_advsvc' is deprecated since 2023.2 release (neutron-lib 3.8.0) and will be removed once support for the old RBAC API policies will be removed from Neutron. Please use method 'is_service_role' instead.
2026-05-09 22:57:47.015 9 INFO neutron.wsgi [None req-a827dba4-224c-404f-b167-4ee5075deae8 8df602c576ed4eb7a388b6ec3d9f6864 b51fdf18aad844e4af18a455445db30d - - default default] 10.0.0.214 "GET /v2.0/security-groups?tenant_id=21addb7eb6ca4d13877fc9c777ce1fe7&name=default HTTP/1.1" status: 200 len: 2996 time: 0.1932991
2026-05-09 22:57:47.038 10 INFO neutron.wsgi [None req-3f0fce61-806a-4048-8d55-f15f4037ade5 8df602c576ed4eb7a388b6ec3d9f6864 b51fdf18aad844e4af18a455445db30d - - default default] 10.0.0.214 "GET /v2.0/security-groups?tenant_id=969daee1aa6a4cd38f9fc90b410800b5&name=default HTTP/1.1" status: 200 len: 2996 time: 0.1922331
2026-05-09 22:57:47.176 10 INFO neutron.db.ovn_revision_numbers_db [None req-fb0fe154-1a3d-46d2-97ee-4919a2c328f9 af3c9341de654d76a5bccfcd4e3341a9 9246639387ba44f3bc3b4e0ed30dde65 - - default default] Successfully bumped revision number for resource c8ee2bca-cfa5-4f57-8a52-1d985e6690c7 (type: routers) to 1
2026-05-09 22:57:47.192 10 INFO neutron.wsgi [None req-fb0fe154-1a3d-46d2-97ee-4919a2c328f9 af3c9341de654d76a5bccfcd4e3341a9 9246639387ba44f3bc3b4e0ed30dde65 - - default default] 10.0.0.214 "POST /v2.0/routers HTTP/1.1" status: 201 len: 654 time: 0.2279689
2026-05-09 22:57:47.203 10 WARNING neutron_lib.context [None req-22329626-2a1e-4351-b5d1-0bc8e9b8f0be af3c9341de654d76a5bccfcd4e3341a9 9246639387ba44f3bc3b4e0ed30dde65 - - default default] Method 'is_advsvc' is deprecated since 2023.2 release (neutron-lib 3.8.0) and will be removed once support for the old RBAC API policies will be removed from Neutron. Please use method 'is_service_role' instead.
2026-05-09 22:57:47.260 9 INFO neutron.wsgi [None req-5bc7e489-88fd-4a99-a0c1-187b531617d2 8df602c576ed4eb7a388b6ec3d9f6864 b51fdf18aad844e4af18a455445db30d - - default default] 10.0.0.214 "DELETE /v2.0/security-groups/9701fc56-b413-4c84-acc5-dd5dbb831247 HTTP/1.1" status: 204 len: 168 time: 0.2394834
2026-05-09 22:57:47.264 9 INFO neutron.wsgi [None req-ff6b7cd2-141e-4815-8967-901c1c17b29e 8df602c576ed4eb7a388b6ec3d9f6864 b51fdf18aad844e4af18a455445db30d - - default default] 10.0.0.214 "DELETE /v2.0/security-groups/3b43ba36-cb54-44c1-9a47-05f26a2b4c8a HTTP/1.1" status: 204 len: 168 time: 0.2208040
2026-05-09 22:57:47.344 10 INFO neutron.db.ovn_revision_numbers_db [None req-22329626-2a1e-4351-b5d1-0bc8e9b8f0be af3c9341de654d76a5bccfcd4e3341a9 9246639387ba44f3bc3b4e0ed30dde65 - - default default] Successfully bumped revision number for resource a48d70b8-c5f2-467f-9d32-f1fbe90db073 (type: routers) to 1
2026-05-09 22:57:47.360 10 INFO neutron.wsgi [None req-22329626-2a1e-4351-b5d1-0bc8e9b8f0be af3c9341de654d76a5bccfcd4e3341a9 9246639387ba44f3bc3b4e0ed30dde65 - - default default] 10.0.0.214 "POST /v2.0/routers HTTP/1.1" status: 201 len: 654 time: 0.1623130
2026-05-09 22:57:47.369 10 WARNING neutron_lib.context [None req-ccafd430-7f49-4c16-b576-8e0070e9ea3a af3c9341de654d76a5bccfcd4e3341a9 9246639387ba44f3bc3b4e0ed30dde65 - - default default] Method 'is_advsvc' is deprecated since 2023.2 release (neutron-lib 3.8.0) and will be removed once support for the old RBAC API policies will be removed from Neutron. Please use method 'is_service_role' instead.
2026-05-09 22:57:47.549 10 INFO neutron.db.ovn_revision_numbers_db [None req-d1ecb29d-1b2f-4dc4-9bd0-f70bacf762cc 8df602c576ed4eb7a388b6ec3d9f6864 b51fdf18aad844e4af18a455445db30d - - default default] Successfully bumped revision number for resource d92a2221-cb4e-4bc0-9f24-d7d3944eeef8 (type: security_groups) to 1
2026-05-09 22:57:47.557 10 INFO neutron.db.ovn_revision_numbers_db [None req-ccafd430-7f49-4c16-b576-8e0070e9ea3a af3c9341de654d76a5bccfcd4e3341a9 9246639387ba44f3bc3b4e0ed30dde65 - - default default] Successfully bumped revision number for resource 030642d0-2ca0-4bf4-a939-0b9170960879 (type: routers) to 1
2026-05-09 22:57:47.565 10 INFO neutron.db.ovn_revision_numbers_db [None req-d1ecb29d-1b2f-4dc4-9bd0-f70bacf762cc 8df602c576ed4eb7a388b6ec3d9f6864 b51fdf18aad844e4af18a455445db30d - - default default] Successfully bumped revision number for resource 274546a4-acbe-4bdb-ac75-d4c10d160bf7 (type: security_group_rules) to 0
2026-05-09 22:57:47.584 10 INFO neutron.wsgi [None req-ccafd430-7f49-4c16-b576-8e0070e9ea3a af3c9341de654d76a5bccfcd4e3341a9 9246639387ba44f3bc3b4e0ed30dde65 - - default default] 10.0.0.214 "POST /v2.0/routers HTTP/1.1" status: 201 len: 654 time: 0.2193952
2026-05-09 22:57:47.585 10 INFO neutron.db.ovn_revision_numbers_db [None req-d1ecb29d-1b2f-4dc4-9bd0-f70bacf762cc 8df602c576ed4eb7a388b6ec3d9f6864 b51fdf18aad844e4af18a455445db30d - - default default] Successfully bumped revision number for resource 3659644f-e487-404b-bebe-6ab4787b2f9f (type: security_group_rules) to 0
2026-05-09 22:57:47.598 10 INFO neutron.db.ovn_revision_numbers_db [None req-d1ecb29d-1b2f-4dc4-9bd0-f70bacf762cc 8df602c576ed4eb7a388b6ec3d9f6864 b51fdf18aad844e4af18a455445db30d - - default default] Successfully bumped revision number for resource 59972997-8d3a-41b5-a0e6-dfc8f7b43d1c (type: security_group_rules) to 0
2026-05-09 22:57:47.607 9 WARNING neutron_lib.context [None req-0cda09b4-89e6-4ccd-a521-73e78ab28b68 af3c9341de654d76a5bccfcd4e3341a9 9246639387ba44f3bc3b4e0ed30dde65 - - default default] Method 'is_advsvc' is deprecated since 2023.2 release (neutron-lib 3.8.0) and will be removed once support for the old RBAC API policies will be removed from Neutron. Please use method 'is_service_role' instead.
2026-05-09 22:57:47.625 10 INFO neutron.db.ovn_revision_numbers_db [None req-d1ecb29d-1b2f-4dc4-9bd0-f70bacf762cc 8df602c576ed4eb7a388b6ec3d9f6864 b51fdf18aad844e4af18a455445db30d - - default default] Successfully bumped revision number for resource 5c3aa036-3ecc-4848-b5aa-abc8d8eb3563 (type: security_group_rules) to 0
2026-05-09 22:57:47.649 10 INFO neutron.wsgi [None req-d1ecb29d-1b2f-4dc4-9bd0-f70bacf762cc 8df602c576ed4eb7a388b6ec3d9f6864 b51fdf18aad844e4af18a455445db30d - - default default] 10.0.0.214 "GET /v2.0/security-groups?tenant_id=437333dfabcc459ab24407cff7c32919&name=default HTTP/1.1" status: 200 len: 2996 time: 0.2732825
2026-05-09 22:57:47.877 10 INFO neutron.wsgi [None req-deb41bc7-aa18-4d58-bf8b-acc17b8efb37 8df602c576ed4eb7a388b6ec3d9f6864 b51fdf18aad844e4af18a455445db30d - - default default] 10.0.0.214 "DELETE /v2.0/security-groups/d92a2221-cb4e-4bc0-9f24-d7d3944eeef8 HTTP/1.1" status: 204 len: 168 time: 0.2217693
