2026-05-09 22:57:26.019 10 WARNING neutron.api.rpc.agentnotifiers.dhcp_rpc_agent_api [None req-7d5e109f-d39f-4f0c-978e-220070986cac 361ebfccf7a54445b2dfa72fdc461c4f e0b97652334a495c8cb9a3867e3ee818 - - default default] Unable to schedule network 38be05a8-a720-4c81-9146-dc3c25f11e61: no agents available; will retry on subsequent port and subnet creation events.
2026-05-09 22:57:26.135 10 INFO neutron.db.ovn_revision_numbers_db [None req-7d5e109f-d39f-4f0c-978e-220070986cac 361ebfccf7a54445b2dfa72fdc461c4f e0b97652334a495c8cb9a3867e3ee818 - - default default] Successfully bumped revision number for resource 41e703fe-26ec-4c34-833e-58f500fc6ad1 (type: ports) to 1
2026-05-09 22:57:26.169 10 INFO neutron.wsgi [None req-7d5e109f-d39f-4f0c-978e-220070986cac 361ebfccf7a54445b2dfa72fdc461c4f e0b97652334a495c8cb9a3867e3ee818 - - default default] 10.0.0.214 "POST /v2.0/ports HTTP/1.1" status: 201 len: 942 time: 0.4270329
2026-05-09 22:57:26.180 9 WARNING neutron_lib.context [None req-1321f338-12e8-4d52-afa9-4b74c784dbdb 361ebfccf7a54445b2dfa72fdc461c4f e0b97652334a495c8cb9a3867e3ee818 - - default default] Method 'is_advsvc' is deprecated since 2023.2 release (neutron-lib 3.8.0) and will be removed once support for the old RBAC API policies will be removed from Neutron. Please use method 'is_service_role' instead.
2026-05-09 22:57:26.250 9 INFO neutron.db.ovn_revision_numbers_db [None req-e5ef8fb4-1ea1-4fc5-a98b-d683bf1fc5bb 8df602c576ed4eb7a388b6ec3d9f6864 b51fdf18aad844e4af18a455445db30d - - default default] Successfully bumped revision number for resource b5da34b2-1ca0-4f6a-a330-bc66c6311b45 (type: security_groups) to 1
2026-05-09 22:57:26.263 9 INFO neutron.db.segments_db [None req-1321f338-12e8-4d52-afa9-4b74c784dbdb 361ebfccf7a54445b2dfa72fdc461c4f e0b97652334a495c8cb9a3867e3ee818 - - default default] Added segment 204dfa7b-2102-4a2a-8712-60ffebeab085 of type geneve for network 6758e5c7-96c5-47d9-b653-6f1ac1b30a5e
2026-05-09 22:57:26.267 9 INFO neutron.db.ovn_revision_numbers_db [None req-e5ef8fb4-1ea1-4fc5-a98b-d683bf1fc5bb 8df602c576ed4eb7a388b6ec3d9f6864 b51fdf18aad844e4af18a455445db30d - - default default] Successfully bumped revision number for resource 237dc98e-7730-493c-b667-dadd3f011c7c (type: security_group_rules) to 0
2026-05-09 22:57:26.286 9 INFO neutron.db.ovn_revision_numbers_db [None req-e5ef8fb4-1ea1-4fc5-a98b-d683bf1fc5bb 8df602c576ed4eb7a388b6ec3d9f6864 b51fdf18aad844e4af18a455445db30d - - default default] Successfully bumped revision number for resource 7f4b4e71-6357-4137-95e1-1dbae26b38a4 (type: security_group_rules) to 0
2026-05-09 22:57:26.306 9 INFO neutron.db.ovn_revision_numbers_db [None req-e5ef8fb4-1ea1-4fc5-a98b-d683bf1fc5bb 8df602c576ed4eb7a388b6ec3d9f6864 b51fdf18aad844e4af18a455445db30d - - default default] Successfully bumped revision number for resource c8209184-fe13-4b3f-a6f9-d04224b5ee4b (type: security_group_rules) to 0
2026-05-09 22:57:26.328 9 INFO neutron.db.ovn_revision_numbers_db [None req-e5ef8fb4-1ea1-4fc5-a98b-d683bf1fc5bb 8df602c576ed4eb7a388b6ec3d9f6864 b51fdf18aad844e4af18a455445db30d - - default default] Successfully bumped revision number for resource d845be12-fb4b-4367-8cb4-dff715bac6ce (type: security_group_rules) to 0
2026-05-09 22:57:26.356 9 INFO neutron.wsgi [None req-e5ef8fb4-1ea1-4fc5-a98b-d683bf1fc5bb 8df602c576ed4eb7a388b6ec3d9f6864 b51fdf18aad844e4af18a455445db30d - - default default] 10.0.0.214 "GET /v2.0/security-groups?tenant_id=6176cdaca81c4f6d805917f19467c689&name=default HTTP/1.1" status: 200 len: 2996 time: 0.4055367
2026-05-09 22:57:26.367 10 INFO neutron.services.segments.plugin [-] Segment 6cad803f-d59d-4644-8b0e-42fafd751c52 resource provider aggregate not found
2026-05-09 22:57:26.372 10 INFO neutron.services.segments.plugin [-] Segment 6cad803f-d59d-4644-8b0e-42fafd751c52 resource provider aggregate not found
2026-05-09 22:57:26.395 10 INFO neutron.services.segments.plugin [-] Segment 6cad803f-d59d-4644-8b0e-42fafd751c52 resource provider not found; error: Placement Client Error (4xx): {"errors": [{"status": 404, "title": "Not Found", "detail": "The resource could not be found.\n\n No resource provider with uuid 6cad803f-d59d-4644-8b0e-42fafd751c52 found for delete ", "request_id": "req-eb042281-5420-457c-80df-3ec17aad6802"}]}
2026-05-09 22:57:26.402 10 INFO neutron.services.segments.plugin [-] Segment 6cad803f-d59d-4644-8b0e-42fafd751c52 resource provider not found; error: Placement Client Error (4xx): {"errors": [{"status": 404, "title": "Not Found", "detail": "The resource could not be found.\n\n No resource provider with uuid 6cad803f-d59d-4644-8b0e-42fafd751c52 found for delete ", "request_id": "req-d5aed71d-9db1-4ef7-a666-720acc5a1a72"}]}
2026-05-09 22:57:26.417 10 INFO neutron.wsgi [None req-91de4fa4-f8b1-44f0-955d-a797cb6131f5 2c4460e7623c49018df2f0252f95fd3d 8d7540d647d34341a93467478cf04038 - - default default] 10.0.0.214 "DELETE /v2.0/networks/a4725121-ad4e-4ba1-9ecd-079f3f5b67a4 HTTP/1.1" status: 204 len: 168 time: 0.4710886
2026-05-09 22:57:26.426 9 INFO neutron.db.ovn_revision_numbers_db [None req-1321f338-12e8-4d52-afa9-4b74c784dbdb 361ebfccf7a54445b2dfa72fdc461c4f e0b97652334a495c8cb9a3867e3ee818 - - default default] Successfully bumped revision number for resource 6758e5c7-96c5-47d9-b653-6f1ac1b30a5e (type: networks) to 1
2026-05-09 22:57:26.432 9 WARNING neutron_lib.context [None req-cad4ffea-a92b-4b14-840a-846c1ad15d19 2c4460e7623c49018df2f0252f95fd3d 8d7540d647d34341a93467478cf04038 - - default default] Method 'is_advsvc' is deprecated since 2023.2 release (neutron-lib 3.8.0) and will be removed once support for the old RBAC API policies will be removed from Neutron. Please use method 'is_service_role' instead.
2026-05-09 22:57:26.559 9 INFO neutron.db.segments_db [None req-cad4ffea-a92b-4b14-840a-846c1ad15d19 2c4460e7623c49018df2f0252f95fd3d 8d7540d647d34341a93467478cf04038 - - default default] Added segment 3974de8c-d691-4733-bd26-4b5a9f4c6fe2 of type geneve for network f25cf6c8-67e7-44f7-96db-110d434f466f
2026-05-09 22:57:26.658 9 WARNING neutron.scheduler.dhcp_agent_scheduler [None req-1321f338-12e8-4d52-afa9-4b74c784dbdb 361ebfccf7a54445b2dfa72fdc461c4f e0b97652334a495c8cb9a3867e3ee818 - - default default] No more DHCP agents
2026-05-09 22:57:26.662 9 WARNING neutron.api.rpc.agentnotifiers.dhcp_rpc_agent_api [None req-1321f338-12e8-4d52-afa9-4b74c784dbdb 361ebfccf7a54445b2dfa72fdc461c4f e0b97652334a495c8cb9a3867e3ee818 - - default default] Unable to schedule network 6758e5c7-96c5-47d9-b653-6f1ac1b30a5e: no agents available; will retry on subsequent port and subnet creation events.
2026-05-09 22:57:26.759 9 INFO neutron.wsgi [None req-27f3ef1e-2d3e-448f-8d28-82c723950680 8df602c576ed4eb7a388b6ec3d9f6864 b51fdf18aad844e4af18a455445db30d - - default default] 10.0.0.214 "DELETE /v2.0/security-groups/b5da34b2-1ca0-4f6a-a330-bc66c6311b45 HTTP/1.1" status: 204 len: 168 time: 0.3955274
2026-05-09 22:57:26.772 9 INFO neutron.db.ovn_revision_numbers_db [None req-cad4ffea-a92b-4b14-840a-846c1ad15d19 2c4460e7623c49018df2f0252f95fd3d 8d7540d647d34341a93467478cf04038 - - default default] Successfully bumped revision number for resource f25cf6c8-67e7-44f7-96db-110d434f466f (type: networks) to 1
2026-05-09 22:57:26.799 9 INFO neutron.db.ovn_revision_numbers_db [None req-1321f338-12e8-4d52-afa9-4b74c784dbdb 361ebfccf7a54445b2dfa72fdc461c4f e0b97652334a495c8cb9a3867e3ee818 - - default default] Successfully bumped revision number for resource 4f0c54dd-0c5a-4aa7-873a-498d1662b7a4 (type: ports) to 1
2026-05-09 22:57:26.825 9 INFO neutron.wsgi [None req-1321f338-12e8-4d52-afa9-4b74c784dbdb 361ebfccf7a54445b2dfa72fdc461c4f e0b97652334a495c8cb9a3867e3ee818 - - default default] 10.0.0.214 "POST /v2.0/networks HTTP/1.1" status: 201 len: 830 time: 0.6510184 /var/lib/openstack/lib/python3.10/site-packages/pycadf/identifier.py:71: UserWarning: Invalid uuid: neutron. To ensure interoperability, identifiers should be a valid uuid. warnings.warn(('Invalid uuid: %s. To ensure interoperability, '
2026-05-09 22:57:26.838 10 WARNING neutron_lib.context [None req-1cba52e0-aaff-49a7-a65a-99f0bbc0abe9 361ebfccf7a54445b2dfa72fdc461c4f e0b97652334a495c8cb9a3867e3ee818 - - default default] Method 'is_advsvc' is deprecated since 2023.2 release (neutron-lib 3.8.0) and will be removed once support for the old RBAC API policies will be removed from Neutron. Please use method 'is_service_role' instead.
2026-05-09 22:57:26.944 9 WARNING neutron.scheduler.dhcp_agent_scheduler [None req-cad4ffea-a92b-4b14-840a-846c1ad15d19 2c4460e7623c49018df2f0252f95fd3d 8d7540d647d34341a93467478cf04038 - - default default] No more DHCP agents
2026-05-09 22:57:26.946 9 WARNING neutron.api.rpc.agentnotifiers.dhcp_rpc_agent_api [None req-cad4ffea-a92b-4b14-840a-846c1ad15d19 2c4460e7623c49018df2f0252f95fd3d 8d7540d647d34341a93467478cf04038 - - default default] Unable to schedule network f25cf6c8-67e7-44f7-96db-110d434f466f: no agents available; will retry on subsequent port and subnet creation events.
2026-05-09 22:57:27.038 10 INFO neutron.db.ovn_revision_numbers_db [None req-11239675-1d25-42a8-804b-b458e606d2ae 8df602c576ed4eb7a388b6ec3d9f6864 b51fdf18aad844e4af18a455445db30d - - default default] Successfully bumped revision number for resource 6fc2ecaf-5fa5-4a1b-9873-3cab0ef4598e (type: security_groups) to 1
2026-05-09 22:57:27.039 9 INFO neutron.db.ovn_revision_numbers_db [None req-cad4ffea-a92b-4b14-840a-846c1ad15d19 2c4460e7623c49018df2f0252f95fd3d 8d7540d647d34341a93467478cf04038 - - default default] Successfully bumped revision number for resource 9e3949dd-55ef-4d43-bf43-42785b654688 (type: ports) to 1
2026-05-09 22:57:27.063 9 INFO neutron.wsgi [None req-cad4ffea-a92b-4b14-840a-846c1ad15d19 2c4460e7623c49018df2f0252f95fd3d 8d7540d647d34341a93467478cf04038 - - default default] 10.0.0.214 "POST /v2.0/networks HTTP/1.1" status: 201 len: 833 time: 0.6387279
2026-05-09 22:57:27.072 10 INFO neutron.db.ovn_revision_numbers_db [None req-11239675-1d25-42a8-804b-b458e606d2ae 8df602c576ed4eb7a388b6ec3d9f6864 b51fdf18aad844e4af18a455445db30d - - default default] Successfully bumped revision number for resource 210eaf7f-ac00-4f76-9bc9-b64e96f96010 (type: security_group_rules) to 0
2026-05-09 22:57:27.073 9 WARNING neutron_lib.context [None req-f98822f4-d1ac-49ca-9cc6-d6094146bd25 2c4460e7623c49018df2f0252f95fd3d 8d7540d647d34341a93467478cf04038 - - default default] Method 'is_advsvc' is deprecated since 2023.2 release (neutron-lib 3.8.0) and will be removed once support for the old RBAC API policies will be removed from Neutron. Please use method 'is_service_role' instead.
2026-05-09 22:57:27.092 10 INFO neutron.db.ovn_revision_numbers_db [None req-11239675-1d25-42a8-804b-b458e606d2ae 8df602c576ed4eb7a388b6ec3d9f6864 b51fdf18aad844e4af18a455445db30d - - default default] Successfully bumped revision number for resource 49974427-bdcb-448b-8145-7d531bb052b3 (type: security_group_rules) to 0
2026-05-09 22:57:27.114 10 INFO neutron.db.ovn_revision_numbers_db [None req-11239675-1d25-42a8-804b-b458e606d2ae 8df602c576ed4eb7a388b6ec3d9f6864 b51fdf18aad844e4af18a455445db30d - - default default] Successfully bumped revision number for resource 8791a813-d403-48bc-bf3b-1228512b24fb (type: security_group_rules) to 0
2026-05-09 22:57:27.121 10 WARNING neutron.scheduler.dhcp_agent_scheduler [None req-1cba52e0-aaff-49a7-a65a-99f0bbc0abe9 361ebfccf7a54445b2dfa72fdc461c4f e0b97652334a495c8cb9a3867e3ee818 - - default default] No more DHCP agents
2026-05-09 22:57:27.126 10 WARNING neutron.api.rpc.agentnotifiers.dhcp_rpc_agent_api [None req-1cba52e0-aaff-49a7-a65a-99f0bbc0abe9 361ebfccf7a54445b2dfa72fdc461c4f e0b97652334a495c8cb9a3867e3ee818 - - default default] Unable to schedule network 6758e5c7-96c5-47d9-b653-6f1ac1b30a5e: no agents available; will retry on subsequent port and subnet creation events.
2026-05-09 22:57:27.137 10 INFO neutron.db.ovn_revision_numbers_db [None req-11239675-1d25-42a8-804b-b458e606d2ae 8df602c576ed4eb7a388b6ec3d9f6864 b51fdf18aad844e4af18a455445db30d - - default default] Successfully bumped revision number for resource dac8950d-01db-4d03-b0d0-96cc418e9663 (type: security_group_rules) to 0
2026-05-09 22:57:27.178 10 INFO neutron.wsgi [None req-11239675-1d25-42a8-804b-b458e606d2ae 8df602c576ed4eb7a388b6ec3d9f6864 b51fdf18aad844e4af18a455445db30d - - default default] 10.0.0.214 "GET /v2.0/security-groups?tenant_id=d632e0174fde44e499b22f07f332f65d&name=default HTTP/1.1" status: 200 len: 2996 time: 0.3193128 /var/lib/openstack/lib/python3.10/site-packages/pycadf/identifier.py:71: UserWarning: Invalid uuid: neutron. To ensure interoperability, identifiers should be a valid uuid. warnings.warn(('Invalid uuid: %s. To ensure interoperability, '
2026-05-09 22:57:27.235 10 INFO neutron.db.ovn_revision_numbers_db [None req-1cba52e0-aaff-49a7-a65a-99f0bbc0abe9 361ebfccf7a54445b2dfa72fdc461c4f e0b97652334a495c8cb9a3867e3ee818 - - default default] Successfully bumped revision number for resource 781f3419-af9e-442c-a2f9-66f8863757c8 (type: ports) to 1
2026-05-09 22:57:27.261 10 INFO neutron.wsgi [None req-1cba52e0-aaff-49a7-a65a-99f0bbc0abe9 361ebfccf7a54445b2dfa72fdc461c4f e0b97652334a495c8cb9a3867e3ee818 - - default default] 10.0.0.214 "POST /v2.0/ports HTTP/1.1" status: 201 len: 942 time: 0.4302864
2026-05-09 22:57:27.275 10 WARNING neutron_lib.context [None req-bfbfd780-ce51-4099-87c3-31947c23ddda 361ebfccf7a54445b2dfa72fdc461c4f e0b97652334a495c8cb9a3867e3ee818 - - default default] Method 'is_advsvc' is deprecated since 2023.2 release (neutron-lib 3.8.0) and will be removed once support for the old RBAC API policies will be removed from Neutron. Please use method 'is_service_role' instead.
2026-05-09 22:57:27.313 9 WARNING neutron.scheduler.dhcp_agent_scheduler [None req-f98822f4-d1ac-49ca-9cc6-d6094146bd25 2c4460e7623c49018df2f0252f95fd3d 8d7540d647d34341a93467478cf04038 - - default default] No more DHCP agents
2026-05-09 22:57:27.317 9 WARNING neutron.api.rpc.agentnotifiers.dhcp_rpc_agent_api [None req-f98822f4-d1ac-49ca-9cc6-d6094146bd25 2c4460e7623c49018df2f0252f95fd3d 8d7540d647d34341a93467478cf04038 - - default default] Unable to schedule network f25cf6c8-67e7-44f7-96db-110d434f466f: no agents available; will retry on subsequent port and subnet creation events.
2026-05-09 22:57:27.351 9 INFO neutron.db.ovn_revision_numbers_db [None req-f98822f4-d1ac-49ca-9cc6-d6094146bd25 2c4460e7623c49018df2f0252f95fd3d 8d7540d647d34341a93467478cf04038 - - default default] Successfully bumped revision number for resource 5b974200-5ad9-47bb-8779-c8b571ec23ec (type: subnets) to 0
2026-05-09 22:57:27.367 9 INFO neutron.wsgi [None req-f98822f4-d1ac-49ca-9cc6-d6094146bd25 2c4460e7623c49018df2f0252f95fd3d 8d7540d647d34341a93467478cf04038 - - default default] 10.0.0.214 "POST /v2.0/subnets HTTP/1.1" status: 201 len: 821 time: 0.2995362
2026-05-09 22:57:27.369 10 INFO neutron.db.segments_db [None req-bfbfd780-ce51-4099-87c3-31947c23ddda 361ebfccf7a54445b2dfa72fdc461c4f e0b97652334a495c8cb9a3867e3ee818 - - default default] Added segment 82c753d7-2192-45a8-bdac-1f6a7da82b3b of type geneve for network 2d571434-9e86-452b-a7d0-baadb3889d12
2026-05-09 22:57:27.377 9 WARNING neutron_lib.context [None req-6b656402-9eb4-4013-8493-d28fdf1fce58 2c4460e7623c49018df2f0252f95fd3d 8d7540d647d34341a93467478cf04038 - - default default] Method 'is_advsvc' is deprecated since 2023.2 release (neutron-lib 3.8.0) and will be removed once support for the old RBAC API policies will be removed from Neutron. Please use method 'is_service_role' instead.
2026-05-09 22:57:27.421 10 INFO neutron.wsgi [None req-dd3f0e68-d6ba-41ab-abf6-358fc9ddde86 8df602c576ed4eb7a388b6ec3d9f6864 b51fdf18aad844e4af18a455445db30d - - default default] 10.0.0.214 "DELETE /v2.0/security-groups/6fc2ecaf-5fa5-4a1b-9873-3cab0ef4598e HTTP/1.1" status: 204 len: 168 time: 0.2370615
2026-05-09 22:57:27.526 9 INFO neutron.db.ovn_revision_numbers_db [None req-6b656402-9eb4-4013-8493-d28fdf1fce58 2c4460e7623c49018df2f0252f95fd3d 8d7540d647d34341a93467478cf04038 - - default default] Successfully bumped revision number for resource f9504848-9e0a-4e64-b9b8-710174b4cffe (type: routers) to 1
2026-05-09 22:57:27.538 9 INFO neutron.wsgi [None req-6b656402-9eb4-4013-8493-d28fdf1fce58 2c4460e7623c49018df2f0252f95fd3d 8d7540d647d34341a93467478cf04038 - - default default] 10.0.0.214 "POST /v2.0/routers HTTP/1.1" status: 201 len: 691 time: 0.1653748
2026-05-09 22:57:27.545 9 WARNING neutron_lib.context [None req-02d258f0-a50c-488e-a7ea-b5625880814f 2c4460e7623c49018df2f0252f95fd3d 8d7540d647d34341a93467478cf04038 - - default default] Method 'is_advsvc' is deprecated since 2023.2 release (neutron-lib 3.8.0) and will be removed once support for the old RBAC API policies will be removed from Neutron. Please use method 'is_service_role' instead.
2026-05-09 22:57:27.772 9 INFO neutron.db.ovn_revision_numbers_db [None req-821f7fff-f4e7-4a08-904d-c4bdb999449b 8df602c576ed4eb7a388b6ec3d9f6864 b51fdf18aad844e4af18a455445db30d - - default default] Successfully bumped revision number for resource 238abab2-242f-4090-aecf-670471ecbe09 (type: security_groups) to 1
2026-05-09 22:57:27.800 10 INFO neutron.db.ovn_revision_numbers_db [None req-bfbfd780-ce51-4099-87c3-31947c23ddda 361ebfccf7a54445b2dfa72fdc461c4f e0b97652334a495c8cb9a3867e3ee818 - - default default] Successfully bumped revision number for resource 2d571434-9e86-452b-a7d0-baadb3889d12 (type: networks) to 1
2026-05-09 22:57:27.818 9 INFO neutron.db.ovn_revision_numbers_db [None req-821f7fff-f4e7-4a08-904d-c4bdb999449b 8df602c576ed4eb7a388b6ec3d9f6864 b51fdf18aad844e4af18a455445db30d - - default default] Successfully bumped revision number for resource 51be49b4-c3f5-459c-83cf-8cc12c592180 (type: security_group_rules) to 0
2026-05-09 22:57:27.838 9 INFO neutron.db.ovn_revision_numbers_db [None req-821f7fff-f4e7-4a08-904d-c4bdb999449b 8df602c576ed4eb7a388b6ec3d9f6864 b51fdf18aad844e4af18a455445db30d - - default default] Successfully bumped revision number for resource 753ce593-f25b-4235-9a60-8ec55e77b3f7 (type: security_group_rules) to 0
2026-05-09 22:57:27.860 9 INFO neutron.db.ovn_revision_numbers_db [None req-821f7fff-f4e7-4a08-904d-c4bdb999449b 8df602c576ed4eb7a388b6ec3d9f6864 b51fdf18aad844e4af18a455445db30d - - default default] Successfully bumped revision number for resource 79285f86-a90a-4d84-8a27-1d90f81098a7 (type: security_group_rules) to 0
2026-05-09 22:57:27.885 9 INFO neutron.db.ovn_revision_numbers_db [None req-821f7fff-f4e7-4a08-904d-c4bdb999449b 8df602c576ed4eb7a388b6ec3d9f6864 b51fdf18aad844e4af18a455445db30d - - default default] Successfully bumped revision number for resource f6a17615-8c0e-4747-8c5a-bc9f5004ba86 (type: security_group_rules) to 0
2026-05-09 22:57:27.900 9 WARNING neutron.scheduler.dhcp_agent_scheduler [None req-02d258f0-a50c-488e-a7ea-b5625880814f 2c4460e7623c49018df2f0252f95fd3d 8d7540d647d34341a93467478cf04038 - - default default] No more DHCP agents
2026-05-09 22:57:27.908 9 WARNING neutron.api.rpc.agentnotifiers.dhcp_rpc_agent_api [None req-02d258f0-a50c-488e-a7ea-b5625880814f 2c4460e7623c49018df2f0252f95fd3d 8d7540d647d34341a93467478cf04038 - - default default] Unable to schedule network f25cf6c8-67e7-44f7-96db-110d434f466f: no agents available; will retry on subsequent port and subnet creation events.
2026-05-09 22:57:27.924 9 INFO neutron.wsgi [None req-821f7fff-f4e7-4a08-904d-c4bdb999449b 8df602c576ed4eb7a388b6ec3d9f6864 b51fdf18aad844e4af18a455445db30d - - default default] 10.0.0.214 "GET /v2.0/security-groups?tenant_id=17fddec9974c46578794d1d23c44e807&name=default HTTP/1.1" status: 200 len: 2996 time: 0.3222368
2026-05-09 22:57:27.991 10 WARNING neutron.scheduler.dhcp_agent_scheduler [None req-bfbfd780-ce51-4099-87c3-31947c23ddda 361ebfccf7a54445b2dfa72fdc461c4f e0b97652334a495c8cb9a3867e3ee818 - - default default] No more DHCP agents
2026-05-09 22:57:27.998 10 WARNING neutron.api.rpc.agentnotifiers.dhcp_rpc_agent_api [None req-bfbfd780-ce51-4099-87c3-31947c23ddda 361ebfccf7a54445b2dfa72fdc461c4f e0b97652334a495c8cb9a3867e3ee818 - - default default] Unable to schedule network 2d571434-9e86-452b-a7d0-baadb3889d12: no agents available; will retry on subsequent port and subnet creation events.
2026-05-09 22:57:28.025 9 INFO neutron.db.ovn_revision_numbers_db [None req-02d258f0-a50c-488e-a7ea-b5625880814f 2c4460e7623c49018df2f0252f95fd3d 8d7540d647d34341a93467478cf04038 - - default default] Successfully bumped revision number for resource 871f2f86-7dae-4ebe-8c15-6ebeac3cf17c (type: ports) to 1
2026-05-09 22:57:28.048 9 INFO neutron.wsgi [None req-02d258f0-a50c-488e-a7ea-b5625880814f 2c4460e7623c49018df2f0252f95fd3d 8d7540d647d34341a93467478cf04038 - - default default] 10.0.0.214 "POST /v2.0/ports HTTP/1.1" status: 201 len: 1163 time: 0.5065598 /var/lib/openstack/lib/python3.10/site-packages/pycadf/identifier.py:71: UserWarning: Invalid uuid: neutron. To ensure interoperability, identifiers should be a valid uuid. warnings.warn(('Invalid uuid: %s. To ensure interoperability, '
2026-05-09 22:57:28.093 10 INFO neutron.db.ovn_revision_numbers_db [None req-bfbfd780-ce51-4099-87c3-31947c23ddda 361ebfccf7a54445b2dfa72fdc461c4f e0b97652334a495c8cb9a3867e3ee818 - - default default] Successfully bumped revision number for resource 0bba31eb-c622-49d2-a9cd-312ec814fd5d (type: ports) to 1
2026-05-09 22:57:28.118 10 INFO neutron.wsgi [None req-bfbfd780-ce51-4099-87c3-31947c23ddda 361ebfccf7a54445b2dfa72fdc461c4f e0b97652334a495c8cb9a3867e3ee818 - - default default] 10.0.0.214 "POST /v2.0/networks HTTP/1.1" status: 201 len: 831 time: 0.8481953
2026-05-09 22:57:28.127 10 WARNING neutron_lib.context [None req-00c00c3a-7a45-4b54-b9bc-fc6ee6cfa915 361ebfccf7a54445b2dfa72fdc461c4f e0b97652334a495c8cb9a3867e3ee818 - - default default] Method 'is_advsvc' is deprecated since 2023.2 release (neutron-lib 3.8.0) and will be removed once support for the old RBAC API policies will be removed from Neutron. Please use method 'is_service_role' instead.
2026-05-09 22:57:28.199 10 INFO neutron.wsgi [None req-fb945579-a3e7-4999-8854-07ab0fb022bf 8df602c576ed4eb7a388b6ec3d9f6864 b51fdf18aad844e4af18a455445db30d - - default default] 10.0.0.214 "DELETE /v2.0/security-groups/238abab2-242f-4090-aecf-670471ecbe09 HTTP/1.1" status: 204 len: 168 time: 0.2701132
2026-05-09 22:57:28.343 10 WARNING neutron.scheduler.dhcp_agent_scheduler [None req-00c00c3a-7a45-4b54-b9bc-fc6ee6cfa915 361ebfccf7a54445b2dfa72fdc461c4f e0b97652334a495c8cb9a3867e3ee818 - - default default] No more DHCP agents
2026-05-09 22:57:28.346 10 WARNING neutron.api.rpc.agentnotifiers.dhcp_rpc_agent_api [None req-00c00c3a-7a45-4b54-b9bc-fc6ee6cfa915 361ebfccf7a54445b2dfa72fdc461c4f e0b97652334a495c8cb9a3867e3ee818 - - default default] Unable to schedule network 2d571434-9e86-452b-a7d0-baadb3889d12: no agents available; will retry on subsequent port and subnet creation events.
2026-05-09 22:57:28.446 9 INFO neutron.plugins.ml2.drivers.ovn.mech_driver.mech_driver [None req-71f043e5-1309-4e04-8b43-f38cc1602804 - - - - - -] OVN reports status up for port: 871f2f86-7dae-4ebe-8c15-6ebeac3cf17c
2026-05-09 22:57:28.451 10 INFO neutron.db.ovn_revision_numbers_db [None req-00c00c3a-7a45-4b54-b9bc-fc6ee6cfa915 361ebfccf7a54445b2dfa72fdc461c4f e0b97652334a495c8cb9a3867e3ee818 - - default default] Successfully bumped revision number for resource e6353569-551d-4344-aa78-72cad2321447 (type: ports) to 1
2026-05-09 22:57:28.460 9 INFO neutron.plugins.ml2.plugin [None req-71f043e5-1309-4e04-8b43-f38cc1602804 - - - - - -] Attempt 1 to provision port 871f2f86-7dae-4ebe-8c15-6ebeac3cf17c
2026-05-09 22:57:28.472 10 WARNING neutron.plugins.ml2.drivers.ovn.mech_driver.ovsdb.ovn_client [None req-cd05494e-96de-4e18-ab90-4c0885dfd4f5 - - - - - -] No port found with ID 450897e7-d7a3-4abe-9070-7a07c3dfe157: RuntimeError: No port found with ID 450897e7-d7a3-4abe-9070-7a07c3dfe157
2026-05-09 22:57:28.478 10 INFO neutron.wsgi [None req-00c00c3a-7a45-4b54-b9bc-fc6ee6cfa915 361ebfccf7a54445b2dfa72fdc461c4f e0b97652334a495c8cb9a3867e3ee818 - - default default] 10.0.0.214 "POST /v2.0/ports HTTP/1.1" status: 201 len: 942 time: 0.3554194
2026-05-09 22:57:28.485 9 INFO neutron.db.ovn_revision_numbers_db [None req-ec6cf7b8-ff1b-4c9b-a594-1fd6900977f1 2c4460e7623c49018df2f0252f95fd3d 8d7540d647d34341a93467478cf04038 - - default default] Successfully bumped revision number for resource 871f2f86-7dae-4ebe-8c15-6ebeac3cf17c (type: router_ports) to 2 /var/lib/openstack/lib/python3.10/site-packages/pycadf/identifier.py:71: UserWarning: Invalid uuid: neutron. To ensure interoperability, identifiers should be a valid uuid. warnings.warn(('Invalid uuid: %s. To ensure interoperability, '
2026-05-09 22:57:28.488 10 WARNING neutron_lib.context [None req-d49adb67-89bf-4183-8fac-3b558757ba00 361ebfccf7a54445b2dfa72fdc461c4f e0b97652334a495c8cb9a3867e3ee818 - - default default] Method 'is_advsvc' is deprecated since 2023.2 release (neutron-lib 3.8.0) and will be removed once support for the old RBAC API policies will be removed from Neutron. Please use method 'is_service_role' instead.
2026-05-09 22:57:28.563 10 INFO neutron.db.segments_db [None req-d49adb67-89bf-4183-8fac-3b558757ba00 361ebfccf7a54445b2dfa72fdc461c4f e0b97652334a495c8cb9a3867e3ee818 - - default default] Added segment 5c5f8c88-59aa-4aad-a18c-b995cb9be552 of type geneve for network c40176a8-9e60-4d02-bbc7-1b4c3eb7d4fa
2026-05-09 22:57:28.674 9 INFO neutron.db.ovn_revision_numbers_db [None req-ec6cf7b8-ff1b-4c9b-a594-1fd6900977f1 2c4460e7623c49018df2f0252f95fd3d 8d7540d647d34341a93467478cf04038 - - default default] Successfully bumped revision number for resource 871f2f86-7dae-4ebe-8c15-6ebeac3cf17c (type: ports) to 2
2026-05-09 22:57:28.701 10 INFO neutron.db.ovn_revision_numbers_db [None req-d49adb67-89bf-4183-8fac-3b558757ba00 361ebfccf7a54445b2dfa72fdc461c4f e0b97652334a495c8cb9a3867e3ee818 - - default default] Successfully bumped revision number for resource c40176a8-9e60-4d02-bbc7-1b4c3eb7d4fa (type: networks) to 1
2026-05-09 22:57:28.853 9 INFO neutron.db.ovn_revision_numbers_db [None req-71f043e5-1309-4e04-8b43-f38cc1602804 - - - - - -] Successfully bumped revision number for resource 871f2f86-7dae-4ebe-8c15-6ebeac3cf17c (type: ports) to 3
2026-05-09 22:57:28.882 10 WARNING neutron.scheduler.dhcp_agent_scheduler [None req-d49adb67-89bf-4183-8fac-3b558757ba00 361ebfccf7a54445b2dfa72fdc461c4f e0b97652334a495c8cb9a3867e3ee818 - - default default] No more DHCP agents
2026-05-09 22:57:28.885 10 WARNING neutron.api.rpc.agentnotifiers.dhcp_rpc_agent_api [None req-d49adb67-89bf-4183-8fac-3b558757ba00 361ebfccf7a54445b2dfa72fdc461c4f e0b97652334a495c8cb9a3867e3ee818 - - default default] Unable to schedule network c40176a8-9e60-4d02-bbc7-1b4c3eb7d4fa: no agents available; will retry on subsequent port and subnet creation events.
2026-05-09 22:57:28.969 10 INFO neutron.db.ovn_revision_numbers_db [None req-d49adb67-89bf-4183-8fac-3b558757ba00 361ebfccf7a54445b2dfa72fdc461c4f e0b97652334a495c8cb9a3867e3ee818 - - default default] Successfully bumped revision number for resource 7a41a061-7c3d-40cc-9ba7-e67b2a5363c6 (type: ports) to 1
2026-05-09 22:57:28.995 10 INFO neutron.wsgi [None req-d49adb67-89bf-4183-8fac-3b558757ba00 361ebfccf7a54445b2dfa72fdc461c4f e0b97652334a495c8cb9a3867e3ee818 - - default default] 10.0.0.214 "POST /v2.0/networks HTTP/1.1" status: 201 len: 830 time: 0.5112007
2026-05-09 22:57:29.005 10 WARNING neutron_lib.context [None req-962d26cd-e219-4a98-9b7d-d614f0bb6064 361ebfccf7a54445b2dfa72fdc461c4f e0b97652334a495c8cb9a3867e3ee818 - - default default] Method 'is_advsvc' is deprecated since 2023.2 release (neutron-lib 3.8.0) and will be removed once support for the old RBAC API policies will be removed from Neutron. Please use method 'is_service_role' instead.
2026-05-09 22:57:29.245 10 WARNING neutron.scheduler.dhcp_agent_scheduler [None req-962d26cd-e219-4a98-9b7d-d614f0bb6064 361ebfccf7a54445b2dfa72fdc461c4f e0b97652334a495c8cb9a3867e3ee818 - - default default] No more DHCP agents
2026-05-09 22:57:29.248 10 WARNING neutron.api.rpc.agentnotifiers.dhcp_rpc_agent_api [None req-962d26cd-e219-4a98-9b7d-d614f0bb6064 361ebfccf7a54445b2dfa72fdc461c4f e0b97652334a495c8cb9a3867e3ee818 - - default default] Unable to schedule network c40176a8-9e60-4d02-bbc7-1b4c3eb7d4fa: no agents available; will retry on subsequent port and subnet creation events.
2026-05-09 22:57:29.259 9 INFO neutron.db.ovn_revision_numbers_db [None req-71f043e5-1309-4e04-8b43-f38cc1602804 - - - - - -] Successfully bumped revision number for resource 871f2f86-7dae-4ebe-8c15-6ebeac3cf17c (type: router_ports) to 3
2026-05-09 22:57:29.329 10 INFO neutron.db.ovn_revision_numbers_db [None req-962d26cd-e219-4a98-9b7d-d614f0bb6064 361ebfccf7a54445b2dfa72fdc461c4f e0b97652334a495c8cb9a3867e3ee818 - - default default] Successfully bumped revision number for resource 057f9e05-8727-42ee-9dbb-aa9b1b82afac (type: ports) to 1
2026-05-09 22:57:29.350 10 INFO neutron.wsgi [None req-962d26cd-e219-4a98-9b7d-d614f0bb6064 361ebfccf7a54445b2dfa72fdc461c4f e0b97652334a495c8cb9a3867e3ee818 - - default default] 10.0.0.214 "POST /v2.0/ports HTTP/1.1" status: 201 len: 942 time: 0.3497653 /var/lib/openstack/lib/python3.10/site-packages/pycadf/identifier.py:71: UserWarning: Invalid uuid: neutron. To ensure interoperability, identifiers should be a valid uuid. warnings.warn(('Invalid uuid: %s. To ensure interoperability, '
2026-05-09 22:57:29.360 10 WARNING neutron_lib.context [None req-0e6b65b9-fbfa-4f1e-96e7-99878f0d2b21 361ebfccf7a54445b2dfa72fdc461c4f e0b97652334a495c8cb9a3867e3ee818 - - default default] Method 'is_advsvc' is deprecated since 2023.2 release (neutron-lib 3.8.0) and will be removed once support for the old RBAC API policies will be removed from Neutron. Please use method 'is_service_role' instead.
2026-05-09 22:57:29.437 10 INFO neutron.db.segments_db [None req-0e6b65b9-fbfa-4f1e-96e7-99878f0d2b21 361ebfccf7a54445b2dfa72fdc461c4f e0b97652334a495c8cb9a3867e3ee818 - - default default] Added segment 6fc37cd9-9ca8-4859-8c0c-d7aa149510da of type geneve for network 2a687cdc-fac7-44bf-b899-599ad38a613b
2026-05-09 22:57:29.555 9 INFO neutron.db.ovn_revision_numbers_db [None req-ec6cf7b8-ff1b-4c9b-a594-1fd6900977f1 2c4460e7623c49018df2f0252f95fd3d 8d7540d647d34341a93467478cf04038 - - default default] Successfully bumped revision number for resource 871f2f86-7dae-4ebe-8c15-6ebeac3cf17c (type: ports) to 3
2026-05-09 22:57:29.573 10 INFO neutron.db.ovn_revision_numbers_db [None req-0e6b65b9-fbfa-4f1e-96e7-99878f0d2b21 361ebfccf7a54445b2dfa72fdc461c4f e0b97652334a495c8cb9a3867e3ee818 - - default default] Successfully bumped revision number for resource 2a687cdc-fac7-44bf-b899-599ad38a613b (type: networks) to 1
2026-05-09 22:57:29.628 9 WARNING neutron.scheduler.dhcp_agent_scheduler [None req-ec6cf7b8-ff1b-4c9b-a594-1fd6900977f1 2c4460e7623c49018df2f0252f95fd3d 8d7540d647d34341a93467478cf04038 - - default default] No more DHCP agents
2026-05-09 22:57:29.629 9 WARNING neutron.api.rpc.agentnotifiers.dhcp_rpc_agent_api [None req-ec6cf7b8-ff1b-4c9b-a594-1fd6900977f1 2c4460e7623c49018df2f0252f95fd3d 8d7540d647d34341a93467478cf04038 - - default default] Unable to schedule network f25cf6c8-67e7-44f7-96db-110d434f466f: no agents available; will retry on subsequent port and subnet creation events.
2026-05-09 22:57:29.758 10 WARNING neutron.scheduler.dhcp_agent_scheduler [None req-0e6b65b9-fbfa-4f1e-96e7-99878f0d2b21 361ebfccf7a54445b2dfa72fdc461c4f e0b97652334a495c8cb9a3867e3ee818 - - default default] No more DHCP agents
2026-05-09 22:57:29.760 10 WARNING neutron.api.rpc.agentnotifiers.dhcp_rpc_agent_api [None req-0e6b65b9-fbfa-4f1e-96e7-99878f0d2b21 361ebfccf7a54445b2dfa72fdc461c4f e0b97652334a495c8cb9a3867e3ee818 - - default default] Unable to schedule network 2a687cdc-fac7-44bf-b899-599ad38a613b: no agents available; will retry on subsequent port and subnet creation events.
2026-05-09 22:57:29.765 9 INFO neutron.db.ovn_revision_numbers_db [None req-ec6cf7b8-ff1b-4c9b-a594-1fd6900977f1 2c4460e7623c49018df2f0252f95fd3d 8d7540d647d34341a93467478cf04038 - - default default] Successfully bumped revision number for resource 871f2f86-7dae-4ebe-8c15-6ebeac3cf17c (type: router_ports) to 3
2026-05-09 22:57:29.768 9 INFO neutron.wsgi [None req-ec6cf7b8-ff1b-4c9b-a594-1fd6900977f1 2c4460e7623c49018df2f0252f95fd3d 8d7540d647d34341a93467478cf04038 - - default default] 10.0.0.214 "PUT /v2.0/routers/f9504848-9e0a-4e64-b9b8-710174b4cffe/add_router_interface HTTP/1.1" status: 200 len: 503 time: 1.7143102
2026-05-09 22:57:29.881 10 INFO neutron.wsgi [None req-03036187-f442-40cc-85fb-76e9a58ede8f 2c4460e7623c49018df2f0252f95fd3d 8d7540d647d34341a93467478cf04038 - - default default] 10.0.0.214 "GET /v2.0/ports/871f2f86-7dae-4ebe-8c15-6ebeac3cf17c HTTP/1.1" status: 200 len: 1221 time: 0.1076109
2026-05-09 22:57:29.882 10 INFO neutron.db.ovn_revision_numbers_db [None req-0e6b65b9-fbfa-4f1e-96e7-99878f0d2b21 361ebfccf7a54445b2dfa72fdc461c4f e0b97652334a495c8cb9a3867e3ee818 - - default default] Successfully bumped revision number for resource bad7d210-5b57-4a1e-9e56-cb2e2b297d51 (type: ports) to 1 /var/lib/openstack/lib/python3.10/site-packages/pycadf/identifier.py:71: UserWarning: Invalid uuid: neutron. To ensure interoperability, identifiers should be a valid uuid. warnings.warn(('Invalid uuid: %s. To ensure interoperability, '
2026-05-09 22:57:29.903 10 INFO neutron.wsgi [None req-0e6b65b9-fbfa-4f1e-96e7-99878f0d2b21 361ebfccf7a54445b2dfa72fdc461c4f e0b97652334a495c8cb9a3867e3ee818 - - default default] 10.0.0.214 "POST /v2.0/networks HTTP/1.1" status: 201 len: 830 time: 0.5477231
2026-05-09 22:57:29.912 10 WARNING neutron_lib.context [None req-7d4636be-7f75-44cb-a048-c6f321409883 361ebfccf7a54445b2dfa72fdc461c4f e0b97652334a495c8cb9a3867e3ee818 - - default default] Method 'is_advsvc' is deprecated since 2023.2 release (neutron-lib 3.8.0) and will be removed once support for the old RBAC API policies will be removed from Neutron. Please use method 'is_service_role' instead.
2026-05-09 22:57:30.184 10 WARNING neutron.scheduler.dhcp_agent_scheduler [None req-7d4636be-7f75-44cb-a048-c6f321409883 361ebfccf7a54445b2dfa72fdc461c4f e0b97652334a495c8cb9a3867e3ee818 - - default default] No more DHCP agents
2026-05-09 22:57:30.187 10 WARNING neutron.api.rpc.agentnotifiers.dhcp_rpc_agent_api [None req-7d4636be-7f75-44cb-a048-c6f321409883 361ebfccf7a54445b2dfa72fdc461c4f e0b97652334a495c8cb9a3867e3ee818 - - default default] Unable to schedule network 2a687cdc-fac7-44bf-b899-599ad38a613b: no agents available; will retry on subsequent port and subnet creation events.
2026-05-09 22:57:30.281 10 INFO neutron.db.ovn_revision_numbers_db [None req-7d4636be-7f75-44cb-a048-c6f321409883 361ebfccf7a54445b2dfa72fdc461c4f e0b97652334a495c8cb9a3867e3ee818 - - default default] Successfully bumped revision number for resource b913776e-1563-4521-9eb1-4c15ce8c7100 (type: ports) to 1
2026-05-09 22:57:30.306 10 INFO neutron.wsgi [None req-7d4636be-7f75-44cb-a048-c6f321409883 361ebfccf7a54445b2dfa72fdc461c4f e0b97652334a495c8cb9a3867e3ee818 - - default default] 10.0.0.214 "POST /v2.0/ports HTTP/1.1" status: 201 len: 942 time: 0.3991778 /var/lib/openstack/lib/python3.10/site-packages/pycadf/identifier.py:71: UserWarning: Invalid uuid: neutron. To ensure interoperability, identifiers should be a valid uuid. warnings.warn(('Invalid uuid: %s. To ensure interoperability, '
2026-05-09 22:57:30.359 9 INFO neutron.wsgi [-] 10.0.0.138 "GET / HTTP/1.1" status: 200 len: 247 time: 0.0013175
2026-05-09 22:57:30.361 9 INFO neutron.wsgi [-] 10.0.0.138 "GET / HTTP/1.1" status: 200 len: 247 time: 0.0010023
2026-05-09 22:57:30.368 10 INFO neutron.wsgi [None req-d702fb06-0a79-4848-97ae-20da127a408c 361ebfccf7a54445b2dfa72fdc461c4f e0b97652334a495c8cb9a3867e3ee818 - - default default] 10.0.0.214 "PUT /v2.0/ports/41e703fe-26ec-4c34-833e-58f500fc6ad1/tags HTTP/1.1" status: 200 len: 210 time: 0.0500314
2026-05-09 22:57:30.450 10 INFO neutron.wsgi [None req-63d90dcb-f180-4fc4-9064-7e87ed1c94da 361ebfccf7a54445b2dfa72fdc461c4f e0b97652334a495c8cb9a3867e3ee818 - - default default] 10.0.0.214 "PUT /v2.0/ports/781f3419-af9e-442c-a2f9-66f8863757c8/tags HTTP/1.1" status: 200 len: 218 time: 0.0773456
2026-05-09 22:57:30.503 10 INFO neutron.wsgi [None req-f66d7ab7-f161-413f-ad23-702468cfdcf0 361ebfccf7a54445b2dfa72fdc461c4f e0b97652334a495c8cb9a3867e3ee818 - - default default] 10.0.0.214 "PUT /v2.0/ports/e6353569-551d-4344-aa78-72cad2321447/tags HTTP/1.1" status: 200 len: 227 time: 0.0490358
2026-05-09 22:57:30.549 10 INFO neutron.wsgi [None req-e729331c-9d3d-404b-907d-7812b1aaab70 361ebfccf7a54445b2dfa72fdc461c4f e0b97652334a495c8cb9a3867e3ee818 - - default default] 10.0.0.214 "PUT /v2.0/ports/057f9e05-8727-42ee-9dbb-aa9b1b82afac/tags HTTP/1.1" status: 200 len: 212 time: 0.0416329
2026-05-09 22:57:30.607 9 INFO neutron.wsgi [None req-6c0d2d15-a11d-4502-a7c2-d437875e6643 2c4460e7623c49018df2f0252f95fd3d 8d7540d647d34341a93467478cf04038 - - default default] 10.0.0.214 "PUT /v2.0/routers/f9504848-9e0a-4e64-b9b8-710174b4cffe/remove_router_interface HTTP/1.1" status: 200 len: 503 time: 0.7193761
2026-05-09 22:57:30.723 10 INFO neutron.api.v2.resource [None req-8ccd3784-b89a-43d1-a7c2-86eba5ba8d3b 2c4460e7623c49018df2f0252f95fd3d 8d7540d647d34341a93467478cf04038 - - default default] remove_router_interface failed (client error): The resource could not be found.
2026-05-09 22:57:30.724 10 INFO neutron.wsgi [None req-8ccd3784-b89a-43d1-a7c2-86eba5ba8d3b 2c4460e7623c49018df2f0252f95fd3d 8d7540d647d34341a93467478cf04038 - - default default] 10.0.0.214 "PUT /v2.0/routers/f9504848-9e0a-4e64-b9b8-710174b4cffe/remove_router_interface HTTP/1.1" status: 404 len: 398 time: 0.1124442
2026-05-09 22:57:30.762 10 INFO neutron.wsgi [None req-4735c4e3-5694-4408-b222-2d73d639e24a 2c4460e7623c49018df2f0252f95fd3d 8d7540d647d34341a93467478cf04038 - - default default] 10.0.0.214 "GET /v2.0/ports?device_id=f9504848-9e0a-4e64-b9b8-710174b4cffe HTTP/1.1" status: 200 len: 205 time: 0.0244722 /var/lib/openstack/lib/python3.10/site-packages/pycadf/identifier.py:71: UserWarning: Invalid uuid: neutron. To ensure interoperability, identifiers should be a valid uuid. warnings.warn(('Invalid uuid: %s. To ensure interoperability, '
2026-05-09 22:57:30.824 10 INFO neutron.wsgi [None req-34752297-4f00-4936-8547-38eb4856bafb 361ebfccf7a54445b2dfa72fdc461c4f e0b97652334a495c8cb9a3867e3ee818 - - default default] 10.0.0.214 "GET /v2.0/ports?tags=red HTTP/1.1" status: 200 len: 2448 time: 0.2706122
2026-05-09 22:57:30.895 10 INFO neutron.wsgi [None req-c6e005a7-9d9c-4f04-8356-4f9ea25efe32 361ebfccf7a54445b2dfa72fdc461c4f e0b97652334a495c8cb9a3867e3ee818 - - default default] 10.0.0.214 "GET /v2.0/ports?tags=red%2Cblue HTTP/1.1" status: 200 len: 1708 time: 0.0654023
2026-05-09 22:57:30.954 10 INFO neutron.wsgi [None req-8d175b5b-f90d-40ee-bc9a-1ac61ff37def 361ebfccf7a54445b2dfa72fdc461c4f e0b97652334a495c8cb9a3867e3ee818 - - default default] 10.0.0.214 "GET /v2.0/ports?tags-any=blue HTTP/1.1" status: 200 len: 1708 time: 0.0538239
2026-05-09 22:57:31.008 10 INFO neutron.wsgi [None req-5e399418-44d7-4249-884b-2809761c30c9 361ebfccf7a54445b2dfa72fdc461c4f e0b97652334a495c8cb9a3867e3ee818 - - default default] 10.0.0.214 "GET /v2.0/ports?tags-any=red%2Cblue HTTP/1.1" status: 200 len: 2448 time: 0.0494680
2026-05-09 22:57:31.060 9 INFO neutron.wsgi [None req-46d0c0e6-0e3a-4583-985c-1d50770374a5 2c4460e7623c49018df2f0252f95fd3d 8d7540d647d34341a93467478cf04038 - - default default] 10.0.0.214 "DELETE /v2.0/routers/f9504848-9e0a-4e64-b9b8-710174b4cffe HTTP/1.1" status: 204 len: 168 time: 0.2922113
2026-05-09 22:57:31.168 10 INFO neutron.wsgi [None req-3b8c539d-04ed-468d-9a46-1de63395b1ca 361ebfccf7a54445b2dfa72fdc461c4f e0b97652334a495c8cb9a3867e3ee818 - - default default] 10.0.0.214 "GET /v2.0/ports?not-tags=red HTTP/1.1" status: 200 len: 5463 time: 0.1536231
2026-05-09 22:57:31.223 9 INFO neutron.wsgi [None req-5262f1ec-931d-4243-9a56-a318c2d55360 2c4460e7623c49018df2f0252f95fd3d 8d7540d647d34341a93467478cf04038 - - default default] 10.0.0.214 "DELETE /v2.0/subnets/5b974200-5ad9-47bb-8779-c8b571ec23ec HTTP/1.1" status: 204 len: 168 time: 0.1580670
2026-05-09 22:57:31.245 10 INFO neutron.wsgi [None req-9ae58e10-e651-41c8-91fa-47ff67d0f04b 361ebfccf7a54445b2dfa72fdc461c4f e0b97652334a495c8cb9a3867e3ee818 - - default default] 10.0.0.214 "GET /v2.0/ports?not-tags=red%2Cblue HTTP/1.1" status: 200 len: 6203 time: 0.0718069
2026-05-09 22:57:31.333 10 INFO neutron.wsgi [None req-966e2483-93e9-41ed-a020-fc2926e1d1fd 361ebfccf7a54445b2dfa72fdc461c4f e0b97652334a495c8cb9a3867e3ee818 - - default default] 10.0.0.214 "GET /v2.0/ports?not-tags-any=blue HTTP/1.1" status: 200 len: 6203 time: 0.0840867
2026-05-09 22:57:31.387 10 INFO neutron.wsgi [None req-4e64661f-2eea-45f7-b5a7-8edb9f7043a5 361ebfccf7a54445b2dfa72fdc461c4f e0b97652334a495c8cb9a3867e3ee818 - - default default] 10.0.0.214 "GET /v2.0/ports?not-tags-any=red%2Cblue HTTP/1.1" status: 200 len: 5463 time: 0.0487726
2026-05-09 22:57:31.647 10 INFO neutron.wsgi [None req-312107b0-d9a0-4169-a11e-d33442ed6989 361ebfccf7a54445b2dfa72fdc461c4f e0b97652334a495c8cb9a3867e3ee818 - - default default] 10.0.0.214 "DELETE /v2.0/ports/41e703fe-26ec-4c34-833e-58f500fc6ad1 HTTP/1.1" status: 204 len: 168 time: 0.2546258
2026-05-09 22:57:31.748 9 INFO neutron.services.segments.plugin [-] Segment 3974de8c-d691-4733-bd26-4b5a9f4c6fe2 resource provider aggregate not found
2026-05-09 22:57:31.752 9 INFO neutron.services.segments.plugin [-] Segment 3974de8c-d691-4733-bd26-4b5a9f4c6fe2 resource provider aggregate not found
2026-05-09 22:57:31.771 9 INFO neutron.services.segments.plugin [-] Segment 3974de8c-d691-4733-bd26-4b5a9f4c6fe2 resource provider not found; error: Placement Client Error (4xx): {"errors": [{"status": 404, "title": "Not Found", "detail": "The resource could not be found.\n\n No resource provider with uuid 3974de8c-d691-4733-bd26-4b5a9f4c6fe2 found for delete ", "request_id": "req-6dc40ea9-c224-494a-bb17-622ecb23d866"}]}
2026-05-09 22:57:31.818 9 INFO neutron.wsgi [None req-e1d695db-590c-446b-9d62-e5ee1e1adcb8 2c4460e7623c49018df2f0252f95fd3d 8d7540d647d34341a93467478cf04038 - - default default] 10.0.0.214 "DELETE /v2.0/networks/f25cf6c8-67e7-44f7-96db-110d434f466f HTTP/1.1" status: 204 len: 168 time: 0.5859509
2026-05-09 22:57:31.820 9 INFO neutron.services.segments.plugin [-] Segment 3974de8c-d691-4733-bd26-4b5a9f4c6fe2 resource provider not found; error: Placement Client Error (4xx): {"errors": [{"status": 404, "title": "Not Found", "detail": "The resource could not be found.\n\n No resource provider with uuid 3974de8c-d691-4733-bd26-4b5a9f4c6fe2 found for delete ", "request_id": "req-f8fcaa3b-ee84-4359-bd7e-958458e23fad"}]}
2026-05-09 22:57:31.829 10 WARNING neutron_lib.context [None req-f9b8e733-3a0b-4874-8dd8-87494ba8d09e 2c4460e7623c49018df2f0252f95fd3d 8d7540d647d34341a93467478cf04038 - - default default] Method 'is_advsvc' is deprecated since 2023.2 release (neutron-lib 3.8.0) and will be removed once support for the old RBAC API policies will be removed from Neutron. Please use method 'is_service_role' instead.
2026-05-09 22:57:31.903 10 INFO neutron.wsgi [None req-5c553f28-07f6-4117-a162-a51c06a4e6a0 361ebfccf7a54445b2dfa72fdc461c4f e0b97652334a495c8cb9a3867e3ee818 - - default default] 10.0.0.214 "DELETE /v2.0/ports/781f3419-af9e-442c-a2f9-66f8863757c8 HTTP/1.1" status: 204 len: 168 time: 0.2491446
2026-05-09 22:57:31.932 10 INFO neutron.db.segments_db [None req-f9b8e733-3a0b-4874-8dd8-87494ba8d09e 2c4460e7623c49018df2f0252f95fd3d 8d7540d647d34341a93467478cf04038 - - default default] Added segment c3ed096f-8c9e-43c2-a576-4bb27fa7059c of type geneve for network 00024d37-1a36-4f22-9c24-ff2477c847a7
2026-05-09 22:57:32.407 9 WARNING neutron_lib.context [None req-62b57fcf-0ad7-414f-a59d-8916727186e3 0b1624debac944d486e48ba00025f37c 9671dcc19c48436fa3bdc86b9d1f00b2 - - default default] Method 'is_advsvc' is deprecated since 2023.2 release (neutron-lib 3.8.0) and will be removed once support for the old RBAC API policies will be removed from Neutron. Please use method 'is_service_role' instead.
2026-05-09 22:57:32.472 10 INFO neutron.db.ovn_revision_numbers_db [None req-f9b8e733-3a0b-4874-8dd8-87494ba8d09e 2c4460e7623c49018df2f0252f95fd3d 8d7540d647d34341a93467478cf04038 - - default default] Successfully bumped revision number for resource 00024d37-1a36-4f22-9c24-ff2477c847a7 (type: networks) to 1
2026-05-09 22:57:32.555 9 INFO neutron.db.ovn_revision_numbers_db [None req-62b57fcf-0ad7-414f-a59d-8916727186e3 0b1624debac944d486e48ba00025f37c 9671dcc19c48436fa3bdc86b9d1f00b2 - - default default] Successfully bumped revision number for resource 0d1139c1-8057-40dc-9312-693a2c39c826 (type: security_groups) to 1
2026-05-09 22:57:32.565 10 INFO neutron.wsgi [None req-28f48f8f-0cbc-47fd-be16-fdd7275c203e 361ebfccf7a54445b2dfa72fdc461c4f e0b97652334a495c8cb9a3867e3ee818 - - default default] 10.0.0.214 "DELETE /v2.0/ports/e6353569-551d-4344-aa78-72cad2321447 HTTP/1.1" status: 204 len: 168 time: 0.6564336
2026-05-09 22:57:32.570 9 INFO neutron.db.ovn_revision_numbers_db [None req-62b57fcf-0ad7-414f-a59d-8916727186e3 0b1624debac944d486e48ba00025f37c 9671dcc19c48436fa3bdc86b9d1f00b2 - - default default] Successfully bumped revision number for resource 01b4a688-2173-4a68-8999-7f950c376a05 (type: security_group_rules) to 0
2026-05-09 22:57:32.596 9 INFO neutron.db.ovn_revision_numbers_db [None req-62b57fcf-0ad7-414f-a59d-8916727186e3 0b1624debac944d486e48ba00025f37c 9671dcc19c48436fa3bdc86b9d1f00b2 - - default default] Successfully bumped revision number for resource 3b7b02f9-40ee-4c36-b80e-81b74d1df579 (type: security_group_rules) to 0
2026-05-09 22:57:32.619 9 INFO neutron.db.ovn_revision_numbers_db [None req-62b57fcf-0ad7-414f-a59d-8916727186e3 0b1624debac944d486e48ba00025f37c 9671dcc19c48436fa3bdc86b9d1f00b2 - - default default] Successfully bumped revision number for resource ae7bf8a3-a9a3-46f3-878b-e9bc3364814c (type: security_group_rules) to 0
2026-05-09 22:57:32.649 9 INFO neutron.db.ovn_revision_numbers_db [None req-62b57fcf-0ad7-414f-a59d-8916727186e3 0b1624debac944d486e48ba00025f37c 9671dcc19c48436fa3bdc86b9d1f00b2 - - default default] Successfully bumped revision number for resource de4d6f84-6105-4854-8a88-28492b0313e0 (type: security_group_rules) to 0
2026-05-09 22:57:32.658 10 WARNING neutron.scheduler.dhcp_agent_scheduler [None req-f9b8e733-3a0b-4874-8dd8-87494ba8d09e 2c4460e7623c49018df2f0252f95fd3d 8d7540d647d34341a93467478cf04038 - - default default] No more DHCP agents
2026-05-09 22:57:32.660 10 WARNING neutron.api.rpc.agentnotifiers.dhcp_rpc_agent_api [None req-f9b8e733-3a0b-4874-8dd8-87494ba8d09e 2c4460e7623c49018df2f0252f95fd3d 8d7540d647d34341a93467478cf04038 - - default default] Unable to schedule network 00024d37-1a36-4f22-9c24-ff2477c847a7: no agents available; will retry on subsequent port and subnet creation events.
2026-05-09 22:57:32.727 9 INFO neutron.db.segments_db [None req-62b57fcf-0ad7-414f-a59d-8916727186e3 0b1624debac944d486e48ba00025f37c 9671dcc19c48436fa3bdc86b9d1f00b2 - - default default] Added segment 7032aee5-48c5-4a08-8eb4-fd8785b172de of type geneve for network 5f28614f-dcd1-4592-aa4a-595aa5402ccd
2026-05-09 22:57:32.738 10 INFO neutron.db.ovn_revision_numbers_db [None req-f9b8e733-3a0b-4874-8dd8-87494ba8d09e 2c4460e7623c49018df2f0252f95fd3d 8d7540d647d34341a93467478cf04038 - - default default] Successfully bumped revision number for resource 859caca7-7eb6-4779-ad01-00edafc785a4 (type: ports) to 1
2026-05-09 22:57:32.758 10 INFO neutron.wsgi [None req-f9b8e733-3a0b-4874-8dd8-87494ba8d09e 2c4460e7623c49018df2f0252f95fd3d 8d7540d647d34341a93467478cf04038 - - default default] 10.0.0.214 "POST /v2.0/networks HTTP/1.1" status: 201 len: 832 time: 0.9330590
2026-05-09 22:57:32.768 10 WARNING neutron_lib.context [None req-b784a83a-1a08-499f-814d-bf39f3e62657 2c4460e7623c49018df2f0252f95fd3d 8d7540d647d34341a93467478cf04038 - - default default] Method 'is_advsvc' is deprecated since 2023.2 release (neutron-lib 3.8.0) and will be removed once support for the old RBAC API policies will be removed from Neutron. Please use method 'is_service_role' instead.
2026-05-09 22:57:32.919 9 INFO neutron.db.ovn_revision_numbers_db [None req-62b57fcf-0ad7-414f-a59d-8916727186e3 0b1624debac944d486e48ba00025f37c 9671dcc19c48436fa3bdc86b9d1f00b2 - - default default] Successfully bumped revision number for resource 5f28614f-dcd1-4592-aa4a-595aa5402ccd (type: networks) to 1
2026-05-09 22:57:32.933 9 INFO neutron.wsgi [None req-48491036-ecc7-4a0b-a8f0-db4966692b38 361ebfccf7a54445b2dfa72fdc461c4f e0b97652334a495c8cb9a3867e3ee818 - - default default] 10.0.0.214 "DELETE /v2.0/ports/057f9e05-8727-42ee-9dbb-aa9b1b82afac HTTP/1.1" status: 204 len: 168 time: 0.3623476
2026-05-09 22:57:33.034 10 WARNING neutron.scheduler.dhcp_agent_scheduler [None req-b784a83a-1a08-499f-814d-bf39f3e62657 2c4460e7623c49018df2f0252f95fd3d 8d7540d647d34341a93467478cf04038 - - default default] No more DHCP agents
2026-05-09 22:57:33.037 10 WARNING neutron.api.rpc.agentnotifiers.dhcp_rpc_agent_api [None req-b784a83a-1a08-499f-814d-bf39f3e62657 2c4460e7623c49018df2f0252f95fd3d 8d7540d647d34341a93467478cf04038 - - default default] Unable to schedule network 00024d37-1a36-4f22-9c24-ff2477c847a7: no agents available; will retry on subsequent port and subnet creation events.
2026-05-09 22:57:33.078 10 INFO neutron.db.ovn_revision_numbers_db [None req-b784a83a-1a08-499f-814d-bf39f3e62657 2c4460e7623c49018df2f0252f95fd3d 8d7540d647d34341a93467478cf04038 - - default default] Successfully bumped revision number for resource 3459080c-b664-49ad-940a-8fa2019431e8 (type: subnets) to 0
2026-05-09 22:57:33.081 9 WARNING neutron.scheduler.dhcp_agent_scheduler [None req-62b57fcf-0ad7-414f-a59d-8916727186e3 0b1624debac944d486e48ba00025f37c 9671dcc19c48436fa3bdc86b9d1f00b2 - - default default] No more DHCP agents
