2026-05-09 22:54:42.626 9 INFO neutron.db.ovn_revision_numbers_db [None req-94c6ac14-bf0b-458f-9eb0-54e32b97ad5a 8df602c576ed4eb7a388b6ec3d9f6864 b51fdf18aad844e4af18a455445db30d - - default default] Successfully bumped revision number for resource 65636da6-3503-4f83-9887-e2527ff7e04e (type: security_group_rules) to 0
2026-05-09 22:54:42.647 9 INFO neutron.db.ovn_revision_numbers_db [None req-94c6ac14-bf0b-458f-9eb0-54e32b97ad5a 8df602c576ed4eb7a388b6ec3d9f6864 b51fdf18aad844e4af18a455445db30d - - default default] Successfully bumped revision number for resource f676f7b8-0f96-40e9-a2b5-8fb2e52529fa (type: security_group_rules) to 0
2026-05-09 22:54:42.663 10 INFO neutron.db.ovn_revision_numbers_db [None req-3e90a1c6-483b-44ac-bac4-50fe05b90308 8df602c576ed4eb7a388b6ec3d9f6864 b51fdf18aad844e4af18a455445db30d - - default default] Successfully bumped revision number for resource a486f74f-f15e-4185-a643-20bdfb3ce897 (type: security_groups) to 1
2026-05-09 22:54:42.677 10 INFO neutron.db.ovn_revision_numbers_db [None req-3e90a1c6-483b-44ac-bac4-50fe05b90308 8df602c576ed4eb7a388b6ec3d9f6864 b51fdf18aad844e4af18a455445db30d - - default default] Successfully bumped revision number for resource 2a6270f9-fc69-4918-88d3-91496d69f5ec (type: security_group_rules) to 0
2026-05-09 22:54:42.691 10 INFO neutron.db.ovn_revision_numbers_db [None req-3e90a1c6-483b-44ac-bac4-50fe05b90308 8df602c576ed4eb7a388b6ec3d9f6864 b51fdf18aad844e4af18a455445db30d - - default default] Successfully bumped revision number for resource 3b3d4831-baf2-48b1-9757-9aa2a14813d0 (type: security_group_rules) to 0
2026-05-09 22:54:42.702 9 INFO neutron.db.segments_db [None req-94c6ac14-bf0b-458f-9eb0-54e32b97ad5a 8df602c576ed4eb7a388b6ec3d9f6864 b51fdf18aad844e4af18a455445db30d - - default default] Added segment 31f9c911-0ccf-4045-ae25-cfe446d7862f of type geneve for network 2e0a6b08-21ef-4a17-b1ac-be89de65988c
2026-05-09 22:54:42.706 10 INFO neutron.db.ovn_revision_numbers_db [None req-3e90a1c6-483b-44ac-bac4-50fe05b90308 8df602c576ed4eb7a388b6ec3d9f6864 b51fdf18aad844e4af18a455445db30d - - default default] Successfully bumped revision number for resource 502e851f-1591-40b2-82ac-c5ea2266d3cb (type: security_group_rules) to 0
2026-05-09 22:54:42.720 10 INFO neutron.db.ovn_revision_numbers_db [None req-3e90a1c6-483b-44ac-bac4-50fe05b90308 8df602c576ed4eb7a388b6ec3d9f6864 b51fdf18aad844e4af18a455445db30d - - default default] Successfully bumped revision number for resource fd53dae8-4993-4496-9df1-bf1c3c4e48fc (type: security_group_rules) to 0
2026-05-09 22:54:42.750 10 INFO neutron.wsgi [None req-3e90a1c6-483b-44ac-bac4-50fe05b90308 8df602c576ed4eb7a388b6ec3d9f6864 b51fdf18aad844e4af18a455445db30d - - default default] 10.0.0.214 "GET /v2.0/security-groups?tenant_id=6f8d02beafd24b6191bb1a34228d5b72&name=default HTTP/1.1" status: 200 len: 2996 time: 0.2434020
2026-05-09 22:54:42.868 9 INFO neutron.db.ovn_revision_numbers_db [None req-94c6ac14-bf0b-458f-9eb0-54e32b97ad5a 8df602c576ed4eb7a388b6ec3d9f6864 b51fdf18aad844e4af18a455445db30d - - default default] Successfully bumped revision number for resource 2e0a6b08-21ef-4a17-b1ac-be89de65988c (type: networks) to 1
2026-05-09 22:54:42.929 10 INFO neutron.wsgi [None req-1fc7e039-9f49-4377-966e-58cc03a6994c 8df602c576ed4eb7a388b6ec3d9f6864 b51fdf18aad844e4af18a455445db30d - - default default] 10.0.0.214 "DELETE /v2.0/security-groups/a486f74f-f15e-4185-a643-20bdfb3ce897 HTTP/1.1" status: 204 len: 168 time: 0.1744277
2026-05-09 22:54:43.033 9 WARNING neutron.scheduler.dhcp_agent_scheduler [None req-94c6ac14-bf0b-458f-9eb0-54e32b97ad5a 8df602c576ed4eb7a388b6ec3d9f6864 b51fdf18aad844e4af18a455445db30d - - default default] No more DHCP agents
2026-05-09 22:54:43.035 9 WARNING neutron.api.rpc.agentnotifiers.dhcp_rpc_agent_api [None req-94c6ac14-bf0b-458f-9eb0-54e32b97ad5a 8df602c576ed4eb7a388b6ec3d9f6864 b51fdf18aad844e4af18a455445db30d - - default default] Unable to schedule network 2e0a6b08-21ef-4a17-b1ac-be89de65988c: no agents available; will retry on subsequent port and subnet creation events.
2026-05-09 22:54:43.107 9 INFO neutron.db.ovn_revision_numbers_db [None req-94c6ac14-bf0b-458f-9eb0-54e32b97ad5a 8df602c576ed4eb7a388b6ec3d9f6864 b51fdf18aad844e4af18a455445db30d - - default default] Successfully bumped revision number for resource eecb5d5c-3d59-46d8-a1e1-5db166800d3c (type: ports) to 1
2026-05-09 22:54:43.132 9 INFO neutron.wsgi [None req-94c6ac14-bf0b-458f-9eb0-54e32b97ad5a 8df602c576ed4eb7a388b6ec3d9f6864 b51fdf18aad844e4af18a455445db30d - - default default] 10.0.0.214 "POST /v2.0/networks HTTP/1.1" status: 201 len: 939 time: 0.8139563
2026-05-09 22:54:43.295 9 WARNING neutron.scheduler.dhcp_agent_scheduler [None req-7827d24a-1312-482c-894f-fc770d2848d3 8df602c576ed4eb7a388b6ec3d9f6864 b51fdf18aad844e4af18a455445db30d - - default default] No more DHCP agents
2026-05-09 22:54:43.298 9 WARNING neutron.api.rpc.agentnotifiers.dhcp_rpc_agent_api [None req-7827d24a-1312-482c-894f-fc770d2848d3 8df602c576ed4eb7a388b6ec3d9f6864 b51fdf18aad844e4af18a455445db30d - - default default] Unable to schedule network 2e0a6b08-21ef-4a17-b1ac-be89de65988c: no agents available; will retry on subsequent port and subnet creation events.
2026-05-09 22:54:43.778 9 INFO neutron.db.ovn_revision_numbers_db [None req-7827d24a-1312-482c-894f-fc770d2848d3 8df602c576ed4eb7a388b6ec3d9f6864 b51fdf18aad844e4af18a455445db30d - - default default] Successfully bumped revision number for resource eecb5d5c-3d59-46d8-a1e1-5db166800d3c (type: ports) to 2
2026-05-09 22:54:43.819 9 INFO neutron.db.ovn_revision_numbers_db [None req-7827d24a-1312-482c-894f-fc770d2848d3 8df602c576ed4eb7a388b6ec3d9f6864 b51fdf18aad844e4af18a455445db30d - - default default] Successfully bumped revision number for resource 801be60e-ae92-45ba-ab3b-076ffa15821e (type: subnets) to 0
2026-05-09 22:54:43.839 9 INFO neutron.wsgi [None req-7827d24a-1312-482c-894f-fc770d2848d3 8df602c576ed4eb7a388b6ec3d9f6864 b51fdf18aad844e4af18a455445db30d - - default default] 10.0.0.214 "POST /v2.0/subnets HTTP/1.1" status: 201 len: 859 time: 0.7022858
2026-05-09 22:54:43.939 9 INFO neutron.db.ovn_revision_numbers_db [None req-68ae2e1e-ab0c-41f5-a823-04584295eb58 8df602c576ed4eb7a388b6ec3d9f6864 b51fdf18aad844e4af18a455445db30d - - default default] Successfully bumped revision number for resource 4f4eac6a-28ed-4ab2-9a12-dca22f2b18cb (type: security_groups) to 1
2026-05-09 22:54:43.952 9 INFO neutron.db.ovn_revision_numbers_db [None req-68ae2e1e-ab0c-41f5-a823-04584295eb58 8df602c576ed4eb7a388b6ec3d9f6864 b51fdf18aad844e4af18a455445db30d - - default default] Successfully bumped revision number for resource 042a1c1d-2609-4af5-b9d7-d58107d1f837 (type: security_group_rules) to 0
2026-05-09 22:54:43.977 9 INFO neutron.db.ovn_revision_numbers_db [None req-68ae2e1e-ab0c-41f5-a823-04584295eb58 8df602c576ed4eb7a388b6ec3d9f6864 b51fdf18aad844e4af18a455445db30d - - default default] Successfully bumped revision number for resource 2fae5e11-d067-42fe-b7c9-57954d8295ae (type: security_group_rules) to 0
2026-05-09 22:54:43.993 9 INFO neutron.db.ovn_revision_numbers_db [None req-68ae2e1e-ab0c-41f5-a823-04584295eb58 8df602c576ed4eb7a388b6ec3d9f6864 b51fdf18aad844e4af18a455445db30d - - default default] Successfully bumped revision number for resource a8a915a4-42d1-42f3-b313-d09366971df5 (type: security_group_rules) to 0
2026-05-09 22:54:44.006 9 INFO neutron.db.ovn_revision_numbers_db [None req-68ae2e1e-ab0c-41f5-a823-04584295eb58 8df602c576ed4eb7a388b6ec3d9f6864 b51fdf18aad844e4af18a455445db30d - - default default] Successfully bumped revision number for resource b3061838-ab91-408a-b608-669a0b489185 (type: security_group_rules) to 0
2026-05-09 22:54:44.028 9 INFO neutron.wsgi [None req-68ae2e1e-ab0c-41f5-a823-04584295eb58 8df602c576ed4eb7a388b6ec3d9f6864 b51fdf18aad844e4af18a455445db30d - - default default] 10.0.0.214 "GET /v2.0/security-groups?tenant_id=a013e2126425469abd160b0e06aae945&name=default HTTP/1.1" status: 200 len: 2996 time: 0.3483136
2026-05-09 22:54:44.230 9 INFO neutron.wsgi [None req-f4cb4d24-e04a-4eab-8547-3808faa0f281 8df602c576ed4eb7a388b6ec3d9f6864 b51fdf18aad844e4af18a455445db30d - - default default] 10.0.0.214 "DELETE /v2.0/security-groups/4f4eac6a-28ed-4ab2-9a12-dca22f2b18cb HTTP/1.1" status: 204 len: 168 time: 0.1969199
2026-05-09 22:54:44.312 10 WARNING neutron.scheduler.dhcp_agent_scheduler [None req-7bc3f0f9-f1f3-4ba0-a004-54ab6baeb371 8df602c576ed4eb7a388b6ec3d9f6864 b51fdf18aad844e4af18a455445db30d - - default default] No more DHCP agents
2026-05-09 22:54:44.314 10 WARNING neutron.api.rpc.agentnotifiers.dhcp_rpc_agent_api [None req-7bc3f0f9-f1f3-4ba0-a004-54ab6baeb371 8df602c576ed4eb7a388b6ec3d9f6864 b51fdf18aad844e4af18a455445db30d - - default default] Unable to schedule network 331ae174-097c-48c5-947d-49292eec1204: no agents available; will retry on subsequent port and subnet creation events.
2026-05-09 22:54:44.490 10 INFO neutron.db.ovn_revision_numbers_db [None req-7bc3f0f9-f1f3-4ba0-a004-54ab6baeb371 8df602c576ed4eb7a388b6ec3d9f6864 b51fdf18aad844e4af18a455445db30d - - default default] Successfully bumped revision number for resource bbae374e-f674-422e-b04a-4ae11c82b7c4 (type: ports) to 1
2026-05-09 22:54:44.792 9 INFO neutron.wsgi [req-cb384e8f-335b-4483-b73e-0d924e034578 req-d50a21a4-058c-4b8a-bbc1-d8b71abcaa86 85346ff96472477b85427d9835cf6455 a87c074d5f924c5685712dc6e41e38b3 - - 6c1a401fdf844f518769ed403dc14c20 6c1a401fdf844f518769ed403dc14c20] 10.0.0.182 "GET /v2.0/ports?device_id=10864ff9-ecc1-4851-84b6-5a412011814a HTTP/1.1" status: 200 len: 1413 time: 0.3790641
2026-05-09 22:54:44.841 9 INFO neutron.wsgi [req-cb384e8f-335b-4483-b73e-0d924e034578 req-f8dca65a-3062-4c31-af8a-050b28000f2b 85346ff96472477b85427d9835cf6455 a87c074d5f924c5685712dc6e41e38b3 - - 6c1a401fdf844f518769ed403dc14c20 6c1a401fdf844f518769ed403dc14c20] 10.0.0.182 "GET /v2.0/security-groups?id=92be4d68-4404-4c26-ac7d-b97af927282c&fields=id&fields=name HTTP/1.1" status: 200 len: 313 time: 0.0418744
2026-05-09 22:54:45.108 10 INFO neutron.plugins.ml2.drivers.ovn.mech_driver.mech_driver [None req-cd05494e-96de-4e18-ab90-4c0885dfd4f5 - - - - - -] OVN reports status up for port: bbae374e-f674-422e-b04a-4ae11c82b7c4
2026-05-09 22:54:45.130 10 INFO neutron.plugins.ml2.drivers.ovn.mech_driver.ovsdb.ovsdb_monitor [None req-275a342b-9f8b-47fb-8927-cc0b5824e6bb - - - - - -] Router 724e7e47-afdf-4e74-be6b-aeb240f9c570 is bound to host instance
2026-05-09 22:54:45.132 10 INFO neutron.plugins.ml2.plugin [None req-cd05494e-96de-4e18-ab90-4c0885dfd4f5 - - - - - -] Attempt 1 to provision port bbae374e-f674-422e-b04a-4ae11c82b7c4
2026-05-09 22:54:45.176 10 INFO neutron.db.ovn_revision_numbers_db [None req-7bc3f0f9-f1f3-4ba0-a004-54ab6baeb371 8df602c576ed4eb7a388b6ec3d9f6864 b51fdf18aad844e4af18a455445db30d - - default default] Successfully bumped revision number for resource bbae374e-f674-422e-b04a-4ae11c82b7c4 (type: router_ports) to 1
2026-05-09 22:54:45.288 10 INFO neutron.db.ovn_revision_numbers_db [None req-7bc3f0f9-f1f3-4ba0-a004-54ab6baeb371 8df602c576ed4eb7a388b6ec3d9f6864 b51fdf18aad844e4af18a455445db30d - - default default] Successfully bumped revision number for resource 724e7e47-afdf-4e74-be6b-aeb240f9c570 (type: routers) to 2
2026-05-09 22:54:45.310 10 INFO neutron.wsgi [None req-7bc3f0f9-f1f3-4ba0-a004-54ab6baeb371 8df602c576ed4eb7a388b6ec3d9f6864 b51fdf18aad844e4af18a455445db30d - - default default] 10.0.0.214 "POST /v2.0/routers HTTP/1.1" status: 201 len: 870 time: 1.4660792
2026-05-09 22:54:45.360 10 INFO neutron.wsgi [-] 10.0.0.138 "GET / HTTP/1.1" status: 200 len: 247 time: 0.0017481
2026-05-09 22:54:45.362 10 INFO neutron.wsgi [-] 10.0.0.138 "GET / HTTP/1.1" status: 200 len: 247 time: 0.0017111
2026-05-09 22:54:45.599 9 INFO neutron.db.ovn_revision_numbers_db [None req-3041f086-a1f2-4618-aec1-ad486d2035f5 8df602c576ed4eb7a388b6ec3d9f6864 b51fdf18aad844e4af18a455445db30d - - default default] Successfully bumped revision number for resource 672c8e4b-e68e-44d5-8b10-d8a377d14f45 (type: security_groups) to 1
2026-05-09 22:54:45.615 9 INFO neutron.db.ovn_revision_numbers_db [None req-3041f086-a1f2-4618-aec1-ad486d2035f5 8df602c576ed4eb7a388b6ec3d9f6864 b51fdf18aad844e4af18a455445db30d - - default default] Successfully bumped revision number for resource 88f807d5-dfd3-403d-9e34-6b848dfcdab7 (type: security_group_rules) to 0
2026-05-09 22:54:45.629 9 INFO neutron.db.ovn_revision_numbers_db [None req-3041f086-a1f2-4618-aec1-ad486d2035f5 8df602c576ed4eb7a388b6ec3d9f6864 b51fdf18aad844e4af18a455445db30d - - default default] Successfully bumped revision number for resource 9e16a1a0-643c-4d92-9150-af5eae10dade (type: security_group_rules) to 0
2026-05-09 22:54:45.653 9 INFO neutron.db.ovn_revision_numbers_db [None req-3041f086-a1f2-4618-aec1-ad486d2035f5 8df602c576ed4eb7a388b6ec3d9f6864 b51fdf18aad844e4af18a455445db30d - - default default] Successfully bumped revision number for resource d5d40ba1-49f8-4226-9961-79612aa3c109 (type: security_group_rules) to 0
2026-05-09 22:54:45.669 9 INFO neutron.db.ovn_revision_numbers_db [None req-3041f086-a1f2-4618-aec1-ad486d2035f5 8df602c576ed4eb7a388b6ec3d9f6864 b51fdf18aad844e4af18a455445db30d - - default default] Successfully bumped revision number for resource f0037287-d99b-4c14-bd4f-175a26b46f1d (type: security_group_rules) to 0
2026-05-09 22:54:45.678 10 INFO neutron.db.ovn_revision_numbers_db [None req-275a342b-9f8b-47fb-8927-cc0b5824e6bb - - - - - -] Successfully bumped revision number for resource bbae374e-f674-422e-b04a-4ae11c82b7c4 (type: ports) to 1
2026-05-09 22:54:45.705 9 INFO neutron.wsgi [None req-3041f086-a1f2-4618-aec1-ad486d2035f5 8df602c576ed4eb7a388b6ec3d9f6864 b51fdf18aad844e4af18a455445db30d - - default default] 10.0.0.214 "GET /v2.0/security-groups?tenant_id=cf3cc344ae0f435886378f1216ca3740&name=default HTTP/1.1" status: 200 len: 2996 time: 0.4118502
2026-05-09 22:54:45.770 9 WARNING neutron.scheduler.dhcp_agent_scheduler [None req-446123d7-725b-4e7d-bd02-7d3bd35be32e 8df602c576ed4eb7a388b6ec3d9f6864 b51fdf18aad844e4af18a455445db30d - - default default] No more DHCP agents
2026-05-09 22:54:45.772 9 WARNING neutron.api.rpc.agentnotifiers.dhcp_rpc_agent_api [None req-446123d7-725b-4e7d-bd02-7d3bd35be32e 8df602c576ed4eb7a388b6ec3d9f6864 b51fdf18aad844e4af18a455445db30d - - default default] Unable to schedule network 2e0a6b08-21ef-4a17-b1ac-be89de65988c: no agents available; will retry on subsequent port and subnet creation events.
2026-05-09 22:54:45.894 10 INFO neutron.db.ovn_revision_numbers_db [None req-275a342b-9f8b-47fb-8927-cc0b5824e6bb - - - - - -] Successfully bumped revision number for resource bbae374e-f674-422e-b04a-4ae11c82b7c4 (type: router_ports) to 3
2026-05-09 22:54:45.964 9 INFO neutron.db.ovn_revision_numbers_db [None req-446123d7-725b-4e7d-bd02-7d3bd35be32e 8df602c576ed4eb7a388b6ec3d9f6864 b51fdf18aad844e4af18a455445db30d - - default default] Successfully bumped revision number for resource ff35e460-88cb-43d6-a7a2-9f7a9355e2e4 (type: ports) to 1
2026-05-09 22:54:45.999 9 INFO neutron.wsgi [None req-bfbb7064-aad3-42db-ac47-d87c9e60469c 8df602c576ed4eb7a388b6ec3d9f6864 b51fdf18aad844e4af18a455445db30d - - default default] 10.0.0.214 "DELETE /v2.0/security-groups/672c8e4b-e68e-44d5-8b10-d8a377d14f45 HTTP/1.1" status: 204 len: 168 time: 0.2900279
2026-05-09 22:54:46.038 10 INFO neutron.db.ovn_revision_numbers_db [None req-275a342b-9f8b-47fb-8927-cc0b5824e6bb - - - - - -] Successfully bumped revision number for resource bbae374e-f674-422e-b04a-4ae11c82b7c4 (type: ports) to 2
2026-05-09 22:54:46.173 10 INFO neutron.wsgi [None req-93356138-e40d-4608-9edf-e3c8358b1fc3 2e69a6fc20914da59ee7ddc6984f8adc 17d32f8c70e64383bbd374e1bbfe4d4d - - default default] 10.0.0.214 "GET /v2.0/extensions HTTP/1.1" status: 200 len: 16975 time: 0.1229186
2026-05-09 22:54:46.186 10 INFO neutron.wsgi [None req-9d342d8c-206a-465d-b00e-e65084045ab6 2e69a6fc20914da59ee7ddc6984f8adc 17d32f8c70e64383bbd374e1bbfe4d4d - - default default] 10.0.0.214 "GET /v2.0/extensions/address-group HTTP/1.1" status: 200 len: 353 time: 0.0077233
2026-05-09 22:54:46.194 10 INFO neutron.wsgi [None req-a4c30fbc-fc93-4554-8ddc-4f5d2da4b04a 2e69a6fc20914da59ee7ddc6984f8adc 17d32f8c70e64383bbd374e1bbfe4d4d - - default default] 10.0.0.214 "GET /v2.0/extensions/address-scope HTTP/1.1" status: 200 len: 357 time: 0.0030012
2026-05-09 22:54:46.202 9 INFO neutron.wsgi [None req-395809c7-a458-44dd-895d-4710e8518de5 2e69a6fc20914da59ee7ddc6984f8adc 17d32f8c70e64383bbd374e1bbfe4d4d - - default default] 10.0.0.214 "GET /v2.0/extensions/agent HTTP/1.1" status: 200 len: 347 time: 0.0046093
2026-05-09 22:54:46.213 9 INFO neutron.wsgi [None req-baf057a4-c5d0-46ef-807e-cc1847b119f3 2e69a6fc20914da59ee7ddc6984f8adc 17d32f8c70e64383bbd374e1bbfe4d4d - - default default] 10.0.0.214 "GET /v2.0/extensions/allowed-address-pairs HTTP/1.1" status: 200 len: 378 time: 0.0061991
2026-05-09 22:54:46.220 9 INFO neutron.wsgi [None req-1221927a-eece-401b-921d-3cf6ce0ce873 2e69a6fc20914da59ee7ddc6984f8adc 17d32f8c70e64383bbd374e1bbfe4d4d - - default default] 10.0.0.214 "GET /v2.0/extensions/auto-allocated-topology HTTP/1.1" status: 200 len: 394 time: 0.0036714
2026-05-09 22:54:46.228 10 INFO neutron.wsgi [None req-275fd440-4a0a-4a47-82c4-749dae8675f0 2e69a6fc20914da59ee7ddc6984f8adc 17d32f8c70e64383bbd374e1bbfe4d4d - - default default] 10.0.0.214 "GET /v2.0/extensions/availability_zone HTTP/1.1" status: 200 len: 372 time: 0.0042925
2026-05-09 22:54:46.244 10 INFO neutron.wsgi [None req-a585ff97-f70f-4432-88ac-aa1fc7f03d26 2e69a6fc20914da59ee7ddc6984f8adc 17d32f8c70e64383bbd374e1bbfe4d4d - - default default] 10.0.0.214 "GET /v2.0/extensions/default-subnetpools HTTP/1.1" status: 200 len: 405 time: 0.0118778
2026-05-09 22:54:46.254 9 INFO neutron.wsgi [None req-082d7969-450f-4942-9c72-06ec7a465cba 2e69a6fc20914da59ee7ddc6984f8adc 17d32f8c70e64383bbd374e1bbfe4d4d - - default default] 10.0.0.214 "GET /v2.0/extensions/dhcp_agent_scheduler HTTP/1.1" status: 200 len: 381 time: 0.0057774
2026-05-09 22:54:46.261 9 INFO neutron.wsgi [None req-c7e596d1-75ba-4a44-8d65-6d94aea73b91 2e69a6fc20914da59ee7ddc6984f8adc 17d32f8c70e64383bbd374e1bbfe4d4d - - default default] 10.0.0.214 "GET /v2.0/extensions/dns-integration HTTP/1.1" status: 200 len: 366 time: 0.0039401
2026-05-09 22:54:46.268 9 INFO neutron.wsgi [None req-a72c0af5-febe-42c9-886c-3324b9c43a39 2e69a6fc20914da59ee7ddc6984f8adc 17d32f8c70e64383bbd374e1bbfe4d4d - - default default] 10.0.0.214 "GET /v2.0/extensions/dns-domain-ports HTTP/1.1" status: 200 len: 399 time: 0.0037775
2026-05-09 22:54:46.282 10 INFO neutron.wsgi [None req-17f48d2f-1422-464c-a9f3-f2f01200f46c 2e69a6fc20914da59ee7ddc6984f8adc 17d32f8c70e64383bbd374e1bbfe4d4d - - default default] 10.0.0.214 "GET /v2.0/extensions/dns-integration-domain-keywords HTTP/1.1" status: 200 len: 477 time: 0.0087340
2026-05-09 22:54:46.296 10 INFO neutron.wsgi [None req-c7c9460a-6f8a-4cb3-8b34-aa8f0ea532e7 2e69a6fc20914da59ee7ddc6984f8adc 17d32f8c70e64383bbd374e1bbfe4d4d - - default default] 10.0.0.214 "GET /v2.0/extensions/empty-string-filtering HTTP/1.1" status: 200 len: 413 time: 0.0111003
2026-05-09 22:54:46.303 10 INFO neutron.wsgi [None req-0c933f39-fcf9-444f-9760-b2bc56e29d0b 2e69a6fc20914da59ee7ddc6984f8adc 17d32f8c70e64383bbd374e1bbfe4d4d - - default default] 10.0.0.214 "GET /v2.0/extensions/external-net HTTP/1.1" status: 200 len: 394 time: 0.0029953
2026-05-09 22:54:46.309 10 INFO neutron.wsgi [None req-abc5704d-0f75-4212-b548-3e43304b9d88 2e69a6fc20914da59ee7ddc6984f8adc 17d32f8c70e64383bbd374e1bbfe4d4d - - default default] 10.0.0.214 "GET /v2.0/extensions/extra_dhcp_opt HTTP/1.1" status: 200 len: 498 time: 0.0036681
2026-05-09 22:54:46.319 10 INFO neutron.wsgi [None req-2028e239-df95-4f72-a315-c553faa521ad 2e69a6fc20914da59ee7ddc6984f8adc 17d32f8c70e64383bbd374e1bbfe4d4d - - default default] 10.0.0.214 "GET /v2.0/extensions/extraroute HTTP/1.1" status: 200 len: 375 time: 0.0057037
2026-05-09 22:54:46.326 10 INFO neutron.wsgi [None req-b60ff796-823e-4446-baad-e4385a801866 2e69a6fc20914da59ee7ddc6984f8adc 17d32f8c70e64383bbd374e1bbfe4d4d - - default default] 10.0.0.214 "GET /v2.0/extensions/filter-validation HTTP/1.1" status: 200 len: 392 time: 0.0030015
2026-05-09 22:54:46.337 10 INFO neutron.wsgi [None req-f4b26fbe-1781-4167-84c6-2b397a1edf80 2e69a6fc20914da59ee7ddc6984f8adc 17d32f8c70e64383bbd374e1bbfe4d4d - - default default] 10.0.0.214 "GET /v2.0/extensions/floating-ip-port-forwarding-detail HTTP/1.1" status: 200 len: 465 time: 0.0064845
2026-05-09 22:54:46.344 10 INFO neutron.wsgi [None req-afaabd5d-1379-4adc-8a12-a1eec77ad03f 2e69a6fc20914da59ee7ddc6984f8adc 17d32f8c70e64383bbd374e1bbfe4d4d - - default default] 10.0.0.214 "GET /v2.0/extensions/fip-port-details HTTP/1.1" status: 200 len: 406 time: 0.0038924
2026-05-09 22:54:46.352 9 INFO neutron.wsgi [None req-8b59e89d-251e-4ccf-9f4b-491c0360ff17 2e69a6fc20914da59ee7ddc6984f8adc 17d32f8c70e64383bbd374e1bbfe4d4d - - default default] 10.0.0.214 "GET /v2.0/extensions/flavors HTTP/1.1" status: 200 len: 387 time: 0.0046751
2026-05-09 22:54:46.361 9 INFO neutron.plugins.ml2.drivers.ovn.mech_driver.mech_driver [None req-71f043e5-1309-4e04-8b43-f38cc1602804 - - - - - -] OVN reports status up for port: ff35e460-88cb-43d6-a7a2-9f7a9355e2e4
2026-05-09 22:54:46.365 10 INFO neutron.wsgi [None req-e97b2530-f11a-460e-a2f1-0d33a2bcb7d0 2e69a6fc20914da59ee7ddc6984f8adc 17d32f8c70e64383bbd374e1bbfe4d4d - - default default] 10.0.0.214 "GET /v2.0/extensions/floatingip-pools HTTP/1.1" status: 200 len: 382 time: 0.0062001
2026-05-09 22:54:46.368 9 INFO neutron.plugins.ml2.plugin [None req-71f043e5-1309-4e04-8b43-f38cc1602804 - - - - - -] Attempt 1 to provision port ff35e460-88cb-43d6-a7a2-9f7a9355e2e4
2026-05-09 22:54:46.373 9 INFO neutron.wsgi [None req-711c4225-d010-4525-abd4-7ce7a7986410 2e69a6fc20914da59ee7ddc6984f8adc 17d32f8c70e64383bbd374e1bbfe4d4d - - default default] 10.0.0.214 "GET /v2.0/extensions/ip_allocation HTTP/1.1" status: 200 len: 356 time: 0.0039904
2026-05-09 22:54:46.380 10 INFO neutron.wsgi [None req-1de67ac2-6a49-49a6-adea-7f61cb23243c 2e69a6fc20914da59ee7ddc6984f8adc 17d32f8c70e64383bbd374e1bbfe4d4d - - default default] 10.0.0.214 "GET /v2.0/extensions/l2_adjacency HTTP/1.1" status: 200 len: 372 time: 0.0031846
2026-05-09 22:54:46.386 10 INFO neutron.wsgi [None req-5fbef436-2ace-4c44-ab47-524ef5ed5da6 2e69a6fc20914da59ee7ddc6984f8adc 17d32f8c70e64383bbd374e1bbfe4d4d - - default default] 10.0.0.214 "GET /v2.0/extensions/router HTTP/1.1" status: 200 len: 450 time: 0.0031197
2026-05-09 22:54:46.392 10 INFO neutron.wsgi [None req-0b2d69ee-90e8-45af-a826-35f482e98bfa 2e69a6fc20914da59ee7ddc6984f8adc 17d32f8c70e64383bbd374e1bbfe4d4d - - default default] 10.0.0.214 "GET /v2.0/extensions/ext-gw-mode HTTP/1.1" status: 200 len: 462 time: 0.0027702
2026-05-09 22:54:46.397 10 INFO neutron.wsgi [None req-6d983f00-f0a4-4483-884b-5da50a4b8f4a 2e69a6fc20914da59ee7ddc6984f8adc 17d32f8c70e64383bbd374e1bbfe4d4d - - default default] 10.0.0.214 "GET /v2.0/extensions/logging HTTP/1.1" status: 200 len: 407 time: 0.0027828
2026-05-09 22:54:46.404 10 INFO neutron.wsgi [None req-c02f0fae-f150-42bd-b754-662df7c49bfc 2e69a6fc20914da59ee7ddc6984f8adc 17d32f8c70e64383bbd374e1bbfe4d4d - - default default] 10.0.0.214 "GET /v2.0/extensions/multi-provider HTTP/1.1" status: 200 len: 406 time: 0.0035360
2026-05-09 22:54:46.404 9 INFO neutron.db.ovn_revision_numbers_db [None req-446123d7-725b-4e7d-bd02-7d3bd35be32e 8df602c576ed4eb7a388b6ec3d9f6864 b51fdf18aad844e4af18a455445db30d - - default default] Successfully bumped revision number for resource ff35e460-88cb-43d6-a7a2-9f7a9355e2e4 (type: router_ports) to 1
2026-05-09 22:54:46.410 10 INFO neutron.wsgi [None req-1f433ef3-37d6-4fdd-9090-6750bdc30be7 2e69a6fc20914da59ee7ddc6984f8adc 17d32f8c70e64383bbd374e1bbfe4d4d - - default default] 10.0.0.214 "GET /v2.0/extensions/net-mtu HTTP/1.1" status: 200 len: 370 time: 0.0029910
2026-05-09 22:54:46.417 10 INFO neutron.wsgi [None req-0379882b-32c3-4e1d-a2b4-63548e2ff8fc 2e69a6fc20914da59ee7ddc6984f8adc 17d32f8c70e64383bbd374e1bbfe4d4d - - default default] 10.0.0.214 "GET /v2.0/extensions/net-mtu-writable HTTP/1.1" status: 200 len: 401 time: 0.0037391
2026-05-09 22:54:46.423 10 INFO neutron.wsgi [None req-c38b243a-b605-456b-98e5-5b8a11091e3a 2e69a6fc20914da59ee7ddc6984f8adc 17d32f8c70e64383bbd374e1bbfe4d4d - - default default] 10.0.0.214 "GET /v2.0/extensions/network_availability_zone HTTP/1.1" status: 200 len: 394 time: 0.0032320
2026-05-09 22:54:46.426 10 INFO neutron.db.ovn_revision_numbers_db [None req-275a342b-9f8b-47fb-8927-cc0b5824e6bb - - - - - -] Successfully bumped revision number for resource bbae374e-f674-422e-b04a-4ae11c82b7c4 (type: ports) to 4
2026-05-09 22:54:46.437 9 INFO neutron.wsgi [None req-53275de4-9b90-4a64-ace1-31ceccae1b5d 2e69a6fc20914da59ee7ddc6984f8adc 17d32f8c70e64383bbd374e1bbfe4d4d - - default default] 10.0.0.214 "GET /v2.0/extensions/network-ip-availability HTTP/1.1" status: 200 len: 410 time: 0.0108285
2026-05-09 22:54:46.453 9 INFO neutron.wsgi [None req-4937a977-a10e-450b-9b02-e1f7b6f05ef0 2e69a6fc20914da59ee7ddc6984f8adc 17d32f8c70e64383bbd374e1bbfe4d4d - - default default] 10.0.0.214 "GET /v2.0/extensions/pagination HTTP/1.1" status: 200 len: 386 time: 0.0067708
2026-05-09 22:54:46.462 9 INFO neutron.wsgi [None req-ae7f799b-2a54-464c-8264-70a76846411f 2e69a6fc20914da59ee7ddc6984f8adc 17d32f8c70e64383bbd374e1bbfe4d4d - - default default] 10.0.0.214 "GET /v2.0/extensions/port-device-profile HTTP/1.1" status: 200 len: 383 time: 0.0049539
2026-05-09 22:54:46.474 9 INFO neutron.wsgi [None req-5324b698-7d45-4333-9305-5cbf1a9e4dd9 2e69a6fc20914da59ee7ddc6984f8adc 17d32f8c70e64383bbd374e1bbfe4d4d - - default default] 10.0.0.214 "GET /v2.0/extensions/port-mac-address-regenerate HTTP/1.1" status: 200 len: 403 time: 0.0057716
2026-05-09 22:54:46.482 9 INFO neutron.wsgi [None req-c093f8de-c2b7-4a60-9b01-6b2852ab0f02 2e69a6fc20914da59ee7ddc6984f8adc 17d32f8c70e64383bbd374e1bbfe4d4d - - default default] 10.0.0.214 "GET /v2.0/extensions/port-numa-affinity-policy HTTP/1.1" status: 200 len: 392 time: 0.0033331
2026-05-09 22:54:46.490 9 INFO neutron.wsgi [None req-c626ac88-6896-4cbf-93d8-0e52f589a7a6 2e69a6fc20914da59ee7ddc6984f8adc 17d32f8c70e64383bbd374e1bbfe4d4d - - default default] 10.0.0.214 "GET /v2.0/extensions/port-resource-request HTTP/1.1" status: 200 len: 379 time: 0.0034206
2026-05-09 22:54:46.498 9 INFO neutron.wsgi [None req-7517e2c1-cb46-4152-8733-792093478c14 2e69a6fc20914da59ee7ddc6984f8adc 17d32f8c70e64383bbd374e1bbfe4d4d - - default default] 10.0.0.214 "GET /v2.0/extensions/port-resource-request-groups HTTP/1.1" status: 200 len: 465 time: 0.0029771
2026-05-09 22:54:46.510 9 INFO neutron.wsgi [None req-1eddf5d5-1ec0-46ad-8d0c-21d5bbdfb484 2e69a6fc20914da59ee7ddc6984f8adc 17d32f8c70e64383bbd374e1bbfe4d4d - - default default] 10.0.0.214 "GET /v2.0/extensions/binding HTTP/1.1" status: 200 len: 387 time: 0.0036101
2026-05-09 22:54:46.521 9 INFO neutron.wsgi [None req-18dd0c81-1bed-44d5-9f13-c7935bce5e44 2e69a6fc20914da59ee7ddc6984f8adc 17d32f8c70e64383bbd374e1bbfe4d4d - - default default] 10.0.0.214 "GET /v2.0/extensions/binding-extended HTTP/1.1" status: 200 len: 406 time: 0.0041039
2026-05-09 22:54:46.534 9 INFO neutron.wsgi [None req-b371e729-4d6c-4a6d-8908-644aa1b3253c 2e69a6fc20914da59ee7ddc6984f8adc 17d32f8c70e64383bbd374e1bbfe4d4d - - default default] 10.0.0.214 "GET /v2.0/extensions/port-security HTTP/1.1" status: 200 len: 354 time: 0.0060279
2026-05-09 22:54:46.548 9 INFO neutron.wsgi [None req-259115a9-89a7-4c54-907b-bd4f1948d835 2e69a6fc20914da59ee7ddc6984f8adc 17d32f8c70e64383bbd374e1bbfe4d4d - - default default] 10.0.0.214 "GET /v2.0/extensions/project-id HTTP/1.1" status: 200 len: 398 time: 0.0071535
2026-05-09 22:54:46.567 9 INFO neutron.wsgi [None req-f7de41fc-2bf0-4586-8087-da3c0dd7a927 2e69a6fc20914da59ee7ddc6984f8adc 17d32f8c70e64383bbd374e1bbfe4d4d - - default default] 10.0.0.214 "GET /v2.0/extensions/provider HTTP/1.1" status: 200 len: 385 time: 0.0077393
2026-05-09 22:54:46.578 9 INFO neutron.wsgi [None req-c091896a-f6d8-4c9d-8f4d-7d9124cbf5ff 2e69a6fc20914da59ee7ddc6984f8adc 17d32f8c70e64383bbd374e1bbfe4d4d - - default default] 10.0.0.214 "GET /v2.0/extensions/qos HTTP/1.1" status: 200 len: 360 time: 0.0042725
2026-05-09 22:54:46.596 9 INFO neutron.wsgi [None req-9fb49416-a511-49b4-926b-152ca15eafa0 2e69a6fc20914da59ee7ddc6984f8adc 17d32f8c70e64383bbd374e1bbfe4d4d - - default default] 10.0.0.214 "GET /v2.0/extensions/qos-bw-limit-direction HTTP/1.1" status: 200 len: 452 time: 0.0063877
2026-05-09 22:54:46.607 9 INFO neutron.wsgi [None req-e35c0c5a-c0e7-481a-9879-c45d88489760 2e69a6fc20914da59ee7ddc6984f8adc 17d32f8c70e64383bbd374e1bbfe4d4d - - default default] 10.0.0.214 "GET /v2.0/extensions/qos-bw-minimum-ingress HTTP/1.1" status: 200 len: 445 time: 0.0061638
2026-05-09 22:54:46.616 9 INFO neutron.wsgi [None req-5fc96f77-ad7a-49cd-b955-81e0bdbde61f 2e69a6fc20914da59ee7ddc6984f8adc 17d32f8c70e64383bbd374e1bbfe4d4d - - default default] 10.0.0.214 "GET /v2.0/extensions/qos-default HTTP/1.1" status: 200 len: 377 time: 0.0040007
2026-05-09 22:54:46.628 9 INFO neutron.wsgi [None req-364f6b40-67de-47b6-9395-d9d40769c8b3 2e69a6fc20914da59ee7ddc6984f8adc 17d32f8c70e64383bbd374e1bbfe4d4d - - default default] 10.0.0.214 "GET /v2.0/extensions/qos-fip HTTP/1.1" status: 200 len: 372 time: 0.0060642
2026-05-09 22:54:46.637 9 INFO neutron.wsgi [None req-8a01b7a3-4e58-44df-96c3-cbf5c3e235cf 2e69a6fc20914da59ee7ddc6984f8adc 17d32f8c70e64383bbd374e1bbfe4d4d - - default default] 10.0.0.214 "GET /v2.0/extensions/qos-gateway-ip HTTP/1.1" status: 200 len: 391 time: 0.0037358
2026-05-09 22:54:46.650 9 INFO neutron.wsgi [None req-ba6da22d-a69f-450b-9d1d-8a08b1e6e218 2e69a6fc20914da59ee7ddc6984f8adc 17d32f8c70e64383bbd374e1bbfe4d4d - - default default] 10.0.0.214 "GET /v2.0/extensions/qos-port-network-policy HTTP/1.1" status: 200 len: 403 time: 0.0087907
2026-05-09 22:54:46.663 10 INFO neutron.wsgi [None req-6f3a54f2-f573-410f-a53f-18a538dc246a 2e69a6fc20914da59ee7ddc6984f8adc 17d32f8c70e64383bbd374e1bbfe4d4d - - default default] 10.0.0.214 "GET /v2.0/extensions/qos-pps-minimum HTTP/1.1" status: 200 len: 397 time: 0.0052707
2026-05-09 22:54:46.676 9 INFO neutron.wsgi [None req-965bed7a-328b-41d8-a01b-17f7d470fe8e 2e69a6fc20914da59ee7ddc6984f8adc 17d32f8c70e64383bbd374e1bbfe4d4d - - default default] 10.0.0.214 "GET /v2.0/extensions/qos-pps-minimum-rule-alias HTTP/1.1" status: 200 len: 471 time: 0.0058928
2026-05-09 22:54:46.696 10 INFO neutron.wsgi [None req-14ccb368-9095-4441-9b8d-06a197ce8d7b 2e69a6fc20914da59ee7ddc6984f8adc 17d32f8c70e64383bbd374e1bbfe4d4d - - default default] 10.0.0.214 "GET /v2.0/extensions/qos-pps HTTP/1.1" status: 200 len: 389 time: 0.0045798
2026-05-09 22:54:46.698 9 INFO neutron.db.ovn_revision_numbers_db [None req-446123d7-725b-4e7d-bd02-7d3bd35be32e 8df602c576ed4eb7a388b6ec3d9f6864 b51fdf18aad844e4af18a455445db30d - - default default] Successfully bumped revision number for resource ff35e460-88cb-43d6-a7a2-9f7a9355e2e4 (type: ports) to 1
2026-05-09 22:54:46.704 10 INFO neutron.wsgi [None req-64078f52-bcd0-400a-ace6-62329dc977d4 2e69a6fc20914da59ee7ddc6984f8adc 17d32f8c70e64383bbd374e1bbfe4d4d - - default default] 10.0.0.214 "GET /v2.0/extensions/qos-rule-type-details HTTP/1.1" status: 200 len: 423 time: 0.0031178
2026-05-09 22:54:46.722 9 INFO neutron.wsgi [None req-ecb95e26-5abf-4cbe-9e71-8310766d33a7 2e69a6fc20914da59ee7ddc6984f8adc 17d32f8c70e64383bbd374e1bbfe4d4d - - default default] 10.0.0.214 "GET /v2.0/extensions/qos-rule-type-filter HTTP/1.1" status: 200 len: 567 time: 0.0071025
2026-05-09 22:54:46.732 10 INFO neutron.wsgi [None req-da5b6992-f11e-43dd-924d-df4a35440cc7 2e69a6fc20914da59ee7ddc6984f8adc 17d32f8c70e64383bbd374e1bbfe4d4d - - default default] 10.0.0.214 "GET /v2.0/extensions/qos-rules-alias HTTP/1.1" status: 200 len: 448 time: 0.0057373
2026-05-09 22:54:46.740 10 INFO neutron.wsgi [None req-75fa6de2-a80e-4eb6-8517-e423a7821e25 2e69a6fc20914da59ee7ddc6984f8adc 17d32f8c70e64383bbd374e1bbfe4d4d - - default default] 10.0.0.214 "GET /v2.0/extensions/quota-check-limit HTTP/1.1" status: 200 len: 420 time: 0.0038571
2026-05-09 22:54:46.754 10 INFO neutron.wsgi [None req-bc64ac60-5b2e-473c-b218-51309d236a42 2e69a6fc20914da59ee7ddc6984f8adc 17d32f8c70e64383bbd374e1bbfe4d4d - - default default] 10.0.0.214 "GET /v2.0/extensions/quotas HTTP/1.1" status: 200 len: 386 time: 0.0040944
2026-05-09 22:54:46.769 9 INFO neutron.wsgi [None req-1ba5847e-8945-43e4-b9d6-886a6c5fd632 2e69a6fc20914da59ee7ddc6984f8adc 17d32f8c70e64383bbd374e1bbfe4d4d - - default default] 10.0.0.214 "GET /v2.0/extensions/quota_details HTTP/1.1" status: 200 len: 407 time: 0.0050499
2026-05-09 22:54:46.779 10 INFO neutron.wsgi [None req-ebf99cc4-ac2d-49b7-8ba1-adc8e0af390f 2e69a6fc20914da59ee7ddc6984f8adc 17d32f8c70e64383bbd374e1bbfe4d4d - - default default] 10.0.0.214 "GET /v2.0/extensions/rbac-policies HTTP/1.1" status: 200 len: 417 time: 0.0052915
2026-05-09 22:54:46.785 10 INFO neutron.wsgi [None req-73361444-d4b1-4973-9e97-7482a2b0472a 2e69a6fc20914da59ee7ddc6984f8adc 17d32f8c70e64383bbd374e1bbfe4d4d - - default default] 10.0.0.214 "GET /v2.0/extensions/rbac-address-scope HTTP/1.1" status: 200 len: 384 time: 0.0031357
2026-05-09 22:54:46.792 10 INFO neutron.wsgi [None req-0b3e254b-5b9d-49ff-9bdd-938170bcd283 2e69a6fc20914da59ee7ddc6984f8adc 17d32f8c70e64383bbd374e1bbfe4d4d - - default default] 10.0.0.214 "GET /v2.0/extensions/rbac-security-groups HTTP/1.1" status: 200 len: 404 time: 0.0039058
2026-05-09 22:54:46.801 9 INFO neutron.wsgi [None req-5794bb49-2d47-4ea3-8959-ece11599ce42 2e69a6fc20914da59ee7ddc6984f8adc 17d32f8c70e64383bbd374e1bbfe4d4d - - default default] 10.0.0.214 "GET /v2.0/extensions/revision-if-match HTTP/1.1" status: 200 len: 441 time: 0.0053504
2026-05-09 22:54:46.803 9 WARNING neutron.scheduler.dhcp_agent_scheduler [None req-446123d7-725b-4e7d-bd02-7d3bd35be32e 8df602c576ed4eb7a388b6ec3d9f6864 b51fdf18aad844e4af18a455445db30d - - default default] No more DHCP agents
2026-05-09 22:54:46.804 9 WARNING neutron.api.rpc.agentnotifiers.dhcp_rpc_agent_api [None req-446123d7-725b-4e7d-bd02-7d3bd35be32e 8df602c576ed4eb7a388b6ec3d9f6864 b51fdf18aad844e4af18a455445db30d - - default default] Unable to schedule network 2e0a6b08-21ef-4a17-b1ac-be89de65988c: no agents available; will retry on subsequent port and subnet creation events.
2026-05-09 22:54:46.805 9 INFO neutron.db.ovn_revision_numbers_db [None req-71f043e5-1309-4e04-8b43-f38cc1602804 - - - - - -] Successfully bumped revision number for resource ff35e460-88cb-43d6-a7a2-9f7a9355e2e4 (type: ports) to 2
2026-05-09 22:54:46.814 10 INFO neutron.wsgi [None req-1b2e3e7c-3613-4f99-8f28-512cba69284a 2e69a6fc20914da59ee7ddc6984f8adc 17d32f8c70e64383bbd374e1bbfe4d4d - - default default] 10.0.0.214 "GET /v2.0/extensions/standard-attr-revisions HTTP/1.1" status: 200 len: 423 time: 0.0050321
2026-05-09 22:54:46.822 10 INFO neutron.wsgi [None req-860babf1-d9db-4c40-acd9-f7dfecc6fabd 2e69a6fc20914da59ee7ddc6984f8adc 17d32f8c70e64383bbd374e1bbfe4d4d - - default default] 10.0.0.214 "GET /v2.0/extensions/router_availability_zone HTTP/1.1" status: 200 len: 391 time: 0.0032864
2026-05-09 22:54:46.833 10 INFO neutron.wsgi [None req-cfd545d3-4bc5-49ce-9047-2ebe4754ec44 2e69a6fc20914da59ee7ddc6984f8adc 17d32f8c70e64383bbd374e1bbfe4d4d - - default default] 10.0.0.214 "GET /v2.0/extensions/security-groups-default-rules HTTP/1.1" status: 200 len: 456 time: 0.0044153
2026-05-09 22:54:46.840 10 INFO neutron.wsgi [None req-69c238a5-02aa-4701-accf-db856b5b16c5 2e69a6fc20914da59ee7ddc6984f8adc 17d32f8c70e64383bbd374e1bbfe4d4d - - default default] 10.0.0.214 "GET /v2.0/extensions/security-groups-normalized-cidr HTTP/1.1" status: 200 len: 445 time: 0.0036240
2026-05-09 22:54:46.851 10 INFO neutron.wsgi [None req-3ef6fbbf-0d74-4be8-ba43-322af46586ad 2e69a6fc20914da59ee7ddc6984f8adc 17d32f8c70e64383bbd374e1bbfe4d4d - - default default] 10.0.0.214 "GET /v2.0/extensions/security-groups-remote-address-group HTTP/1.1" status: 200 len: 448 time: 0.0066330
2026-05-09 22:54:46.858 10 INFO neutron.wsgi [None req-84d6f8ac-b72d-4afc-b5a7-d1c2c549eb0a 2e69a6fc20914da59ee7ddc6984f8adc 17d32f8c70e64383bbd374e1bbfe4d4d - - default default] 10.0.0.214 "GET /v2.0/extensions/security-groups-shared-filtering HTTP/1.1" status: 200 len: 435 time: 0.0035932
2026-05-09 22:54:46.859 10 INFO neutron.db.ovn_revision_numbers_db [None req-275a342b-9f8b-47fb-8927-cc0b5824e6bb - - - - - -] Successfully bumped revision number for resource bbae374e-f674-422e-b04a-4ae11c82b7c4 (type: router_ports) to 4
2026-05-09 22:54:46.866 10 INFO neutron.wsgi [None req-b6ad4463-65a1-40bc-a7ca-e1fef16d34ab 2e69a6fc20914da59ee7ddc6984f8adc 17d32f8c70e64383bbd374e1bbfe4d4d - - default default] 10.0.0.214 "GET /v2.0/extensions/security-group HTTP/1.1" status: 200 len: 364 time: 0.0047424
2026-05-09 22:54:46.879 10 INFO neutron.wsgi [None req-d1303824-09d2-4218-9c79-ebee17731fc7 2e69a6fc20914da59ee7ddc6984f8adc 17d32f8c70e64383bbd374e1bbfe4d4d - - default default] 10.0.0.214 "GET /v2.0/extensions/segment HTTP/1.1" status: 200 len: 339 time: 0.0051827
2026-05-09 22:54:46.888 10 INFO neutron.wsgi [None req-9e848ff0-324b-4649-8e88-cff59148c176 2e69a6fc20914da59ee7ddc6984f8adc 17d32f8c70e64383bbd374e1bbfe4d4d - - default default] 10.0.0.214 "GET /v2.0/extensions/segments-peer-subnet-host-routes HTTP/1.1" status: 200 len: 427 time: 0.0040617
2026-05-09 22:54:46.896 10 INFO neutron.wsgi [None req-7d474931-47c0-42a2-8be4-d493be19d53a 2e69a6fc20914da59ee7ddc6984f8adc 17d32f8c70e64383bbd374e1bbfe4d4d - - default default] 10.0.0.214 "GET /v2.0/extensions/service-type HTTP/1.1" status: 200 len: 415 time: 0.0034590
2026-05-09 22:54:46.902 10 INFO neutron.wsgi [None req-6fce9111-4831-47dd-bf3b-9879de35112b 2e69a6fc20914da59ee7ddc6984f8adc 17d32f8c70e64383bbd374e1bbfe4d4d - - default default] 10.0.0.214 "GET /v2.0/extensions/sorting HTTP/1.1" status: 200 len: 377 time: 0.0032673
2026-05-09 22:54:46.913 10 INFO neutron.wsgi [None req-f5d47bfa-ba4f-4867-9d08-889087e0b09a 2e69a6fc20914da59ee7ddc6984f8adc 17d32f8c70e64383bbd374e1bbfe4d4d - - default default] 10.0.0.214 "GET /v2.0/extensions/standard-attr-segment HTTP/1.1" status: 200 len: 406 time: 0.0051215
2026-05-09 22:54:46.921 10 INFO neutron.wsgi [None req-c4388543-5955-4aab-bc7e-1f3a2d927de5 2e69a6fc20914da59ee7ddc6984f8adc 17d32f8c70e64383bbd374e1bbfe4d4d - - default default] 10.0.0.214 "GET /v2.0/extensions/standard-attr-description HTTP/1.1" status: 200 len: 408 time: 0.0034733
2026-05-09 22:54:46.933 10 INFO neutron.wsgi [None req-3888eaba-bea2-4ddb-b558-8386a08b9b9d 2e69a6fc20914da59ee7ddc6984f8adc 17d32f8c70e64383bbd374e1bbfe4d4d - - default default] 10.0.0.214 "GET /v2.0/extensions/stateful-security-group HTTP/1.1" status: 200 len: 402 time: 0.0065098
2026-05-09 22:54:46.940 10 INFO neutron.wsgi [None req-1253cb45-d461-46a0-8cfe-968690db85bf 2e69a6fc20914da59ee7ddc6984f8adc 17d32f8c70e64383bbd374e1bbfe4d4d - - default default] 10.0.0.214 "GET /v2.0/extensions/subnet-dns-publish-fixed-ip HTTP/1.1" status: 200 len: 421 time: 0.0032074
2026-05-09 22:54:46.949 10 INFO neutron.wsgi [None req-0feede9b-6ae5-4f68-861a-e79175235ae1 2e69a6fc20914da59ee7ddc6984f8adc 17d32f8c70e64383bbd374e1bbfe4d4d - - default default] 10.0.0.214 "GET /v2.0/extensions/subnet-segmentid-writable HTTP/1.1" status: 200 len: 421 time: 0.0041022
2026-05-09 22:54:46.966 10 INFO neutron.wsgi [None req-80b7b11d-d8c9-4dad-bcfb-45439a33aac3 2e69a6fc20914da59ee7ddc6984f8adc 17d32f8c70e64383bbd374e1bbfe4d4d - - default default] 10.0.0.214 "GET /v2.0/extensions/subnet-service-types HTTP/1.1" status: 200 len: 400 time: 0.0055389
2026-05-09 22:54:46.975 10 INFO neutron.wsgi [None req-3abf60c6-7b0f-49eb-9ac8-f6a9d4f176da 2e69a6fc20914da59ee7ddc6984f8adc 17d32f8c70e64383bbd374e1bbfe4d4d - - default default] 10.0.0.214 "GET /v2.0/extensions/subnet_allocation HTTP/1.1" status: 200 len: 388 time: 0.0047565
2026-05-09 22:54:46.983 10 INFO neutron.wsgi [None req-42e0764d-10f0-4aa7-bf0b-899b2192534e 2e69a6fc20914da59ee7ddc6984f8adc 17d32f8c70e64383bbd374e1bbfe4d4d - - default default] 10.0.0.214 "GET /v2.0/extensions/subnetpool-prefix-ops HTTP/1.1" status: 200 len: 418 time: 0.0040236
2026-05-09 22:54:46.990 10 INFO neutron.wsgi [None req-85a05039-1d1c-49eb-95ec-e25c1de01a28 2e69a6fc20914da59ee7ddc6984f8adc 17d32f8c70e64383bbd374e1bbfe4d4d - - default default] 10.0.0.214 "GET /v2.0/extensions/standard-attr-tag HTTP/1.1" status: 200 len: 537 time: 0.0041127
2026-05-09 22:54:47.000 10 INFO neutron.wsgi [None req-36f02fa1-493a-4892-b734-8c0203a70236 2e69a6fc20914da59ee7ddc6984f8adc 17d32f8c70e64383bbd374e1bbfe4d4d - - default default] 10.0.0.214 "GET /v2.0/extensions/standard-attr-timestamp HTTP/1.1" status: 200 len: 449 time: 0.0041823
2026-05-09 22:54:47.008 10 INFO neutron.wsgi [None req-9b70c7ab-0d53-4ed7-8603-0da3d0000bcd 2e69a6fc20914da59ee7ddc6984f8adc 17d32f8c70e64383bbd374e1bbfe4d4d - - default default] 10.0.0.214 "GET /v2.0/extensions/trunk HTTP/1.1" status: 200 len: 358 time: 0.0044937
2026-05-09 22:54:47.016 10 INFO neutron.wsgi [None req-c0590e55-2410-42c9-a0b3-f30b13c367e3 2e69a6fc20914da59ee7ddc6984f8adc 17d32f8c70e64383bbd374e1bbfe4d4d - - default default] 10.0.0.214 "GET /v2.0/extensions/trunk-details HTTP/1.1" status: 200 len: 362 time: 0.0041673
2026-05-09 22:54:47.099 9 INFO neutron.db.ovn_revision_numbers_db [None req-71f043e5-1309-4e04-8b43-f38cc1602804 - - - - - -] Successfully bumped revision number for resource ff35e460-88cb-43d6-a7a2-9f7a9355e2e4 (type: router_ports) to 2
2026-05-09 22:54:47.515 9 INFO neutron.db.ovn_revision_numbers_db [None req-446123d7-725b-4e7d-bd02-7d3bd35be32e 8df602c576ed4eb7a388b6ec3d9f6864 b51fdf18aad844e4af18a455445db30d - - default default] Successfully bumped revision number for resource ff35e460-88cb-43d6-a7a2-9f7a9355e2e4 (type: router_ports) to 2
2026-05-09 22:54:47.517 9 INFO neutron.wsgi [None req-446123d7-725b-4e7d-bd02-7d3bd35be32e 8df602c576ed4eb7a388b6ec3d9f6864 b51fdf18aad844e4af18a455445db30d - - default default] 10.0.0.214 "PUT /v2.0/routers/724e7e47-afdf-4e74-be6b-aeb240f9c570/add_router_interface HTTP/1.1" status: 200 len: 503 time: 2.2021832
2026-05-09 22:54:47.815 10 INFO neutron.db.ovn_revision_numbers_db [None req-5998ee80-7f00-4761-ab1e-ca2376d7b1fc 8df602c576ed4eb7a388b6ec3d9f6864 b51fdf18aad844e4af18a455445db30d - - default default] Successfully bumped revision number for resource f16a257e-cec8-4be3-81a9-d78eb61cac99 (type: security_groups) to 1
2026-05-09 22:54:47.834 10 INFO neutron.db.ovn_revision_numbers_db [None req-5998ee80-7f00-4761-ab1e-ca2376d7b1fc 8df602c576ed4eb7a388b6ec3d9f6864 b51fdf18aad844e4af18a455445db30d - - default default] Successfully bumped revision number for resource 1d144fe1-67b3-42bd-ad7d-360063b5aa47 (type: security_group_rules) to 0
2026-05-09 22:54:47.849 10 INFO neutron.db.ovn_revision_numbers_db [None req-5998ee80-7f00-4761-ab1e-ca2376d7b1fc 8df602c576ed4eb7a388b6ec3d9f6864 b51fdf18aad844e4af18a455445db30d - - default default] Successfully bumped revision number for resource 3264ee0a-716e-4ccc-8b9a-7f788ecdc17e (type: security_group_rules) to 0
2026-05-09 22:54:47.863 10 INFO neutron.db.ovn_revision_numbers_db [None req-5998ee80-7f00-4761-ab1e-ca2376d7b1fc 8df602c576ed4eb7a388b6ec3d9f6864 b51fdf18aad844e4af18a455445db30d - - default default] Successfully bumped revision number for resource 432623b2-c24e-4801-b922-83fbf1a471e3 (type: security_group_rules) to 0
2026-05-09 22:54:47.887 10 INFO neutron.db.ovn_revision_numbers_db [None req-5998ee80-7f00-4761-ab1e-ca2376d7b1fc 8df602c576ed4eb7a388b6ec3d9f6864 b51fdf18aad844e4af18a455445db30d - - default default] Successfully bumped revision number for resource 7d77bd69-f729-4160-9ab1-9ba659fa828b (type: security_group_rules) to 0
2026-05-09 22:54:47.910 10 INFO neutron.wsgi [None req-5998ee80-7f00-4761-ab1e-ca2376d7b1fc 8df602c576ed4eb7a388b6ec3d9f6864 b51fdf18aad844e4af18a455445db30d - - default default] 10.0.0.214 "GET /v2.0/security-groups?tenant_id=17d32f8c70e64383bbd374e1bbfe4d4d&name=default HTTP/1.1" status: 200 len: 2996 time: 0.4822671
2026-05-09 22:54:48.135 9 WARNING neutron_lib.context [None req-b5294eeb-d0c2-4817-abd0-a303a4c0527c b838a384d4b7466984086bf1cfd795ef 4d2c77d497144d649b1dcd61203d08a0 - - default default] Method 'is_advsvc' is deprecated since 2023.2 release (neutron-lib 3.8.0) and will be removed once support for the old RBAC API policies will be removed from Neutron. Please use method 'is_service_role' instead.
2026-05-09 22:54:48.174 10 INFO neutron.wsgi [None req-172cb4ae-c5a0-4307-a5b0-d0553a328bda 8df602c576ed4eb7a388b6ec3d9f6864 b51fdf18aad844e4af18a455445db30d - - default default] 10.0.0.214 "DELETE /v2.0/security-groups/f16a257e-cec8-4be3-81a9-d78eb61cac99 HTTP/1.1" status: 204 len: 168 time: 0.2571707
2026-05-09 22:54:48.275 9 INFO neutron.db.ovn_revision_numbers_db [None req-b5294eeb-d0c2-4817-abd0-a303a4c0527c b838a384d4b7466984086bf1cfd795ef 4d2c77d497144d649b1dcd61203d08a0 - - default default] Successfully bumped revision number for resource d8ecfb68-4fbd-4ee6-943d-f25884d84f94 (type: security_groups) to 1
2026-05-09 22:54:48.297 9 INFO neutron.db.ovn_revision_numbers_db [None req-b5294eeb-d0c2-4817-abd0-a303a4c0527c b838a384d4b7466984086bf1cfd795ef 4d2c77d497144d649b1dcd61203d08a0 - - default default] Successfully bumped revision number for resource 41adbd52-585a-41c5-bf50-8d1e4711709b (type: security_group_rules) to 0
2026-05-09 22:54:48.329 9 INFO neutron.db.ovn_revision_numbers_db [None req-b5294eeb-d0c2-4817-abd0-a303a4c0527c b838a384d4b7466984086bf1cfd795ef 4d2c77d497144d649b1dcd61203d08a0 - - default default] Successfully bumped revision number for resource 446947c4-d242-4cab-b463-49b2cff3f5fe (type: security_group_rules) to 0
2026-05-09 22:54:48.357 9 INFO neutron.wsgi [None req-b5294eeb-d0c2-4817-abd0-a303a4c0527c b838a384d4b7466984086bf1cfd795ef 4d2c77d497144d649b1dcd61203d08a0 - - default default] 10.0.0.214 "POST /v2.0/security-groups HTTP/1.1" status: 201 len: 1795 time: 0.2297885
2026-05-09 22:54:48.375 10 WARNING neutron_lib.context [None req-6d97a633-75eb-4fc2-8ada-feb2aac17bec b838a384d4b7466984086bf1cfd795ef 4d2c77d497144d649b1dcd61203d08a0 - - default default] Method 'is_advsvc' is deprecated since 2023.2 release (neutron-lib 3.8.0) and will be removed once support for the old RBAC API policies will be removed from Neutron. Please use method 'is_service_role' instead.
2026-05-09 22:54:48.523 10 INFO neutron.db.ovn_revision_numbers_db [None req-6d97a633-75eb-4fc2-8ada-feb2aac17bec b838a384d4b7466984086bf1cfd795ef 4d2c77d497144d649b1dcd61203d08a0 - - default default] Successfully bumped revision number for resource 765d78e4-c742-4775-aa62-c80546a11258 (type: security_group_rules) to 0
2026-05-09 22:54:48.552 10 INFO neutron.wsgi [None req-6d97a633-75eb-4fc2-8ada-feb2aac17bec b838a384d4b7466984086bf1cfd795ef 4d2c77d497144d649b1dcd61203d08a0 - - default default] 10.0.0.214 "POST /v2.0/security-group-rules HTTP/1.1" status: 201 len: 764 time: 0.1837163
2026-05-09 22:54:48.564 10 WARNING neutron_lib.context [None req-90ff6b9d-2d66-4850-8cb2-22c6869fb933 b838a384d4b7466984086bf1cfd795ef 4d2c77d497144d649b1dcd61203d08a0 - - default default] Method 'is_advsvc' is deprecated since 2023.2 release (neutron-lib 3.8.0) and will be removed once support for the old RBAC API policies will be removed from Neutron. Please use method 'is_service_role' instead.
2026-05-09 22:54:48.612 9 INFO neutron.wsgi [req-1eba9db7-c547-45f4-84e2-068a98b8f6b0 req-90c238b4-de3f-4f30-b2ff-c5220a6f468d d4562f01777744b295a7be1d84ed1cc3 b8079c7034a44764a84922c905a8f278 - - default default] 10.0.0.106 "GET /v2.0/ports?device_id=10864ff9-ecc1-4851-84b6-5a412011814a HTTP/1.1" status: 200 len: 1174 time: 0.0965884
2026-05-09 22:54:48.734 10 INFO neutron.db.ovn_revision_numbers_db [None req-90ff6b9d-2d66-4850-8cb2-22c6869fb933 b838a384d4b7466984086bf1cfd795ef 4d2c77d497144d649b1dcd61203d08a0 - - default default] Successfully bumped revision number for resource 8dd0f327-2d3e-4bc4-b925-815420213f6d (type: security_group_rules) to 0
2026-05-09 22:54:48.773 10 INFO neutron.wsgi [None req-90ff6b9d-2d66-4850-8cb2-22c6869fb933 b838a384d4b7466984086bf1cfd795ef 4d2c77d497144d649b1dcd61203d08a0 - - default default] 10.0.0.214 "POST /v2.0/security-group-rules HTTP/1.1" status: 201 len: 769 time: 0.2132514
2026-05-09 22:54:48.782 10 WARNING neutron_lib.context [None req-5cc2c6dc-481e-4199-b982-056a35e57f7f b838a384d4b7466984086bf1cfd795ef 4d2c77d497144d649b1dcd61203d08a0 - - default default] Method 'is_advsvc' is deprecated since 2023.2 release (neutron-lib 3.8.0) and will be removed once support for the old RBAC API policies will be removed from Neutron. Please use method 'is_service_role' instead.
2026-05-09 22:54:48.789 10 INFO neutron.wsgi [req-cd6e6f89-65a7-4bab-bf5c-e0029a636ddb req-54c3b4a6-b35d-44aa-a575-742ae595ea33 d4562f01777744b295a7be1d84ed1cc3 b8079c7034a44764a84922c905a8f278 - - default default] 10.0.0.106 "GET /v2.0/ports/b2a2cd5b-91d0-48a6-bdd9-4432253314e7 HTTP/1.1" status: 200 len: 1171 time: 0.1251957
2026-05-09 22:54:48.994 10 INFO neutron.wsgi [req-9f40ef74-626e-4899-b4d3-eac12111ec98 req-f7e16f8b-de3f-4938-b776-da1a92d6ac03 d4562f01777744b295a7be1d84ed1cc3 b8079c7034a44764a84922c905a8f278 - - default default] 199.204.45.35 "GET /v2.0/subnets?network_id=7707bf81-3b24-421a-a191-b0c5a76aa21d HTTP/1.1" status: 200 len: 859 time: 0.0636520
2026-05-09 22:54:49.063 10 INFO neutron.wsgi [req-9f40ef74-626e-4899-b4d3-eac12111ec98 req-96674726-f776-422e-b640-38f14114bb28 d4562f01777744b295a7be1d84ed1cc3 b8079c7034a44764a84922c905a8f278 - - default default] 199.204.45.35 "GET /v2.0/ports?device_id=10864ff9-ecc1-4851-84b6-5a412011814a&device_owner=compute%3Anova&network_id=7707bf81-3b24-421a-a191-b0c5a76aa21d HTTP/1.1" status: 200 len: 1174 time: 0.0643792
