2026-05-09 22:59:13.282 9 INFO neutron.wsgi [req-a3a08464-7a0e-4d60-8ae5-6d71e85c1735 req-813ed451-d736-4a0e-907f-c22926e379bc 85346ff96472477b85427d9835cf6455 a87c074d5f924c5685712dc6e41e38b3 - - 6c1a401fdf844f518769ed403dc14c20 6c1a401fdf844f518769ed403dc14c20] 199.204.45.35 "GET /v2.0/ports?tenant_id=b51fdf18aad844e4af18a455445db30d&device_id=4b6cae2a-b9fe-4cd7-bae1-1aa09af7a9e7 HTTP/1.1" status: 200 len: 1411 time: 0.0380480
2026-05-09 22:59:13.312 9 INFO neutron.wsgi [req-a3a08464-7a0e-4d60-8ae5-6d71e85c1735 req-62d4a992-59cf-42a4-b1b2-28d1f015623a 85346ff96472477b85427d9835cf6455 a87c074d5f924c5685712dc6e41e38b3 - - 6c1a401fdf844f518769ed403dc14c20 6c1a401fdf844f518769ed403dc14c20] 199.204.45.35 "GET /v2.0/floatingips?fixed_ip_address=172.24.0.44&port_id=26fd9f40-9215-44da-9379-490276f4bef5 HTTP/1.1" status: 200 len: 217 time: 0.0225418
2026-05-09 22:59:13.348 9 INFO neutron.wsgi [req-a3a08464-7a0e-4d60-8ae5-6d71e85c1735 req-75213ec8-69dd-4bb8-b5a4-e78de86fabd8 85346ff96472477b85427d9835cf6455 a87c074d5f924c5685712dc6e41e38b3 - - 6c1a401fdf844f518769ed403dc14c20 6c1a401fdf844f518769ed403dc14c20] 199.204.45.35 "GET /v2.0/subnets?id=8a0ceefe-f729-42e1-b45b-c04f7f88fbf8 HTTP/1.1" status: 200 len: 829 time: 0.0294714
2026-05-09 22:59:13.379 9 INFO neutron.wsgi [req-a3a08464-7a0e-4d60-8ae5-6d71e85c1735 req-a3de2d85-506e-46cb-b087-87321e5e4e3b 85346ff96472477b85427d9835cf6455 a87c074d5f924c5685712dc6e41e38b3 - - 6c1a401fdf844f518769ed403dc14c20 6c1a401fdf844f518769ed403dc14c20] 199.204.45.35 "GET /v2.0/ports?network_id=abff8c3d-7a4a-4ea7-b500-ee7bc29bb0ff&device_owner=network%3Adhcp HTTP/1.1" status: 200 len: 210 time: 0.0244446
2026-05-09 22:59:13.438 9 INFO neutron.wsgi [req-a3a08464-7a0e-4d60-8ae5-6d71e85c1735 req-fbca3bd0-4d8c-4a06-a918-40aba6605ab9 85346ff96472477b85427d9835cf6455 a87c074d5f924c5685712dc6e41e38b3 - - 6c1a401fdf844f518769ed403dc14c20 6c1a401fdf844f518769ed403dc14c20] 199.204.45.35 "GET /v2.0/networks/abff8c3d-7a4a-4ea7-b500-ee7bc29bb0ff?fields=segments HTTP/1.1" status: 200 len: 212 time: 0.0515990
2026-05-09 22:59:13.501 9 INFO neutron.wsgi [req-a3a08464-7a0e-4d60-8ae5-6d71e85c1735 req-038e6445-b659-4d0d-870e-b70e3564547d 85346ff96472477b85427d9835cf6455 a87c074d5f924c5685712dc6e41e38b3 - - 6c1a401fdf844f518769ed403dc14c20 6c1a401fdf844f518769ed403dc14c20] 199.204.45.35 "GET /v2.0/networks/abff8c3d-7a4a-4ea7-b500-ee7bc29bb0ff?fields=provider%3Aphysical_network&fields=provider%3Anetwork_type HTTP/1.1" status: 200 len: 277 time: 0.0584455
2026-05-09 22:59:13.595 9 INFO neutron.wsgi [req-9f574bba-0c3c-45af-9b24-6f3570e92e12 req-ea7d789d-94da-443a-9726-03d8ab272c31 85346ff96472477b85427d9835cf6455 a87c074d5f924c5685712dc6e41e38b3 - - 6c1a401fdf844f518769ed403dc14c20 6c1a401fdf844f518769ed403dc14c20] 199.204.45.35 "GET /v2.0/ports?tenant_id=b51fdf18aad844e4af18a455445db30d&device_id=4b6cae2a-b9fe-4cd7-bae1-1aa09af7a9e7 HTTP/1.1" status: 200 len: 1411 time: 0.0536392
2026-05-09 22:59:13.657 9 INFO neutron.wsgi [req-9f574bba-0c3c-45af-9b24-6f3570e92e12 req-29390c22-19ef-4352-9748-6c266104f591 85346ff96472477b85427d9835cf6455 a87c074d5f924c5685712dc6e41e38b3 - - 6c1a401fdf844f518769ed403dc14c20 6c1a401fdf844f518769ed403dc14c20] 199.204.45.35 "GET /v2.0/networks?id=abff8c3d-7a4a-4ea7-b500-ee7bc29bb0ff HTTP/1.1" status: 200 len: 937 time: 0.0556576
2026-05-09 22:59:13.692 9 INFO neutron.wsgi [req-9f574bba-0c3c-45af-9b24-6f3570e92e12 req-43b64d4d-0674-41ea-8ef3-c67f0883be4d 85346ff96472477b85427d9835cf6455 a87c074d5f924c5685712dc6e41e38b3 - - 6c1a401fdf844f518769ed403dc14c20 6c1a401fdf844f518769ed403dc14c20] 199.204.45.35 "GET /v2.0/floatingips?fixed_ip_address=172.24.0.44&port_id=26fd9f40-9215-44da-9379-490276f4bef5 HTTP/1.1" status: 200 len: 217 time: 0.0241168
2026-05-09 22:59:13.726 9 INFO neutron.wsgi [req-9f574bba-0c3c-45af-9b24-6f3570e92e12 req-5ed78825-9de6-492d-b498-496f32ee9b2a 85346ff96472477b85427d9835cf6455 a87c074d5f924c5685712dc6e41e38b3 - - 6c1a401fdf844f518769ed403dc14c20 6c1a401fdf844f518769ed403dc14c20] 199.204.45.35 "GET /v2.0/subnets?id=8a0ceefe-f729-42e1-b45b-c04f7f88fbf8 HTTP/1.1" status: 200 len: 829 time: 0.0307763
2026-05-09 22:59:13.735 10 INFO neutron.wsgi [req-7762b773-de98-46d9-b1c5-6652ddd910db req-82544dfc-cd9b-49ec-a3eb-2b444672b29c 85346ff96472477b85427d9835cf6455 a87c074d5f924c5685712dc6e41e38b3 - - 6c1a401fdf844f518769ed403dc14c20 6c1a401fdf844f518769ed403dc14c20] 199.204.45.35 "GET /v2.0/ports?device_id=4b6cae2a-b9fe-4cd7-bae1-1aa09af7a9e7 HTTP/1.1" status: 200 len: 1411 time: 0.0498698
2026-05-09 22:59:13.750 9 INFO neutron.wsgi [req-9f574bba-0c3c-45af-9b24-6f3570e92e12 req-33ddf94c-a937-4e31-8971-e32a839d7a8f 85346ff96472477b85427d9835cf6455 a87c074d5f924c5685712dc6e41e38b3 - - 6c1a401fdf844f518769ed403dc14c20 6c1a401fdf844f518769ed403dc14c20] 199.204.45.35 "GET /v2.0/ports?network_id=abff8c3d-7a4a-4ea7-b500-ee7bc29bb0ff&device_owner=network%3Adhcp HTTP/1.1" status: 200 len: 210 time: 0.0178518
2026-05-09 22:59:13.779 10 INFO neutron.wsgi [req-7762b773-de98-46d9-b1c5-6652ddd910db req-6a69aba3-cbc2-4633-b7af-1a61a39f6ddf 85346ff96472477b85427d9835cf6455 a87c074d5f924c5685712dc6e41e38b3 - - 6c1a401fdf844f518769ed403dc14c20 6c1a401fdf844f518769ed403dc14c20] 199.204.45.35 "GET /v2.0/security-groups?id=6d1cef21-45aa-4ec4-a167-12c14b301fea&fields=id&fields=name HTTP/1.1" status: 200 len: 294 time: 0.0400081
2026-05-09 22:59:13.812 9 INFO neutron.wsgi [req-9f574bba-0c3c-45af-9b24-6f3570e92e12 req-7e3c3d6a-fa67-450c-9d92-fbe958603164 85346ff96472477b85427d9835cf6455 a87c074d5f924c5685712dc6e41e38b3 - - 6c1a401fdf844f518769ed403dc14c20 6c1a401fdf844f518769ed403dc14c20] 199.204.45.35 "GET /v2.0/networks/abff8c3d-7a4a-4ea7-b500-ee7bc29bb0ff?fields=segments HTTP/1.1" status: 200 len: 212 time: 0.0559740
2026-05-09 22:59:13.871 9 INFO neutron.plugins.ml2.drivers.ovn.mech_driver.mech_driver [None req-71f043e5-1309-4e04-8b43-f38cc1602804 - - - - - -] OVN reports status up for port: 26fd9f40-9215-44da-9379-490276f4bef5
2026-05-09 22:59:13.885 9 INFO neutron.plugins.ml2.plugin [None req-71f043e5-1309-4e04-8b43-f38cc1602804 - - - - - -] Attempt 1 to provision port 26fd9f40-9215-44da-9379-490276f4bef5
2026-05-09 22:59:13.902 9 INFO neutron.wsgi [req-9f574bba-0c3c-45af-9b24-6f3570e92e12 req-62c3247c-9df6-4722-8758-c4c3d098561d 85346ff96472477b85427d9835cf6455 a87c074d5f924c5685712dc6e41e38b3 - - 6c1a401fdf844f518769ed403dc14c20 6c1a401fdf844f518769ed403dc14c20] 199.204.45.35 "GET /v2.0/networks/abff8c3d-7a4a-4ea7-b500-ee7bc29bb0ff?fields=provider%3Aphysical_network&fields=provider%3Anetwork_type HTTP/1.1" status: 200 len: 277 time: 0.0788395
2026-05-09 22:59:14.203 9 INFO neutron.db.ovn_revision_numbers_db [None req-71f043e5-1309-4e04-8b43-f38cc1602804 - - - - - -] Successfully bumped revision number for resource 26fd9f40-9215-44da-9379-490276f4bef5 (type: ports) to 4
2026-05-09 22:59:14.359 10 INFO neutron.wsgi [req-f8912be5-1030-4e90-bdad-0fd8902acc15 req-963626bc-8040-410e-b347-010c4ea4f4dc 8df602c576ed4eb7a388b6ec3d9f6864 b51fdf18aad844e4af18a455445db30d - - default default] 10.0.0.106 "GET /v2.0/ports?device_id=4b6cae2a-b9fe-4cd7-bae1-1aa09af7a9e7 HTTP/1.1" status: 200 len: 1413 time: 0.0447886
2026-05-09 22:59:14.407 10 INFO neutron.wsgi [req-f8912be5-1030-4e90-bdad-0fd8902acc15 req-98777078-ba87-4b67-bac0-ba500145fd87 8df602c576ed4eb7a388b6ec3d9f6864 b51fdf18aad844e4af18a455445db30d - - default default] 10.0.0.106 "GET /v2.0/security-groups?id=6d1cef21-45aa-4ec4-a167-12c14b301fea&fields=id&fields=name HTTP/1.1" status: 200 len: 294 time: 0.0380132 /var/lib/openstack/lib/python3.10/site-packages/pycadf/identifier.py:71: UserWarning: Invalid uuid: neutron. To ensure interoperability, identifiers should be a valid uuid. warnings.warn(('Invalid uuid: %s. To ensure interoperability, '
2026-05-09 22:59:14.504 9 INFO neutron.wsgi [req-d8069c9e-b8cb-4d90-86c7-f4f3a199258e req-c3b50223-8234-46b2-8fda-74628c500374 8df602c576ed4eb7a388b6ec3d9f6864 b51fdf18aad844e4af18a455445db30d - - default default] 10.0.0.106 "GET /v2.0/ports?device_id=4b6cae2a-b9fe-4cd7-bae1-1aa09af7a9e7 HTTP/1.1" status: 200 len: 1413 time: 0.0359499
2026-05-09 22:59:15.254 9 INFO neutron.notifiers.nova [-] Nova event matching ['req-db8b1d11-bb98-4a0b-800d-94f4d3474bf9'] response: {'server_uuid': '4b6cae2a-b9fe-4cd7-bae1-1aa09af7a9e7', 'name': 'network-vif-plugged', 'status': 'completed', 'tag': '26fd9f40-9215-44da-9379-490276f4bef5', 'code': 200}
2026-05-09 22:59:15.254 9 INFO neutron.notifiers.nova [-] Nova event matching ['req-db8b1d11-bb98-4a0b-800d-94f4d3474bf9'] response: {'server_uuid': '4b6cae2a-b9fe-4cd7-bae1-1aa09af7a9e7', 'name': 'network-vif-plugged', 'status': 'completed', 'tag': '26fd9f40-9215-44da-9379-490276f4bef5', 'code': 200}
2026-05-09 22:59:15.361 9 INFO neutron.wsgi [-] 10.0.0.138 "GET / HTTP/1.1" status: 200 len: 247 time: 0.0018327
2026-05-09 22:59:15.361 10 INFO neutron.wsgi [-] 10.0.0.138 "GET / HTTP/1.1" status: 200 len: 247 time: 0.0024600
2026-05-09 22:59:17.289 10 INFO neutron.wsgi [req-60aab866-0b1e-47af-9df7-9dafa7764885 req-711a85d1-ddb2-4baf-a2da-f3d0cf501961 8df602c576ed4eb7a388b6ec3d9f6864 b51fdf18aad844e4af18a455445db30d - - default default] 10.0.0.106 "GET /v2.0/ports?device_id=4b6cae2a-b9fe-4cd7-bae1-1aa09af7a9e7 HTTP/1.1" status: 200 len: 1413 time: 0.0821102
2026-05-09 22:59:17.332 10 INFO neutron.wsgi [req-60aab866-0b1e-47af-9df7-9dafa7764885 req-acc89cc6-158d-40c6-b767-d75adba0f6cf 8df602c576ed4eb7a388b6ec3d9f6864 b51fdf18aad844e4af18a455445db30d - - default default] 10.0.0.106 "GET /v2.0/security-groups?id=6d1cef21-45aa-4ec4-a167-12c14b301fea&fields=id&fields=name HTTP/1.1" status: 200 len: 294 time: 0.0344317
2026-05-09 22:59:17.475 9 INFO neutron.wsgi [req-9691af14-1114-4bba-95df-0f78ee7131d9 req-e089c85f-76e1-431a-b13f-374b711b9167 8df602c576ed4eb7a388b6ec3d9f6864 b51fdf18aad844e4af18a455445db30d - - default default] 10.0.0.106 "GET /v2.0/ports?device_id=4b6cae2a-b9fe-4cd7-bae1-1aa09af7a9e7 HTTP/1.1" status: 200 len: 1413 time: 0.0875678
2026-05-09 22:59:30.360 9 INFO neutron.wsgi [-] 10.0.0.138 "GET / HTTP/1.1" status: 200 len: 247 time: 0.0018528
2026-05-09 22:59:30.363 10 INFO neutron.wsgi [-] 10.0.0.138 "GET / HTTP/1.1" status: 200 len: 247 time: 0.0029945
2026-05-09 22:59:30.715 9 INFO neutron.wsgi [req-40f1226e-ec6b-429c-9665-c3dc9c7c7cab req-29c5dfc6-eab5-4274-8136-39f627ecd4f5 85346ff96472477b85427d9835cf6455 a87c074d5f924c5685712dc6e41e38b3 - - 6c1a401fdf844f518769ed403dc14c20 6c1a401fdf844f518769ed403dc14c20] 199.204.45.35 "GET /v2.0/ports?device_id=fc45ba97-71b8-486d-bb24-112c18b2a813&fields=binding%3Ahost_id&fields=binding%3Avif_type HTTP/1.1" status: 200 len: 265 time: 0.1358221
2026-05-09 22:59:30.798 9 INFO neutron.wsgi [req-40f1226e-ec6b-429c-9665-c3dc9c7c7cab req-ca2a52c5-6041-400d-9f9c-b053510583a4 85346ff96472477b85427d9835cf6455 a87c074d5f924c5685712dc6e41e38b3 - - 6c1a401fdf844f518769ed403dc14c20 6c1a401fdf844f518769ed403dc14c20] 199.204.45.35 "GET /v2.0/ports?tenant_id=7d0cb4af5f264adc8ef32bc36fd8ee93&device_id=fc45ba97-71b8-486d-bb24-112c18b2a813 HTTP/1.1" status: 200 len: 1638 time: 0.0384436
2026-05-09 22:59:30.891 9 INFO neutron.wsgi [req-40f1226e-ec6b-429c-9665-c3dc9c7c7cab req-29651f17-f958-41a8-889a-fbb15732c9f9 85346ff96472477b85427d9835cf6455 a87c074d5f924c5685712dc6e41e38b3 - - 6c1a401fdf844f518769ed403dc14c20 6c1a401fdf844f518769ed403dc14c20] 199.204.45.35 "GET /v2.0/networks?id=45697be7-1da9-43bd-89a1-6426168c883e HTTP/1.1" status: 200 len: 1003 time: 0.0737922
2026-05-09 22:59:30.944 9 INFO neutron.wsgi [req-40f1226e-ec6b-429c-9665-c3dc9c7c7cab req-8b6268b9-a11b-4d6f-934b-2f39aaa5436c 85346ff96472477b85427d9835cf6455 a87c074d5f924c5685712dc6e41e38b3 - - 6c1a401fdf844f518769ed403dc14c20 6c1a401fdf844f518769ed403dc14c20] 199.204.45.35 "GET /v2.0/floatingips?fixed_ip_address=10.2.1.221&port_id=320e5d2d-a0e4-4463-be93-ffe173b847f6 HTTP/1.1" status: 200 len: 1059 time: 0.0466120
2026-05-09 22:59:30.978 9 INFO neutron.wsgi [req-40f1226e-ec6b-429c-9665-c3dc9c7c7cab req-6525441b-00eb-40a1-9f7d-a5fb3820c456 85346ff96472477b85427d9835cf6455 a87c074d5f924c5685712dc6e41e38b3 - - 6c1a401fdf844f518769ed403dc14c20 6c1a401fdf844f518769ed403dc14c20] 199.204.45.35 "GET /v2.0/floatingips?fixed_ip_address=fd7b%3Af9f7%3Afff%3A4eca%3A%3A2c1&port_id=320e5d2d-a0e4-4463-be93-ffe173b847f6 HTTP/1.1" status: 200 len: 217 time: 0.0257716
2026-05-09 22:59:31.017 9 INFO neutron.wsgi [req-40f1226e-ec6b-429c-9665-c3dc9c7c7cab req-acd06241-942a-4b1a-a1d1-b57cf7797180 85346ff96472477b85427d9835cf6455 a87c074d5f924c5685712dc6e41e38b3 - - 6c1a401fdf844f518769ed403dc14c20 6c1a401fdf844f518769ed403dc14c20] 199.204.45.35 "GET /v2.0/subnets?id=dc44b5f2-ad83-4687-963f-ceff30598e0c&id=86a1cc49-afd1-4862-aae7-2744e2ce2578 HTTP/1.1" status: 200 len: 1561 time: 0.0331440
2026-05-09 22:59:31.051 9 INFO neutron.wsgi [req-40f1226e-ec6b-429c-9665-c3dc9c7c7cab req-ba219e45-ac41-44a4-b47e-25ff68ad55b5 85346ff96472477b85427d9835cf6455 a87c074d5f924c5685712dc6e41e38b3 - - 6c1a401fdf844f518769ed403dc14c20 6c1a401fdf844f518769ed403dc14c20] 199.204.45.35 "GET /v2.0/ports?network_id=45697be7-1da9-43bd-89a1-6426168c883e&device_owner=network%3Adhcp HTTP/1.1" status: 200 len: 210 time: 0.0254521
2026-05-09 22:59:31.080 9 INFO neutron.wsgi [req-40f1226e-ec6b-429c-9665-c3dc9c7c7cab req-d80dc3e4-7393-499a-ac9e-2a8608c0bbcc 85346ff96472477b85427d9835cf6455 a87c074d5f924c5685712dc6e41e38b3 - - 6c1a401fdf844f518769ed403dc14c20 6c1a401fdf844f518769ed403dc14c20] 199.204.45.35 "GET /v2.0/ports?network_id=45697be7-1da9-43bd-89a1-6426168c883e&device_owner=network%3Adhcp HTTP/1.1" status: 200 len: 210 time: 0.0227442
2026-05-09 22:59:31.158 9 INFO neutron.wsgi [req-40f1226e-ec6b-429c-9665-c3dc9c7c7cab req-ada6e844-ef93-45d4-aaa1-2e5aa4e111f8 85346ff96472477b85427d9835cf6455 a87c074d5f924c5685712dc6e41e38b3 - - 6c1a401fdf844f518769ed403dc14c20 6c1a401fdf844f518769ed403dc14c20] 199.204.45.35 "GET /v2.0/networks/45697be7-1da9-43bd-89a1-6426168c883e?fields=segments HTTP/1.1" status: 200 len: 212 time: 0.0693183
2026-05-09 22:59:31.221 9 INFO neutron.wsgi [req-40f1226e-ec6b-429c-9665-c3dc9c7c7cab req-dc7a631b-8b45-417f-91c4-cfe039077b0c 85346ff96472477b85427d9835cf6455 a87c074d5f924c5685712dc6e41e38b3 - - 6c1a401fdf844f518769ed403dc14c20 6c1a401fdf844f518769ed403dc14c20] 199.204.45.35 "GET /v2.0/networks/45697be7-1da9-43bd-89a1-6426168c883e?fields=provider%3Aphysical_network&fields=provider%3Anetwork_type HTTP/1.1" status: 200 len: 277 time: 0.0592229
2026-05-09 22:59:34.015 10 INFO neutron.wsgi [None req-779f9889-1724-44f6-a3b6-a242c29c3dc1 8df602c576ed4eb7a388b6ec3d9f6864 b51fdf18aad844e4af18a455445db30d - - default default] 10.0.0.216 "GET /v2.0/routers HTTP/1.1" status: 200 len: 848 time: 0.1283791
2026-05-09 22:59:34.029 10 INFO neutron.wsgi [None req-0b8a8b38-7eb6-4ae3-8b61-358a4dfe6567 8df602c576ed4eb7a388b6ec3d9f6864 b51fdf18aad844e4af18a455445db30d - - default default] 10.0.0.216 "GET /v2.0/agents?binary=ovn-controller HTTP/1.1" status: 200 len: 591 time: 0.0127223
2026-05-09 22:59:34.048 10 INFO neutron.wsgi [None req-150d6c0b-d391-45a7-a271-d4d1682ae11d 8df602c576ed4eb7a388b6ec3d9f6864 b51fdf18aad844e4af18a455445db30d - - default default] 10.0.0.216 "GET /v2.0/network-ip-availabilities HTTP/1.1" status: 200 len: 3361 time: 0.0156522
2026-05-09 22:59:34.097 10 INFO neutron.wsgi [None req-300aba91-134a-4ef5-b874-e6b64219c280 8df602c576ed4eb7a388b6ec3d9f6864 b51fdf18aad844e4af18a455445db30d - - default default] 10.0.0.216 "GET /v2.0/subnets HTTP/1.1" status: 200 len: 5494 time: 0.0480924
2026-05-09 22:59:34.107 10 INFO neutron.wsgi [None req-043a62f6-1461-4641-9ae9-562d7b0134c2 8df602c576ed4eb7a388b6ec3d9f6864 b51fdf18aad844e4af18a455445db30d - - default default] 10.0.0.216 "GET /v2.0/subnetpools HTTP/1.1" status: 200 len: 193 time: 0.0085759
2026-05-09 22:59:34.178 10 INFO neutron.wsgi [None req-371d3276-d2d4-4450-b661-7dae2c8bf64f 8df602c576ed4eb7a388b6ec3d9f6864 b51fdf18aad844e4af18a455445db30d - - default default] 10.0.0.216 "GET /v2.0/networks HTTP/1.1" status: 200 len: 4721 time: 0.0699251
2026-05-09 22:59:34.269 10 INFO neutron.wsgi [None req-ccceadc5-88b5-4f7c-aab0-83613f7da8f1 8df602c576ed4eb7a388b6ec3d9f6864 b51fdf18aad844e4af18a455445db30d - - default default] 10.0.0.216 "GET /v2.0/ports HTTP/1.1" status: 200 len: 19913 time: 0.0868282
2026-05-09 22:59:34.337 10 INFO neutron.wsgi [None req-84979491-8357-460b-8afa-feda4a90b2e0 8df602c576ed4eb7a388b6ec3d9f6864 b51fdf18aad844e4af18a455445db30d - - default default] 10.0.0.216 "GET /v2.0/subnets HTTP/1.1" status: 200 len: 5494 time: 0.0503592
2026-05-09 22:59:34.392 10 INFO neutron.wsgi [None req-8b606374-e0cb-4f69-9258-8b6e7c54b200 8df602c576ed4eb7a388b6ec3d9f6864 b51fdf18aad844e4af18a455445db30d - - default default] 10.0.0.216 "GET /v2.0/floatingips HTTP/1.1" status: 200 len: 1879 time: 0.0531936
2026-05-09 22:59:34.457 10 INFO neutron.wsgi [None req-ac66a0fd-e16d-4b0a-a2f5-81c47123231d 8df602c576ed4eb7a388b6ec3d9f6864 b51fdf18aad844e4af18a455445db30d - - default default] 10.0.0.216 "GET /v2.0/security-groups HTTP/1.1" status: 200 len: 29088 time: 0.0640123
2026-05-09 22:59:34.487 10 INFO neutron.wsgi [None req-172a33d0-7dba-4524-bf12-65b1c72497a2 8df602c576ed4eb7a388b6ec3d9f6864 b51fdf18aad844e4af18a455445db30d - - default default] 10.0.0.216 "GET /v2.0/agents HTTP/1.1" status: 200 len: 997 time: 0.0181904
2026-05-09 22:59:45.361 9 INFO neutron.wsgi [-] 10.0.0.138 "GET / HTTP/1.1" status: 200 len: 247 time: 0.0026560
2026-05-09 22:59:45.361 10 INFO neutron.wsgi [-] 10.0.0.138 "GET / HTTP/1.1" status: 200 len: 247 time: 0.0028560
2026-05-09 22:59:50.760 10 INFO neutron.wsgi [None req-e973f9e6-818d-4670-b57e-150ebedc3f00 8df602c576ed4eb7a388b6ec3d9f6864 b51fdf18aad844e4af18a455445db30d - - default default] 199.204.45.35 "GET /v2.0/extensions/security-group HTTP/1.1" status: 200 len: 369 time: 0.0070691
2026-05-09 22:59:50.772 10 INFO neutron.wsgi [None req-1f55a86f-7308-4062-9514-f5f9be8aac0f 8df602c576ed4eb7a388b6ec3d9f6864 b51fdf18aad844e4af18a455445db30d - - default default] 199.204.45.35 "GET /v2.0/extensions/dns-integration HTTP/1.1" status: 200 len: 371 time: 0.0059814
2026-05-09 22:59:50.781 10 INFO neutron.wsgi [None req-0c317d6e-6097-4081-983a-fa905545fb80 8df602c576ed4eb7a388b6ec3d9f6864 b51fdf18aad844e4af18a455445db30d - - default default] 199.204.45.35 "GET /v2.0/extensions/qos HTTP/1.1" status: 200 len: 365 time: 0.0051694
2026-05-09 22:59:50.789 10 INFO neutron.wsgi [None req-b77579dd-9738-4b0c-aba9-a0cb3727764a 8df602c576ed4eb7a388b6ec3d9f6864 b51fdf18aad844e4af18a455445db30d - - default default] 199.204.45.35 "GET /v2.0/extensions/allowed-address-pairs HTTP/1.1" status: 200 len: 383 time: 0.0040541
2026-05-09 22:59:50.827 10 INFO neutron.wsgi [None req-37f134c9-4524-47e5-84af-b89df777824d 8df602c576ed4eb7a388b6ec3d9f6864 b51fdf18aad844e4af18a455445db30d - - default default] 199.204.45.35 "GET /v2.0/subnets/54f78f57-25d4-4098-a167-2070d21a6a9f HTTP/1.1" status: 200 len: 850 time: 0.0343583
2026-05-09 22:59:50.880 10 INFO neutron.wsgi [None req-9c61216d-860b-4020-891c-3561d6ca383b 8df602c576ed4eb7a388b6ec3d9f6864 b51fdf18aad844e4af18a455445db30d - - default default] 199.204.45.35 "GET /v2.0/ports?device_id=4b6cae2a-b9fe-4cd7-bae1-1aa09af7a9e7 HTTP/1.1" status: 200 len: 1413 time: 0.0398319
2026-05-09 22:59:51.160 10 WARNING neutron.scheduler.dhcp_agent_scheduler [None req-3e9c2a2e-9191-4673-8e6c-6597310fdfbd 8df602c576ed4eb7a388b6ec3d9f6864 b51fdf18aad844e4af18a455445db30d - - default default] No more DHCP agents
2026-05-09 22:59:51.162 10 WARNING neutron.api.rpc.agentnotifiers.dhcp_rpc_agent_api [None req-3e9c2a2e-9191-4673-8e6c-6597310fdfbd 8df602c576ed4eb7a388b6ec3d9f6864 b51fdf18aad844e4af18a455445db30d - - default default] Unable to schedule network 64dd60ee-326f-49be-a679-80e45915b2af: no agents available; will retry on subsequent port and subnet creation events.
2026-05-09 22:59:51.328 10 INFO neutron.db.ovn_revision_numbers_db [None req-3e9c2a2e-9191-4673-8e6c-6597310fdfbd 8df602c576ed4eb7a388b6ec3d9f6864 b51fdf18aad844e4af18a455445db30d - - default default] Successfully bumped revision number for resource f56aeac2-8af7-4082-83d9-a1be376bd411 (type: ports) to 1
2026-05-09 22:59:51.350 10 INFO neutron.wsgi [None req-3e9c2a2e-9191-4673-8e6c-6597310fdfbd 8df602c576ed4eb7a388b6ec3d9f6864 b51fdf18aad844e4af18a455445db30d - - default default] 199.204.45.35 "POST /v2.0/ports HTTP/1.1" status: 201 len: 1298 time: 0.4600286
2026-05-09 22:59:51.443 9 INFO neutron.wsgi [req-f0aa78de-712f-4318-90a7-191ee3ea27de req-f382c6d8-0715-4683-8fd3-c9f9c48dd02e 8df602c576ed4eb7a388b6ec3d9f6864 b51fdf18aad844e4af18a455445db30d - - default default] 10.0.0.106 "GET /v2.0/ports/f56aeac2-8af7-4082-83d9-a1be376bd411 HTTP/1.1" status: 200 len: 1293 time: 0.0370851
2026-05-09 22:59:51.459 9 INFO neutron.wsgi [req-f0aa78de-712f-4318-90a7-191ee3ea27de req-7f629075-0814-4e8a-b9cb-472261aead37 8df602c576ed4eb7a388b6ec3d9f6864 b51fdf18aad844e4af18a455445db30d - - default default] 10.0.0.106 "GET /v2.0/extensions HTTP/1.1" status: 200 len: 16980 time: 0.0080118
2026-05-09 22:59:51.570 9 INFO neutron.wsgi [req-f0aa78de-712f-4318-90a7-191ee3ea27de req-82247364-448a-4c6d-919a-0d91b3ea3683 85346ff96472477b85427d9835cf6455 a87c074d5f924c5685712dc6e41e38b3 - - 6c1a401fdf844f518769ed403dc14c20 6c1a401fdf844f518769ed403dc14c20] 199.204.45.35 "GET /v2.0/ports/f56aeac2-8af7-4082-83d9-a1be376bd411?fields=binding%3Avnic_type&fields=binding%3Aprofile&fields=network_id&fields=resource_request&fields=numa_affinity_policy&fields=device_profile HTTP/1.1" status: 200 len: 335 time: 0.0370336
2026-05-09 22:59:51.630 9 INFO neutron.wsgi [req-f0aa78de-712f-4318-90a7-191ee3ea27de req-b09563d6-a1dd-4e07-baab-9c2498fe340c 85346ff96472477b85427d9835cf6455 a87c074d5f924c5685712dc6e41e38b3 - - 6c1a401fdf844f518769ed403dc14c20 6c1a401fdf844f518769ed403dc14c20] 199.204.45.35 "GET /v2.0/networks/64dd60ee-326f-49be-a679-80e45915b2af?fields=segments HTTP/1.1" status: 200 len: 212 time: 0.0530906
2026-05-09 22:59:51.692 9 INFO neutron.wsgi [req-f0aa78de-712f-4318-90a7-191ee3ea27de req-7a183928-3423-411b-8ab3-6681175f5e83 85346ff96472477b85427d9835cf6455 a87c074d5f924c5685712dc6e41e38b3 - - 6c1a401fdf844f518769ed403dc14c20 6c1a401fdf844f518769ed403dc14c20] 199.204.45.35 "GET /v2.0/networks/64dd60ee-326f-49be-a679-80e45915b2af?fields=provider%3Aphysical_network&fields=provider%3Anetwork_type HTTP/1.1" status: 200 len: 277 time: 0.0536001
2026-05-09 22:59:51.745 9 INFO neutron.wsgi [req-f0aa78de-712f-4318-90a7-191ee3ea27de req-1df3b3a6-73cb-41d3-9578-e246fe85bab7 85346ff96472477b85427d9835cf6455 a87c074d5f924c5685712dc6e41e38b3 - - 6c1a401fdf844f518769ed403dc14c20 6c1a401fdf844f518769ed403dc14c20] 199.204.45.35 "GET /v2.0/ports/f56aeac2-8af7-4082-83d9-a1be376bd411 HTTP/1.1" status: 200 len: 1293 time: 0.0343692
2026-05-09 22:59:51.810 9 INFO neutron.wsgi [req-f0aa78de-712f-4318-90a7-191ee3ea27de req-2eb23ef6-92cb-482d-8790-28eec3abbfe0 8df602c576ed4eb7a388b6ec3d9f6864 b51fdf18aad844e4af18a455445db30d - - default default] 199.204.45.35 "GET /v2.0/networks?id=64dd60ee-326f-49be-a679-80e45915b2af HTTP/1.1" status: 200 len: 1004 time: 0.0601940
2026-05-09 22:59:52.260 9 INFO neutron.db.ovn_revision_numbers_db [req-f0aa78de-712f-4318-90a7-191ee3ea27de req-78d49c47-d290-46c6-9d55-e4bb7e9bcfba 85346ff96472477b85427d9835cf6455 a87c074d5f924c5685712dc6e41e38b3 - - 6c1a401fdf844f518769ed403dc14c20 6c1a401fdf844f518769ed403dc14c20] Successfully bumped revision number for resource f56aeac2-8af7-4082-83d9-a1be376bd411 (type: ports) to 2
2026-05-09 22:59:52.456 9 INFO neutron.db.ovn_revision_numbers_db [req-f0aa78de-712f-4318-90a7-191ee3ea27de req-78d49c47-d290-46c6-9d55-e4bb7e9bcfba 85346ff96472477b85427d9835cf6455 a87c074d5f924c5685712dc6e41e38b3 - - 6c1a401fdf844f518769ed403dc14c20 6c1a401fdf844f518769ed403dc14c20] Successfully bumped revision number for resource f56aeac2-8af7-4082-83d9-a1be376bd411 (type: ports) to 2
2026-05-09 22:59:52.473 9 INFO neutron.wsgi [req-f0aa78de-712f-4318-90a7-191ee3ea27de req-78d49c47-d290-46c6-9d55-e4bb7e9bcfba 85346ff96472477b85427d9835cf6455 a87c074d5f924c5685712dc6e41e38b3 - - 6c1a401fdf844f518769ed403dc14c20 6c1a401fdf844f518769ed403dc14c20] 199.204.45.35 "PUT /v2.0/ports/f56aeac2-8af7-4082-83d9-a1be376bd411 HTTP/1.1" status: 200 len: 1424 time: 0.6540051 /var/lib/openstack/lib/python3.10/site-packages/pycadf/identifier.py:71: UserWarning: Invalid uuid: neutron. To ensure interoperability, identifiers should be a valid uuid. warnings.warn(('Invalid uuid: %s. To ensure interoperability, '
2026-05-09 22:59:52.550 9 INFO neutron.wsgi [req-f0aa78de-712f-4318-90a7-191ee3ea27de req-46889377-913d-48f8-93a7-b97275ebcf7c 85346ff96472477b85427d9835cf6455 a87c074d5f924c5685712dc6e41e38b3 - - 6c1a401fdf844f518769ed403dc14c20 6c1a401fdf844f518769ed403dc14c20] 199.204.45.35 "GET /v2.0/ports?tenant_id=b51fdf18aad844e4af18a455445db30d&device_id=4b6cae2a-b9fe-4cd7-bae1-1aa09af7a9e7 HTTP/1.1" status: 200 len: 2657 time: 0.0424452
2026-05-09 22:59:52.565 9 INFO neutron.notifiers.nova [-] Nova event matching ['req-32af9f9f-1f5c-4538-bac0-377fbcf228f6'] response: {'name': 'network-changed', 'server_uuid': '4b6cae2a-b9fe-4cd7-bae1-1aa09af7a9e7', 'tag': 'f56aeac2-8af7-4082-83d9-a1be376bd411', 'status': 'completed', 'code': 200}
2026-05-09 22:59:52.581 9 INFO neutron.wsgi [req-f0aa78de-712f-4318-90a7-191ee3ea27de req-966e400b-f9d3-4c6d-8108-cd88652f0c90 85346ff96472477b85427d9835cf6455 a87c074d5f924c5685712dc6e41e38b3 - - 6c1a401fdf844f518769ed403dc14c20 6c1a401fdf844f518769ed403dc14c20] 199.204.45.35 "GET /v2.0/floatingips?fixed_ip_address=172.24.0.44&port_id=26fd9f40-9215-44da-9379-490276f4bef5 HTTP/1.1" status: 200 len: 217 time: 0.0230005
2026-05-09 22:59:52.623 9 INFO neutron.wsgi [req-f0aa78de-712f-4318-90a7-191ee3ea27de req-520db530-0e75-45db-adfb-bb8fae320ffa 85346ff96472477b85427d9835cf6455 a87c074d5f924c5685712dc6e41e38b3 - - 6c1a401fdf844f518769ed403dc14c20 6c1a401fdf844f518769ed403dc14c20] 199.204.45.35 "GET /v2.0/subnets?id=8a0ceefe-f729-42e1-b45b-c04f7f88fbf8 HTTP/1.1" status: 200 len: 829 time: 0.0345199
2026-05-09 22:59:52.650 9 INFO neutron.wsgi [req-f0aa78de-712f-4318-90a7-191ee3ea27de req-73233b50-b3cf-48e5-8225-29f2a4bd7a46 85346ff96472477b85427d9835cf6455 a87c074d5f924c5685712dc6e41e38b3 - - 6c1a401fdf844f518769ed403dc14c20 6c1a401fdf844f518769ed403dc14c20] 199.204.45.35 "GET /v2.0/ports?network_id=abff8c3d-7a4a-4ea7-b500-ee7bc29bb0ff&device_owner=network%3Adhcp HTTP/1.1" status: 200 len: 210 time: 0.0207207
2026-05-09 22:59:52.712 9 INFO neutron.wsgi [req-f0aa78de-712f-4318-90a7-191ee3ea27de req-69f21812-5572-4793-890e-8738d34704f9 85346ff96472477b85427d9835cf6455 a87c074d5f924c5685712dc6e41e38b3 - - 6c1a401fdf844f518769ed403dc14c20 6c1a401fdf844f518769ed403dc14c20] 199.204.45.35 "GET /v2.0/networks/abff8c3d-7a4a-4ea7-b500-ee7bc29bb0ff?fields=segments HTTP/1.1" status: 200 len: 212 time: 0.0542777
2026-05-09 22:59:52.772 9 INFO neutron.wsgi [req-f0aa78de-712f-4318-90a7-191ee3ea27de req-9288d875-cc87-4b49-9610-3bffb8b42559 85346ff96472477b85427d9835cf6455 a87c074d5f924c5685712dc6e41e38b3 - - 6c1a401fdf844f518769ed403dc14c20 6c1a401fdf844f518769ed403dc14c20] 199.204.45.35 "GET /v2.0/networks/abff8c3d-7a4a-4ea7-b500-ee7bc29bb0ff?fields=provider%3Aphysical_network&fields=provider%3Anetwork_type HTTP/1.1" status: 200 len: 277 time: 0.0548131
2026-05-09 22:59:52.812 9 INFO neutron.wsgi [req-f0aa78de-712f-4318-90a7-191ee3ea27de req-d9a47c46-7da0-4719-a386-3dbbc264694e 85346ff96472477b85427d9835cf6455 a87c074d5f924c5685712dc6e41e38b3 - - 6c1a401fdf844f518769ed403dc14c20 6c1a401fdf844f518769ed403dc14c20] 199.204.45.35 "GET /v2.0/floatingips?fixed_ip_address=10.1.1.88&port_id=f56aeac2-8af7-4082-83d9-a1be376bd411 HTTP/1.1" status: 200 len: 217 time: 0.0342121
2026-05-09 22:59:52.855 9 INFO neutron.wsgi [req-f0aa78de-712f-4318-90a7-191ee3ea27de req-35c8c1ec-8f4b-4773-a0bd-17763c875726 85346ff96472477b85427d9835cf6455 a87c074d5f924c5685712dc6e41e38b3 - - 6c1a401fdf844f518769ed403dc14c20 6c1a401fdf844f518769ed403dc14c20] 199.204.45.35 "GET /v2.0/subnets?id=54f78f57-25d4-4098-a167-2070d21a6a9f HTTP/1.1" status: 200 len: 853 time: 0.0370638
2026-05-09 22:59:52.884 9 INFO neutron.wsgi [req-f0aa78de-712f-4318-90a7-191ee3ea27de req-55f13d9e-a455-4feb-88f8-a8dfe85ca778 85346ff96472477b85427d9835cf6455 a87c074d5f924c5685712dc6e41e38b3 - - 6c1a401fdf844f518769ed403dc14c20 6c1a401fdf844f518769ed403dc14c20] 199.204.45.35 "GET /v2.0/ports?network_id=64dd60ee-326f-49be-a679-80e45915b2af&device_owner=network%3Adhcp HTTP/1.1" status: 200 len: 210 time: 0.0214772
2026-05-09 22:59:52.947 9 INFO neutron.wsgi [req-f0aa78de-712f-4318-90a7-191ee3ea27de req-34729452-3910-4321-883d-2e0de15b1ac6 85346ff96472477b85427d9835cf6455 a87c074d5f924c5685712dc6e41e38b3 - - 6c1a401fdf844f518769ed403dc14c20 6c1a401fdf844f518769ed403dc14c20] 199.204.45.35 "GET /v2.0/networks/64dd60ee-326f-49be-a679-80e45915b2af?fields=segments HTTP/1.1" status: 200 len: 212 time: 0.0576684
2026-05-09 22:59:53.019 9 INFO neutron.wsgi [req-f0aa78de-712f-4318-90a7-191ee3ea27de req-9d090d7a-ce7a-4901-bc6d-e8c19d022578 85346ff96472477b85427d9835cf6455 a87c074d5f924c5685712dc6e41e38b3 - - 6c1a401fdf844f518769ed403dc14c20 6c1a401fdf844f518769ed403dc14c20] 199.204.45.35 "GET /v2.0/networks/64dd60ee-326f-49be-a679-80e45915b2af?fields=provider%3Aphysical_network&fields=provider%3Anetwork_type HTTP/1.1" status: 200 len: 277 time: 0.0655549
2026-05-09 22:59:53.113 10 INFO neutron.plugins.ml2.drivers.ovn.mech_driver.mech_driver [None req-cd05494e-96de-4e18-ab90-4c0885dfd4f5 - - - - - -] OVN reports status up for port: f56aeac2-8af7-4082-83d9-a1be376bd411
2026-05-09 22:59:53.122 9 INFO neutron.wsgi [req-ce89d113-761a-4273-a8e2-efe31f374c15 req-308f7e52-02ca-4394-a03a-5131f9560d3d 85346ff96472477b85427d9835cf6455 a87c074d5f924c5685712dc6e41e38b3 - - 6c1a401fdf844f518769ed403dc14c20 6c1a401fdf844f518769ed403dc14c20] 199.204.45.35 "GET /v2.0/ports?tenant_id=b51fdf18aad844e4af18a455445db30d&device_id=4b6cae2a-b9fe-4cd7-bae1-1aa09af7a9e7 HTTP/1.1" status: 200 len: 2657 time: 0.0594208
2026-05-09 22:59:53.140 10 INFO neutron.plugins.ml2.plugin [None req-cd05494e-96de-4e18-ab90-4c0885dfd4f5 - - - - - -] Attempt 1 to provision port f56aeac2-8af7-4082-83d9-a1be376bd411
2026-05-09 22:59:53.212 9 INFO neutron.wsgi [req-ce89d113-761a-4273-a8e2-efe31f374c15 req-b448e786-754b-478e-884a-28a2cba5e0b9 85346ff96472477b85427d9835cf6455 a87c074d5f924c5685712dc6e41e38b3 - - 6c1a401fdf844f518769ed403dc14c20 6c1a401fdf844f518769ed403dc14c20] 199.204.45.35 "GET /v2.0/networks?id=64dd60ee-326f-49be-a679-80e45915b2af HTTP/1.1" status: 200 len: 1004 time: 0.0791481
2026-05-09 22:59:53.245 9 INFO neutron.wsgi [req-ce89d113-761a-4273-a8e2-efe31f374c15 req-d4055e8a-3f2e-4f5c-a269-d7745abd6338 85346ff96472477b85427d9835cf6455 a87c074d5f924c5685712dc6e41e38b3 - - 6c1a401fdf844f518769ed403dc14c20 6c1a401fdf844f518769ed403dc14c20] 199.204.45.35 "GET /v2.0/floatingips?fixed_ip_address=10.1.1.88&port_id=f56aeac2-8af7-4082-83d9-a1be376bd411 HTTP/1.1" status: 200 len: 217 time: 0.0291381
2026-05-09 22:59:53.307 9 INFO neutron.wsgi [req-f0aa78de-712f-4318-90a7-191ee3ea27de req-35049923-87b0-44c7-859f-5bf868b158e6 8df602c576ed4eb7a388b6ec3d9f6864 b51fdf18aad844e4af18a455445db30d - - default default] 10.0.0.106 "GET /v2.0/ports/f56aeac2-8af7-4082-83d9-a1be376bd411 HTTP/1.1" status: 200 len: 1454 time: 0.0524266
2026-05-09 22:59:53.310 9 INFO neutron.wsgi [req-ce89d113-761a-4273-a8e2-efe31f374c15 req-807147eb-eeb4-4663-bd75-a38d72477368 85346ff96472477b85427d9835cf6455 a87c074d5f924c5685712dc6e41e38b3 - - 6c1a401fdf844f518769ed403dc14c20 6c1a401fdf844f518769ed403dc14c20] 199.204.45.35 "GET /v2.0/subnets?id=54f78f57-25d4-4098-a167-2070d21a6a9f HTTP/1.1" status: 200 len: 853 time: 0.0618110 /var/lib/openstack/lib/python3.10/site-packages/pycadf/identifier.py:71: UserWarning: Invalid uuid: neutron. To ensure interoperability, identifiers should be a valid uuid. warnings.warn(('Invalid uuid: %s. To ensure interoperability, '
2026-05-09 22:59:53.334 9 INFO neutron.wsgi [req-ce89d113-761a-4273-a8e2-efe31f374c15 req-0822f994-55bb-454e-bd69-07a234cdb6c3 85346ff96472477b85427d9835cf6455 a87c074d5f924c5685712dc6e41e38b3 - - 6c1a401fdf844f518769ed403dc14c20 6c1a401fdf844f518769ed403dc14c20] 199.204.45.35 "GET /v2.0/ports?network_id=64dd60ee-326f-49be-a679-80e45915b2af&device_owner=network%3Adhcp HTTP/1.1" status: 200 len: 210 time: 0.0200582
2026-05-09 22:59:53.338 10 INFO neutron.notifiers.nova [-] Nova event matching ['req-c3801d6f-0c0c-42a8-ab14-923e79bc3d3c'] response: {'server_uuid': '4b6cae2a-b9fe-4cd7-bae1-1aa09af7a9e7', 'name': 'network-vif-plugged', 'status': 'completed', 'tag': 'f56aeac2-8af7-4082-83d9-a1be376bd411', 'code': 200}
2026-05-09 22:59:53.392 9 INFO neutron.wsgi [req-ce89d113-761a-4273-a8e2-efe31f374c15 req-8b66e3ff-e57c-4367-b33a-6241256e9842 85346ff96472477b85427d9835cf6455 a87c074d5f924c5685712dc6e41e38b3 - - 6c1a401fdf844f518769ed403dc14c20 6c1a401fdf844f518769ed403dc14c20] 199.204.45.35 "GET /v2.0/networks/64dd60ee-326f-49be-a679-80e45915b2af?fields=segments HTTP/1.1" status: 200 len: 212 time: 0.0537770
2026-05-09 22:59:53.452 9 INFO neutron.wsgi [req-ce89d113-761a-4273-a8e2-efe31f374c15 req-00ae6685-a4c7-4ba3-ae58-60b1443adcb6 85346ff96472477b85427d9835cf6455 a87c074d5f924c5685712dc6e41e38b3 - - 6c1a401fdf844f518769ed403dc14c20 6c1a401fdf844f518769ed403dc14c20] 199.204.45.35 "GET /v2.0/networks/64dd60ee-326f-49be-a679-80e45915b2af?fields=provider%3Aphysical_network&fields=provider%3Anetwork_type HTTP/1.1" status: 200 len: 277 time: 0.0562611
2026-05-09 22:59:53.481 10 INFO neutron.db.ovn_revision_numbers_db [None req-cd05494e-96de-4e18-ab90-4c0885dfd4f5 - - - - - -] Successfully bumped revision number for resource f56aeac2-8af7-4082-83d9-a1be376bd411 (type: ports) to 4
2026-05-09 22:59:53.687 10 INFO neutron.db.ovn_revision_numbers_db [None req-847ba0f4-095e-4fc2-83e8-8317cb35c856 8df602c576ed4eb7a388b6ec3d9f6864 b51fdf18aad844e4af18a455445db30d - - default default] Successfully bumped revision number for resource f56aeac2-8af7-4082-83d9-a1be376bd411 (type: ports) to 5
2026-05-09 22:59:53.699 10 INFO neutron.wsgi [None req-847ba0f4-095e-4fc2-83e8-8317cb35c856 8df602c576ed4eb7a388b6ec3d9f6864 b51fdf18aad844e4af18a455445db30d - - default default] 199.204.45.35 "PUT /v2.0/ports/f56aeac2-8af7-4082-83d9-a1be376bd411 HTTP/1.1" status: 200 len: 1487 time: 0.3801887 /var/lib/openstack/lib/python3.10/site-packages/pycadf/identifier.py:71: UserWarning: Invalid uuid: neutron. To ensure interoperability, identifiers should be a valid uuid. warnings.warn(('Invalid uuid: %s. To ensure interoperability, '
2026-05-09 22:59:53.715 10 INFO neutron.api.v2.resource [None req-332bf432-5090-463b-8b92-fe50b0ac2cc4 8df602c576ed4eb7a388b6ec3d9f6864 b51fdf18aad844e4af18a455445db30d - - default default] show failed (client error): The resource could not be found.
2026-05-09 22:59:53.716 10 INFO neutron.wsgi [None req-332bf432-5090-463b-8b92-fe50b0ac2cc4 8df602c576ed4eb7a388b6ec3d9f6864 b51fdf18aad844e4af18a455445db30d - - default default] 199.204.45.35 "GET /v2.0/security-groups/lb-d0c11b35-845e-498b-a98e-25626210d125 HTTP/1.1" status: 404 len: 355 time: 0.0086946
2026-05-09 22:59:53.750 10 INFO neutron.wsgi [None req-287b239c-7466-40aa-8d7b-dc4455f216d8 8df602c576ed4eb7a388b6ec3d9f6864 b51fdf18aad844e4af18a455445db30d - - default default] 199.204.45.35 "GET /v2.0/security-groups?name=lb-d0c11b35-845e-498b-a98e-25626210d125 HTTP/1.1" status: 200 len: 1777 time: 0.0313609
2026-05-09 22:59:54.037 10 INFO neutron.db.ovn_revision_numbers_db [None req-ef8dae4f-3588-4cc7-813c-deaa52397a15 8df602c576ed4eb7a388b6ec3d9f6864 b51fdf18aad844e4af18a455445db30d - - default default] Successfully bumped revision number for resource f56aeac2-8af7-4082-83d9-a1be376bd411 (type: ports) to 6
2026-05-09 22:59:54.050 10 INFO neutron.wsgi [None req-ef8dae4f-3588-4cc7-813c-deaa52397a15 8df602c576ed4eb7a388b6ec3d9f6864 b51fdf18aad844e4af18a455445db30d - - default default] 199.204.45.35 "PUT /v2.0/ports/f56aeac2-8af7-4082-83d9-a1be376bd411 HTTP/1.1" status: 200 len: 1487 time: 0.2916012 /var/lib/openstack/lib/python3.10/site-packages/pycadf/identifier.py:71: UserWarning: Invalid uuid: neutron. To ensure interoperability, identifiers should be a valid uuid. warnings.warn(('Invalid uuid: %s. To ensure interoperability, '
2026-05-09 22:59:54.259 10 INFO neutron.wsgi [None req-fe6ee309-dd71-4d06-85e7-5dbe90a52983 8df602c576ed4eb7a388b6ec3d9f6864 b51fdf18aad844e4af18a455445db30d - - default default] 199.204.45.35 "GET /v2.0/extensions/security-group HTTP/1.1" status: 200 len: 369 time: 0.0057461
2026-05-09 22:59:54.267 10 INFO neutron.wsgi [None req-b9e307b6-b6c4-411b-a413-12c91c6a0990 8df602c576ed4eb7a388b6ec3d9f6864 b51fdf18aad844e4af18a455445db30d - - default default] 199.204.45.35 "GET /v2.0/extensions/dns-integration HTTP/1.1" status: 200 len: 371 time: 0.0047910
2026-05-09 22:59:54.275 10 INFO neutron.wsgi [None req-b4226551-a363-4265-a792-47a4deecc62b 8df602c576ed4eb7a388b6ec3d9f6864 b51fdf18aad844e4af18a455445db30d - - default default] 199.204.45.35 "GET /v2.0/extensions/qos HTTP/1.1" status: 200 len: 365 time: 0.0045295
2026-05-09 22:59:54.284 10 INFO neutron.wsgi [None req-95977fc8-b182-405c-87b2-740b6713e31b 8df602c576ed4eb7a388b6ec3d9f6864 b51fdf18aad844e4af18a455445db30d - - default default] 199.204.45.35 "GET /v2.0/extensions/allowed-address-pairs HTTP/1.1" status: 200 len: 383 time: 0.0047734
2026-05-09 22:59:54.324 10 INFO neutron.wsgi [None req-7c456609-050d-4bac-a0f3-2aa7eccfd989 8df602c576ed4eb7a388b6ec3d9f6864 b51fdf18aad844e4af18a455445db30d - - default default] 199.204.45.35 "GET /v2.0/subnets/54f78f57-25d4-4098-a167-2070d21a6a9f HTTP/1.1" status: 200 len: 850 time: 0.0361352
2026-05-09 22:59:54.370 10 INFO neutron.wsgi [None req-b2c79d80-5035-4471-9a46-ad97b1ea0d65 8df602c576ed4eb7a388b6ec3d9f6864 b51fdf18aad844e4af18a455445db30d - - default default] 199.204.45.35 "GET /v2.0/ports/b0dd95e9-1eb1-494f-adc5-4fcbb31b85e6 HTTP/1.1" status: 200 len: 1332 time: 0.0379095
2026-05-09 22:59:54.409 10 INFO neutron.wsgi [None req-35396449-257b-4173-85b8-a92583262276 8df602c576ed4eb7a388b6ec3d9f6864 b51fdf18aad844e4af18a455445db30d - - default default] 199.204.45.35 "GET /v2.0/ports/f56aeac2-8af7-4082-83d9-a1be376bd411 HTTP/1.1" status: 200 len: 1515 time: 0.0322492
2026-05-09 22:59:54.452 10 INFO neutron.wsgi [None req-c339a698-5a2c-43c3-a57e-c56d2995c984 8df602c576ed4eb7a388b6ec3d9f6864 b51fdf18aad844e4af18a455445db30d - - default default] 199.204.45.35 "GET /v2.0/subnets/54f78f57-25d4-4098-a167-2070d21a6a9f HTTP/1.1" status: 200 len: 850 time: 0.0337842
2026-05-09 22:59:54.527 10 INFO neutron.wsgi [None req-a58ce682-e25f-43b1-b3b8-4acdc0a03f27 8df602c576ed4eb7a388b6ec3d9f6864 b51fdf18aad844e4af18a455445db30d - - default default] 199.204.45.35 "GET /v2.0/networks/64dd60ee-326f-49be-a679-80e45915b2af HTTP/1.1" status: 200 len: 1001 time: 0.0675426
2026-05-09 22:59:54.569 10 INFO neutron.wsgi [None req-c29f9def-94d8-4b74-9c45-5249f10a8d4d 8df602c576ed4eb7a388b6ec3d9f6864 b51fdf18aad844e4af18a455445db30d - - default default] 199.204.45.35 "GET /v2.0/ports/b0dd95e9-1eb1-494f-adc5-4fcbb31b85e6 HTTP/1.1" status: 200 len: 1332 time: 0.0326910
2026-05-09 22:59:54.612 10 INFO neutron.wsgi [None req-3a69ea68-69a7-4e1b-a14a-ca836206b0cb 8df602c576ed4eb7a388b6ec3d9f6864 b51fdf18aad844e4af18a455445db30d - - default default] 199.204.45.35 "GET /v2.0/subnets/54f78f57-25d4-4098-a167-2070d21a6a9f HTTP/1.1" status: 200 len: 850 time: 0.0346122
2026-05-09 22:59:55.385 10 INFO neutron.notifiers.nova [-] Nova event matching ['req-1870ab15-bb99-4233-a383-94496c6dfc7a'] response: {'server_uuid': '4b6cae2a-b9fe-4cd7-bae1-1aa09af7a9e7', 'name': 'network-vif-plugged', 'status': 'completed', 'tag': 'f56aeac2-8af7-4082-83d9-a1be376bd411', 'code': 200}
2026-05-09 22:59:55.386 10 INFO neutron.notifiers.nova [-] Nova event matching ['req-1870ab15-bb99-4233-a383-94496c6dfc7a'] response: {'name': 'network-changed', 'server_uuid': '4b6cae2a-b9fe-4cd7-bae1-1aa09af7a9e7', 'tag': 'f56aeac2-8af7-4082-83d9-a1be376bd411', 'status': 'completed', 'code': 200}
2026-05-09 22:59:55.387 10 INFO neutron.notifiers.nova [-] Nova event matching ['req-1870ab15-bb99-4233-a383-94496c6dfc7a'] response: {'name': 'network-changed', 'server_uuid': '4b6cae2a-b9fe-4cd7-bae1-1aa09af7a9e7', 'tag': 'f56aeac2-8af7-4082-83d9-a1be376bd411', 'status': 'completed', 'code': 200}
2026-05-09 22:59:55.464 9 INFO neutron.wsgi [req-a157069d-81a0-4ce8-8a73-c4f3b2ca6fb2 req-2bfa8241-a6ab-4d98-ae54-d1a9615ac50e 85346ff96472477b85427d9835cf6455 a87c074d5f924c5685712dc6e41e38b3 - - 6c1a401fdf844f518769ed403dc14c20 6c1a401fdf844f518769ed403dc14c20] 199.204.45.35 "GET /v2.0/ports?tenant_id=b51fdf18aad844e4af18a455445db30d&device_id=4b6cae2a-b9fe-4cd7-bae1-1aa09af7a9e7 HTTP/1.1" status: 200 len: 2720 time: 0.0492699
2026-05-09 22:59:55.535 9 INFO neutron.wsgi [req-a157069d-81a0-4ce8-8a73-c4f3b2ca6fb2 req-47081e01-fefb-4e2f-a532-898f99022401 85346ff96472477b85427d9835cf6455 a87c074d5f924c5685712dc6e41e38b3 - - 6c1a401fdf844f518769ed403dc14c20 6c1a401fdf844f518769ed403dc14c20] 199.204.45.35 "GET /v2.0/networks?id=64dd60ee-326f-49be-a679-80e45915b2af HTTP/1.1" status: 200 len: 1004 time: 0.0634582
2026-05-09 22:59:55.569 9 INFO neutron.wsgi [req-a157069d-81a0-4ce8-8a73-c4f3b2ca6fb2 req-ac03a69d-2a2f-483e-b746-aaced7fc2c57 85346ff96472477b85427d9835cf6455 a87c074d5f924c5685712dc6e41e38b3 - - 6c1a401fdf844f518769ed403dc14c20 6c1a401fdf844f518769ed403dc14c20] 199.204.45.35 "GET /v2.0/floatingips?fixed_ip_address=10.1.1.88&port_id=f56aeac2-8af7-4082-83d9-a1be376bd411 HTTP/1.1" status: 200 len: 217 time: 0.0255909
2026-05-09 22:59:55.605 9 INFO neutron.wsgi [req-a157069d-81a0-4ce8-8a73-c4f3b2ca6fb2 req-841c2f75-bdf8-45b7-a30b-365281df4065 85346ff96472477b85427d9835cf6455 a87c074d5f924c5685712dc6e41e38b3 - - 6c1a401fdf844f518769ed403dc14c20 6c1a401fdf844f518769ed403dc14c20] 199.204.45.35 "GET /v2.0/subnets?id=54f78f57-25d4-4098-a167-2070d21a6a9f HTTP/1.1" status: 200 len: 853 time: 0.0295672
2026-05-09 22:59:55.636 9 INFO neutron.wsgi [req-a157069d-81a0-4ce8-8a73-c4f3b2ca6fb2 req-b88bacbc-9242-49ea-aa9d-2df87dc845e7 85346ff96472477b85427d9835cf6455 a87c074d5f924c5685712dc6e41e38b3 - - 6c1a401fdf844f518769ed403dc14c20 6c1a401fdf844f518769ed403dc14c20] 199.204.45.35 "GET /v2.0/ports?network_id=64dd60ee-326f-49be-a679-80e45915b2af&device_owner=network%3Adhcp HTTP/1.1" status: 200 len: 210 time: 0.0235066
2026-05-09 22:59:55.695 9 INFO neutron.wsgi [req-a157069d-81a0-4ce8-8a73-c4f3b2ca6fb2 req-ea608c6b-c731-4873-af73-d7a4f45ee5c0 85346ff96472477b85427d9835cf6455 a87c074d5f924c5685712dc6e41e38b3 - - 6c1a401fdf844f518769ed403dc14c20 6c1a401fdf844f518769ed403dc14c20] 199.204.45.35 "GET /v2.0/networks/64dd60ee-326f-49be-a679-80e45915b2af?fields=segments HTTP/1.1" status: 200 len: 212 time: 0.0524917
2026-05-09 22:59:55.776 9 INFO neutron.wsgi [req-a157069d-81a0-4ce8-8a73-c4f3b2ca6fb2 req-239bf464-21d4-4182-8c57-9ab8b2df889e 85346ff96472477b85427d9835cf6455 a87c074d5f924c5685712dc6e41e38b3 - - 6c1a401fdf844f518769ed403dc14c20 6c1a401fdf844f518769ed403dc14c20] 199.204.45.35 "GET /v2.0/networks/64dd60ee-326f-49be-a679-80e45915b2af?fields=provider%3Aphysical_network&fields=provider%3Anetwork_type HTTP/1.1" status: 200 len: 277 time: 0.0693007
2026-05-09 22:59:55.865 9 INFO neutron.wsgi [req-a157069d-81a0-4ce8-8a73-c4f3b2ca6fb2 req-9aeb1a88-cf35-460a-8919-906a35a13bb9 85346ff96472477b85427d9835cf6455 a87c074d5f924c5685712dc6e41e38b3 - - 6c1a401fdf844f518769ed403dc14c20 6c1a401fdf844f518769ed403dc14c20] 199.204.45.35 "GET /v2.0/ports?tenant_id=b51fdf18aad844e4af18a455445db30d&device_id=4b6cae2a-b9fe-4cd7-bae1-1aa09af7a9e7 HTTP/1.1" status: 200 len: 2720 time: 0.0432348
2026-05-09 22:59:55.941 9 INFO neutron.wsgi [req-a157069d-81a0-4ce8-8a73-c4f3b2ca6fb2 req-57a2cbfe-f1f7-41b8-ab1e-d96a737ef82b 85346ff96472477b85427d9835cf6455 a87c074d5f924c5685712dc6e41e38b3 - - 6c1a401fdf844f518769ed403dc14c20 6c1a401fdf844f518769ed403dc14c20] 199.204.45.35 "GET /v2.0/networks?id=64dd60ee-326f-49be-a679-80e45915b2af HTTP/1.1" status: 200 len: 1004 time: 0.0685697
2026-05-09 22:59:55.969 9 INFO neutron.wsgi [req-a157069d-81a0-4ce8-8a73-c4f3b2ca6fb2 req-58359175-69db-43a5-8f35-91be0a25ca2f 85346ff96472477b85427d9835cf6455 a87c074d5f924c5685712dc6e41e38b3 - - 6c1a401fdf844f518769ed403dc14c20 6c1a401fdf844f518769ed403dc14c20] 199.204.45.35 "GET /v2.0/floatingips?fixed_ip_address=10.1.1.88&port_id=f56aeac2-8af7-4082-83d9-a1be376bd411 HTTP/1.1" status: 200 len: 217 time: 0.0198765
2026-05-09 22:59:56.006 9 INFO neutron.wsgi [req-a157069d-81a0-4ce8-8a73-c4f3b2ca6fb2 req-7768eba9-73e2-48aa-abe8-07df1e5637a3 85346ff96472477b85427d9835cf6455 a87c074d5f924c5685712dc6e41e38b3 - - 6c1a401fdf844f518769ed403dc14c20 6c1a401fdf844f518769ed403dc14c20] 199.204.45.35 "GET /v2.0/subnets?id=54f78f57-25d4-4098-a167-2070d21a6a9f HTTP/1.1" status: 200 len: 853 time: 0.0305376
2026-05-09 22:59:56.033 9 INFO neutron.wsgi [req-a157069d-81a0-4ce8-8a73-c4f3b2ca6fb2 req-f044c055-e535-4c56-b383-b8cd0694f62f 85346ff96472477b85427d9835cf6455 a87c074d5f924c5685712dc6e41e38b3 - - 6c1a401fdf844f518769ed403dc14c20 6c1a401fdf844f518769ed403dc14c20] 199.204.45.35 "GET /v2.0/ports?network_id=64dd60ee-326f-49be-a679-80e45915b2af&device_owner=network%3Adhcp HTTP/1.1" status: 200 len: 210 time: 0.0189424
2026-05-09 22:59:56.104 9 INFO neutron.wsgi [req-a157069d-81a0-4ce8-8a73-c4f3b2ca6fb2 req-7f2de0c1-61db-4070-af36-8383223449f8 85346ff96472477b85427d9835cf6455 a87c074d5f924c5685712dc6e41e38b3 - - 6c1a401fdf844f518769ed403dc14c20 6c1a401fdf844f518769ed403dc14c20] 199.204.45.35 "GET /v2.0/networks/64dd60ee-326f-49be-a679-80e45915b2af?fields=segments HTTP/1.1" status: 200 len: 212 time: 0.0625944
2026-05-09 22:59:56.169 9 INFO neutron.wsgi [req-a157069d-81a0-4ce8-8a73-c4f3b2ca6fb2 req-fb61035d-f398-4841-a262-3621b4456243 85346ff96472477b85427d9835cf6455 a87c074d5f924c5685712dc6e41e38b3 - - 6c1a401fdf844f518769ed403dc14c20 6c1a401fdf844f518769ed403dc14c20] 199.204.45.35 "GET /v2.0/networks/64dd60ee-326f-49be-a679-80e45915b2af?fields=provider%3Aphysical_network&fields=provider%3Anetwork_type HTTP/1.1" status: 200 len: 277 time: 0.0571082
2026-05-09 22:59:59.418 10 WARNING neutron_lib.context [None req-c8e45db3-84b6-4239-8edd-b03a7f0945dc f51613e9f1da4505b318e07d7d33fd04 7d0cb4af5f264adc8ef32bc36fd8ee93 - - default default] Method 'is_advsvc' is deprecated since 2023.2 release (neutron-lib 3.8.0) and will be removed once support for the old RBAC API policies will be removed from Neutron. Please use method 'is_service_role' instead.
2026-05-09 22:59:59.689 10 WARNING neutron.scheduler.dhcp_agent_scheduler [None req-c8e45db3-84b6-4239-8edd-b03a7f0945dc f51613e9f1da4505b318e07d7d33fd04 7d0cb4af5f264adc8ef32bc36fd8ee93 - - default default] No more DHCP agents
2026-05-09 22:59:59.692 10 WARNING neutron.api.rpc.agentnotifiers.dhcp_rpc_agent_api [None req-c8e45db3-84b6-4239-8edd-b03a7f0945dc f51613e9f1da4505b318e07d7d33fd04 7d0cb4af5f264adc8ef32bc36fd8ee93 - - default default] Unable to schedule network 331ae174-097c-48c5-947d-49292eec1204: no agents available; will retry on subsequent port and subnet creation events.
2026-05-09 22:59:59.716 15 INFO neutron.db.ovn_revision_numbers_db [None req-460f6c3c-9362-4643-beda-ba533756a380 - - - - - -] Successfully bumped revision number for resource 64dd60ee-326f-49be-a679-80e45915b2af (type: networks) to 3
2026-05-09 22:59:59.833 15 INFO neutron.db.ovn_revision_numbers_db [None req-460f6c3c-9362-4643-beda-ba533756a380 - - - - - -] Successfully bumped revision number for resource 45697be7-1da9-43bd-89a1-6426168c883e (type: networks) to 3
2026-05-09 22:59:59.940 15 INFO neutron.db.ovn_revision_numbers_db [None req-460f6c3c-9362-4643-beda-ba533756a380 - - - - - -] Successfully bumped revision number for resource 206da5a8-bf9c-41c8-98ee-e5071fa75dd2 (type: networks) to 3
2026-05-09 22:59:59.986 15 INFO neutron.db.ovn_revision_numbers_db [None req-460f6c3c-9362-4643-beda-ba533756a380 - - - - - -] Successfully bumped revision number for resource 953c31df-dda9-4692-bfa8-248377534ae3 (type: security_groups) to 12
2026-05-09 23:00:00.087 10 INFO neutron.db.l3_db [None req-c8e45db3-84b6-4239-8edd-b03a7f0945dc f51613e9f1da4505b318e07d7d33fd04 7d0cb4af5f264adc8ef32bc36fd8ee93 - - default default] Floating IP 13403878-f7e6-45b4-b798-748a7a962193 associated. External IP: 10.96.250.208, port: b0dd95e9-1eb1-494f-adc5-4fcbb31b85e6.
2026-05-09 23:00:00.336 10 INFO neutron.db.ovn_revision_numbers_db [None req-c8e45db3-84b6-4239-8edd-b03a7f0945dc f51613e9f1da4505b318e07d7d33fd04 7d0cb4af5f264adc8ef32bc36fd8ee93 - - default default] Successfully bumped revision number for resource 13403878-f7e6-45b4-b798-748a7a962193 (type: floatingips) to 0
2026-05-09 23:00:00.361 10 INFO neutron.wsgi [-] 10.0.0.138 "GET / HTTP/1.1" status: 200 len: 247 time: 0.0016458
2026-05-09 23:00:00.362 9 INFO neutron.wsgi [-] 10.0.0.138 "GET / HTTP/1.1" status: 200 len: 247 time: 0.0027635
2026-05-09 23:00:00.459 15 INFO neutron.db.ovn_revision_numbers_db [None req-460f6c3c-9362-4643-beda-ba533756a380 - - - - - -] Successfully bumped revision number for resource 1312d9e5-16f6-408d-a612-8ff3adcc1ebe (type: routers) to 5
2026-05-09 23:00:00.484 10 INFO neutron.db.ovn_revision_numbers_db [None req-c8e45db3-84b6-4239-8edd-b03a7f0945dc f51613e9f1da4505b318e07d7d33fd04 7d0cb4af5f264adc8ef32bc36fd8ee93 - - default default] Successfully bumped revision number for resource 13403878-f7e6-45b4-b798-748a7a962193 (type: floatingips) to 1
2026-05-09 23:00:00.574 10 INFO neutron.wsgi [None req-c8e45db3-84b6-4239-8edd-b03a7f0945dc f51613e9f1da4505b318e07d7d33fd04 7d0cb4af5f264adc8ef32bc36fd8ee93 - - default default] 10.0.0.214 "POST /v2.0/floatingips HTTP/1.1" status: 201 len: 1098 time: 1.1636422
2026-05-09 23:00:02.886 15 INFO neutron.plugins.ml2.drivers.ovn.mech_driver.ovsdb.maintenance [None req-460f6c3c-9362-4643-beda-ba533756a380 - - - - - -] Maintenance task: Synchronization finished (took 3.29 seconds)
