2026-05-09 22:57:07.276 10 INFO neutron.wsgi [None req-907e549e-09b0-4e38-acaf-da54367f9a10 f517571ed702499db94b7cc39be53589 8f0b85fcf0f14cab9c66cc9447f9017e - - default default] 10.0.0.214 "GET /v2.0/ports/5c3bab95-b2e2-4352-91b8-c5573422d177 HTTP/1.1" status: 404 len: 333 time: 0.0221078
2026-05-09 22:57:07.420 9 INFO neutron.wsgi [None req-f3c3a577-181b-46cd-8d11-7b82d2a7497f 4188508d59984f52ac39d83edc6a82a8 04c0bb8d7e004a8bb7840f3d11c07570 - - default default] 10.0.0.214 "DELETE /v2.0/networks/c7beccb0-80b5-4372-88af-0d4a4667b999 HTTP/1.1" status: 204 len: 168 time: 0.5578871
2026-05-09 22:57:07.518 10 INFO neutron.wsgi [None req-ae5bd207-2f58-4330-b55d-cbd2d32993c9 f517571ed702499db94b7cc39be53589 8f0b85fcf0f14cab9c66cc9447f9017e - - default default] 10.0.0.214 "DELETE /v2.0/subnets/fd92e2a1-382b-4924-8585-a9d160d52ed4 HTTP/1.1" status: 204 len: 168 time: 0.2341249
2026-05-09 22:57:07.520 9 INFO neutron.db.segments_db [None req-480284df-966c-4716-814a-37e4f35425af 4188508d59984f52ac39d83edc6a82a8 04c0bb8d7e004a8bb7840f3d11c07570 - - default default] Added segment eadbba8b-e7f2-4c3f-8516-90387c70ee8a of type geneve for network 788ed0e7-ef0d-4162-bcfd-3435da71f24e
2026-05-09 22:57:07.657 9 INFO neutron.db.ovn_revision_numbers_db [None req-480284df-966c-4716-814a-37e4f35425af 4188508d59984f52ac39d83edc6a82a8 04c0bb8d7e004a8bb7840f3d11c07570 - - default default] Successfully bumped revision number for resource 788ed0e7-ef0d-4162-bcfd-3435da71f24e (type: networks) to 1
2026-05-09 22:57:07.837 9 WARNING neutron.scheduler.dhcp_agent_scheduler [None req-480284df-966c-4716-814a-37e4f35425af 4188508d59984f52ac39d83edc6a82a8 04c0bb8d7e004a8bb7840f3d11c07570 - - default default] No more DHCP agents
2026-05-09 22:57:07.840 9 WARNING neutron.api.rpc.agentnotifiers.dhcp_rpc_agent_api [None req-480284df-966c-4716-814a-37e4f35425af 4188508d59984f52ac39d83edc6a82a8 04c0bb8d7e004a8bb7840f3d11c07570 - - default default] Unable to schedule network 788ed0e7-ef0d-4162-bcfd-3435da71f24e: no agents available; will retry on subsequent port and subnet creation events.
2026-05-09 22:57:07.913 10 INFO neutron.services.segments.plugin [-] Segment 403148ec-5625-45d0-ac8a-a46fdc0b43af resource provider aggregate not found
2026-05-09 22:57:07.918 10 INFO neutron.services.segments.plugin [-] Segment 403148ec-5625-45d0-ac8a-a46fdc0b43af resource provider aggregate not found
2026-05-09 22:57:07.939 9 INFO neutron.db.ovn_revision_numbers_db [None req-480284df-966c-4716-814a-37e4f35425af 4188508d59984f52ac39d83edc6a82a8 04c0bb8d7e004a8bb7840f3d11c07570 - - default default] Successfully bumped revision number for resource ea7427ef-9c3a-43c8-af79-a1a40e9037ea (type: ports) to 1
2026-05-09 22:57:07.946 10 INFO neutron.services.segments.plugin [-] Segment 403148ec-5625-45d0-ac8a-a46fdc0b43af resource provider not found; error: Placement Client Error (4xx): {"errors": [{"status": 404, "title": "Not Found", "detail": "The resource could not be found.\n\n No resource provider with uuid 403148ec-5625-45d0-ac8a-a46fdc0b43af found for delete ", "request_id": "req-f2b17369-e4da-4743-b90e-a8c504eab774"}]}
2026-05-09 22:57:07.947 10 INFO neutron.services.segments.plugin [-] Segment 403148ec-5625-45d0-ac8a-a46fdc0b43af resource provider not found; error: Placement Client Error (4xx): {"errors": [{"status": 404, "title": "Not Found", "detail": "The resource could not be found.\n\n No resource provider with uuid 403148ec-5625-45d0-ac8a-a46fdc0b43af found for delete ", "request_id": "req-e60ea62d-70dd-4d27-a830-7dfc34f7defc"}]}
2026-05-09 22:57:07.963 9 INFO neutron.wsgi [None req-480284df-966c-4716-814a-37e4f35425af 4188508d59984f52ac39d83edc6a82a8 04c0bb8d7e004a8bb7840f3d11c07570 - - default default] 10.0.0.214 "POST /v2.0/networks HTTP/1.1" status: 201 len: 927 time: 0.5337136
2026-05-09 22:57:07.975 10 INFO neutron.wsgi [None req-b8d967b8-c6fb-4d13-a671-f00a8cac95bc f517571ed702499db94b7cc39be53589 8f0b85fcf0f14cab9c66cc9447f9017e - - default default] 10.0.0.214 "DELETE /v2.0/networks/ac807fcd-9b7c-4f46-a97b-da9ee825f526 HTTP/1.1" status: 204 len: 168 time: 0.4516561
2026-05-09 22:57:07.987 9 WARNING neutron_lib.context [None req-ce144418-a1ae-40bc-bcdd-9ab3d3989cef f517571ed702499db94b7cc39be53589 8f0b85fcf0f14cab9c66cc9447f9017e - - default default] Method 'is_advsvc' is deprecated since 2023.2 release (neutron-lib 3.8.0) and will be removed once support for the old RBAC API policies will be removed from Neutron. Please use method 'is_service_role' instead.
2026-05-09 22:57:08.172 9 WARNING neutron.scheduler.dhcp_agent_scheduler [None req-7ba84709-e856-4442-983f-f7cdbe9a5162 4188508d59984f52ac39d83edc6a82a8 04c0bb8d7e004a8bb7840f3d11c07570 - - default default] No more DHCP agents
2026-05-09 22:57:08.178 9 WARNING neutron.api.rpc.agentnotifiers.dhcp_rpc_agent_api [None req-7ba84709-e856-4442-983f-f7cdbe9a5162 4188508d59984f52ac39d83edc6a82a8 04c0bb8d7e004a8bb7840f3d11c07570 - - default default] Unable to schedule network 788ed0e7-ef0d-4162-bcfd-3435da71f24e: no agents available; will retry on subsequent port and subnet creation events.
2026-05-09 22:57:08.282 9 WARNING neutron.scheduler.dhcp_agent_scheduler [None req-ce144418-a1ae-40bc-bcdd-9ab3d3989cef f517571ed702499db94b7cc39be53589 8f0b85fcf0f14cab9c66cc9447f9017e - - default default] No more DHCP agents
2026-05-09 22:57:08.291 9 WARNING neutron.api.rpc.agentnotifiers.dhcp_rpc_agent_api [None req-ce144418-a1ae-40bc-bcdd-9ab3d3989cef f517571ed702499db94b7cc39be53589 8f0b85fcf0f14cab9c66cc9447f9017e - - default default] Unable to schedule network e353beee-7ca2-41f5-9818-c80ea41f327f: no agents available; will retry on subsequent port and subnet creation events.
2026-05-09 22:57:08.399 9 INFO neutron.db.ovn_revision_numbers_db [None req-ce144418-a1ae-40bc-bcdd-9ab3d3989cef f517571ed702499db94b7cc39be53589 8f0b85fcf0f14cab9c66cc9447f9017e - - default default] Successfully bumped revision number for resource 7dc7e816-c245-49a6-a257-2699ae485801 (type: ports) to 1
2026-05-09 22:57:08.428 9 INFO neutron.wsgi [None req-ce144418-a1ae-40bc-bcdd-9ab3d3989cef f517571ed702499db94b7cc39be53589 8f0b85fcf0f14cab9c66cc9447f9017e - - default default] 10.0.0.214 "POST /v2.0/ports HTTP/1.1" status: 201 len: 977 time: 0.4457345
2026-05-09 22:57:08.668 10 INFO neutron.plugins.ml2.drivers.ovn.mech_driver.mech_driver [None req-cd05494e-96de-4e18-ab90-4c0885dfd4f5 - - - - - -] OVN reports status down for port: 7dc7e816-c245-49a6-a257-2699ae485801
2026-05-09 22:57:08.686 9 INFO neutron.db.ovn_revision_numbers_db [None req-7ba84709-e856-4442-983f-f7cdbe9a5162 4188508d59984f52ac39d83edc6a82a8 04c0bb8d7e004a8bb7840f3d11c07570 - - default default] Successfully bumped revision number for resource ea7427ef-9c3a-43c8-af79-a1a40e9037ea (type: ports) to 2
2026-05-09 22:57:08.715 10 INFO neutron.db.ovn_revision_numbers_db [None req-35cd8d25-2114-4be3-affb-220242c5aa7e f517571ed702499db94b7cc39be53589 8f0b85fcf0f14cab9c66cc9447f9017e - - default default] Successfully bumped revision number for resource 7dc7e816-c245-49a6-a257-2699ae485801 (type: ports) to 2
2026-05-09 22:57:08.717 9 INFO neutron.db.ovn_revision_numbers_db [None req-7ba84709-e856-4442-983f-f7cdbe9a5162 4188508d59984f52ac39d83edc6a82a8 04c0bb8d7e004a8bb7840f3d11c07570 - - default default] Successfully bumped revision number for resource 956b35f2-023a-4c57-ba8b-4c2dfe388c33 (type: subnets) to 0
2026-05-09 22:57:08.741 9 INFO neutron.wsgi [None req-7ba84709-e856-4442-983f-f7cdbe9a5162 4188508d59984f52ac39d83edc6a82a8 04c0bb8d7e004a8bb7840f3d11c07570 - - default default] 10.0.0.214 "POST /v2.0/subnets HTTP/1.1" status: 201 len: 822 time: 0.7739952 /var/lib/openstack/lib/python3.10/site-packages/pycadf/identifier.py:71: UserWarning: Invalid uuid: neutron. To ensure interoperability, identifiers should be a valid uuid. warnings.warn(('Invalid uuid: %s. To ensure interoperability, '
2026-05-09 22:57:08.750 9 WARNING neutron.api.v2.base [None req-cfb6b659-ac3c-4d27-9537-9d70f47d9d2a 4188508d59984f52ac39d83edc6a82a8 04c0bb8d7e004a8bb7840f3d11c07570 - - default default] An exception happened while processing the request body. The exception message is [Invalid input for target_tenant. Reason: '1234123412341234123412341234123412341234123412341234123412341234123412341234123412341234123412341234123412341234123412341234123412341234123412341234123412341234123412341234123412341234123412341234123412341234123412341234123412341234123412341234123412341234123412341234123412341234123412341234123412341234123412341234123412341234123412341234123412341234123412341234123412341234123412341234123412341234' exceeds maximum length of 255.].: webob.exc.HTTPBadRequest: Invalid input for target_tenant. Reason: '1234123412341234123412341234123412341234123412341234123412341234123412341234123412341234123412341234123412341234123412341234123412341234123412341234123412341234123412341234123412341234123412341234123412341234123412341234123412341234123412341234123412341234123412341234123412341234123412341234123412341234123412341234123412341234123412341234123412341234123412341234123412341234123412341234123412341234' exceeds maximum length of 255.
2026-05-09 22:57:08.751 9 INFO neutron.api.v2.resource [None req-cfb6b659-ac3c-4d27-9537-9d70f47d9d2a 4188508d59984f52ac39d83edc6a82a8 04c0bb8d7e004a8bb7840f3d11c07570 - - default default] create failed (client error): Invalid input for target_tenant. Reason: '1234123412341234123412341234123412341234123412341234123412341234123412341234123412341234123412341234123412341234123412341234123412341234123412341234123412341234123412341234123412341234123412341234123412341234123412341234123412341234123412341234123412341234123412341234123412341234123412341234123412341234123412341234123412341234123412341234123412341234123412341234123412341234123412341234123412341234' exceeds maximum length of 255.
2026-05-09 22:57:08.752 9 INFO neutron.wsgi [None req-cfb6b659-ac3c-4d27-9537-9d70f47d9d2a 4188508d59984f52ac39d83edc6a82a8 04c0bb8d7e004a8bb7840f3d11c07570 - - default default] 10.0.0.214 "POST /v2.0/rbac-policies HTTP/1.1" status: 400 len: 750 time: 0.0064075
2026-05-09 22:57:08.759 10 INFO neutron.wsgi [None req-35cd8d25-2114-4be3-affb-220242c5aa7e f517571ed702499db94b7cc39be53589 8f0b85fcf0f14cab9c66cc9447f9017e - - default default] 10.0.0.214 "PUT /v2.0/ports/7dc7e816-c245-49a6-a257-2699ae485801 HTTP/1.1" status: 200 len: 946 time: 0.3262367
2026-05-09 22:57:08.770 9 INFO neutron.services.segments.plugin [-] Segment 57e2ed4c-da7c-4bcd-91d9-6bb4004b25a0 resource provider aggregate not found /var/lib/openstack/lib/python3.10/site-packages/pycadf/identifier.py:71: UserWarning: Invalid uuid: neutron. To ensure interoperability, identifiers should be a valid uuid. warnings.warn(('Invalid uuid: %s. To ensure interoperability, '
2026-05-09 22:57:08.796 9 INFO neutron.services.segments.plugin [-] Segment 57e2ed4c-da7c-4bcd-91d9-6bb4004b25a0 resource provider not found; error: Placement Client Error (4xx): {"errors": [{"status": 404, "title": "Not Found", "detail": "The resource could not be found.\n\n No resource provider with uuid 57e2ed4c-da7c-4bcd-91d9-6bb4004b25a0 found for delete ", "request_id": "req-751408d7-6c05-49fa-adc9-8b8741145c06"}]}
2026-05-09 22:57:08.809 9 INFO neutron.services.segments.plugin [-] Segment 57e2ed4c-da7c-4bcd-91d9-6bb4004b25a0 resource provider aggregate not found
2026-05-09 22:57:08.824 9 INFO neutron.services.segments.plugin [-] Segment 57e2ed4c-da7c-4bcd-91d9-6bb4004b25a0 resource provider not found; error: Placement Client Error (4xx): {"errors": [{"status": 404, "title": "Not Found", "detail": "The resource could not be found.\n\n No resource provider with uuid 57e2ed4c-da7c-4bcd-91d9-6bb4004b25a0 found for delete ", "request_id": "req-97bffde8-65cb-4140-8656-924f14734966"}]}
2026-05-09 22:57:09.021 10 INFO neutron.wsgi [None req-a2e10381-acaf-476a-9e28-3a1b7fe370d7 f517571ed702499db94b7cc39be53589 8f0b85fcf0f14cab9c66cc9447f9017e - - default default] 10.0.0.214 "DELETE /v2.0/ports/7dc7e816-c245-49a6-a257-2699ae485801 HTTP/1.1" status: 204 len: 168 time: 0.2522407
2026-05-09 22:57:09.113 10 INFO neutron.wsgi [None req-fcc1cbee-b949-4c47-be0e-709218d77772 f517571ed702499db94b7cc39be53589 8f0b85fcf0f14cab9c66cc9447f9017e - - default default] 10.0.0.214 "GET /v2.0/ports HTTP/1.1" status: 200 len: 1732 time: 0.0872796
2026-05-09 22:57:09.138 10 INFO neutron.pecan_wsgi.hooks.translation [None req-c53d70da-2177-417f-8b44-d566b3562bb7 f517571ed702499db94b7cc39be53589 8f0b85fcf0f14cab9c66cc9447f9017e - - default default] GET failed (client error): The resource could not be found.
2026-05-09 22:57:09.140 10 INFO neutron.wsgi [None req-c53d70da-2177-417f-8b44-d566b3562bb7 f517571ed702499db94b7cc39be53589 8f0b85fcf0f14cab9c66cc9447f9017e - - default default] 10.0.0.214 "GET /v2.0/ports/7dc7e816-c245-49a6-a257-2699ae485801 HTTP/1.1" status: 404 len: 333 time: 0.0202389
2026-05-09 22:57:09.190 10 INFO neutron.wsgi [None req-b5f04d7b-5b2f-4d05-a374-348a4206e76d f517571ed702499db94b7cc39be53589 8f0b85fcf0f14cab9c66cc9447f9017e - - default default] 10.0.0.214 "GET /v2.0/ports HTTP/1.1" status: 200 len: 1732 time: 0.0422802
2026-05-09 22:57:09.218 9 INFO neutron.wsgi [req-3ada3b3b-7dcc-4aa2-aa60-ea949f6ae95a req-5f534228-59d6-4f3e-b9aa-0c2bf8c867f5 85346ff96472477b85427d9835cf6455 a87c074d5f924c5685712dc6e41e38b3 - - 6c1a401fdf844f518769ed403dc14c20 6c1a401fdf844f518769ed403dc14c20] 10.0.0.182 "GET /v2.0/ports?device_id=72661ce2-43fa-4806-ba7a-9d2100dd79d3 HTTP/1.1" status: 200 len: 1409 time: 0.0549784
2026-05-09 22:57:09.240 10 INFO neutron.wsgi [None req-0a566418-6cae-468b-ad47-98ed2f49f822 f517571ed702499db94b7cc39be53589 8f0b85fcf0f14cab9c66cc9447f9017e - - default default] 10.0.0.214 "GET /v2.0/ports/088b6a76-d23c-41c8-8df5-e88226e15a8a HTTP/1.1" status: 200 len: 972 time: 0.0445826
2026-05-09 22:57:09.269 10 INFO neutron.pecan_wsgi.hooks.translation [None req-43c05fde-4c15-41c0-b5ba-cfc62b719160 f517571ed702499db94b7cc39be53589 8f0b85fcf0f14cab9c66cc9447f9017e - - default default] DELETE failed (client error): The resource could not be found.
2026-05-09 22:57:09.271 10 INFO neutron.wsgi [None req-43c05fde-4c15-41c0-b5ba-cfc62b719160 f517571ed702499db94b7cc39be53589 8f0b85fcf0f14cab9c66cc9447f9017e - - default default] 10.0.0.214 "DELETE /v2.0/ports/5c3bab95-b2e2-4352-91b8-c5573422d177 HTTP/1.1" status: 404 len: 333 time: 0.0212626
2026-05-09 22:57:09.273 9 INFO neutron.wsgi [req-3ada3b3b-7dcc-4aa2-aa60-ea949f6ae95a req-71dc17f5-3921-44c8-8843-ae33e82a8d57 85346ff96472477b85427d9835cf6455 a87c074d5f924c5685712dc6e41e38b3 - - 6c1a401fdf844f518769ed403dc14c20 6c1a401fdf844f518769ed403dc14c20] 10.0.0.182 "GET /v2.0/security-groups?id=f15528d6-8c0e-46ce-818c-deed6ab338b2&fields=id&fields=name HTTP/1.1" status: 200 len: 313 time: 0.0466566
2026-05-09 22:57:09.292 9 INFO neutron.pecan_wsgi.hooks.translation [None req-69c7c404-790e-498d-9791-fe91c83e0dad f517571ed702499db94b7cc39be53589 8f0b85fcf0f14cab9c66cc9447f9017e - - default default] DELETE failed (client error): The resource could not be found.
2026-05-09 22:57:09.294 9 INFO neutron.wsgi [None req-69c7c404-790e-498d-9791-fe91c83e0dad f517571ed702499db94b7cc39be53589 8f0b85fcf0f14cab9c66cc9447f9017e - - default default] 10.0.0.214 "DELETE /v2.0/subnets/fd92e2a1-382b-4924-8585-a9d160d52ed4 HTTP/1.1" status: 404 len: 337 time: 0.0190363
2026-05-09 22:57:09.314 10 INFO neutron.pecan_wsgi.hooks.translation [None req-89267ab8-a326-4f07-a8dc-536f1ae9c0c5 f517571ed702499db94b7cc39be53589 8f0b85fcf0f14cab9c66cc9447f9017e - - default default] DELETE failed (client error): The resource could not be found.
2026-05-09 22:57:09.317 10 INFO neutron.wsgi [None req-89267ab8-a326-4f07-a8dc-536f1ae9c0c5 f517571ed702499db94b7cc39be53589 8f0b85fcf0f14cab9c66cc9447f9017e - - default default] 10.0.0.214 "DELETE /v2.0/subnets/300e746d-1222-4fa3-a7a6-4ba4c25978a2 HTTP/1.1" status: 404 len: 337 time: 0.0183280
2026-05-09 22:57:09.358 9 INFO neutron.wsgi [None req-7ac82cc4-de04-453b-8955-b1dfbdecbdaa 4188508d59984f52ac39d83edc6a82a8 04c0bb8d7e004a8bb7840f3d11c07570 - - default default] 10.0.0.214 "DELETE /v2.0/networks/788ed0e7-ef0d-4162-bcfd-3435da71f24e HTTP/1.1" status: 204 len: 168 time: 0.6008587
2026-05-09 22:57:09.375 9 WARNING neutron_lib.context [None req-70f1e2c1-bd9e-4c9b-84c7-b4c40180e734 7ab571b7f14a4712a808bc1da22624f9 67e5e6fb3aa24571a2b77f2e2d2c35be - - default default] Method 'is_advsvc' is deprecated since 2023.2 release (neutron-lib 3.8.0) and will be removed once support for the old RBAC API policies will be removed from Neutron. Please use method 'is_service_role' instead.
2026-05-09 22:57:09.472 10 INFO neutron.db.segments_db [None req-3727f5ca-275d-4497-b688-e777091423b4 4188508d59984f52ac39d83edc6a82a8 04c0bb8d7e004a8bb7840f3d11c07570 - - default default] Added segment 91c5316a-42b1-400a-ab6f-24f711871e3d of type geneve for network 09ca62f4-9461-4b12-8e05-5293c295040d
2026-05-09 22:57:09.501 9 INFO neutron.db.ovn_revision_numbers_db [None req-70f1e2c1-bd9e-4c9b-84c7-b4c40180e734 7ab571b7f14a4712a808bc1da22624f9 67e5e6fb3aa24571a2b77f2e2d2c35be - - default default] Successfully bumped revision number for resource 732bdcab-d3d3-44f7-a0a0-2ccab25aa074 (type: security_groups) to 1
2026-05-09 22:57:09.517 9 INFO neutron.db.ovn_revision_numbers_db [None req-70f1e2c1-bd9e-4c9b-84c7-b4c40180e734 7ab571b7f14a4712a808bc1da22624f9 67e5e6fb3aa24571a2b77f2e2d2c35be - - default default] Successfully bumped revision number for resource 2f90bece-c021-48b6-b139-e3d4c737220b (type: security_group_rules) to 0
2026-05-09 22:57:09.529 9 INFO neutron.db.ovn_revision_numbers_db [None req-70f1e2c1-bd9e-4c9b-84c7-b4c40180e734 7ab571b7f14a4712a808bc1da22624f9 67e5e6fb3aa24571a2b77f2e2d2c35be - - default default] Successfully bumped revision number for resource 3e519b0b-c8a6-4eab-87fe-85140caf0712 (type: security_group_rules) to 0
2026-05-09 22:57:09.548 9 INFO neutron.db.ovn_revision_numbers_db [None req-70f1e2c1-bd9e-4c9b-84c7-b4c40180e734 7ab571b7f14a4712a808bc1da22624f9 67e5e6fb3aa24571a2b77f2e2d2c35be - - default default] Successfully bumped revision number for resource e39cb011-69e6-4063-816c-f3c2fa1016e2 (type: security_group_rules) to 0
2026-05-09 22:57:09.568 9 INFO neutron.db.ovn_revision_numbers_db [None req-70f1e2c1-bd9e-4c9b-84c7-b4c40180e734 7ab571b7f14a4712a808bc1da22624f9 67e5e6fb3aa24571a2b77f2e2d2c35be - - default default] Successfully bumped revision number for resource fd53dda7-0baa-4d0e-88d5-5b25d394d64b (type: security_group_rules) to 0
2026-05-09 22:57:09.626 9 INFO neutron.db.segments_db [None req-70f1e2c1-bd9e-4c9b-84c7-b4c40180e734 7ab571b7f14a4712a808bc1da22624f9 67e5e6fb3aa24571a2b77f2e2d2c35be - - default default] Added segment 5f81eba9-2cca-4f17-985c-dc507ced16ea of type geneve for network 79e2dc57-61da-4dd2-ba7a-ce64dcf2e095
2026-05-09 22:57:09.632 10 INFO neutron.db.ovn_revision_numbers_db [None req-3727f5ca-275d-4497-b688-e777091423b4 4188508d59984f52ac39d83edc6a82a8 04c0bb8d7e004a8bb7840f3d11c07570 - - default default] Successfully bumped revision number for resource 09ca62f4-9461-4b12-8e05-5293c295040d (type: networks) to 1
2026-05-09 22:57:09.647 10 INFO neutron.wsgi [None req-45416b22-8434-4537-b2d4-2dec43381b5e f517571ed702499db94b7cc39be53589 8f0b85fcf0f14cab9c66cc9447f9017e - - default default] 10.0.0.214 "DELETE /v2.0/ports/088b6a76-d23c-41c8-8df5-e88226e15a8a HTTP/1.1" status: 204 len: 168 time: 0.3261979
2026-05-09 22:57:09.793 10 WARNING neutron.scheduler.dhcp_agent_scheduler [None req-3727f5ca-275d-4497-b688-e777091423b4 4188508d59984f52ac39d83edc6a82a8 04c0bb8d7e004a8bb7840f3d11c07570 - - default default] No more DHCP agents
2026-05-09 22:57:09.796 10 WARNING neutron.api.rpc.agentnotifiers.dhcp_rpc_agent_api [None req-3727f5ca-275d-4497-b688-e777091423b4 4188508d59984f52ac39d83edc6a82a8 04c0bb8d7e004a8bb7840f3d11c07570 - - default default] Unable to schedule network 09ca62f4-9461-4b12-8e05-5293c295040d: no agents available; will retry on subsequent port and subnet creation events.
2026-05-09 22:57:09.815 9 INFO neutron.db.ovn_revision_numbers_db [None req-70f1e2c1-bd9e-4c9b-84c7-b4c40180e734 7ab571b7f14a4712a808bc1da22624f9 67e5e6fb3aa24571a2b77f2e2d2c35be - - default default] Successfully bumped revision number for resource 79e2dc57-61da-4dd2-ba7a-ce64dcf2e095 (type: networks) to 1
2026-05-09 22:57:09.877 10 INFO neutron.db.ovn_revision_numbers_db [None req-3727f5ca-275d-4497-b688-e777091423b4 4188508d59984f52ac39d83edc6a82a8 04c0bb8d7e004a8bb7840f3d11c07570 - - default default] Successfully bumped revision number for resource 166c7e9f-226a-453f-ac6a-95a72da8d0b4 (type: ports) to 1
2026-05-09 22:57:09.901 10 INFO neutron.wsgi [None req-3727f5ca-275d-4497-b688-e777091423b4 4188508d59984f52ac39d83edc6a82a8 04c0bb8d7e004a8bb7840f3d11c07570 - - default default] 10.0.0.214 "POST /v2.0/networks HTTP/1.1" status: 201 len: 928 time: 0.5352383
2026-05-09 22:57:10.040 10 WARNING neutron.scheduler.dhcp_agent_scheduler [None req-bbcf6097-0511-4cf2-97ef-39352b81899f 4188508d59984f52ac39d83edc6a82a8 04c0bb8d7e004a8bb7840f3d11c07570 - - default default] No more DHCP agents
2026-05-09 22:57:10.042 10 WARNING neutron.api.rpc.agentnotifiers.dhcp_rpc_agent_api [None req-bbcf6097-0511-4cf2-97ef-39352b81899f 4188508d59984f52ac39d83edc6a82a8 04c0bb8d7e004a8bb7840f3d11c07570 - - default default] Unable to schedule network 09ca62f4-9461-4b12-8e05-5293c295040d: no agents available; will retry on subsequent port and subnet creation events.
2026-05-09 22:57:10.311 9 WARNING neutron.scheduler.dhcp_agent_scheduler [None req-70f1e2c1-bd9e-4c9b-84c7-b4c40180e734 7ab571b7f14a4712a808bc1da22624f9 67e5e6fb3aa24571a2b77f2e2d2c35be - - default default] No more DHCP agents
2026-05-09 22:57:10.317 9 WARNING neutron.api.rpc.agentnotifiers.dhcp_rpc_agent_api [None req-70f1e2c1-bd9e-4c9b-84c7-b4c40180e734 7ab571b7f14a4712a808bc1da22624f9 67e5e6fb3aa24571a2b77f2e2d2c35be - - default default] Unable to schedule network 79e2dc57-61da-4dd2-ba7a-ce64dcf2e095: no agents available; will retry on subsequent port and subnet creation events.
2026-05-09 22:57:10.421 9 INFO neutron.db.ovn_revision_numbers_db [None req-70f1e2c1-bd9e-4c9b-84c7-b4c40180e734 7ab571b7f14a4712a808bc1da22624f9 67e5e6fb3aa24571a2b77f2e2d2c35be - - default default] Successfully bumped revision number for resource f5f9f8fa-6b40-4f74-b5a1-681a2f12636b (type: ports) to 1
2026-05-09 22:57:10.433 9 INFO neutron.wsgi [None req-69f35286-481b-4a83-aab8-1afe8a9cde70 f517571ed702499db94b7cc39be53589 8f0b85fcf0f14cab9c66cc9447f9017e - - default default] 10.0.0.214 "DELETE /v2.0/networks/e353beee-7ca2-41f5-9818-c80ea41f327f HTTP/1.1" status: 204 len: 168 time: 0.7811441
2026-05-09 22:57:10.452 9 INFO neutron.wsgi [None req-70f1e2c1-bd9e-4c9b-84c7-b4c40180e734 7ab571b7f14a4712a808bc1da22624f9 67e5e6fb3aa24571a2b77f2e2d2c35be - - default default] 10.0.0.214 "POST /v2.0/networks HTTP/1.1" status: 201 len: 830 time: 1.2512345
2026-05-09 22:57:10.508 9 INFO neutron.wsgi [None req-42c378cf-c809-4f12-9e60-9b2dc11339b2 7ab571b7f14a4712a808bc1da22624f9 67e5e6fb3aa24571a2b77f2e2d2c35be - - default default] 10.0.0.214 "PUT /v2.0/networks/79e2dc57-61da-4dd2-ba7a-ce64dcf2e095/tags HTTP/1.1" status: 200 len: 218 time: 0.0503268
2026-05-09 22:57:10.515 10 INFO neutron.db.ovn_revision_numbers_db [None req-bbcf6097-0511-4cf2-97ef-39352b81899f 4188508d59984f52ac39d83edc6a82a8 04c0bb8d7e004a8bb7840f3d11c07570 - - default default] Successfully bumped revision number for resource 166c7e9f-226a-453f-ac6a-95a72da8d0b4 (type: ports) to 2
2026-05-09 22:57:10.552 10 INFO neutron.db.ovn_revision_numbers_db [None req-bbcf6097-0511-4cf2-97ef-39352b81899f 4188508d59984f52ac39d83edc6a82a8 04c0bb8d7e004a8bb7840f3d11c07570 - - default default] Successfully bumped revision number for resource db26c5cc-cadd-4299-8e51-98fe5c5a3a50 (type: subnets) to 0
2026-05-09 22:57:10.558 9 INFO neutron.wsgi [None req-dab8d739-4bf3-49f8-b591-926b22d3a9e7 7ab571b7f14a4712a808bc1da22624f9 67e5e6fb3aa24571a2b77f2e2d2c35be - - default default] 10.0.0.214 "GET /v2.0/networks/79e2dc57-61da-4dd2-ba7a-ce64dcf2e095/tags HTTP/1.1" status: 200 len: 218 time: 0.0454311
2026-05-09 22:57:10.568 10 INFO neutron.wsgi [None req-bbcf6097-0511-4cf2-97ef-39352b81899f 4188508d59984f52ac39d83edc6a82a8 04c0bb8d7e004a8bb7840f3d11c07570 - - default default] 10.0.0.214 "POST /v2.0/subnets HTTP/1.1" status: 201 len: 822 time: 0.6612098
2026-05-09 22:57:10.617 9 INFO neutron.wsgi [None req-a747e80e-9cdd-496b-ae0f-56ae41bee5ba 7ab571b7f14a4712a808bc1da22624f9 67e5e6fb3aa24571a2b77f2e2d2c35be - - default default] 10.0.0.214 "PUT /v2.0/networks/79e2dc57-61da-4dd2-ba7a-ce64dcf2e095/tags/green HTTP/1.1" status: 201 len: 201 time: 0.0535908
2026-05-09 22:57:10.661 9 INFO neutron.wsgi [None req-44044ce1-50c5-4e21-bab4-e00286af6d96 7ab571b7f14a4712a808bc1da22624f9 67e5e6fb3aa24571a2b77f2e2d2c35be - - default default] 10.0.0.214 "GET /v2.0/networks/79e2dc57-61da-4dd2-ba7a-ce64dcf2e095/tags HTTP/1.1" status: 200 len: 227 time: 0.0393357
2026-05-09 22:57:10.706 9 INFO neutron.wsgi [None req-5066a24f-7843-42df-b422-17c2e063ff98 7ab571b7f14a4712a808bc1da22624f9 67e5e6fb3aa24571a2b77f2e2d2c35be - - default default] 10.0.0.214 "PUT /v2.0/networks/79e2dc57-61da-4dd2-ba7a-ce64dcf2e095/tags/red HTTP/1.1" status: 201 len: 201 time: 0.0404644
2026-05-09 22:57:10.752 9 INFO neutron.wsgi [None req-cc045016-759f-4fd2-8749-d94e9a3a82c9 7ab571b7f14a4712a808bc1da22624f9 67e5e6fb3aa24571a2b77f2e2d2c35be - - default default] 10.0.0.214 "GET /v2.0/networks/79e2dc57-61da-4dd2-ba7a-ce64dcf2e095/tags HTTP/1.1" status: 200 len: 227 time: 0.0404520
2026-05-09 22:57:10.813 9 INFO neutron.wsgi [None req-693d6e2a-1de8-4c85-a72b-dfc9ffef9589 7ab571b7f14a4712a808bc1da22624f9 67e5e6fb3aa24571a2b77f2e2d2c35be - - default default] 10.0.0.214 "PUT /v2.0/networks/79e2dc57-61da-4dd2-ba7a-ce64dcf2e095/tags/black.or.white HTTP/1.1" status: 201 len: 201 time: 0.0569179
2026-05-09 22:57:10.814 9 INFO neutron.services.segments.plugin [-] Segment eadbba8b-e7f2-4c3f-8516-90387c70ee8a resource provider aggregate not found
2026-05-09 22:57:10.839 9 INFO neutron.services.segments.plugin [-] Segment eadbba8b-e7f2-4c3f-8516-90387c70ee8a resource provider not found; error: Placement Client Error (4xx): {"errors": [{"status": 404, "title": "Not Found", "detail": "The resource could not be found.\n\n No resource provider with uuid eadbba8b-e7f2-4c3f-8516-90387c70ee8a found for delete ", "request_id": "req-66a9432e-9810-4159-999c-1e8a5f94e395"}]}
2026-05-09 22:57:10.844 9 INFO neutron.services.segments.plugin [-] Segment eadbba8b-e7f2-4c3f-8516-90387c70ee8a resource provider aggregate not found
2026-05-09 22:57:10.861 9 INFO neutron.services.segments.plugin [-] Segment 61dd4430-365c-453b-8b88-54ceabfa8666 resource provider aggregate not found
2026-05-09 22:57:10.866 9 INFO neutron.services.segments.plugin [-] Segment eadbba8b-e7f2-4c3f-8516-90387c70ee8a resource provider not found; error: Placement Client Error (4xx): {"errors": [{"status": 404, "title": "Not Found", "detail": "The resource could not be found.\n\n No resource provider with uuid eadbba8b-e7f2-4c3f-8516-90387c70ee8a found for delete ", "request_id": "req-b397be38-5439-4406-95fe-29d5a72a9fa7"}]}
2026-05-09 22:57:10.866 10 INFO neutron.wsgi [None req-d8148ff2-7a47-4e04-bcb0-a96a585f1d6c 4188508d59984f52ac39d83edc6a82a8 04c0bb8d7e004a8bb7840f3d11c07570 - - default default] 10.0.0.214 "POST /v2.0/rbac-policies HTTP/1.1" status: 201 len: 523 time: 0.2918625
2026-05-09 22:57:10.885 9 INFO neutron.services.segments.plugin [-] Segment 61dd4430-365c-453b-8b88-54ceabfa8666 resource provider not found; error: Placement Client Error (4xx): {"errors": [{"status": 404, "title": "Not Found", "detail": "The resource could not be found.\n\n No resource provider with uuid 61dd4430-365c-453b-8b88-54ceabfa8666 found for delete ", "request_id": "req-a9787550-1e57-4112-a06f-c9cb92375cc0"}]}
2026-05-09 22:57:10.886 9 INFO neutron.services.segments.plugin [-] Segment 61dd4430-365c-453b-8b88-54ceabfa8666 resource provider aggregate not found
2026-05-09 22:57:10.895 9 INFO neutron.wsgi [None req-1ce3e954-e927-4325-912f-5ee1bf672dd5 7ab571b7f14a4712a808bc1da22624f9 67e5e6fb3aa24571a2b77f2e2d2c35be - - default default] 10.0.0.214 "GET /v2.0/networks/79e2dc57-61da-4dd2-ba7a-ce64dcf2e095/tags HTTP/1.1" status: 200 len: 245 time: 0.0753555
2026-05-09 22:57:10.902 9 INFO neutron.services.segments.plugin [-] Segment 61dd4430-365c-453b-8b88-54ceabfa8666 resource provider not found; error: Placement Client Error (4xx): {"errors": [{"status": 404, "title": "Not Found", "detail": "The resource could not be found.\n\n No resource provider with uuid 61dd4430-365c-453b-8b88-54ceabfa8666 found for delete ", "request_id": "req-6f5ce7ae-f31a-4fcb-aa65-a524b63e2ff8"}]}
2026-05-09 22:57:10.956 9 INFO neutron.wsgi [None req-0b7a2a75-2286-45f8-a152-3b3e1dfba362 7ab571b7f14a4712a808bc1da22624f9 67e5e6fb3aa24571a2b77f2e2d2c35be - - default default] 10.0.0.214 "PUT /v2.0/networks/79e2dc57-61da-4dd2-ba7a-ce64dcf2e095/tags HTTP/1.1" status: 200 len: 230 time: 0.0553126
2026-05-09 22:57:11.001 9 INFO neutron.wsgi [None req-cd82a26c-ecf1-48eb-acb8-b7c22c779157 7ab571b7f14a4712a808bc1da22624f9 67e5e6fb3aa24571a2b77f2e2d2c35be - - default default] 10.0.0.214 "GET /v2.0/networks/79e2dc57-61da-4dd2-ba7a-ce64dcf2e095/tags HTTP/1.1" status: 200 len: 230 time: 0.0410972
2026-05-09 22:57:11.050 9 INFO neutron.wsgi [None req-264b8edf-84ad-453b-ae86-f266d78705aa 7ab571b7f14a4712a808bc1da22624f9 67e5e6fb3aa24571a2b77f2e2d2c35be - - default default] 10.0.0.214 "GET /v2.0/networks/79e2dc57-61da-4dd2-ba7a-ce64dcf2e095/tags/red HTTP/1.1" status: 204 len: 168 time: 0.0443797
2026-05-09 22:57:11.100 9 INFO neutron.api.v2.resource [None req-22bb0be9-f0bb-4458-94cc-92e6fe18580f 7ab571b7f14a4712a808bc1da22624f9 67e5e6fb3aa24571a2b77f2e2d2c35be - - default default] show failed (client error): The resource could not be found.
2026-05-09 22:57:11.101 9 INFO neutron.wsgi [None req-22bb0be9-f0bb-4458-94cc-92e6fe18580f 7ab571b7f14a4712a808bc1da22624f9 67e5e6fb3aa24571a2b77f2e2d2c35be - - default default] 10.0.0.214 "GET /v2.0/networks/79e2dc57-61da-4dd2-ba7a-ce64dcf2e095/tags/green HTTP/1.1" status: 404 len: 299 time: 0.0448494
2026-05-09 22:57:11.168 9 INFO neutron.wsgi [None req-31b2a48c-2d8f-4e19-8557-d32727ec98f8 7ab571b7f14a4712a808bc1da22624f9 67e5e6fb3aa24571a2b77f2e2d2c35be - - default default] 10.0.0.214 "DELETE /v2.0/networks/79e2dc57-61da-4dd2-ba7a-ce64dcf2e095/tags/red HTTP/1.1" status: 204 len: 168 time: 0.0624602
2026-05-09 22:57:11.231 9 INFO neutron.wsgi [None req-6fec1054-40a2-49f6-a5b2-44570595fa77 7ab571b7f14a4712a808bc1da22624f9 67e5e6fb3aa24571a2b77f2e2d2c35be - - default default] 10.0.0.214 "GET /v2.0/networks/79e2dc57-61da-4dd2-ba7a-ce64dcf2e095/tags HTTP/1.1" status: 200 len: 223 time: 0.0575557
2026-05-09 22:57:11.283 9 INFO neutron.api.v2.resource [None req-af0bf4ab-9d1e-4e57-a942-5f7ef404f1cb 7ab571b7f14a4712a808bc1da22624f9 67e5e6fb3aa24571a2b77f2e2d2c35be - - default default] delete failed (client error): The resource could not be found.
2026-05-09 22:57:11.284 9 INFO neutron.wsgi [None req-af0bf4ab-9d1e-4e57-a942-5f7ef404f1cb 7ab571b7f14a4712a808bc1da22624f9 67e5e6fb3aa24571a2b77f2e2d2c35be - - default default] 10.0.0.214 "DELETE /v2.0/networks/79e2dc57-61da-4dd2-ba7a-ce64dcf2e095/tags/green HTTP/1.1" status: 404 len: 299 time: 0.0484462
2026-05-09 22:57:11.335 10 INFO neutron.wsgi [None req-48f5b86a-bee6-498d-ac36-fc69808b7c82 8df602c576ed4eb7a388b6ec3d9f6864 b51fdf18aad844e4af18a455445db30d - - default default] 10.0.0.214 "GET /v2.0/security-groups?tenant_id=8f0b85fcf0f14cab9c66cc9447f9017e&name=default HTTP/1.1" status: 200 len: 2996 time: 0.3932278
2026-05-09 22:57:11.362 9 INFO neutron.wsgi [None req-f8ffb30b-9079-49ad-8ce3-afa5deb054b7 ba2afa2637c94744bc3949853d020c89 5855112b8c614bf0a7ef99807441ad32 - - default default] 10.0.0.214 "GET /v2.0/networks/09ca62f4-9461-4b12-8e05-5293c295040d HTTP/1.1" status: 200 len: 849 time: 0.1299489
2026-05-09 22:57:11.372 9 INFO neutron.wsgi [None req-ae546dd0-a9bb-4fbb-8ecf-7b273635a374 7ab571b7f14a4712a808bc1da22624f9 67e5e6fb3aa24571a2b77f2e2d2c35be - - default default] 10.0.0.214 "DELETE /v2.0/networks/79e2dc57-61da-4dd2-ba7a-ce64dcf2e095/tags HTTP/1.1" status: 204 len: 168 time: 0.0824292
2026-05-09 22:57:11.432 10 INFO neutron.wsgi [None req-d0248f62-be9e-40a8-8f46-cda09307b1f6 7ab571b7f14a4712a808bc1da22624f9 67e5e6fb3aa24571a2b77f2e2d2c35be - - default default] 10.0.0.214 "GET /v2.0/networks/79e2dc57-61da-4dd2-ba7a-ce64dcf2e095/tags HTTP/1.1" status: 200 len: 205 time: 0.0531948
2026-05-09 22:57:11.552 9 INFO neutron.wsgi [None req-0309da43-5955-4225-b2ad-d218f77cee8e 8df602c576ed4eb7a388b6ec3d9f6864 b51fdf18aad844e4af18a455445db30d - - default default] 10.0.0.214 "DELETE /v2.0/security-groups/61afac19-6082-4ea3-abc0-010d88a5acdc HTTP/1.1" status: 204 len: 168 time: 0.2115819
2026-05-09 22:57:11.823 10 INFO neutron.services.segments.plugin [-] Segment 5f81eba9-2cca-4f17-985c-dc507ced16ea resource provider aggregate not found
2026-05-09 22:57:11.828 10 INFO neutron.services.segments.plugin [-] Segment 5f81eba9-2cca-4f17-985c-dc507ced16ea resource provider aggregate not found
2026-05-09 22:57:11.846 10 INFO neutron.services.segments.plugin [-] Segment 5f81eba9-2cca-4f17-985c-dc507ced16ea resource provider not found; error: Placement Client Error (4xx): {"errors": [{"status": 404, "title": "Not Found", "detail": "The resource could not be found.\n\n No resource provider with uuid 5f81eba9-2cca-4f17-985c-dc507ced16ea found for delete ", "request_id": "req-3820f47f-2c37-470b-afcd-229db2fc65ca"}]}
2026-05-09 22:57:11.848 10 INFO neutron.services.segments.plugin [-] Segment 5f81eba9-2cca-4f17-985c-dc507ced16ea resource provider not found; error: Placement Client Error (4xx): {"errors": [{"status": 404, "title": "Not Found", "detail": "The resource could not be found.\n\n No resource provider with uuid 5f81eba9-2cca-4f17-985c-dc507ced16ea found for delete ", "request_id": "req-3bc760a2-e479-45f0-86b0-a55defd9f069"}]}
2026-05-09 22:57:11.849 9 INFO neutron.pecan_wsgi.hooks.translation [None req-1ac0302b-3bfe-41da-9e14-49ed72e85f79 a1a1c88d86154cc885ec45babcd21d5e de5e8ede8a6d4ef190c78b39c40c2dc4 - - default default] GET failed (client error): The resource could not be found.
2026-05-09 22:57:11.851 9 INFO neutron.wsgi [None req-1ac0302b-3bfe-41da-9e14-49ed72e85f79 a1a1c88d86154cc885ec45babcd21d5e de5e8ede8a6d4ef190c78b39c40c2dc4 - - default default] 10.0.0.214 "GET /v2.0/networks/09ca62f4-9461-4b12-8e05-5293c295040d HTTP/1.1" status: 404 len: 339 time: 0.1296959
2026-05-09 22:57:11.869 10 INFO neutron.wsgi [None req-251c1e92-2049-4c19-af74-ff86c3237a79 7ab571b7f14a4712a808bc1da22624f9 67e5e6fb3aa24571a2b77f2e2d2c35be - - default default] 10.0.0.214 "DELETE /v2.0/networks/79e2dc57-61da-4dd2-ba7a-ce64dcf2e095 HTTP/1.1" status: 204 len: 168 time: 0.4222305
2026-05-09 22:57:12.352 9 INFO neutron.wsgi [None req-805811ec-b8a5-484d-92c2-afb04366ad24 4188508d59984f52ac39d83edc6a82a8 04c0bb8d7e004a8bb7840f3d11c07570 - - default default] 10.0.0.214 "DELETE /v2.0/networks/09ca62f4-9461-4b12-8e05-5293c295040d HTTP/1.1" status: 204 len: 168 time: 0.4924767
2026-05-09 22:57:12.375 9 INFO neutron.pecan_wsgi.hooks.translation [None req-cdade3e1-dbc2-4f11-983d-782eee022ab3 4188508d59984f52ac39d83edc6a82a8 04c0bb8d7e004a8bb7840f3d11c07570 - - default default] DELETE failed (client error): The resource could not be found.
2026-05-09 22:57:12.380 9 INFO neutron.wsgi [None req-cdade3e1-dbc2-4f11-983d-782eee022ab3 4188508d59984f52ac39d83edc6a82a8 04c0bb8d7e004a8bb7840f3d11c07570 - - default default] 10.0.0.214 "DELETE /v2.0/subnets/1d9add42-20ac-4686-973a-1299a99a4499 HTTP/1.1" status: 404 len: 337 time: 0.0209398
2026-05-09 22:57:12.401 9 INFO neutron.pecan_wsgi.hooks.translation [None req-6b480dbb-8e79-4524-ba2a-3268e31808a2 4188508d59984f52ac39d83edc6a82a8 04c0bb8d7e004a8bb7840f3d11c07570 - - default default] DELETE failed (client error): The resource could not be found.
2026-05-09 22:57:12.405 9 INFO neutron.wsgi [None req-6b480dbb-8e79-4524-ba2a-3268e31808a2 4188508d59984f52ac39d83edc6a82a8 04c0bb8d7e004a8bb7840f3d11c07570 - - default default] 10.0.0.214 "DELETE /v2.0/subnets/956b35f2-023a-4c57-ba8b-4c2dfe388c33 HTTP/1.1" status: 404 len: 337 time: 0.0219483
2026-05-09 22:57:12.426 9 INFO neutron.pecan_wsgi.hooks.translation [None req-6382befa-54cc-4a2c-adbf-37f4d9a7e81a 4188508d59984f52ac39d83edc6a82a8 04c0bb8d7e004a8bb7840f3d11c07570 - - default default] DELETE failed (client error): The resource could not be found.
2026-05-09 22:57:12.428 9 INFO neutron.wsgi [None req-6382befa-54cc-4a2c-adbf-37f4d9a7e81a 4188508d59984f52ac39d83edc6a82a8 04c0bb8d7e004a8bb7840f3d11c07570 - - default default] 10.0.0.214 "DELETE /v2.0/subnets/db26c5cc-cadd-4299-8e51-98fe5c5a3a50 HTTP/1.1" status: 404 len: 337 time: 0.0205464
2026-05-09 22:57:12.470 9 INFO neutron.plugins.ml2.drivers.ovn.mech_driver.mech_driver [None req-71f043e5-1309-4e04-8b43-f38cc1602804 - - - - - -] OVN reports status down for port: 1de02d89-e10d-49f6-8315-fb702bf58ca8
2026-05-09 22:57:12.525 10 INFO neutron.wsgi [req-3d6f528c-dd5b-48f9-8ebe-f15977737e0d req-0032ccc2-b9f6-4cc4-9148-6719a5dd0d66 9d970655bf074b629e7b7467e78980fb 1ec0a8b96e184bec97bfba10e7947f65 - - default default] 10.0.0.106 "GET /v2.0/ports?device_id=72661ce2-43fa-4806-ba7a-9d2100dd79d3 HTTP/1.1" status: 200 len: 1170 time: 0.1038129
2026-05-09 22:57:12.575 10 INFO neutron.wsgi [req-3d6f528c-dd5b-48f9-8ebe-f15977737e0d req-39a89860-4cfa-4663-944b-2ec435d80bb3 9d970655bf074b629e7b7467e78980fb 1ec0a8b96e184bec97bfba10e7947f65 - - default default] 10.0.0.106 "GET /v2.0/security-groups?id=f15528d6-8c0e-46ce-818c-deed6ab338b2&fields=id&fields=name HTTP/1.1" status: 200 len: 313 time: 0.0421596
2026-05-09 22:57:12.624 9 INFO neutron.notifiers.nova [-] Nova event matching ['req-0e330367-9279-4d5e-92a5-f713325612fb'] response: {'server_uuid': '72661ce2-43fa-4806-ba7a-9d2100dd79d3', 'name': 'network-vif-unplugged', 'status': 'completed', 'tag': '1de02d89-e10d-49f6-8315-fb702bf58ca8', 'code': 200}
2026-05-09 22:57:12.882 9 INFO neutron.db.ovn_revision_numbers_db [None req-71f043e5-1309-4e04-8b43-f38cc1602804 - - - - - -] Successfully bumped revision number for resource 1de02d89-e10d-49f6-8315-fb702bf58ca8 (type: ports) to 5
2026-05-09 22:57:12.888 9 INFO neutron.wsgi [req-ce68d70a-7d23-4322-ab68-6b64bb0e0d15 req-ba886013-661e-4519-9fe7-ba6b75e8d62e 9d970655bf074b629e7b7467e78980fb 1ec0a8b96e184bec97bfba10e7947f65 - - default default] 199.204.45.35 "GET /v2.0/ports?device_id=72661ce2-43fa-4806-ba7a-9d2100dd79d3 HTTP/1.1" status: 200 len: 1168 time: 0.1574061
2026-05-09 22:57:12.888 9 INFO neutron.db.ovn_revision_numbers_db [None req-18bcac18-1307-4aac-a724-af1ab76cba39 8df602c576ed4eb7a388b6ec3d9f6864 b51fdf18aad844e4af18a455445db30d - - default default] Successfully bumped revision number for resource a31c4f96-9f9f-4841-8915-8ab497f42fda (type: security_groups) to 1
2026-05-09 22:57:12.912 9 INFO neutron.services.segments.plugin [-] Segment 91c5316a-42b1-400a-ab6f-24f711871e3d resource provider aggregate not found
2026-05-09 22:57:12.930 9 INFO neutron.services.segments.plugin [-] Segment 91c5316a-42b1-400a-ab6f-24f711871e3d resource provider aggregate not found
2026-05-09 22:57:12.938 9 INFO neutron.services.segments.plugin [-] Segment 91c5316a-42b1-400a-ab6f-24f711871e3d resource provider not found; error: Placement Client Error (4xx): {"errors": [{"status": 404, "title": "Not Found", "detail": "The resource could not be found.\n\n No resource provider with uuid 91c5316a-42b1-400a-ab6f-24f711871e3d found for delete ", "request_id": "req-7e06a622-1925-4436-a8e7-8c206f4863a3"}]}
2026-05-09 22:57:12.945 9 INFO neutron.db.ovn_revision_numbers_db [None req-18bcac18-1307-4aac-a724-af1ab76cba39 8df602c576ed4eb7a388b6ec3d9f6864 b51fdf18aad844e4af18a455445db30d - - default default] Successfully bumped revision number for resource 12b619b4-3db0-4ae4-bc03-3d38c4dae32c (type: security_group_rules) to 0
2026-05-09 22:57:12.950 9 INFO neutron.services.segments.plugin [-] Segment 91c5316a-42b1-400a-ab6f-24f711871e3d resource provider not found; error: Placement Client Error (4xx): {"errors": [{"status": 404, "title": "Not Found", "detail": "The resource could not be found.\n\n No resource provider with uuid 91c5316a-42b1-400a-ab6f-24f711871e3d found for delete ", "request_id": "req-596425ef-6cd8-45c2-9b56-785dea773547"}]}
2026-05-09 22:57:12.974 9 INFO neutron.db.ovn_revision_numbers_db [None req-18bcac18-1307-4aac-a724-af1ab76cba39 8df602c576ed4eb7a388b6ec3d9f6864 b51fdf18aad844e4af18a455445db30d - - default default] Successfully bumped revision number for resource 1fd9a8b0-fc24-420e-8f81-66980cdcf071 (type: security_group_rules) to 0
2026-05-09 22:57:13.006 9 INFO neutron.db.ovn_revision_numbers_db [None req-18bcac18-1307-4aac-a724-af1ab76cba39 8df602c576ed4eb7a388b6ec3d9f6864 b51fdf18aad844e4af18a455445db30d - - default default] Successfully bumped revision number for resource dc754b8a-01f5-454b-ba97-4bd531bbdc9e (type: security_group_rules) to 0
2026-05-09 22:57:13.021 9 INFO neutron.db.ovn_revision_numbers_db [None req-18bcac18-1307-4aac-a724-af1ab76cba39 8df602c576ed4eb7a388b6ec3d9f6864 b51fdf18aad844e4af18a455445db30d - - default default] Successfully bumped revision number for resource f782d2a8-e018-4373-9bcb-1b8bf80c2bae (type: security_group_rules) to 0
2026-05-09 22:57:13.062 9 INFO neutron.wsgi [None req-18bcac18-1307-4aac-a724-af1ab76cba39 8df602c576ed4eb7a388b6ec3d9f6864 b51fdf18aad844e4af18a455445db30d - - default default] 10.0.0.214 "GET /v2.0/security-groups?tenant_id=948b5dbf8920422ca253d12bfd04d59a&name=default HTTP/1.1" status: 200 len: 2996 time: 0.6022980
2026-05-09 22:57:13.253 9 INFO neutron.db.l3_db [req-ce68d70a-7d23-4322-ab68-6b64bb0e0d15 req-eed2bee0-2aec-4371-a1ef-dbcf1ecf634b 9d970655bf074b629e7b7467e78980fb 1ec0a8b96e184bec97bfba10e7947f65 - - default default] Floating IP 0060ba2e-7100-442c-8ee1-31679aea6d07 disassociated. External IP: 10.96.250.206, port: 1de02d89-e10d-49f6-8315-fb702bf58ca8.
2026-05-09 22:57:13.272 10 INFO neutron.wsgi [None req-d83fa880-acc8-470c-8f99-e2475889a884 8df602c576ed4eb7a388b6ec3d9f6864 b51fdf18aad844e4af18a455445db30d - - default default] 10.0.0.214 "DELETE /v2.0/security-groups/a31c4f96-9f9f-4841-8915-8ab497f42fda HTTP/1.1" status: 204 len: 168 time: 0.2043328
2026-05-09 22:57:13.406 10 INFO neutron.wsgi [None req-15204383-b0e9-485b-8072-3d1e92fdf3bc 8df602c576ed4eb7a388b6ec3d9f6864 b51fdf18aad844e4af18a455445db30d - - default default] 10.0.0.214 "GET /v2.0/security-groups?tenant_id=67e5e6fb3aa24571a2b77f2e2d2c35be&name=default HTTP/1.1" status: 200 len: 2996 time: 0.0358922
2026-05-09 22:57:13.453 9 INFO neutron.wsgi [req-ce68d70a-7d23-4322-ab68-6b64bb0e0d15 req-eed2bee0-2aec-4371-a1ef-dbcf1ecf634b 9d970655bf074b629e7b7467e78980fb 1ec0a8b96e184bec97bfba10e7947f65 - - default default] 199.204.45.35 "DELETE /v2.0/ports/1de02d89-e10d-49f6-8315-fb702bf58ca8 HTTP/1.1" status: 204 len: 173 time: 0.5587740 /var/lib/openstack/lib/python3.10/site-packages/pycadf/identifier.py:71: UserWarning: Invalid uuid: neutron. To ensure interoperability, identifiers should be a valid uuid. warnings.warn(('Invalid uuid: %s. To ensure interoperability, '
2026-05-09 22:57:13.487 9 WARNING neutron_lib.context [None req-e49338e3-1128-409e-a00f-7df7c4959273 2c4460e7623c49018df2f0252f95fd3d 8d7540d647d34341a93467478cf04038 - - default default] Method 'is_advsvc' is deprecated since 2023.2 release (neutron-lib 3.8.0) and will be removed once support for the old RBAC API policies will be removed from Neutron. Please use method 'is_service_role' instead.
2026-05-09 22:57:13.521 10 INFO neutron.wsgi [None req-2acd7bdc-5fdb-4085-8f1b-3d98a244b759 8df602c576ed4eb7a388b6ec3d9f6864 b51fdf18aad844e4af18a455445db30d - - default default] 10.0.0.214 "GET /v2.0/security-groups?tenant_id=04c0bb8d7e004a8bb7840f3d11c07570&name=default HTTP/1.1" status: 200 len: 2996 time: 0.2468431
2026-05-09 22:57:13.634 10 INFO neutron.wsgi [None req-f6f0d9d8-22b2-408c-af4c-9a336e96798f 8df602c576ed4eb7a388b6ec3d9f6864 b51fdf18aad844e4af18a455445db30d - - default default] 10.0.0.214 "DELETE /v2.0/security-groups/732bdcab-d3d3-44f7-a0a0-2ccab25aa074 HTTP/1.1" status: 204 len: 168 time: 0.2230515
2026-05-09 22:57:13.648 9 INFO neutron.db.ovn_revision_numbers_db [None req-e49338e3-1128-409e-a00f-7df7c4959273 2c4460e7623c49018df2f0252f95fd3d 8d7540d647d34341a93467478cf04038 - - default default] Successfully bumped revision number for resource 3b189b70-c585-42c5-b513-6855f6b5127b (type: security_groups) to 1
2026-05-09 22:57:13.663 9 INFO neutron.db.ovn_revision_numbers_db [None req-e49338e3-1128-409e-a00f-7df7c4959273 2c4460e7623c49018df2f0252f95fd3d 8d7540d647d34341a93467478cf04038 - - default default] Successfully bumped revision number for resource 842025b2-8f6b-43a7-80e0-abecdb115623 (type: security_group_rules) to 0
2026-05-09 22:57:13.681 9 INFO neutron.db.ovn_revision_numbers_db [None req-e49338e3-1128-409e-a00f-7df7c4959273 2c4460e7623c49018df2f0252f95fd3d 8d7540d647d34341a93467478cf04038 - - default default] Successfully bumped revision number for resource bdd0b5c2-9237-426b-a301-3a027256dc13 (type: security_group_rules) to 0
2026-05-09 22:57:13.690 10 INFO neutron.wsgi [req-fa3c9523-97db-434f-aa8f-be556203609c req-9e43abc5-59c9-4252-9c06-def76de45e47 9d970655bf074b629e7b7467e78980fb 1ec0a8b96e184bec97bfba10e7947f65 - - default default] 10.0.0.106 "GET /v2.0/ports?device_id=72661ce2-43fa-4806-ba7a-9d2100dd79d3 HTTP/1.1" status: 200 len: 210 time: 0.0247009
2026-05-09 22:57:13.697 9 INFO neutron.db.ovn_revision_numbers_db [None req-e49338e3-1128-409e-a00f-7df7c4959273 2c4460e7623c49018df2f0252f95fd3d 8d7540d647d34341a93467478cf04038 - - default default] Successfully bumped revision number for resource f23d7738-f5ab-4fc5-a9fd-20977fd79469 (type: security_group_rules) to 0
2026-05-09 22:57:13.717 9 INFO neutron.db.ovn_revision_numbers_db [None req-e49338e3-1128-409e-a00f-7df7c4959273 2c4460e7623c49018df2f0252f95fd3d 8d7540d647d34341a93467478cf04038 - - default default] Successfully bumped revision number for resource f51e9020-1ba2-4296-bf9a-0d226cd59cc0 (type: security_group_rules) to 0
2026-05-09 22:57:13.765 9 INFO neutron.wsgi [None req-4d705cf8-f238-4e02-96cd-9b24d081e1ba 8df602c576ed4eb7a388b6ec3d9f6864 b51fdf18aad844e4af18a455445db30d - - default default] 10.0.0.214 "DELETE /v2.0/security-groups/c2c6db35-4edf-4910-b428-573e03f00a91 HTTP/1.1" status: 204 len: 168 time: 0.2353401
2026-05-09 22:57:13.771 9 INFO neutron.db.segments_db [None req-e49338e3-1128-409e-a00f-7df7c4959273 2c4460e7623c49018df2f0252f95fd3d 8d7540d647d34341a93467478cf04038 - - default default] Added segment 6cad803f-d59d-4644-8b0e-42fafd751c52 of type geneve for network a4725121-ad4e-4ba1-9ecd-079f3f5b67a4
2026-05-09 22:57:13.932 9 INFO neutron.db.ovn_revision_numbers_db [None req-e49338e3-1128-409e-a00f-7df7c4959273 2c4460e7623c49018df2f0252f95fd3d 8d7540d647d34341a93467478cf04038 - - default default] Successfully bumped revision number for resource a4725121-ad4e-4ba1-9ecd-079f3f5b67a4 (type: networks) to 1
2026-05-09 22:57:14.015 10 INFO neutron.db.ovn_revision_numbers_db [None req-a07a7da3-c8b8-4608-b353-48ce5115043e 8df602c576ed4eb7a388b6ec3d9f6864 b51fdf18aad844e4af18a455445db30d - - default default] Successfully bumped revision number for resource c92c5a4d-ed53-456e-b6b6-92a9db218a5e (type: security_groups) to 1
2026-05-09 22:57:14.030 10 INFO neutron.db.ovn_revision_numbers_db [None req-a07a7da3-c8b8-4608-b353-48ce5115043e 8df602c576ed4eb7a388b6ec3d9f6864 b51fdf18aad844e4af18a455445db30d - - default default] Successfully bumped revision number for resource 0a997ba3-2892-4ad2-bc14-1863206f421a (type: security_group_rules) to 0
2026-05-09 22:57:14.054 10 INFO neutron.db.ovn_revision_numbers_db [None req-a07a7da3-c8b8-4608-b353-48ce5115043e 8df602c576ed4eb7a388b6ec3d9f6864 b51fdf18aad844e4af18a455445db30d - - default default] Successfully bumped revision number for resource 68c0b4d9-adb7-4291-9bac-ead352af086f (type: security_group_rules) to 0
2026-05-09 22:57:14.072 10 INFO neutron.db.ovn_revision_numbers_db [None req-a07a7da3-c8b8-4608-b353-48ce5115043e 8df602c576ed4eb7a388b6ec3d9f6864 b51fdf18aad844e4af18a455445db30d - - default default] Successfully bumped revision number for resource 722f5123-8708-4709-aa86-888013df17ff (type: security_group_rules) to 0
2026-05-09 22:57:14.089 10 INFO neutron.db.ovn_revision_numbers_db [None req-a07a7da3-c8b8-4608-b353-48ce5115043e 8df602c576ed4eb7a388b6ec3d9f6864 b51fdf18aad844e4af18a455445db30d - - default default] Successfully bumped revision number for resource 88a29148-97bb-40e6-9275-4b877750a1d2 (type: security_group_rules) to 0
2026-05-09 22:57:14.115 10 INFO neutron.wsgi [None req-a07a7da3-c8b8-4608-b353-48ce5115043e 8df602c576ed4eb7a388b6ec3d9f6864 b51fdf18aad844e4af18a455445db30d - - default default] 10.0.0.214 "GET /v2.0/security-groups?tenant_id=5855112b8c614bf0a7ef99807441ad32&name=default HTTP/1.1" status: 200 len: 2996 time: 0.2068288
2026-05-09 22:57:14.132 9 WARNING neutron.scheduler.dhcp_agent_scheduler [None req-e49338e3-1128-409e-a00f-7df7c4959273 2c4460e7623c49018df2f0252f95fd3d 8d7540d647d34341a93467478cf04038 - - default default] No more DHCP agents
2026-05-09 22:57:14.135 9 WARNING neutron.api.rpc.agentnotifiers.dhcp_rpc_agent_api [None req-e49338e3-1128-409e-a00f-7df7c4959273 2c4460e7623c49018df2f0252f95fd3d 8d7540d647d34341a93467478cf04038 - - default default] Unable to schedule network a4725121-ad4e-4ba1-9ecd-079f3f5b67a4: no agents available; will retry on subsequent port and subnet creation events.
2026-05-09 22:57:14.220 9 INFO neutron.db.ovn_revision_numbers_db [None req-e49338e3-1128-409e-a00f-7df7c4959273 2c4460e7623c49018df2f0252f95fd3d 8d7540d647d34341a93467478cf04038 - - default default] Successfully bumped revision number for resource 1bf4a7c7-401a-4ac5-a385-b9568f3bfe70 (type: ports) to 1
