2026-05-09 22:55:34.494 10 INFO neutron.db.ovn_revision_numbers_db [None req-7fca4461-ad2a-4097-92f6-f4958bf8a841 8df602c576ed4eb7a388b6ec3d9f6864 b51fdf18aad844e4af18a455445db30d - - default default] Successfully bumped revision number for resource 3ccccd7a-ab25-471e-b27c-b84f7917aac2 (type: subnets) to 0
2026-05-09 22:55:34.515 10 INFO neutron.wsgi [None req-6ca3ce0e-1e66-45bc-9505-f22a17f06763 8df602c576ed4eb7a388b6ec3d9f6864 b51fdf18aad844e4af18a455445db30d - - default default] 10.0.0.216 "GET /v2.0/subnets HTTP/1.1" status: 200 len: 2094 time: 0.0653765
2026-05-09 22:55:34.530 10 INFO neutron.wsgi [None req-7fca4461-ad2a-4097-92f6-f4958bf8a841 8df602c576ed4eb7a388b6ec3d9f6864 b51fdf18aad844e4af18a455445db30d - - default default] 10.0.0.214 "POST /v2.0/subnets HTTP/1.1" status: 201 len: 866 time: 1.0666635
2026-05-09 22:55:34.532 10 INFO neutron.wsgi [None req-3b7becf4-1c0f-4622-b1b2-610421fb8dac 8df602c576ed4eb7a388b6ec3d9f6864 b51fdf18aad844e4af18a455445db30d - - default default] 10.0.0.216 "GET /v2.0/subnetpools HTTP/1.1" status: 200 len: 193 time: 0.0151498
2026-05-09 22:55:34.585 10 INFO neutron.wsgi [None req-062aa7a5-4f44-45f5-ad35-cd1f8b07f504 8df602c576ed4eb7a388b6ec3d9f6864 b51fdf18aad844e4af18a455445db30d - - default default] 10.0.0.216 "GET /v2.0/subnets HTTP/1.1" status: 200 len: 2094 time: 0.0523305
2026-05-09 22:55:34.652 9 INFO neutron.db.ovn_revision_numbers_db [None req-8a391a14-018d-46a7-a20c-53b6ddbdbc7b 0bcb4dcccdac4d649e25d4b658eaf4f5 bb106121d9694416b5863dfbb0b00ede - - default default] Successfully bumped revision number for resource d83a38ae-7bd9-4136-8450-0efea45082e4 (type: ports) to 1
2026-05-09 22:55:34.686 10 INFO neutron.wsgi [None req-dea08d25-45b1-461b-9cf5-ab387767dba0 8df602c576ed4eb7a388b6ec3d9f6864 b51fdf18aad844e4af18a455445db30d - - default default] 10.0.0.216 "GET /v2.0/ports HTTP/1.1" status: 200 len: 7401 time: 0.0859931
2026-05-09 22:55:35.078 10 WARNING neutron.scheduler.dhcp_agent_scheduler [None req-631cd220-c472-4ee5-896e-0abb1a88335e 8df602c576ed4eb7a388b6ec3d9f6864 b51fdf18aad844e4af18a455445db30d - - default default] No more DHCP agents
2026-05-09 22:55:35.080 10 WARNING neutron.api.rpc.agentnotifiers.dhcp_rpc_agent_api [None req-631cd220-c472-4ee5-896e-0abb1a88335e 8df602c576ed4eb7a388b6ec3d9f6864 b51fdf18aad844e4af18a455445db30d - - default default] Unable to schedule network 331ae174-097c-48c5-947d-49292eec1204: no agents available; will retry on subsequent port and subnet creation events.
2026-05-09 22:55:35.232 10 INFO neutron.db.ovn_revision_numbers_db [None req-631cd220-c472-4ee5-896e-0abb1a88335e 8df602c576ed4eb7a388b6ec3d9f6864 b51fdf18aad844e4af18a455445db30d - - default default] Successfully bumped revision number for resource 2e48c6be-11ab-47b8-b54e-ee53abc01328 (type: ports) to 1
2026-05-09 22:55:35.281 9 INFO neutron.db.ovn_revision_numbers_db [None req-8a391a14-018d-46a7-a20c-53b6ddbdbc7b 0bcb4dcccdac4d649e25d4b658eaf4f5 bb106121d9694416b5863dfbb0b00ede - - default default] Successfully bumped revision number for resource d83a38ae-7bd9-4136-8450-0efea45082e4 (type: router_ports) to 1
2026-05-09 22:55:35.345 9 INFO neutron.db.ovn_revision_numbers_db [None req-8a391a14-018d-46a7-a20c-53b6ddbdbc7b 0bcb4dcccdac4d649e25d4b658eaf4f5 bb106121d9694416b5863dfbb0b00ede - - default default] Successfully bumped revision number for resource 639347f9-d89c-4e45-916a-2648fca27ee6 (type: routers) to 2
2026-05-09 22:55:35.359 9 INFO neutron.wsgi [None req-8a391a14-018d-46a7-a20c-53b6ddbdbc7b 0bcb4dcccdac4d649e25d4b658eaf4f5 bb106121d9694416b5863dfbb0b00ede - - default default] 10.0.0.214 "POST /v2.0/routers HTTP/1.1" status: 201 len: 867 time: 1.4856942
2026-05-09 22:55:35.445 9 INFO neutron.wsgi [None req-0c0ca02c-8109-4fd6-a430-00d3ed8e0458 0bcb4dcccdac4d649e25d4b658eaf4f5 bb106121d9694416b5863dfbb0b00ede - - default default] 10.0.0.214 "GET /v2.0/routers/639347f9-d89c-4e45-916a-2648fca27ee6 HTTP/1.1" status: 200 len: 868 time: 0.0807903
2026-05-09 22:55:35.785 9 INFO neutron.wsgi [None req-c428a89d-d5d3-4c79-938a-edca752b0ef5 0bcb4dcccdac4d649e25d4b658eaf4f5 bb106121d9694416b5863dfbb0b00ede - - default default] 10.0.0.214 "GET /v2.0/routers HTTP/1.1" status: 200 len: 871 time: 0.3365993
2026-05-09 22:55:35.941 9 INFO neutron.db.ovn_revision_numbers_db [None req-4e8e3c14-a95b-4f56-a572-c3015e3e4dfd 8df602c576ed4eb7a388b6ec3d9f6864 b51fdf18aad844e4af18a455445db30d - - default default] Successfully bumped revision number for resource 8fe46c97-d65f-43cf-86b5-ffccf44a3f39 (type: security_groups) to 1
2026-05-09 22:55:35.964 9 INFO neutron.db.ovn_revision_numbers_db [None req-4e8e3c14-a95b-4f56-a572-c3015e3e4dfd 8df602c576ed4eb7a388b6ec3d9f6864 b51fdf18aad844e4af18a455445db30d - - default default] Successfully bumped revision number for resource 3abc0198-0c90-45fa-9637-02f4798cf969 (type: security_group_rules) to 0
2026-05-09 22:55:35.990 9 INFO neutron.plugins.ml2.drivers.ovn.mech_driver.ovsdb.ovsdb_monitor [None req-926d2929-e079-43b2-9e3a-59a7b45e0c02 - - - - - -] Router 7c5c313b-4fbc-41c0-bd86-f01964271116 is bound to host instance
2026-05-09 22:55:35.992 10 INFO neutron.db.ovn_revision_numbers_db [None req-631cd220-c472-4ee5-896e-0abb1a88335e 8df602c576ed4eb7a388b6ec3d9f6864 b51fdf18aad844e4af18a455445db30d - - default default] Successfully bumped revision number for resource 2e48c6be-11ab-47b8-b54e-ee53abc01328 (type: router_ports) to 1
2026-05-09 22:55:36.003 9 INFO neutron.db.ovn_revision_numbers_db [None req-4e8e3c14-a95b-4f56-a572-c3015e3e4dfd 8df602c576ed4eb7a388b6ec3d9f6864 b51fdf18aad844e4af18a455445db30d - - default default] Successfully bumped revision number for resource 879fce0a-2480-4480-8cae-6a1e1c9b2ac3 (type: security_group_rules) to 0
2026-05-09 22:55:36.041 9 INFO neutron.db.ovn_revision_numbers_db [None req-4e8e3c14-a95b-4f56-a572-c3015e3e4dfd 8df602c576ed4eb7a388b6ec3d9f6864 b51fdf18aad844e4af18a455445db30d - - default default] Successfully bumped revision number for resource 96b3dc59-4658-421b-baa7-d9350a100acf (type: security_group_rules) to 0
2026-05-09 22:55:36.067 9 INFO neutron.db.ovn_revision_numbers_db [None req-4e8e3c14-a95b-4f56-a572-c3015e3e4dfd 8df602c576ed4eb7a388b6ec3d9f6864 b51fdf18aad844e4af18a455445db30d - - default default] Successfully bumped revision number for resource e5c84388-6a78-4134-8265-5e32fbafd795 (type: security_group_rules) to 0
2026-05-09 22:55:36.070 10 INFO neutron.db.ovn_revision_numbers_db [None req-631cd220-c472-4ee5-896e-0abb1a88335e 8df602c576ed4eb7a388b6ec3d9f6864 b51fdf18aad844e4af18a455445db30d - - default default] Successfully bumped revision number for resource 7c5c313b-4fbc-41c0-bd86-f01964271116 (type: routers) to 2
2026-05-09 22:55:36.083 10 INFO neutron.wsgi [None req-631cd220-c472-4ee5-896e-0abb1a88335e 8df602c576ed4eb7a388b6ec3d9f6864 b51fdf18aad844e4af18a455445db30d - - default default] 10.0.0.214 "POST /v2.0/routers HTTP/1.1" status: 201 len: 877 time: 1.5422795
2026-05-09 22:55:36.104 9 INFO neutron.wsgi [None req-4e8e3c14-a95b-4f56-a572-c3015e3e4dfd 8df602c576ed4eb7a388b6ec3d9f6864 b51fdf18aad844e4af18a455445db30d - - default default] 10.0.0.214 "GET /v2.0/security-groups?tenant_id=346e34d07c4448a8bd3c38f69ed1d97e&name=default HTTP/1.1" status: 200 len: 2996 time: 0.6485689
2026-05-09 22:55:36.394 10 INFO neutron.wsgi [None req-d2b85b01-df6b-4e64-85d0-eaaf17cc045b 8df602c576ed4eb7a388b6ec3d9f6864 b51fdf18aad844e4af18a455445db30d - - default default] 10.0.0.214 "DELETE /v2.0/security-groups/8fe46c97-d65f-43cf-86b5-ffccf44a3f39 HTTP/1.1" status: 204 len: 168 time: 0.2841163
2026-05-09 22:55:36.399 9 INFO neutron.db.ovn_revision_numbers_db [None req-2646a53b-6cbc-4918-85ed-1554b21c0dc8 0bcb4dcccdac4d649e25d4b658eaf4f5 bb106121d9694416b5863dfbb0b00ede - - default default] Successfully bumped revision number for resource 639347f9-d89c-4e45-916a-2648fca27ee6 (type: routers) to 3
2026-05-09 22:55:36.402 9 INFO neutron.wsgi [None req-2646a53b-6cbc-4918-85ed-1554b21c0dc8 0bcb4dcccdac4d649e25d4b658eaf4f5 bb106121d9694416b5863dfbb0b00ede - - default default] 10.0.0.214 "PUT /v2.0/routers/639347f9-d89c-4e45-916a-2648fca27ee6 HTTP/1.1" status: 200 len: 875 time: 0.6113083
2026-05-09 22:55:36.486 9 INFO neutron.wsgi [None req-c12bc0d9-23d6-498b-9ef2-812da7233c3c 0bcb4dcccdac4d649e25d4b658eaf4f5 bb106121d9694416b5863dfbb0b00ede - - default default] 10.0.0.214 "GET /v2.0/routers/639347f9-d89c-4e45-916a-2648fca27ee6 HTTP/1.1" status: 200 len: 875 time: 0.0807536
2026-05-09 22:55:36.515 10 INFO neutron.wsgi [None req-673e3027-0e4c-4caf-b3c4-626b6dae55b1 0bcb4dcccdac4d649e25d4b658eaf4f5 bb106121d9694416b5863dfbb0b00ede - - default default] 10.0.0.214 "GET /v2.0/ports?device_id=639347f9-d89c-4e45-916a-2648fca27ee6 HTTP/1.1" status: 200 len: 205 time: 0.0237212
2026-05-09 22:55:36.569 10 WARNING neutron.scheduler.dhcp_agent_scheduler [None req-280ba70a-2286-4c95-bf4a-9c6c8978e460 8df602c576ed4eb7a388b6ec3d9f6864 b51fdf18aad844e4af18a455445db30d - - default default] No more DHCP agents
2026-05-09 22:55:36.572 10 WARNING neutron.api.rpc.agentnotifiers.dhcp_rpc_agent_api [None req-280ba70a-2286-4c95-bf4a-9c6c8978e460 8df602c576ed4eb7a388b6ec3d9f6864 b51fdf18aad844e4af18a455445db30d - - default default] Unable to schedule network f9f76884-0871-4344-9825-61812e54423c: no agents available; will retry on subsequent port and subnet creation events.
2026-05-09 22:55:36.599 9 INFO neutron.db.ovn_revision_numbers_db [None req-926d2929-e079-43b2-9e3a-59a7b45e0c02 - - - - - -] Successfully bumped revision number for resource 2e48c6be-11ab-47b8-b54e-ee53abc01328 (type: ports) to 1
2026-05-09 22:55:36.615 9 INFO neutron.db.ovn_revision_numbers_db [None req-6fc25524-39d5-41b4-b565-69ed528a0c34 8df602c576ed4eb7a388b6ec3d9f6864 b51fdf18aad844e4af18a455445db30d - - default default] Successfully bumped revision number for resource cdeecf5e-a1de-472b-a054-bc35bbbec740 (type: security_groups) to 1
2026-05-09 22:55:36.637 9 INFO neutron.db.ovn_revision_numbers_db [None req-6fc25524-39d5-41b4-b565-69ed528a0c34 8df602c576ed4eb7a388b6ec3d9f6864 b51fdf18aad844e4af18a455445db30d - - default default] Successfully bumped revision number for resource 00de33f6-b2c6-4067-920a-b4bd360a5675 (type: security_group_rules) to 0
2026-05-09 22:55:36.656 9 INFO neutron.db.ovn_revision_numbers_db [None req-6fc25524-39d5-41b4-b565-69ed528a0c34 8df602c576ed4eb7a388b6ec3d9f6864 b51fdf18aad844e4af18a455445db30d - - default default] Successfully bumped revision number for resource 15cf1ee5-1cf1-4e35-809b-fb842b178bb4 (type: security_group_rules) to 0
2026-05-09 22:55:36.672 9 INFO neutron.db.ovn_revision_numbers_db [None req-6fc25524-39d5-41b4-b565-69ed528a0c34 8df602c576ed4eb7a388b6ec3d9f6864 b51fdf18aad844e4af18a455445db30d - - default default] Successfully bumped revision number for resource 5d8615fc-d2c4-4309-a842-acd25662f41f (type: security_group_rules) to 0
2026-05-09 22:55:36.732 9 INFO neutron.db.ovn_revision_numbers_db [None req-6fc25524-39d5-41b4-b565-69ed528a0c34 8df602c576ed4eb7a388b6ec3d9f6864 b51fdf18aad844e4af18a455445db30d - - default default] Successfully bumped revision number for resource 5fdeae6a-c729-40c3-acec-df5a68bb2f7a (type: security_group_rules) to 0
2026-05-09 22:55:36.768 9 INFO neutron.wsgi [None req-6fc25524-39d5-41b4-b565-69ed528a0c34 8df602c576ed4eb7a388b6ec3d9f6864 b51fdf18aad844e4af18a455445db30d - - default default] 10.0.0.214 "GET /v2.0/security-groups?tenant_id=bbcad43044ac42bfb9ba3317933639eb&name=default HTTP/1.1" status: 200 len: 2996 time: 0.2862718
2026-05-09 22:55:36.797 10 INFO neutron.db.ovn_revision_numbers_db [None req-280ba70a-2286-4c95-bf4a-9c6c8978e460 8df602c576ed4eb7a388b6ec3d9f6864 b51fdf18aad844e4af18a455445db30d - - default default] Successfully bumped revision number for resource 7ef511fe-42e3-4d98-9a61-885b34ef281a (type: ports) to 1
2026-05-09 22:55:36.836 9 INFO neutron.db.ovn_revision_numbers_db [None req-926d2929-e079-43b2-9e3a-59a7b45e0c02 - - - - - -] Successfully bumped revision number for resource 2e48c6be-11ab-47b8-b54e-ee53abc01328 (type: router_ports) to 3
2026-05-09 22:55:36.988 9 INFO neutron.wsgi [None req-13cd1a34-93eb-40cf-8f67-a62c7f524259 8df602c576ed4eb7a388b6ec3d9f6864 b51fdf18aad844e4af18a455445db30d - - default default] 10.0.0.214 "DELETE /v2.0/security-groups/cdeecf5e-a1de-472b-a054-bc35bbbec740 HTTP/1.1" status: 204 len: 168 time: 0.2145236
2026-05-09 22:55:37.010 9 WARNING neutron.plugins.ml2.drivers.ovn.mech_driver.ovsdb.ovn_client [None req-71f043e5-1309-4e04-8b43-f38cc1602804 - - - - - -] No port found with ID 37d67419-cc5c-45c9-a823-613cb3e5dca8: RuntimeError: No port found with ID 37d67419-cc5c-45c9-a823-613cb3e5dca8
2026-05-09 22:55:37.011 9 INFO neutron.plugins.ml2.drivers.ovn.mech_driver.mech_driver [None req-71f043e5-1309-4e04-8b43-f38cc1602804 - - - - - -] OVN reports status up for port: d83a38ae-7bd9-4136-8450-0efea45082e4
2026-05-09 22:55:37.020 9 INFO neutron.plugins.ml2.plugin [None req-71f043e5-1309-4e04-8b43-f38cc1602804 - - - - - -] Attempt 1 to provision port d83a38ae-7bd9-4136-8450-0efea45082e4
2026-05-09 22:55:37.036 9 INFO neutron.db.ovn_revision_numbers_db [None req-926d2929-e079-43b2-9e3a-59a7b45e0c02 - - - - - -] Successfully bumped revision number for resource 2e48c6be-11ab-47b8-b54e-ee53abc01328 (type: ports) to 2
2026-05-09 22:55:37.282 9 INFO neutron.db.ovn_revision_numbers_db [None req-926d2929-e079-43b2-9e3a-59a7b45e0c02 - - - - - -] Successfully bumped revision number for resource 2e48c6be-11ab-47b8-b54e-ee53abc01328 (type: ports) to 4
2026-05-09 22:55:37.594 10 INFO neutron.db.ovn_revision_numbers_db [None req-280ba70a-2286-4c95-bf4a-9c6c8978e460 8df602c576ed4eb7a388b6ec3d9f6864 b51fdf18aad844e4af18a455445db30d - - default default] Successfully bumped revision number for resource 7ef511fe-42e3-4d98-9a61-885b34ef281a (type: router_ports) to 1
2026-05-09 22:55:37.788 9 INFO neutron.db.ovn_revision_numbers_db [None req-926d2929-e079-43b2-9e3a-59a7b45e0c02 - - - - - -] Successfully bumped revision number for resource 2e48c6be-11ab-47b8-b54e-ee53abc01328 (type: router_ports) to 4
2026-05-09 22:55:37.797 10 INFO neutron.wsgi [None req-88321848-4592-4865-a04e-42780f51f9e5 0bcb4dcccdac4d649e25d4b658eaf4f5 bb106121d9694416b5863dfbb0b00ede - - default default] 10.0.0.214 "DELETE /v2.0/routers/639347f9-d89c-4e45-916a-2648fca27ee6 HTTP/1.1" status: 204 len: 168 time: 1.2757547
2026-05-09 22:55:37.827 10 INFO neutron.wsgi [None req-17102d93-89ca-4c9b-aa54-01095664fdb5 0bcb4dcccdac4d649e25d4b658eaf4f5 bb106121d9694416b5863dfbb0b00ede - - default default] 10.0.0.214 "GET /v2.0/ports?device_id=639347f9-d89c-4e45-916a-2648fca27ee6 HTTP/1.1" status: 200 len: 205 time: 0.0242789
2026-05-09 22:55:37.851 10 INFO neutron.api.v2.resource [None req-49aef962-f05f-4d1a-aaa2-9a3103b72d69 0bcb4dcccdac4d649e25d4b658eaf4f5 bb106121d9694416b5863dfbb0b00ede - - default default] delete failed (client error): The resource could not be found.
2026-05-09 22:55:37.852 10 INFO neutron.wsgi [None req-49aef962-f05f-4d1a-aaa2-9a3103b72d69 0bcb4dcccdac4d649e25d4b658eaf4f5 bb106121d9694416b5863dfbb0b00ede - - default default] 10.0.0.214 "DELETE /v2.0/routers/639347f9-d89c-4e45-916a-2648fca27ee6 HTTP/1.1" status: 404 len: 336 time: 0.0203869
2026-05-09 22:55:37.855 10 INFO neutron.db.ovn_revision_numbers_db [None req-280ba70a-2286-4c95-bf4a-9c6c8978e460 8df602c576ed4eb7a388b6ec3d9f6864 b51fdf18aad844e4af18a455445db30d - - default default] Successfully bumped revision number for resource 7ef511fe-42e3-4d98-9a61-885b34ef281a (type: ports) to 1
2026-05-09 22:55:37.878 9 INFO neutron.wsgi [None req-52a76861-e70f-495c-b84a-fa6713b1692b 0bcb4dcccdac4d649e25d4b658eaf4f5 bb106121d9694416b5863dfbb0b00ede - - default default] 10.0.0.214 "GET /v2.0/ports?device_id=aa848e91-c53b-4b81-9db9-0cb5abe55ad3 HTTP/1.1" status: 200 len: 205 time: 0.0213974
2026-05-09 22:55:37.903 9 INFO neutron.api.v2.resource [None req-ff941ac9-b5f1-421a-b2a4-cfd32e397a30 0bcb4dcccdac4d649e25d4b658eaf4f5 bb106121d9694416b5863dfbb0b00ede - - default default] delete failed (client error): The resource could not be found.
2026-05-09 22:55:37.904 9 INFO neutron.wsgi [None req-ff941ac9-b5f1-421a-b2a4-cfd32e397a30 0bcb4dcccdac4d649e25d4b658eaf4f5 bb106121d9694416b5863dfbb0b00ede - - default default] 10.0.0.214 "DELETE /v2.0/routers/aa848e91-c53b-4b81-9db9-0cb5abe55ad3 HTTP/1.1" status: 404 len: 336 time: 0.0222733
2026-05-09 22:55:37.923 10 WARNING neutron.scheduler.dhcp_agent_scheduler [None req-280ba70a-2286-4c95-bf4a-9c6c8978e460 8df602c576ed4eb7a388b6ec3d9f6864 b51fdf18aad844e4af18a455445db30d - - default default] No more DHCP agents
2026-05-09 22:55:37.924 10 WARNING neutron.api.rpc.agentnotifiers.dhcp_rpc_agent_api [None req-280ba70a-2286-4c95-bf4a-9c6c8978e460 8df602c576ed4eb7a388b6ec3d9f6864 b51fdf18aad844e4af18a455445db30d - - default default] Unable to schedule network f9f76884-0871-4344-9825-61812e54423c: no agents available; will retry on subsequent port and subnet creation events.
2026-05-09 22:55:37.926 9 INFO neutron.pecan_wsgi.hooks.translation [None req-46d9e537-9791-482a-a2dc-c8db4f187dfc 0bcb4dcccdac4d649e25d4b658eaf4f5 bb106121d9694416b5863dfbb0b00ede - - default default] DELETE failed (client error): The resource could not be found.
2026-05-09 22:55:37.928 9 INFO neutron.wsgi [None req-46d9e537-9791-482a-a2dc-c8db4f187dfc 0bcb4dcccdac4d649e25d4b658eaf4f5 bb106121d9694416b5863dfbb0b00ede - - default default] 10.0.0.214 "DELETE /v2.0/subnets/1b74d1b3-2c9d-4e1c-842c-6d3d387d6c5a HTTP/1.1" status: 404 len: 337 time: 0.0168750
2026-05-09 22:55:37.957 9 INFO neutron.wsgi [None req-d00f4d05-01b5-4f9d-9878-d8e2cbdb6371 0bcb4dcccdac4d649e25d4b658eaf4f5 bb106121d9694416b5863dfbb0b00ede - - default default] 10.0.0.214 "GET /v2.0/ports?device_id=f0a85ba3-e460-4b5c-b526-939de67ebca2 HTTP/1.1" status: 200 len: 205 time: 0.0211918
2026-05-09 22:55:37.980 9 INFO neutron.api.v2.resource [None req-e7760d15-4415-48f5-97a5-ee781fb2c513 0bcb4dcccdac4d649e25d4b658eaf4f5 bb106121d9694416b5863dfbb0b00ede - - default default] delete failed (client error): The resource could not be found.
2026-05-09 22:55:37.982 9 INFO neutron.wsgi [None req-e7760d15-4415-48f5-97a5-ee781fb2c513 0bcb4dcccdac4d649e25d4b658eaf4f5 bb106121d9694416b5863dfbb0b00ede - - default default] 10.0.0.214 "DELETE /v2.0/routers/f0a85ba3-e460-4b5c-b526-939de67ebca2 HTTP/1.1" status: 404 len: 336 time: 0.0212178
2026-05-09 22:55:38.000 9 INFO neutron.pecan_wsgi.hooks.translation [None req-9985f5b2-f3bc-4a5c-9f1b-e0ea41877a83 0bcb4dcccdac4d649e25d4b658eaf4f5 bb106121d9694416b5863dfbb0b00ede - - default default] DELETE failed (client error): The resource could not be found.
2026-05-09 22:55:38.002 9 INFO neutron.wsgi [None req-9985f5b2-f3bc-4a5c-9f1b-e0ea41877a83 0bcb4dcccdac4d649e25d4b658eaf4f5 bb106121d9694416b5863dfbb0b00ede - - default default] 10.0.0.214 "DELETE /v2.0/subnets/9754dd4a-053e-42fa-9b9e-d41c36e46276 HTTP/1.1" status: 404 len: 337 time: 0.0162737
2026-05-09 22:55:38.027 9 INFO neutron.wsgi [None req-ed741aae-b7f0-493e-b3ae-f470f2ae9195 0bcb4dcccdac4d649e25d4b658eaf4f5 bb106121d9694416b5863dfbb0b00ede - - default default] 10.0.0.214 "GET /v2.0/ports?device_id=456998a9-9703-4cb9-aab3-6093e750da92 HTTP/1.1" status: 200 len: 205 time: 0.0198267
2026-05-09 22:55:38.055 9 INFO neutron.api.v2.resource [None req-c57cddca-577b-4e29-a38d-46e6d8694121 0bcb4dcccdac4d649e25d4b658eaf4f5 bb106121d9694416b5863dfbb0b00ede - - default default] delete failed (client error): The resource could not be found.
2026-05-09 22:55:38.057 9 INFO neutron.wsgi [None req-c57cddca-577b-4e29-a38d-46e6d8694121 0bcb4dcccdac4d649e25d4b658eaf4f5 bb106121d9694416b5863dfbb0b00ede - - default default] 10.0.0.214 "DELETE /v2.0/routers/456998a9-9703-4cb9-aab3-6093e750da92 HTTP/1.1" status: 404 len: 336 time: 0.0246544
2026-05-09 22:55:38.076 9 INFO neutron.pecan_wsgi.hooks.translation [None req-e965efb5-0217-4add-a685-8aff19138165 0bcb4dcccdac4d649e25d4b658eaf4f5 bb106121d9694416b5863dfbb0b00ede - - default default] DELETE failed (client error): The resource could not be found.
2026-05-09 22:55:38.078 9 INFO neutron.wsgi [None req-e965efb5-0217-4add-a685-8aff19138165 0bcb4dcccdac4d649e25d4b658eaf4f5 bb106121d9694416b5863dfbb0b00ede - - default default] 10.0.0.214 "DELETE /v2.0/subnets/7a6eeae1-a5d2-4ddb-9ab3-a257e19f207e HTTP/1.1" status: 404 len: 337 time: 0.0167325
2026-05-09 22:55:38.103 10 INFO neutron.pecan_wsgi.hooks.translation [None req-e02e2c7d-0491-42b4-a925-4e019819af9a 0bcb4dcccdac4d649e25d4b658eaf4f5 bb106121d9694416b5863dfbb0b00ede - - default default] DELETE failed (client error): The resource could not be found.
2026-05-09 22:55:38.105 10 INFO neutron.wsgi [None req-e02e2c7d-0491-42b4-a925-4e019819af9a 0bcb4dcccdac4d649e25d4b658eaf4f5 bb106121d9694416b5863dfbb0b00ede - - default default] 10.0.0.214 "DELETE /v2.0/subnets/f1502196-912f-4a5b-ab6c-a1d93105f52a HTTP/1.1" status: 404 len: 337 time: 0.0209210
2026-05-09 22:55:38.306 10 INFO neutron.db.ovn_revision_numbers_db [None req-280ba70a-2286-4c95-bf4a-9c6c8978e460 8df602c576ed4eb7a388b6ec3d9f6864 b51fdf18aad844e4af18a455445db30d - - default default] Successfully bumped revision number for resource 7ef511fe-42e3-4d98-9a61-885b34ef281a (type: router_ports) to 1
2026-05-09 22:55:38.309 10 INFO neutron.wsgi [None req-280ba70a-2286-4c95-bf4a-9c6c8978e460 8df602c576ed4eb7a388b6ec3d9f6864 b51fdf18aad844e4af18a455445db30d - - default default] 10.0.0.214 "PUT /v2.0/routers/7c5c313b-4fbc-41c0-bd86-f01964271116/add_router_interface HTTP/1.1" status: 200 len: 503 time: 2.2204359
2026-05-09 22:55:38.582 10 INFO neutron.db.ovn_revision_numbers_db [None req-6626f3b2-df77-448d-a4cb-8fe65018c856 8df602c576ed4eb7a388b6ec3d9f6864 b51fdf18aad844e4af18a455445db30d - - default default] Successfully bumped revision number for resource 69c8d8f5-85eb-404f-940d-1a992571e9a6 (type: security_groups) to 1
2026-05-09 22:55:38.594 10 INFO neutron.db.ovn_revision_numbers_db [None req-6626f3b2-df77-448d-a4cb-8fe65018c856 8df602c576ed4eb7a388b6ec3d9f6864 b51fdf18aad844e4af18a455445db30d - - default default] Successfully bumped revision number for resource 102537d1-9794-49e3-929e-4b2051a4257f (type: security_group_rules) to 0
2026-05-09 22:55:38.610 10 INFO neutron.db.ovn_revision_numbers_db [None req-6626f3b2-df77-448d-a4cb-8fe65018c856 8df602c576ed4eb7a388b6ec3d9f6864 b51fdf18aad844e4af18a455445db30d - - default default] Successfully bumped revision number for resource 71ae9090-0dee-4ebf-a354-9a764d2286da (type: security_group_rules) to 0
2026-05-09 22:55:38.630 10 INFO neutron.db.ovn_revision_numbers_db [None req-6626f3b2-df77-448d-a4cb-8fe65018c856 8df602c576ed4eb7a388b6ec3d9f6864 b51fdf18aad844e4af18a455445db30d - - default default] Successfully bumped revision number for resource 74c42044-6176-4390-9cd9-df2172dde9ce (type: security_group_rules) to 0
2026-05-09 22:55:38.644 10 INFO neutron.db.ovn_revision_numbers_db [None req-6626f3b2-df77-448d-a4cb-8fe65018c856 8df602c576ed4eb7a388b6ec3d9f6864 b51fdf18aad844e4af18a455445db30d - - default default] Successfully bumped revision number for resource 9bff72f1-ce84-492b-96f1-0bf865410f4e (type: security_group_rules) to 0
2026-05-09 22:55:38.666 10 INFO neutron.wsgi [None req-6626f3b2-df77-448d-a4cb-8fe65018c856 8df602c576ed4eb7a388b6ec3d9f6864 b51fdf18aad844e4af18a455445db30d - - default default] 10.0.0.214 "GET /v2.0/security-groups?tenant_id=dfe31100cd3a4569bf4760a229931b19&name=default HTTP/1.1" status: 200 len: 2996 time: 0.3553784
2026-05-09 22:55:38.766 10 INFO neutron.wsgi [None req-a62adeb0-5d9b-418a-8752-0d5727419386 8df602c576ed4eb7a388b6ec3d9f6864 b51fdf18aad844e4af18a455445db30d - - default default] 10.0.0.214 "GET /v2.0/security-groups?tenant_id=bb106121d9694416b5863dfbb0b00ede&name=default HTTP/1.1" status: 200 len: 2996 time: 0.1545475
2026-05-09 22:55:38.883 10 INFO neutron.wsgi [None req-039f3e84-0222-41f6-8d57-d7fb313106e8 8df602c576ed4eb7a388b6ec3d9f6864 b51fdf18aad844e4af18a455445db30d - - default default] 10.0.0.214 "DELETE /v2.0/security-groups/69c8d8f5-85eb-404f-940d-1a992571e9a6 HTTP/1.1" status: 204 len: 168 time: 0.2114706
2026-05-09 22:55:38.895 9 WARNING neutron_lib.context [None req-cc5e5341-f0b0-4b75-bd8a-aff031b5b262 4f59506a3ac44402a9f63c0b96918d3b d9054d28544c4ff7a78c470473e83457 - - default default] Method 'is_advsvc' is deprecated since 2023.2 release (neutron-lib 3.8.0) and will be removed once support for the old RBAC API policies will be removed from Neutron. Please use method 'is_service_role' instead.
2026-05-09 22:55:38.971 10 INFO neutron.wsgi [None req-2c1c788e-277a-4ea5-b2e3-d139b6d03347 8df602c576ed4eb7a388b6ec3d9f6864 b51fdf18aad844e4af18a455445db30d - - default default] 10.0.0.214 "DELETE /v2.0/security-groups/167be612-f904-4275-b887-5553fef732c6 HTTP/1.1" status: 204 len: 168 time: 0.1981785
2026-05-09 22:55:38.992 9 INFO neutron.db.ovn_revision_numbers_db [None req-e3dbe1fa-fbe5-4ce8-a1e9-97fb52017c15 8df602c576ed4eb7a388b6ec3d9f6864 b51fdf18aad844e4af18a455445db30d - - default default] Successfully bumped revision number for resource 95f1682d-52fb-4fef-8588-20079034885e (type: security_groups) to 1
2026-05-09 22:55:39.011 9 INFO neutron.db.ovn_revision_numbers_db [None req-e3dbe1fa-fbe5-4ce8-a1e9-97fb52017c15 8df602c576ed4eb7a388b6ec3d9f6864 b51fdf18aad844e4af18a455445db30d - - default default] Successfully bumped revision number for resource 128bc571-f883-43b2-8b04-0f12b466e611 (type: security_group_rules) to 0
2026-05-09 22:55:39.035 9 INFO neutron.db.ovn_revision_numbers_db [None req-cc5e5341-f0b0-4b75-bd8a-aff031b5b262 4f59506a3ac44402a9f63c0b96918d3b d9054d28544c4ff7a78c470473e83457 - - default default] Successfully bumped revision number for resource 2ea643d9-a1e2-4f7a-b71f-b435094e610d (type: security_groups) to 1
2026-05-09 22:55:39.037 9 INFO neutron.db.ovn_revision_numbers_db [None req-e3dbe1fa-fbe5-4ce8-a1e9-97fb52017c15 8df602c576ed4eb7a388b6ec3d9f6864 b51fdf18aad844e4af18a455445db30d - - default default] Successfully bumped revision number for resource 6971efbc-1cd1-4dbf-8a61-cd0fa6c456c7 (type: security_group_rules) to 0
2026-05-09 22:55:39.057 9 INFO neutron.db.ovn_revision_numbers_db [None req-cc5e5341-f0b0-4b75-bd8a-aff031b5b262 4f59506a3ac44402a9f63c0b96918d3b d9054d28544c4ff7a78c470473e83457 - - default default] Successfully bumped revision number for resource 670f3356-2115-4abf-b139-a3550432ffb0 (type: security_group_rules) to 0
2026-05-09 22:55:39.067 9 INFO neutron.db.ovn_revision_numbers_db [None req-e3dbe1fa-fbe5-4ce8-a1e9-97fb52017c15 8df602c576ed4eb7a388b6ec3d9f6864 b51fdf18aad844e4af18a455445db30d - - default default] Successfully bumped revision number for resource a0806249-6f22-4f50-8857-76ba79e895e5 (type: security_group_rules) to 0
2026-05-09 22:55:39.079 9 INFO neutron.db.ovn_revision_numbers_db [None req-cc5e5341-f0b0-4b75-bd8a-aff031b5b262 4f59506a3ac44402a9f63c0b96918d3b d9054d28544c4ff7a78c470473e83457 - - default default] Successfully bumped revision number for resource a8c32b4a-bd78-4e34-acb6-f7c7e24f7d7f (type: security_group_rules) to 0
2026-05-09 22:55:39.093 9 INFO neutron.db.ovn_revision_numbers_db [None req-e3dbe1fa-fbe5-4ce8-a1e9-97fb52017c15 8df602c576ed4eb7a388b6ec3d9f6864 b51fdf18aad844e4af18a455445db30d - - default default] Successfully bumped revision number for resource fe61435c-41c2-4f4d-be92-9bfe46371605 (type: security_group_rules) to 0
2026-05-09 22:55:39.104 9 INFO neutron.wsgi [None req-cc5e5341-f0b0-4b75-bd8a-aff031b5b262 4f59506a3ac44402a9f63c0b96918d3b d9054d28544c4ff7a78c470473e83457 - - default default] 10.0.0.214 "POST /v2.0/security-groups HTTP/1.1" status: 201 len: 1797 time: 0.2158606
2026-05-09 22:55:39.113 9 WARNING neutron_lib.context [None req-2e797212-8e25-4079-b8fd-d766f3e85de5 4f59506a3ac44402a9f63c0b96918d3b d9054d28544c4ff7a78c470473e83457 - - default default] Method 'is_advsvc' is deprecated since 2023.2 release (neutron-lib 3.8.0) and will be removed once support for the old RBAC API policies will be removed from Neutron. Please use method 'is_service_role' instead.
2026-05-09 22:55:39.136 9 INFO neutron.db.ovn_revision_numbers_db [None req-117958ae-8965-4f49-8e5f-581aff2c6463 8df602c576ed4eb7a388b6ec3d9f6864 b51fdf18aad844e4af18a455445db30d - - default default] Successfully bumped revision number for resource a3d72b85-5447-4c5e-b94e-dbc55a85ed49 (type: security_groups) to 1
2026-05-09 22:55:39.156 9 INFO neutron.db.segments_db [None req-e3dbe1fa-fbe5-4ce8-a1e9-97fb52017c15 8df602c576ed4eb7a388b6ec3d9f6864 b51fdf18aad844e4af18a455445db30d - - default default] Added segment e9e9a3f0-1bbb-4c38-a987-8b90fb791167 of type geneve for network 56b1afff-d03f-4389-a461-085d9b7a84f1
2026-05-09 22:55:39.157 9 INFO neutron.db.ovn_revision_numbers_db [None req-117958ae-8965-4f49-8e5f-581aff2c6463 8df602c576ed4eb7a388b6ec3d9f6864 b51fdf18aad844e4af18a455445db30d - - default default] Successfully bumped revision number for resource 447915ef-2a28-4bac-b6c3-c8e9302473fb (type: security_group_rules) to 0
2026-05-09 22:55:39.181 9 INFO neutron.db.ovn_revision_numbers_db [None req-117958ae-8965-4f49-8e5f-581aff2c6463 8df602c576ed4eb7a388b6ec3d9f6864 b51fdf18aad844e4af18a455445db30d - - default default] Successfully bumped revision number for resource 9273dbda-9717-4de8-b58c-6dd7ad5e96e9 (type: security_group_rules) to 0
2026-05-09 22:55:39.213 9 INFO neutron.db.ovn_revision_numbers_db [None req-117958ae-8965-4f49-8e5f-581aff2c6463 8df602c576ed4eb7a388b6ec3d9f6864 b51fdf18aad844e4af18a455445db30d - - default default] Successfully bumped revision number for resource a2f30dbb-91c3-48f9-81a4-306992fd841c (type: security_group_rules) to 0
2026-05-09 22:55:39.243 9 INFO neutron.db.ovn_revision_numbers_db [None req-117958ae-8965-4f49-8e5f-581aff2c6463 8df602c576ed4eb7a388b6ec3d9f6864 b51fdf18aad844e4af18a455445db30d - - default default] Successfully bumped revision number for resource ebb15f99-7ff6-46c7-b95f-20858c1a22cf (type: security_group_rules) to 0
2026-05-09 22:55:39.291 9 INFO neutron.wsgi [None req-117958ae-8965-4f49-8e5f-581aff2c6463 8df602c576ed4eb7a388b6ec3d9f6864 b51fdf18aad844e4af18a455445db30d - - default default] 10.0.0.214 "GET /v2.0/security-groups?tenant_id=4329922634f44bf2b3d2257aec22acd9&name=default HTTP/1.1" status: 200 len: 2996 time: 0.3199546
2026-05-09 22:55:39.340 9 INFO neutron.db.ovn_revision_numbers_db [None req-2e797212-8e25-4079-b8fd-d766f3e85de5 4f59506a3ac44402a9f63c0b96918d3b d9054d28544c4ff7a78c470473e83457 - - default default] Successfully bumped revision number for resource 7e086c5c-2c79-4f26-93f7-684fda72cba4 (type: security_group_rules) to 0
2026-05-09 22:55:39.343 9 INFO neutron.db.ovn_revision_numbers_db [None req-e3dbe1fa-fbe5-4ce8-a1e9-97fb52017c15 8df602c576ed4eb7a388b6ec3d9f6864 b51fdf18aad844e4af18a455445db30d - - default default] Successfully bumped revision number for resource 56b1afff-d03f-4389-a461-085d9b7a84f1 (type: networks) to 1
2026-05-09 22:55:39.374 9 INFO neutron.wsgi [None req-2e797212-8e25-4079-b8fd-d766f3e85de5 4f59506a3ac44402a9f63c0b96918d3b d9054d28544c4ff7a78c470473e83457 - - default default] 10.0.0.214 "POST /v2.0/security-group-rules HTTP/1.1" status: 201 len: 764 time: 0.2662907
2026-05-09 22:55:39.382 9 WARNING neutron_lib.context [None req-dce0b9ea-900a-4c5b-a60f-8314e419b414 4f59506a3ac44402a9f63c0b96918d3b d9054d28544c4ff7a78c470473e83457 - - default default] Method 'is_advsvc' is deprecated since 2023.2 release (neutron-lib 3.8.0) and will be removed once support for the old RBAC API policies will be removed from Neutron. Please use method 'is_service_role' instead.
2026-05-09 22:55:39.481 10 INFO neutron.wsgi [None req-097a5659-ac78-479f-be9e-f3aa43076830 8df602c576ed4eb7a388b6ec3d9f6864 b51fdf18aad844e4af18a455445db30d - - default default] 10.0.0.214 "DELETE /v2.0/security-groups/a3d72b85-5447-4c5e-b94e-dbc55a85ed49 HTTP/1.1" status: 204 len: 168 time: 0.1827595
2026-05-09 22:55:39.525 9 WARNING neutron.scheduler.dhcp_agent_scheduler [None req-e3dbe1fa-fbe5-4ce8-a1e9-97fb52017c15 8df602c576ed4eb7a388b6ec3d9f6864 b51fdf18aad844e4af18a455445db30d - - default default] No more DHCP agents
2026-05-09 22:55:39.530 9 WARNING neutron.api.rpc.agentnotifiers.dhcp_rpc_agent_api [None req-e3dbe1fa-fbe5-4ce8-a1e9-97fb52017c15 8df602c576ed4eb7a388b6ec3d9f6864 b51fdf18aad844e4af18a455445db30d - - default default] Unable to schedule network 56b1afff-d03f-4389-a461-085d9b7a84f1: no agents available; will retry on subsequent port and subnet creation events.
2026-05-09 22:55:39.560 9 INFO neutron.db.ovn_revision_numbers_db [None req-dce0b9ea-900a-4c5b-a60f-8314e419b414 4f59506a3ac44402a9f63c0b96918d3b d9054d28544c4ff7a78c470473e83457 - - default default] Successfully bumped revision number for resource e28d2950-f175-4fa4-aa85-6d1ee857b04f (type: security_group_rules) to 0
2026-05-09 22:55:39.597 9 INFO neutron.wsgi [None req-dce0b9ea-900a-4c5b-a60f-8314e419b414 4f59506a3ac44402a9f63c0b96918d3b d9054d28544c4ff7a78c470473e83457 - - default default] 10.0.0.214 "POST /v2.0/security-group-rules HTTP/1.1" status: 201 len: 769 time: 0.2190373
2026-05-09 22:55:39.610 10 WARNING neutron_lib.context [None req-a49f2983-693d-4243-923d-923d50272b66 4f59506a3ac44402a9f63c0b96918d3b d9054d28544c4ff7a78c470473e83457 - - default default] Method 'is_advsvc' is deprecated since 2023.2 release (neutron-lib 3.8.0) and will be removed once support for the old RBAC API policies will be removed from Neutron. Please use method 'is_service_role' instead.
2026-05-09 22:55:39.612 9 INFO neutron.db.ovn_revision_numbers_db [None req-e3dbe1fa-fbe5-4ce8-a1e9-97fb52017c15 8df602c576ed4eb7a388b6ec3d9f6864 b51fdf18aad844e4af18a455445db30d - - default default] Successfully bumped revision number for resource ae35b5ff-1074-4b47-beb5-05a832e656a4 (type: ports) to 1
2026-05-09 22:55:39.631 9 INFO neutron.wsgi [None req-e3dbe1fa-fbe5-4ce8-a1e9-97fb52017c15 8df602c576ed4eb7a388b6ec3d9f6864 b51fdf18aad844e4af18a455445db30d - - default default] 10.0.0.214 "POST /v2.0/networks HTTP/1.1" status: 201 len: 942 time: 0.8430057
2026-05-09 22:55:39.768 9 WARNING neutron.scheduler.dhcp_agent_scheduler [None req-f82b9aaf-8772-48fb-ac25-8945389240dc 8df602c576ed4eb7a388b6ec3d9f6864 b51fdf18aad844e4af18a455445db30d - - default default] No more DHCP agents
2026-05-09 22:55:39.771 9 WARNING neutron.api.rpc.agentnotifiers.dhcp_rpc_agent_api [None req-f82b9aaf-8772-48fb-ac25-8945389240dc 8df602c576ed4eb7a388b6ec3d9f6864 b51fdf18aad844e4af18a455445db30d - - default default] Unable to schedule network 56b1afff-d03f-4389-a461-085d9b7a84f1: no agents available; will retry on subsequent port and subnet creation events.
2026-05-09 22:55:39.862 10 WARNING neutron.scheduler.dhcp_agent_scheduler [None req-a49f2983-693d-4243-923d-923d50272b66 4f59506a3ac44402a9f63c0b96918d3b d9054d28544c4ff7a78c470473e83457 - - default default] No more DHCP agents
2026-05-09 22:55:39.865 10 WARNING neutron.api.rpc.agentnotifiers.dhcp_rpc_agent_api [None req-a49f2983-693d-4243-923d-923d50272b66 4f59506a3ac44402a9f63c0b96918d3b d9054d28544c4ff7a78c470473e83457 - - default default] Unable to schedule network 331ae174-097c-48c5-947d-49292eec1204: no agents available; will retry on subsequent port and subnet creation events.
2026-05-09 22:55:40.225 10 INFO neutron.db.ovn_revision_numbers_db [None req-a49f2983-693d-4243-923d-923d50272b66 4f59506a3ac44402a9f63c0b96918d3b d9054d28544c4ff7a78c470473e83457 - - default default] Successfully bumped revision number for resource d4093b3f-1f0d-420f-b192-4dbd96d54838 (type: floatingips) to 0
2026-05-09 22:55:40.242 10 INFO neutron.wsgi [None req-a49f2983-693d-4243-923d-923d50272b66 4f59506a3ac44402a9f63c0b96918d3b d9054d28544c4ff7a78c470473e83457 - - default default] 10.0.0.214 "POST /v2.0/floatingips HTTP/1.1" status: 201 len: 751 time: 0.6394756
2026-05-09 22:55:40.307 9 INFO neutron.db.ovn_revision_numbers_db [None req-f82b9aaf-8772-48fb-ac25-8945389240dc 8df602c576ed4eb7a388b6ec3d9f6864 b51fdf18aad844e4af18a455445db30d - - default default] Successfully bumped revision number for resource ae35b5ff-1074-4b47-beb5-05a832e656a4 (type: ports) to 2
2026-05-09 22:55:40.341 9 INFO neutron.db.ovn_revision_numbers_db [None req-f82b9aaf-8772-48fb-ac25-8945389240dc 8df602c576ed4eb7a388b6ec3d9f6864 b51fdf18aad844e4af18a455445db30d - - default default] Successfully bumped revision number for resource de040453-97f0-4208-9ad6-8a40357e6c27 (type: subnets) to 0
2026-05-09 22:55:40.382 9 INFO neutron.wsgi [None req-f82b9aaf-8772-48fb-ac25-8945389240dc 8df602c576ed4eb7a388b6ec3d9f6864 b51fdf18aad844e4af18a455445db30d - - default default] 10.0.0.214 "POST /v2.0/subnets HTTP/1.1" status: 201 len: 862 time: 0.7471082
2026-05-09 22:55:40.731 10 INFO neutron.wsgi [req-80450166-d599-4539-8b15-fa70fb1bb394 req-d6df0b67-6660-4a9f-811d-712541347790 4f59506a3ac44402a9f63c0b96918d3b d9054d28544c4ff7a78c470473e83457 - - default default] 10.0.0.106 "GET /v2.0/security-groups?name=tempest-securitygroup--1239667719&fields=id&tenant_id=d9054d28544c4ff7a78c470473e83457 HTTP/1.1" status: 200 len: 267 time: 0.0659060
2026-05-09 22:55:41.067 10 INFO neutron.wsgi [req-80450166-d599-4539-8b15-fa70fb1bb394 req-f94607d3-5dd9-40d3-9974-a4a0ba99d597 4f59506a3ac44402a9f63c0b96918d3b d9054d28544c4ff7a78c470473e83457 - - default default] 10.0.0.106 "GET /v2.0/networks?id=f9f76884-0871-4344-9825-61812e54423c HTTP/1.1" status: 200 len: 875 time: 0.3272874
2026-05-09 22:55:41.082 9 WARNING neutron_lib.context [None req-cbba36ca-ed4b-410a-8f18-b9b524e6aa2b 1ceb546a2c664f0aa00dc0cbe82c2cee 5775720d72cc47138a1e32bfef296871 - - default default] Method 'is_advsvc' is deprecated since 2023.2 release (neutron-lib 3.8.0) and will be removed once support for the old RBAC API policies will be removed from Neutron. Please use method 'is_service_role' instead.
2026-05-09 22:55:41.096 10 INFO neutron.wsgi [req-80450166-d599-4539-8b15-fa70fb1bb394 req-50af0a4c-af70-43ce-a590-67ca9cc3239b 4f59506a3ac44402a9f63c0b96918d3b d9054d28544c4ff7a78c470473e83457 - - default default] 10.0.0.106 "GET /v2.0/quotas/d9054d28544c4ff7a78c470473e83457 HTTP/1.1" status: 200 len: 386 time: 0.0154922
2026-05-09 22:55:41.155 9 INFO neutron.wsgi [None req-cbba36ca-ed4b-410a-8f18-b9b524e6aa2b 1ceb546a2c664f0aa00dc0cbe82c2cee 5775720d72cc47138a1e32bfef296871 - - default default] 10.0.0.214 "POST /v2.0/subnetpools HTTP/1.1" status: 201 len: 747 time: 0.2869718
2026-05-09 22:55:41.188 9 INFO neutron.wsgi [None req-477c6683-07d8-4080-8b28-a5249e008bed 1ceb546a2c664f0aa00dc0cbe82c2cee 5775720d72cc47138a1e32bfef296871 - - default default] 10.0.0.214 "GET /v2.0/subnetpools/892965da-aca3-41ef-902e-adb17a2e8c91 HTTP/1.1" status: 200 len: 742 time: 0.0266540
2026-05-09 22:55:41.235 10 WARNING neutron.scheduler.dhcp_agent_scheduler [None req-f11e620b-f4df-4128-b5e5-cdd598ff6e74 8df602c576ed4eb7a388b6ec3d9f6864 b51fdf18aad844e4af18a455445db30d - - default default] No more DHCP agents
2026-05-09 22:55:41.238 10 WARNING neutron.api.rpc.agentnotifiers.dhcp_rpc_agent_api [None req-f11e620b-f4df-4128-b5e5-cdd598ff6e74 8df602c576ed4eb7a388b6ec3d9f6864 b51fdf18aad844e4af18a455445db30d - - default default] Unable to schedule network 331ae174-097c-48c5-947d-49292eec1204: no agents available; will retry on subsequent port and subnet creation events.
2026-05-09 22:55:41.242 10 INFO neutron.wsgi [req-80450166-d599-4539-8b15-fa70fb1bb394 req-b57c15a0-0bf2-469b-99d3-f7a2363e0fef 4f59506a3ac44402a9f63c0b96918d3b d9054d28544c4ff7a78c470473e83457 - - default default] 10.0.0.106 "GET /v2.0/ports?tenant_id=d9054d28544c4ff7a78c470473e83457&fields=id HTTP/1.1" status: 200 len: 302 time: 0.1398692
2026-05-09 22:55:41.263 9 INFO neutron.wsgi [None req-71a7f276-ac54-460a-8040-3550dc6b6961 1ceb546a2c664f0aa00dc0cbe82c2cee 5775720d72cc47138a1e32bfef296871 - - default default] 10.0.0.214 "PUT /v2.0/subnetpools/892965da-aca3-41ef-902e-adb17a2e8c91 HTTP/1.1" status: 200 len: 694 time: 0.0699804
2026-05-09 22:55:41.323 9 INFO neutron.wsgi [None req-517879a4-af7d-4342-9dff-e6af60791d78 1ceb546a2c664f0aa00dc0cbe82c2cee 5775720d72cc47138a1e32bfef296871 - - default default] 10.0.0.214 "DELETE /v2.0/subnetpools/892965da-aca3-41ef-902e-adb17a2e8c91 HTTP/1.1" status: 204 len: 168 time: 0.0538788
2026-05-09 22:55:41.330 10 INFO neutron.wsgi [req-80450166-d599-4539-8b15-fa70fb1bb394 req-bb820849-0fc3-4b5d-bfcb-f6fe5b3decf3 85346ff96472477b85427d9835cf6455 a87c074d5f924c5685712dc6e41e38b3 - - 6c1a401fdf844f518769ed403dc14c20 6c1a401fdf844f518769ed403dc14c20] 10.0.0.106 "GET /v2.0/networks/f9f76884-0871-4344-9825-61812e54423c?fields=segments HTTP/1.1" status: 200 len: 212 time: 0.0759382
2026-05-09 22:55:41.341 9 INFO neutron.api.v2.resource [None req-52ab86df-2abb-41c1-aa68-9ffd385c669e 1ceb546a2c664f0aa00dc0cbe82c2cee 5775720d72cc47138a1e32bfef296871 - - default default] show failed (client error): The resource could not be found.
2026-05-09 22:55:41.342 9 INFO neutron.wsgi [None req-52ab86df-2abb-41c1-aa68-9ffd385c669e 1ceb546a2c664f0aa00dc0cbe82c2cee 5775720d72cc47138a1e32bfef296871 - - default default] 10.0.0.214 "GET /v2.0/subnetpools/892965da-aca3-41ef-902e-adb17a2e8c91 HTTP/1.1" status: 404 len: 346 time: 0.0116079
2026-05-09 22:55:41.360 9 INFO neutron.api.v2.resource [None req-2b63ee0a-9792-4595-8963-b42d877c9100 1ceb546a2c664f0aa00dc0cbe82c2cee 5775720d72cc47138a1e32bfef296871 - - default default] delete failed (client error): The resource could not be found.
2026-05-09 22:55:41.361 9 INFO neutron.wsgi [None req-2b63ee0a-9792-4595-8963-b42d877c9100 1ceb546a2c664f0aa00dc0cbe82c2cee 5775720d72cc47138a1e32bfef296871 - - default default] 10.0.0.214 "DELETE /v2.0/subnetpools/892965da-aca3-41ef-902e-adb17a2e8c91 HTTP/1.1" status: 404 len: 346 time: 0.0133204
2026-05-09 22:55:41.412 10 INFO neutron.wsgi [req-80450166-d599-4539-8b15-fa70fb1bb394 req-3bcaaadf-e46a-439d-ba2a-c78046db199d 85346ff96472477b85427d9835cf6455 a87c074d5f924c5685712dc6e41e38b3 - - 6c1a401fdf844f518769ed403dc14c20 6c1a401fdf844f518769ed403dc14c20] 10.0.0.106 "GET /v2.0/networks/f9f76884-0871-4344-9825-61812e54423c?fields=provider%3Aphysical_network&fields=provider%3Anetwork_type HTTP/1.1" status: 200 len: 277 time: 0.0726893
2026-05-09 22:55:41.440 10 INFO neutron.db.ovn_revision_numbers_db [None req-f11e620b-f4df-4128-b5e5-cdd598ff6e74 8df602c576ed4eb7a388b6ec3d9f6864 b51fdf18aad844e4af18a455445db30d - - default default] Successfully bumped revision number for resource da0c54e8-0408-44d2-a5fa-6cb01e4d5579 (type: ports) to 1
2026-05-09 22:55:41.589 9 INFO neutron.wsgi [req-4e77a857-c839-4939-ad02-ae648dfa88c5 req-f126083d-0087-4214-a3e8-09eb1627f081 4f59506a3ac44402a9f63c0b96918d3b d9054d28544c4ff7a78c470473e83457 - - default default] 10.0.0.106 "GET /v2.0/ports?device_id=253de020-4a4e-4408-aa7c-d93423a291c2 HTTP/1.1" status: 200 len: 210 time: 0.0311835
2026-05-09 22:55:41.816 9 WARNING neutron.plugins.ml2.drivers.ovn.mech_driver.ovsdb.ovn_client [None req-71f043e5-1309-4e04-8b43-f38cc1602804 - - - - - -] No port found with ID d83a38ae-7bd9-4136-8450-0efea45082e4: RuntimeError: No port found with ID d83a38ae-7bd9-4136-8450-0efea45082e4
2026-05-09 22:55:41.817 9 INFO neutron.plugins.ml2.drivers.ovn.mech_driver.mech_driver [None req-71f043e5-1309-4e04-8b43-f38cc1602804 - - - - - -] OVN reports status up for port: 2e48c6be-11ab-47b8-b54e-ee53abc01328
2026-05-09 22:55:41.826 9 INFO neutron.plugins.ml2.plugin [None req-71f043e5-1309-4e04-8b43-f38cc1602804 - - - - - -] Attempt 1 to provision port 2e48c6be-11ab-47b8-b54e-ee53abc01328
2026-05-09 22:55:41.904 9 INFO neutron.plugins.ml2.drivers.ovn.mech_driver.mech_driver [None req-71f043e5-1309-4e04-8b43-f38cc1602804 - - - - - -] OVN reports status up for port: 7ef511fe-42e3-4d98-9a61-885b34ef281a
2026-05-09 22:55:41.913 9 INFO neutron.plugins.ml2.plugin [None req-71f043e5-1309-4e04-8b43-f38cc1602804 - - - - - -] Attempt 1 to provision port 7ef511fe-42e3-4d98-9a61-885b34ef281a
2026-05-09 22:55:42.063 9 INFO neutron.plugins.ml2.drivers.ovn.mech_driver.ovsdb.ovsdb_monitor [None req-926d2929-e079-43b2-9e3a-59a7b45e0c02 - - - - - -] Router ecc0aafe-b203-4a8e-90e1-a2b5b0b89a2d is bound to host instance
2026-05-09 22:55:42.085 10 INFO neutron.db.ovn_revision_numbers_db [None req-92371a8d-c670-46d2-a546-abaeb1fc770a 8df602c576ed4eb7a388b6ec3d9f6864 b51fdf18aad844e4af18a455445db30d - - default default] Successfully bumped revision number for resource c1e5be43-751e-4b92-9076-a5d27b0c4088 (type: security_groups) to 1
2026-05-09 22:55:42.087 10 INFO neutron.db.ovn_revision_numbers_db [None req-f11e620b-f4df-4128-b5e5-cdd598ff6e74 8df602c576ed4eb7a388b6ec3d9f6864 b51fdf18aad844e4af18a455445db30d - - default default] Successfully bumped revision number for resource da0c54e8-0408-44d2-a5fa-6cb01e4d5579 (type: router_ports) to 1
2026-05-09 22:55:42.132 10 INFO neutron.db.ovn_revision_numbers_db [None req-92371a8d-c670-46d2-a546-abaeb1fc770a 8df602c576ed4eb7a388b6ec3d9f6864 b51fdf18aad844e4af18a455445db30d - - default default] Successfully bumped revision number for resource 539f8f18-bf87-4bc3-88bb-b3c90fc13a9b (type: security_group_rules) to 0
2026-05-09 22:55:42.147 10 INFO neutron.db.ovn_revision_numbers_db [None req-92371a8d-c670-46d2-a546-abaeb1fc770a 8df602c576ed4eb7a388b6ec3d9f6864 b51fdf18aad844e4af18a455445db30d - - default default] Successfully bumped revision number for resource 664dc596-a0e5-4295-ac75-2cb1d31ff63d (type: security_group_rules) to 0
2026-05-09 22:55:42.162 10 INFO neutron.db.ovn_revision_numbers_db [None req-92371a8d-c670-46d2-a546-abaeb1fc770a 8df602c576ed4eb7a388b6ec3d9f6864 b51fdf18aad844e4af18a455445db30d - - default default] Successfully bumped revision number for resource 817b6f0a-23d9-42de-8c5b-7ae7d6ea9d0b (type: security_group_rules) to 0
2026-05-09 22:55:42.177 10 INFO neutron.db.ovn_revision_numbers_db [None req-92371a8d-c670-46d2-a546-abaeb1fc770a 8df602c576ed4eb7a388b6ec3d9f6864 b51fdf18aad844e4af18a455445db30d - - default default] Successfully bumped revision number for resource e8535bed-2fc5-47d4-94e2-4a87adc42bc4 (type: security_group_rules) to 0
2026-05-09 22:55:42.181 10 INFO neutron.db.ovn_revision_numbers_db [None req-f11e620b-f4df-4128-b5e5-cdd598ff6e74 8df602c576ed4eb7a388b6ec3d9f6864 b51fdf18aad844e4af18a455445db30d - - default default] Successfully bumped revision number for resource ecc0aafe-b203-4a8e-90e1-a2b5b0b89a2d (type: routers) to 2
2026-05-09 22:55:42.206 10 INFO neutron.wsgi [None req-92371a8d-c670-46d2-a546-abaeb1fc770a 8df602c576ed4eb7a388b6ec3d9f6864 b51fdf18aad844e4af18a455445db30d - - default default] 10.0.0.214 "GET /v2.0/security-groups?tenant_id=5775720d72cc47138a1e32bfef296871&name=default HTTP/1.1" status: 200 len: 2996 time: 0.4449234
2026-05-09 22:55:42.211 10 INFO neutron.wsgi [None req-f11e620b-f4df-4128-b5e5-cdd598ff6e74 8df602c576ed4eb7a388b6ec3d9f6864 b51fdf18aad844e4af18a455445db30d - - default default] 10.0.0.214 "POST /v2.0/routers HTTP/1.1" status: 201 len: 873 time: 1.8232450
2026-05-09 22:55:42.343 9 INFO neutron.db.ovn_revision_numbers_db [None req-71f043e5-1309-4e04-8b43-f38cc1602804 - - - - - -] Successfully bumped revision number for resource 7ef511fe-42e3-4d98-9a61-885b34ef281a (type: ports) to 2
2026-05-09 22:55:42.351 9 INFO neutron.wsgi [req-80450166-d599-4539-8b15-fa70fb1bb394 req-0df6d4cc-668a-4107-ab70-2a619ac9b798 4f59506a3ac44402a9f63c0b96918d3b d9054d28544c4ff7a78c470473e83457 - - default default] 199.204.45.35 "GET /v2.0/networks?id=f9f76884-0871-4344-9825-61812e54423c HTTP/1.1" status: 200 len: 875 time: 0.1532917
2026-05-09 22:55:42.443 9 INFO neutron.wsgi [req-80450166-d599-4539-8b15-fa70fb1bb394 req-61a4c6f2-3923-4f1b-9f80-e8e144a91f21 4f59506a3ac44402a9f63c0b96918d3b d9054d28544c4ff7a78c470473e83457 - - default default] 199.204.45.35 "GET /v2.0/security-groups?fields=id&fields=name&tenant_id=d9054d28544c4ff7a78c470473e83457 HTTP/1.1" status: 200 len: 380 time: 0.0733557
2026-05-09 22:55:42.480 9 WARNING neutron_lib.context [req-80450166-d599-4539-8b15-fa70fb1bb394 req-a0d95387-1379-4ac9-a247-91fb6f7661e3 4f59506a3ac44402a9f63c0b96918d3b d9054d28544c4ff7a78c470473e83457 - - default default] Method 'is_advsvc' is deprecated since 2023.2 release (neutron-lib 3.8.0) and will be removed once support for the old RBAC API policies will be removed from Neutron. Please use method 'is_service_role' instead.
2026-05-09 22:55:42.500 9 INFO neutron.db.ovn_revision_numbers_db [None req-71f043e5-1309-4e04-8b43-f38cc1602804 - - - - - -] Successfully bumped revision number for resource 7ef511fe-42e3-4d98-9a61-885b34ef281a (type: router_ports) to 2
2026-05-09 22:55:42.529 10 INFO neutron.wsgi [None req-53588114-f012-4586-ab50-b794b23b7114 8df602c576ed4eb7a388b6ec3d9f6864 b51fdf18aad844e4af18a455445db30d - - default default] 10.0.0.214 "DELETE /v2.0/security-groups/c1e5be43-751e-4b92-9076-a5d27b0c4088 HTTP/1.1" status: 204 len: 168 time: 0.3129780
2026-05-09 22:55:42.676 10 INFO neutron.wsgi [req-3ba4d162-abf3-40d8-b384-d463296f504b req-3a10cd78-dade-4cf4-865f-e658c569402f 4f59506a3ac44402a9f63c0b96918d3b d9054d28544c4ff7a78c470473e83457 - - default default] 10.0.0.106 "GET /v2.0/ports?device_id=253de020-4a4e-4408-aa7c-d93423a291c2 HTTP/1.1" status: 200 len: 210 time: 0.0175917
2026-05-09 22:55:42.691 10 WARNING neutron.scheduler.dhcp_agent_scheduler [None req-ae95b611-0154-485d-b460-e4ae89462f05 8df602c576ed4eb7a388b6ec3d9f6864 b51fdf18aad844e4af18a455445db30d - - default default] No more DHCP agents
2026-05-09 22:55:42.692 10 WARNING neutron.api.rpc.agentnotifiers.dhcp_rpc_agent_api [None req-ae95b611-0154-485d-b460-e4ae89462f05 8df602c576ed4eb7a388b6ec3d9f6864 b51fdf18aad844e4af18a455445db30d - - default default] Unable to schedule network 56b1afff-d03f-4389-a461-085d9b7a84f1: no agents available; will retry on subsequent port and subnet creation events.
2026-05-09 22:55:42.846 10 INFO neutron.db.ovn_revision_numbers_db [None req-ae95b611-0154-485d-b460-e4ae89462f05 8df602c576ed4eb7a388b6ec3d9f6864 b51fdf18aad844e4af18a455445db30d - - default default] Successfully bumped revision number for resource e7850204-60b6-4359-8ac2-bf7372b3ed63 (type: ports) to 1
