2026-05-09 22:54:17.269 9 INFO neutron.wsgi [req-912d4dad-6b4f-479a-934f-a030d94a1b59 req-20a721f5-a0e2-4088-a311-93e0778ddae8 3896b3ce2e574d099e1bd6e0734bffb2 ba95dd4d54d74d20a1bcc645f256ecb2 - - default default] 10.0.0.106 "GET /v2.0/security-groups/e502bbdc-2a0f-4eb1-bdef-a2348f15948f HTTP/1.1" status: 200 len: 1821 time: 0.0681834
2026-05-09 22:54:17.295 9 WARNING neutron_lib.context [req-912d4dad-6b4f-479a-934f-a030d94a1b59 req-b3616a18-5749-4917-8987-af28aaa78f45 3896b3ce2e574d099e1bd6e0734bffb2 ba95dd4d54d74d20a1bcc645f256ecb2 - - default default] Method 'is_advsvc' is deprecated since 2023.2 release (neutron-lib 3.8.0) and will be removed once support for the old RBAC API policies will be removed from Neutron. Please use method 'is_service_role' instead.
2026-05-09 22:54:17.321 9 WARNING neutron.scheduler.dhcp_agent_scheduler [None req-3bbcdc07-25bf-4649-b601-1fcc59f7f055 063a8afeda0a4c669b0bc12b10d67c5e 250b4c65056e4b37bd285a1e88e1067d - - default default] No more DHCP agents
2026-05-09 22:54:17.330 9 WARNING neutron.api.rpc.agentnotifiers.dhcp_rpc_agent_api [None req-3bbcdc07-25bf-4649-b601-1fcc59f7f055 063a8afeda0a4c669b0bc12b10d67c5e 250b4c65056e4b37bd285a1e88e1067d - - default default] Unable to schedule network 331ae174-097c-48c5-947d-49292eec1204: no agents available; will retry on subsequent port and subnet creation events.
2026-05-09 22:54:17.368 10 INFO neutron.wsgi [req-db203a15-a8c3-40f6-8162-855c97957285 req-5512c704-dad8-4da4-8264-1393e34935ae 85346ff96472477b85427d9835cf6455 a87c074d5f924c5685712dc6e41e38b3 - - 6c1a401fdf844f518769ed403dc14c20 6c1a401fdf844f518769ed403dc14c20] 10.0.0.106 "GET /v2.0/extensions HTTP/1.1" status: 200 len: 16980 time: 0.0542767
2026-05-09 22:54:17.440 10 INFO neutron.wsgi [req-db203a15-a8c3-40f6-8162-855c97957285 req-a36e0936-bec5-4a61-8237-758a638af690 85346ff96472477b85427d9835cf6455 a87c074d5f924c5685712dc6e41e38b3 - - 6c1a401fdf844f518769ed403dc14c20 6c1a401fdf844f518769ed403dc14c20] 10.0.0.106 "GET /v2.0/networks/97f91cda-7436-4510-a3d3-f379796cefae?fields=segments HTTP/1.1" status: 200 len: 212 time: 0.0628798
2026-05-09 22:54:17.676 10 INFO neutron.wsgi [req-db203a15-a8c3-40f6-8162-855c97957285 req-6bd086d6-1771-4f0f-ac77-0329e88894ad 85346ff96472477b85427d9835cf6455 a87c074d5f924c5685712dc6e41e38b3 - - 6c1a401fdf844f518769ed403dc14c20 6c1a401fdf844f518769ed403dc14c20] 10.0.0.106 "GET /v2.0/networks/97f91cda-7436-4510-a3d3-f379796cefae?fields=provider%3Aphysical_network&fields=provider%3Anetwork_type HTTP/1.1" status: 200 len: 277 time: 0.2273428
2026-05-09 22:54:17.693 10 INFO neutron.db.ovn_revision_numbers_db [None req-0785c3f6-94f3-499d-902d-3242290f3c90 8df602c576ed4eb7a388b6ec3d9f6864 b51fdf18aad844e4af18a455445db30d - - default default] Successfully bumped revision number for resource fd889d6f-2d1c-4a96-af26-55b4984de85f (type: router_ports) to 1
2026-05-09 22:54:17.866 9 INFO neutron.db.ovn_revision_numbers_db [req-912d4dad-6b4f-479a-934f-a030d94a1b59 req-b3616a18-5749-4917-8987-af28aaa78f45 3896b3ce2e574d099e1bd6e0734bffb2 ba95dd4d54d74d20a1bcc645f256ecb2 - - default default] Successfully bumped revision number for resource 69570e91-f117-441e-94df-5237066070d8 (type: security_group_rules) to 0
2026-05-09 22:54:17.867 10 INFO neutron.wsgi [req-2fc8ed04-ce61-499a-acd8-4ea1dea6faed req-0e3df8c5-6be0-47b6-94d5-ce6c174fbe06 818490e2907048d69bcf2e3b65bf4b7b af0958fe11a4428e8b727d2974288c46 - - default default] 10.0.0.106 "GET /v2.0/ports?device_id=a8c0c54d-23bd-4d7f-81b3-1be1f9693c38 HTTP/1.1" status: 200 len: 210 time: 0.0386760
2026-05-09 22:54:17.902 9 INFO neutron.db.ovn_revision_numbers_db [None req-926d2929-e079-43b2-9e3a-59a7b45e0c02 - - - - - -] Successfully bumped revision number for resource f287b421-b249-46f5-94ab-d5428317564c (type: router_ports) to 3
2026-05-09 22:54:17.905 10 INFO neutron.db.ovn_revision_numbers_db [None req-0785c3f6-94f3-499d-902d-3242290f3c90 8df602c576ed4eb7a388b6ec3d9f6864 b51fdf18aad844e4af18a455445db30d - - default default] Successfully bumped revision number for resource fd889d6f-2d1c-4a96-af26-55b4984de85f (type: ports) to 1
2026-05-09 22:54:17.928 9 INFO neutron.wsgi [req-912d4dad-6b4f-479a-934f-a030d94a1b59 req-b3616a18-5749-4917-8987-af28aaa78f45 3896b3ce2e574d099e1bd6e0734bffb2 ba95dd4d54d74d20a1bcc645f256ecb2 - - default default] 10.0.0.106 "POST /v2.0/security-group-rules HTTP/1.1" status: 201 len: 786 time: 0.6458328
2026-05-09 22:54:17.957 10 WARNING neutron.scheduler.dhcp_agent_scheduler [None req-0785c3f6-94f3-499d-902d-3242290f3c90 8df602c576ed4eb7a388b6ec3d9f6864 b51fdf18aad844e4af18a455445db30d - - default default] No more DHCP agents
2026-05-09 22:54:17.958 10 WARNING neutron.api.rpc.agentnotifiers.dhcp_rpc_agent_api [None req-0785c3f6-94f3-499d-902d-3242290f3c90 8df602c576ed4eb7a388b6ec3d9f6864 b51fdf18aad844e4af18a455445db30d - - default default] Unable to schedule network 7707bf81-3b24-421a-a191-b0c5a76aa21d: no agents available; will retry on subsequent port and subnet creation events.
2026-05-09 22:54:17.962 9 INFO neutron.db.ovn_revision_numbers_db [None req-71f043e5-1309-4e04-8b43-f38cc1602804 - - - - - -] Successfully bumped revision number for resource 1e02b9a9-4fa3-4044-946a-0b8de8de7b65 (type: ports) to 2
2026-05-09 22:54:17.964 10 WARNING neutron_lib.context [req-aee059f9-aea5-4d81-ae55-fc22f54252a6 req-5268635e-6060-4221-8cb9-d9d17099b16b 3896b3ce2e574d099e1bd6e0734bffb2 ba95dd4d54d74d20a1bcc645f256ecb2 - - default default] Method 'is_advsvc' is deprecated since 2023.2 release (neutron-lib 3.8.0) and will be removed once support for the old RBAC API policies will be removed from Neutron. Please use method 'is_service_role' instead.
2026-05-09 22:54:18.130 9 INFO neutron.db.ovn_revision_numbers_db [None req-71f043e5-1309-4e04-8b43-f38cc1602804 - - - - - -] Successfully bumped revision number for resource 1e02b9a9-4fa3-4044-946a-0b8de8de7b65 (type: router_ports) to 2
2026-05-09 22:54:18.130 10 INFO neutron.db.ovn_revision_numbers_db [req-aee059f9-aea5-4d81-ae55-fc22f54252a6 req-5268635e-6060-4221-8cb9-d9d17099b16b 3896b3ce2e574d099e1bd6e0734bffb2 ba95dd4d54d74d20a1bcc645f256ecb2 - - default default] Successfully bumped revision number for resource 5a0f4dab-b569-4321-a922-f456cc294f3e (type: security_groups) to 1
2026-05-09 22:54:18.132 9 INFO neutron.db.ovn_revision_numbers_db [None req-3bbcdc07-25bf-4649-b601-1fcc59f7f055 063a8afeda0a4c669b0bc12b10d67c5e 250b4c65056e4b37bd285a1e88e1067d - - default default] Successfully bumped revision number for resource 611e435a-d97a-4f65-8006-67249e1e9d02 (type: floatingips) to 0
2026-05-09 22:54:18.159 9 INFO neutron.wsgi [None req-3bbcdc07-25bf-4649-b601-1fcc59f7f055 063a8afeda0a4c669b0bc12b10d67c5e 250b4c65056e4b37bd285a1e88e1067d - - default default] 10.0.0.214 "POST /v2.0/floatingips HTTP/1.1" status: 201 len: 751 time: 1.4025428
2026-05-09 22:54:18.160 9 INFO neutron.db.ovn_revision_numbers_db [None req-926d2929-e079-43b2-9e3a-59a7b45e0c02 - - - - - -] Successfully bumped revision number for resource f287b421-b249-46f5-94ab-d5428317564c (type: ports) to 2
2026-05-09 22:54:18.160 10 INFO neutron.db.ovn_revision_numbers_db [req-aee059f9-aea5-4d81-ae55-fc22f54252a6 req-5268635e-6060-4221-8cb9-d9d17099b16b 3896b3ce2e574d099e1bd6e0734bffb2 ba95dd4d54d74d20a1bcc645f256ecb2 - - default default] Successfully bumped revision number for resource 09b241fb-f761-4d03-a434-ffc0a3e3e5ff (type: security_group_rules) to 0
2026-05-09 22:54:18.184 10 INFO neutron.db.ovn_revision_numbers_db [req-aee059f9-aea5-4d81-ae55-fc22f54252a6 req-5268635e-6060-4221-8cb9-d9d17099b16b 3896b3ce2e574d099e1bd6e0734bffb2 ba95dd4d54d74d20a1bcc645f256ecb2 - - default default] Successfully bumped revision number for resource ef3e8443-db9e-4c2f-80d2-fb535a5d4b22 (type: security_group_rules) to 0
2026-05-09 22:54:18.205 10 INFO neutron.wsgi [req-aee059f9-aea5-4d81-ae55-fc22f54252a6 req-5268635e-6060-4221-8cb9-d9d17099b16b 3896b3ce2e574d099e1bd6e0734bffb2 ba95dd4d54d74d20a1bcc645f256ecb2 - - default default] 10.0.0.106 "POST /v2.0/security-groups HTTP/1.1" status: 201 len: 1823 time: 0.2473457
2026-05-09 22:54:18.275 9 INFO neutron.wsgi [req-12e6e1eb-e3dd-4926-9848-7ba004f2fc0f req-7a9e97b9-bd17-4116-b991-16285fc08ee6 3896b3ce2e574d099e1bd6e0734bffb2 ba95dd4d54d74d20a1bcc645f256ecb2 - - default default] 10.0.0.106 "GET /v2.0/security-groups/5a0f4dab-b569-4321-a922-f456cc294f3e HTTP/1.1" status: 200 len: 1818 time: 0.0452130
2026-05-09 22:54:18.291 9 WARNING neutron_lib.context [req-12e6e1eb-e3dd-4926-9848-7ba004f2fc0f req-42d7d8ce-40b1-49bd-abc8-e2f143909d1d 3896b3ce2e574d099e1bd6e0734bffb2 ba95dd4d54d74d20a1bcc645f256ecb2 - - default default] Method 'is_advsvc' is deprecated since 2023.2 release (neutron-lib 3.8.0) and will be removed once support for the old RBAC API policies will be removed from Neutron. Please use method 'is_service_role' instead.
2026-05-09 22:54:18.456 9 INFO neutron.db.ovn_revision_numbers_db [None req-926d2929-e079-43b2-9e3a-59a7b45e0c02 - - - - - -] Successfully bumped revision number for resource f287b421-b249-46f5-94ab-d5428317564c (type: ports) to 4
2026-05-09 22:54:18.491 9 INFO neutron.db.ovn_revision_numbers_db [req-12e6e1eb-e3dd-4926-9848-7ba004f2fc0f req-42d7d8ce-40b1-49bd-abc8-e2f143909d1d 3896b3ce2e574d099e1bd6e0734bffb2 ba95dd4d54d74d20a1bcc645f256ecb2 - - default default] Successfully bumped revision number for resource ab5f4580-b351-4cdc-890d-73e76a143254 (type: security_group_rules) to 0
2026-05-09 22:54:18.541 9 INFO neutron.wsgi [req-12e6e1eb-e3dd-4926-9848-7ba004f2fc0f req-42d7d8ce-40b1-49bd-abc8-e2f143909d1d 3896b3ce2e574d099e1bd6e0734bffb2 ba95dd4d54d74d20a1bcc645f256ecb2 - - default default] 10.0.0.106 "POST /v2.0/security-group-rules HTTP/1.1" status: 201 len: 786 time: 0.2589042
2026-05-09 22:54:18.591 10 INFO neutron.wsgi [req-53b67aaf-fb23-4a57-96b5-7877bd8fb696 req-cdfc9a92-83f2-49f0-8552-73e2eb0003d9 063a8afeda0a4c669b0bc12b10d67c5e 250b4c65056e4b37bd285a1e88e1067d - - default default] 10.0.0.106 "GET /v2.0/security-groups?name=tempest-securitygroup--1494908114&fields=id&tenant_id=250b4c65056e4b37bd285a1e88e1067d HTTP/1.1" status: 200 len: 267 time: 0.0590215
2026-05-09 22:54:18.603 9 INFO neutron.wsgi [req-c6e5bc9b-de01-4990-9209-033c5eddc048 req-68850a51-c534-4eed-be16-603f9a5c6d04 3896b3ce2e574d099e1bd6e0734bffb2 ba95dd4d54d74d20a1bcc645f256ecb2 - - default default] 10.0.0.106 "GET /v2.0/security-groups/5a0f4dab-b569-4321-a922-f456cc294f3e HTTP/1.1" status: 200 len: 2411 time: 0.0391283
2026-05-09 22:54:18.624 9 WARNING neutron_lib.context [req-c6e5bc9b-de01-4990-9209-033c5eddc048 req-ea48477d-8305-44b6-b8a8-31d1e00eecdf 3896b3ce2e574d099e1bd6e0734bffb2 ba95dd4d54d74d20a1bcc645f256ecb2 - - default default] Method 'is_advsvc' is deprecated since 2023.2 release (neutron-lib 3.8.0) and will be removed once support for the old RBAC API policies will be removed from Neutron. Please use method 'is_service_role' instead.
2026-05-09 22:54:18.694 10 INFO neutron.wsgi [req-53b67aaf-fb23-4a57-96b5-7877bd8fb696 req-5c1f42b4-bf6b-4084-a5ae-ec0872b832e4 063a8afeda0a4c669b0bc12b10d67c5e 250b4c65056e4b37bd285a1e88e1067d - - default default] 10.0.0.106 "GET /v2.0/networks?id=d4dcdcc4-fc01-47be-85dc-c99dee968ab4 HTTP/1.1" status: 200 len: 874 time: 0.0960059
2026-05-09 22:54:18.705 9 INFO neutron.db.ovn_revision_numbers_db [None req-926d2929-e079-43b2-9e3a-59a7b45e0c02 - - - - - -] Successfully bumped revision number for resource f287b421-b249-46f5-94ab-d5428317564c (type: router_ports) to 4
2026-05-09 22:54:18.737 10 INFO neutron.wsgi [req-53b67aaf-fb23-4a57-96b5-7877bd8fb696 req-1c6a5602-ac0f-40f5-9432-5fdb7c376173 063a8afeda0a4c669b0bc12b10d67c5e 250b4c65056e4b37bd285a1e88e1067d - - default default] 10.0.0.106 "GET /v2.0/quotas/250b4c65056e4b37bd285a1e88e1067d HTTP/1.1" status: 200 len: 386 time: 0.0297570
2026-05-09 22:54:18.782 9 INFO neutron.db.ovn_revision_numbers_db [req-c6e5bc9b-de01-4990-9209-033c5eddc048 req-ea48477d-8305-44b6-b8a8-31d1e00eecdf 3896b3ce2e574d099e1bd6e0734bffb2 ba95dd4d54d74d20a1bcc645f256ecb2 - - default default] Successfully bumped revision number for resource 40075b5d-38ed-4681-ac15-d7fb2cb0f565 (type: security_group_rules) to 0
2026-05-09 22:54:18.813 9 INFO neutron.wsgi [req-c6e5bc9b-de01-4990-9209-033c5eddc048 req-ea48477d-8305-44b6-b8a8-31d1e00eecdf 3896b3ce2e574d099e1bd6e0734bffb2 ba95dd4d54d74d20a1bcc645f256ecb2 - - default default] 10.0.0.106 "POST /v2.0/security-group-rules HTTP/1.1" status: 201 len: 791 time: 0.1951759
2026-05-09 22:54:18.840 10 INFO neutron.db.ovn_revision_numbers_db [None req-0785c3f6-94f3-499d-902d-3242290f3c90 8df602c576ed4eb7a388b6ec3d9f6864 b51fdf18aad844e4af18a455445db30d - - default default] Successfully bumped revision number for resource fd889d6f-2d1c-4a96-af26-55b4984de85f (type: router_ports) to 1
2026-05-09 22:54:18.842 10 INFO neutron.wsgi [None req-0785c3f6-94f3-499d-902d-3242290f3c90 8df602c576ed4eb7a388b6ec3d9f6864 b51fdf18aad844e4af18a455445db30d - - default default] 10.0.0.214 "PUT /v2.0/routers/0e12d4c8-25b1-4145-8ce6-2a7c151b68b5/add_router_interface HTTP/1.1" status: 200 len: 503 time: 2.4585629
2026-05-09 22:54:18.848 10 INFO neutron.wsgi [req-53b67aaf-fb23-4a57-96b5-7877bd8fb696 req-77a4ac94-7e60-4a60-bf07-bcb64fb9eab9 063a8afeda0a4c669b0bc12b10d67c5e 250b4c65056e4b37bd285a1e88e1067d - - default default] 10.0.0.106 "GET /v2.0/ports?tenant_id=250b4c65056e4b37bd285a1e88e1067d&fields=id HTTP/1.1" status: 200 len: 302 time: 0.1051743
2026-05-09 22:54:18.867 9 INFO neutron.wsgi [req-ea75675c-e796-4622-b725-78fcc3877a49 req-21330c49-b055-4dea-9f88-1e3438ecbac2 3896b3ce2e574d099e1bd6e0734bffb2 ba95dd4d54d74d20a1bcc645f256ecb2 - - default default] 10.0.0.106 "GET /v2.0/security-groups/5a0f4dab-b569-4321-a922-f456cc294f3e HTTP/1.1" status: 200 len: 3009 time: 0.0379183
2026-05-09 22:54:18.901 9 INFO neutron.wsgi [req-ad9942e0-4906-4d0c-ae89-223534a11c6b req-ca71ea9b-8e2a-475f-ac3f-39faa3bc9add 3896b3ce2e574d099e1bd6e0734bffb2 ba95dd4d54d74d20a1bcc645f256ecb2 - - default default] 10.0.0.106 "GET /v2.0/security-group-rules/40075b5d-38ed-4681-ac15-d7fb2cb0f565 HTTP/1.1" status: 200 len: 783 time: 0.0156827
2026-05-09 22:54:18.920 10 INFO neutron.wsgi [req-53b67aaf-fb23-4a57-96b5-7877bd8fb696 req-31a8790d-82d7-4168-85f6-be8c052a353c 85346ff96472477b85427d9835cf6455 a87c074d5f924c5685712dc6e41e38b3 - - 6c1a401fdf844f518769ed403dc14c20 6c1a401fdf844f518769ed403dc14c20] 10.0.0.106 "GET /v2.0/networks/d4dcdcc4-fc01-47be-85dc-c99dee968ab4?fields=segments HTTP/1.1" status: 200 len: 212 time: 0.0575643
2026-05-09 22:54:18.941 9 INFO neutron.wsgi [req-ad9942e0-4906-4d0c-ae89-223534a11c6b req-0a52b5a0-350a-4af0-90f8-25a790cffdbe 3896b3ce2e574d099e1bd6e0734bffb2 ba95dd4d54d74d20a1bcc645f256ecb2 - - default default] 10.0.0.106 "GET /v2.0/security-groups/5a0f4dab-b569-4321-a922-f456cc294f3e HTTP/1.1" status: 200 len: 3009 time: 0.0329511
2026-05-09 22:54:19.000 10 INFO neutron.wsgi [req-53b67aaf-fb23-4a57-96b5-7877bd8fb696 req-4af4894a-a47a-4282-a34b-48abe334e10a 85346ff96472477b85427d9835cf6455 a87c074d5f924c5685712dc6e41e38b3 - - 6c1a401fdf844f518769ed403dc14c20 6c1a401fdf844f518769ed403dc14c20] 10.0.0.106 "GET /v2.0/networks/d4dcdcc4-fc01-47be-85dc-c99dee968ab4?fields=provider%3Aphysical_network&fields=provider%3Anetwork_type HTTP/1.1" status: 200 len: 277 time: 0.0736949
2026-05-09 22:54:19.082 9 INFO neutron.wsgi [req-ad9942e0-4906-4d0c-ae89-223534a11c6b req-8cf75102-4419-4a05-a22c-15bc238552d7 3896b3ce2e574d099e1bd6e0734bffb2 ba95dd4d54d74d20a1bcc645f256ecb2 - - default default] 10.0.0.106 "DELETE /v2.0/security-group-rules/40075b5d-38ed-4681-ac15-d7fb2cb0f565 HTTP/1.1" status: 204 len: 173 time: 0.1361926
2026-05-09 22:54:19.220 10 INFO neutron.wsgi [req-8a7ff7f2-3413-48a2-9fd9-ed64cd3889b5 req-f6baed2c-430a-4fe9-aa63-3fce17b22b0d 3896b3ce2e574d099e1bd6e0734bffb2 ba95dd4d54d74d20a1bcc645f256ecb2 - - default default] 10.0.0.106 "GET /v2.0/security-groups/5a0f4dab-b569-4321-a922-f456cc294f3e HTTP/1.1" status: 200 len: 2411 time: 0.0541689
2026-05-09 22:54:19.231 9 INFO neutron.wsgi [req-2a7951ac-3f5d-454e-9a51-17d647bd1411 req-ff58a8f5-9f13-4441-83f9-850ffa3c10aa 818490e2907048d69bcf2e3b65bf4b7b af0958fe11a4428e8b727d2974288c46 - - default default] 10.0.0.106 "GET /v2.0/ports?device_id=a8c0c54d-23bd-4d7f-81b3-1be1f9693c38 HTTP/1.1" status: 200 len: 210 time: 0.0368390
2026-05-09 22:54:19.401 9 INFO neutron.wsgi [req-db203a15-a8c3-40f6-8162-855c97957285 req-8aa20f12-845f-4a66-924a-fbcf78476974 818490e2907048d69bcf2e3b65bf4b7b af0958fe11a4428e8b727d2974288c46 - - default default] 199.204.45.35 "GET /v2.0/networks?id=97f91cda-7436-4510-a3d3-f379796cefae HTTP/1.1" status: 200 len: 877 time: 0.1514678
2026-05-09 22:54:19.439 9 WARNING neutron_lib.context [req-db203a15-a8c3-40f6-8162-855c97957285 req-d67fa8c7-77b9-4afb-aec5-623086322f14 818490e2907048d69bcf2e3b65bf4b7b af0958fe11a4428e8b727d2974288c46 - - default default] Method 'is_advsvc' is deprecated since 2023.2 release (neutron-lib 3.8.0) and will be removed once support for the old RBAC API policies will be removed from Neutron. Please use method 'is_service_role' instead.
2026-05-09 22:54:19.442 9 INFO neutron.wsgi [req-3eb94473-b86d-4f64-8815-e88743ee6557 req-935e7854-c613-41d2-a870-3093c6aa69cf 063a8afeda0a4c669b0bc12b10d67c5e 250b4c65056e4b37bd285a1e88e1067d - - default default] 10.0.0.106 "GET /v2.0/ports?device_id=b434e701-2856-4b5f-abf1-f6b6f02c74e7 HTTP/1.1" status: 200 len: 210 time: 0.0301561
2026-05-09 22:54:19.501 10 INFO neutron.wsgi [req-8a7ff7f2-3413-48a2-9fd9-ed64cd3889b5 req-756f30f1-efe6-424c-853b-015e5379660a 3896b3ce2e574d099e1bd6e0734bffb2 ba95dd4d54d74d20a1bcc645f256ecb2 - - default default] 10.0.0.106 "DELETE /v2.0/security-groups/5a0f4dab-b569-4321-a922-f456cc294f3e HTTP/1.1" status: 204 len: 173 time: 0.2745030
2026-05-09 22:54:19.563 10 WARNING neutron_lib.context [None req-0705d912-a2bc-4d2f-9aef-270bd20c52c3 d4562f01777744b295a7be1d84ed1cc3 b8079c7034a44764a84922c905a8f278 - - default default] Method 'is_advsvc' is deprecated since 2023.2 release (neutron-lib 3.8.0) and will be removed once support for the old RBAC API policies will be removed from Neutron. Please use method 'is_service_role' instead.
2026-05-09 22:54:19.589 10 INFO neutron.wsgi [req-22b6ee94-2b6e-4699-9788-e598031368b9 req-422a0667-f4a1-44cc-afc8-fe9d334ce8d9 3896b3ce2e574d099e1bd6e0734bffb2 ba95dd4d54d74d20a1bcc645f256ecb2 - - default default] 10.0.0.106 "GET /v2.0/security-groups/e502bbdc-2a0f-4eb1-bdef-a2348f15948f HTTP/1.1" status: 200 len: 2414 time: 0.0646081
2026-05-09 22:54:19.590 10 WARNING neutron.plugins.ml2.drivers.ovn.mech_driver.ovsdb.ovn_client [None req-cd05494e-96de-4e18-ab90-4c0885dfd4f5 - - - - - -] No hosting information found for port f78f5453-d23d-49cd-bda0-3b879d8e6ffe: RuntimeError: No hosting information found for port f78f5453-d23d-49cd-bda0-3b879d8e6ffe
2026-05-09 22:54:19.714 10 INFO neutron.db.ovn_revision_numbers_db [None req-0705d912-a2bc-4d2f-9aef-270bd20c52c3 d4562f01777744b295a7be1d84ed1cc3 b8079c7034a44764a84922c905a8f278 - - default default] Successfully bumped revision number for resource 92be4d68-4404-4c26-ac7d-b97af927282c (type: security_groups) to 1
2026-05-09 22:54:19.748 10 INFO neutron.db.ovn_revision_numbers_db [None req-0705d912-a2bc-4d2f-9aef-270bd20c52c3 d4562f01777744b295a7be1d84ed1cc3 b8079c7034a44764a84922c905a8f278 - - default default] Successfully bumped revision number for resource bc2d0e49-1ff0-4fa4-8493-b086b05bde31 (type: security_group_rules) to 0
2026-05-09 22:54:19.765 10 INFO neutron.wsgi [req-22b6ee94-2b6e-4699-9788-e598031368b9 req-97179fbc-5cea-452a-9a02-1045f03ed326 3896b3ce2e574d099e1bd6e0734bffb2 ba95dd4d54d74d20a1bcc645f256ecb2 - - default default] 10.0.0.106 "DELETE /v2.0/security-groups/e502bbdc-2a0f-4eb1-bdef-a2348f15948f HTTP/1.1" status: 204 len: 173 time: 0.1672211
2026-05-09 22:54:19.774 10 INFO neutron.db.ovn_revision_numbers_db [None req-0705d912-a2bc-4d2f-9aef-270bd20c52c3 d4562f01777744b295a7be1d84ed1cc3 b8079c7034a44764a84922c905a8f278 - - default default] Successfully bumped revision number for resource f7ddba45-de52-477f-8339-29ca89bd5359 (type: security_group_rules) to 0
2026-05-09 22:54:19.826 10 INFO neutron.wsgi [None req-0705d912-a2bc-4d2f-9aef-270bd20c52c3 d4562f01777744b295a7be1d84ed1cc3 b8079c7034a44764a84922c905a8f278 - - default default] 10.0.0.214 "POST /v2.0/security-groups HTTP/1.1" status: 201 len: 1797 time: 0.2760105
2026-05-09 22:54:19.837 10 WARNING neutron_lib.context [None req-df59e0c2-a486-4d72-bbea-53eceedc3595 d4562f01777744b295a7be1d84ed1cc3 b8079c7034a44764a84922c905a8f278 - - default default] Method 'is_advsvc' is deprecated since 2023.2 release (neutron-lib 3.8.0) and will be removed once support for the old RBAC API policies will be removed from Neutron. Please use method 'is_service_role' instead.
2026-05-09 22:54:19.984 9 WARNING neutron.scheduler.dhcp_agent_scheduler [req-db203a15-a8c3-40f6-8162-855c97957285 req-d67fa8c7-77b9-4afb-aec5-623086322f14 818490e2907048d69bcf2e3b65bf4b7b af0958fe11a4428e8b727d2974288c46 - - default default] No more DHCP agents
2026-05-09 22:54:19.989 9 WARNING neutron.api.rpc.agentnotifiers.dhcp_rpc_agent_api [req-db203a15-a8c3-40f6-8162-855c97957285 req-d67fa8c7-77b9-4afb-aec5-623086322f14 818490e2907048d69bcf2e3b65bf4b7b af0958fe11a4428e8b727d2974288c46 - - default default] Unable to schedule network 97f91cda-7436-4510-a3d3-f379796cefae: no agents available; will retry on subsequent port and subnet creation events.
2026-05-09 22:54:20.059 10 INFO neutron.db.ovn_revision_numbers_db [None req-df59e0c2-a486-4d72-bbea-53eceedc3595 d4562f01777744b295a7be1d84ed1cc3 b8079c7034a44764a84922c905a8f278 - - default default] Successfully bumped revision number for resource 1d245ea0-37b7-425b-93df-5fb44d7f1c12 (type: security_group_rules) to 0
2026-05-09 22:54:20.098 10 INFO neutron.wsgi [None req-df59e0c2-a486-4d72-bbea-53eceedc3595 d4562f01777744b295a7be1d84ed1cc3 b8079c7034a44764a84922c905a8f278 - - default default] 10.0.0.214 "POST /v2.0/security-group-rules HTTP/1.1" status: 201 len: 764 time: 0.2663684
2026-05-09 22:54:20.105 10 WARNING neutron_lib.context [None req-1e8788ca-7baf-4b33-8139-221000945874 d4562f01777744b295a7be1d84ed1cc3 b8079c7034a44764a84922c905a8f278 - - default default] Method 'is_advsvc' is deprecated since 2023.2 release (neutron-lib 3.8.0) and will be removed once support for the old RBAC API policies will be removed from Neutron. Please use method 'is_service_role' instead.
2026-05-09 22:54:20.160 9 INFO neutron.db.ovn_revision_numbers_db [req-db203a15-a8c3-40f6-8162-855c97957285 req-d67fa8c7-77b9-4afb-aec5-623086322f14 818490e2907048d69bcf2e3b65bf4b7b af0958fe11a4428e8b727d2974288c46 - - default default] Successfully bumped revision number for resource 763147a1-fb13-4425-a53d-5d7b7a2004f6 (type: ports) to 1
2026-05-09 22:54:20.182 9 INFO neutron.wsgi [req-db203a15-a8c3-40f6-8162-855c97957285 req-d67fa8c7-77b9-4afb-aec5-623086322f14 818490e2907048d69bcf2e3b65bf4b7b af0958fe11a4428e8b727d2974288c46 - - default default] 199.204.45.35 "POST /v2.0/ports HTTP/1.1" status: 201 len: 1158 time: 0.7569442 /var/lib/openstack/lib/python3.10/site-packages/pycadf/identifier.py:71: UserWarning: Invalid uuid: neutron. To ensure interoperability, identifiers should be a valid uuid. warnings.warn(('Invalid uuid: %s. To ensure interoperability, '
2026-05-09 22:54:20.192 9 INFO neutron.wsgi [req-db203a15-a8c3-40f6-8162-855c97957285 req-8ca8583a-25de-4a12-9443-8aa0f8742863 818490e2907048d69bcf2e3b65bf4b7b af0958fe11a4428e8b727d2974288c46 - - default default] 199.204.45.35 "GET /v2.0/extensions HTTP/1.1" status: 200 len: 16980 time: 0.0072045
2026-05-09 22:54:20.309 10 INFO neutron.wsgi [req-53b67aaf-fb23-4a57-96b5-7877bd8fb696 req-83ddd0a3-6def-4058-958d-d76001d71935 063a8afeda0a4c669b0bc12b10d67c5e 250b4c65056e4b37bd285a1e88e1067d - - default default] 199.204.45.35 "GET /v2.0/networks?id=d4dcdcc4-fc01-47be-85dc-c99dee968ab4 HTTP/1.1" status: 200 len: 874 time: 0.1260276
2026-05-09 22:54:20.377 10 INFO neutron.wsgi [req-53b67aaf-fb23-4a57-96b5-7877bd8fb696 req-011eff6b-85ba-4b39-806a-5f3c2935e064 063a8afeda0a4c669b0bc12b10d67c5e 250b4c65056e4b37bd285a1e88e1067d - - default default] 199.204.45.35 "GET /v2.0/security-groups?fields=id&fields=name&tenant_id=250b4c65056e4b37bd285a1e88e1067d HTTP/1.1" status: 200 len: 380 time: 0.0637481
2026-05-09 22:54:20.380 10 INFO neutron.db.ovn_revision_numbers_db [None req-1e8788ca-7baf-4b33-8139-221000945874 d4562f01777744b295a7be1d84ed1cc3 b8079c7034a44764a84922c905a8f278 - - default default] Successfully bumped revision number for resource 8334b158-8a2b-42dc-af86-f62619f59757 (type: security_group_rules) to 0
2026-05-09 22:54:20.389 10 WARNING neutron_lib.context [req-53b67aaf-fb23-4a57-96b5-7877bd8fb696 req-352ac251-f571-4e66-bd1e-a620b26667c1 063a8afeda0a4c669b0bc12b10d67c5e 250b4c65056e4b37bd285a1e88e1067d - - default default] Method 'is_advsvc' is deprecated since 2023.2 release (neutron-lib 3.8.0) and will be removed once support for the old RBAC API policies will be removed from Neutron. Please use method 'is_service_role' instead.
2026-05-09 22:54:20.460 10 INFO neutron.wsgi [None req-1e8788ca-7baf-4b33-8139-221000945874 d4562f01777744b295a7be1d84ed1cc3 b8079c7034a44764a84922c905a8f278 - - default default] 10.0.0.214 "POST /v2.0/security-group-rules HTTP/1.1" status: 201 len: 769 time: 0.3577902
2026-05-09 22:54:20.482 10 WARNING neutron_lib.context [None req-e6e04ac6-8033-4124-bdd6-f79d9f16d6a8 d4562f01777744b295a7be1d84ed1cc3 b8079c7034a44764a84922c905a8f278 - - default default] Method 'is_advsvc' is deprecated since 2023.2 release (neutron-lib 3.8.0) and will be removed once support for the old RBAC API policies will be removed from Neutron. Please use method 'is_service_role' instead.
2026-05-09 22:54:20.572 9 INFO neutron.wsgi [req-ff3bee7a-d2d7-4dc1-b995-9c0c898c3ffd req-0852d796-292c-4467-b0f3-2a5d476eb02b 818490e2907048d69bcf2e3b65bf4b7b af0958fe11a4428e8b727d2974288c46 - - default default] 10.0.0.106 "GET /v2.0/ports?device_id=a8c0c54d-23bd-4d7f-81b3-1be1f9693c38 HTTP/1.1" status: 200 len: 1156 time: 0.1296887
2026-05-09 22:54:20.635 9 INFO neutron.wsgi [req-ff3bee7a-d2d7-4dc1-b995-9c0c898c3ffd req-22328154-2aaf-4605-8546-a0960df4d18f 818490e2907048d69bcf2e3b65bf4b7b af0958fe11a4428e8b727d2974288c46 - - default default] 10.0.0.106 "GET /v2.0/security-groups?id=48b509e1-c3e0-4837-b2b8-d878eea44d77&fields=id&fields=name HTTP/1.1" status: 200 len: 286 time: 0.0513601
2026-05-09 22:54:20.826 10 INFO neutron.wsgi [req-f0118278-a62f-434d-9fb8-ccc2900dbe24 req-410b3bfa-4b4c-4b8e-826f-7c14738a90f9 063a8afeda0a4c669b0bc12b10d67c5e 250b4c65056e4b37bd285a1e88e1067d - - default default] 10.0.0.106 "GET /v2.0/ports?device_id=b434e701-2856-4b5f-abf1-f6b6f02c74e7 HTTP/1.1" status: 200 len: 210 time: 0.0481761
2026-05-09 22:54:20.935 9 INFO neutron.db.ovn_revision_numbers_db [req-db203a15-a8c3-40f6-8162-855c97957285 req-735734b3-8fe2-40c8-a5d6-4b145d4a43ff 85346ff96472477b85427d9835cf6455 a87c074d5f924c5685712dc6e41e38b3 - - 6c1a401fdf844f518769ed403dc14c20 6c1a401fdf844f518769ed403dc14c20] Successfully bumped revision number for resource 763147a1-fb13-4425-a53d-5d7b7a2004f6 (type: ports) to 2
2026-05-09 22:54:21.123 9 INFO neutron.db.ovn_revision_numbers_db [req-db203a15-a8c3-40f6-8162-855c97957285 req-735734b3-8fe2-40c8-a5d6-4b145d4a43ff 85346ff96472477b85427d9835cf6455 a87c074d5f924c5685712dc6e41e38b3 - - 6c1a401fdf844f518769ed403dc14c20 6c1a401fdf844f518769ed403dc14c20] Successfully bumped revision number for resource 763147a1-fb13-4425-a53d-5d7b7a2004f6 (type: ports) to 2
2026-05-09 22:54:21.139 9 INFO neutron.wsgi [req-db203a15-a8c3-40f6-8162-855c97957285 req-735734b3-8fe2-40c8-a5d6-4b145d4a43ff 85346ff96472477b85427d9835cf6455 a87c074d5f924c5685712dc6e41e38b3 - - 6c1a401fdf844f518769ed403dc14c20 6c1a401fdf844f518769ed403dc14c20] 199.204.45.35 "PUT /v2.0/ports/763147a1-fb13-4425-a53d-5d7b7a2004f6 HTTP/1.1" status: 200 len: 1376 time: 0.6165316
2026-05-09 22:54:21.149 10 WARNING neutron.scheduler.dhcp_agent_scheduler [None req-e6e04ac6-8033-4124-bdd6-f79d9f16d6a8 d4562f01777744b295a7be1d84ed1cc3 b8079c7034a44764a84922c905a8f278 - - default default] No more DHCP agents
2026-05-09 22:54:21.151 10 WARNING neutron.api.rpc.agentnotifiers.dhcp_rpc_agent_api [None req-e6e04ac6-8033-4124-bdd6-f79d9f16d6a8 d4562f01777744b295a7be1d84ed1cc3 b8079c7034a44764a84922c905a8f278 - - default default] Unable to schedule network 331ae174-097c-48c5-947d-49292eec1204: no agents available; will retry on subsequent port and subnet creation events.
2026-05-09 22:54:21.154 10 WARNING neutron.scheduler.dhcp_agent_scheduler [req-53b67aaf-fb23-4a57-96b5-7877bd8fb696 req-352ac251-f571-4e66-bd1e-a620b26667c1 063a8afeda0a4c669b0bc12b10d67c5e 250b4c65056e4b37bd285a1e88e1067d - - default default] No more DHCP agents
2026-05-09 22:54:21.155 10 WARNING neutron.api.rpc.agentnotifiers.dhcp_rpc_agent_api [req-53b67aaf-fb23-4a57-96b5-7877bd8fb696 req-352ac251-f571-4e66-bd1e-a620b26667c1 063a8afeda0a4c669b0bc12b10d67c5e 250b4c65056e4b37bd285a1e88e1067d - - default default] Unable to schedule network d4dcdcc4-fc01-47be-85dc-c99dee968ab4: no agents available; will retry on subsequent port and subnet creation events. /var/lib/openstack/lib/python3.10/site-packages/pycadf/identifier.py:71: UserWarning: Invalid uuid: neutron. To ensure interoperability, identifiers should be a valid uuid. warnings.warn(('Invalid uuid: %s. To ensure interoperability, '
2026-05-09 22:54:21.240 9 INFO neutron.wsgi [req-db203a15-a8c3-40f6-8162-855c97957285 req-c4991d7c-aa0d-469c-845f-2358661e29ad 85346ff96472477b85427d9835cf6455 a87c074d5f924c5685712dc6e41e38b3 - - 6c1a401fdf844f518769ed403dc14c20 6c1a401fdf844f518769ed403dc14c20] 199.204.45.35 "GET /v2.0/ports?tenant_id=af0958fe11a4428e8b727d2974288c46&device_id=a8c0c54d-23bd-4d7f-81b3-1be1f9693c38 HTTP/1.1" status: 200 len: 1407 time: 0.0510247
2026-05-09 22:54:21.275 9 INFO neutron.wsgi [req-db203a15-a8c3-40f6-8162-855c97957285 req-547f0b35-9ddc-41ac-93a0-8e73d47cf310 85346ff96472477b85427d9835cf6455 a87c074d5f924c5685712dc6e41e38b3 - - 6c1a401fdf844f518769ed403dc14c20 6c1a401fdf844f518769ed403dc14c20] 199.204.45.35 "GET /v2.0/floatingips?fixed_ip_address=10.100.0.6&port_id=763147a1-fb13-4425-a53d-5d7b7a2004f6 HTTP/1.1" status: 200 len: 217 time: 0.0295081
2026-05-09 22:54:21.312 9 INFO neutron.wsgi [req-db203a15-a8c3-40f6-8162-855c97957285 req-9e05c4a8-be82-4a34-8984-4e70d3ff53ed 85346ff96472477b85427d9835cf6455 a87c074d5f924c5685712dc6e41e38b3 - - 6c1a401fdf844f518769ed403dc14c20 6c1a401fdf844f518769ed403dc14c20] 199.204.45.35 "GET /v2.0/subnets?id=bf70f440-0699-414c-8d58-e1346df80917 HTTP/1.1" status: 200 len: 871 time: 0.0332887
2026-05-09 22:54:21.344 9 INFO neutron.wsgi [req-db203a15-a8c3-40f6-8162-855c97957285 req-5179aa33-fa91-4a8a-ad0f-53c820bbf692 85346ff96472477b85427d9835cf6455 a87c074d5f924c5685712dc6e41e38b3 - - 6c1a401fdf844f518769ed403dc14c20 6c1a401fdf844f518769ed403dc14c20] 199.204.45.35 "GET /v2.0/ports?network_id=97f91cda-7436-4510-a3d3-f379796cefae&device_owner=network%3Adhcp HTTP/1.1" status: 200 len: 210 time: 0.0271206
2026-05-09 22:54:21.414 9 INFO neutron.wsgi [req-db203a15-a8c3-40f6-8162-855c97957285 req-ef5682e1-3f24-4286-bba9-331f753c65a9 85346ff96472477b85427d9835cf6455 a87c074d5f924c5685712dc6e41e38b3 - - 6c1a401fdf844f518769ed403dc14c20 6c1a401fdf844f518769ed403dc14c20] 199.204.45.35 "GET /v2.0/networks/97f91cda-7436-4510-a3d3-f379796cefae?fields=segments HTTP/1.1" status: 200 len: 212 time: 0.0651381
2026-05-09 22:54:21.432 10 INFO neutron.db.ovn_revision_numbers_db [req-53b67aaf-fb23-4a57-96b5-7877bd8fb696 req-352ac251-f571-4e66-bd1e-a620b26667c1 063a8afeda0a4c669b0bc12b10d67c5e 250b4c65056e4b37bd285a1e88e1067d - - default default] Successfully bumped revision number for resource 58cb1cf1-76ba-4e54-a5b3-c6aa914de63d (type: ports) to 1
2026-05-09 22:54:21.476 10 INFO neutron.wsgi [req-53b67aaf-fb23-4a57-96b5-7877bd8fb696 req-352ac251-f571-4e66-bd1e-a620b26667c1 063a8afeda0a4c669b0bc12b10d67c5e 250b4c65056e4b37bd285a1e88e1067d - - default default] 199.204.45.35 "POST /v2.0/ports HTTP/1.1" status: 201 len: 1162 time: 1.0960968
2026-05-09 22:54:21.487 9 INFO neutron.wsgi [req-db203a15-a8c3-40f6-8162-855c97957285 req-867debd4-16e8-4f4e-bc1c-eb10814043e7 85346ff96472477b85427d9835cf6455 a87c074d5f924c5685712dc6e41e38b3 - - 6c1a401fdf844f518769ed403dc14c20 6c1a401fdf844f518769ed403dc14c20] 199.204.45.35 "GET /v2.0/networks/97f91cda-7436-4510-a3d3-f379796cefae?fields=provider%3Aphysical_network&fields=provider%3Anetwork_type HTTP/1.1" status: 200 len: 277 time: 0.0666876 /var/lib/openstack/lib/python3.10/site-packages/pycadf/identifier.py:71: UserWarning: Invalid uuid: neutron. To ensure interoperability, identifiers should be a valid uuid. warnings.warn(('Invalid uuid: %s. To ensure interoperability, '
2026-05-09 22:54:21.576 9 INFO neutron.notifiers.nova [-] Nova event matching ['req-cdf8417e-8c17-4772-a56a-a17c9dbfc3f0'] response: {'name': 'network-changed', 'server_uuid': 'a8c0c54d-23bd-4d7f-81b3-1be1f9693c38', 'tag': '763147a1-fb13-4425-a53d-5d7b7a2004f6', 'status': 'completed', 'code': 200}
2026-05-09 22:54:21.641 9 INFO neutron.wsgi [req-388718c6-04f2-4cf2-a93c-ecacba4a8788 req-2efef80a-78fc-4ef1-a4ef-611ea874e002 85346ff96472477b85427d9835cf6455 a87c074d5f924c5685712dc6e41e38b3 - - 6c1a401fdf844f518769ed403dc14c20 6c1a401fdf844f518769ed403dc14c20] 199.204.45.35 "GET /v2.0/ports?tenant_id=af0958fe11a4428e8b727d2974288c46&device_id=a8c0c54d-23bd-4d7f-81b3-1be1f9693c38 HTTP/1.1" status: 200 len: 1407 time: 0.0473557
2026-05-09 22:54:21.701 9 INFO neutron.wsgi [req-388718c6-04f2-4cf2-a93c-ecacba4a8788 req-3da2fedb-e560-4d69-9102-77369ab6e9a1 85346ff96472477b85427d9835cf6455 a87c074d5f924c5685712dc6e41e38b3 - - 6c1a401fdf844f518769ed403dc14c20 6c1a401fdf844f518769ed403dc14c20] 199.204.45.35 "GET /v2.0/networks?id=97f91cda-7436-4510-a3d3-f379796cefae HTTP/1.1" status: 200 len: 976 time: 0.0545931
2026-05-09 22:54:21.730 9 INFO neutron.wsgi [req-388718c6-04f2-4cf2-a93c-ecacba4a8788 req-1c1ce9be-4dd4-46fe-8e6a-33724c787134 85346ff96472477b85427d9835cf6455 a87c074d5f924c5685712dc6e41e38b3 - - 6c1a401fdf844f518769ed403dc14c20 6c1a401fdf844f518769ed403dc14c20] 199.204.45.35 "GET /v2.0/floatingips?fixed_ip_address=10.100.0.6&port_id=763147a1-fb13-4425-a53d-5d7b7a2004f6 HTTP/1.1" status: 200 len: 217 time: 0.0217507
2026-05-09 22:54:21.758 9 INFO neutron.wsgi [req-388718c6-04f2-4cf2-a93c-ecacba4a8788 req-c4f293bf-7c4a-4a56-8798-9a448c812e80 85346ff96472477b85427d9835cf6455 a87c074d5f924c5685712dc6e41e38b3 - - 6c1a401fdf844f518769ed403dc14c20 6c1a401fdf844f518769ed403dc14c20] 199.204.45.35 "GET /v2.0/subnets?id=bf70f440-0699-414c-8d58-e1346df80917 HTTP/1.1" status: 200 len: 871 time: 0.0242507
2026-05-09 22:54:21.779 9 INFO neutron.wsgi [req-388718c6-04f2-4cf2-a93c-ecacba4a8788 req-f9a597d4-5371-4e8b-be92-15406bb66637 85346ff96472477b85427d9835cf6455 a87c074d5f924c5685712dc6e41e38b3 - - 6c1a401fdf844f518769ed403dc14c20 6c1a401fdf844f518769ed403dc14c20] 199.204.45.35 "GET /v2.0/ports?network_id=97f91cda-7436-4510-a3d3-f379796cefae&device_owner=network%3Adhcp HTTP/1.1" status: 200 len: 210 time: 0.0150547
2026-05-09 22:54:21.833 9 INFO neutron.wsgi [req-388718c6-04f2-4cf2-a93c-ecacba4a8788 req-ba95e7c5-881e-4304-82a1-4a9e6726c1cf 85346ff96472477b85427d9835cf6455 a87c074d5f924c5685712dc6e41e38b3 - - 6c1a401fdf844f518769ed403dc14c20 6c1a401fdf844f518769ed403dc14c20] 199.204.45.35 "GET /v2.0/networks/97f91cda-7436-4510-a3d3-f379796cefae?fields=segments HTTP/1.1" status: 200 len: 212 time: 0.0464511
2026-05-09 22:54:21.853 10 INFO neutron.wsgi [req-b0613c4d-b388-4af0-8ddb-1583911c8b82 req-b0e659e3-7833-4de9-a194-c2798e653aaa 818490e2907048d69bcf2e3b65bf4b7b af0958fe11a4428e8b727d2974288c46 - - default default] 10.0.0.106 "GET /v2.0/ports?device_id=a8c0c54d-23bd-4d7f-81b3-1be1f9693c38 HTTP/1.1" status: 200 len: 1168 time: 0.0733886
2026-05-09 22:54:21.889 9 INFO neutron.wsgi [req-388718c6-04f2-4cf2-a93c-ecacba4a8788 req-49973c66-308d-4e3a-8620-e18530859433 85346ff96472477b85427d9835cf6455 a87c074d5f924c5685712dc6e41e38b3 - - 6c1a401fdf844f518769ed403dc14c20 6c1a401fdf844f518769ed403dc14c20] 199.204.45.35 "GET /v2.0/networks/97f91cda-7436-4510-a3d3-f379796cefae?fields=provider%3Aphysical_network&fields=provider%3Anetwork_type HTTP/1.1" status: 200 len: 277 time: 0.0506380
2026-05-09 22:54:21.945 10 INFO neutron.db.ovn_revision_numbers_db [None req-e6e04ac6-8033-4124-bdd6-f79d9f16d6a8 d4562f01777744b295a7be1d84ed1cc3 b8079c7034a44764a84922c905a8f278 - - default default] Successfully bumped revision number for resource 2be81bd2-ff23-4426-be1f-95bb46dcbc1c (type: floatingips) to 0
2026-05-09 22:54:21.961 10 INFO neutron.wsgi [req-b0613c4d-b388-4af0-8ddb-1583911c8b82 req-01d5d34d-05f1-4a7d-ba4c-cdda69286571 818490e2907048d69bcf2e3b65bf4b7b af0958fe11a4428e8b727d2974288c46 - - default default] 10.0.0.106 "GET /v2.0/security-groups?id=48b509e1-c3e0-4837-b2b8-d878eea44d77&fields=id&fields=name HTTP/1.1" status: 200 len: 286 time: 0.0946548
2026-05-09 22:54:21.973 9 INFO neutron.wsgi [req-30b177bd-e3bf-4147-96ae-58c82a7e8f19 req-a8629040-823f-415f-9de0-17bb4b0360e7 063a8afeda0a4c669b0bc12b10d67c5e 250b4c65056e4b37bd285a1e88e1067d - - default default] 10.0.0.106 "GET /v2.0/ports?device_id=b434e701-2856-4b5f-abf1-f6b6f02c74e7 HTTP/1.1" status: 200 len: 1160 time: 0.0829630
2026-05-09 22:54:21.983 10 INFO neutron.wsgi [None req-e6e04ac6-8033-4124-bdd6-f79d9f16d6a8 d4562f01777744b295a7be1d84ed1cc3 b8079c7034a44764a84922c905a8f278 - - default default] 10.0.0.214 "POST /v2.0/floatingips HTTP/1.1" status: 201 len: 751 time: 1.5059083
2026-05-09 22:54:22.016 9 INFO neutron.wsgi [req-30b177bd-e3bf-4147-96ae-58c82a7e8f19 req-35249aa5-2a64-4d32-a44a-69ce096fc2a3 063a8afeda0a4c669b0bc12b10d67c5e 250b4c65056e4b37bd285a1e88e1067d - - default default] 10.0.0.106 "GET /v2.0/security-groups?id=a53a2852-72a9-43a7-8fbd-eca7eae839af&fields=id&fields=name HTTP/1.1" status: 200 len: 313 time: 0.0350115
2026-05-09 22:54:22.256 10 INFO neutron.wsgi [None req-5a221aac-77d7-40c6-9ee2-fb9b28fdeb28 8df602c576ed4eb7a388b6ec3d9f6864 b51fdf18aad844e4af18a455445db30d - - default default] 10.0.0.214 "PUT /v2.0/routers/7699a8c7-13de-4c40-b3ac-f61e157aa14e/remove_router_interface HTTP/1.1" status: 200 len: 503 time: 2.4767747 /var/lib/openstack/lib/python3.10/site-packages/pycadf/identifier.py:71: UserWarning: Invalid uuid: neutron. To ensure interoperability, identifiers should be a valid uuid. warnings.warn(('Invalid uuid: %s. To ensure interoperability, '
2026-05-09 22:54:22.350 10 INFO neutron.db.ovn_revision_numbers_db [req-53b67aaf-fb23-4a57-96b5-7877bd8fb696 req-edcc8a5d-98d4-439c-9287-75d8a0f75ef6 85346ff96472477b85427d9835cf6455 a87c074d5f924c5685712dc6e41e38b3 - - 6c1a401fdf844f518769ed403dc14c20 6c1a401fdf844f518769ed403dc14c20] Successfully bumped revision number for resource 58cb1cf1-76ba-4e54-a5b3-c6aa914de63d (type: ports) to 2
2026-05-09 22:54:22.422 10 INFO neutron.wsgi [req-4398567b-b1dd-4efc-87c3-eb7642fe9dc2 req-66cc70b3-18f1-460e-ab00-dc9ee96b6486 d4562f01777744b295a7be1d84ed1cc3 b8079c7034a44764a84922c905a8f278 - - default default] 10.0.0.106 "GET /v2.0/security-groups?name=tempest-securitygroup--2017517378&fields=id&tenant_id=b8079c7034a44764a84922c905a8f278 HTTP/1.1" status: 200 len: 267 time: 0.0585172
2026-05-09 22:54:22.532 10 INFO neutron.wsgi [req-4398567b-b1dd-4efc-87c3-eb7642fe9dc2 req-a244fc79-dff7-41a7-8f66-9648beb4e9c2 d4562f01777744b295a7be1d84ed1cc3 b8079c7034a44764a84922c905a8f278 - - default default] 10.0.0.106 "GET /v2.0/networks?id=7707bf81-3b24-421a-a191-b0c5a76aa21d HTTP/1.1" status: 200 len: 883 time: 0.1009123
2026-05-09 22:54:22.573 10 INFO neutron.wsgi [req-4398567b-b1dd-4efc-87c3-eb7642fe9dc2 req-ca69014b-4165-4274-a981-1ae179c00f66 d4562f01777744b295a7be1d84ed1cc3 b8079c7034a44764a84922c905a8f278 - - default default] 10.0.0.106 "GET /v2.0/quotas/b8079c7034a44764a84922c905a8f278 HTTP/1.1" status: 200 len: 386 time: 0.0285654
2026-05-09 22:54:22.738 10 INFO neutron.wsgi [req-4398567b-b1dd-4efc-87c3-eb7642fe9dc2 req-c09e55cc-74bf-434c-a868-e2e46a186f72 d4562f01777744b295a7be1d84ed1cc3 b8079c7034a44764a84922c905a8f278 - - default default] 10.0.0.106 "GET /v2.0/ports?tenant_id=b8079c7034a44764a84922c905a8f278&fields=id HTTP/1.1" status: 200 len: 302 time: 0.1550918
2026-05-09 22:54:22.745 10 INFO neutron.db.ovn_revision_numbers_db [req-53b67aaf-fb23-4a57-96b5-7877bd8fb696 req-edcc8a5d-98d4-439c-9287-75d8a0f75ef6 85346ff96472477b85427d9835cf6455 a87c074d5f924c5685712dc6e41e38b3 - - 6c1a401fdf844f518769ed403dc14c20 6c1a401fdf844f518769ed403dc14c20] Successfully bumped revision number for resource 58cb1cf1-76ba-4e54-a5b3-c6aa914de63d (type: ports) to 2 /var/lib/openstack/lib/python3.10/site-packages/pycadf/identifier.py:71: UserWarning: Invalid uuid: neutron. To ensure interoperability, identifiers should be a valid uuid. warnings.warn(('Invalid uuid: %s. To ensure interoperability, '
2026-05-09 22:54:22.782 10 INFO neutron.wsgi [req-53b67aaf-fb23-4a57-96b5-7877bd8fb696 req-edcc8a5d-98d4-439c-9287-75d8a0f75ef6 85346ff96472477b85427d9835cf6455 a87c074d5f924c5685712dc6e41e38b3 - - 6c1a401fdf844f518769ed403dc14c20 6c1a401fdf844f518769ed403dc14c20] 199.204.45.35 "PUT /v2.0/ports/58cb1cf1-76ba-4e54-a5b3-c6aa914de63d HTTP/1.1" status: 200 len: 1380 time: 1.3007762
2026-05-09 22:54:22.830 10 INFO neutron.wsgi [req-4398567b-b1dd-4efc-87c3-eb7642fe9dc2 req-c4f8284f-bf8e-4f88-9f1e-e8df572f51a6 85346ff96472477b85427d9835cf6455 a87c074d5f924c5685712dc6e41e38b3 - - 6c1a401fdf844f518769ed403dc14c20 6c1a401fdf844f518769ed403dc14c20] 10.0.0.106 "GET /v2.0/networks/7707bf81-3b24-421a-a191-b0c5a76aa21d?fields=segments HTTP/1.1" status: 200 len: 212 time: 0.0777850
2026-05-09 22:54:23.078 10 INFO neutron.wsgi [req-53b67aaf-fb23-4a57-96b5-7877bd8fb696 req-df720f5c-f620-4337-89bf-993ea5598e0c 85346ff96472477b85427d9835cf6455 a87c074d5f924c5685712dc6e41e38b3 - - 6c1a401fdf844f518769ed403dc14c20 6c1a401fdf844f518769ed403dc14c20] 199.204.45.35 "GET /v2.0/ports?tenant_id=250b4c65056e4b37bd285a1e88e1067d&device_id=b434e701-2856-4b5f-abf1-f6b6f02c74e7 HTTP/1.1" status: 200 len: 1411 time: 0.2294333
2026-05-09 22:54:23.079 9 INFO neutron.wsgi [req-bad68dda-2773-41ae-87e3-806fa29ebef5 req-6eb12875-f45e-46d2-8da3-1eb5326676eb 818490e2907048d69bcf2e3b65bf4b7b af0958fe11a4428e8b727d2974288c46 - - default default] 10.0.0.106 "GET /v2.0/ports?device_id=a8c0c54d-23bd-4d7f-81b3-1be1f9693c38 HTTP/1.1" status: 200 len: 1168 time: 0.0426645
2026-05-09 22:54:23.106 10 INFO neutron.wsgi [req-4398567b-b1dd-4efc-87c3-eb7642fe9dc2 req-34f1fd0a-c7d8-44a0-ba76-460351ba64a0 85346ff96472477b85427d9835cf6455 a87c074d5f924c5685712dc6e41e38b3 - - 6c1a401fdf844f518769ed403dc14c20 6c1a401fdf844f518769ed403dc14c20] 10.0.0.106 "GET /v2.0/networks/7707bf81-3b24-421a-a191-b0c5a76aa21d?fields=provider%3Aphysical_network&fields=provider%3Anetwork_type HTTP/1.1" status: 200 len: 277 time: 0.2663205
2026-05-09 22:54:23.125 10 INFO neutron.wsgi [req-53b67aaf-fb23-4a57-96b5-7877bd8fb696 req-ca8455b6-9a6f-4cec-9fe5-b8f71397a946 85346ff96472477b85427d9835cf6455 a87c074d5f924c5685712dc6e41e38b3 - - 6c1a401fdf844f518769ed403dc14c20 6c1a401fdf844f518769ed403dc14c20] 199.204.45.35 "GET /v2.0/floatingips?fixed_ip_address=10.100.0.10&port_id=58cb1cf1-76ba-4e54-a5b3-c6aa914de63d HTTP/1.1" status: 200 len: 217 time: 0.0369642
2026-05-09 22:54:23.127 9 INFO neutron.wsgi [req-bad68dda-2773-41ae-87e3-806fa29ebef5 req-67b6192b-2466-4911-b6d0-7f49d5af0b40 818490e2907048d69bcf2e3b65bf4b7b af0958fe11a4428e8b727d2974288c46 - - default default] 10.0.0.106 "GET /v2.0/security-groups?id=48b509e1-c3e0-4837-b2b8-d878eea44d77&fields=id&fields=name HTTP/1.1" status: 200 len: 286 time: 0.0422571
2026-05-09 22:54:23.197 10 INFO neutron.wsgi [req-53b67aaf-fb23-4a57-96b5-7877bd8fb696 req-6bf8cbef-aec6-451e-a4fe-e0899d47115b 85346ff96472477b85427d9835cf6455 a87c074d5f924c5685712dc6e41e38b3 - - 6c1a401fdf844f518769ed403dc14c20 6c1a401fdf844f518769ed403dc14c20] 199.204.45.35 "GET /v2.0/subnets?id=896f19a8-7dab-43aa-b2f9-ee4f12ce0d48 HTTP/1.1" status: 200 len: 868 time: 0.0629578
2026-05-09 22:54:23.254 10 INFO neutron.wsgi [req-53b67aaf-fb23-4a57-96b5-7877bd8fb696 req-3b5c7250-4b2d-4e6c-b815-8c1b57278aa8 85346ff96472477b85427d9835cf6455 a87c074d5f924c5685712dc6e41e38b3 - - 6c1a401fdf844f518769ed403dc14c20 6c1a401fdf844f518769ed403dc14c20] 199.204.45.35 "GET /v2.0/ports?network_id=d4dcdcc4-fc01-47be-85dc-c99dee968ab4&device_owner=network%3Adhcp HTTP/1.1" status: 200 len: 210 time: 0.0438893
2026-05-09 22:54:23.266 9 INFO neutron.wsgi [req-1a9f754d-b84d-470e-b94a-9a8c16ca35e7 req-f6e51f4f-3e9c-4bee-be6c-ecaee96b36d7 063a8afeda0a4c669b0bc12b10d67c5e 250b4c65056e4b37bd285a1e88e1067d - - default default] 10.0.0.106 "GET /v2.0/ports?device_id=b434e701-2856-4b5f-abf1-f6b6f02c74e7 HTTP/1.1" status: 200 len: 1172 time: 0.0705857
2026-05-09 22:54:23.297 10 INFO neutron.notifiers.nova [-] Nova event matching ['req-83be4c10-fd56-4bc7-8308-d4977a6d2aee'] response: {'name': 'network-changed', 'server_uuid': 'b434e701-2856-4b5f-abf1-f6b6f02c74e7', 'tag': '58cb1cf1-76ba-4e54-a5b3-c6aa914de63d', 'status': 'completed', 'code': 200}
2026-05-09 22:54:23.312 9 INFO neutron.wsgi [req-1a9f754d-b84d-470e-b94a-9a8c16ca35e7 req-cf95cf6e-360c-4924-8401-3cb083bd8fd9 063a8afeda0a4c669b0bc12b10d67c5e 250b4c65056e4b37bd285a1e88e1067d - - default default] 10.0.0.106 "GET /v2.0/security-groups?id=a53a2852-72a9-43a7-8fbd-eca7eae839af&fields=id&fields=name HTTP/1.1" status: 200 len: 313 time: 0.0357177
2026-05-09 22:54:23.358 10 INFO neutron.wsgi [req-53b67aaf-fb23-4a57-96b5-7877bd8fb696 req-c25001a2-e9ad-4c5a-b3ec-d01ffd8fcc8d 85346ff96472477b85427d9835cf6455 a87c074d5f924c5685712dc6e41e38b3 - - 6c1a401fdf844f518769ed403dc14c20 6c1a401fdf844f518769ed403dc14c20] 199.204.45.35 "GET /v2.0/networks/d4dcdcc4-fc01-47be-85dc-c99dee968ab4?fields=segments HTTP/1.1" status: 200 len: 212 time: 0.0957849
2026-05-09 22:54:23.363 10 INFO neutron.wsgi [req-f63050f8-2db8-4935-ae57-fbfd5e974e15 req-9821bdc9-d0ab-4eb0-a3c1-0b256fe84ffe d4562f01777744b295a7be1d84ed1cc3 b8079c7034a44764a84922c905a8f278 - - default default] 10.0.0.106 "GET /v2.0/ports?device_id=10864ff9-ecc1-4851-84b6-5a412011814a HTTP/1.1" status: 200 len: 210 time: 0.0372818
2026-05-09 22:54:23.375 9 WARNING neutron.plugins.ml2.drivers.ovn.mech_driver.ovsdb.ovn_client [None req-71f043e5-1309-4e04-8b43-f38cc1602804 - - - - - -] No hosting information found for port 1e02b9a9-4fa3-4044-946a-0b8de8de7b65: RuntimeError: No hosting information found for port 1e02b9a9-4fa3-4044-946a-0b8de8de7b65
2026-05-09 22:54:23.375 9 INFO neutron.plugins.ml2.drivers.ovn.mech_driver.mech_driver [None req-71f043e5-1309-4e04-8b43-f38cc1602804 - - - - - -] OVN reports status up for port: e1fdf5cb-f193-4366-8a79-387a27ba5271
2026-05-09 22:54:23.395 9 INFO neutron.plugins.ml2.drivers.ovn.mech_driver.mech_driver [None req-71f043e5-1309-4e04-8b43-f38cc1602804 - - - - - -] OVN reports status up for port: f287b421-b249-46f5-94ab-d5428317564c
2026-05-09 22:54:23.413 9 INFO neutron.plugins.ml2.plugin [None req-71f043e5-1309-4e04-8b43-f38cc1602804 - - - - - -] Attempt 1 to provision port f287b421-b249-46f5-94ab-d5428317564c
2026-05-09 22:54:23.455 10 INFO neutron.wsgi [req-53b67aaf-fb23-4a57-96b5-7877bd8fb696 req-8095140f-04ff-4ee5-aa35-d3670504af6a 85346ff96472477b85427d9835cf6455 a87c074d5f924c5685712dc6e41e38b3 - - 6c1a401fdf844f518769ed403dc14c20 6c1a401fdf844f518769ed403dc14c20] 199.204.45.35 "GET /v2.0/networks/d4dcdcc4-fc01-47be-85dc-c99dee968ab4?fields=provider%3Aphysical_network&fields=provider%3Anetwork_type HTTP/1.1" status: 200 len: 277 time: 0.0906372
2026-05-09 22:54:23.501 9 INFO neutron.plugins.ml2.drivers.ovn.mech_driver.mech_driver [None req-71f043e5-1309-4e04-8b43-f38cc1602804 - - - - - -] OVN reports status up for port: fd889d6f-2d1c-4a96-af26-55b4984de85f
2026-05-09 22:54:23.507 9 INFO neutron.plugins.ml2.plugin [None req-71f043e5-1309-4e04-8b43-f38cc1602804 - - - - - -] Attempt 1 to provision port fd889d6f-2d1c-4a96-af26-55b4984de85f
2026-05-09 22:54:23.562 10 INFO neutron.wsgi [req-eef8695a-62a3-4b84-bde4-411c1e02f82d req-83b82b2a-88d8-4bad-b4b8-f1fb72d9e0b1 85346ff96472477b85427d9835cf6455 a87c074d5f924c5685712dc6e41e38b3 - - 6c1a401fdf844f518769ed403dc14c20 6c1a401fdf844f518769ed403dc14c20] 199.204.45.35 "GET /v2.0/ports?tenant_id=250b4c65056e4b37bd285a1e88e1067d&device_id=b434e701-2856-4b5f-abf1-f6b6f02c74e7 HTTP/1.1" status: 200 len: 1411 time: 0.0517838
2026-05-09 22:54:23.677 10 INFO neutron.wsgi [req-eef8695a-62a3-4b84-bde4-411c1e02f82d req-04535604-ec72-4d0c-a707-bde8af2ea73f 85346ff96472477b85427d9835cf6455 a87c074d5f924c5685712dc6e41e38b3 - - 6c1a401fdf844f518769ed403dc14c20 6c1a401fdf844f518769ed403dc14c20] 199.204.45.35 "GET /v2.0/networks?id=d4dcdcc4-fc01-47be-85dc-c99dee968ab4 HTTP/1.1" status: 200 len: 973 time: 0.1101940
2026-05-09 22:54:23.683 10 INFO neutron.wsgi [None req-54cc5c17-670e-4978-8a9e-a05bcc3be635 8df602c576ed4eb7a388b6ec3d9f6864 b51fdf18aad844e4af18a455445db30d - - default default] 10.0.0.214 "DELETE /v2.0/routers/7699a8c7-13de-4c40-b3ac-f61e157aa14e HTTP/1.1" status: 204 len: 168 time: 1.4232304
2026-05-09 22:54:23.718 10 INFO neutron.wsgi [req-eef8695a-62a3-4b84-bde4-411c1e02f82d req-3194dba2-de27-433c-aae3-9dfa4aad4196 85346ff96472477b85427d9835cf6455 a87c074d5f924c5685712dc6e41e38b3 - - 6c1a401fdf844f518769ed403dc14c20 6c1a401fdf844f518769ed403dc14c20] 199.204.45.35 "GET /v2.0/floatingips?fixed_ip_address=10.100.0.10&port_id=58cb1cf1-76ba-4e54-a5b3-c6aa914de63d HTTP/1.1" status: 200 len: 217 time: 0.0343359
2026-05-09 22:54:23.764 10 INFO neutron.wsgi [req-eef8695a-62a3-4b84-bde4-411c1e02f82d req-0bb1107f-d1f2-4b1f-8b70-6db025ca84e8 85346ff96472477b85427d9835cf6455 a87c074d5f924c5685712dc6e41e38b3 - - 6c1a401fdf844f518769ed403dc14c20 6c1a401fdf844f518769ed403dc14c20] 199.204.45.35 "GET /v2.0/subnets?id=896f19a8-7dab-43aa-b2f9-ee4f12ce0d48 HTTP/1.1" status: 200 len: 868 time: 0.0386803
