2026-05-09 22:58:26.008 9 WARNING neutron.api.rpc.agentnotifiers.dhcp_rpc_agent_api [None req-b0379089-5b51-4504-b1c7-cdd2b71cec33 f51613e9f1da4505b318e07d7d33fd04 7d0cb4af5f264adc8ef32bc36fd8ee93 - - default default] Unable to schedule network 206da5a8-bf9c-41c8-98ee-e5071fa75dd2: no agents available; will retry on subsequent port and subnet creation events.
2026-05-09 22:58:26.289 9 INFO neutron.db.ovn_revision_numbers_db [None req-b0379089-5b51-4504-b1c7-cdd2b71cec33 f51613e9f1da4505b318e07d7d33fd04 7d0cb4af5f264adc8ef32bc36fd8ee93 - - default default] Successfully bumped revision number for resource cdc27f6a-72ab-4442-ba93-1ca22716fbac (type: router_ports) to 1
2026-05-09 22:58:26.292 9 INFO neutron.wsgi [None req-b0379089-5b51-4504-b1c7-cdd2b71cec33 f51613e9f1da4505b318e07d7d33fd04 7d0cb4af5f264adc8ef32bc36fd8ee93 - - default default] 10.0.0.214 "PUT /v2.0/routers/1312d9e5-16f6-408d-a612-8ff3adcc1ebe/add_router_interface HTTP/1.1" status: 200 len: 503 time: 1.6791289
2026-05-09 22:58:26.351 9 WARNING neutron_lib.context [None req-ae5bd494-8a8c-45e9-acd3-b74dafe94b6d f51613e9f1da4505b318e07d7d33fd04 7d0cb4af5f264adc8ef32bc36fd8ee93 - - default default] Method 'is_advsvc' is deprecated since 2023.2 release (neutron-lib 3.8.0) and will be removed once support for the old RBAC API policies will be removed from Neutron. Please use method 'is_service_role' instead.
2026-05-09 22:58:26.463 9 INFO neutron.db.ovn_revision_numbers_db [None req-ae5bd494-8a8c-45e9-acd3-b74dafe94b6d f51613e9f1da4505b318e07d7d33fd04 7d0cb4af5f264adc8ef32bc36fd8ee93 - - default default] Successfully bumped revision number for resource 953c31df-dda9-4692-bfa8-248377534ae3 (type: security_groups) to 1
2026-05-09 22:58:26.477 9 INFO neutron.db.ovn_revision_numbers_db [None req-ae5bd494-8a8c-45e9-acd3-b74dafe94b6d f51613e9f1da4505b318e07d7d33fd04 7d0cb4af5f264adc8ef32bc36fd8ee93 - - default default] Successfully bumped revision number for resource cadd5151-47cf-4a83-a308-e94af185b45f (type: security_group_rules) to 0
2026-05-09 22:58:26.496 9 INFO neutron.db.ovn_revision_numbers_db [None req-ae5bd494-8a8c-45e9-acd3-b74dafe94b6d f51613e9f1da4505b318e07d7d33fd04 7d0cb4af5f264adc8ef32bc36fd8ee93 - - default default] Successfully bumped revision number for resource f4dd1b53-ec1b-411b-9896-cc0edeee562d (type: security_group_rules) to 0
2026-05-09 22:58:26.516 9 INFO neutron.wsgi [None req-ae5bd494-8a8c-45e9-acd3-b74dafe94b6d f51613e9f1da4505b318e07d7d33fd04 7d0cb4af5f264adc8ef32bc36fd8ee93 - - default default] 10.0.0.214 "POST /v2.0/security-groups HTTP/1.1" status: 201 len: 1766 time: 0.1706116
2026-05-09 22:58:26.525 9 WARNING neutron_lib.context [None req-b2bd9907-dae1-4831-97ca-ec1a3b5b8ae5 f51613e9f1da4505b318e07d7d33fd04 7d0cb4af5f264adc8ef32bc36fd8ee93 - - default default] Method 'is_advsvc' is deprecated since 2023.2 release (neutron-lib 3.8.0) and will be removed once support for the old RBAC API policies will be removed from Neutron. Please use method 'is_service_role' instead.
2026-05-09 22:58:26.642 9 INFO neutron.db.ovn_revision_numbers_db [None req-b2bd9907-dae1-4831-97ca-ec1a3b5b8ae5 f51613e9f1da4505b318e07d7d33fd04 7d0cb4af5f264adc8ef32bc36fd8ee93 - - default default] Successfully bumped revision number for resource 000e70ab-d924-49bf-adbe-5e8bdb0f50f0 (type: security_group_rules) to 0
2026-05-09 22:58:26.666 9 INFO neutron.wsgi [None req-b2bd9907-dae1-4831-97ca-ec1a3b5b8ae5 f51613e9f1da4505b318e07d7d33fd04 7d0cb4af5f264adc8ef32bc36fd8ee93 - - default default] 10.0.0.214 "POST /v2.0/security-group-rules HTTP/1.1" status: 201 len: 764 time: 0.1449516
2026-05-09 22:58:26.675 9 WARNING neutron_lib.context [None req-42cf76bf-84ba-41d8-b2cd-d1f63ac712a5 f51613e9f1da4505b318e07d7d33fd04 7d0cb4af5f264adc8ef32bc36fd8ee93 - - default default] Method 'is_advsvc' is deprecated since 2023.2 release (neutron-lib 3.8.0) and will be removed once support for the old RBAC API policies will be removed from Neutron. Please use method 'is_service_role' instead.
2026-05-09 22:58:26.787 9 INFO neutron.db.ovn_revision_numbers_db [None req-42cf76bf-84ba-41d8-b2cd-d1f63ac712a5 f51613e9f1da4505b318e07d7d33fd04 7d0cb4af5f264adc8ef32bc36fd8ee93 - - default default] Successfully bumped revision number for resource d9c47889-b2c3-4053-bccc-bc0ef8c1a005 (type: security_group_rules) to 0
2026-05-09 22:58:26.810 9 INFO neutron.wsgi [None req-42cf76bf-84ba-41d8-b2cd-d1f63ac712a5 f51613e9f1da4505b318e07d7d33fd04 7d0cb4af5f264adc8ef32bc36fd8ee93 - - default default] 10.0.0.214 "POST /v2.0/security-group-rules HTTP/1.1" status: 201 len: 764 time: 0.1387603
2026-05-09 22:58:26.819 9 WARNING neutron_lib.context [None req-f9624251-af3e-41f7-9097-2ba1a57face6 f51613e9f1da4505b318e07d7d33fd04 7d0cb4af5f264adc8ef32bc36fd8ee93 - - default default] Method 'is_advsvc' is deprecated since 2023.2 release (neutron-lib 3.8.0) and will be removed once support for the old RBAC API policies will be removed from Neutron. Please use method 'is_service_role' instead.
2026-05-09 22:58:26.922 9 INFO neutron.db.ovn_revision_numbers_db [None req-f9624251-af3e-41f7-9097-2ba1a57face6 f51613e9f1da4505b318e07d7d33fd04 7d0cb4af5f264adc8ef32bc36fd8ee93 - - default default] Successfully bumped revision number for resource 60f07e7c-3035-4a2a-bd1b-cb5e6369a8a0 (type: security_group_rules) to 0
2026-05-09 22:58:26.943 9 INFO neutron.wsgi [None req-f9624251-af3e-41f7-9097-2ba1a57face6 f51613e9f1da4505b318e07d7d33fd04 7d0cb4af5f264adc8ef32bc36fd8ee93 - - default default] 10.0.0.214 "POST /v2.0/security-group-rules HTTP/1.1" status: 201 len: 766 time: 0.1293447
2026-05-09 22:58:26.953 9 WARNING neutron_lib.context [None req-dab142eb-9a9e-4df9-8300-fc09cfc2d4fe f51613e9f1da4505b318e07d7d33fd04 7d0cb4af5f264adc8ef32bc36fd8ee93 - - default default] Method 'is_advsvc' is deprecated since 2023.2 release (neutron-lib 3.8.0) and will be removed once support for the old RBAC API policies will be removed from Neutron. Please use method 'is_service_role' instead.
2026-05-09 22:58:27.062 9 INFO neutron.db.ovn_revision_numbers_db [None req-dab142eb-9a9e-4df9-8300-fc09cfc2d4fe f51613e9f1da4505b318e07d7d33fd04 7d0cb4af5f264adc8ef32bc36fd8ee93 - - default default] Successfully bumped revision number for resource 38d8a410-1b94-43c4-a24a-13f5091f50e4 (type: security_group_rules) to 0
2026-05-09 22:58:27.088 9 INFO neutron.wsgi [None req-dab142eb-9a9e-4df9-8300-fc09cfc2d4fe f51613e9f1da4505b318e07d7d33fd04 7d0cb4af5f264adc8ef32bc36fd8ee93 - - default default] 10.0.0.214 "POST /v2.0/security-group-rules HTTP/1.1" status: 201 len: 768 time: 0.1389668
2026-05-09 22:58:27.096 9 WARNING neutron_lib.context [None req-74200e2f-f2b5-4bf8-b827-0d9e595fe7c0 f51613e9f1da4505b318e07d7d33fd04 7d0cb4af5f264adc8ef32bc36fd8ee93 - - default default] Method 'is_advsvc' is deprecated since 2023.2 release (neutron-lib 3.8.0) and will be removed once support for the old RBAC API policies will be removed from Neutron. Please use method 'is_service_role' instead.
2026-05-09 22:58:27.199 9 INFO neutron.db.ovn_revision_numbers_db [None req-74200e2f-f2b5-4bf8-b827-0d9e595fe7c0 f51613e9f1da4505b318e07d7d33fd04 7d0cb4af5f264adc8ef32bc36fd8ee93 - - default default] Successfully bumped revision number for resource fd4a5db5-4645-41d5-811d-a4e8c100bc17 (type: security_group_rules) to 0
2026-05-09 22:58:27.220 9 INFO neutron.wsgi [None req-74200e2f-f2b5-4bf8-b827-0d9e595fe7c0 f51613e9f1da4505b318e07d7d33fd04 7d0cb4af5f264adc8ef32bc36fd8ee93 - - default default] 10.0.0.214 "POST /v2.0/security-group-rules HTTP/1.1" status: 201 len: 768 time: 0.1289022
2026-05-09 22:58:27.230 9 WARNING neutron_lib.context [None req-f60110e1-57b2-42dd-bd42-48eb1382dcac f51613e9f1da4505b318e07d7d33fd04 7d0cb4af5f264adc8ef32bc36fd8ee93 - - default default] Method 'is_advsvc' is deprecated since 2023.2 release (neutron-lib 3.8.0) and will be removed once support for the old RBAC API policies will be removed from Neutron. Please use method 'is_service_role' instead.
2026-05-09 22:58:27.347 9 INFO neutron.db.ovn_revision_numbers_db [None req-f60110e1-57b2-42dd-bd42-48eb1382dcac f51613e9f1da4505b318e07d7d33fd04 7d0cb4af5f264adc8ef32bc36fd8ee93 - - default default] Successfully bumped revision number for resource dab4c1b6-e3a5-41db-b3cb-17ba7333a545 (type: security_group_rules) to 0
2026-05-09 22:58:27.369 9 INFO neutron.wsgi [None req-f60110e1-57b2-42dd-bd42-48eb1382dcac f51613e9f1da4505b318e07d7d33fd04 7d0cb4af5f264adc8ef32bc36fd8ee93 - - default default] 10.0.0.214 "POST /v2.0/security-group-rules HTTP/1.1" status: 201 len: 764 time: 0.1439536
2026-05-09 22:58:27.379 9 WARNING neutron_lib.context [None req-fcc9095c-44ac-44da-aa71-12323dee08b8 f51613e9f1da4505b318e07d7d33fd04 7d0cb4af5f264adc8ef32bc36fd8ee93 - - default default] Method 'is_advsvc' is deprecated since 2023.2 release (neutron-lib 3.8.0) and will be removed once support for the old RBAC API policies will be removed from Neutron. Please use method 'is_service_role' instead.
2026-05-09 22:58:27.490 9 INFO neutron.db.ovn_revision_numbers_db [None req-fcc9095c-44ac-44da-aa71-12323dee08b8 f51613e9f1da4505b318e07d7d33fd04 7d0cb4af5f264adc8ef32bc36fd8ee93 - - default default] Successfully bumped revision number for resource e02164e6-b61f-4da5-b872-84c14d6497ae (type: security_group_rules) to 0
2026-05-09 22:58:27.516 9 INFO neutron.wsgi [None req-fcc9095c-44ac-44da-aa71-12323dee08b8 f51613e9f1da4505b318e07d7d33fd04 7d0cb4af5f264adc8ef32bc36fd8ee93 - - default default] 10.0.0.214 "POST /v2.0/security-group-rules HTTP/1.1" status: 201 len: 764 time: 0.1422620
2026-05-09 22:58:27.527 9 WARNING neutron_lib.context [None req-e596c6dc-de90-4977-8695-900e81af1588 f51613e9f1da4505b318e07d7d33fd04 7d0cb4af5f264adc8ef32bc36fd8ee93 - - default default] Method 'is_advsvc' is deprecated since 2023.2 release (neutron-lib 3.8.0) and will be removed once support for the old RBAC API policies will be removed from Neutron. Please use method 'is_service_role' instead.
2026-05-09 22:58:27.637 9 INFO neutron.db.ovn_revision_numbers_db [None req-e596c6dc-de90-4977-8695-900e81af1588 f51613e9f1da4505b318e07d7d33fd04 7d0cb4af5f264adc8ef32bc36fd8ee93 - - default default] Successfully bumped revision number for resource 98f4db9e-2906-4068-a3e1-e2c8d212e660 (type: security_group_rules) to 0
2026-05-09 22:58:27.670 9 INFO neutron.wsgi [None req-e596c6dc-de90-4977-8695-900e81af1588 f51613e9f1da4505b318e07d7d33fd04 7d0cb4af5f264adc8ef32bc36fd8ee93 - - default default] 10.0.0.214 "POST /v2.0/security-group-rules HTTP/1.1" status: 201 len: 764 time: 0.1480510
2026-05-09 22:58:27.680 9 WARNING neutron_lib.context [None req-a8013a18-55ed-4ec4-9643-19ced129b274 f51613e9f1da4505b318e07d7d33fd04 7d0cb4af5f264adc8ef32bc36fd8ee93 - - default default] Method 'is_advsvc' is deprecated since 2023.2 release (neutron-lib 3.8.0) and will be removed once support for the old RBAC API policies will be removed from Neutron. Please use method 'is_service_role' instead.
2026-05-09 22:58:27.838 9 INFO neutron.db.ovn_revision_numbers_db [None req-a8013a18-55ed-4ec4-9643-19ced129b274 f51613e9f1da4505b318e07d7d33fd04 7d0cb4af5f264adc8ef32bc36fd8ee93 - - default default] Successfully bumped revision number for resource 13ad62e2-0f21-47de-b96e-cdddbccadb1a (type: security_group_rules) to 0
2026-05-09 22:58:27.862 9 INFO neutron.wsgi [None req-a8013a18-55ed-4ec4-9643-19ced129b274 f51613e9f1da4505b318e07d7d33fd04 7d0cb4af5f264adc8ef32bc36fd8ee93 - - default default] 10.0.0.214 "POST /v2.0/security-group-rules HTTP/1.1" status: 201 len: 766 time: 0.1870565
2026-05-09 22:58:27.871 9 WARNING neutron_lib.context [None req-24e6d445-8f81-4afa-a0e6-e13209020f47 f51613e9f1da4505b318e07d7d33fd04 7d0cb4af5f264adc8ef32bc36fd8ee93 - - default default] Method 'is_advsvc' is deprecated since 2023.2 release (neutron-lib 3.8.0) and will be removed once support for the old RBAC API policies will be removed from Neutron. Please use method 'is_service_role' instead.
2026-05-09 22:58:27.920 9 WARNING neutron_lib.context [None req-feb7b465-3d4c-4970-a253-3814296b7512 87214da8d41144c7a338ed6a2b1c419a 368f03d7732b45b1bb18c21c1299ccf5 - - default default] Method 'is_advsvc' is deprecated since 2023.2 release (neutron-lib 3.8.0) and will be removed once support for the old RBAC API policies will be removed from Neutron. Please use method 'is_service_role' instead.
2026-05-09 22:58:27.995 9 INFO neutron.wsgi [None req-feb7b465-3d4c-4970-a253-3814296b7512 87214da8d41144c7a338ed6a2b1c419a 368f03d7732b45b1bb18c21c1299ccf5 - - default default] 10.0.0.214 "POST /v2.0/subnetpools HTTP/1.1" status: 201 len: 715 time: 0.2682958
2026-05-09 22:58:28.005 9 WARNING neutron_lib.context [None req-665b2752-30b0-4b19-add2-a1bfdece1951 87214da8d41144c7a338ed6a2b1c419a 368f03d7732b45b1bb18c21c1299ccf5 - - default default] Method 'is_advsvc' is deprecated since 2023.2 release (neutron-lib 3.8.0) and will be removed once support for the old RBAC API policies will be removed from Neutron. Please use method 'is_service_role' instead.
2026-05-09 22:58:28.033 9 INFO neutron.db.ovn_revision_numbers_db [None req-24e6d445-8f81-4afa-a0e6-e13209020f47 f51613e9f1da4505b318e07d7d33fd04 7d0cb4af5f264adc8ef32bc36fd8ee93 - - default default] Successfully bumped revision number for resource 8d9b2a63-4242-418e-aea3-a32c2c760155 (type: security_group_rules) to 0
2026-05-09 22:58:28.055 9 INFO neutron.wsgi [None req-665b2752-30b0-4b19-add2-a1bfdece1951 87214da8d41144c7a338ed6a2b1c419a 368f03d7732b45b1bb18c21c1299ccf5 - - default default] 10.0.0.214 "POST /v2.0/subnetpools HTTP/1.1" status: 201 len: 715 time: 0.0556779
2026-05-09 22:58:28.058 9 INFO neutron.wsgi [None req-24e6d445-8f81-4afa-a0e6-e13209020f47 f51613e9f1da4505b318e07d7d33fd04 7d0cb4af5f264adc8ef32bc36fd8ee93 - - default default] 10.0.0.214 "POST /v2.0/security-group-rules HTTP/1.1" status: 201 len: 768 time: 0.1920576
2026-05-09 22:58:28.066 9 WARNING neutron_lib.context [None req-630d6886-4d04-4ebb-a5d8-b393ed4c17cb f51613e9f1da4505b318e07d7d33fd04 7d0cb4af5f264adc8ef32bc36fd8ee93 - - default default] Method 'is_advsvc' is deprecated since 2023.2 release (neutron-lib 3.8.0) and will be removed once support for the old RBAC API policies will be removed from Neutron. Please use method 'is_service_role' instead.
2026-05-09 22:58:28.069 10 WARNING neutron_lib.context [None req-bbdb29d8-523f-43e8-b865-4a86253b5adc 87214da8d41144c7a338ed6a2b1c419a 368f03d7732b45b1bb18c21c1299ccf5 - - default default] Method 'is_advsvc' is deprecated since 2023.2 release (neutron-lib 3.8.0) and will be removed once support for the old RBAC API policies will be removed from Neutron. Please use method 'is_service_role' instead.
2026-05-09 22:58:28.117 10 INFO neutron.wsgi [None req-bbdb29d8-523f-43e8-b865-4a86253b5adc 87214da8d41144c7a338ed6a2b1c419a 368f03d7732b45b1bb18c21c1299ccf5 - - default default] 10.0.0.214 "POST /v2.0/subnetpools HTTP/1.1" status: 201 len: 715 time: 0.0577424
2026-05-09 22:58:28.126 10 WARNING neutron_lib.context [None req-d534af2e-8f6f-4cb3-b6f2-d4b37b9f8ccb 87214da8d41144c7a338ed6a2b1c419a 368f03d7732b45b1bb18c21c1299ccf5 - - default default] Method 'is_advsvc' is deprecated since 2023.2 release (neutron-lib 3.8.0) and will be removed once support for the old RBAC API policies will be removed from Neutron. Please use method 'is_service_role' instead.
2026-05-09 22:58:28.170 10 INFO neutron.wsgi [None req-d534af2e-8f6f-4cb3-b6f2-d4b37b9f8ccb 87214da8d41144c7a338ed6a2b1c419a 368f03d7732b45b1bb18c21c1299ccf5 - - default default] 10.0.0.214 "POST /v2.0/subnetpools HTTP/1.1" status: 201 len: 715 time: 0.0485427
2026-05-09 22:58:28.177 9 INFO neutron.db.ovn_revision_numbers_db [None req-630d6886-4d04-4ebb-a5d8-b393ed4c17cb f51613e9f1da4505b318e07d7d33fd04 7d0cb4af5f264adc8ef32bc36fd8ee93 - - default default] Successfully bumped revision number for resource cf516d2f-859f-46c4-a35b-f9367e19f79b (type: security_group_rules) to 0
2026-05-09 22:58:28.180 10 WARNING neutron_lib.context [None req-fc710b1b-83ca-4429-a865-f5090153ab69 87214da8d41144c7a338ed6a2b1c419a 368f03d7732b45b1bb18c21c1299ccf5 - - default default] Method 'is_advsvc' is deprecated since 2023.2 release (neutron-lib 3.8.0) and will be removed once support for the old RBAC API policies will be removed from Neutron. Please use method 'is_service_role' instead.
2026-05-09 22:58:28.204 9 INFO neutron.wsgi [None req-630d6886-4d04-4ebb-a5d8-b393ed4c17cb f51613e9f1da4505b318e07d7d33fd04 7d0cb4af5f264adc8ef32bc36fd8ee93 - - default default] 10.0.0.214 "POST /v2.0/security-group-rules HTTP/1.1" status: 201 len: 764 time: 0.1412086
2026-05-09 22:58:28.231 10 INFO neutron.wsgi [None req-fc710b1b-83ca-4429-a865-f5090153ab69 87214da8d41144c7a338ed6a2b1c419a 368f03d7732b45b1bb18c21c1299ccf5 - - default default] 10.0.0.214 "POST /v2.0/subnetpools HTTP/1.1" status: 201 len: 715 time: 0.0557122
2026-05-09 22:58:28.268 10 INFO neutron.wsgi [None req-0ba27b20-d413-46d9-9fc2-23b5c8c34740 87214da8d41144c7a338ed6a2b1c419a 368f03d7732b45b1bb18c21c1299ccf5 - - default default] 10.0.0.214 "PUT /v2.0/subnetpools/a1fdbd30-61ff-4eef-bf75-59d4784c7e69/tags HTTP/1.1" status: 200 len: 210 time: 0.0332615
2026-05-09 22:58:28.301 10 INFO neutron.wsgi [None req-4cef30b0-b347-4220-a58f-4798296c3fdc 87214da8d41144c7a338ed6a2b1c419a 368f03d7732b45b1bb18c21c1299ccf5 - - default default] 10.0.0.214 "PUT /v2.0/subnetpools/09135041-a93d-4bd2-a0b1-eb192e5d776a/tags HTTP/1.1" status: 200 len: 218 time: 0.0277781
2026-05-09 22:58:28.337 10 INFO neutron.wsgi [None req-afa4c6fd-0bd6-49ce-8e93-cf7067dbe8c4 87214da8d41144c7a338ed6a2b1c419a 368f03d7732b45b1bb18c21c1299ccf5 - - default default] 10.0.0.214 "PUT /v2.0/subnetpools/d68545a0-9af1-4e56-a91f-c2fed6d150aa/tags HTTP/1.1" status: 200 len: 227 time: 0.0322428
2026-05-09 22:58:28.381 10 INFO neutron.wsgi [None req-5532fca2-2abc-4cc1-b3a9-66c506ff577f 87214da8d41144c7a338ed6a2b1c419a 368f03d7732b45b1bb18c21c1299ccf5 - - default default] 10.0.0.214 "PUT /v2.0/subnetpools/9107f0c5-ce79-4923-996f-ee18522c028c/tags HTTP/1.1" status: 200 len: 212 time: 0.0391009
2026-05-09 22:58:28.411 10 INFO neutron.wsgi [None req-c556f6e0-b940-417a-bb44-584de7785ed6 87214da8d41144c7a338ed6a2b1c419a 368f03d7732b45b1bb18c21c1299ccf5 - - default default] 10.0.0.214 "GET /v2.0/subnetpools?tags=red HTTP/1.1" status: 200 len: 1758 time: 0.0240574
2026-05-09 22:58:28.437 10 INFO neutron.wsgi [None req-c33f30b3-f78d-45b4-b378-413214fc0cf4 87214da8d41144c7a338ed6a2b1c419a 368f03d7732b45b1bb18c21c1299ccf5 - - default default] 10.0.0.214 "GET /v2.0/subnetpools?tags=red%2Cblue HTTP/1.1" status: 200 len: 1251 time: 0.0227664
2026-05-09 22:58:28.466 9 INFO neutron.wsgi [None req-acb06ca9-ff72-4c54-a9ff-58a56617946e 87214da8d41144c7a338ed6a2b1c419a 368f03d7732b45b1bb18c21c1299ccf5 - - default default] 10.0.0.214 "GET /v2.0/subnetpools?tags-any=blue HTTP/1.1" status: 200 len: 1251 time: 0.0238328
2026-05-09 22:58:28.493 9 INFO neutron.wsgi [None req-634efdc1-8f21-477e-b654-496270a1e47c 87214da8d41144c7a338ed6a2b1c419a 368f03d7732b45b1bb18c21c1299ccf5 - - default default] 10.0.0.214 "GET /v2.0/subnetpools?tags-any=red%2Cblue HTTP/1.1" status: 200 len: 1758 time: 0.0238674
2026-05-09 22:58:28.516 9 INFO neutron.wsgi [None req-151bc42d-28c2-486f-9f55-cbcc06dfe504 87214da8d41144c7a338ed6a2b1c419a 368f03d7732b45b1bb18c21c1299ccf5 - - default default] 10.0.0.214 "GET /v2.0/subnetpools?not-tags=red HTTP/1.1" status: 200 len: 1223 time: 0.0200620
2026-05-09 22:58:28.519 10 INFO neutron.wsgi [req-cfd8cc2a-a459-49a3-87e6-b38295c54104 req-746168da-6430-4e01-8004-7ed349203699 f51613e9f1da4505b318e07d7d33fd04 7d0cb4af5f264adc8ef32bc36fd8ee93 - - default default] 10.0.0.106 "GET /v2.0/security-groups?name=tempest-lb_member_SG-2121405535&fields=id&tenant_id=7d0cb4af5f264adc8ef32bc36fd8ee93 HTTP/1.1" status: 200 len: 267 time: 0.0419161
2026-05-09 22:58:28.546 9 INFO neutron.wsgi [None req-e985a923-1c1d-4931-a5dd-f8c217bade2c 87214da8d41144c7a338ed6a2b1c419a 368f03d7732b45b1bb18c21c1299ccf5 - - default default] 10.0.0.214 "GET /v2.0/subnetpools?not-tags=red%2Cblue HTTP/1.1" status: 200 len: 1730 time: 0.0266054
2026-05-09 22:58:28.572 9 INFO neutron.wsgi [None req-8413909b-589c-48a5-bd97-f6345abc026a 87214da8d41144c7a338ed6a2b1c419a 368f03d7732b45b1bb18c21c1299ccf5 - - default default] 10.0.0.214 "GET /v2.0/subnetpools?not-tags-any=blue HTTP/1.1" status: 200 len: 1730 time: 0.0216997
2026-05-09 22:58:28.594 9 INFO neutron.wsgi [None req-ddcfdfb3-dc38-48ab-ac57-68f0aef66394 87214da8d41144c7a338ed6a2b1c419a 368f03d7732b45b1bb18c21c1299ccf5 - - default default] 10.0.0.214 "GET /v2.0/subnetpools?not-tags-any=red%2Cblue HTTP/1.1" status: 200 len: 1223 time: 0.0187504
2026-05-09 22:58:28.642 10 INFO neutron.wsgi [req-cfd8cc2a-a459-49a3-87e6-b38295c54104 req-605c58ee-76b6-4a55-bd95-2f0aa93ef20a f51613e9f1da4505b318e07d7d33fd04 7d0cb4af5f264adc8ef32bc36fd8ee93 - - default default] 10.0.0.106 "GET /v2.0/networks?id=45697be7-1da9-43bd-89a1-6426168c883e HTTP/1.1" status: 200 len: 904 time: 0.1169381
2026-05-09 22:58:28.646 9 INFO neutron.wsgi [None req-bffb2721-2b2e-44d8-b413-97c7b6446cb6 87214da8d41144c7a338ed6a2b1c419a 368f03d7732b45b1bb18c21c1299ccf5 - - default default] 10.0.0.214 "DELETE /v2.0/subnetpools/a1fdbd30-61ff-4eef-bf75-59d4784c7e69 HTTP/1.1" status: 204 len: 168 time: 0.0466619
2026-05-09 22:58:28.662 10 INFO neutron.wsgi [req-cfd8cc2a-a459-49a3-87e6-b38295c54104 req-0369dd2e-3019-42b3-b753-72ed7829b935 f51613e9f1da4505b318e07d7d33fd04 7d0cb4af5f264adc8ef32bc36fd8ee93 - - default default] 10.0.0.106 "GET /v2.0/quotas/7d0cb4af5f264adc8ef32bc36fd8ee93 HTTP/1.1" status: 200 len: 386 time: 0.0124569
2026-05-09 22:58:28.706 9 INFO neutron.wsgi [None req-c4fa39e8-2ebe-427a-82ef-3295007ccd65 87214da8d41144c7a338ed6a2b1c419a 368f03d7732b45b1bb18c21c1299ccf5 - - default default] 10.0.0.214 "DELETE /v2.0/subnetpools/09135041-a93d-4bd2-a0b1-eb192e5d776a HTTP/1.1" status: 204 len: 168 time: 0.0556476
2026-05-09 22:58:28.733 10 WARNING neutron.plugins.ml2.drivers.ovn.mech_driver.ovsdb.ovn_client [None req-cd05494e-96de-4e18-ab90-4c0885dfd4f5 - - - - - -] No hosting information found for port 5814396c-0efe-435a-9227-862e0336ef80: RuntimeError: No hosting information found for port 5814396c-0efe-435a-9227-862e0336ef80
2026-05-09 22:58:28.733 10 INFO neutron.plugins.ml2.drivers.ovn.mech_driver.mech_driver [None req-cd05494e-96de-4e18-ab90-4c0885dfd4f5 - - - - - -] OVN reports status up for port: abf87b0b-aef6-49eb-8252-82e12acfc582
2026-05-09 22:58:28.746 10 INFO neutron.plugins.ml2.plugin [None req-cd05494e-96de-4e18-ab90-4c0885dfd4f5 - - - - - -] Attempt 1 to provision port abf87b0b-aef6-49eb-8252-82e12acfc582
2026-05-09 22:58:28.760 9 INFO neutron.wsgi [None req-264921f3-e32f-416f-965a-92514cd4b0b1 87214da8d41144c7a338ed6a2b1c419a 368f03d7732b45b1bb18c21c1299ccf5 - - default default] 10.0.0.214 "DELETE /v2.0/subnetpools/d68545a0-9af1-4e56-a91f-c2fed6d150aa HTTP/1.1" status: 204 len: 168 time: 0.0497994
2026-05-09 22:58:28.813 9 INFO neutron.wsgi [None req-49f24315-4320-478f-bd79-ed3eb3fcf43d 87214da8d41144c7a338ed6a2b1c419a 368f03d7732b45b1bb18c21c1299ccf5 - - default default] 10.0.0.214 "DELETE /v2.0/subnetpools/9107f0c5-ce79-4923-996f-ee18522c028c HTTP/1.1" status: 204 len: 168 time: 0.0492575
2026-05-09 22:58:28.869 9 INFO neutron.wsgi [None req-92633a5a-fb99-4010-a190-5466c475b918 87214da8d41144c7a338ed6a2b1c419a 368f03d7732b45b1bb18c21c1299ccf5 - - default default] 10.0.0.214 "DELETE /v2.0/subnetpools/00c5a70d-9200-4eca-b905-02ddafa70ec8 HTTP/1.1" status: 204 len: 168 time: 0.0502722
2026-05-09 22:58:28.934 10 INFO neutron.wsgi [req-cfd8cc2a-a459-49a3-87e6-b38295c54104 req-9c21bb45-db28-4a21-a5dd-71b3e3128a2e f51613e9f1da4505b318e07d7d33fd04 7d0cb4af5f264adc8ef32bc36fd8ee93 - - default default] 10.0.0.106 "GET /v2.0/ports?tenant_id=7d0cb4af5f264adc8ef32bc36fd8ee93&fields=id HTTP/1.1" status: 200 len: 486 time: 0.2653937
2026-05-09 22:58:29.021 10 INFO neutron.wsgi [req-cfd8cc2a-a459-49a3-87e6-b38295c54104 req-c5781d7d-ef1b-4b2e-b0a2-371e0da6298c 85346ff96472477b85427d9835cf6455 a87c074d5f924c5685712dc6e41e38b3 - - 6c1a401fdf844f518769ed403dc14c20 6c1a401fdf844f518769ed403dc14c20] 10.0.0.106 "GET /v2.0/networks/45697be7-1da9-43bd-89a1-6426168c883e?fields=segments HTTP/1.1" status: 200 len: 212 time: 0.0740199
2026-05-09 22:58:29.093 10 INFO neutron.db.ovn_revision_numbers_db [None req-cd05494e-96de-4e18-ab90-4c0885dfd4f5 - - - - - -] Successfully bumped revision number for resource abf87b0b-aef6-49eb-8252-82e12acfc582 (type: ports) to 2
2026-05-09 22:58:29.098 10 INFO neutron.wsgi [req-cfd8cc2a-a459-49a3-87e6-b38295c54104 req-032e5f7b-330d-4164-a3db-61494c3c7565 85346ff96472477b85427d9835cf6455 a87c074d5f924c5685712dc6e41e38b3 - - 6c1a401fdf844f518769ed403dc14c20 6c1a401fdf844f518769ed403dc14c20] 10.0.0.106 "GET /v2.0/networks/45697be7-1da9-43bd-89a1-6426168c883e?fields=provider%3Aphysical_network&fields=provider%3Anetwork_type HTTP/1.1" status: 200 len: 277 time: 0.0686491
2026-05-09 22:58:29.181 10 INFO neutron.db.ovn_revision_numbers_db [None req-cd05494e-96de-4e18-ab90-4c0885dfd4f5 - - - - - -] Successfully bumped revision number for resource abf87b0b-aef6-49eb-8252-82e12acfc582 (type: router_ports) to 2
2026-05-09 22:58:29.256 9 INFO neutron.wsgi [req-6f92fca6-fe2c-4067-b080-96b2c091dc91 req-91266ed9-deca-4f75-ac7d-4ff98a287219 f51613e9f1da4505b318e07d7d33fd04 7d0cb4af5f264adc8ef32bc36fd8ee93 - - default default] 10.0.0.106 "GET /v2.0/ports?device_id=fc45ba97-71b8-486d-bb24-112c18b2a813 HTTP/1.1" status: 200 len: 210 time: 0.0236657
2026-05-09 22:58:30.199 9 INFO neutron.wsgi [req-cfd8cc2a-a459-49a3-87e6-b38295c54104 req-4151f8b3-d102-44b4-b006-71378be9a78e f51613e9f1da4505b318e07d7d33fd04 7d0cb4af5f264adc8ef32bc36fd8ee93 - - default default] 199.204.45.35 "GET /v2.0/networks?id=45697be7-1da9-43bd-89a1-6426168c883e HTTP/1.1" status: 200 len: 904 time: 0.3503258
2026-05-09 22:58:30.255 9 INFO neutron.db.ovn_revision_numbers_db [None req-7e197d3d-86b9-4e8e-84c3-29aa57cf69b0 8df602c576ed4eb7a388b6ec3d9f6864 b51fdf18aad844e4af18a455445db30d - - default default] Successfully bumped revision number for resource 81d5dd46-daad-49c6-b515-8dd2efd84da1 (type: security_groups) to 1
2026-05-09 22:58:30.263 9 INFO neutron.wsgi [req-cfd8cc2a-a459-49a3-87e6-b38295c54104 req-39872cd9-433f-4d00-8510-d18e09d5187e f51613e9f1da4505b318e07d7d33fd04 7d0cb4af5f264adc8ef32bc36fd8ee93 - - default default] 199.204.45.35 "GET /v2.0/security-groups?fields=id&fields=name&tenant_id=7d0cb4af5f264adc8ef32bc36fd8ee93 HTTP/1.1" status: 200 len: 378 time: 0.0566962
2026-05-09 22:58:30.272 9 WARNING neutron_lib.context [req-cfd8cc2a-a459-49a3-87e6-b38295c54104 req-469342ff-36bd-452e-b92c-f04d55898d83 f51613e9f1da4505b318e07d7d33fd04 7d0cb4af5f264adc8ef32bc36fd8ee93 - - default default] Method 'is_advsvc' is deprecated since 2023.2 release (neutron-lib 3.8.0) and will be removed once support for the old RBAC API policies will be removed from Neutron. Please use method 'is_service_role' instead.
2026-05-09 22:58:30.275 9 INFO neutron.db.ovn_revision_numbers_db [None req-7e197d3d-86b9-4e8e-84c3-29aa57cf69b0 8df602c576ed4eb7a388b6ec3d9f6864 b51fdf18aad844e4af18a455445db30d - - default default] Successfully bumped revision number for resource 45ddaeed-4f81-48c2-aa91-edc69bd720cd (type: security_group_rules) to 0
2026-05-09 22:58:30.303 9 INFO neutron.db.ovn_revision_numbers_db [None req-7e197d3d-86b9-4e8e-84c3-29aa57cf69b0 8df602c576ed4eb7a388b6ec3d9f6864 b51fdf18aad844e4af18a455445db30d - - default default] Successfully bumped revision number for resource 81eee43f-8d83-44a9-a860-974579abdbbd (type: security_group_rules) to 0
2026-05-09 22:58:30.319 9 INFO neutron.db.ovn_revision_numbers_db [None req-7e197d3d-86b9-4e8e-84c3-29aa57cf69b0 8df602c576ed4eb7a388b6ec3d9f6864 b51fdf18aad844e4af18a455445db30d - - default default] Successfully bumped revision number for resource d8d7a11b-81b7-492f-b0fa-bc9d465b8987 (type: security_group_rules) to 0
2026-05-09 22:58:30.334 9 INFO neutron.db.ovn_revision_numbers_db [None req-7e197d3d-86b9-4e8e-84c3-29aa57cf69b0 8df602c576ed4eb7a388b6ec3d9f6864 b51fdf18aad844e4af18a455445db30d - - default default] Successfully bumped revision number for resource dba10331-e0fd-4a66-abc7-6e02b94de911 (type: security_group_rules) to 0
2026-05-09 22:58:30.362 10 INFO neutron.wsgi [-] 10.0.0.138 "GET / HTTP/1.1" status: 200 len: 247 time: 0.0024965
2026-05-09 22:58:30.362 9 INFO neutron.wsgi [None req-7e197d3d-86b9-4e8e-84c3-29aa57cf69b0 8df602c576ed4eb7a388b6ec3d9f6864 b51fdf18aad844e4af18a455445db30d - - default default] 10.0.0.214 "GET /v2.0/security-groups?tenant_id=368f03d7732b45b1bb18c21c1299ccf5&name=default HTTP/1.1" status: 200 len: 3000 time: 0.6968157
2026-05-09 22:58:30.365 10 INFO neutron.wsgi [-] 10.0.0.138 "GET / HTTP/1.1" status: 200 len: 247 time: 0.0019920
2026-05-09 22:58:30.551 10 INFO neutron.wsgi [None req-5546fd93-b799-467e-b3ab-671fd574fdac 8df602c576ed4eb7a388b6ec3d9f6864 b51fdf18aad844e4af18a455445db30d - - default default] 10.0.0.214 "DELETE /v2.0/security-groups/81d5dd46-daad-49c6-b515-8dd2efd84da1 HTTP/1.1" status: 204 len: 168 time: 0.1839778
2026-05-09 22:58:30.630 9 WARNING neutron.scheduler.dhcp_agent_scheduler [req-cfd8cc2a-a459-49a3-87e6-b38295c54104 req-469342ff-36bd-452e-b92c-f04d55898d83 f51613e9f1da4505b318e07d7d33fd04 7d0cb4af5f264adc8ef32bc36fd8ee93 - - default default] No more DHCP agents
2026-05-09 22:58:30.634 9 WARNING neutron.api.rpc.agentnotifiers.dhcp_rpc_agent_api [req-cfd8cc2a-a459-49a3-87e6-b38295c54104 req-469342ff-36bd-452e-b92c-f04d55898d83 f51613e9f1da4505b318e07d7d33fd04 7d0cb4af5f264adc8ef32bc36fd8ee93 - - default default] Unable to schedule network 45697be7-1da9-43bd-89a1-6426168c883e: no agents available; will retry on subsequent port and subnet creation events. /var/lib/openstack/lib/python3.10/site-packages/pycadf/identifier.py:71: UserWarning: Invalid uuid: neutron. To ensure interoperability, identifiers should be a valid uuid. warnings.warn(('Invalid uuid: %s. To ensure interoperability, '
2026-05-09 22:58:30.813 9 INFO neutron.db.ovn_revision_numbers_db [None req-6501525b-3f40-4671-86e9-86e393cc0495 8df602c576ed4eb7a388b6ec3d9f6864 b51fdf18aad844e4af18a455445db30d - - default default] Successfully bumped revision number for resource 73fdedbb-066d-41a4-a570-e8a12cb04979 (type: security_groups) to 1
2026-05-09 22:58:30.827 9 INFO neutron.db.ovn_revision_numbers_db [None req-6501525b-3f40-4671-86e9-86e393cc0495 8df602c576ed4eb7a388b6ec3d9f6864 b51fdf18aad844e4af18a455445db30d - - default default] Successfully bumped revision number for resource 0a167de3-cf25-4b86-8047-cc3f3db592f8 (type: security_group_rules) to 0
2026-05-09 22:58:30.829 9 INFO neutron.db.ovn_revision_numbers_db [req-cfd8cc2a-a459-49a3-87e6-b38295c54104 req-469342ff-36bd-452e-b92c-f04d55898d83 f51613e9f1da4505b318e07d7d33fd04 7d0cb4af5f264adc8ef32bc36fd8ee93 - - default default] Successfully bumped revision number for resource 320e5d2d-a0e4-4463-be93-ffe173b847f6 (type: ports) to 1
2026-05-09 22:58:30.850 9 INFO neutron.db.ovn_revision_numbers_db [None req-6501525b-3f40-4671-86e9-86e393cc0495 8df602c576ed4eb7a388b6ec3d9f6864 b51fdf18aad844e4af18a455445db30d - - default default] Successfully bumped revision number for resource 226f594d-8a8f-4a35-abc8-ba2567f9c99f (type: security_group_rules) to 0
2026-05-09 22:58:30.858 9 INFO neutron.wsgi [req-cfd8cc2a-a459-49a3-87e6-b38295c54104 req-469342ff-36bd-452e-b92c-f04d55898d83 f51613e9f1da4505b318e07d7d33fd04 7d0cb4af5f264adc8ef32bc36fd8ee93 - - default default] 199.204.45.35 "POST /v2.0/ports HTTP/1.1" status: 201 len: 1388 time: 0.5898199
2026-05-09 22:58:30.863 9 INFO neutron.db.ovn_revision_numbers_db [None req-6501525b-3f40-4671-86e9-86e393cc0495 8df602c576ed4eb7a388b6ec3d9f6864 b51fdf18aad844e4af18a455445db30d - - default default] Successfully bumped revision number for resource 28566742-fc5c-4b5c-9a1c-dd335dd453d7 (type: security_group_rules) to 0
2026-05-09 22:58:30.889 9 INFO neutron.db.ovn_revision_numbers_db [None req-6501525b-3f40-4671-86e9-86e393cc0495 8df602c576ed4eb7a388b6ec3d9f6864 b51fdf18aad844e4af18a455445db30d - - default default] Successfully bumped revision number for resource c943ec61-1360-4f52-b8a2-8701de9db3d6 (type: security_group_rules) to 0
2026-05-09 22:58:30.924 9 INFO neutron.wsgi [None req-6501525b-3f40-4671-86e9-86e393cc0495 8df602c576ed4eb7a388b6ec3d9f6864 b51fdf18aad844e4af18a455445db30d - - default default] 10.0.0.214 "GET /v2.0/security-groups?tenant_id=e885b445a0aa4d0e98718b11af8284bf&name=default HTTP/1.1" status: 200 len: 3000 time: 0.2754338
2026-05-09 22:58:31.118 10 INFO neutron.wsgi [None req-8277cc06-5faf-49bf-bf64-25a194ec0fd8 8df602c576ed4eb7a388b6ec3d9f6864 b51fdf18aad844e4af18a455445db30d - - default default] 10.0.0.214 "DELETE /v2.0/security-groups/73fdedbb-066d-41a4-a570-e8a12cb04979 HTTP/1.1" status: 204 len: 168 time: 0.1885405 /var/lib/openstack/lib/python3.10/site-packages/pycadf/identifier.py:71: UserWarning: Invalid uuid: neutron. To ensure interoperability, identifiers should be a valid uuid. warnings.warn(('Invalid uuid: %s. To ensure interoperability, '
2026-05-09 22:58:31.282 9 INFO neutron.db.ovn_revision_numbers_db [req-cfd8cc2a-a459-49a3-87e6-b38295c54104 req-6a5a2f6e-bbf8-4aef-ad84-6820c10b5b2d 85346ff96472477b85427d9835cf6455 a87c074d5f924c5685712dc6e41e38b3 - - 6c1a401fdf844f518769ed403dc14c20 6c1a401fdf844f518769ed403dc14c20] Successfully bumped revision number for resource 320e5d2d-a0e4-4463-be93-ffe173b847f6 (type: ports) to 2
2026-05-09 22:58:31.401 9 INFO neutron.db.ovn_revision_numbers_db [None req-0e8ddbf6-29b0-4b23-ba45-97bc226d0af0 8df602c576ed4eb7a388b6ec3d9f6864 b51fdf18aad844e4af18a455445db30d - - default default] Successfully bumped revision number for resource b6dbc97e-8f99-4959-966d-86140d978cee (type: security_groups) to 1
2026-05-09 22:58:31.425 9 INFO neutron.db.ovn_revision_numbers_db [None req-0e8ddbf6-29b0-4b23-ba45-97bc226d0af0 8df602c576ed4eb7a388b6ec3d9f6864 b51fdf18aad844e4af18a455445db30d - - default default] Successfully bumped revision number for resource 4c056686-1a44-4142-831e-d98cac4830b7 (type: security_group_rules) to 0
2026-05-09 22:58:31.445 9 INFO neutron.db.ovn_revision_numbers_db [None req-0e8ddbf6-29b0-4b23-ba45-97bc226d0af0 8df602c576ed4eb7a388b6ec3d9f6864 b51fdf18aad844e4af18a455445db30d - - default default] Successfully bumped revision number for resource 72b80ab8-acd9-4203-8a69-c0a567e43e05 (type: security_group_rules) to 0
2026-05-09 22:58:31.461 9 INFO neutron.db.ovn_revision_numbers_db [None req-0e8ddbf6-29b0-4b23-ba45-97bc226d0af0 8df602c576ed4eb7a388b6ec3d9f6864 b51fdf18aad844e4af18a455445db30d - - default default] Successfully bumped revision number for resource d3c965ca-bcd7-4838-ad63-c4c757620a3f (type: security_group_rules) to 0
2026-05-09 22:58:31.479 9 INFO neutron.db.ovn_revision_numbers_db [None req-0e8ddbf6-29b0-4b23-ba45-97bc226d0af0 8df602c576ed4eb7a388b6ec3d9f6864 b51fdf18aad844e4af18a455445db30d - - default default] Successfully bumped revision number for resource d5d94ae0-c0f4-4235-bc07-d621b6a8fbc8 (type: security_group_rules) to 0
2026-05-09 22:58:31.492 9 INFO neutron.db.ovn_revision_numbers_db [req-cfd8cc2a-a459-49a3-87e6-b38295c54104 req-6a5a2f6e-bbf8-4aef-ad84-6820c10b5b2d 85346ff96472477b85427d9835cf6455 a87c074d5f924c5685712dc6e41e38b3 - - 6c1a401fdf844f518769ed403dc14c20 6c1a401fdf844f518769ed403dc14c20] Successfully bumped revision number for resource 320e5d2d-a0e4-4463-be93-ffe173b847f6 (type: ports) to 2
2026-05-09 22:58:31.505 9 INFO neutron.wsgi [None req-0e8ddbf6-29b0-4b23-ba45-97bc226d0af0 8df602c576ed4eb7a388b6ec3d9f6864 b51fdf18aad844e4af18a455445db30d - - default default] 10.0.0.214 "GET /v2.0/security-groups?tenant_id=b64fcc248a5749228901ea8e8e93281f&name=default HTTP/1.1" status: 200 len: 3000 time: 0.2437072 /var/lib/openstack/lib/python3.10/site-packages/pycadf/identifier.py:71: UserWarning: Invalid uuid: neutron. To ensure interoperability, identifiers should be a valid uuid. warnings.warn(('Invalid uuid: %s. To ensure interoperability, '
2026-05-09 22:58:31.521 9 INFO neutron.wsgi [req-cfd8cc2a-a459-49a3-87e6-b38295c54104 req-6a5a2f6e-bbf8-4aef-ad84-6820c10b5b2d 85346ff96472477b85427d9835cf6455 a87c074d5f924c5685712dc6e41e38b3 - - 6c1a401fdf844f518769ed403dc14c20 6c1a401fdf844f518769ed403dc14c20] 199.204.45.35 "PUT /v2.0/ports/320e5d2d-a0e4-4463-be93-ffe173b847f6 HTTP/1.1" status: 200 len: 1605 time: 0.6544206
2026-05-09 22:58:31.553 9 INFO neutron.notifiers.nova [-] Nova event matching ['req-750fbfb8-7939-4302-a0ef-e04a8a39c3aa'] response: {'name': 'network-changed', 'server_uuid': 'fc45ba97-71b8-486d-bb24-112c18b2a813', 'tag': '320e5d2d-a0e4-4463-be93-ffe173b847f6', 'status': 'completed', 'code': 200}
2026-05-09 22:58:31.612 9 INFO neutron.wsgi [req-cfd8cc2a-a459-49a3-87e6-b38295c54104 req-6ed98e1d-df59-40a5-b1ee-2c8941615ff1 85346ff96472477b85427d9835cf6455 a87c074d5f924c5685712dc6e41e38b3 - - 6c1a401fdf844f518769ed403dc14c20 6c1a401fdf844f518769ed403dc14c20] 199.204.45.35 "GET /v2.0/ports?tenant_id=7d0cb4af5f264adc8ef32bc36fd8ee93&device_id=fc45ba97-71b8-486d-bb24-112c18b2a813 HTTP/1.1" status: 200 len: 1636 time: 0.0501053
2026-05-09 22:58:31.645 9 INFO neutron.wsgi [req-cfd8cc2a-a459-49a3-87e6-b38295c54104 req-bb302fdc-508a-4daa-bebd-538e86142fe5 85346ff96472477b85427d9835cf6455 a87c074d5f924c5685712dc6e41e38b3 - - 6c1a401fdf844f518769ed403dc14c20 6c1a401fdf844f518769ed403dc14c20] 199.204.45.35 "GET /v2.0/floatingips?fixed_ip_address=10.2.1.221&port_id=320e5d2d-a0e4-4463-be93-ffe173b847f6 HTTP/1.1" status: 200 len: 217 time: 0.0244009
2026-05-09 22:58:31.672 9 INFO neutron.wsgi [req-cfd8cc2a-a459-49a3-87e6-b38295c54104 req-6716709d-15a3-4892-936c-eaa1478c68f0 85346ff96472477b85427d9835cf6455 a87c074d5f924c5685712dc6e41e38b3 - - 6c1a401fdf844f518769ed403dc14c20 6c1a401fdf844f518769ed403dc14c20] 199.204.45.35 "GET /v2.0/floatingips?fixed_ip_address=fd7b%3Af9f7%3Afff%3A4eca%3A%3A2c1&port_id=320e5d2d-a0e4-4463-be93-ffe173b847f6 HTTP/1.1" status: 200 len: 217 time: 0.0195777
2026-05-09 22:58:31.714 9 INFO neutron.wsgi [req-cfd8cc2a-a459-49a3-87e6-b38295c54104 req-430e9c9b-f722-4720-b04a-984ce2199310 85346ff96472477b85427d9835cf6455 a87c074d5f924c5685712dc6e41e38b3 - - 6c1a401fdf844f518769ed403dc14c20 6c1a401fdf844f518769ed403dc14c20] 199.204.45.35 "GET /v2.0/subnets?id=dc44b5f2-ad83-4687-963f-ceff30598e0c&id=86a1cc49-afd1-4862-aae7-2744e2ce2578 HTTP/1.1" status: 200 len: 1561 time: 0.0347650
2026-05-09 22:58:31.744 9 INFO neutron.wsgi [req-cfd8cc2a-a459-49a3-87e6-b38295c54104 req-dfa9c598-531e-44d9-9b9b-aa2bdb05755f 85346ff96472477b85427d9835cf6455 a87c074d5f924c5685712dc6e41e38b3 - - 6c1a401fdf844f518769ed403dc14c20 6c1a401fdf844f518769ed403dc14c20] 199.204.45.35 "GET /v2.0/ports?network_id=45697be7-1da9-43bd-89a1-6426168c883e&device_owner=network%3Adhcp HTTP/1.1" status: 200 len: 210 time: 0.0235658
2026-05-09 22:58:31.770 9 INFO neutron.wsgi [req-cfd8cc2a-a459-49a3-87e6-b38295c54104 req-16463cec-f8af-454e-aaa8-eee26931d86a 85346ff96472477b85427d9835cf6455 a87c074d5f924c5685712dc6e41e38b3 - - 6c1a401fdf844f518769ed403dc14c20 6c1a401fdf844f518769ed403dc14c20] 199.204.45.35 "GET /v2.0/ports?network_id=45697be7-1da9-43bd-89a1-6426168c883e&device_owner=network%3Adhcp HTTP/1.1" status: 200 len: 210 time: 0.0189040
2026-05-09 22:58:31.797 9 INFO neutron.wsgi [None req-41b9c94b-7ef1-45ef-9924-9ee9be8b066d 8df602c576ed4eb7a388b6ec3d9f6864 b51fdf18aad844e4af18a455445db30d - - default default] 10.0.0.214 "DELETE /v2.0/security-groups/b6dbc97e-8f99-4959-966d-86140d978cee HTTP/1.1" status: 204 len: 168 time: 0.2857459
2026-05-09 22:58:31.834 9 INFO neutron.wsgi [req-cfd8cc2a-a459-49a3-87e6-b38295c54104 req-853817b4-5065-4395-9380-99c0af3ed64c 85346ff96472477b85427d9835cf6455 a87c074d5f924c5685712dc6e41e38b3 - - 6c1a401fdf844f518769ed403dc14c20 6c1a401fdf844f518769ed403dc14c20] 199.204.45.35 "GET /v2.0/networks/45697be7-1da9-43bd-89a1-6426168c883e?fields=segments HTTP/1.1" status: 200 len: 212 time: 0.0578291
2026-05-09 22:58:31.896 9 INFO neutron.wsgi [req-cfd8cc2a-a459-49a3-87e6-b38295c54104 req-6d313941-c15e-425d-9747-1dd7f6fef444 85346ff96472477b85427d9835cf6455 a87c074d5f924c5685712dc6e41e38b3 - - 6c1a401fdf844f518769ed403dc14c20 6c1a401fdf844f518769ed403dc14c20] 199.204.45.35 "GET /v2.0/networks/45697be7-1da9-43bd-89a1-6426168c883e?fields=provider%3Aphysical_network&fields=provider%3Anetwork_type HTTP/1.1" status: 200 len: 277 time: 0.0564175
2026-05-09 22:58:31.972 9 INFO neutron.wsgi [req-a3e9c36a-9445-4b85-846a-dde6c2cd61ed req-cdc50461-6768-4181-9067-ec17e4ed521b 85346ff96472477b85427d9835cf6455 a87c074d5f924c5685712dc6e41e38b3 - - 6c1a401fdf844f518769ed403dc14c20 6c1a401fdf844f518769ed403dc14c20] 199.204.45.35 "GET /v2.0/ports?tenant_id=7d0cb4af5f264adc8ef32bc36fd8ee93&device_id=fc45ba97-71b8-486d-bb24-112c18b2a813 HTTP/1.1" status: 200 len: 1636 time: 0.0370660
2026-05-09 22:58:32.083 9 INFO neutron.plugins.ml2.drivers.ovn.mech_driver.mech_driver [None req-71f043e5-1309-4e04-8b43-f38cc1602804 - - - - - -] OVN reports status up for port: 320e5d2d-a0e4-4463-be93-ffe173b847f6
2026-05-09 22:58:32.096 9 INFO neutron.wsgi [req-a3e9c36a-9445-4b85-846a-dde6c2cd61ed req-6dca3da3-9244-4e4a-929d-c21c4bd0af85 85346ff96472477b85427d9835cf6455 a87c074d5f924c5685712dc6e41e38b3 - - 6c1a401fdf844f518769ed403dc14c20 6c1a401fdf844f518769ed403dc14c20] 199.204.45.35 "GET /v2.0/networks?id=45697be7-1da9-43bd-89a1-6426168c883e HTTP/1.1" status: 200 len: 1003 time: 0.1193280
2026-05-09 22:58:32.107 9 INFO neutron.plugins.ml2.plugin [None req-71f043e5-1309-4e04-8b43-f38cc1602804 - - - - - -] Attempt 1 to provision port 320e5d2d-a0e4-4463-be93-ffe173b847f6
2026-05-09 22:58:32.154 9 INFO neutron.wsgi [req-a3e9c36a-9445-4b85-846a-dde6c2cd61ed req-d605121b-bb6a-41bd-9b4d-b43dc3ed9933 85346ff96472477b85427d9835cf6455 a87c074d5f924c5685712dc6e41e38b3 - - 6c1a401fdf844f518769ed403dc14c20 6c1a401fdf844f518769ed403dc14c20] 199.204.45.35 "GET /v2.0/floatingips?fixed_ip_address=10.2.1.221&port_id=320e5d2d-a0e4-4463-be93-ffe173b847f6 HTTP/1.1" status: 200 len: 217 time: 0.0498290
2026-05-09 22:58:32.193 9 INFO neutron.wsgi [req-a3e9c36a-9445-4b85-846a-dde6c2cd61ed req-f6fabc41-dda3-4fb7-9b71-0ecb60c5da25 85346ff96472477b85427d9835cf6455 a87c074d5f924c5685712dc6e41e38b3 - - 6c1a401fdf844f518769ed403dc14c20 6c1a401fdf844f518769ed403dc14c20] 199.204.45.35 "GET /v2.0/floatingips?fixed_ip_address=fd7b%3Af9f7%3Afff%3A4eca%3A%3A2c1&port_id=320e5d2d-a0e4-4463-be93-ffe173b847f6 HTTP/1.1" status: 200 len: 217 time: 0.0318191
2026-05-09 22:58:32.262 9 INFO neutron.wsgi [req-a3e9c36a-9445-4b85-846a-dde6c2cd61ed req-ef43be98-2a46-440d-9f31-8ef1e9d5a079 85346ff96472477b85427d9835cf6455 a87c074d5f924c5685712dc6e41e38b3 - - 6c1a401fdf844f518769ed403dc14c20 6c1a401fdf844f518769ed403dc14c20] 199.204.45.35 "GET /v2.0/subnets?id=dc44b5f2-ad83-4687-963f-ceff30598e0c&id=86a1cc49-afd1-4862-aae7-2744e2ce2578 HTTP/1.1" status: 200 len: 1561 time: 0.0633368
2026-05-09 22:58:32.299 9 INFO neutron.wsgi [req-a3e9c36a-9445-4b85-846a-dde6c2cd61ed req-f5d80dbb-3475-44c9-9031-cd56ac9ff342 85346ff96472477b85427d9835cf6455 a87c074d5f924c5685712dc6e41e38b3 - - 6c1a401fdf844f518769ed403dc14c20 6c1a401fdf844f518769ed403dc14c20] 199.204.45.35 "GET /v2.0/ports?network_id=45697be7-1da9-43bd-89a1-6426168c883e&device_owner=network%3Adhcp HTTP/1.1" status: 200 len: 210 time: 0.0284820
2026-05-09 22:58:32.331 9 INFO neutron.wsgi [req-a3e9c36a-9445-4b85-846a-dde6c2cd61ed req-21818576-e5d4-421c-b33e-847daa2f9fa0 85346ff96472477b85427d9835cf6455 a87c074d5f924c5685712dc6e41e38b3 - - 6c1a401fdf844f518769ed403dc14c20 6c1a401fdf844f518769ed403dc14c20] 199.204.45.35 "GET /v2.0/ports?network_id=45697be7-1da9-43bd-89a1-6426168c883e&device_owner=network%3Adhcp HTTP/1.1" status: 200 len: 210 time: 0.0262158
2026-05-09 22:58:32.419 9 INFO neutron.wsgi [req-a3e9c36a-9445-4b85-846a-dde6c2cd61ed req-6ed844f9-d283-4bb7-882c-6fe95cc9f068 85346ff96472477b85427d9835cf6455 a87c074d5f924c5685712dc6e41e38b3 - - 6c1a401fdf844f518769ed403dc14c20 6c1a401fdf844f518769ed403dc14c20] 199.204.45.35 "GET /v2.0/networks/45697be7-1da9-43bd-89a1-6426168c883e?fields=segments HTTP/1.1" status: 200 len: 212 time: 0.0805006
2026-05-09 22:58:32.508 9 INFO neutron.wsgi [req-a3e9c36a-9445-4b85-846a-dde6c2cd61ed req-54a944f6-92f4-4d8a-b537-4105a2ff1dbd 85346ff96472477b85427d9835cf6455 a87c074d5f924c5685712dc6e41e38b3 - - 6c1a401fdf844f518769ed403dc14c20 6c1a401fdf844f518769ed403dc14c20] 199.204.45.35 "GET /v2.0/networks/45697be7-1da9-43bd-89a1-6426168c883e?fields=provider%3Aphysical_network&fields=provider%3Anetwork_type HTTP/1.1" status: 200 len: 277 time: 0.0788617
2026-05-09 22:58:32.567 9 INFO neutron.db.ovn_revision_numbers_db [None req-71f043e5-1309-4e04-8b43-f38cc1602804 - - - - - -] Successfully bumped revision number for resource 320e5d2d-a0e4-4463-be93-ffe173b847f6 (type: ports) to 4
2026-05-09 22:58:33.593 9 INFO neutron.notifiers.nova [-] Nova event matching ['req-992f47e9-7593-48bf-a5de-e35a8a29b43d'] response: {'server_uuid': 'fc45ba97-71b8-486d-bb24-112c18b2a813', 'name': 'network-vif-plugged', 'status': 'completed', 'tag': '320e5d2d-a0e4-4463-be93-ffe173b847f6', 'code': 200}
2026-05-09 22:58:33.594 9 INFO neutron.notifiers.nova [-] Nova event matching ['req-992f47e9-7593-48bf-a5de-e35a8a29b43d'] response: {'server_uuid': 'fc45ba97-71b8-486d-bb24-112c18b2a813', 'name': 'network-vif-plugged', 'status': 'completed', 'tag': '320e5d2d-a0e4-4463-be93-ffe173b847f6', 'code': 200}
2026-05-09 22:58:34.101 10 INFO neutron.wsgi [None req-27add824-b0c9-4071-8b05-f2c53e4cbb17 8df602c576ed4eb7a388b6ec3d9f6864 b51fdf18aad844e4af18a455445db30d - - default default] 10.0.0.216 "GET /v2.0/floatingips HTTP/1.1" status: 200 len: 193 time: 0.1538990
2026-05-09 22:58:34.468 10 INFO neutron.wsgi [None req-4b1479d3-3b32-46ec-99e2-0332ace74dee 8df602c576ed4eb7a388b6ec3d9f6864 b51fdf18aad844e4af18a455445db30d - - default default] 10.0.0.216 "GET /v2.0/networks HTTP/1.1" status: 200 len: 4721 time: 0.3656666
2026-05-09 22:58:34.519 10 INFO neutron.wsgi [None req-62554400-d516-467b-980a-3d0cdcf4f0ce 8df602c576ed4eb7a388b6ec3d9f6864 b51fdf18aad844e4af18a455445db30d - - default default] 10.0.0.216 "GET /v2.0/agents HTTP/1.1" status: 200 len: 997 time: 0.0427508
2026-05-09 22:58:34.529 10 INFO neutron.wsgi [req-c4f4edb6-9cf0-4e2a-96a6-0770e89c8562 req-e4694ef6-34d5-42aa-af9e-886c79afdca2 f51613e9f1da4505b318e07d7d33fd04 7d0cb4af5f264adc8ef32bc36fd8ee93 - - default default] 10.0.0.106 "GET /v2.0/ports?device_id=fc45ba97-71b8-486d-bb24-112c18b2a813 HTTP/1.1" status: 200 len: 1400 time: 0.1516738
2026-05-09 22:58:34.622 10 INFO neutron.wsgi [None req-e7831c34-52aa-4860-9037-7cbf7004d9f4 8df602c576ed4eb7a388b6ec3d9f6864 b51fdf18aad844e4af18a455445db30d - - default default] 10.0.0.216 "GET /v2.0/subnets HTTP/1.1" status: 200 len: 5494 time: 0.1013753
2026-05-09 22:58:34.717 10 INFO neutron.wsgi [req-c4f4edb6-9cf0-4e2a-96a6-0770e89c8562 req-068c438f-c0ca-4579-bb27-e21ed48250ba f51613e9f1da4505b318e07d7d33fd04 7d0cb4af5f264adc8ef32bc36fd8ee93 - - default default] 10.0.0.106 "GET /v2.0/security-groups?id=953c31df-dda9-4692-bfa8-248377534ae3&fields=id&fields=name HTTP/1.1" status: 200 len: 311 time: 0.1655211 /var/lib/openstack/lib/python3.10/site-packages/pycadf/identifier.py:71: UserWarning: Invalid uuid: neutron. To ensure interoperability, identifiers should be a valid uuid. warnings.warn(('Invalid uuid: %s. To ensure interoperability, '
2026-05-09 22:58:34.770 10 INFO neutron.wsgi [None req-da516ea9-9dd9-4909-8586-710d64c5b116 8df602c576ed4eb7a388b6ec3d9f6864 b51fdf18aad844e4af18a455445db30d - - default default] 10.0.0.216 "GET /v2.0/ports HTTP/1.1" status: 200 len: 14166 time: 0.1422985
2026-05-09 22:58:34.772 10 WARNING neutron.plugins.ml2.drivers.ovn.mech_driver.ovsdb.ovn_client [None req-cd05494e-96de-4e18-ab90-4c0885dfd4f5 - - - - - -] No hosting information found for port abf87b0b-aef6-49eb-8252-82e12acfc582: RuntimeError: No hosting information found for port abf87b0b-aef6-49eb-8252-82e12acfc582
2026-05-09 22:58:34.772 10 INFO neutron.plugins.ml2.drivers.ovn.mech_driver.mech_driver [None req-cd05494e-96de-4e18-ab90-4c0885dfd4f5 - - - - - -] OVN reports status up for port: cdc27f6a-72ab-4442-ba93-1ca22716fbac
2026-05-09 22:58:34.782 10 INFO neutron.plugins.ml2.plugin [None req-cd05494e-96de-4e18-ab90-4c0885dfd4f5 - - - - - -] Attempt 1 to provision port cdc27f6a-72ab-4442-ba93-1ca22716fbac
2026-05-09 22:58:34.805 10 INFO neutron.wsgi [None req-45e2d53d-a76d-410c-adf1-55c1ed535c13 8df602c576ed4eb7a388b6ec3d9f6864 b51fdf18aad844e4af18a455445db30d - - default default] 10.0.0.216 "GET /v2.0/network-ip-availabilities HTTP/1.1" status: 200 len: 3361 time: 0.0241935
2026-05-09 22:58:34.855 9 INFO neutron.wsgi [None req-659b14c6-1dea-47f9-b67e-fea88e3a11b8 f51613e9f1da4505b318e07d7d33fd04 7d0cb4af5f264adc8ef32bc36fd8ee93 - - default default] 10.0.0.214 "GET /v2.0/ports?network_id=45697be7-1da9-43bd-89a1-6426168c883e&mac_address=fa%3A16%3A3e%3A2c%3A69%3Aac HTTP/1.1" status: 200 len: 1395 time: 0.1040487
2026-05-09 22:58:34.865 9 WARNING neutron_lib.context [None req-06feaa88-c335-46c3-82c4-b8da9ccec0a0 f51613e9f1da4505b318e07d7d33fd04 7d0cb4af5f264adc8ef32bc36fd8ee93 - - default default] Method 'is_advsvc' is deprecated since 2023.2 release (neutron-lib 3.8.0) and will be removed once support for the old RBAC API policies will be removed from Neutron. Please use method 'is_service_role' instead.
2026-05-09 22:58:34.923 10 INFO neutron.wsgi [None req-7907dc9d-c710-44c3-a40e-d8e76b372fac 8df602c576ed4eb7a388b6ec3d9f6864 b51fdf18aad844e4af18a455445db30d - - default default] 10.0.0.216 "GET /v2.0/routers HTTP/1.1" status: 200 len: 848 time: 0.1159708
2026-05-09 22:58:34.937 10 INFO neutron.wsgi [None req-f0b2ba0f-96fa-4947-8f21-40a60e02b2b7 8df602c576ed4eb7a388b6ec3d9f6864 b51fdf18aad844e4af18a455445db30d - - default default] 10.0.0.216 "GET /v2.0/agents?binary=ovn-controller HTTP/1.1" status: 200 len: 591 time: 0.0124416
