2026-05-09 22:55:02.014 10 INFO neutron.db.ovn_revision_numbers_db [None req-84680bad-cc67-470c-b53c-6bb27ff5b403 aa23345103f64ce183933b5a420ceeaa 006b9636cccb40e38ff0f2ee90830c6a - - default default] Successfully bumped revision number for resource be81b0d2-d961-4d02-bf43-1974a895ae31 (type: subnets) to 0
2026-05-09 22:55:02.027 10 INFO neutron.wsgi [None req-84680bad-cc67-470c-b53c-6bb27ff5b403 aa23345103f64ce183933b5a420ceeaa 006b9636cccb40e38ff0f2ee90830c6a - - default default] 10.0.0.214 "POST /v2.0/subnets HTTP/1.1" status: 201 len: 801 time: 0.7438216
2026-05-09 22:55:02.040 10 WARNING neutron_lib.context [None req-94ac05b8-a937-4209-987d-7d4fe47111ae aa23345103f64ce183933b5a420ceeaa 006b9636cccb40e38ff0f2ee90830c6a - - default default] Method 'is_advsvc' is deprecated since 2023.2 release (neutron-lib 3.8.0) and will be removed once support for the old RBAC API policies will be removed from Neutron. Please use method 'is_service_role' instead.
2026-05-09 22:55:02.192 9 INFO neutron.wsgi [None req-6b0d4108-db10-42c9-9ae1-b8017f8ae804 8df602c576ed4eb7a388b6ec3d9f6864 b51fdf18aad844e4af18a455445db30d - - default default] 10.0.0.214 "PUT /v2.0/routers/724e7e47-afdf-4e74-be6b-aeb240f9c570/remove_router_interface HTTP/1.1" status: 200 len: 503 time: 1.3111737
2026-05-09 22:55:02.248 9 INFO neutron.services.segments.plugin [-] Segment 242fc76c-49af-4cc0-a093-ea6cbf90637f resource provider aggregate not found
2026-05-09 22:55:02.253 9 INFO neutron.services.segments.plugin [-] Segment 242fc76c-49af-4cc0-a093-ea6cbf90637f resource provider aggregate not found
2026-05-09 22:55:02.264 9 INFO neutron.services.segments.plugin [-] Segment 242fc76c-49af-4cc0-a093-ea6cbf90637f resource provider not found; error: Placement Client Error (4xx): {"errors": [{"status": 404, "title": "Not Found", "detail": "The resource could not be found.\n\n No resource provider with uuid 242fc76c-49af-4cc0-a093-ea6cbf90637f found for delete ", "request_id": "req-d29173ce-4fe2-4cbc-97b8-3e493139ccd8"}]}
2026-05-09 22:55:02.277 9 INFO neutron.services.segments.plugin [-] Segment 242fc76c-49af-4cc0-a093-ea6cbf90637f resource provider not found; error: Placement Client Error (4xx): {"errors": [{"status": 404, "title": "Not Found", "detail": "The resource could not be found.\n\n No resource provider with uuid 242fc76c-49af-4cc0-a093-ea6cbf90637f found for delete ", "request_id": "req-0208aa43-e321-4339-a4b2-4e358a6496f0"}]}
2026-05-09 22:55:02.399 9 INFO neutron.wsgi [None req-b24fe41e-5851-47cf-b2c4-b68355279c85 279fedf919904d69a78fb4a0dc1fd58d 1349433dc52d4b8ab7721403530b2a3d - - default default] 10.0.0.214 "DELETE /v2.0/networks/e9311512-64d4-41cd-9437-b165f0a539e9 HTTP/1.1" status: 204 len: 168 time: 0.5313132
2026-05-09 22:55:02.550 10 WARNING neutron.scheduler.dhcp_agent_scheduler [None req-94ac05b8-a937-4209-987d-7d4fe47111ae aa23345103f64ce183933b5a420ceeaa 006b9636cccb40e38ff0f2ee90830c6a - - default default] No more DHCP agents
2026-05-09 22:55:02.556 10 WARNING neutron.api.rpc.agentnotifiers.dhcp_rpc_agent_api [None req-94ac05b8-a937-4209-987d-7d4fe47111ae aa23345103f64ce183933b5a420ceeaa 006b9636cccb40e38ff0f2ee90830c6a - - default default] Unable to schedule network b45073d7-833a-4c02-a84b-cee4d9f98597: no agents available; will retry on subsequent port and subnet creation events. /var/lib/openstack/lib/python3.10/site-packages/pycadf/identifier.py:71: UserWarning: Invalid uuid: neutron. To ensure interoperability, identifiers should be a valid uuid. warnings.warn(('Invalid uuid: %s. To ensure interoperability, '
2026-05-09 22:55:02.862 9 INFO neutron.db.ovn_revision_numbers_db [None req-e8f4a31d-ac63-4d99-986c-5361c29d4357 8df602c576ed4eb7a388b6ec3d9f6864 b51fdf18aad844e4af18a455445db30d - - default default] Successfully bumped revision number for resource 0a85dc5c-8ed4-48f0-b9e2-5d4a0b9c062c (type: security_groups) to 1
2026-05-09 22:55:02.875 9 INFO neutron.db.ovn_revision_numbers_db [None req-e8f4a31d-ac63-4d99-986c-5361c29d4357 8df602c576ed4eb7a388b6ec3d9f6864 b51fdf18aad844e4af18a455445db30d - - default default] Successfully bumped revision number for resource 95e80f9d-0017-4701-b370-06b7cc2a20db (type: security_group_rules) to 0
2026-05-09 22:55:02.888 9 INFO neutron.db.ovn_revision_numbers_db [None req-e8f4a31d-ac63-4d99-986c-5361c29d4357 8df602c576ed4eb7a388b6ec3d9f6864 b51fdf18aad844e4af18a455445db30d - - default default] Successfully bumped revision number for resource a4e7650a-a4a1-4c1d-b9e9-a06da73abef6 (type: security_group_rules) to 0
2026-05-09 22:55:02.903 9 INFO neutron.db.ovn_revision_numbers_db [None req-e8f4a31d-ac63-4d99-986c-5361c29d4357 8df602c576ed4eb7a388b6ec3d9f6864 b51fdf18aad844e4af18a455445db30d - - default default] Successfully bumped revision number for resource c1fcde12-91d4-4a17-97b4-025be9a4e6dd (type: security_group_rules) to 0
2026-05-09 22:55:02.917 9 INFO neutron.db.ovn_revision_numbers_db [None req-e8f4a31d-ac63-4d99-986c-5361c29d4357 8df602c576ed4eb7a388b6ec3d9f6864 b51fdf18aad844e4af18a455445db30d - - default default] Successfully bumped revision number for resource e53218d5-009c-4bb4-80dd-8d6ecb9f9af6 (type: security_group_rules) to 0
2026-05-09 22:55:02.969 9 INFO neutron.db.segments_db [None req-e8f4a31d-ac63-4d99-986c-5361c29d4357 8df602c576ed4eb7a388b6ec3d9f6864 b51fdf18aad844e4af18a455445db30d - - default default] Added segment 366ec09d-7b93-4c96-a0ef-3908d8484cf6 of type geneve for network c537caae-16b5-43c1-8781-c60d8ea2373e
2026-05-09 22:55:03.064 10 INFO neutron.db.ovn_revision_numbers_db [None req-94ac05b8-a937-4209-987d-7d4fe47111ae aa23345103f64ce183933b5a420ceeaa 006b9636cccb40e38ff0f2ee90830c6a - - default default] Successfully bumped revision number for resource f2d106e4-d611-49a5-8fab-833bbcfcc391 (type: ports) to 1
2026-05-09 22:55:03.104 9 INFO neutron.db.ovn_revision_numbers_db [None req-e8f4a31d-ac63-4d99-986c-5361c29d4357 8df602c576ed4eb7a388b6ec3d9f6864 b51fdf18aad844e4af18a455445db30d - - default default] Successfully bumped revision number for resource c537caae-16b5-43c1-8781-c60d8ea2373e (type: networks) to 1
2026-05-09 22:55:03.110 10 INFO neutron.wsgi [None req-94ac05b8-a937-4209-987d-7d4fe47111ae aa23345103f64ce183933b5a420ceeaa 006b9636cccb40e38ff0f2ee90830c6a - - default default] 10.0.0.214 "POST /v2.0/ports HTTP/1.1" status: 201 len: 1111 time: 1.0741363
2026-05-09 22:55:03.241 10 INFO neutron.services.segments.plugin [-] Segment 2841f5b4-2e08-4539-8893-553c99010bd1 resource provider aggregate not found
2026-05-09 22:55:03.246 10 INFO neutron.services.segments.plugin [-] Segment 2841f5b4-2e08-4539-8893-553c99010bd1 resource provider aggregate not found
2026-05-09 22:55:03.265 10 INFO neutron.services.segments.plugin [-] Segment 2841f5b4-2e08-4539-8893-553c99010bd1 resource provider not found; error: Placement Client Error (4xx): {"errors": [{"status": 404, "title": "Not Found", "detail": "The resource could not be found.\n\n No resource provider with uuid 2841f5b4-2e08-4539-8893-553c99010bd1 found for delete ", "request_id": "req-60cc2e51-82b6-449b-8a2b-6ed3a797eaa7"}]}
2026-05-09 22:55:03.268 10 INFO neutron.services.segments.plugin [-] Segment 2841f5b4-2e08-4539-8893-553c99010bd1 resource provider not found; error: Placement Client Error (4xx): {"errors": [{"status": 404, "title": "Not Found", "detail": "The resource could not be found.\n\n No resource provider with uuid 2841f5b4-2e08-4539-8893-553c99010bd1 found for delete ", "request_id": "req-712041b6-96bd-40a1-9942-0dd4783d6b3f"}]}
2026-05-09 22:55:03.309 10 INFO neutron.wsgi [None req-eee1150d-6fa7-4efc-bf4f-1312def7114f 279fedf919904d69a78fb4a0dc1fd58d 1349433dc52d4b8ab7721403530b2a3d - - default default] 10.0.0.214 "DELETE /v2.0/networks/7a33e997-1e83-4a96-b5ae-d8fbf4cead70 HTTP/1.1" status: 204 len: 168 time: 0.9044940
2026-05-09 22:55:03.361 9 WARNING neutron.scheduler.dhcp_agent_scheduler [None req-e8f4a31d-ac63-4d99-986c-5361c29d4357 8df602c576ed4eb7a388b6ec3d9f6864 b51fdf18aad844e4af18a455445db30d - - default default] No more DHCP agents
2026-05-09 22:55:03.362 9 WARNING neutron.api.rpc.agentnotifiers.dhcp_rpc_agent_api [None req-e8f4a31d-ac63-4d99-986c-5361c29d4357 8df602c576ed4eb7a388b6ec3d9f6864 b51fdf18aad844e4af18a455445db30d - - default default] Unable to schedule network c537caae-16b5-43c1-8781-c60d8ea2373e: no agents available; will retry on subsequent port and subnet creation events.
2026-05-09 22:55:03.454 9 INFO neutron.db.ovn_revision_numbers_db [None req-e8f4a31d-ac63-4d99-986c-5361c29d4357 8df602c576ed4eb7a388b6ec3d9f6864 b51fdf18aad844e4af18a455445db30d - - default default] Successfully bumped revision number for resource d07e0503-56d1-41ce-9d2c-bdf1e6b62ff3 (type: ports) to 1
2026-05-09 22:55:03.497 9 INFO neutron.wsgi [None req-e8f4a31d-ac63-4d99-986c-5361c29d4357 8df602c576ed4eb7a388b6ec3d9f6864 b51fdf18aad844e4af18a455445db30d - - default default] 10.0.0.214 "POST /v2.0/networks HTTP/1.1" status: 201 len: 950 time: 0.9115074
2026-05-09 22:55:03.562 9 INFO neutron.wsgi [None req-2745c50b-c25e-42c1-a47e-fc1352765aa3 aa23345103f64ce183933b5a420ceeaa 006b9636cccb40e38ff0f2ee90830c6a - - default default] 10.0.0.214 "DELETE /v2.0/ports/f2d106e4-d611-49a5-8fab-833bbcfcc391 HTTP/1.1" status: 204 len: 168 time: 0.4400845
2026-05-09 22:55:03.596 9 INFO neutron.pecan_wsgi.hooks.translation [None req-1e1ee319-c732-4eb4-a8d4-37dbbd3f6aef aa23345103f64ce183933b5a420ceeaa 006b9636cccb40e38ff0f2ee90830c6a - - default default] GET failed (client error): The resource could not be found.
2026-05-09 22:55:03.597 9 INFO neutron.wsgi [None req-1e1ee319-c732-4eb4-a8d4-37dbbd3f6aef aa23345103f64ce183933b5a420ceeaa 006b9636cccb40e38ff0f2ee90830c6a - - default default] 10.0.0.214 "GET /v2.0/ports/f2d106e4-d611-49a5-8fab-833bbcfcc391 HTTP/1.1" status: 404 len: 333 time: 0.0279868
2026-05-09 22:55:03.730 9 WARNING neutron.scheduler.dhcp_agent_scheduler [None req-f9caffc5-d36c-4745-ac8c-8066f7a75b99 8df602c576ed4eb7a388b6ec3d9f6864 b51fdf18aad844e4af18a455445db30d - - default default] No more DHCP agents
2026-05-09 22:55:03.734 9 WARNING neutron.api.rpc.agentnotifiers.dhcp_rpc_agent_api [None req-f9caffc5-d36c-4745-ac8c-8066f7a75b99 8df602c576ed4eb7a388b6ec3d9f6864 b51fdf18aad844e4af18a455445db30d - - default default] Unable to schedule network c537caae-16b5-43c1-8781-c60d8ea2373e: no agents available; will retry on subsequent port and subnet creation events.
2026-05-09 22:55:03.777 10 INFO neutron.wsgi [None req-d3717ec5-a75d-4fde-bf6a-aba6d5751452 8df602c576ed4eb7a388b6ec3d9f6864 b51fdf18aad844e4af18a455445db30d - - default default] 10.0.0.214 "DELETE /v2.0/routers/724e7e47-afdf-4e74-be6b-aeb240f9c570 HTTP/1.1" status: 204 len: 168 time: 1.5793965
2026-05-09 22:55:03.877 9 INFO neutron.wsgi [None req-ba740e0d-3b0f-4a75-b47a-59a872819752 aa23345103f64ce183933b5a420ceeaa 006b9636cccb40e38ff0f2ee90830c6a - - default default] 10.0.0.214 "DELETE /v2.0/subnets/be81b0d2-d961-4d02-bf43-1974a895ae31 HTTP/1.1" status: 204 len: 168 time: 0.2752132
2026-05-09 22:55:03.920 10 INFO neutron.wsgi [None req-dfbe62f0-1a47-4d46-a9a7-98bac5661c51 279fedf919904d69a78fb4a0dc1fd58d 1349433dc52d4b8ab7721403530b2a3d - - default default] 10.0.0.214 "DELETE /v2.0/networks/12419a35-00ba-4aa9-bbc7-f73ada3442b3 HTTP/1.1" status: 204 len: 168 time: 0.6049492
2026-05-09 22:55:04.065 10 INFO neutron.wsgi [None req-7a00678d-8db2-4da0-b800-fef556e538e5 8df602c576ed4eb7a388b6ec3d9f6864 b51fdf18aad844e4af18a455445db30d - - default default] 10.0.0.214 "DELETE /v2.0/subnets/801be60e-ae92-45ba-ab3b-076ffa15821e HTTP/1.1" status: 204 len: 168 time: 0.2821131
2026-05-09 22:55:04.290 9 INFO neutron.services.segments.plugin [-] Segment 44275d36-3c37-4733-9788-7c22c9edc779 resource provider aggregate not found
2026-05-09 22:55:04.309 9 INFO neutron.services.segments.plugin [-] Segment 44275d36-3c37-4733-9788-7c22c9edc779 resource provider not found; error: Placement Client Error (4xx): {"errors": [{"status": 404, "title": "Not Found", "detail": "The resource could not be found.\n\n No resource provider with uuid 44275d36-3c37-4733-9788-7c22c9edc779 found for delete ", "request_id": "req-ed3f7fcf-bd8b-47d3-8c79-93c03d84a748"}]}
2026-05-09 22:55:04.314 9 INFO neutron.services.segments.plugin [-] Segment 44275d36-3c37-4733-9788-7c22c9edc779 resource provider aggregate not found
2026-05-09 22:55:04.327 10 INFO neutron.wsgi [None req-6d54fed4-335d-400c-a79f-8b5e78d76275 aa23345103f64ce183933b5a420ceeaa 006b9636cccb40e38ff0f2ee90830c6a - - default default] 10.0.0.214 "DELETE /v2.0/networks/b45073d7-833a-4c02-a84b-cee4d9f98597 HTTP/1.1" status: 204 len: 168 time: 0.4451733
2026-05-09 22:55:04.331 9 INFO neutron.services.segments.plugin [-] Segment 44275d36-3c37-4733-9788-7c22c9edc779 resource provider not found; error: Placement Client Error (4xx): {"errors": [{"status": 404, "title": "Not Found", "detail": "The resource could not be found.\n\n No resource provider with uuid 44275d36-3c37-4733-9788-7c22c9edc779 found for delete ", "request_id": "req-75e6ea76-7a75-440b-adc8-a23600145f06"}]}
2026-05-09 22:55:04.366 9 WARNING neutron_lib.context [None req-9510c54b-76d1-452f-b9c1-6ec6d8bc4281 aa23345103f64ce183933b5a420ceeaa 006b9636cccb40e38ff0f2ee90830c6a - - default default] Method 'is_advsvc' is deprecated since 2023.2 release (neutron-lib 3.8.0) and will be removed once support for the old RBAC API policies will be removed from Neutron. Please use method 'is_service_role' instead.
2026-05-09 22:55:04.465 9 INFO neutron.db.ovn_revision_numbers_db [None req-f9caffc5-d36c-4745-ac8c-8066f7a75b99 8df602c576ed4eb7a388b6ec3d9f6864 b51fdf18aad844e4af18a455445db30d - - default default] Successfully bumped revision number for resource d07e0503-56d1-41ce-9d2c-bdf1e6b62ff3 (type: ports) to 2
2026-05-09 22:55:04.541 9 INFO neutron.db.ovn_revision_numbers_db [None req-f9caffc5-d36c-4745-ac8c-8066f7a75b99 8df602c576ed4eb7a388b6ec3d9f6864 b51fdf18aad844e4af18a455445db30d - - default default] Successfully bumped revision number for resource 6ef2d160-2037-4651-ba94-68f107545443 (type: subnets) to 0
2026-05-09 22:55:04.549 10 INFO neutron.wsgi [None req-096c1d36-4550-40ac-9b0f-13e9cfcdf629 8df602c576ed4eb7a388b6ec3d9f6864 b51fdf18aad844e4af18a455445db30d - - default default] 10.0.0.214 "GET /v2.0/security-groups?tenant_id=1349433dc52d4b8ab7721403530b2a3d&name=default HTTP/1.1" status: 200 len: 2996 time: 0.1490023
2026-05-09 22:55:04.573 9 INFO neutron.wsgi [None req-f9caffc5-d36c-4745-ac8c-8066f7a75b99 8df602c576ed4eb7a388b6ec3d9f6864 b51fdf18aad844e4af18a455445db30d - - default default] 10.0.0.214 "POST /v2.0/subnets HTTP/1.1" status: 201 len: 870 time: 1.0705562
2026-05-09 22:55:04.701 9 INFO neutron.wsgi [None req-adf06ddb-58eb-43f8-ac4b-5de6808a9340 8df602c576ed4eb7a388b6ec3d9f6864 b51fdf18aad844e4af18a455445db30d - - default default] 10.0.0.214 "DELETE /v2.0/networks/2e0a6b08-21ef-4a17-b1ac-be89de65988c HTTP/1.1" status: 204 len: 168 time: 0.6266963
2026-05-09 22:55:04.714 9 WARNING neutron.scheduler.dhcp_agent_scheduler [None req-9510c54b-76d1-452f-b9c1-6ec6d8bc4281 aa23345103f64ce183933b5a420ceeaa 006b9636cccb40e38ff0f2ee90830c6a - - default default] No more DHCP agents
2026-05-09 22:55:04.717 9 WARNING neutron.api.rpc.agentnotifiers.dhcp_rpc_agent_api [None req-9510c54b-76d1-452f-b9c1-6ec6d8bc4281 aa23345103f64ce183933b5a420ceeaa 006b9636cccb40e38ff0f2ee90830c6a - - default default] Unable to schedule network 1f88b44a-29a6-4863-b518-519832b5805b: no agents available; will retry on subsequent port and subnet creation events. /var/lib/openstack/lib/python3.10/site-packages/pycadf/identifier.py:71: UserWarning: Invalid uuid: neutron. To ensure interoperability, identifiers should be a valid uuid. warnings.warn(('Invalid uuid: %s. To ensure interoperability, '
2026-05-09 22:55:04.830 9 INFO neutron.db.ovn_revision_numbers_db [None req-9510c54b-76d1-452f-b9c1-6ec6d8bc4281 aa23345103f64ce183933b5a420ceeaa 006b9636cccb40e38ff0f2ee90830c6a - - default default] Successfully bumped revision number for resource 0dc905b1-93fa-4b8b-87b1-a79716087843 (type: ports) to 1
2026-05-09 22:55:04.847 9 INFO neutron.wsgi [None req-7738cb1b-fc37-4ab0-b905-2b9b1241d845 8df602c576ed4eb7a388b6ec3d9f6864 b51fdf18aad844e4af18a455445db30d - - default default] 10.0.0.214 "GET /v2.0/security-groups?tenant_id=4d2c77d497144d649b1dcd61203d08a0&name=default HTTP/1.1" status: 200 len: 2996 time: 0.0413454
2026-05-09 22:55:04.860 9 INFO neutron.wsgi [None req-9510c54b-76d1-452f-b9c1-6ec6d8bc4281 aa23345103f64ce183933b5a420ceeaa 006b9636cccb40e38ff0f2ee90830c6a - - default default] 10.0.0.214 "POST /v2.0/ports HTTP/1.1" status: 201 len: 974 time: 0.4997599
2026-05-09 22:55:04.879 10 INFO neutron.wsgi [None req-d18b4817-6286-4b31-8231-3400587a8818 8df602c576ed4eb7a388b6ec3d9f6864 b51fdf18aad844e4af18a455445db30d - - default default] 10.0.0.214 "DELETE /v2.0/security-groups/cde380de-e13e-4bc5-85d8-3459eebcef0f HTTP/1.1" status: 204 len: 168 time: 0.3237419
2026-05-09 22:55:05.046 10 WARNING neutron.scheduler.dhcp_agent_scheduler [None req-93d7c0a4-98fe-4657-8791-8e237442afdb 8df602c576ed4eb7a388b6ec3d9f6864 b51fdf18aad844e4af18a455445db30d - - default default] No more DHCP agents
2026-05-09 22:55:05.053 10 WARNING neutron.api.rpc.agentnotifiers.dhcp_rpc_agent_api [None req-93d7c0a4-98fe-4657-8791-8e237442afdb 8df602c576ed4eb7a388b6ec3d9f6864 b51fdf18aad844e4af18a455445db30d - - default default] Unable to schedule network 331ae174-097c-48c5-947d-49292eec1204: no agents available; will retry on subsequent port and subnet creation events.
2026-05-09 22:55:05.127 10 INFO neutron.plugins.ml2.drivers.ovn.mech_driver.mech_driver [None req-cd05494e-96de-4e18-ab90-4c0885dfd4f5 - - - - - -] OVN reports status down for port: 0dc905b1-93fa-4b8b-87b1-a79716087843
2026-05-09 22:55:05.244 10 INFO neutron.db.ovn_revision_numbers_db [None req-93d7c0a4-98fe-4657-8791-8e237442afdb 8df602c576ed4eb7a388b6ec3d9f6864 b51fdf18aad844e4af18a455445db30d - - default default] Successfully bumped revision number for resource 2bada504-d577-4455-9774-754c6c6a1a5a (type: ports) to 1
2026-05-09 22:55:05.292 10 INFO neutron.services.segments.plugin [-] Segment a28e9cb3-6e2c-46d5-8884-3bc8470a2dcd resource provider aggregate not found
2026-05-09 22:55:05.296 10 INFO neutron.services.segments.plugin [-] Segment a28e9cb3-6e2c-46d5-8884-3bc8470a2dcd resource provider aggregate not found
2026-05-09 22:55:05.312 10 INFO neutron.services.segments.plugin [-] Segment a28e9cb3-6e2c-46d5-8884-3bc8470a2dcd resource provider not found; error: Placement Client Error (4xx): {"errors": [{"status": 404, "title": "Not Found", "detail": "The resource could not be found.\n\n No resource provider with uuid a28e9cb3-6e2c-46d5-8884-3bc8470a2dcd found for delete ", "request_id": "req-fc38c1c3-8bc2-4583-a742-6f4fcffcc65f"}]}
2026-05-09 22:55:05.317 10 INFO neutron.services.segments.plugin [-] Segment a28e9cb3-6e2c-46d5-8884-3bc8470a2dcd resource provider not found; error: Placement Client Error (4xx): {"errors": [{"status": 404, "title": "Not Found", "detail": "The resource could not be found.\n\n No resource provider with uuid a28e9cb3-6e2c-46d5-8884-3bc8470a2dcd found for delete ", "request_id": "req-f92debd7-cc3c-4c38-a04e-7e9d90f93c01"}]}
2026-05-09 22:55:05.330 10 INFO neutron.services.segments.plugin [-] Segment d4a7a6d3-df6c-4067-b0cb-6fbc024b419b resource provider aggregate not found
2026-05-09 22:55:05.336 10 INFO neutron.services.segments.plugin [-] Segment d4a7a6d3-df6c-4067-b0cb-6fbc024b419b resource provider aggregate not found
2026-05-09 22:55:05.365 10 INFO neutron.services.segments.plugin [-] Segment d4a7a6d3-df6c-4067-b0cb-6fbc024b419b resource provider not found; error: Placement Client Error (4xx): {"errors": [{"status": 404, "title": "Not Found", "detail": "The resource could not be found.\n\n No resource provider with uuid d4a7a6d3-df6c-4067-b0cb-6fbc024b419b found for delete ", "request_id": "req-918ec201-c7f7-4448-8b89-494400cd0ecf"}]}
2026-05-09 22:55:05.365 10 INFO neutron.services.segments.plugin [-] Segment d4a7a6d3-df6c-4067-b0cb-6fbc024b419b resource provider not found; error: Placement Client Error (4xx): {"errors": [{"status": 404, "title": "Not Found", "detail": "The resource could not be found.\n\n No resource provider with uuid d4a7a6d3-df6c-4067-b0cb-6fbc024b419b found for delete ", "request_id": "req-6af79403-3a04-4a16-97ec-cc7f882595d5"}]}
2026-05-09 22:55:05.379 9 INFO neutron.db.ovn_revision_numbers_db [None req-8387342e-7863-4435-8a30-e35000faaf40 aa23345103f64ce183933b5a420ceeaa 006b9636cccb40e38ff0f2ee90830c6a - - default default] Successfully bumped revision number for resource 0dc905b1-93fa-4b8b-87b1-a79716087843 (type: ports) to 2
2026-05-09 22:55:05.400 9 INFO neutron.wsgi [None req-06d423e7-111b-4566-a820-8af0261bf965 8df602c576ed4eb7a388b6ec3d9f6864 b51fdf18aad844e4af18a455445db30d - - default default] 10.0.0.214 "DELETE /v2.0/security-groups/33730fe4-9fac-40a8-9b0b-f573a091669b HTTP/1.1" status: 204 len: 168 time: 0.5472915
2026-05-09 22:55:05.406 9 INFO neutron.wsgi [None req-8387342e-7863-4435-8a30-e35000faaf40 aa23345103f64ce183933b5a420ceeaa 006b9636cccb40e38ff0f2ee90830c6a - - default default] 10.0.0.214 "PUT /v2.0/ports/0dc905b1-93fa-4b8b-87b1-a79716087843 HTTP/1.1" status: 200 len: 946 time: 0.5406930 /var/lib/openstack/lib/python3.10/site-packages/pycadf/identifier.py:71: UserWarning: Invalid uuid: neutron. To ensure interoperability, identifiers should be a valid uuid. warnings.warn(('Invalid uuid: %s. To ensure interoperability, '
2026-05-09 22:55:05.654 9 INFO neutron.wsgi [None req-83206f77-e58e-4997-a2e3-2ee0d493617c aa23345103f64ce183933b5a420ceeaa 006b9636cccb40e38ff0f2ee90830c6a - - default default] 10.0.0.214 "DELETE /v2.0/ports/0dc905b1-93fa-4b8b-87b1-a79716087843 HTTP/1.1" status: 204 len: 168 time: 0.2395217
2026-05-09 22:55:05.756 9 INFO neutron.wsgi [None req-630ad77f-4017-4b5b-882f-57095c61bd7f aa23345103f64ce183933b5a420ceeaa 006b9636cccb40e38ff0f2ee90830c6a - - default default] 10.0.0.214 "GET /v2.0/ports HTTP/1.1" status: 200 len: 1729 time: 0.0937693
2026-05-09 22:55:05.790 9 INFO neutron.pecan_wsgi.hooks.translation [None req-59af4717-03ce-44f4-b74e-c886c6073017 aa23345103f64ce183933b5a420ceeaa 006b9636cccb40e38ff0f2ee90830c6a - - default default] GET failed (client error): The resource could not be found.
2026-05-09 22:55:05.792 9 INFO neutron.wsgi [None req-59af4717-03ce-44f4-b74e-c886c6073017 aa23345103f64ce183933b5a420ceeaa 006b9636cccb40e38ff0f2ee90830c6a - - default default] 10.0.0.214 "GET /v2.0/ports/0dc905b1-93fa-4b8b-87b1-a79716087843 HTTP/1.1" status: 404 len: 333 time: 0.0262401
2026-05-09 22:55:05.846 9 INFO neutron.plugins.ml2.drivers.ovn.mech_driver.mech_driver [None req-71f043e5-1309-4e04-8b43-f38cc1602804 - - - - - -] OVN reports status up for port: 2bada504-d577-4455-9774-754c6c6a1a5a
2026-05-09 22:55:05.864 9 INFO neutron.wsgi [None req-4a616536-cb54-419d-841c-61eb91c04d5a aa23345103f64ce183933b5a420ceeaa 006b9636cccb40e38ff0f2ee90830c6a - - default default] 10.0.0.214 "GET /v2.0/ports HTTP/1.1" status: 200 len: 1729 time: 0.0661414
2026-05-09 22:55:05.870 9 INFO neutron.plugins.ml2.drivers.ovn.mech_driver.ovsdb.ovsdb_monitor [None req-926d2929-e079-43b2-9e3a-59a7b45e0c02 - - - - - -] Router 7821be58-4b0f-428d-b3b5-bea19a3e5e10 is bound to host instance
2026-05-09 22:55:05.875 9 INFO neutron.plugins.ml2.plugin [None req-71f043e5-1309-4e04-8b43-f38cc1602804 - - - - - -] Attempt 1 to provision port 2bada504-d577-4455-9774-754c6c6a1a5a
2026-05-09 22:55:05.882 10 INFO neutron.db.ovn_revision_numbers_db [None req-93d7c0a4-98fe-4657-8791-8e237442afdb 8df602c576ed4eb7a388b6ec3d9f6864 b51fdf18aad844e4af18a455445db30d - - default default] Successfully bumped revision number for resource 2bada504-d577-4455-9774-754c6c6a1a5a (type: router_ports) to 1
2026-05-09 22:55:05.934 9 INFO neutron.wsgi [None req-ded38ae9-8e47-4038-8734-b2b714bf0811 aa23345103f64ce183933b5a420ceeaa 006b9636cccb40e38ff0f2ee90830c6a - - default default] 10.0.0.214 "GET /v2.0/ports/534b1bae-31d0-4f34-a09a-94c15fd2ea13 HTTP/1.1" status: 200 len: 969 time: 0.0617964
2026-05-09 22:55:05.977 9 INFO neutron.pecan_wsgi.hooks.translation [None req-53a2b6c9-6eaf-40ea-bbb0-9e48e37ab47d aa23345103f64ce183933b5a420ceeaa 006b9636cccb40e38ff0f2ee90830c6a - - default default] DELETE failed (client error): The resource could not be found.
2026-05-09 22:55:05.979 9 INFO neutron.wsgi [None req-53a2b6c9-6eaf-40ea-bbb0-9e48e37ab47d aa23345103f64ce183933b5a420ceeaa 006b9636cccb40e38ff0f2ee90830c6a - - default default] 10.0.0.214 "DELETE /v2.0/ports/f2d106e4-d611-49a5-8fab-833bbcfcc391 HTTP/1.1" status: 404 len: 333 time: 0.0253932
2026-05-09 22:55:06.018 9 INFO neutron.pecan_wsgi.hooks.translation [None req-5891357c-712e-4a77-b439-6a5cfa15a2b0 aa23345103f64ce183933b5a420ceeaa 006b9636cccb40e38ff0f2ee90830c6a - - default default] DELETE failed (client error): The resource could not be found.
2026-05-09 22:55:06.020 9 INFO neutron.wsgi [None req-5891357c-712e-4a77-b439-6a5cfa15a2b0 aa23345103f64ce183933b5a420ceeaa 006b9636cccb40e38ff0f2ee90830c6a - - default default] 10.0.0.214 "DELETE /v2.0/subnets/be81b0d2-d961-4d02-bf43-1974a895ae31 HTTP/1.1" status: 404 len: 337 time: 0.0363574
2026-05-09 22:55:06.043 9 INFO neutron.pecan_wsgi.hooks.translation [None req-37db0dbd-c27d-450f-96d6-b4551da75137 aa23345103f64ce183933b5a420ceeaa 006b9636cccb40e38ff0f2ee90830c6a - - default default] DELETE failed (client error): The resource could not be found.
2026-05-09 22:55:06.046 9 INFO neutron.wsgi [None req-37db0dbd-c27d-450f-96d6-b4551da75137 aa23345103f64ce183933b5a420ceeaa 006b9636cccb40e38ff0f2ee90830c6a - - default default] 10.0.0.214 "DELETE /v2.0/subnets/3fbdd1ad-d20f-46e0-82f3-f1a4f516ef06 HTTP/1.1" status: 404 len: 337 time: 0.0209568
2026-05-09 22:55:06.168 10 INFO neutron.db.ovn_revision_numbers_db [None req-93d7c0a4-98fe-4657-8791-8e237442afdb 8df602c576ed4eb7a388b6ec3d9f6864 b51fdf18aad844e4af18a455445db30d - - default default] Successfully bumped revision number for resource 7821be58-4b0f-428d-b3b5-bea19a3e5e10 (type: routers) to 2
2026-05-09 22:55:06.190 10 INFO neutron.wsgi [None req-93d7c0a4-98fe-4657-8791-8e237442afdb 8df602c576ed4eb7a388b6ec3d9f6864 b51fdf18aad844e4af18a455445db30d - - default default] 10.0.0.214 "POST /v2.0/routers HTTP/1.1" status: 201 len: 881 time: 1.6095350
2026-05-09 22:55:06.344 9 INFO neutron.services.segments.plugin [-] Segment 31f9c911-0ccf-4045-ae25-cfe446d7862f resource provider aggregate not found
2026-05-09 22:55:06.363 9 INFO neutron.services.segments.plugin [-] Segment 31f9c911-0ccf-4045-ae25-cfe446d7862f resource provider aggregate not found
2026-05-09 22:55:06.376 9 INFO neutron.services.segments.plugin [-] Segment 31f9c911-0ccf-4045-ae25-cfe446d7862f resource provider not found; error: Placement Client Error (4xx): {"errors": [{"status": 404, "title": "Not Found", "detail": "The resource could not be found.\n\n No resource provider with uuid 31f9c911-0ccf-4045-ae25-cfe446d7862f found for delete ", "request_id": "req-e05f5d59-6ba8-4f6c-8895-cb3465dcfe46"}]}
2026-05-09 22:55:06.383 9 INFO neutron.services.segments.plugin [-] Segment 31f9c911-0ccf-4045-ae25-cfe446d7862f resource provider not found; error: Placement Client Error (4xx): {"errors": [{"status": 404, "title": "Not Found", "detail": "The resource could not be found.\n\n No resource provider with uuid 31f9c911-0ccf-4045-ae25-cfe446d7862f found for delete ", "request_id": "req-40073f66-32ea-4e5d-b0a0-8ad50d23d476"}]}
2026-05-09 22:55:06.389 9 INFO neutron.wsgi [None req-07ffb631-f68f-4e06-b708-f2fe84c254d6 aa23345103f64ce183933b5a420ceeaa 006b9636cccb40e38ff0f2ee90830c6a - - default default] 10.0.0.214 "DELETE /v2.0/ports/534b1bae-31d0-4f34-a09a-94c15fd2ea13 HTTP/1.1" status: 204 len: 168 time: 0.3383858
2026-05-09 22:55:06.574 9 INFO neutron.db.ovn_revision_numbers_db [None req-926d2929-e079-43b2-9e3a-59a7b45e0c02 - - - - - -] Successfully bumped revision number for resource 2bada504-d577-4455-9774-754c6c6a1a5a (type: ports) to 1
2026-05-09 22:55:06.685 10 WARNING neutron.scheduler.dhcp_agent_scheduler [None req-baed9c07-2c7e-4b70-9921-e12ff5d1a2e1 8df602c576ed4eb7a388b6ec3d9f6864 b51fdf18aad844e4af18a455445db30d - - default default] No more DHCP agents
2026-05-09 22:55:06.687 10 WARNING neutron.api.rpc.agentnotifiers.dhcp_rpc_agent_api [None req-baed9c07-2c7e-4b70-9921-e12ff5d1a2e1 8df602c576ed4eb7a388b6ec3d9f6864 b51fdf18aad844e4af18a455445db30d - - default default] Unable to schedule network c537caae-16b5-43c1-8781-c60d8ea2373e: no agents available; will retry on subsequent port and subnet creation events.
2026-05-09 22:55:06.866 10 INFO neutron.db.ovn_revision_numbers_db [None req-baed9c07-2c7e-4b70-9921-e12ff5d1a2e1 8df602c576ed4eb7a388b6ec3d9f6864 b51fdf18aad844e4af18a455445db30d - - default default] Successfully bumped revision number for resource 7522a8bf-a659-40b4-83b8-e7e57bb3b28a (type: ports) to 1
2026-05-09 22:55:06.870 9 INFO neutron.db.ovn_revision_numbers_db [None req-926d2929-e079-43b2-9e3a-59a7b45e0c02 - - - - - -] Successfully bumped revision number for resource 2bada504-d577-4455-9774-754c6c6a1a5a (type: router_ports) to 3
2026-05-09 22:55:06.876 9 INFO neutron.wsgi [None req-a0046287-75a0-4609-afed-952004caa560 aa23345103f64ce183933b5a420ceeaa 006b9636cccb40e38ff0f2ee90830c6a - - default default] 10.0.0.214 "DELETE /v2.0/networks/1f88b44a-29a6-4863-b518-519832b5805b HTTP/1.1" status: 204 len: 168 time: 0.4812295
2026-05-09 22:55:07.027 9 INFO neutron.db.ovn_revision_numbers_db [None req-926d2929-e079-43b2-9e3a-59a7b45e0c02 - - - - - -] Successfully bumped revision number for resource 2bada504-d577-4455-9774-754c6c6a1a5a (type: ports) to 2
2026-05-09 22:55:07.037 10 WARNING neutron_lib.context [None req-931d5038-bbeb-4497-b12b-630f7897b03b b726ff85fc4a4580bc8e82df3de870e9 375e80cae03944d68a71935d309ab8c1 - - default default] Method 'is_advsvc' is deprecated since 2023.2 release (neutron-lib 3.8.0) and will be removed once support for the old RBAC API policies will be removed from Neutron. Please use method 'is_service_role' instead.
2026-05-09 22:55:07.224 10 INFO neutron.db.ovn_revision_numbers_db [None req-931d5038-bbeb-4497-b12b-630f7897b03b b726ff85fc4a4580bc8e82df3de870e9 375e80cae03944d68a71935d309ab8c1 - - default default] Successfully bumped revision number for resource 1660890e-04f0-457c-b1d1-7f1a57fc39ad (type: security_groups) to 1
2026-05-09 22:55:07.255 10 INFO neutron.db.ovn_revision_numbers_db [None req-931d5038-bbeb-4497-b12b-630f7897b03b b726ff85fc4a4580bc8e82df3de870e9 375e80cae03944d68a71935d309ab8c1 - - default default] Successfully bumped revision number for resource 1550fb8c-78a5-4cdd-9c4d-83d4cbcd9694 (type: security_group_rules) to 0
2026-05-09 22:55:07.273 10 INFO neutron.db.ovn_revision_numbers_db [None req-931d5038-bbeb-4497-b12b-630f7897b03b b726ff85fc4a4580bc8e82df3de870e9 375e80cae03944d68a71935d309ab8c1 - - default default] Successfully bumped revision number for resource 3e1a520b-658d-492f-889b-7c48898049b9 (type: security_group_rules) to 0
2026-05-09 22:55:07.278 9 INFO neutron.db.ovn_revision_numbers_db [None req-926d2929-e079-43b2-9e3a-59a7b45e0c02 - - - - - -] Successfully bumped revision number for resource 2bada504-d577-4455-9774-754c6c6a1a5a (type: ports) to 4
2026-05-09 22:55:07.294 10 INFO neutron.db.ovn_revision_numbers_db [None req-931d5038-bbeb-4497-b12b-630f7897b03b b726ff85fc4a4580bc8e82df3de870e9 375e80cae03944d68a71935d309ab8c1 - - default default] Successfully bumped revision number for resource 7d90d585-9ead-43eb-85f9-96118081854d (type: security_group_rules) to 0
2026-05-09 22:55:07.329 10 INFO neutron.db.ovn_revision_numbers_db [None req-931d5038-bbeb-4497-b12b-630f7897b03b b726ff85fc4a4580bc8e82df3de870e9 375e80cae03944d68a71935d309ab8c1 - - default default] Successfully bumped revision number for resource b93d3740-49aa-473c-9e94-52990dc6c6f2 (type: security_group_rules) to 0
2026-05-09 22:55:07.370 10 INFO neutron.plugins.ml2.drivers.ovn.mech_driver.mech_driver [None req-cd05494e-96de-4e18-ab90-4c0885dfd4f5 - - - - - -] OVN reports status up for port: 7522a8bf-a659-40b4-83b8-e7e57bb3b28a
2026-05-09 22:55:07.391 10 INFO neutron.plugins.ml2.plugin [None req-cd05494e-96de-4e18-ab90-4c0885dfd4f5 - - - - - -] Attempt 1 to provision port 7522a8bf-a659-40b4-83b8-e7e57bb3b28a
2026-05-09 22:55:07.394 10 INFO neutron.db.segments_db [None req-931d5038-bbeb-4497-b12b-630f7897b03b b726ff85fc4a4580bc8e82df3de870e9 375e80cae03944d68a71935d309ab8c1 - - default default] Added segment b161376a-6fc6-4aad-9291-8d0e0c40088e of type geneve for network 33d38dfc-b3e8-469e-a891-e3eb7e3552f9
2026-05-09 22:55:07.423 10 INFO neutron.db.ovn_revision_numbers_db [None req-baed9c07-2c7e-4b70-9921-e12ff5d1a2e1 8df602c576ed4eb7a388b6ec3d9f6864 b51fdf18aad844e4af18a455445db30d - - default default] Successfully bumped revision number for resource 7522a8bf-a659-40b4-83b8-e7e57bb3b28a (type: router_ports) to 1
2026-05-09 22:55:07.487 9 INFO neutron.db.ovn_revision_numbers_db [None req-926d2929-e079-43b2-9e3a-59a7b45e0c02 - - - - - -] Successfully bumped revision number for resource 2bada504-d577-4455-9774-754c6c6a1a5a (type: router_ports) to 4
2026-05-09 22:55:07.651 10 INFO neutron.db.ovn_revision_numbers_db [None req-931d5038-bbeb-4497-b12b-630f7897b03b b726ff85fc4a4580bc8e82df3de870e9 375e80cae03944d68a71935d309ab8c1 - - default default] Successfully bumped revision number for resource 33d38dfc-b3e8-469e-a891-e3eb7e3552f9 (type: networks) to 1
2026-05-09 22:55:07.654 9 INFO neutron.wsgi [None req-fb062be7-a3ea-4235-b9c9-2af12c0089c3 8df602c576ed4eb7a388b6ec3d9f6864 b51fdf18aad844e4af18a455445db30d - - default default] 10.0.0.214 "GET /v2.0/security-groups?tenant_id=006b9636cccb40e38ff0f2ee90830c6a&name=default HTTP/1.1" status: 200 len: 2996 time: 0.2872429
2026-05-09 22:55:07.725 10 INFO neutron.db.ovn_revision_numbers_db [None req-baed9c07-2c7e-4b70-9921-e12ff5d1a2e1 8df602c576ed4eb7a388b6ec3d9f6864 b51fdf18aad844e4af18a455445db30d - - default default] Successfully bumped revision number for resource 7522a8bf-a659-40b4-83b8-e7e57bb3b28a (type: ports) to 1
2026-05-09 22:55:07.918 10 WARNING neutron.scheduler.dhcp_agent_scheduler [None req-baed9c07-2c7e-4b70-9921-e12ff5d1a2e1 8df602c576ed4eb7a388b6ec3d9f6864 b51fdf18aad844e4af18a455445db30d - - default default] No more DHCP agents
2026-05-09 22:55:07.927 10 WARNING neutron.api.rpc.agentnotifiers.dhcp_rpc_agent_api [None req-baed9c07-2c7e-4b70-9921-e12ff5d1a2e1 8df602c576ed4eb7a388b6ec3d9f6864 b51fdf18aad844e4af18a455445db30d - - default default] Unable to schedule network c537caae-16b5-43c1-8781-c60d8ea2373e: no agents available; will retry on subsequent port and subnet creation events.
2026-05-09 22:55:07.999 10 WARNING neutron.scheduler.dhcp_agent_scheduler [None req-931d5038-bbeb-4497-b12b-630f7897b03b b726ff85fc4a4580bc8e82df3de870e9 375e80cae03944d68a71935d309ab8c1 - - default default] No more DHCP agents
2026-05-09 22:55:08.006 10 WARNING neutron.api.rpc.agentnotifiers.dhcp_rpc_agent_api [None req-931d5038-bbeb-4497-b12b-630f7897b03b b726ff85fc4a4580bc8e82df3de870e9 375e80cae03944d68a71935d309ab8c1 - - default default] Unable to schedule network 33d38dfc-b3e8-469e-a891-e3eb7e3552f9: no agents available; will retry on subsequent port and subnet creation events.
2026-05-09 22:55:08.034 10 INFO neutron.db.ovn_revision_numbers_db [None req-cd05494e-96de-4e18-ab90-4c0885dfd4f5 - - - - - -] Successfully bumped revision number for resource 7522a8bf-a659-40b4-83b8-e7e57bb3b28a (type: ports) to 2
2026-05-09 22:55:08.180 10 INFO neutron.db.ovn_revision_numbers_db [None req-931d5038-bbeb-4497-b12b-630f7897b03b b726ff85fc4a4580bc8e82df3de870e9 375e80cae03944d68a71935d309ab8c1 - - default default] Successfully bumped revision number for resource 5b896da7-4845-4d02-8e5e-45a329ec0fa2 (type: ports) to 1
2026-05-09 22:55:08.218 10 INFO neutron.wsgi [None req-931d5038-bbeb-4497-b12b-630f7897b03b b726ff85fc4a4580bc8e82df3de870e9 375e80cae03944d68a71935d309ab8c1 - - default default] 10.0.0.214 "POST /v2.0/networks HTTP/1.1" status: 201 len: 845 time: 1.4067957
2026-05-09 22:55:08.220 10 INFO neutron.db.ovn_revision_numbers_db [None req-cd05494e-96de-4e18-ab90-4c0885dfd4f5 - - - - - -] Successfully bumped revision number for resource 7522a8bf-a659-40b4-83b8-e7e57bb3b28a (type: router_ports) to 2
2026-05-09 22:55:08.278 10 INFO neutron.wsgi [None req-1aa1119f-9712-405d-8982-c13294e2e87d 8df602c576ed4eb7a388b6ec3d9f6864 b51fdf18aad844e4af18a455445db30d - - default default] 10.0.0.214 "DELETE /v2.0/security-groups/088e556a-a39a-41ec-bf87-054de585b65d HTTP/1.1" status: 204 len: 168 time: 0.6102593
2026-05-09 22:55:08.402 9 INFO neutron.services.segments.plugin [-] Segment 730ce597-e633-408c-a527-dc298c89151e resource provider aggregate not found
2026-05-09 22:55:08.414 9 INFO neutron.services.segments.plugin [-] Segment 730ce597-e633-408c-a527-dc298c89151e resource provider aggregate not found
2026-05-09 22:55:08.422 9 INFO neutron.services.segments.plugin [-] Segment 730ce597-e633-408c-a527-dc298c89151e resource provider not found; error: Placement Client Error (4xx): {"errors": [{"status": 404, "title": "Not Found", "detail": "The resource could not be found.\n\n No resource provider with uuid 730ce597-e633-408c-a527-dc298c89151e found for delete ", "request_id": "req-a4883df2-95e8-43a1-a3f4-7aae485be271"}]}
2026-05-09 22:55:08.434 9 INFO neutron.services.segments.plugin [-] Segment 730ce597-e633-408c-a527-dc298c89151e resource provider not found; error: Placement Client Error (4xx): {"errors": [{"status": 404, "title": "Not Found", "detail": "The resource could not be found.\n\n No resource provider with uuid 730ce597-e633-408c-a527-dc298c89151e found for delete ", "request_id": "req-a26863f1-e80f-4cb4-8126-a86b72c29417"}]}
2026-05-09 22:55:08.505 10 INFO neutron.db.ovn_revision_numbers_db [None req-baed9c07-2c7e-4b70-9921-e12ff5d1a2e1 8df602c576ed4eb7a388b6ec3d9f6864 b51fdf18aad844e4af18a455445db30d - - default default] Successfully bumped revision number for resource 7522a8bf-a659-40b4-83b8-e7e57bb3b28a (type: router_ports) to 2
2026-05-09 22:55:08.507 10 INFO neutron.wsgi [None req-baed9c07-2c7e-4b70-9921-e12ff5d1a2e1 8df602c576ed4eb7a388b6ec3d9f6864 b51fdf18aad844e4af18a455445db30d - - default default] 10.0.0.214 "PUT /v2.0/routers/7821be58-4b0f-428d-b3b5-bea19a3e5e10/add_router_interface HTTP/1.1" status: 200 len: 503 time: 2.3138716
2026-05-09 22:55:08.681 9 WARNING neutron_lib.context [None req-81a2c47e-6ee6-4a55-92bd-212a1667757e b726ff85fc4a4580bc8e82df3de870e9 375e80cae03944d68a71935d309ab8c1 - - default default] Method 'is_advsvc' is deprecated since 2023.2 release (neutron-lib 3.8.0) and will be removed once support for the old RBAC API policies will be removed from Neutron. Please use method 'is_service_role' instead.
2026-05-09 22:55:08.928 9 WARNING neutron.scheduler.dhcp_agent_scheduler [None req-81a2c47e-6ee6-4a55-92bd-212a1667757e b726ff85fc4a4580bc8e82df3de870e9 375e80cae03944d68a71935d309ab8c1 - - default default] No more DHCP agents
2026-05-09 22:55:08.930 9 WARNING neutron.api.rpc.agentnotifiers.dhcp_rpc_agent_api [None req-81a2c47e-6ee6-4a55-92bd-212a1667757e b726ff85fc4a4580bc8e82df3de870e9 375e80cae03944d68a71935d309ab8c1 - - default default] Unable to schedule network 33d38dfc-b3e8-469e-a891-e3eb7e3552f9: no agents available; will retry on subsequent port and subnet creation events.
2026-05-09 22:55:08.969 9 INFO neutron.db.ovn_revision_numbers_db [None req-81a2c47e-6ee6-4a55-92bd-212a1667757e b726ff85fc4a4580bc8e82df3de870e9 375e80cae03944d68a71935d309ab8c1 - - default default] Successfully bumped revision number for resource ecadea9b-f790-4824-adf5-8884b372f3fe (type: subnets) to 0
2026-05-09 22:55:08.986 9 INFO neutron.wsgi [None req-81a2c47e-6ee6-4a55-92bd-212a1667757e b726ff85fc4a4580bc8e82df3de870e9 375e80cae03944d68a71935d309ab8c1 - - default default] 10.0.0.214 "POST /v2.0/subnets HTTP/1.1" status: 201 len: 848 time: 0.3112037
2026-05-09 22:55:08.997 9 WARNING neutron_lib.context [None req-351a4fb0-af9c-4c5a-9ea6-282768eb86d3 b726ff85fc4a4580bc8e82df3de870e9 375e80cae03944d68a71935d309ab8c1 - - default default] Method 'is_advsvc' is deprecated since 2023.2 release (neutron-lib 3.8.0) and will be removed once support for the old RBAC API policies will be removed from Neutron. Please use method 'is_service_role' instead.
2026-05-09 22:55:09.087 9 INFO neutron.db.segments_db [None req-351a4fb0-af9c-4c5a-9ea6-282768eb86d3 b726ff85fc4a4580bc8e82df3de870e9 375e80cae03944d68a71935d309ab8c1 - - default default] Added segment e83fc2cb-a265-457f-8e11-629a55c02705 of type geneve for network c3a6db3a-1ee0-48d3-bcfd-a0e7e0d04b65
2026-05-09 22:55:09.165 10 WARNING neutron_lib.context [None req-f17de74b-7b1f-4f44-8674-2680f8685379 4b8e832326ad42cba5643ac9db95fd67 dfeee59a2cd846cda6af42dcdc4e344f - - default default] Method 'is_advsvc' is deprecated since 2023.2 release (neutron-lib 3.8.0) and will be removed once support for the old RBAC API policies will be removed from Neutron. Please use method 'is_service_role' instead.
2026-05-09 22:55:09.289 9 INFO neutron.db.ovn_revision_numbers_db [None req-351a4fb0-af9c-4c5a-9ea6-282768eb86d3 b726ff85fc4a4580bc8e82df3de870e9 375e80cae03944d68a71935d309ab8c1 - - default default] Successfully bumped revision number for resource c3a6db3a-1ee0-48d3-bcfd-a0e7e0d04b65 (type: networks) to 1
2026-05-09 22:55:09.300 10 INFO neutron.db.ovn_revision_numbers_db [None req-f17de74b-7b1f-4f44-8674-2680f8685379 4b8e832326ad42cba5643ac9db95fd67 dfeee59a2cd846cda6af42dcdc4e344f - - default default] Successfully bumped revision number for resource bf89484d-8119-4ff0-9ece-b5955a257ebe (type: security_groups) to 1
2026-05-09 22:55:09.314 10 INFO neutron.db.ovn_revision_numbers_db [None req-f17de74b-7b1f-4f44-8674-2680f8685379 4b8e832326ad42cba5643ac9db95fd67 dfeee59a2cd846cda6af42dcdc4e344f - - default default] Successfully bumped revision number for resource 46995539-3f2e-43a0-a29d-32be0b6e3dcb (type: security_group_rules) to 0
2026-05-09 22:55:09.331 10 INFO neutron.db.ovn_revision_numbers_db [None req-f17de74b-7b1f-4f44-8674-2680f8685379 4b8e832326ad42cba5643ac9db95fd67 dfeee59a2cd846cda6af42dcdc4e344f - - default default] Successfully bumped revision number for resource e2240cdd-0d96-40ae-94cf-ab70cc4d19a0 (type: security_group_rules) to 0
2026-05-09 22:55:09.350 10 INFO neutron.wsgi [None req-f17de74b-7b1f-4f44-8674-2680f8685379 4b8e832326ad42cba5643ac9db95fd67 dfeee59a2cd846cda6af42dcdc4e344f - - default default] 10.0.0.214 "POST /v2.0/security-groups HTTP/1.1" status: 201 len: 1795 time: 0.1900110
2026-05-09 22:55:09.359 10 WARNING neutron_lib.context [None req-e37cba2c-dbd0-4aa5-8039-46ede2094568 4b8e832326ad42cba5643ac9db95fd67 dfeee59a2cd846cda6af42dcdc4e344f - - default default] Method 'is_advsvc' is deprecated since 2023.2 release (neutron-lib 3.8.0) and will be removed once support for the old RBAC API policies will be removed from Neutron. Please use method 'is_service_role' instead.
2026-05-09 22:55:09.461 9 WARNING neutron.scheduler.dhcp_agent_scheduler [None req-351a4fb0-af9c-4c5a-9ea6-282768eb86d3 b726ff85fc4a4580bc8e82df3de870e9 375e80cae03944d68a71935d309ab8c1 - - default default] No more DHCP agents
2026-05-09 22:55:09.463 9 WARNING neutron.api.rpc.agentnotifiers.dhcp_rpc_agent_api [None req-351a4fb0-af9c-4c5a-9ea6-282768eb86d3 b726ff85fc4a4580bc8e82df3de870e9 375e80cae03944d68a71935d309ab8c1 - - default default] Unable to schedule network c3a6db3a-1ee0-48d3-bcfd-a0e7e0d04b65: no agents available; will retry on subsequent port and subnet creation events.
2026-05-09 22:55:09.487 10 INFO neutron.db.ovn_revision_numbers_db [None req-e37cba2c-dbd0-4aa5-8039-46ede2094568 4b8e832326ad42cba5643ac9db95fd67 dfeee59a2cd846cda6af42dcdc4e344f - - default default] Successfully bumped revision number for resource 2f2e5a15-3036-41ad-843b-9bd6341b1efc (type: security_group_rules) to 0
2026-05-09 22:55:09.512 10 INFO neutron.wsgi [None req-e37cba2c-dbd0-4aa5-8039-46ede2094568 4b8e832326ad42cba5643ac9db95fd67 dfeee59a2cd846cda6af42dcdc4e344f - - default default] 10.0.0.214 "POST /v2.0/security-group-rules HTTP/1.1" status: 201 len: 764 time: 0.1568675
2026-05-09 22:55:09.528 10 WARNING neutron_lib.context [None req-506a78fe-f20c-4511-84b3-96af3badce54 4b8e832326ad42cba5643ac9db95fd67 dfeee59a2cd846cda6af42dcdc4e344f - - default default] Method 'is_advsvc' is deprecated since 2023.2 release (neutron-lib 3.8.0) and will be removed once support for the old RBAC API policies will be removed from Neutron. Please use method 'is_service_role' instead.
2026-05-09 22:55:09.549 9 INFO neutron.db.ovn_revision_numbers_db [None req-351a4fb0-af9c-4c5a-9ea6-282768eb86d3 b726ff85fc4a4580bc8e82df3de870e9 375e80cae03944d68a71935d309ab8c1 - - default default] Successfully bumped revision number for resource 18e24662-d24b-4b0d-bff0-f6bed32a2b2c (type: ports) to 1
2026-05-09 22:55:09.570 9 INFO neutron.wsgi [None req-351a4fb0-af9c-4c5a-9ea6-282768eb86d3 b726ff85fc4a4580bc8e82df3de870e9 375e80cae03944d68a71935d309ab8c1 - - default default] 10.0.0.214 "POST /v2.0/networks HTTP/1.1" status: 201 len: 847 time: 0.5772860
2026-05-09 22:55:09.650 10 INFO neutron.db.ovn_revision_numbers_db [None req-506a78fe-f20c-4511-84b3-96af3badce54 4b8e832326ad42cba5643ac9db95fd67 dfeee59a2cd846cda6af42dcdc4e344f - - default default] Successfully bumped revision number for resource 9ec7abe9-8708-466b-b1a4-6e288af95dd3 (type: security_group_rules) to 0
2026-05-09 22:55:09.676 10 INFO neutron.wsgi [None req-506a78fe-f20c-4511-84b3-96af3badce54 4b8e832326ad42cba5643ac9db95fd67 dfeee59a2cd846cda6af42dcdc4e344f - - default default] 10.0.0.214 "POST /v2.0/security-group-rules HTTP/1.1" status: 201 len: 769 time: 0.1555238
2026-05-09 22:55:09.687 9 WARNING neutron_lib.context [None req-f1815bf0-5669-4963-bf2c-112023a8ea21 4b8e832326ad42cba5643ac9db95fd67 dfeee59a2cd846cda6af42dcdc4e344f - - default default] Method 'is_advsvc' is deprecated since 2023.2 release (neutron-lib 3.8.0) and will be removed once support for the old RBAC API policies will be removed from Neutron. Please use method 'is_service_role' instead.
2026-05-09 22:55:09.787 9 INFO neutron.db.ovn_revision_numbers_db [None req-30c469a7-172d-4e00-a4ff-24d6e6042421 b726ff85fc4a4580bc8e82df3de870e9 375e80cae03944d68a71935d309ab8c1 - - default default] Successfully bumped revision number for resource c3a6db3a-1ee0-48d3-bcfd-a0e7e0d04b65 (type: networks) to 2
2026-05-09 22:55:09.792 9 INFO neutron.wsgi [None req-30c469a7-172d-4e00-a4ff-24d6e6042421 b726ff85fc4a4580bc8e82df3de870e9 375e80cae03944d68a71935d309ab8c1 - - default default] 10.0.0.214 "PUT /v2.0/networks/c3a6db3a-1ee0-48d3-bcfd-a0e7e0d04b65 HTTP/1.1" status: 200 len: 792 time: 0.2176220
2026-05-09 22:55:09.807 10 WARNING neutron_lib.context [None req-b7c827d4-5321-4600-9ac2-47fcbb814dcc b726ff85fc4a4580bc8e82df3de870e9 375e80cae03944d68a71935d309ab8c1 - - default default] Method 'is_advsvc' is deprecated since 2023.2 release (neutron-lib 3.8.0) and will be removed once support for the old RBAC API policies will be removed from Neutron. Please use method 'is_service_role' instead.
2026-05-09 22:55:09.981 9 WARNING neutron.scheduler.dhcp_agent_scheduler [None req-f1815bf0-5669-4963-bf2c-112023a8ea21 4b8e832326ad42cba5643ac9db95fd67 dfeee59a2cd846cda6af42dcdc4e344f - - default default] No more DHCP agents
2026-05-09 22:55:09.983 9 WARNING neutron.api.rpc.agentnotifiers.dhcp_rpc_agent_api [None req-f1815bf0-5669-4963-bf2c-112023a8ea21 4b8e832326ad42cba5643ac9db95fd67 dfeee59a2cd846cda6af42dcdc4e344f - - default default] Unable to schedule network 331ae174-097c-48c5-947d-49292eec1204: no agents available; will retry on subsequent port and subnet creation events.
2026-05-09 22:55:10.060 10 WARNING neutron.scheduler.dhcp_agent_scheduler [None req-b7c827d4-5321-4600-9ac2-47fcbb814dcc b726ff85fc4a4580bc8e82df3de870e9 375e80cae03944d68a71935d309ab8c1 - - default default] No more DHCP agents
2026-05-09 22:55:10.062 10 WARNING neutron.api.rpc.agentnotifiers.dhcp_rpc_agent_api [None req-b7c827d4-5321-4600-9ac2-47fcbb814dcc b726ff85fc4a4580bc8e82df3de870e9 375e80cae03944d68a71935d309ab8c1 - - default default] Unable to schedule network c3a6db3a-1ee0-48d3-bcfd-a0e7e0d04b65: no agents available; will retry on subsequent port and subnet creation events.
2026-05-09 22:55:10.097 10 INFO neutron.db.ovn_revision_numbers_db [None req-b7c827d4-5321-4600-9ac2-47fcbb814dcc b726ff85fc4a4580bc8e82df3de870e9 375e80cae03944d68a71935d309ab8c1 - - default default] Successfully bumped revision number for resource 6f746c53-0d3c-413e-94f0-78c6aa442373 (type: subnets) to 0
2026-05-09 22:55:10.118 10 INFO neutron.wsgi [None req-b7c827d4-5321-4600-9ac2-47fcbb814dcc b726ff85fc4a4580bc8e82df3de870e9 375e80cae03944d68a71935d309ab8c1 - - default default] 10.0.0.214 "POST /v2.0/subnets HTTP/1.1" status: 201 len: 821 time: 0.3196747
2026-05-09 22:55:10.246 9 WARNING neutron_lib.context [None req-9647c76f-5772-4d1c-b8ac-eb9bf0c8fc80 0bcb4dcccdac4d649e25d4b658eaf4f5 bb106121d9694416b5863dfbb0b00ede - - default default] Method 'is_advsvc' is deprecated since 2023.2 release (neutron-lib 3.8.0) and will be removed once support for the old RBAC API policies will be removed from Neutron. Please use method 'is_service_role' instead.
2026-05-09 22:55:10.292 9 INFO neutron.db.ovn_revision_numbers_db [None req-330b43a7-ebb6-449c-88ad-ddd557aeef33 8df602c576ed4eb7a388b6ec3d9f6864 b51fdf18aad844e4af18a455445db30d - - default default] Successfully bumped revision number for resource 42b305ce-5964-4958-b5c9-ba2681c7bcd1 (type: security_groups) to 1
2026-05-09 22:55:10.313 9 INFO neutron.db.ovn_revision_numbers_db [None req-330b43a7-ebb6-449c-88ad-ddd557aeef33 8df602c576ed4eb7a388b6ec3d9f6864 b51fdf18aad844e4af18a455445db30d - - default default] Successfully bumped revision number for resource 1c7de6f8-cdad-4c77-8b36-06d44765f74b (type: security_group_rules) to 0
