2026-05-09 22:54:54.877 9 INFO neutron.wsgi [None req-0cb98c98-c60c-46ff-b5d5-14213dfe8747 279fedf919904d69a78fb4a0dc1fd58d 1349433dc52d4b8ab7721403530b2a3d - - default default] 10.0.0.214 "POST /v2.0/networks HTTP/1.1" status: 201 len: 853 time: 1.3179467
2026-05-09 22:54:54.878 9 INFO neutron.db.ovn_revision_numbers_db [None req-972956f9-9236-45ac-8dd2-d1b930d5df0a aa23345103f64ce183933b5a420ceeaa 006b9636cccb40e38ff0f2ee90830c6a - - default default] Successfully bumped revision number for resource 5ea82ce5-c866-49b0-8401-2a6cbf9cf425 (type: security_group_rules) to 0
2026-05-09 22:54:54.890 10 WARNING neutron_lib.context [None req-5726f88e-478c-4532-8b32-691d951e0ece 279fedf919904d69a78fb4a0dc1fd58d 1349433dc52d4b8ab7721403530b2a3d - - default default] Method 'is_advsvc' is deprecated since 2023.2 release (neutron-lib 3.8.0) and will be removed once support for the old RBAC API policies will be removed from Neutron. Please use method 'is_service_role' instead.
2026-05-09 22:54:54.903 9 INFO neutron.db.ovn_revision_numbers_db [None req-972956f9-9236-45ac-8dd2-d1b930d5df0a aa23345103f64ce183933b5a420ceeaa 006b9636cccb40e38ff0f2ee90830c6a - - default default] Successfully bumped revision number for resource a28db8ee-a148-4ad4-985a-8cbd43064633 (type: security_group_rules) to 0
2026-05-09 22:54:54.918 9 INFO neutron.db.ovn_revision_numbers_db [None req-972956f9-9236-45ac-8dd2-d1b930d5df0a aa23345103f64ce183933b5a420ceeaa 006b9636cccb40e38ff0f2ee90830c6a - - default default] Successfully bumped revision number for resource c66d7733-1337-4d65-9aa8-4f9f2f2770d2 (type: security_group_rules) to 0
2026-05-09 22:54:54.988 10 INFO neutron.db.segments_db [None req-5726f88e-478c-4532-8b32-691d951e0ece 279fedf919904d69a78fb4a0dc1fd58d 1349433dc52d4b8ab7721403530b2a3d - - default default] Added segment 2841f5b4-2e08-4539-8893-553c99010bd1 of type geneve for network 7a33e997-1e83-4a96-b5ae-d8fbf4cead70
2026-05-09 22:54:54.999 9 INFO neutron.db.segments_db [None req-972956f9-9236-45ac-8dd2-d1b930d5df0a aa23345103f64ce183933b5a420ceeaa 006b9636cccb40e38ff0f2ee90830c6a - - default default] Added segment 730ce597-e633-408c-a527-dc298c89151e of type geneve for network 1f88b44a-29a6-4863-b518-519832b5805b
2026-05-09 22:54:55.165 9 INFO neutron.db.ovn_revision_numbers_db [None req-972956f9-9236-45ac-8dd2-d1b930d5df0a aa23345103f64ce183933b5a420ceeaa 006b9636cccb40e38ff0f2ee90830c6a - - default default] Successfully bumped revision number for resource 1f88b44a-29a6-4863-b518-519832b5805b (type: networks) to 1
2026-05-09 22:54:55.293 9 INFO neutron.notifiers.nova [-] Nova event matching ['req-918972d2-36de-4b12-9922-321641db7520'] response: {'server_uuid': '10864ff9-ecc1-4851-84b6-5a412011814a', 'name': 'network-vif-unplugged', 'status': 'completed', 'tag': 'b2a2cd5b-91d0-48a6-bdd9-4432253314e7', 'code': 200}
2026-05-09 22:54:55.293 9 INFO neutron.notifiers.nova [-] Nova event matching ['req-918972d2-36de-4b12-9922-321641db7520'] response: {'server_uuid': '10864ff9-ecc1-4851-84b6-5a412011814a', 'name': 'network-vif-plugged', 'status': 'completed', 'tag': 'b2a2cd5b-91d0-48a6-bdd9-4432253314e7', 'code': 200}
2026-05-09 22:54:55.365 9 WARNING neutron.scheduler.dhcp_agent_scheduler [None req-972956f9-9236-45ac-8dd2-d1b930d5df0a aa23345103f64ce183933b5a420ceeaa 006b9636cccb40e38ff0f2ee90830c6a - - default default] No more DHCP agents
2026-05-09 22:54:55.367 9 WARNING neutron.api.rpc.agentnotifiers.dhcp_rpc_agent_api [None req-972956f9-9236-45ac-8dd2-d1b930d5df0a aa23345103f64ce183933b5a420ceeaa 006b9636cccb40e38ff0f2ee90830c6a - - default default] Unable to schedule network 1f88b44a-29a6-4863-b518-519832b5805b: no agents available; will retry on subsequent port and subnet creation events.
2026-05-09 22:54:55.375 10 INFO neutron.db.ovn_revision_numbers_db [None req-5726f88e-478c-4532-8b32-691d951e0ece 279fedf919904d69a78fb4a0dc1fd58d 1349433dc52d4b8ab7721403530b2a3d - - default default] Successfully bumped revision number for resource 7a33e997-1e83-4a96-b5ae-d8fbf4cead70 (type: networks) to 1
2026-05-09 22:54:55.452 9 INFO neutron.db.ovn_revision_numbers_db [None req-972956f9-9236-45ac-8dd2-d1b930d5df0a aa23345103f64ce183933b5a420ceeaa 006b9636cccb40e38ff0f2ee90830c6a - - default default] Successfully bumped revision number for resource dbda8bec-af99-4d14-9aeb-689a100844bb (type: ports) to 1
2026-05-09 22:54:55.491 9 INFO neutron.wsgi [None req-972956f9-9236-45ac-8dd2-d1b930d5df0a aa23345103f64ce183933b5a420ceeaa 006b9636cccb40e38ff0f2ee90830c6a - - default default] 10.0.0.214 "POST /v2.0/networks HTTP/1.1" status: 201 len: 843 time: 1.3413961
2026-05-09 22:54:55.504 9 WARNING neutron_lib.context [None req-a0aad657-7886-4ead-8be6-145d5e6c286c aa23345103f64ce183933b5a420ceeaa 006b9636cccb40e38ff0f2ee90830c6a - - default default] Method 'is_advsvc' is deprecated since 2023.2 release (neutron-lib 3.8.0) and will be removed once support for the old RBAC API policies will be removed from Neutron. Please use method 'is_service_role' instead.
2026-05-09 22:54:55.555 10 WARNING neutron.scheduler.dhcp_agent_scheduler [None req-5726f88e-478c-4532-8b32-691d951e0ece 279fedf919904d69a78fb4a0dc1fd58d 1349433dc52d4b8ab7721403530b2a3d - - default default] No more DHCP agents
2026-05-09 22:54:55.558 10 WARNING neutron.api.rpc.agentnotifiers.dhcp_rpc_agent_api [None req-5726f88e-478c-4532-8b32-691d951e0ece 279fedf919904d69a78fb4a0dc1fd58d 1349433dc52d4b8ab7721403530b2a3d - - default default] Unable to schedule network 7a33e997-1e83-4a96-b5ae-d8fbf4cead70: no agents available; will retry on subsequent port and subnet creation events.
2026-05-09 22:54:55.651 10 INFO neutron.db.ovn_revision_numbers_db [None req-5726f88e-478c-4532-8b32-691d951e0ece 279fedf919904d69a78fb4a0dc1fd58d 1349433dc52d4b8ab7721403530b2a3d - - default default] Successfully bumped revision number for resource 4d1f700e-a3d8-4d92-bae9-f447f7e1105b (type: ports) to 1
2026-05-09 22:54:55.688 10 INFO neutron.wsgi [None req-5726f88e-478c-4532-8b32-691d951e0ece 279fedf919904d69a78fb4a0dc1fd58d 1349433dc52d4b8ab7721403530b2a3d - - default default] 10.0.0.214 "POST /v2.0/networks HTTP/1.1" status: 201 len: 853 time: 0.8056226
2026-05-09 22:54:55.699 10 WARNING neutron_lib.context [None req-d4c107f4-e111-441f-841d-570ac1cd8b34 279fedf919904d69a78fb4a0dc1fd58d 1349433dc52d4b8ab7721403530b2a3d - - default default] Method 'is_advsvc' is deprecated since 2023.2 release (neutron-lib 3.8.0) and will be removed once support for the old RBAC API policies will be removed from Neutron. Please use method 'is_service_role' instead.
2026-05-09 22:54:55.730 10 INFO neutron.wsgi [req-c2c68cef-4fdf-40ed-980f-be3b3fc08ceb req-eb051595-fe8b-42ad-bc7e-0970ff1be705 b838a384d4b7466984086bf1cfd795ef 4d2c77d497144d649b1dcd61203d08a0 - - default default] 10.0.0.106 "GET /v2.0/ports?device_id=fbc38aa5-ddae-4d1c-9bbb-486df122e57b HTTP/1.1" status: 200 len: 1170 time: 0.1179869
2026-05-09 22:54:55.745 10 WARNING neutron_lib.context [None req-d4c107f4-e111-441f-841d-570ac1cd8b34 279fedf919904d69a78fb4a0dc1fd58d 1349433dc52d4b8ab7721403530b2a3d - - default default] Method 'is_advsvc' is deprecated since 2023.2 release (neutron-lib 3.8.0) and will be removed once support for the old RBAC API policies will be removed from Neutron. Please use method 'is_service_role' instead.
2026-05-09 22:54:55.770 9 WARNING neutron.scheduler.dhcp_agent_scheduler [None req-a0aad657-7886-4ead-8be6-145d5e6c286c aa23345103f64ce183933b5a420ceeaa 006b9636cccb40e38ff0f2ee90830c6a - - default default] No more DHCP agents
2026-05-09 22:54:55.772 9 WARNING neutron.api.rpc.agentnotifiers.dhcp_rpc_agent_api [None req-a0aad657-7886-4ead-8be6-145d5e6c286c aa23345103f64ce183933b5a420ceeaa 006b9636cccb40e38ff0f2ee90830c6a - - default default] Unable to schedule network 1f88b44a-29a6-4863-b518-519832b5805b: no agents available; will retry on subsequent port and subnet creation events.
2026-05-09 22:54:55.791 10 INFO neutron.wsgi [req-c2c68cef-4fdf-40ed-980f-be3b3fc08ceb req-22894aa8-033b-4962-a017-1a5c4bf7163c b838a384d4b7466984086bf1cfd795ef 4d2c77d497144d649b1dcd61203d08a0 - - default default] 10.0.0.106 "GET /v2.0/security-groups?id=d8ecfb68-4fbd-4ee6-943d-f25884d84f94&fields=id&fields=name HTTP/1.1" status: 200 len: 311 time: 0.0532165
2026-05-09 22:54:55.870 9 INFO neutron.db.ovn_revision_numbers_db [None req-a0aad657-7886-4ead-8be6-145d5e6c286c aa23345103f64ce183933b5a420ceeaa 006b9636cccb40e38ff0f2ee90830c6a - - default default] Successfully bumped revision number for resource 534b1bae-31d0-4f34-a09a-94c15fd2ea13 (type: ports) to 1
2026-05-09 22:54:55.898 9 INFO neutron.wsgi [None req-a0aad657-7886-4ead-8be6-145d5e6c286c aa23345103f64ce183933b5a420ceeaa 006b9636cccb40e38ff0f2ee90830c6a - - default default] 10.0.0.214 "POST /v2.0/ports HTTP/1.1" status: 201 len: 974 time: 0.3995426 /var/lib/openstack/lib/python3.10/site-packages/pycadf/identifier.py:71: UserWarning: Invalid uuid: neutron. To ensure interoperability, identifiers should be a valid uuid. warnings.warn(('Invalid uuid: %s. To ensure interoperability, '
2026-05-09 22:54:55.906 9 WARNING neutron_lib.context [None req-3269a0d5-091f-439a-91a1-8ff8e25e1048 aa23345103f64ce183933b5a420ceeaa 006b9636cccb40e38ff0f2ee90830c6a - - default default] Method 'is_advsvc' is deprecated since 2023.2 release (neutron-lib 3.8.0) and will be removed once support for the old RBAC API policies will be removed from Neutron. Please use method 'is_service_role' instead.
2026-05-09 22:54:55.926 10 INFO neutron.wsgi [req-32a68881-c3b4-4b37-90dc-6c7330fe64a8 req-2be9abba-eb9b-459d-baf0-d029c1c77aa6 b838a384d4b7466984086bf1cfd795ef 4d2c77d497144d649b1dcd61203d08a0 - - default default] 10.0.0.106 "GET /v2.0/ports?device_id=fbc38aa5-ddae-4d1c-9bbb-486df122e57b HTTP/1.1" status: 200 len: 1170 time: 0.0593588
2026-05-09 22:54:56.015 9 INFO neutron.db.segments_db [None req-3269a0d5-091f-439a-91a1-8ff8e25e1048 aa23345103f64ce183933b5a420ceeaa 006b9636cccb40e38ff0f2ee90830c6a - - default default] Added segment 76ee255f-ff43-4d35-94dc-689b64aa58cc of type geneve for network e2b4b44d-1e0d-4f17-bfda-a00ab1f1a76f
2026-05-09 22:54:56.031 10 INFO neutron.wsgi [None req-692545f7-fce4-4b9d-9641-327b2f7e7b8e d4562f01777744b295a7be1d84ed1cc3 b8079c7034a44764a84922c905a8f278 - - default default] 10.0.0.214 "DELETE /v2.0/security-groups/92be4d68-4404-4c26-ac7d-b97af927282c HTTP/1.1" status: 204 len: 168 time: 0.1938655
2026-05-09 22:54:56.061 10 INFO neutron.api.v2.resource [None req-b683b7d9-730d-421c-9fa7-a25831ecdca7 d4562f01777744b295a7be1d84ed1cc3 b8079c7034a44764a84922c905a8f278 - - default default] show failed (client error): The resource could not be found.
2026-05-09 22:54:56.063 10 INFO neutron.wsgi [None req-b683b7d9-730d-421c-9fa7-a25831ecdca7 d4562f01777744b295a7be1d84ed1cc3 b8079c7034a44764a84922c905a8f278 - - default default] 10.0.0.214 "GET /v2.0/security-groups/92be4d68-4404-4c26-ac7d-b97af927282c HTTP/1.1" status: 404 len: 347 time: 0.0267558
2026-05-09 22:54:56.209 9 INFO neutron.db.ovn_revision_numbers_db [None req-3269a0d5-091f-439a-91a1-8ff8e25e1048 aa23345103f64ce183933b5a420ceeaa 006b9636cccb40e38ff0f2ee90830c6a - - default default] Successfully bumped revision number for resource e2b4b44d-1e0d-4f17-bfda-a00ab1f1a76f (type: networks) to 1
2026-05-09 22:54:56.263 9 INFO neutron.db.l3_db [None req-509a2807-e0a3-47cf-be59-514ed4c2635b b838a384d4b7466984086bf1cfd795ef 4d2c77d497144d649b1dcd61203d08a0 - - default default] Floating IP 58d4e6d4-1157-47f8-8caa-069a0be3e3db associated. External IP: 10.96.250.203, port: 48eccb48-21b4-4ae8-a2fe-fb0314ffcd49.
2026-05-09 22:54:56.298 10 WARNING neutron.scheduler.dhcp_agent_scheduler [None req-d4c107f4-e111-441f-841d-570ac1cd8b34 279fedf919904d69a78fb4a0dc1fd58d 1349433dc52d4b8ab7721403530b2a3d - - default default] No more DHCP agents
2026-05-09 22:54:56.302 10 WARNING neutron.api.rpc.agentnotifiers.dhcp_rpc_agent_api [None req-d4c107f4-e111-441f-841d-570ac1cd8b34 279fedf919904d69a78fb4a0dc1fd58d 1349433dc52d4b8ab7721403530b2a3d - - default default] Unable to schedule network 12419a35-00ba-4aa9-bbc7-f73ada3442b3: no agents available; will retry on subsequent port and subnet creation events.
2026-05-09 22:54:56.419 10 INFO neutron.db.ovn_revision_numbers_db [None req-d4c107f4-e111-441f-841d-570ac1cd8b34 279fedf919904d69a78fb4a0dc1fd58d 1349433dc52d4b8ab7721403530b2a3d - - default default] Successfully bumped revision number for resource a011fee1-b04a-4182-ae30-f8a73c3ae870 (type: ports) to 1
2026-05-09 22:54:56.433 10 INFO neutron.notifiers.nova [-] Nova event matching ['req-adffce1d-417f-4853-8099-95ae93c4076e'] response: {'server_uuid': 'fbc38aa5-ddae-4d1c-9bbb-486df122e57b', 'name': 'network-vif-plugged', 'status': 'completed', 'tag': '48eccb48-21b4-4ae8-a2fe-fb0314ffcd49', 'code': 200}
2026-05-09 22:54:56.433 10 INFO neutron.notifiers.nova [-] Nova event matching ['req-adffce1d-417f-4853-8099-95ae93c4076e'] response: {'server_uuid': '10864ff9-ecc1-4851-84b6-5a412011814a', 'name': 'network-vif-deleted', 'tag': 'b2a2cd5b-91d0-48a6-bdd9-4432253314e7', 'status': 'completed', 'code': 200}
2026-05-09 22:54:56.463 10 WARNING neutron.scheduler.dhcp_agent_scheduler [None req-d4c107f4-e111-441f-841d-570ac1cd8b34 279fedf919904d69a78fb4a0dc1fd58d 1349433dc52d4b8ab7721403530b2a3d - - default default] No more DHCP agents
2026-05-09 22:54:56.468 10 WARNING neutron.api.rpc.agentnotifiers.dhcp_rpc_agent_api [None req-d4c107f4-e111-441f-841d-570ac1cd8b34 279fedf919904d69a78fb4a0dc1fd58d 1349433dc52d4b8ab7721403530b2a3d - - default default] Unable to schedule network 7a33e997-1e83-4a96-b5ae-d8fbf4cead70: no agents available; will retry on subsequent port and subnet creation events.
2026-05-09 22:54:56.472 9 WARNING neutron.scheduler.dhcp_agent_scheduler [None req-3269a0d5-091f-439a-91a1-8ff8e25e1048 aa23345103f64ce183933b5a420ceeaa 006b9636cccb40e38ff0f2ee90830c6a - - default default] No more DHCP agents
2026-05-09 22:54:56.481 9 WARNING neutron.api.rpc.agentnotifiers.dhcp_rpc_agent_api [None req-3269a0d5-091f-439a-91a1-8ff8e25e1048 aa23345103f64ce183933b5a420ceeaa 006b9636cccb40e38ff0f2ee90830c6a - - default default] Unable to schedule network e2b4b44d-1e0d-4f17-bfda-a00ab1f1a76f: no agents available; will retry on subsequent port and subnet creation events.
2026-05-09 22:54:56.506 10 INFO neutron.wsgi [None req-a1d93c10-4236-4061-b11e-bf7a348c06d6 d4562f01777744b295a7be1d84ed1cc3 b8079c7034a44764a84922c905a8f278 - - default default] 10.0.0.214 "DELETE /v2.0/floatingips/2be81bd2-ff23-4426-be1f-95bb46dcbc1c HTTP/1.1" status: 204 len: 168 time: 0.4377613
2026-05-09 22:54:56.558 10 INFO neutron.db.ovn_revision_numbers_db [None req-d4c107f4-e111-441f-841d-570ac1cd8b34 279fedf919904d69a78fb4a0dc1fd58d 1349433dc52d4b8ab7721403530b2a3d - - default default] Successfully bumped revision number for resource da635b67-003d-4f10-9000-a980327bf709 (type: ports) to 1
2026-05-09 22:54:56.591 10 INFO neutron.wsgi [None req-d4c107f4-e111-441f-841d-570ac1cd8b34 279fedf919904d69a78fb4a0dc1fd58d 1349433dc52d4b8ab7721403530b2a3d - - default default] 10.0.0.214 "POST /v2.0/ports HTTP/1.1" status: 201 len: 1705 time: 0.8977852 /var/lib/openstack/lib/python3.10/site-packages/pycadf/identifier.py:71: UserWarning: Invalid uuid: neutron. To ensure interoperability, identifiers should be a valid uuid. warnings.warn(('Invalid uuid: %s. To ensure interoperability, '
2026-05-09 22:54:56.598 9 INFO neutron.db.ovn_revision_numbers_db [None req-509a2807-e0a3-47cf-be59-514ed4c2635b b838a384d4b7466984086bf1cfd795ef 4d2c77d497144d649b1dcd61203d08a0 - - default default] Successfully bumped revision number for resource 58d4e6d4-1157-47f8-8caa-069a0be3e3db (type: floatingips) to 1
2026-05-09 22:54:56.629 9 INFO neutron.db.ovn_revision_numbers_db [None req-3269a0d5-091f-439a-91a1-8ff8e25e1048 aa23345103f64ce183933b5a420ceeaa 006b9636cccb40e38ff0f2ee90830c6a - - default default] Successfully bumped revision number for resource 1842087b-9ff0-4873-8d0a-9bee5ec11217 (type: ports) to 1
2026-05-09 22:54:56.652 9 INFO neutron.wsgi [None req-3269a0d5-091f-439a-91a1-8ff8e25e1048 aa23345103f64ce183933b5a420ceeaa 006b9636cccb40e38ff0f2ee90830c6a - - default default] 10.0.0.214 "POST /v2.0/networks HTTP/1.1" status: 201 len: 831 time: 0.7488067 /var/lib/openstack/lib/python3.10/site-packages/pycadf/identifier.py:71: UserWarning: Invalid uuid: neutron. To ensure interoperability, identifiers should be a valid uuid. warnings.warn(('Invalid uuid: %s. To ensure interoperability, '
2026-05-09 22:54:56.666 9 WARNING neutron_lib.context [None req-78f93256-32b1-49fc-939d-44b433c3c168 aa23345103f64ce183933b5a420ceeaa 006b9636cccb40e38ff0f2ee90830c6a - - default default] Method 'is_advsvc' is deprecated since 2023.2 release (neutron-lib 3.8.0) and will be removed once support for the old RBAC API policies will be removed from Neutron. Please use method 'is_service_role' instead.
2026-05-09 22:54:56.765 10 INFO neutron.wsgi [None req-c13f5b54-c2e5-47f8-aa1f-71a3ff1944d0 279fedf919904d69a78fb4a0dc1fd58d 1349433dc52d4b8ab7721403530b2a3d - - default default] 10.0.0.214 "GET /v2.0/ports HTTP/1.1" status: 200 len: 3212 time: 0.1687582
2026-05-09 22:54:56.786 9 INFO neutron.db.ovn_revision_numbers_db [None req-509a2807-e0a3-47cf-be59-514ed4c2635b b838a384d4b7466984086bf1cfd795ef 4d2c77d497144d649b1dcd61203d08a0 - - default default] Successfully bumped revision number for resource 58d4e6d4-1157-47f8-8caa-069a0be3e3db (type: floatingips) to 2
2026-05-09 22:54:57.071 9 INFO neutron.wsgi [None req-509a2807-e0a3-47cf-be59-514ed4c2635b b838a384d4b7466984086bf1cfd795ef 4d2c77d497144d649b1dcd61203d08a0 - - default default] 10.0.0.214 "PUT /v2.0/floatingips/58d4e6d4-1157-47f8-8caa-069a0be3e3db HTTP/1.1" status: 200 len: 1049 time: 1.1294396
2026-05-09 22:54:57.074 10 INFO neutron.wsgi [None req-ad3a4d9f-706b-44b8-9a7f-c48d2ac54d41 279fedf919904d69a78fb4a0dc1fd58d 1349433dc52d4b8ab7721403530b2a3d - - default default] 10.0.0.214 "DELETE /v2.0/ports/a011fee1-b04a-4182-ae30-f8a73c3ae870 HTTP/1.1" status: 204 len: 168 time: 0.2988255
2026-05-09 22:54:57.155 10 INFO neutron.wsgi [req-83d7c198-31dd-4a01-a989-e6f48f634462 req-4e81d002-1309-4ad8-9844-a5030fd21bc4 b838a384d4b7466984086bf1cfd795ef 4d2c77d497144d649b1dcd61203d08a0 - - default default] 10.0.0.106 "GET /v2.0/ports?device_id=fbc38aa5-ddae-4d1c-9bbb-486df122e57b HTTP/1.1" status: 200 len: 1170 time: 0.0347011
2026-05-09 22:54:57.214 10 INFO neutron.wsgi [req-83d7c198-31dd-4a01-a989-e6f48f634462 req-51d1950b-4139-48a2-a0c4-54068d28cb1c b838a384d4b7466984086bf1cfd795ef 4d2c77d497144d649b1dcd61203d08a0 - - default default] 10.0.0.106 "GET /v2.0/security-groups?id=d8ecfb68-4fbd-4ee6-943d-f25884d84f94&fields=id&fields=name HTTP/1.1" status: 200 len: 311 time: 0.0461786
2026-05-09 22:54:57.239 9 WARNING neutron.scheduler.dhcp_agent_scheduler [None req-78f93256-32b1-49fc-939d-44b433c3c168 aa23345103f64ce183933b5a420ceeaa 006b9636cccb40e38ff0f2ee90830c6a - - default default] No more DHCP agents
2026-05-09 22:54:57.243 9 WARNING neutron.api.rpc.agentnotifiers.dhcp_rpc_agent_api [None req-78f93256-32b1-49fc-939d-44b433c3c168 aa23345103f64ce183933b5a420ceeaa 006b9636cccb40e38ff0f2ee90830c6a - - default default] Unable to schedule network e2b4b44d-1e0d-4f17-bfda-a00ab1f1a76f: no agents available; will retry on subsequent port and subnet creation events.
2026-05-09 22:54:57.332 9 INFO neutron.notifiers.nova [-] Nova event matching ['req-eeab3030-457c-4449-ac3b-b983c555a282'] response: {'name': 'network-changed', 'server_uuid': 'fbc38aa5-ddae-4d1c-9bbb-486df122e57b', 'tag': '48eccb48-21b4-4ae8-a2fe-fb0314ffcd49', 'status': 'completed', 'code': 200}
2026-05-09 22:54:57.440 9 INFO neutron.wsgi [req-229c6512-2638-479f-8b62-4c57d0fe259d req-2df5cde1-978a-442b-82a1-bdfa1c21af2d 85346ff96472477b85427d9835cf6455 a87c074d5f924c5685712dc6e41e38b3 - - 6c1a401fdf844f518769ed403dc14c20 6c1a401fdf844f518769ed403dc14c20] 199.204.45.35 "GET /v2.0/ports?tenant_id=4d2c77d497144d649b1dcd61203d08a0&device_id=fbc38aa5-ddae-4d1c-9bbb-486df122e57b HTTP/1.1" status: 200 len: 1409 time: 0.0740666
2026-05-09 22:54:57.492 9 INFO neutron.wsgi [None req-7e9fdd76-d5a3-4c89-8203-4eb9643c440d 279fedf919904d69a78fb4a0dc1fd58d 1349433dc52d4b8ab7721403530b2a3d - - default default] 10.0.0.214 "DELETE /v2.0/ports/da635b67-003d-4f10-9000-a980327bf709 HTTP/1.1" status: 204 len: 168 time: 0.4088502
2026-05-09 22:54:57.528 9 INFO neutron.wsgi [req-229c6512-2638-479f-8b62-4c57d0fe259d req-9818add1-c9e1-44c3-87e7-c91cd551978a 85346ff96472477b85427d9835cf6455 a87c074d5f924c5685712dc6e41e38b3 - - 6c1a401fdf844f518769ed403dc14c20 6c1a401fdf844f518769ed403dc14c20] 199.204.45.35 "GET /v2.0/networks?id=2e0a6b08-21ef-4a17-b1ac-be89de65988c HTTP/1.1" status: 200 len: 967 time: 0.0829458
2026-05-09 22:54:57.580 10 INFO neutron.wsgi [None req-fbd295d1-3413-4f7a-9c2f-ec7685c79d08 279fedf919904d69a78fb4a0dc1fd58d 1349433dc52d4b8ab7721403530b2a3d - - default default] 10.0.0.214 "GET /v2.0/ports HTTP/1.1" status: 200 len: 1718 time: 0.0801916
2026-05-09 22:54:57.599 9 INFO neutron.wsgi [req-229c6512-2638-479f-8b62-4c57d0fe259d req-d0f6660e-fafd-4225-9909-54b29037e587 85346ff96472477b85427d9835cf6455 a87c074d5f924c5685712dc6e41e38b3 - - 6c1a401fdf844f518769ed403dc14c20 6c1a401fdf844f518769ed403dc14c20] 199.204.45.35 "GET /v2.0/floatingips?fixed_ip_address=10.100.0.3&port_id=48eccb48-21b4-4ae8-a2fe-fb0314ffcd49 HTTP/1.1" status: 200 len: 1059 time: 0.0655546
2026-05-09 22:54:57.604 10 WARNING neutron_lib.context [None req-2e5ff68c-6757-4925-8c65-0db915806db5 279fedf919904d69a78fb4a0dc1fd58d 1349433dc52d4b8ab7721403530b2a3d - - default default] Method 'is_advsvc' is deprecated since 2023.2 release (neutron-lib 3.8.0) and will be removed once support for the old RBAC API policies will be removed from Neutron. Please use method 'is_service_role' instead.
2026-05-09 22:54:57.613 10 INFO neutron.plugins.ml2.drivers.ovn.mech_driver.mech_driver [None req-cd05494e-96de-4e18-ab90-4c0885dfd4f5 - - - - - -] OVN reports status down for port: 48eccb48-21b4-4ae8-a2fe-fb0314ffcd49
2026-05-09 22:54:57.644 9 INFO neutron.wsgi [req-301cb851-22af-4147-aef3-43d453173bb8 req-5471b947-245b-4684-997f-e426e1e760f1 b838a384d4b7466984086bf1cfd795ef 4d2c77d497144d649b1dcd61203d08a0 - - default default] 10.0.0.106 "GET /v2.0/ports?device_id=fbc38aa5-ddae-4d1c-9bbb-486df122e57b HTTP/1.1" status: 200 len: 1170 time: 0.0714724
2026-05-09 22:54:57.670 9 INFO neutron.wsgi [req-229c6512-2638-479f-8b62-4c57d0fe259d req-1f6db0a1-9dac-4644-bd4e-3406b6a790c2 85346ff96472477b85427d9835cf6455 a87c074d5f924c5685712dc6e41e38b3 - - 6c1a401fdf844f518769ed403dc14c20 6c1a401fdf844f518769ed403dc14c20] 199.204.45.35 "GET /v2.0/subnets?id=801be60e-ae92-45ba-ab3b-076ffa15821e HTTP/1.1" status: 200 len: 862 time: 0.0609112
2026-05-09 22:54:57.701 9 INFO neutron.wsgi [req-229c6512-2638-479f-8b62-4c57d0fe259d req-1077ea62-90ec-49aa-a093-fdb1a9daa5aa 85346ff96472477b85427d9835cf6455 a87c074d5f924c5685712dc6e41e38b3 - - 6c1a401fdf844f518769ed403dc14c20 6c1a401fdf844f518769ed403dc14c20] 199.204.45.35 "GET /v2.0/ports?network_id=2e0a6b08-21ef-4a17-b1ac-be89de65988c&device_owner=network%3Adhcp HTTP/1.1" status: 200 len: 210 time: 0.0236995
2026-05-09 22:54:57.729 9 INFO neutron.wsgi [req-301cb851-22af-4147-aef3-43d453173bb8 req-23eb652d-151c-40fd-afc8-7acf7bae1679 b838a384d4b7466984086bf1cfd795ef 4d2c77d497144d649b1dcd61203d08a0 - - default default] 10.0.0.106 "GET /v2.0/security-groups?id=d8ecfb68-4fbd-4ee6-943d-f25884d84f94&fields=id&fields=name HTTP/1.1" status: 200 len: 311 time: 0.0750332
2026-05-09 22:54:57.765 10 INFO neutron.db.segments_db [None req-2e5ff68c-6757-4925-8c65-0db915806db5 279fedf919904d69a78fb4a0dc1fd58d 1349433dc52d4b8ab7721403530b2a3d - - default default] Added segment 44275d36-3c37-4733-9788-7c22c9edc779 of type geneve for network e9311512-64d4-41cd-9437-b165f0a539e9
2026-05-09 22:54:57.811 9 INFO neutron.wsgi [req-229c6512-2638-479f-8b62-4c57d0fe259d req-580aae2f-c0e2-4d48-8f5d-54318e94e312 85346ff96472477b85427d9835cf6455 a87c074d5f924c5685712dc6e41e38b3 - - 6c1a401fdf844f518769ed403dc14c20 6c1a401fdf844f518769ed403dc14c20] 199.204.45.35 "GET /v2.0/networks/2e0a6b08-21ef-4a17-b1ac-be89de65988c?fields=segments HTTP/1.1" status: 200 len: 212 time: 0.1008430
2026-05-09 22:54:57.895 9 INFO neutron.wsgi [req-229c6512-2638-479f-8b62-4c57d0fe259d req-4213b072-0e32-4963-a3c1-01059cac1f34 85346ff96472477b85427d9835cf6455 a87c074d5f924c5685712dc6e41e38b3 - - 6c1a401fdf844f518769ed403dc14c20 6c1a401fdf844f518769ed403dc14c20] 199.204.45.35 "GET /v2.0/networks/2e0a6b08-21ef-4a17-b1ac-be89de65988c?fields=provider%3Aphysical_network&fields=provider%3Anetwork_type HTTP/1.1" status: 200 len: 277 time: 0.0784760
2026-05-09 22:54:57.970 9 INFO neutron.wsgi [req-7b299a1f-f800-47ba-8a71-92ce18039c61 req-90fe081b-fd23-45e2-894f-a430539fbcff b838a384d4b7466984086bf1cfd795ef 4d2c77d497144d649b1dcd61203d08a0 - - default default] 199.204.45.35 "GET /v2.0/ports?device_id=fbc38aa5-ddae-4d1c-9bbb-486df122e57b HTTP/1.1" status: 200 len: 1168 time: 0.0392129
2026-05-09 22:54:57.991 10 INFO neutron.db.ovn_revision_numbers_db [None req-2e5ff68c-6757-4925-8c65-0db915806db5 279fedf919904d69a78fb4a0dc1fd58d 1349433dc52d4b8ab7721403530b2a3d - - default default] Successfully bumped revision number for resource e9311512-64d4-41cd-9437-b165f0a539e9 (type: networks) to 1
2026-05-09 22:54:58.054 10 INFO neutron.wsgi [None req-7afab813-e484-49be-a1b7-ed58bba24656 8df602c576ed4eb7a388b6ec3d9f6864 b51fdf18aad844e4af18a455445db30d - - default default] 10.0.0.214 "PUT /v2.0/routers/0e12d4c8-25b1-4145-8ce6-2a7c151b68b5/remove_router_interface HTTP/1.1" status: 200 len: 503 time: 1.4518392
2026-05-09 22:54:58.141 9 INFO neutron.db.ovn_revision_numbers_db [None req-78f93256-32b1-49fc-939d-44b433c3c168 aa23345103f64ce183933b5a420ceeaa 006b9636cccb40e38ff0f2ee90830c6a - - default default] Successfully bumped revision number for resource 1842087b-9ff0-4873-8d0a-9bee5ec11217 (type: ports) to 2
2026-05-09 22:54:58.174 10 INFO neutron.db.ovn_revision_numbers_db [None req-cd05494e-96de-4e18-ab90-4c0885dfd4f5 - - - - - -] Successfully bumped revision number for resource 48eccb48-21b4-4ae8-a2fe-fb0314ffcd49 (type: ports) to 5
2026-05-09 22:54:58.212 10 WARNING neutron.scheduler.dhcp_agent_scheduler [None req-2e5ff68c-6757-4925-8c65-0db915806db5 279fedf919904d69a78fb4a0dc1fd58d 1349433dc52d4b8ab7721403530b2a3d - - default default] No more DHCP agents
2026-05-09 22:54:58.215 10 WARNING neutron.api.rpc.agentnotifiers.dhcp_rpc_agent_api [None req-2e5ff68c-6757-4925-8c65-0db915806db5 279fedf919904d69a78fb4a0dc1fd58d 1349433dc52d4b8ab7721403530b2a3d - - default default] Unable to schedule network e9311512-64d4-41cd-9437-b165f0a539e9: no agents available; will retry on subsequent port and subnet creation events.
2026-05-09 22:54:58.243 9 INFO neutron.db.ovn_revision_numbers_db [None req-78f93256-32b1-49fc-939d-44b433c3c168 aa23345103f64ce183933b5a420ceeaa 006b9636cccb40e38ff0f2ee90830c6a - - default default] Successfully bumped revision number for resource 3fbdd1ad-d20f-46e0-82f3-f1a4f516ef06 (type: subnets) to 0
2026-05-09 22:54:58.289 9 INFO neutron.wsgi [None req-78f93256-32b1-49fc-939d-44b433c3c168 aa23345103f64ce183933b5a420ceeaa 006b9636cccb40e38ff0f2ee90830c6a - - default default] 10.0.0.214 "POST /v2.0/subnets HTTP/1.1" status: 201 len: 801 time: 1.6310835 /var/lib/openstack/lib/python3.10/site-packages/pycadf/identifier.py:71: UserWarning: Invalid uuid: neutron. To ensure interoperability, identifiers should be a valid uuid. warnings.warn(('Invalid uuid: %s. To ensure interoperability, '
2026-05-09 22:54:58.301 10 WARNING neutron_lib.context [None req-198c22c1-6560-4a3e-a962-530d664ad969 aa23345103f64ce183933b5a420ceeaa 006b9636cccb40e38ff0f2ee90830c6a - - default default] Method 'is_advsvc' is deprecated since 2023.2 release (neutron-lib 3.8.0) and will be removed once support for the old RBAC API policies will be removed from Neutron. Please use method 'is_service_role' instead.
2026-05-09 22:54:58.303 10 INFO neutron.db.ovn_revision_numbers_db [None req-2e5ff68c-6757-4925-8c65-0db915806db5 279fedf919904d69a78fb4a0dc1fd58d 1349433dc52d4b8ab7721403530b2a3d - - default default] Successfully bumped revision number for resource feb2d663-0535-4453-a791-de1f3b06e817 (type: ports) to 1
2026-05-09 22:54:58.335 10 INFO neutron.wsgi [None req-2e5ff68c-6757-4925-8c65-0db915806db5 279fedf919904d69a78fb4a0dc1fd58d 1349433dc52d4b8ab7721403530b2a3d - - default default] 10.0.0.214 "POST /v2.0/networks HTTP/1.1" status: 201 len: 853 time: 0.7358403
2026-05-09 22:54:58.347 10 WARNING neutron_lib.context [None req-d0fab875-8f06-4738-9e5d-7aee649f48b9 279fedf919904d69a78fb4a0dc1fd58d 1349433dc52d4b8ab7721403530b2a3d - - default default] Method 'is_advsvc' is deprecated since 2023.2 release (neutron-lib 3.8.0) and will be removed once support for the old RBAC API policies will be removed from Neutron. Please use method 'is_service_role' instead.
2026-05-09 22:54:58.679 10 INFO neutron.db.segments_db [None req-d0fab875-8f06-4738-9e5d-7aee649f48b9 279fedf919904d69a78fb4a0dc1fd58d 1349433dc52d4b8ab7721403530b2a3d - - default default] Added segment 242fc76c-49af-4cc0-a093-ea6cbf90637f of type geneve for network 628d7e59-1557-4aae-996f-c12411ec3eaa
2026-05-09 22:54:58.681 9 INFO neutron.db.l3_db [req-7b299a1f-f800-47ba-8a71-92ce18039c61 req-f2f048b3-f37d-4efc-b831-6e2a08260d90 b838a384d4b7466984086bf1cfd795ef 4d2c77d497144d649b1dcd61203d08a0 - - default default] Floating IP 58d4e6d4-1157-47f8-8caa-069a0be3e3db disassociated. External IP: 10.96.250.203, port: 48eccb48-21b4-4ae8-a2fe-fb0314ffcd49.
2026-05-09 22:54:58.722 10 INFO neutron.notifiers.nova [-] Nova event matching ['req-38d34617-37d2-4702-94b2-286e99fe9ae7'] response: {'server_uuid': 'fbc38aa5-ddae-4d1c-9bbb-486df122e57b', 'name': 'network-vif-unplugged', 'status': 'completed', 'tag': '48eccb48-21b4-4ae8-a2fe-fb0314ffcd49', 'code': 200}
2026-05-09 22:54:58.722 10 INFO neutron.notifiers.nova [-] Nova event matching ['req-38d34617-37d2-4702-94b2-286e99fe9ae7'] response: {'server_uuid': 'fbc38aa5-ddae-4d1c-9bbb-486df122e57b', 'name': 'network-vif-plugged', 'status': 'completed', 'tag': '48eccb48-21b4-4ae8-a2fe-fb0314ffcd49', 'code': 200} /var/lib/openstack/lib/python3.10/site-packages/pycadf/identifier.py:71: UserWarning: Invalid uuid: neutron. To ensure interoperability, identifiers should be a valid uuid. warnings.warn(('Invalid uuid: %s. To ensure interoperability, '
2026-05-09 22:54:58.868 10 INFO neutron.db.ovn_revision_numbers_db [None req-d0fab875-8f06-4738-9e5d-7aee649f48b9 279fedf919904d69a78fb4a0dc1fd58d 1349433dc52d4b8ab7721403530b2a3d - - default default] Successfully bumped revision number for resource 628d7e59-1557-4aae-996f-c12411ec3eaa (type: networks) to 1
2026-05-09 22:54:58.980 9 INFO neutron.wsgi [req-18ee8b55-d068-48a9-ab6a-1bdf4738b27e req-4e434797-b731-4823-ae50-11b4428e081f b838a384d4b7466984086bf1cfd795ef 4d2c77d497144d649b1dcd61203d08a0 - - default default] 10.0.0.106 "GET /v2.0/ports?device_id=fbc38aa5-ddae-4d1c-9bbb-486df122e57b HTTP/1.1" status: 200 len: 1168 time: 0.1556668
2026-05-09 22:54:59.040 10 WARNING neutron.scheduler.dhcp_agent_scheduler [None req-198c22c1-6560-4a3e-a962-530d664ad969 aa23345103f64ce183933b5a420ceeaa 006b9636cccb40e38ff0f2ee90830c6a - - default default] No more DHCP agents
2026-05-09 22:54:59.040 9 INFO neutron.wsgi [req-7b299a1f-f800-47ba-8a71-92ce18039c61 req-f2f048b3-f37d-4efc-b831-6e2a08260d90 b838a384d4b7466984086bf1cfd795ef 4d2c77d497144d649b1dcd61203d08a0 - - default default] 199.204.45.35 "DELETE /v2.0/ports/48eccb48-21b4-4ae8-a2fe-fb0314ffcd49 HTTP/1.1" status: 204 len: 173 time: 1.0627680
2026-05-09 22:54:59.043 10 WARNING neutron.api.rpc.agentnotifiers.dhcp_rpc_agent_api [None req-198c22c1-6560-4a3e-a962-530d664ad969 aa23345103f64ce183933b5a420ceeaa 006b9636cccb40e38ff0f2ee90830c6a - - default default] Unable to schedule network e2b4b44d-1e0d-4f17-bfda-a00ab1f1a76f: no agents available; will retry on subsequent port and subnet creation events.
2026-05-09 22:54:59.059 9 INFO neutron.wsgi [req-18ee8b55-d068-48a9-ab6a-1bdf4738b27e req-148334fd-5832-44ab-9a43-3e2e1a5d8c5c b838a384d4b7466984086bf1cfd795ef 4d2c77d497144d649b1dcd61203d08a0 - - default default] 10.0.0.106 "GET /v2.0/security-groups?id=d8ecfb68-4fbd-4ee6-943d-f25884d84f94&fields=id&fields=name HTTP/1.1" status: 200 len: 311 time: 0.0659251
2026-05-09 22:54:59.120 10 WARNING neutron.scheduler.dhcp_agent_scheduler [None req-d0fab875-8f06-4738-9e5d-7aee649f48b9 279fedf919904d69a78fb4a0dc1fd58d 1349433dc52d4b8ab7721403530b2a3d - - default default] No more DHCP agents
2026-05-09 22:54:59.126 10 WARNING neutron.api.rpc.agentnotifiers.dhcp_rpc_agent_api [None req-d0fab875-8f06-4738-9e5d-7aee649f48b9 279fedf919904d69a78fb4a0dc1fd58d 1349433dc52d4b8ab7721403530b2a3d - - default default] Unable to schedule network 628d7e59-1557-4aae-996f-c12411ec3eaa: no agents available; will retry on subsequent port and subnet creation events.
2026-05-09 22:54:59.280 10 INFO neutron.db.ovn_revision_numbers_db [None req-d0fab875-8f06-4738-9e5d-7aee649f48b9 279fedf919904d69a78fb4a0dc1fd58d 1349433dc52d4b8ab7721403530b2a3d - - default default] Successfully bumped revision number for resource 2a12d762-7b6c-474a-a486-ac91cdd6d277 (type: ports) to 1
2026-05-09 22:54:59.317 10 INFO neutron.wsgi [None req-d0fab875-8f06-4738-9e5d-7aee649f48b9 279fedf919904d69a78fb4a0dc1fd58d 1349433dc52d4b8ab7721403530b2a3d - - default default] 10.0.0.214 "POST /v2.0/networks HTTP/1.1" status: 201 len: 852 time: 0.9758394
2026-05-09 22:54:59.321 10 INFO neutron.db.ovn_revision_numbers_db [None req-198c22c1-6560-4a3e-a962-530d664ad969 aa23345103f64ce183933b5a420ceeaa 006b9636cccb40e38ff0f2ee90830c6a - - default default] Successfully bumped revision number for resource b29ed716-8984-44d4-9eb3-e136c2e581f7 (type: ports) to 1
2026-05-09 22:54:59.347 10 INFO neutron.wsgi [None req-198c22c1-6560-4a3e-a962-530d664ad969 aa23345103f64ce183933b5a420ceeaa 006b9636cccb40e38ff0f2ee90830c6a - - default default] 10.0.0.214 "POST /v2.0/ports HTTP/1.1" status: 201 len: 1148 time: 1.0503802 /var/lib/openstack/lib/python3.10/site-packages/pycadf/identifier.py:71: UserWarning: Invalid uuid: neutron. To ensure interoperability, identifiers should be a valid uuid. warnings.warn(('Invalid uuid: %s. To ensure interoperability, '
2026-05-09 22:54:59.381 9 INFO neutron.notifiers.nova [-] Nova event matching ['req-66728252-1a67-4ca8-a522-1bed957e8db1'] response: {'server_uuid': 'fbc38aa5-ddae-4d1c-9bbb-486df122e57b', 'name': 'network-vif-deleted', 'tag': '48eccb48-21b4-4ae8-a2fe-fb0314ffcd49', 'status': 'completed', 'code': 200}
2026-05-09 22:54:59.465 9 INFO neutron.wsgi [None req-51ce1bbd-902f-44bf-abd7-dae18d2074d3 8df602c576ed4eb7a388b6ec3d9f6864 b51fdf18aad844e4af18a455445db30d - - default default] 10.0.0.214 "DELETE /v2.0/routers/0e12d4c8-25b1-4145-8ce6-2a7c151b68b5 HTTP/1.1" status: 204 len: 168 time: 1.3958256
2026-05-09 22:54:59.730 10 INFO neutron.wsgi [None req-ee9ab5eb-29ac-4cd1-9f9f-ea26dbcc23f4 8df602c576ed4eb7a388b6ec3d9f6864 b51fdf18aad844e4af18a455445db30d - - default default] 10.0.0.214 "DELETE /v2.0/subnets/68038ed4-321d-4709-b68a-586061dd215b HTTP/1.1" status: 204 len: 168 time: 0.2588139
2026-05-09 22:54:59.760 10 INFO neutron.wsgi [None req-272fac04-9276-40cc-9f59-b538e279029f aa23345103f64ce183933b5a420ceeaa 006b9636cccb40e38ff0f2ee90830c6a - - default default] 10.0.0.214 "DELETE /v2.0/ports/b29ed716-8984-44d4-9eb3-e136c2e581f7 HTTP/1.1" status: 204 len: 168 time: 0.4080575
2026-05-09 22:54:59.788 10 WARNING neutron_lib.context [None req-32dfcafc-c3cf-40b8-96d3-de712780dfc6 279fedf919904d69a78fb4a0dc1fd58d 1349433dc52d4b8ab7721403530b2a3d - - default default] Method 'is_advsvc' is deprecated since 2023.2 release (neutron-lib 3.8.0) and will be removed once support for the old RBAC API policies will be removed from Neutron. Please use method 'is_service_role' instead.
2026-05-09 22:54:59.790 10 INFO neutron.pecan_wsgi.hooks.translation [None req-387c2133-49dd-4972-8e8d-9db5bf629add aa23345103f64ce183933b5a420ceeaa 006b9636cccb40e38ff0f2ee90830c6a - - default default] DELETE failed (client error): The resource could not be found.
2026-05-09 22:54:59.792 10 INFO neutron.wsgi [None req-387c2133-49dd-4972-8e8d-9db5bf629add aa23345103f64ce183933b5a420ceeaa 006b9636cccb40e38ff0f2ee90830c6a - - default default] 10.0.0.214 "DELETE /v2.0/ports/b29ed716-8984-44d4-9eb3-e136c2e581f7 HTTP/1.1" status: 404 len: 333 time: 0.0269337
2026-05-09 22:54:59.814 10 INFO neutron.pecan_wsgi.hooks.translation [None req-f778eeb2-b18b-4b24-bd40-ad06b54e65b3 aa23345103f64ce183933b5a420ceeaa 006b9636cccb40e38ff0f2ee90830c6a - - default default] GET failed (client error): The resource could not be found.
2026-05-09 22:54:59.815 10 INFO neutron.wsgi [None req-f778eeb2-b18b-4b24-bd40-ad06b54e65b3 aa23345103f64ce183933b5a420ceeaa 006b9636cccb40e38ff0f2ee90830c6a - - default default] 10.0.0.214 "GET /v2.0/ports/b29ed716-8984-44d4-9eb3-e136c2e581f7 HTTP/1.1" status: 404 len: 333 time: 0.0176797
2026-05-09 22:54:59.834 10 WARNING neutron_lib.context [None req-32dfcafc-c3cf-40b8-96d3-de712780dfc6 279fedf919904d69a78fb4a0dc1fd58d 1349433dc52d4b8ab7721403530b2a3d - - default default] Method 'is_advsvc' is deprecated since 2023.2 release (neutron-lib 3.8.0) and will be removed once support for the old RBAC API policies will be removed from Neutron. Please use method 'is_service_role' instead.
2026-05-09 22:54:59.921 15 INFO neutron.plugins.ml2.drivers.ovn.mech_driver.ovsdb.maintenance [None req-460f6c3c-9362-4643-beda-ba533756a380 - - - - - -] Maintenance task: Synchronization finished (took 0.32 seconds)
2026-05-09 22:55:00.127 9 INFO neutron.wsgi [None req-0818977a-cc70-43d1-a6ac-755216afd62b aa23345103f64ce183933b5a420ceeaa 006b9636cccb40e38ff0f2ee90830c6a - - default default] 10.0.0.214 "DELETE /v2.0/subnets/3fbdd1ad-d20f-46e0-82f3-f1a4f516ef06 HTTP/1.1" status: 204 len: 168 time: 0.3063219
2026-05-09 22:55:00.198 9 INFO neutron.services.segments.plugin [-] Segment a60ef113-4e26-484d-800c-b4498df09170 resource provider aggregate not found
2026-05-09 22:55:00.204 9 INFO neutron.services.segments.plugin [-] Segment a60ef113-4e26-484d-800c-b4498df09170 resource provider aggregate not found
2026-05-09 22:55:00.224 9 INFO neutron.services.segments.plugin [-] Segment a60ef113-4e26-484d-800c-b4498df09170 resource provider not found; error: Placement Client Error (4xx): {"errors": [{"status": 404, "title": "Not Found", "detail": "The resource could not be found.\n\n No resource provider with uuid a60ef113-4e26-484d-800c-b4498df09170 found for delete ", "request_id": "req-38285c24-1685-4595-a2cc-6f6f1cc29667"}]}
2026-05-09 22:55:00.225 9 INFO neutron.services.segments.plugin [-] Segment a60ef113-4e26-484d-800c-b4498df09170 resource provider not found; error: Placement Client Error (4xx): {"errors": [{"status": 404, "title": "Not Found", "detail": "The resource could not be found.\n\n No resource provider with uuid a60ef113-4e26-484d-800c-b4498df09170 found for delete ", "request_id": "req-064a75b0-6784-4608-a2f0-bb2ffc496a29"}]}
2026-05-09 22:55:00.251 9 INFO neutron.wsgi [None req-86221fa4-7fd4-4175-9eac-710e8e934d27 8df602c576ed4eb7a388b6ec3d9f6864 b51fdf18aad844e4af18a455445db30d - - default default] 10.0.0.214 "DELETE /v2.0/networks/7707bf81-3b24-421a-a191-b0c5a76aa21d HTTP/1.1" status: 204 len: 168 time: 0.5158432
2026-05-09 22:55:00.333 10 WARNING neutron.scheduler.dhcp_agent_scheduler [None req-32dfcafc-c3cf-40b8-96d3-de712780dfc6 279fedf919904d69a78fb4a0dc1fd58d 1349433dc52d4b8ab7721403530b2a3d - - default default] No more DHCP agents
2026-05-09 22:55:00.339 9 INFO neutron.wsgi [None req-4e8f8613-e62a-4504-a5d7-8f7ba3c72973 b838a384d4b7466984086bf1cfd795ef 4d2c77d497144d649b1dcd61203d08a0 - - default default] 10.0.0.214 "DELETE /v2.0/security-groups/d8ecfb68-4fbd-4ee6-943d-f25884d84f94 HTTP/1.1" status: 204 len: 168 time: 0.1783948
2026-05-09 22:55:00.345 10 WARNING neutron.api.rpc.agentnotifiers.dhcp_rpc_agent_api [None req-32dfcafc-c3cf-40b8-96d3-de712780dfc6 279fedf919904d69a78fb4a0dc1fd58d 1349433dc52d4b8ab7721403530b2a3d - - default default] Unable to schedule network e9311512-64d4-41cd-9437-b165f0a539e9: no agents available; will retry on subsequent port and subnet creation events.
2026-05-09 22:55:00.355 9 INFO neutron.api.v2.resource [None req-4459ede8-f554-4937-b76a-72bbd00ecd4f b838a384d4b7466984086bf1cfd795ef 4d2c77d497144d649b1dcd61203d08a0 - - default default] show failed (client error): The resource could not be found.
2026-05-09 22:55:00.356 9 INFO neutron.wsgi [None req-4459ede8-f554-4937-b76a-72bbd00ecd4f b838a384d4b7466984086bf1cfd795ef 4d2c77d497144d649b1dcd61203d08a0 - - default default] 10.0.0.214 "GET /v2.0/security-groups/d8ecfb68-4fbd-4ee6-943d-f25884d84f94 HTTP/1.1" status: 404 len: 347 time: 0.0116680
2026-05-09 22:55:00.359 9 INFO neutron.wsgi [-] 10.0.0.138 "GET / HTTP/1.1" status: 200 len: 247 time: 0.0012419
2026-05-09 22:55:00.360 9 INFO neutron.wsgi [-] 10.0.0.138 "GET / HTTP/1.1" status: 200 len: 247 time: 0.0008776
2026-05-09 22:55:00.392 10 INFO neutron.db.ovn_revision_numbers_db [None req-32dfcafc-c3cf-40b8-96d3-de712780dfc6 279fedf919904d69a78fb4a0dc1fd58d 1349433dc52d4b8ab7721403530b2a3d - - default default] Successfully bumped revision number for resource d2895c1c-cc52-4693-8b58-101f45fade52 (type: subnets) to 0
2026-05-09 22:55:00.421 10 WARNING neutron.scheduler.dhcp_agent_scheduler [None req-32dfcafc-c3cf-40b8-96d3-de712780dfc6 279fedf919904d69a78fb4a0dc1fd58d 1349433dc52d4b8ab7721403530b2a3d - - default default] No more DHCP agents
2026-05-09 22:55:00.426 10 WARNING neutron.api.rpc.agentnotifiers.dhcp_rpc_agent_api [None req-32dfcafc-c3cf-40b8-96d3-de712780dfc6 279fedf919904d69a78fb4a0dc1fd58d 1349433dc52d4b8ab7721403530b2a3d - - default default] Unable to schedule network 628d7e59-1557-4aae-996f-c12411ec3eaa: no agents available; will retry on subsequent port and subnet creation events.
2026-05-09 22:55:00.481 10 INFO neutron.db.ovn_revision_numbers_db [None req-32dfcafc-c3cf-40b8-96d3-de712780dfc6 279fedf919904d69a78fb4a0dc1fd58d 1349433dc52d4b8ab7721403530b2a3d - - default default] Successfully bumped revision number for resource b0dd7c99-71ef-49a5-b1ae-a163c30b9f37 (type: subnets) to 0
2026-05-09 22:55:00.514 10 INFO neutron.wsgi [None req-32dfcafc-c3cf-40b8-96d3-de712780dfc6 279fedf919904d69a78fb4a0dc1fd58d 1349433dc52d4b8ab7721403530b2a3d - - default default] 10.0.0.214 "POST /v2.0/subnets HTTP/1.1" status: 201 len: 1475 time: 0.7297044
2026-05-09 22:55:00.553 10 INFO neutron.wsgi [None req-7cc855bb-4945-40a9-bf9f-c35d8186e890 8df602c576ed4eb7a388b6ec3d9f6864 b51fdf18aad844e4af18a455445db30d - - default default] 10.0.0.214 "GET /v2.0/security-groups?tenant_id=b8079c7034a44764a84922c905a8f278&name=default HTTP/1.1" status: 200 len: 2992 time: 0.0626149
2026-05-09 22:55:00.592 9 INFO neutron.wsgi [None req-7b7fffa6-837f-4cc1-b56c-e496b0c7b7e3 279fedf919904d69a78fb4a0dc1fd58d 1349433dc52d4b8ab7721403530b2a3d - - default default] 10.0.0.214 "GET /v2.0/subnets HTTP/1.1" status: 200 len: 2083 time: 0.0727055
2026-05-09 22:55:00.639 10 INFO neutron.services.segments.plugin [-] Segment 76ee255f-ff43-4d35-94dc-689b64aa58cc resource provider aggregate not found
2026-05-09 22:55:00.643 10 INFO neutron.services.segments.plugin [-] Segment 76ee255f-ff43-4d35-94dc-689b64aa58cc resource provider aggregate not found
2026-05-09 22:55:00.655 10 INFO neutron.services.segments.plugin [-] Segment 76ee255f-ff43-4d35-94dc-689b64aa58cc resource provider not found; error: Placement Client Error (4xx): {"errors": [{"status": 404, "title": "Not Found", "detail": "The resource could not be found.\n\n No resource provider with uuid 76ee255f-ff43-4d35-94dc-689b64aa58cc found for delete ", "request_id": "req-45dcbfdc-ae98-4f0d-a51d-acd68d18612c"}]}
2026-05-09 22:55:00.658 10 INFO neutron.services.segments.plugin [-] Segment 76ee255f-ff43-4d35-94dc-689b64aa58cc resource provider not found; error: Placement Client Error (4xx): {"errors": [{"status": 404, "title": "Not Found", "detail": "The resource could not be found.\n\n No resource provider with uuid 76ee255f-ff43-4d35-94dc-689b64aa58cc found for delete ", "request_id": "req-694cb1cc-8430-4b97-95b4-5ca8bc48f0e3"}]}
2026-05-09 22:55:00.689 10 INFO neutron.wsgi [None req-43ff3ab9-23fd-466b-8cba-136a378ae35a aa23345103f64ce183933b5a420ceeaa 006b9636cccb40e38ff0f2ee90830c6a - - default default] 10.0.0.214 "DELETE /v2.0/networks/e2b4b44d-1e0d-4f17-bfda-a00ab1f1a76f HTTP/1.1" status: 204 len: 168 time: 0.5567458
2026-05-09 22:55:00.703 10 WARNING neutron_lib.context [None req-e81b6359-50c8-44cc-8d23-94601eeea218 aa23345103f64ce183933b5a420ceeaa 006b9636cccb40e38ff0f2ee90830c6a - - default default] Method 'is_advsvc' is deprecated since 2023.2 release (neutron-lib 3.8.0) and will be removed once support for the old RBAC API policies will be removed from Neutron. Please use method 'is_service_role' instead.
2026-05-09 22:55:00.786 10 INFO neutron.db.segments_db [None req-e81b6359-50c8-44cc-8d23-94601eeea218 aa23345103f64ce183933b5a420ceeaa 006b9636cccb40e38ff0f2ee90830c6a - - default default] Added segment d4a7a6d3-df6c-4067-b0cb-6fbc024b419b of type geneve for network b45073d7-833a-4c02-a84b-cee4d9f98597
2026-05-09 22:55:00.857 10 INFO neutron.wsgi [None req-595bdf9e-d56b-479a-adfb-3b7e9b0e9070 8df602c576ed4eb7a388b6ec3d9f6864 b51fdf18aad844e4af18a455445db30d - - default default] 10.0.0.214 "DELETE /v2.0/security-groups/662159c1-72a4-45ef-9848-1b9e330b25c9 HTTP/1.1" status: 204 len: 168 time: 0.2991016
2026-05-09 22:55:00.865 9 INFO neutron.wsgi [None req-399ce102-e24c-4b34-a2f8-b42fba5ae009 279fedf919904d69a78fb4a0dc1fd58d 1349433dc52d4b8ab7721403530b2a3d - - default default] 10.0.0.214 "DELETE /v2.0/subnets/d2895c1c-cc52-4693-8b58-101f45fade52 HTTP/1.1" status: 204 len: 168 time: 0.2599826
2026-05-09 22:55:00.872 9 INFO neutron.wsgi [None req-260bcfc2-673c-4390-8ac5-2f9bf67d5b41 b838a384d4b7466984086bf1cfd795ef 4d2c77d497144d649b1dcd61203d08a0 - - default default] 10.0.0.214 "DELETE /v2.0/floatingips/58d4e6d4-1157-47f8-8caa-069a0be3e3db HTTP/1.1" status: 204 len: 168 time: 0.5115709
2026-05-09 22:55:00.962 10 INFO neutron.db.ovn_revision_numbers_db [None req-e81b6359-50c8-44cc-8d23-94601eeea218 aa23345103f64ce183933b5a420ceeaa 006b9636cccb40e38ff0f2ee90830c6a - - default default] Successfully bumped revision number for resource b45073d7-833a-4c02-a84b-cee4d9f98597 (type: networks) to 1
2026-05-09 22:55:01.158 9 INFO neutron.wsgi [None req-fa057517-9cd8-4183-8ff7-2c4c5c3d891f 279fedf919904d69a78fb4a0dc1fd58d 1349433dc52d4b8ab7721403530b2a3d - - default default] 10.0.0.214 "DELETE /v2.0/subnets/b0dd7c99-71ef-49a5-b1ae-a163c30b9f37 HTTP/1.1" status: 204 len: 168 time: 0.2852371
2026-05-09 22:55:01.171 10 WARNING neutron.scheduler.dhcp_agent_scheduler [None req-e81b6359-50c8-44cc-8d23-94601eeea218 aa23345103f64ce183933b5a420ceeaa 006b9636cccb40e38ff0f2ee90830c6a - - default default] No more DHCP agents
2026-05-09 22:55:01.172 10 WARNING neutron.api.rpc.agentnotifiers.dhcp_rpc_agent_api [None req-e81b6359-50c8-44cc-8d23-94601eeea218 aa23345103f64ce183933b5a420ceeaa 006b9636cccb40e38ff0f2ee90830c6a - - default default] Unable to schedule network b45073d7-833a-4c02-a84b-cee4d9f98597: no agents available; will retry on subsequent port and subnet creation events.
2026-05-09 22:55:01.253 10 INFO neutron.db.ovn_revision_numbers_db [None req-e81b6359-50c8-44cc-8d23-94601eeea218 aa23345103f64ce183933b5a420ceeaa 006b9636cccb40e38ff0f2ee90830c6a - - default default] Successfully bumped revision number for resource 9b2f3c24-8424-4483-8d58-91c7b1b950aa (type: ports) to 1
2026-05-09 22:55:01.279 10 INFO neutron.wsgi [None req-e81b6359-50c8-44cc-8d23-94601eeea218 aa23345103f64ce183933b5a420ceeaa 006b9636cccb40e38ff0f2ee90830c6a - - default default] 10.0.0.214 "POST /v2.0/networks HTTP/1.1" status: 201 len: 830 time: 0.5812454
2026-05-09 22:55:01.289 10 WARNING neutron_lib.context [None req-84680bad-cc67-470c-b53c-6bb27ff5b403 aa23345103f64ce183933b5a420ceeaa 006b9636cccb40e38ff0f2ee90830c6a - - default default] Method 'is_advsvc' is deprecated since 2023.2 release (neutron-lib 3.8.0) and will be removed once support for the old RBAC API policies will be removed from Neutron. Please use method 'is_service_role' instead.
2026-05-09 22:55:01.408 9 INFO neutron.wsgi [None req-2754c96a-3b34-496d-b562-85e164cd342c 279fedf919904d69a78fb4a0dc1fd58d 1349433dc52d4b8ab7721403530b2a3d - - default default] 10.0.0.214 "GET /v2.0/subnets HTTP/1.1" status: 200 len: 820 time: 0.2446749
2026-05-09 22:55:01.517 10 WARNING neutron.scheduler.dhcp_agent_scheduler [None req-84680bad-cc67-470c-b53c-6bb27ff5b403 aa23345103f64ce183933b5a420ceeaa 006b9636cccb40e38ff0f2ee90830c6a - - default default] No more DHCP agents
2026-05-09 22:55:01.519 10 WARNING neutron.api.rpc.agentnotifiers.dhcp_rpc_agent_api [None req-84680bad-cc67-470c-b53c-6bb27ff5b403 aa23345103f64ce183933b5a420ceeaa 006b9636cccb40e38ff0f2ee90830c6a - - default default] Unable to schedule network b45073d7-833a-4c02-a84b-cee4d9f98597: no agents available; will retry on subsequent port and subnet creation events.
2026-05-09 22:55:01.859 9 INFO neutron.wsgi [None req-020b09dd-1301-4cb6-abcc-a107e0a5fbd2 279fedf919904d69a78fb4a0dc1fd58d 1349433dc52d4b8ab7721403530b2a3d - - default default] 10.0.0.214 "DELETE /v2.0/networks/628d7e59-1557-4aae-996f-c12411ec3eaa HTTP/1.1" status: 204 len: 168 time: 0.4416783
2026-05-09 22:55:01.979 10 INFO neutron.db.ovn_revision_numbers_db [None req-84680bad-cc67-470c-b53c-6bb27ff5b403 aa23345103f64ce183933b5a420ceeaa 006b9636cccb40e38ff0f2ee90830c6a - - default default] Successfully bumped revision number for resource 9b2f3c24-8424-4483-8d58-91c7b1b950aa (type: ports) to 2
