2026-05-09 22:54:07.961 9 INFO neutron.db.ovn_revision_numbers_db [None req-8f9f760d-5748-4b45-a3d8-bf53374fe4fe 8df602c576ed4eb7a388b6ec3d9f6864 b51fdf18aad844e4af18a455445db30d - - default default] Successfully bumped revision number for resource f23a64f3-a537-48ce-9702-07a26554f78a (type: security_group_rules) to 0
2026-05-09 22:54:07.967 10 INFO neutron.db.ovn_revision_numbers_db [None req-3ceac1c3-486a-4c47-b06f-4f66c281f7d5 8df602c576ed4eb7a388b6ec3d9f6864 b51fdf18aad844e4af18a455445db30d - - default default] Successfully bumped revision number for resource 9e9231b5-51ff-4346-920f-cb9e0b642423 (type: security_group_rules) to 0
2026-05-09 22:54:07.970 10 INFO neutron.db.ovn_revision_numbers_db [None req-33078663-6040-4314-b8aa-8ee2db1a260b 8df602c576ed4eb7a388b6ec3d9f6864 b51fdf18aad844e4af18a455445db30d - - default default] Successfully bumped revision number for resource 88a366ba-8a98-465f-9e8f-866ab1040153 (type: security_group_rules) to 0
2026-05-09 22:54:07.980 10 INFO neutron.db.ovn_revision_numbers_db [None req-3ceac1c3-486a-4c47-b06f-4f66c281f7d5 8df602c576ed4eb7a388b6ec3d9f6864 b51fdf18aad844e4af18a455445db30d - - default default] Successfully bumped revision number for resource aefbc84d-5377-4311-a19c-8fbb56e632fe (type: security_group_rules) to 0
2026-05-09 22:54:07.980 9 INFO neutron.db.ovn_revision_numbers_db [None req-8f9f760d-5748-4b45-a3d8-bf53374fe4fe 8df602c576ed4eb7a388b6ec3d9f6864 b51fdf18aad844e4af18a455445db30d - - default default] Successfully bumped revision number for resource fb516e20-97b8-4b4b-87f0-22659b3d44d9 (type: security_group_rules) to 0
2026-05-09 22:54:07.984 10 INFO neutron.db.ovn_revision_numbers_db [None req-33078663-6040-4314-b8aa-8ee2db1a260b 8df602c576ed4eb7a388b6ec3d9f6864 b51fdf18aad844e4af18a455445db30d - - default default] Successfully bumped revision number for resource b9882b3a-d310-467c-98a4-d357ee2285df (type: security_group_rules) to 0
2026-05-09 22:54:08.005 10 INFO neutron.db.ovn_revision_numbers_db [None req-33078663-6040-4314-b8aa-8ee2db1a260b 8df602c576ed4eb7a388b6ec3d9f6864 b51fdf18aad844e4af18a455445db30d - - default default] Successfully bumped revision number for resource d52b162b-7a97-4f06-bc8d-ef1e47b0261f (type: security_group_rules) to 0
2026-05-09 22:54:08.029 10 INFO neutron.db.segments_db [None req-3ceac1c3-486a-4c47-b06f-4f66c281f7d5 8df602c576ed4eb7a388b6ec3d9f6864 b51fdf18aad844e4af18a455445db30d - - default default] Added segment f8e5e091-f969-41d4-b3dd-f57b748ccc2e of type geneve for network 97f91cda-7436-4510-a3d3-f379796cefae
2026-05-09 22:54:08.039 9 INFO neutron.db.segments_db [None req-8f9f760d-5748-4b45-a3d8-bf53374fe4fe 8df602c576ed4eb7a388b6ec3d9f6864 b51fdf18aad844e4af18a455445db30d - - default default] Added segment 89f945dc-bb4a-41fa-b370-f1b272dc25da of type geneve for network eb0821b2-07c6-4462-8f6d-abcdac384fb2
2026-05-09 22:54:08.067 10 INFO neutron.db.segments_db [None req-33078663-6040-4314-b8aa-8ee2db1a260b 8df602c576ed4eb7a388b6ec3d9f6864 b51fdf18aad844e4af18a455445db30d - - default default] Added segment 8c6fac30-21f8-41f9-8e81-173187f6f9d4 of type geneve for network d4dcdcc4-fc01-47be-85dc-c99dee968ab4
2026-05-09 22:54:08.195 9 INFO neutron.db.ovn_revision_numbers_db [None req-8f9f760d-5748-4b45-a3d8-bf53374fe4fe 8df602c576ed4eb7a388b6ec3d9f6864 b51fdf18aad844e4af18a455445db30d - - default default] Successfully bumped revision number for resource eb0821b2-07c6-4462-8f6d-abcdac384fb2 (type: networks) to 1
2026-05-09 22:54:08.232 10 INFO neutron.db.ovn_revision_numbers_db [None req-3ceac1c3-486a-4c47-b06f-4f66c281f7d5 8df602c576ed4eb7a388b6ec3d9f6864 b51fdf18aad844e4af18a455445db30d - - default default] Successfully bumped revision number for resource 97f91cda-7436-4510-a3d3-f379796cefae (type: networks) to 1
2026-05-09 22:54:08.271 10 INFO neutron.db.ovn_revision_numbers_db [None req-33078663-6040-4314-b8aa-8ee2db1a260b 8df602c576ed4eb7a388b6ec3d9f6864 b51fdf18aad844e4af18a455445db30d - - default default] Successfully bumped revision number for resource d4dcdcc4-fc01-47be-85dc-c99dee968ab4 (type: networks) to 1
2026-05-09 22:54:08.369 9 WARNING neutron.scheduler.dhcp_agent_scheduler [None req-8f9f760d-5748-4b45-a3d8-bf53374fe4fe 8df602c576ed4eb7a388b6ec3d9f6864 b51fdf18aad844e4af18a455445db30d - - default default] No more DHCP agents
2026-05-09 22:54:08.372 9 WARNING neutron.api.rpc.agentnotifiers.dhcp_rpc_agent_api [None req-8f9f760d-5748-4b45-a3d8-bf53374fe4fe 8df602c576ed4eb7a388b6ec3d9f6864 b51fdf18aad844e4af18a455445db30d - - default default] Unable to schedule network eb0821b2-07c6-4462-8f6d-abcdac384fb2: no agents available; will retry on subsequent port and subnet creation events.
2026-05-09 22:54:08.453 9 INFO neutron.db.ovn_revision_numbers_db [None req-8f9f760d-5748-4b45-a3d8-bf53374fe4fe 8df602c576ed4eb7a388b6ec3d9f6864 b51fdf18aad844e4af18a455445db30d - - default default] Successfully bumped revision number for resource 8c1aab36-5399-4b00-b88b-6ac8a615af89 (type: ports) to 1
2026-05-09 22:54:08.455 10 WARNING neutron.scheduler.dhcp_agent_scheduler [None req-3ceac1c3-486a-4c47-b06f-4f66c281f7d5 8df602c576ed4eb7a388b6ec3d9f6864 b51fdf18aad844e4af18a455445db30d - - default default] No more DHCP agents
2026-05-09 22:54:08.459 10 WARNING neutron.api.rpc.agentnotifiers.dhcp_rpc_agent_api [None req-3ceac1c3-486a-4c47-b06f-4f66c281f7d5 8df602c576ed4eb7a388b6ec3d9f6864 b51fdf18aad844e4af18a455445db30d - - default default] Unable to schedule network 97f91cda-7436-4510-a3d3-f379796cefae: no agents available; will retry on subsequent port and subnet creation events.
2026-05-09 22:54:08.476 9 INFO neutron.wsgi [None req-8f9f760d-5748-4b45-a3d8-bf53374fe4fe 8df602c576ed4eb7a388b6ec3d9f6864 b51fdf18aad844e4af18a455445db30d - - default default] 10.0.0.214 "POST /v2.0/networks HTTP/1.1" status: 201 len: 951 time: 0.8685381
2026-05-09 22:54:08.506 10 WARNING neutron.scheduler.dhcp_agent_scheduler [None req-33078663-6040-4314-b8aa-8ee2db1a260b 8df602c576ed4eb7a388b6ec3d9f6864 b51fdf18aad844e4af18a455445db30d - - default default] No more DHCP agents
2026-05-09 22:54:08.508 10 WARNING neutron.api.rpc.agentnotifiers.dhcp_rpc_agent_api [None req-33078663-6040-4314-b8aa-8ee2db1a260b 8df602c576ed4eb7a388b6ec3d9f6864 b51fdf18aad844e4af18a455445db30d - - default default] Unable to schedule network d4dcdcc4-fc01-47be-85dc-c99dee968ab4: no agents available; will retry on subsequent port and subnet creation events.
2026-05-09 22:54:08.627 10 INFO neutron.db.ovn_revision_numbers_db [None req-3ceac1c3-486a-4c47-b06f-4f66c281f7d5 8df602c576ed4eb7a388b6ec3d9f6864 b51fdf18aad844e4af18a455445db30d - - default default] Successfully bumped revision number for resource 14edbe55-3fcd-4383-8a74-4acb1a0f5dee (type: ports) to 1
2026-05-09 22:54:08.653 10 INFO neutron.db.ovn_revision_numbers_db [None req-33078663-6040-4314-b8aa-8ee2db1a260b 8df602c576ed4eb7a388b6ec3d9f6864 b51fdf18aad844e4af18a455445db30d - - default default] Successfully bumped revision number for resource 35c0f148-39a5-4bd1-93ed-ee04f75d3ea9 (type: ports) to 1
2026-05-09 22:54:08.660 10 INFO neutron.wsgi [None req-3ceac1c3-486a-4c47-b06f-4f66c281f7d5 8df602c576ed4eb7a388b6ec3d9f6864 b51fdf18aad844e4af18a455445db30d - - default default] 10.0.0.214 "POST /v2.0/networks HTTP/1.1" status: 201 len: 948 time: 1.0627985
2026-05-09 22:54:08.663 9 INFO neutron.db.ovn_revision_numbers_db [None req-dee69cf1-7181-4238-8cf4-7aa5306c5c1e 8df602c576ed4eb7a388b6ec3d9f6864 b51fdf18aad844e4af18a455445db30d - - default default] Successfully bumped revision number for resource f482ba36-1987-4e68-b7fd-7beef54ad24e (type: security_groups) to 1
2026-05-09 22:54:08.682 10 INFO neutron.wsgi [None req-33078663-6040-4314-b8aa-8ee2db1a260b 8df602c576ed4eb7a388b6ec3d9f6864 b51fdf18aad844e4af18a455445db30d - - default default] 10.0.0.214 "POST /v2.0/networks HTTP/1.1" status: 201 len: 945 time: 0.9194443
2026-05-09 22:54:08.685 9 INFO neutron.db.ovn_revision_numbers_db [None req-dee69cf1-7181-4238-8cf4-7aa5306c5c1e 8df602c576ed4eb7a388b6ec3d9f6864 b51fdf18aad844e4af18a455445db30d - - default default] Successfully bumped revision number for resource 105e6545-8d82-49bf-89f6-eca2fef7369d (type: security_group_rules) to 0
2026-05-09 22:54:08.713 9 INFO neutron.db.ovn_revision_numbers_db [None req-dee69cf1-7181-4238-8cf4-7aa5306c5c1e 8df602c576ed4eb7a388b6ec3d9f6864 b51fdf18aad844e4af18a455445db30d - - default default] Successfully bumped revision number for resource 173acf91-d860-4c42-958f-4bd82d5441fb (type: security_group_rules) to 0
2026-05-09 22:54:08.730 10 WARNING neutron.scheduler.dhcp_agent_scheduler [None req-485ef3df-591c-4f27-99cc-1e1bcced6ad1 8df602c576ed4eb7a388b6ec3d9f6864 b51fdf18aad844e4af18a455445db30d - - default default] No more DHCP agents
2026-05-09 22:54:08.735 10 WARNING neutron.api.rpc.agentnotifiers.dhcp_rpc_agent_api [None req-485ef3df-591c-4f27-99cc-1e1bcced6ad1 8df602c576ed4eb7a388b6ec3d9f6864 b51fdf18aad844e4af18a455445db30d - - default default] Unable to schedule network eb0821b2-07c6-4462-8f6d-abcdac384fb2: no agents available; will retry on subsequent port and subnet creation events.
2026-05-09 22:54:08.746 9 INFO neutron.db.ovn_revision_numbers_db [None req-dee69cf1-7181-4238-8cf4-7aa5306c5c1e 8df602c576ed4eb7a388b6ec3d9f6864 b51fdf18aad844e4af18a455445db30d - - default default] Successfully bumped revision number for resource 81e950b0-4d47-4283-96f8-1124d534a114 (type: security_group_rules) to 0
2026-05-09 22:54:08.794 9 INFO neutron.db.ovn_revision_numbers_db [None req-dee69cf1-7181-4238-8cf4-7aa5306c5c1e 8df602c576ed4eb7a388b6ec3d9f6864 b51fdf18aad844e4af18a455445db30d - - default default] Successfully bumped revision number for resource fa819e6a-8324-4ac8-91c5-e4a7df738fb4 (type: security_group_rules) to 0
2026-05-09 22:54:08.832 9 INFO neutron.wsgi [None req-dee69cf1-7181-4238-8cf4-7aa5306c5c1e 8df602c576ed4eb7a388b6ec3d9f6864 b51fdf18aad844e4af18a455445db30d - - default default] 10.0.0.214 "GET /v2.0/security-groups?tenant_id=23701c81e17c4c43b8af122463588bf3&name=default HTTP/1.1" status: 200 len: 2992 time: 0.4578917
2026-05-09 22:54:08.917 9 WARNING neutron.scheduler.dhcp_agent_scheduler [None req-a7148921-144a-4bd8-961f-c228659eebbc 8df602c576ed4eb7a388b6ec3d9f6864 b51fdf18aad844e4af18a455445db30d - - default default] No more DHCP agents
2026-05-09 22:54:08.919 9 WARNING neutron.api.rpc.agentnotifiers.dhcp_rpc_agent_api [None req-a7148921-144a-4bd8-961f-c228659eebbc 8df602c576ed4eb7a388b6ec3d9f6864 b51fdf18aad844e4af18a455445db30d - - default default] Unable to schedule network 97f91cda-7436-4510-a3d3-f379796cefae: no agents available; will retry on subsequent port and subnet creation events.
2026-05-09 22:54:08.953 9 WARNING neutron.scheduler.dhcp_agent_scheduler [None req-8f68fd4f-1e16-4f20-b966-8f336e4d047e 8df602c576ed4eb7a388b6ec3d9f6864 b51fdf18aad844e4af18a455445db30d - - default default] No more DHCP agents
2026-05-09 22:54:08.957 9 WARNING neutron.api.rpc.agentnotifiers.dhcp_rpc_agent_api [None req-8f68fd4f-1e16-4f20-b966-8f336e4d047e 8df602c576ed4eb7a388b6ec3d9f6864 b51fdf18aad844e4af18a455445db30d - - default default] Unable to schedule network d4dcdcc4-fc01-47be-85dc-c99dee968ab4: no agents available; will retry on subsequent port and subnet creation events.
2026-05-09 22:54:09.188 10 INFO neutron.wsgi [None req-4b56bef8-9b12-4d2a-afa9-3579cb5aa56c 8df602c576ed4eb7a388b6ec3d9f6864 b51fdf18aad844e4af18a455445db30d - - default default] 10.0.0.214 "DELETE /v2.0/security-groups/f482ba36-1987-4e68-b7fd-7beef54ad24e HTTP/1.1" status: 204 len: 168 time: 0.3496172
2026-05-09 22:54:09.355 10 INFO neutron.db.ovn_revision_numbers_db [None req-485ef3df-591c-4f27-99cc-1e1bcced6ad1 8df602c576ed4eb7a388b6ec3d9f6864 b51fdf18aad844e4af18a455445db30d - - default default] Successfully bumped revision number for resource 8c1aab36-5399-4b00-b88b-6ac8a615af89 (type: ports) to 2
2026-05-09 22:54:09.410 10 INFO neutron.db.ovn_revision_numbers_db [None req-485ef3df-591c-4f27-99cc-1e1bcced6ad1 8df602c576ed4eb7a388b6ec3d9f6864 b51fdf18aad844e4af18a455445db30d - - default default] Successfully bumped revision number for resource 97ce338a-4201-42e8-a77c-4c5b78440a3d (type: subnets) to 0
2026-05-09 22:54:09.429 10 INFO neutron.wsgi [None req-485ef3df-591c-4f27-99cc-1e1bcced6ad1 8df602c576ed4eb7a388b6ec3d9f6864 b51fdf18aad844e4af18a455445db30d - - default default] 10.0.0.214 "POST /v2.0/subnets HTTP/1.1" status: 201 len: 871 time: 0.9488845
2026-05-09 22:54:09.589 9 INFO neutron.db.ovn_revision_numbers_db [None req-a7148921-144a-4bd8-961f-c228659eebbc 8df602c576ed4eb7a388b6ec3d9f6864 b51fdf18aad844e4af18a455445db30d - - default default] Successfully bumped revision number for resource 14edbe55-3fcd-4383-8a74-4acb1a0f5dee (type: ports) to 2
2026-05-09 22:54:09.594 9 INFO neutron.db.ovn_revision_numbers_db [None req-8f68fd4f-1e16-4f20-b966-8f336e4d047e 8df602c576ed4eb7a388b6ec3d9f6864 b51fdf18aad844e4af18a455445db30d - - default default] Successfully bumped revision number for resource 35c0f148-39a5-4bd1-93ed-ee04f75d3ea9 (type: ports) to 2
2026-05-09 22:54:09.624 9 INFO neutron.db.ovn_revision_numbers_db [None req-a7148921-144a-4bd8-961f-c228659eebbc 8df602c576ed4eb7a388b6ec3d9f6864 b51fdf18aad844e4af18a455445db30d - - default default] Successfully bumped revision number for resource bf70f440-0699-414c-8d58-e1346df80917 (type: subnets) to 0
2026-05-09 22:54:09.629 9 INFO neutron.db.ovn_revision_numbers_db [None req-8f68fd4f-1e16-4f20-b966-8f336e4d047e 8df602c576ed4eb7a388b6ec3d9f6864 b51fdf18aad844e4af18a455445db30d - - default default] Successfully bumped revision number for resource 896f19a8-7dab-43aa-b2f9-ee4f12ce0d48 (type: subnets) to 0
2026-05-09 22:54:09.641 9 INFO neutron.wsgi [None req-a7148921-144a-4bd8-961f-c228659eebbc 8df602c576ed4eb7a388b6ec3d9f6864 b51fdf18aad844e4af18a455445db30d - - default default] 10.0.0.214 "POST /v2.0/subnets HTTP/1.1" status: 201 len: 868 time: 0.9749007
2026-05-09 22:54:09.647 9 INFO neutron.wsgi [None req-8f68fd4f-1e16-4f20-b966-8f336e4d047e 8df602c576ed4eb7a388b6ec3d9f6864 b51fdf18aad844e4af18a455445db30d - - default default] 10.0.0.214 "POST /v2.0/subnets HTTP/1.1" status: 201 len: 865 time: 0.9601574
2026-05-09 22:54:10.112 10 WARNING neutron.scheduler.dhcp_agent_scheduler [None req-c5b66b43-0286-41f5-899f-f79af9c41745 8df602c576ed4eb7a388b6ec3d9f6864 b51fdf18aad844e4af18a455445db30d - - default default] No more DHCP agents
2026-05-09 22:54:10.118 10 WARNING neutron.api.rpc.agentnotifiers.dhcp_rpc_agent_api [None req-c5b66b43-0286-41f5-899f-f79af9c41745 8df602c576ed4eb7a388b6ec3d9f6864 b51fdf18aad844e4af18a455445db30d - - default default] Unable to schedule network 331ae174-097c-48c5-947d-49292eec1204: no agents available; will retry on subsequent port and subnet creation events.
2026-05-09 22:54:10.252 10 WARNING neutron.scheduler.dhcp_agent_scheduler [None req-277d3a01-8bdf-41d8-a842-46fe92bf110c 8df602c576ed4eb7a388b6ec3d9f6864 b51fdf18aad844e4af18a455445db30d - - default default] No more DHCP agents
2026-05-09 22:54:10.253 9 WARNING neutron.scheduler.dhcp_agent_scheduler [None req-2e7fc7cf-67dd-4dfa-9ba6-299353431bfc 8df602c576ed4eb7a388b6ec3d9f6864 b51fdf18aad844e4af18a455445db30d - - default default] No more DHCP agents
2026-05-09 22:54:10.255 9 WARNING neutron.api.rpc.agentnotifiers.dhcp_rpc_agent_api [None req-2e7fc7cf-67dd-4dfa-9ba6-299353431bfc 8df602c576ed4eb7a388b6ec3d9f6864 b51fdf18aad844e4af18a455445db30d - - default default] Unable to schedule network 331ae174-097c-48c5-947d-49292eec1204: no agents available; will retry on subsequent port and subnet creation events.
2026-05-09 22:54:10.260 10 WARNING neutron.api.rpc.agentnotifiers.dhcp_rpc_agent_api [None req-277d3a01-8bdf-41d8-a842-46fe92bf110c 8df602c576ed4eb7a388b6ec3d9f6864 b51fdf18aad844e4af18a455445db30d - - default default] Unable to schedule network 331ae174-097c-48c5-947d-49292eec1204: no agents available; will retry on subsequent port and subnet creation events.
2026-05-09 22:54:10.288 10 INFO neutron.db.ovn_revision_numbers_db [None req-c5b66b43-0286-41f5-899f-f79af9c41745 8df602c576ed4eb7a388b6ec3d9f6864 b51fdf18aad844e4af18a455445db30d - - default default] Successfully bumped revision number for resource bd27b600-1eb4-4f88-b68e-53b610398df7 (type: ports) to 1
2026-05-09 22:54:10.384 9 INFO neutron.db.ovn_revision_numbers_db [None req-2e7fc7cf-67dd-4dfa-9ba6-299353431bfc 8df602c576ed4eb7a388b6ec3d9f6864 b51fdf18aad844e4af18a455445db30d - - default default] Successfully bumped revision number for resource f3d16951-1bab-46ed-bc3e-19d4798e125f (type: ports) to 1
2026-05-09 22:54:10.448 10 INFO neutron.db.ovn_revision_numbers_db [None req-277d3a01-8bdf-41d8-a842-46fe92bf110c 8df602c576ed4eb7a388b6ec3d9f6864 b51fdf18aad844e4af18a455445db30d - - default default] Successfully bumped revision number for resource 4d8931a7-3232-4f2e-88ff-3fb99f6a85eb (type: ports) to 1
2026-05-09 22:54:10.682 10 INFO neutron.plugins.ml2.drivers.ovn.mech_driver.ovsdb.extensions.qos [None req-c5b66b43-0286-41f5-899f-f79af9c41745 8df602c576ed4eb7a388b6ec3d9f6864 b51fdf18aad844e4af18a455445db30d - - default default] Starting OVNClientQosExtension
2026-05-09 22:54:10.729 9 INFO neutron.plugins.ml2.drivers.ovn.mech_driver.ovsdb.extensions.qos [None req-2e7fc7cf-67dd-4dfa-9ba6-299353431bfc 8df602c576ed4eb7a388b6ec3d9f6864 b51fdf18aad844e4af18a455445db30d - - default default] Starting OVNClientQosExtension
2026-05-09 22:54:11.071 10 INFO neutron.plugins.ml2.drivers.ovn.mech_driver.mech_driver [None req-cd05494e-96de-4e18-ab90-4c0885dfd4f5 - - - - - -] OVN reports status up for port: f3d16951-1bab-46ed-bc3e-19d4798e125f
2026-05-09 22:54:11.091 9 INFO neutron.db.ovn_revision_numbers_db [None req-2e7fc7cf-67dd-4dfa-9ba6-299353431bfc 8df602c576ed4eb7a388b6ec3d9f6864 b51fdf18aad844e4af18a455445db30d - - default default] Successfully bumped revision number for resource f3d16951-1bab-46ed-bc3e-19d4798e125f (type: router_ports) to 1
2026-05-09 22:54:11.095 10 INFO neutron.plugins.ml2.drivers.ovn.mech_driver.ovsdb.ovsdb_monitor [-] Router 0b893aef-275c-4a06-894d-efc99977a241 is bound to host instance
2026-05-09 22:54:11.100 10 INFO neutron.plugins.ml2.plugin [None req-cd05494e-96de-4e18-ab90-4c0885dfd4f5 - - - - - -] Attempt 1 to provision port f3d16951-1bab-46ed-bc3e-19d4798e125f
2026-05-09 22:54:11.157 9 INFO neutron.db.ovn_revision_numbers_db [None req-2e7fc7cf-67dd-4dfa-9ba6-299353431bfc 8df602c576ed4eb7a388b6ec3d9f6864 b51fdf18aad844e4af18a455445db30d - - default default] Successfully bumped revision number for resource 0b893aef-275c-4a06-894d-efc99977a241 (type: routers) to 2
2026-05-09 22:54:11.170 9 INFO neutron.wsgi [None req-2e7fc7cf-67dd-4dfa-9ba6-299353431bfc 8df602c576ed4eb7a388b6ec3d9f6864 b51fdf18aad844e4af18a455445db30d - - default default] 10.0.0.214 "POST /v2.0/routers HTTP/1.1" status: 201 len: 876 time: 1.5186274
2026-05-09 22:54:11.249 9 INFO neutron.plugins.ml2.drivers.ovn.mech_driver.mech_driver [None req-71f043e5-1309-4e04-8b43-f38cc1602804 - - - - - -] OVN reports status up for port: bd27b600-1eb4-4f88-b68e-53b610398df7
2026-05-09 22:54:11.256 9 INFO neutron.plugins.ml2.plugin [None req-71f043e5-1309-4e04-8b43-f38cc1602804 - - - - - -] Attempt 1 to provision port bd27b600-1eb4-4f88-b68e-53b610398df7
2026-05-09 22:54:11.327 10 INFO neutron.db.ovn_revision_numbers_db [None req-c5b66b43-0286-41f5-899f-f79af9c41745 8df602c576ed4eb7a388b6ec3d9f6864 b51fdf18aad844e4af18a455445db30d - - default default] Successfully bumped revision number for resource bd27b600-1eb4-4f88-b68e-53b610398df7 (type: router_ports) to 1
2026-05-09 22:54:11.420 10 INFO neutron.db.ovn_revision_numbers_db [None req-9ec0993e-5aaf-4cfc-998c-3a98215ec15f 8df602c576ed4eb7a388b6ec3d9f6864 b51fdf18aad844e4af18a455445db30d - - default default] Successfully bumped revision number for resource 662159c1-72a4-45ef-9848-1b9e330b25c9 (type: security_groups) to 1
2026-05-09 22:54:11.469 9 INFO neutron.plugins.ml2.drivers.ovn.mech_driver.ovsdb.ovsdb_monitor [-] Router 5272c20a-fe4a-41cd-b7d1-f1218bcc70f8 is bound to host instance
2026-05-09 22:54:11.474 10 INFO neutron.db.ovn_revision_numbers_db [None req-9ec0993e-5aaf-4cfc-998c-3a98215ec15f 8df602c576ed4eb7a388b6ec3d9f6864 b51fdf18aad844e4af18a455445db30d - - default default] Successfully bumped revision number for resource 0c5f4180-144c-4e17-8196-2dc8a6ab8c67 (type: security_group_rules) to 0
2026-05-09 22:54:11.492 10 INFO neutron.db.ovn_revision_numbers_db [None req-c5b66b43-0286-41f5-899f-f79af9c41745 8df602c576ed4eb7a388b6ec3d9f6864 b51fdf18aad844e4af18a455445db30d - - default default] Successfully bumped revision number for resource 7699a8c7-13de-4c40-b3ac-f61e157aa14e (type: routers) to 2
2026-05-09 22:54:11.495 10 INFO neutron.db.ovn_revision_numbers_db [None req-9ec0993e-5aaf-4cfc-998c-3a98215ec15f 8df602c576ed4eb7a388b6ec3d9f6864 b51fdf18aad844e4af18a455445db30d - - default default] Successfully bumped revision number for resource 98733649-3031-4972-92f1-38be6c6d1972 (type: security_group_rules) to 0
2026-05-09 22:54:11.506 10 INFO neutron.db.ovn_revision_numbers_db [None req-277d3a01-8bdf-41d8-a842-46fe92bf110c 8df602c576ed4eb7a388b6ec3d9f6864 b51fdf18aad844e4af18a455445db30d - - default default] Successfully bumped revision number for resource 4d8931a7-3232-4f2e-88ff-3fb99f6a85eb (type: router_ports) to 1
2026-05-09 22:54:11.512 10 INFO neutron.wsgi [None req-c5b66b43-0286-41f5-899f-f79af9c41745 8df602c576ed4eb7a388b6ec3d9f6864 b51fdf18aad844e4af18a455445db30d - - default default] 10.0.0.214 "POST /v2.0/routers HTTP/1.1" status: 201 len: 882 time: 2.0778089
2026-05-09 22:54:11.527 10 INFO neutron.db.ovn_revision_numbers_db [None req-9ec0993e-5aaf-4cfc-998c-3a98215ec15f 8df602c576ed4eb7a388b6ec3d9f6864 b51fdf18aad844e4af18a455445db30d - - default default] Successfully bumped revision number for resource ca6cc975-0592-434f-8c83-e6998207642b (type: security_group_rules) to 0
2026-05-09 22:54:11.658 10 INFO neutron.db.ovn_revision_numbers_db [None req-9ec0993e-5aaf-4cfc-998c-3a98215ec15f 8df602c576ed4eb7a388b6ec3d9f6864 b51fdf18aad844e4af18a455445db30d - - default default] Successfully bumped revision number for resource e519f95a-57da-4dbd-8cc5-827fd8f38a83 (type: security_group_rules) to 0
2026-05-09 22:54:11.716 10 INFO neutron.db.segments_db [None req-9ec0993e-5aaf-4cfc-998c-3a98215ec15f 8df602c576ed4eb7a388b6ec3d9f6864 b51fdf18aad844e4af18a455445db30d - - default default] Added segment a60ef113-4e26-484d-800c-b4498df09170 of type geneve for network 7707bf81-3b24-421a-a191-b0c5a76aa21d
2026-05-09 22:54:11.731 10 INFO neutron.db.ovn_revision_numbers_db [None req-277d3a01-8bdf-41d8-a842-46fe92bf110c 8df602c576ed4eb7a388b6ec3d9f6864 b51fdf18aad844e4af18a455445db30d - - default default] Successfully bumped revision number for resource 5272c20a-fe4a-41cd-b7d1-f1218bcc70f8 (type: routers) to 2
2026-05-09 22:54:11.771 10 INFO neutron.wsgi [None req-277d3a01-8bdf-41d8-a842-46fe92bf110c 8df602c576ed4eb7a388b6ec3d9f6864 b51fdf18aad844e4af18a455445db30d - - default default] 10.0.0.214 "POST /v2.0/routers HTTP/1.1" status: 201 len: 879 time: 2.1248221
2026-05-09 22:54:12.063 10 INFO neutron.db.ovn_revision_numbers_db [None req-9ec0993e-5aaf-4cfc-998c-3a98215ec15f 8df602c576ed4eb7a388b6ec3d9f6864 b51fdf18aad844e4af18a455445db30d - - default default] Successfully bumped revision number for resource 7707bf81-3b24-421a-a191-b0c5a76aa21d (type: networks) to 1
2026-05-09 22:54:12.130 9 WARNING neutron.scheduler.dhcp_agent_scheduler [None req-7abd3dbb-ad11-4dee-bd5d-315d3dda3a5c 8df602c576ed4eb7a388b6ec3d9f6864 b51fdf18aad844e4af18a455445db30d - - default default] No more DHCP agents
2026-05-09 22:54:12.135 9 WARNING neutron.api.rpc.agentnotifiers.dhcp_rpc_agent_api [None req-7abd3dbb-ad11-4dee-bd5d-315d3dda3a5c 8df602c576ed4eb7a388b6ec3d9f6864 b51fdf18aad844e4af18a455445db30d - - default default] Unable to schedule network d4dcdcc4-fc01-47be-85dc-c99dee968ab4: no agents available; will retry on subsequent port and subnet creation events.
2026-05-09 22:54:12.279 10 INFO neutron.db.ovn_revision_numbers_db [None req-275a342b-9f8b-47fb-8927-cc0b5824e6bb - - - - - -] Successfully bumped revision number for resource f3d16951-1bab-46ed-bc3e-19d4798e125f (type: ports) to 1
2026-05-09 22:54:12.320 10 WARNING neutron.scheduler.dhcp_agent_scheduler [None req-9ec0993e-5aaf-4cfc-998c-3a98215ec15f 8df602c576ed4eb7a388b6ec3d9f6864 b51fdf18aad844e4af18a455445db30d - - default default] No more DHCP agents
2026-05-09 22:54:12.324 10 WARNING neutron.api.rpc.agentnotifiers.dhcp_rpc_agent_api [None req-9ec0993e-5aaf-4cfc-998c-3a98215ec15f 8df602c576ed4eb7a388b6ec3d9f6864 b51fdf18aad844e4af18a455445db30d - - default default] Unable to schedule network 7707bf81-3b24-421a-a191-b0c5a76aa21d: no agents available; will retry on subsequent port and subnet creation events.
2026-05-09 22:54:12.422 9 INFO neutron.db.ovn_revision_numbers_db [None req-7abd3dbb-ad11-4dee-bd5d-315d3dda3a5c 8df602c576ed4eb7a388b6ec3d9f6864 b51fdf18aad844e4af18a455445db30d - - default default] Successfully bumped revision number for resource 1e02b9a9-4fa3-4044-946a-0b8de8de7b65 (type: ports) to 1
2026-05-09 22:54:12.487 10 INFO neutron.db.ovn_revision_numbers_db [None req-9ec0993e-5aaf-4cfc-998c-3a98215ec15f 8df602c576ed4eb7a388b6ec3d9f6864 b51fdf18aad844e4af18a455445db30d - - default default] Successfully bumped revision number for resource 4ddff814-981b-49b9-a095-4a3e5c2410e4 (type: ports) to 1
2026-05-09 22:54:12.555 10 INFO neutron.wsgi [None req-9ec0993e-5aaf-4cfc-998c-3a98215ec15f 8df602c576ed4eb7a388b6ec3d9f6864 b51fdf18aad844e4af18a455445db30d - - default default] 10.0.0.214 "POST /v2.0/networks HTTP/1.1" status: 201 len: 953 time: 1.7193203
2026-05-09 22:54:12.636 10 WARNING neutron.scheduler.dhcp_agent_scheduler [None req-a8d333a4-72ab-4fbd-84f6-6733419e11f0 8df602c576ed4eb7a388b6ec3d9f6864 b51fdf18aad844e4af18a455445db30d - - default default] No more DHCP agents
2026-05-09 22:54:12.649 10 WARNING neutron.api.rpc.agentnotifiers.dhcp_rpc_agent_api [None req-a8d333a4-72ab-4fbd-84f6-6733419e11f0 8df602c576ed4eb7a388b6ec3d9f6864 b51fdf18aad844e4af18a455445db30d - - default default] Unable to schedule network 97f91cda-7436-4510-a3d3-f379796cefae: no agents available; will retry on subsequent port and subnet creation events.
2026-05-09 22:54:12.651 10 INFO neutron.db.ovn_revision_numbers_db [None req-275a342b-9f8b-47fb-8927-cc0b5824e6bb - - - - - -] Successfully bumped revision number for resource f3d16951-1bab-46ed-bc3e-19d4798e125f (type: router_ports) to 3
2026-05-09 22:54:12.670 9 INFO neutron.db.ovn_revision_numbers_db [None req-926d2929-e079-43b2-9e3a-59a7b45e0c02 - - - - - -] Successfully bumped revision number for resource 4d8931a7-3232-4f2e-88ff-3fb99f6a85eb (type: ports) to 1
2026-05-09 22:54:12.712 9 WARNING neutron.scheduler.dhcp_agent_scheduler [None req-dfd29158-e1dd-41fe-9c56-a9aa3254b804 8df602c576ed4eb7a388b6ec3d9f6864 b51fdf18aad844e4af18a455445db30d - - default default] No more DHCP agents
2026-05-09 22:54:12.716 9 WARNING neutron.api.rpc.agentnotifiers.dhcp_rpc_agent_api [None req-dfd29158-e1dd-41fe-9c56-a9aa3254b804 8df602c576ed4eb7a388b6ec3d9f6864 b51fdf18aad844e4af18a455445db30d - - default default] Unable to schedule network eb0821b2-07c6-4462-8f6d-abcdac384fb2: no agents available; will retry on subsequent port and subnet creation events.
2026-05-09 22:54:12.947 10 WARNING neutron.scheduler.dhcp_agent_scheduler [None req-09f51bfd-bdb2-40d9-a1db-4d5f896340da 8df602c576ed4eb7a388b6ec3d9f6864 b51fdf18aad844e4af18a455445db30d - - default default] No more DHCP agents
2026-05-09 22:54:12.952 10 WARNING neutron.api.rpc.agentnotifiers.dhcp_rpc_agent_api [None req-09f51bfd-bdb2-40d9-a1db-4d5f896340da 8df602c576ed4eb7a388b6ec3d9f6864 b51fdf18aad844e4af18a455445db30d - - default default] Unable to schedule network 7707bf81-3b24-421a-a191-b0c5a76aa21d: no agents available; will retry on subsequent port and subnet creation events.
2026-05-09 22:54:12.984 10 INFO neutron.db.ovn_revision_numbers_db [None req-a8d333a4-72ab-4fbd-84f6-6733419e11f0 8df602c576ed4eb7a388b6ec3d9f6864 b51fdf18aad844e4af18a455445db30d - - default default] Successfully bumped revision number for resource f78f5453-d23d-49cd-bda0-3b879d8e6ffe (type: ports) to 1
2026-05-09 22:54:13.003 10 INFO neutron.db.ovn_revision_numbers_db [None req-275a342b-9f8b-47fb-8927-cc0b5824e6bb - - - - - -] Successfully bumped revision number for resource f3d16951-1bab-46ed-bc3e-19d4798e125f (type: ports) to 2
2026-05-09 22:54:13.137 9 INFO neutron.db.ovn_revision_numbers_db [None req-dfd29158-e1dd-41fe-9c56-a9aa3254b804 8df602c576ed4eb7a388b6ec3d9f6864 b51fdf18aad844e4af18a455445db30d - - default default] Successfully bumped revision number for resource e1fdf5cb-f193-4366-8a79-387a27ba5271 (type: ports) to 1
2026-05-09 22:54:13.265 9 INFO neutron.db.ovn_revision_numbers_db [None req-926d2929-e079-43b2-9e3a-59a7b45e0c02 - - - - - -] Successfully bumped revision number for resource 4d8931a7-3232-4f2e-88ff-3fb99f6a85eb (type: router_ports) to 3
2026-05-09 22:54:13.363 9 INFO neutron.db.ovn_revision_numbers_db [None req-7abd3dbb-ad11-4dee-bd5d-315d3dda3a5c 8df602c576ed4eb7a388b6ec3d9f6864 b51fdf18aad844e4af18a455445db30d - - default default] Successfully bumped revision number for resource 1e02b9a9-4fa3-4044-946a-0b8de8de7b65 (type: router_ports) to 1
2026-05-09 22:54:13.509 9 INFO neutron.db.ovn_revision_numbers_db [None req-926d2929-e079-43b2-9e3a-59a7b45e0c02 - - - - - -] Successfully bumped revision number for resource 4d8931a7-3232-4f2e-88ff-3fb99f6a85eb (type: ports) to 2
2026-05-09 22:54:13.545 10 INFO neutron.db.ovn_revision_numbers_db [None req-275a342b-9f8b-47fb-8927-cc0b5824e6bb - - - - - -] Successfully bumped revision number for resource f3d16951-1bab-46ed-bc3e-19d4798e125f (type: ports) to 4
2026-05-09 22:54:13.588 9 INFO neutron.db.ovn_revision_numbers_db [None req-7abd3dbb-ad11-4dee-bd5d-315d3dda3a5c 8df602c576ed4eb7a388b6ec3d9f6864 b51fdf18aad844e4af18a455445db30d - - default default] Successfully bumped revision number for resource 1e02b9a9-4fa3-4044-946a-0b8de8de7b65 (type: ports) to 1
2026-05-09 22:54:13.744 9 WARNING neutron.scheduler.dhcp_agent_scheduler [None req-7abd3dbb-ad11-4dee-bd5d-315d3dda3a5c 8df602c576ed4eb7a388b6ec3d9f6864 b51fdf18aad844e4af18a455445db30d - - default default] No more DHCP agents
2026-05-09 22:54:13.751 9 WARNING neutron.api.rpc.agentnotifiers.dhcp_rpc_agent_api [None req-7abd3dbb-ad11-4dee-bd5d-315d3dda3a5c 8df602c576ed4eb7a388b6ec3d9f6864 b51fdf18aad844e4af18a455445db30d - - default default] Unable to schedule network d4dcdcc4-fc01-47be-85dc-c99dee968ab4: no agents available; will retry on subsequent port and subnet creation events.
2026-05-09 22:54:13.823 9 INFO neutron.db.ovn_revision_numbers_db [None req-dfd29158-e1dd-41fe-9c56-a9aa3254b804 8df602c576ed4eb7a388b6ec3d9f6864 b51fdf18aad844e4af18a455445db30d - - default default] Successfully bumped revision number for resource e1fdf5cb-f193-4366-8a79-387a27ba5271 (type: router_ports) to 1
2026-05-09 22:54:13.930 10 INFO neutron.plugins.ml2.drivers.ovn.mech_driver.mech_driver [None req-cd05494e-96de-4e18-ab90-4c0885dfd4f5 - - - - - -] OVN reports status up for port: f78f5453-d23d-49cd-bda0-3b879d8e6ffe
2026-05-09 22:54:13.937 10 INFO neutron.db.ovn_revision_numbers_db [None req-a8d333a4-72ab-4fbd-84f6-6733419e11f0 8df602c576ed4eb7a388b6ec3d9f6864 b51fdf18aad844e4af18a455445db30d - - default default] Successfully bumped revision number for resource f78f5453-d23d-49cd-bda0-3b879d8e6ffe (type: router_ports) to 1
2026-05-09 22:54:13.949 10 INFO neutron.plugins.ml2.plugin [None req-cd05494e-96de-4e18-ab90-4c0885dfd4f5 - - - - - -] Attempt 1 to provision port f78f5453-d23d-49cd-bda0-3b879d8e6ffe
2026-05-09 22:54:14.017 10 INFO neutron.db.ovn_revision_numbers_db [None req-09f51bfd-bdb2-40d9-a1db-4d5f896340da 8df602c576ed4eb7a388b6ec3d9f6864 b51fdf18aad844e4af18a455445db30d - - default default] Successfully bumped revision number for resource 4ddff814-981b-49b9-a095-4a3e5c2410e4 (type: ports) to 2
2026-05-09 22:54:14.022 10 INFO neutron.db.ovn_revision_numbers_db [None req-275a342b-9f8b-47fb-8927-cc0b5824e6bb - - - - - -] Successfully bumped revision number for resource f3d16951-1bab-46ed-bc3e-19d4798e125f (type: router_ports) to 4
2026-05-09 22:54:14.054 9 INFO neutron.db.ovn_revision_numbers_db [None req-926d2929-e079-43b2-9e3a-59a7b45e0c02 - - - - - -] Successfully bumped revision number for resource 4d8931a7-3232-4f2e-88ff-3fb99f6a85eb (type: ports) to 4
2026-05-09 22:54:14.083 10 INFO neutron.plugins.ml2.drivers.ovn.mech_driver.ovsdb.ovsdb_monitor [None req-275a342b-9f8b-47fb-8927-cc0b5824e6bb - - - - - -] Router 7699a8c7-13de-4c40-b3ac-f61e157aa14e is bound to host instance
2026-05-09 22:54:14.098 10 INFO neutron.db.ovn_revision_numbers_db [None req-09f51bfd-bdb2-40d9-a1db-4d5f896340da 8df602c576ed4eb7a388b6ec3d9f6864 b51fdf18aad844e4af18a455445db30d - - default default] Successfully bumped revision number for resource 68038ed4-321d-4709-b68a-586061dd215b (type: subnets) to 0
2026-05-09 22:54:14.134 10 INFO neutron.wsgi [None req-09f51bfd-bdb2-40d9-a1db-4d5f896340da 8df602c576ed4eb7a388b6ec3d9f6864 b51fdf18aad844e4af18a455445db30d - - default default] 10.0.0.214 "POST /v2.0/subnets HTTP/1.1" status: 201 len: 874 time: 1.5721579
2026-05-09 22:54:14.154 10 INFO neutron.db.ovn_revision_numbers_db [None req-a8d333a4-72ab-4fbd-84f6-6733419e11f0 8df602c576ed4eb7a388b6ec3d9f6864 b51fdf18aad844e4af18a455445db30d - - default default] Successfully bumped revision number for resource f78f5453-d23d-49cd-bda0-3b879d8e6ffe (type: ports) to 1
2026-05-09 22:54:14.221 9 INFO neutron.db.ovn_revision_numbers_db [None req-dfd29158-e1dd-41fe-9c56-a9aa3254b804 8df602c576ed4eb7a388b6ec3d9f6864 b51fdf18aad844e4af18a455445db30d - - default default] Successfully bumped revision number for resource e1fdf5cb-f193-4366-8a79-387a27ba5271 (type: ports) to 1
2026-05-09 22:54:14.279 10 WARNING neutron.scheduler.dhcp_agent_scheduler [None req-a8d333a4-72ab-4fbd-84f6-6733419e11f0 8df602c576ed4eb7a388b6ec3d9f6864 b51fdf18aad844e4af18a455445db30d - - default default] No more DHCP agents
2026-05-09 22:54:14.291 10 WARNING neutron.api.rpc.agentnotifiers.dhcp_rpc_agent_api [None req-a8d333a4-72ab-4fbd-84f6-6733419e11f0 8df602c576ed4eb7a388b6ec3d9f6864 b51fdf18aad844e4af18a455445db30d - - default default] Unable to schedule network 97f91cda-7436-4510-a3d3-f379796cefae: no agents available; will retry on subsequent port and subnet creation events.
2026-05-09 22:54:14.431 9 WARNING neutron.scheduler.dhcp_agent_scheduler [None req-dfd29158-e1dd-41fe-9c56-a9aa3254b804 8df602c576ed4eb7a388b6ec3d9f6864 b51fdf18aad844e4af18a455445db30d - - default default] No more DHCP agents
2026-05-09 22:54:14.447 9 WARNING neutron.api.rpc.agentnotifiers.dhcp_rpc_agent_api [None req-dfd29158-e1dd-41fe-9c56-a9aa3254b804 8df602c576ed4eb7a388b6ec3d9f6864 b51fdf18aad844e4af18a455445db30d - - default default] Unable to schedule network eb0821b2-07c6-4462-8f6d-abcdac384fb2: no agents available; will retry on subsequent port and subnet creation events.
2026-05-09 22:54:14.474 10 INFO neutron.db.ovn_revision_numbers_db [None req-cd05494e-96de-4e18-ab90-4c0885dfd4f5 - - - - - -] Successfully bumped revision number for resource f78f5453-d23d-49cd-bda0-3b879d8e6ffe (type: ports) to 2
2026-05-09 22:54:14.536 9 INFO neutron.db.ovn_revision_numbers_db [None req-926d2929-e079-43b2-9e3a-59a7b45e0c02 - - - - - -] Successfully bumped revision number for resource 4d8931a7-3232-4f2e-88ff-3fb99f6a85eb (type: router_ports) to 4
2026-05-09 22:54:14.762 10 INFO neutron.db.ovn_revision_numbers_db [None req-cd05494e-96de-4e18-ab90-4c0885dfd4f5 - - - - - -] Successfully bumped revision number for resource f78f5453-d23d-49cd-bda0-3b879d8e6ffe (type: router_ports) to 2
2026-05-09 22:54:15.010 10 INFO neutron.db.ovn_revision_numbers_db [None req-275a342b-9f8b-47fb-8927-cc0b5824e6bb - - - - - -] Successfully bumped revision number for resource bd27b600-1eb4-4f88-b68e-53b610398df7 (type: ports) to 1
2026-05-09 22:54:15.179 9 WARNING neutron.scheduler.dhcp_agent_scheduler [None req-13498461-1302-4e64-9adc-dc3f56427934 8df602c576ed4eb7a388b6ec3d9f6864 b51fdf18aad844e4af18a455445db30d - - default default] No more DHCP agents
2026-05-09 22:54:15.184 9 WARNING neutron.api.rpc.agentnotifiers.dhcp_rpc_agent_api [None req-13498461-1302-4e64-9adc-dc3f56427934 8df602c576ed4eb7a388b6ec3d9f6864 b51fdf18aad844e4af18a455445db30d - - default default] Unable to schedule network 331ae174-097c-48c5-947d-49292eec1204: no agents available; will retry on subsequent port and subnet creation events.
2026-05-09 22:54:15.186 9 INFO neutron.db.ovn_revision_numbers_db [None req-7abd3dbb-ad11-4dee-bd5d-315d3dda3a5c 8df602c576ed4eb7a388b6ec3d9f6864 b51fdf18aad844e4af18a455445db30d - - default default] Successfully bumped revision number for resource 1e02b9a9-4fa3-4044-946a-0b8de8de7b65 (type: router_ports) to 1
2026-05-09 22:54:15.188 9 INFO neutron.wsgi [None req-7abd3dbb-ad11-4dee-bd5d-315d3dda3a5c 8df602c576ed4eb7a388b6ec3d9f6864 b51fdf18aad844e4af18a455445db30d - - default default] 10.0.0.214 "PUT /v2.0/routers/0b893aef-275c-4a06-894d-efc99977a241/add_router_interface HTTP/1.1" status: 200 len: 503 time: 4.0116327
2026-05-09 22:54:15.363 10 INFO neutron.wsgi [-] 10.0.0.138 "GET / HTTP/1.1" status: 200 len: 247 time: 0.0013127
2026-05-09 22:54:15.364 10 INFO neutron.wsgi [-] 10.0.0.138 "GET / HTTP/1.1" status: 200 len: 247 time: 0.0009019
2026-05-09 22:54:15.366 10 INFO neutron.db.ovn_revision_numbers_db [None req-275a342b-9f8b-47fb-8927-cc0b5824e6bb - - - - - -] Successfully bumped revision number for resource bd27b600-1eb4-4f88-b68e-53b610398df7 (type: router_ports) to 3
2026-05-09 22:54:15.371 9 INFO neutron.db.ovn_revision_numbers_db [None req-13498461-1302-4e64-9adc-dc3f56427934 8df602c576ed4eb7a388b6ec3d9f6864 b51fdf18aad844e4af18a455445db30d - - default default] Successfully bumped revision number for resource f287b421-b249-46f5-94ab-d5428317564c (type: ports) to 1
2026-05-09 22:54:15.386 10 INFO neutron.db.ovn_revision_numbers_db [None req-a8d333a4-72ab-4fbd-84f6-6733419e11f0 8df602c576ed4eb7a388b6ec3d9f6864 b51fdf18aad844e4af18a455445db30d - - default default] Successfully bumped revision number for resource f78f5453-d23d-49cd-bda0-3b879d8e6ffe (type: router_ports) to 2
2026-05-09 22:54:15.388 10 INFO neutron.wsgi [None req-a8d333a4-72ab-4fbd-84f6-6733419e11f0 8df602c576ed4eb7a388b6ec3d9f6864 b51fdf18aad844e4af18a455445db30d - - default default] 10.0.0.214 "PUT /v2.0/routers/5272c20a-fe4a-41cd-b7d1-f1218bcc70f8/add_router_interface HTTP/1.1" status: 200 len: 503 time: 3.5996964
2026-05-09 22:54:15.588 10 INFO neutron.db.ovn_revision_numbers_db [None req-275a342b-9f8b-47fb-8927-cc0b5824e6bb - - - - - -] Successfully bumped revision number for resource bd27b600-1eb4-4f88-b68e-53b610398df7 (type: ports) to 2
2026-05-09 22:54:15.685 9 INFO neutron.db.ovn_revision_numbers_db [None req-dfd29158-e1dd-41fe-9c56-a9aa3254b804 8df602c576ed4eb7a388b6ec3d9f6864 b51fdf18aad844e4af18a455445db30d - - default default] Successfully bumped revision number for resource e1fdf5cb-f193-4366-8a79-387a27ba5271 (type: router_ports) to 1
2026-05-09 22:54:15.687 9 INFO neutron.wsgi [None req-dfd29158-e1dd-41fe-9c56-a9aa3254b804 8df602c576ed4eb7a388b6ec3d9f6864 b51fdf18aad844e4af18a455445db30d - - default default] 10.0.0.214 "PUT /v2.0/routers/7699a8c7-13de-4c40-b3ac-f61e157aa14e/add_router_interface HTTP/1.1" status: 200 len: 503 time: 4.1687608
2026-05-09 22:54:15.802 9 WARNING neutron_lib.context [None req-9090fde7-7eb5-4514-af14-4e6b50cd6e91 063a8afeda0a4c669b0bc12b10d67c5e 250b4c65056e4b37bd285a1e88e1067d - - default default] Method 'is_advsvc' is deprecated since 2023.2 release (neutron-lib 3.8.0) and will be removed once support for the old RBAC API policies will be removed from Neutron. Please use method 'is_service_role' instead.
2026-05-09 22:54:15.847 10 INFO neutron.db.ovn_revision_numbers_db [None req-275a342b-9f8b-47fb-8927-cc0b5824e6bb - - - - - -] Successfully bumped revision number for resource bd27b600-1eb4-4f88-b68e-53b610398df7 (type: ports) to 4
2026-05-09 22:54:15.970 9 INFO neutron.db.ovn_revision_numbers_db [None req-9090fde7-7eb5-4514-af14-4e6b50cd6e91 063a8afeda0a4c669b0bc12b10d67c5e 250b4c65056e4b37bd285a1e88e1067d - - default default] Successfully bumped revision number for resource a53a2852-72a9-43a7-8fbd-eca7eae839af (type: security_groups) to 1
2026-05-09 22:54:15.997 9 INFO neutron.db.ovn_revision_numbers_db [None req-9090fde7-7eb5-4514-af14-4e6b50cd6e91 063a8afeda0a4c669b0bc12b10d67c5e 250b4c65056e4b37bd285a1e88e1067d - - default default] Successfully bumped revision number for resource 2ef91f4c-6a21-48ae-8456-b841ad029c27 (type: security_group_rules) to 0
2026-05-09 22:54:16.021 9 INFO neutron.db.ovn_revision_numbers_db [None req-9090fde7-7eb5-4514-af14-4e6b50cd6e91 063a8afeda0a4c669b0bc12b10d67c5e 250b4c65056e4b37bd285a1e88e1067d - - default default] Successfully bumped revision number for resource caed8e88-57a2-48e5-a187-1efd22223054 (type: security_group_rules) to 0
2026-05-09 22:54:16.053 9 INFO neutron.wsgi [None req-9090fde7-7eb5-4514-af14-4e6b50cd6e91 063a8afeda0a4c669b0bc12b10d67c5e 250b4c65056e4b37bd285a1e88e1067d - - default default] 10.0.0.214 "POST /v2.0/security-groups HTTP/1.1" status: 201 len: 1797 time: 0.2578790
2026-05-09 22:54:16.055 10 INFO neutron.db.ovn_revision_numbers_db [None req-275a342b-9f8b-47fb-8927-cc0b5824e6bb - - - - - -] Successfully bumped revision number for resource bd27b600-1eb4-4f88-b68e-53b610398df7 (type: router_ports) to 4
2026-05-09 22:54:16.063 9 WARNING neutron_lib.context [None req-8fb28d75-5a01-416c-aec6-ef6365e5054f 063a8afeda0a4c669b0bc12b10d67c5e 250b4c65056e4b37bd285a1e88e1067d - - default default] Method 'is_advsvc' is deprecated since 2023.2 release (neutron-lib 3.8.0) and will be removed once support for the old RBAC API policies will be removed from Neutron. Please use method 'is_service_role' instead.
2026-05-09 22:54:16.190 9 INFO neutron.plugins.ml2.drivers.ovn.mech_driver.ovsdb.ovsdb_monitor [None req-926d2929-e079-43b2-9e3a-59a7b45e0c02 - - - - - -] Router 0e12d4c8-25b1-4145-8ce6-2a7c151b68b5 is bound to host instance
2026-05-09 22:54:16.227 9 INFO neutron.db.ovn_revision_numbers_db [None req-13498461-1302-4e64-9adc-dc3f56427934 8df602c576ed4eb7a388b6ec3d9f6864 b51fdf18aad844e4af18a455445db30d - - default default] Successfully bumped revision number for resource f287b421-b249-46f5-94ab-d5428317564c (type: router_ports) to 1
2026-05-09 22:54:16.336 9 INFO neutron.db.ovn_revision_numbers_db [None req-8fb28d75-5a01-416c-aec6-ef6365e5054f 063a8afeda0a4c669b0bc12b10d67c5e 250b4c65056e4b37bd285a1e88e1067d - - default default] Successfully bumped revision number for resource fbac1b7c-c427-4686-be62-776763e47a8d (type: security_group_rules) to 0
2026-05-09 22:54:16.345 9 INFO neutron.db.ovn_revision_numbers_db [None req-13498461-1302-4e64-9adc-dc3f56427934 8df602c576ed4eb7a388b6ec3d9f6864 b51fdf18aad844e4af18a455445db30d - - default default] Successfully bumped revision number for resource 0e12d4c8-25b1-4145-8ce6-2a7c151b68b5 (type: routers) to 2
2026-05-09 22:54:16.378 9 INFO neutron.wsgi [None req-13498461-1302-4e64-9adc-dc3f56427934 8df602c576ed4eb7a388b6ec3d9f6864 b51fdf18aad844e4af18a455445db30d - - default default] 10.0.0.214 "POST /v2.0/routers HTTP/1.1" status: 201 len: 885 time: 2.2387569
2026-05-09 22:54:16.382 9 INFO neutron.wsgi [None req-8fb28d75-5a01-416c-aec6-ef6365e5054f 063a8afeda0a4c669b0bc12b10d67c5e 250b4c65056e4b37bd285a1e88e1067d - - default default] 10.0.0.214 "POST /v2.0/security-group-rules HTTP/1.1" status: 201 len: 764 time: 0.3230052
2026-05-09 22:54:16.399 9 WARNING neutron_lib.context [None req-448e5724-99d3-4aed-a378-adeaf505f91d 063a8afeda0a4c669b0bc12b10d67c5e 250b4c65056e4b37bd285a1e88e1067d - - default default] Method 'is_advsvc' is deprecated since 2023.2 release (neutron-lib 3.8.0) and will be removed once support for the old RBAC API policies will be removed from Neutron. Please use method 'is_service_role' instead.
2026-05-09 22:54:16.571 9 INFO neutron.db.ovn_revision_numbers_db [None req-448e5724-99d3-4aed-a378-adeaf505f91d 063a8afeda0a4c669b0bc12b10d67c5e 250b4c65056e4b37bd285a1e88e1067d - - default default] Successfully bumped revision number for resource ece4a5a1-1c94-4744-9d03-14a13439de90 (type: security_group_rules) to 0
2026-05-09 22:54:16.723 9 WARNING neutron_lib.context [req-f2341902-bd90-4a15-aee7-0c241728526a req-1c0b3684-011e-4919-90cc-4c4f74d578a9 3896b3ce2e574d099e1bd6e0734bffb2 ba95dd4d54d74d20a1bcc645f256ecb2 - - default default] Method 'is_advsvc' is deprecated since 2023.2 release (neutron-lib 3.8.0) and will be removed once support for the old RBAC API policies will be removed from Neutron. Please use method 'is_service_role' instead.
2026-05-09 22:54:16.749 9 INFO neutron.wsgi [None req-448e5724-99d3-4aed-a378-adeaf505f91d 063a8afeda0a4c669b0bc12b10d67c5e 250b4c65056e4b37bd285a1e88e1067d - - default default] 10.0.0.214 "POST /v2.0/security-group-rules HTTP/1.1" status: 201 len: 769 time: 0.3629181
2026-05-09 22:54:16.764 9 WARNING neutron_lib.context [None req-3bbcdc07-25bf-4649-b601-1fcc59f7f055 063a8afeda0a4c669b0bc12b10d67c5e 250b4c65056e4b37bd285a1e88e1067d - - default default] Method 'is_advsvc' is deprecated since 2023.2 release (neutron-lib 3.8.0) and will be removed once support for the old RBAC API policies will be removed from Neutron. Please use method 'is_service_role' instead.
2026-05-09 22:54:16.801 10 INFO neutron.wsgi [req-db203a15-a8c3-40f6-8162-855c97957285 req-c3b15328-5bc1-465f-9ee8-cd216bdba76c 818490e2907048d69bcf2e3b65bf4b7b af0958fe11a4428e8b727d2974288c46 - - default default] 10.0.0.106 "GET /v2.0/networks?id=97f91cda-7436-4510-a3d3-f379796cefae HTTP/1.1" status: 200 len: 877 time: 0.1147001
2026-05-09 22:54:16.828 10 INFO neutron.wsgi [req-db203a15-a8c3-40f6-8162-855c97957285 req-2502f7bb-1d65-4e2d-82cb-0189cea089dd 818490e2907048d69bcf2e3b65bf4b7b af0958fe11a4428e8b727d2974288c46 - - default default] 10.0.0.106 "GET /v2.0/quotas/af0958fe11a4428e8b727d2974288c46 HTTP/1.1" status: 200 len: 386 time: 0.0181353
2026-05-09 22:54:16.885 9 INFO neutron.plugins.ml2.drivers.ovn.mech_driver.mech_driver [None req-71f043e5-1309-4e04-8b43-f38cc1602804 - - - - - -] OVN reports status up for port: 4d8931a7-3232-4f2e-88ff-3fb99f6a85eb
2026-05-09 22:54:16.914 9 INFO neutron.plugins.ml2.plugin [None req-71f043e5-1309-4e04-8b43-f38cc1602804 - - - - - -] Attempt 1 to provision port 4d8931a7-3232-4f2e-88ff-3fb99f6a85eb
2026-05-09 22:54:16.964 10 INFO neutron.wsgi [req-db203a15-a8c3-40f6-8162-855c97957285 req-b951ff73-5d05-48e3-9bf3-5fc1e8e169b9 818490e2907048d69bcf2e3b65bf4b7b af0958fe11a4428e8b727d2974288c46 - - default default] 10.0.0.106 "GET /v2.0/ports?tenant_id=af0958fe11a4428e8b727d2974288c46&fields=id HTTP/1.1" status: 200 len: 302 time: 0.1239805
2026-05-09 22:54:17.003 10 WARNING neutron.scheduler.dhcp_agent_scheduler [None req-0785c3f6-94f3-499d-902d-3242290f3c90 8df602c576ed4eb7a388b6ec3d9f6864 b51fdf18aad844e4af18a455445db30d - - default default] No more DHCP agents
2026-05-09 22:54:17.006 10 WARNING neutron.api.rpc.agentnotifiers.dhcp_rpc_agent_api [None req-0785c3f6-94f3-499d-902d-3242290f3c90 8df602c576ed4eb7a388b6ec3d9f6864 b51fdf18aad844e4af18a455445db30d - - default default] Unable to schedule network 7707bf81-3b24-421a-a191-b0c5a76aa21d: no agents available; will retry on subsequent port and subnet creation events.
2026-05-09 22:54:17.012 9 INFO neutron.db.ovn_revision_numbers_db [req-f2341902-bd90-4a15-aee7-0c241728526a req-1c0b3684-011e-4919-90cc-4c4f74d578a9 3896b3ce2e574d099e1bd6e0734bffb2 ba95dd4d54d74d20a1bcc645f256ecb2 - - default default] Successfully bumped revision number for resource e502bbdc-2a0f-4eb1-bdef-a2348f15948f (type: security_groups) to 1
2026-05-09 22:54:17.055 9 INFO neutron.db.ovn_revision_numbers_db [req-f2341902-bd90-4a15-aee7-0c241728526a req-1c0b3684-011e-4919-90cc-4c4f74d578a9 3896b3ce2e574d099e1bd6e0734bffb2 ba95dd4d54d74d20a1bcc645f256ecb2 - - default default] Successfully bumped revision number for resource 7bfb3e67-7273-4af1-88c1-e2bce4c24e61 (type: security_group_rules) to 0
2026-05-09 22:54:17.103 9 INFO neutron.db.ovn_revision_numbers_db [req-f2341902-bd90-4a15-aee7-0c241728526a req-1c0b3684-011e-4919-90cc-4c4f74d578a9 3896b3ce2e574d099e1bd6e0734bffb2 ba95dd4d54d74d20a1bcc645f256ecb2 - - default default] Successfully bumped revision number for resource d2470525-d6f3-4bb8-b761-529b3a3ad350 (type: security_group_rules) to 0
2026-05-09 22:54:17.110 9 INFO neutron.db.ovn_revision_numbers_db [None req-926d2929-e079-43b2-9e3a-59a7b45e0c02 - - - - - -] Successfully bumped revision number for resource f287b421-b249-46f5-94ab-d5428317564c (type: ports) to 1
2026-05-09 22:54:17.123 9 INFO neutron.plugins.ml2.drivers.ovn.mech_driver.mech_driver [None req-71f043e5-1309-4e04-8b43-f38cc1602804 - - - - - -] OVN reports status up for port: 1e02b9a9-4fa3-4044-946a-0b8de8de7b65
2026-05-09 22:54:17.145 9 INFO neutron.plugins.ml2.plugin [None req-71f043e5-1309-4e04-8b43-f38cc1602804 - - - - - -] Attempt 1 to provision port 1e02b9a9-4fa3-4044-946a-0b8de8de7b65
2026-05-09 22:54:17.152 10 INFO neutron.db.ovn_revision_numbers_db [None req-0785c3f6-94f3-499d-902d-3242290f3c90 8df602c576ed4eb7a388b6ec3d9f6864 b51fdf18aad844e4af18a455445db30d - - default default] Successfully bumped revision number for resource fd889d6f-2d1c-4a96-af26-55b4984de85f (type: ports) to 1
2026-05-09 22:54:17.163 9 INFO neutron.wsgi [req-f2341902-bd90-4a15-aee7-0c241728526a req-1c0b3684-011e-4919-90cc-4c4f74d578a9 3896b3ce2e574d099e1bd6e0734bffb2 ba95dd4d54d74d20a1bcc645f256ecb2 - - default default] 10.0.0.106 "POST /v2.0/security-groups HTTP/1.1" status: 201 len: 1826 time: 0.6062849
