2026-05-09 22:56:25.821 10 INFO neutron.wsgi [req-9b48568e-2460-4f67-a2ab-627009e50003 req-4ab991ad-58a7-4e67-a2c2-bdf5549aa95a 9d970655bf074b629e7b7467e78980fb 1ec0a8b96e184bec97bfba10e7947f65 - - default default] 10.0.0.106 "GET /v2.0/security-groups?id=ff02cfbe-b9d9-4af5-95e0-e18fc7b8262b&fields=id&fields=name HTTP/1.1" status: 200 len: 312 time: 0.0342729
2026-05-09 22:56:25.856 9 INFO neutron.wsgi [req-a56b4e72-47c0-4b64-abb9-6262da46030a req-b8a6e0ba-e1b7-4eff-8bb8-3c80fe95051e 85346ff96472477b85427d9835cf6455 a87c074d5f924c5685712dc6e41e38b3 - - 6c1a401fdf844f518769ed403dc14c20 6c1a401fdf844f518769ed403dc14c20] 10.0.0.182 "GET /v2.0/security-groups?id=2ea643d9-a1e2-4f7a-b71f-b435094e610d&fields=id&fields=name HTTP/1.1" status: 200 len: 313 time: 0.2631283
2026-05-09 22:56:25.962 9 INFO neutron.db.ovn_revision_numbers_db [req-6496bd9a-8fdc-4fe4-9913-01962f20f0fe req-e32446ce-ed32-4a76-be2a-6439ce3d067a 7bcccd163e0e48bebc1c69bc3f00f218 8806587621f347839f471b03381d3aaa - - default default] Successfully bumped revision number for resource 8698f7ec-dc31-4c36-9c47-f971b9c01c73 (type: ports) to 1
2026-05-09 22:56:25.993 9 INFO neutron.wsgi [req-6496bd9a-8fdc-4fe4-9913-01962f20f0fe req-e32446ce-ed32-4a76-be2a-6439ce3d067a 7bcccd163e0e48bebc1c69bc3f00f218 8806587621f347839f471b03381d3aaa - - default default] 199.204.45.35 "POST /v2.0/ports HTTP/1.1" status: 201 len: 1201 time: 0.8773541
2026-05-09 22:56:26.002 9 INFO neutron.db.ovn_revision_numbers_db [None req-71f043e5-1309-4e04-8b43-f38cc1602804 - - - - - -] Successfully bumped revision number for resource 90c63483-4dfd-4178-b787-229701c2fdf4 (type: ports) to 2
2026-05-09 22:56:26.105 9 INFO neutron.db.ovn_revision_numbers_db [None req-71f043e5-1309-4e04-8b43-f38cc1602804 - - - - - -] Successfully bumped revision number for resource 90c63483-4dfd-4178-b787-229701c2fdf4 (type: router_ports) to 2
2026-05-09 22:56:26.146 10 INFO neutron.db.ovn_revision_numbers_db [None req-0fdf9789-bff7-4864-96d7-cd8b46d5163c 8df602c576ed4eb7a388b6ec3d9f6864 b51fdf18aad844e4af18a455445db30d - - default default] Successfully bumped revision number for resource 5ee3aca1-2bbb-451e-bce0-b73d1edce2dd (type: security_groups) to 1
2026-05-09 22:56:26.158 10 INFO neutron.db.ovn_revision_numbers_db [None req-0fdf9789-bff7-4864-96d7-cd8b46d5163c 8df602c576ed4eb7a388b6ec3d9f6864 b51fdf18aad844e4af18a455445db30d - - default default] Successfully bumped revision number for resource 28fbb92f-1b8e-4fe5-94ff-539d3abddfab (type: security_group_rules) to 0
2026-05-09 22:56:26.173 10 INFO neutron.db.ovn_revision_numbers_db [None req-0fdf9789-bff7-4864-96d7-cd8b46d5163c 8df602c576ed4eb7a388b6ec3d9f6864 b51fdf18aad844e4af18a455445db30d - - default default] Successfully bumped revision number for resource a1149835-14c4-4dc6-a6f6-3f438af3db87 (type: security_group_rules) to 0
2026-05-09 22:56:26.187 10 INFO neutron.db.ovn_revision_numbers_db [None req-0fdf9789-bff7-4864-96d7-cd8b46d5163c 8df602c576ed4eb7a388b6ec3d9f6864 b51fdf18aad844e4af18a455445db30d - - default default] Successfully bumped revision number for resource b9c71fef-0c60-4fb0-8da2-8fb0227b58b6 (type: security_group_rules) to 0
2026-05-09 22:56:26.200 10 INFO neutron.db.ovn_revision_numbers_db [None req-0fdf9789-bff7-4864-96d7-cd8b46d5163c 8df602c576ed4eb7a388b6ec3d9f6864 b51fdf18aad844e4af18a455445db30d - - default default] Successfully bumped revision number for resource ba153c87-2863-48f5-9931-1ed721b1bb93 (type: security_group_rules) to 0
2026-05-09 22:56:26.222 10 INFO neutron.wsgi [None req-0fdf9789-bff7-4864-96d7-cd8b46d5163c 8df602c576ed4eb7a388b6ec3d9f6864 b51fdf18aad844e4af18a455445db30d - - default default] 10.0.0.214 "GET /v2.0/security-groups?tenant_id=d6615bfafa8e4fc786da6e2106a9fa05&name=default HTTP/1.1" status: 200 len: 2996 time: 0.3709223
2026-05-09 22:56:26.412 10 INFO neutron.wsgi [None req-0b162a17-bde0-4ebc-8aa1-6f7a8140c016 8df602c576ed4eb7a388b6ec3d9f6864 b51fdf18aad844e4af18a455445db30d - - default default] 10.0.0.214 "DELETE /v2.0/security-groups/5ee3aca1-2bbb-451e-bce0-b73d1edce2dd HTTP/1.1" status: 204 len: 168 time: 0.1859417
2026-05-09 22:56:26.450 9 INFO neutron.db.ovn_revision_numbers_db [req-6496bd9a-8fdc-4fe4-9913-01962f20f0fe req-cdee47e6-5c4b-4f02-a1ce-6825bd4e1e87 85346ff96472477b85427d9835cf6455 a87c074d5f924c5685712dc6e41e38b3 - - 6c1a401fdf844f518769ed403dc14c20 6c1a401fdf844f518769ed403dc14c20] Successfully bumped revision number for resource 8698f7ec-dc31-4c36-9c47-f971b9c01c73 (type: ports) to 2 /var/lib/openstack/lib/python3.10/site-packages/pycadf/identifier.py:71: UserWarning: Invalid uuid: neutron. To ensure interoperability, identifiers should be a valid uuid. warnings.warn(('Invalid uuid: %s. To ensure interoperability, '
2026-05-09 22:56:26.600 9 INFO neutron.wsgi [req-00f522a0-0fda-492d-b009-b6bd33a3e85f req-eb73d1b4-2dd8-4978-917d-32bad4102a83 7bcccd163e0e48bebc1c69bc3f00f218 8806587621f347839f471b03381d3aaa - - default default] 10.0.0.106 "GET /v2.0/ports?device_id=73e3d27b-45fb-47d6-9ace-26f3b99fcecf HTTP/1.1" status: 200 len: 1212 time: 0.1186340
2026-05-09 22:56:26.674 9 INFO neutron.wsgi [req-00f522a0-0fda-492d-b009-b6bd33a3e85f req-558d56e4-2bfd-4861-ae14-6a7eaab4a277 7bcccd163e0e48bebc1c69bc3f00f218 8806587621f347839f471b03381d3aaa - - default default] 10.0.0.106 "GET /v2.0/security-groups?id=27426208-7e3c-4d5a-a5a5-946d378397ef&id=c07fc47f-7faa-4b49-a98a-7524e1722136&fields=id&fields=name HTTP/1.1" status: 200 len: 403 time: 0.0621004
2026-05-09 22:56:26.719 9 INFO neutron.db.ovn_revision_numbers_db [req-6496bd9a-8fdc-4fe4-9913-01962f20f0fe req-cdee47e6-5c4b-4f02-a1ce-6825bd4e1e87 85346ff96472477b85427d9835cf6455 a87c074d5f924c5685712dc6e41e38b3 - - 6c1a401fdf844f518769ed403dc14c20 6c1a401fdf844f518769ed403dc14c20] Successfully bumped revision number for resource 8698f7ec-dc31-4c36-9c47-f971b9c01c73 (type: ports) to 2
2026-05-09 22:56:26.738 9 INFO neutron.wsgi [req-6496bd9a-8fdc-4fe4-9913-01962f20f0fe req-cdee47e6-5c4b-4f02-a1ce-6825bd4e1e87 85346ff96472477b85427d9835cf6455 a87c074d5f924c5685712dc6e41e38b3 - - 6c1a401fdf844f518769ed403dc14c20 6c1a401fdf844f518769ed403dc14c20] 199.204.45.35 "PUT /v2.0/ports/8698f7ec-dc31-4c36-9c47-f971b9c01c73 HTTP/1.1" status: 200 len: 1419 time: 0.7339993
2026-05-09 22:56:26.782 9 INFO neutron.notifiers.nova [-] Nova event matching ['req-3a6d7d6b-5c92-4369-9ccd-7bbcf8f7181b'] response: {'name': 'network-changed', 'server_uuid': '73e3d27b-45fb-47d6-9ace-26f3b99fcecf', 'tag': '8698f7ec-dc31-4c36-9c47-f971b9c01c73', 'status': 'completed', 'code': 200} /var/lib/openstack/lib/python3.10/site-packages/pycadf/identifier.py:71: UserWarning: Invalid uuid: neutron. To ensure interoperability, identifiers should be a valid uuid. warnings.warn(('Invalid uuid: %s. To ensure interoperability, '
2026-05-09 22:56:26.831 9 INFO neutron.wsgi [req-6496bd9a-8fdc-4fe4-9913-01962f20f0fe req-5a835564-e425-46a6-ae04-d833f3e30f14 85346ff96472477b85427d9835cf6455 a87c074d5f924c5685712dc6e41e38b3 - - 6c1a401fdf844f518769ed403dc14c20 6c1a401fdf844f518769ed403dc14c20] 199.204.45.35 "GET /v2.0/ports?tenant_id=8806587621f347839f471b03381d3aaa&device_id=73e3d27b-45fb-47d6-9ace-26f3b99fcecf HTTP/1.1" status: 200 len: 1450 time: 0.0446751
2026-05-09 22:56:26.859 9 INFO neutron.wsgi [req-6496bd9a-8fdc-4fe4-9913-01962f20f0fe req-7a05db3f-f5f9-4b6b-8166-68fe9669b7ee 85346ff96472477b85427d9835cf6455 a87c074d5f924c5685712dc6e41e38b3 - - 6c1a401fdf844f518769ed403dc14c20 6c1a401fdf844f518769ed403dc14c20] 199.204.45.35 "GET /v2.0/floatingips?fixed_ip_address=10.100.0.14&port_id=8698f7ec-dc31-4c36-9c47-f971b9c01c73 HTTP/1.1" status: 200 len: 217 time: 0.0209808
2026-05-09 22:56:26.934 9 INFO neutron.wsgi [req-6496bd9a-8fdc-4fe4-9913-01962f20f0fe req-042893ca-5bca-400c-abe5-33dd16d24bb7 85346ff96472477b85427d9835cf6455 a87c074d5f924c5685712dc6e41e38b3 - - 6c1a401fdf844f518769ed403dc14c20 6c1a401fdf844f518769ed403dc14c20] 199.204.45.35 "GET /v2.0/subnets?id=dba4859d-60bc-47fe-8b67-009f80d96f27 HTTP/1.1" status: 200 len: 865 time: 0.0658162
2026-05-09 22:56:26.945 9 INFO neutron.wsgi [req-236c81fe-dd8a-45ed-903c-a3a9d27ad0d3 req-467fda5a-b56a-43df-817e-e4055c8240a0 9d970655bf074b629e7b7467e78980fb 1ec0a8b96e184bec97bfba10e7947f65 - - default default] 10.0.0.106 "GET /v2.0/ports?device_id=1a035ac0-4f96-4d60-9d13-a2ed06126286 HTTP/1.1" status: 200 len: 1168 time: 0.0534246
2026-05-09 22:56:26.965 9 INFO neutron.wsgi [req-6496bd9a-8fdc-4fe4-9913-01962f20f0fe req-8ec7a1c6-dac3-43bd-a0f5-05c7f28a66e6 85346ff96472477b85427d9835cf6455 a87c074d5f924c5685712dc6e41e38b3 - - 6c1a401fdf844f518769ed403dc14c20 6c1a401fdf844f518769ed403dc14c20] 199.204.45.35 "GET /v2.0/ports?network_id=4143a9ff-5fd7-4422-a049-04b3f3d9c7b7&device_owner=network%3Adhcp HTTP/1.1" status: 200 len: 210 time: 0.0197854
2026-05-09 22:56:27.003 9 INFO neutron.wsgi [req-236c81fe-dd8a-45ed-903c-a3a9d27ad0d3 req-dc64b3b0-f265-409a-8398-f15596296e74 9d970655bf074b629e7b7467e78980fb 1ec0a8b96e184bec97bfba10e7947f65 - - default default] 10.0.0.106 "GET /v2.0/security-groups?id=ff02cfbe-b9d9-4af5-95e0-e18fc7b8262b&fields=id&fields=name HTTP/1.1" status: 200 len: 312 time: 0.0504370
2026-05-09 22:56:27.044 9 INFO neutron.wsgi [req-6496bd9a-8fdc-4fe4-9913-01962f20f0fe req-ba765a75-5495-4faf-a5bb-ea30f8c77bd8 85346ff96472477b85427d9835cf6455 a87c074d5f924c5685712dc6e41e38b3 - - 6c1a401fdf844f518769ed403dc14c20 6c1a401fdf844f518769ed403dc14c20] 199.204.45.35 "GET /v2.0/networks/4143a9ff-5fd7-4422-a049-04b3f3d9c7b7?fields=segments HTTP/1.1" status: 200 len: 212 time: 0.0683289
2026-05-09 22:56:27.122 9 INFO neutron.wsgi [req-6496bd9a-8fdc-4fe4-9913-01962f20f0fe req-56ae1c66-291a-4422-b272-325562a0fe98 85346ff96472477b85427d9835cf6455 a87c074d5f924c5685712dc6e41e38b3 - - 6c1a401fdf844f518769ed403dc14c20 6c1a401fdf844f518769ed403dc14c20] 199.204.45.35 "GET /v2.0/networks/4143a9ff-5fd7-4422-a049-04b3f3d9c7b7?fields=provider%3Aphysical_network&fields=provider%3Anetwork_type HTTP/1.1" status: 200 len: 277 time: 0.0669715
2026-05-09 22:56:27.203 9 INFO neutron.wsgi [req-3bb1ecbb-9a5e-48f9-9ec4-0c0c1ae6a18c req-d5abdf43-2943-46d4-af2b-86a3203d4d78 85346ff96472477b85427d9835cf6455 a87c074d5f924c5685712dc6e41e38b3 - - 6c1a401fdf844f518769ed403dc14c20 6c1a401fdf844f518769ed403dc14c20] 199.204.45.35 "GET /v2.0/ports?tenant_id=8806587621f347839f471b03381d3aaa&device_id=73e3d27b-45fb-47d6-9ace-26f3b99fcecf HTTP/1.1" status: 200 len: 1450 time: 0.0406888
2026-05-09 22:56:27.278 9 INFO neutron.wsgi [req-3bb1ecbb-9a5e-48f9-9ec4-0c0c1ae6a18c req-33f54762-8d57-4a72-becb-e69485867518 85346ff96472477b85427d9835cf6455 a87c074d5f924c5685712dc6e41e38b3 - - 6c1a401fdf844f518769ed403dc14c20 6c1a401fdf844f518769ed403dc14c20] 199.204.45.35 "GET /v2.0/networks?id=4143a9ff-5fd7-4422-a049-04b3f3d9c7b7 HTTP/1.1" status: 200 len: 970 time: 0.0660405
2026-05-09 22:56:27.309 9 INFO neutron.wsgi [req-3bb1ecbb-9a5e-48f9-9ec4-0c0c1ae6a18c req-b090cde2-236e-4d05-80a2-d1f408ea557c 85346ff96472477b85427d9835cf6455 a87c074d5f924c5685712dc6e41e38b3 - - 6c1a401fdf844f518769ed403dc14c20 6c1a401fdf844f518769ed403dc14c20] 199.204.45.35 "GET /v2.0/floatingips?fixed_ip_address=10.100.0.14&port_id=8698f7ec-dc31-4c36-9c47-f971b9c01c73 HTTP/1.1" status: 200 len: 217 time: 0.0242803
2026-05-09 22:56:27.351 9 INFO neutron.wsgi [req-3bb1ecbb-9a5e-48f9-9ec4-0c0c1ae6a18c req-bfdf3125-c940-454e-a872-ff9082fe4ac4 85346ff96472477b85427d9835cf6455 a87c074d5f924c5685712dc6e41e38b3 - - 6c1a401fdf844f518769ed403dc14c20 6c1a401fdf844f518769ed403dc14c20] 199.204.45.35 "GET /v2.0/subnets?id=dba4859d-60bc-47fe-8b67-009f80d96f27 HTTP/1.1" status: 200 len: 865 time: 0.0350969
2026-05-09 22:56:27.358 10 INFO neutron.wsgi [req-1ec5e384-8f4c-4954-b649-6dabcb998865 req-5e635c6e-6632-4045-b9b1-e72e74e3a383 85346ff96472477b85427d9835cf6455 a87c074d5f924c5685712dc6e41e38b3 - - 6c1a401fdf844f518769ed403dc14c20 6c1a401fdf844f518769ed403dc14c20] 199.204.45.35 "GET /v2.0/ports?device_id=73e3d27b-45fb-47d6-9ace-26f3b99fcecf HTTP/1.1" status: 200 len: 1450 time: 0.0597591
2026-05-09 22:56:27.382 9 INFO neutron.wsgi [req-3bb1ecbb-9a5e-48f9-9ec4-0c0c1ae6a18c req-d2266250-f6b5-48ad-8731-a5fbcab2be6f 85346ff96472477b85427d9835cf6455 a87c074d5f924c5685712dc6e41e38b3 - - 6c1a401fdf844f518769ed403dc14c20 6c1a401fdf844f518769ed403dc14c20] 199.204.45.35 "GET /v2.0/ports?network_id=4143a9ff-5fd7-4422-a049-04b3f3d9c7b7&device_owner=network%3Adhcp HTTP/1.1" status: 200 len: 210 time: 0.0250661
2026-05-09 22:56:27.405 10 INFO neutron.wsgi [req-1ec5e384-8f4c-4954-b649-6dabcb998865 req-367b61ec-a55c-4f83-9cef-16dae2c4984f 85346ff96472477b85427d9835cf6455 a87c074d5f924c5685712dc6e41e38b3 - - 6c1a401fdf844f518769ed403dc14c20 6c1a401fdf844f518769ed403dc14c20] 199.204.45.35 "GET /v2.0/security-groups?id=27426208-7e3c-4d5a-a5a5-946d378397ef&id=c07fc47f-7faa-4b49-a98a-7524e1722136&fields=id&fields=name HTTP/1.1" status: 200 len: 403 time: 0.0428548
2026-05-09 22:56:27.460 9 INFO neutron.wsgi [req-3bb1ecbb-9a5e-48f9-9ec4-0c0c1ae6a18c req-e69df6ad-772c-47d1-9c9e-16c657d39042 85346ff96472477b85427d9835cf6455 a87c074d5f924c5685712dc6e41e38b3 - - 6c1a401fdf844f518769ed403dc14c20 6c1a401fdf844f518769ed403dc14c20] 199.204.45.35 "GET /v2.0/networks/4143a9ff-5fd7-4422-a049-04b3f3d9c7b7?fields=segments HTTP/1.1" status: 200 len: 212 time: 0.0719028
2026-05-09 22:56:27.505 10 INFO neutron.plugins.ml2.drivers.ovn.mech_driver.mech_driver [None req-cd05494e-96de-4e18-ab90-4c0885dfd4f5 - - - - - -] OVN reports status up for port: 8698f7ec-dc31-4c36-9c47-f971b9c01c73
2026-05-09 22:56:27.518 9 INFO neutron.wsgi [req-3bb1ecbb-9a5e-48f9-9ec4-0c0c1ae6a18c req-69a6723d-72fd-4e51-8408-2962eb4d2a6c 85346ff96472477b85427d9835cf6455 a87c074d5f924c5685712dc6e41e38b3 - - 6c1a401fdf844f518769ed403dc14c20 6c1a401fdf844f518769ed403dc14c20] 199.204.45.35 "GET /v2.0/networks/4143a9ff-5fd7-4422-a049-04b3f3d9c7b7?fields=provider%3Aphysical_network&fields=provider%3Anetwork_type HTTP/1.1" status: 200 len: 277 time: 0.0512388
2026-05-09 22:56:27.543 10 INFO neutron.plugins.ml2.plugin [None req-cd05494e-96de-4e18-ab90-4c0885dfd4f5 - - - - - -] Attempt 1 to provision port 8698f7ec-dc31-4c36-9c47-f971b9c01c73
2026-05-09 22:56:27.622 9 INFO neutron.wsgi [req-1f06406b-f9f7-4179-bec2-e6898c39f62c req-acab2a0e-b533-4bad-bf5e-dc0490e2eb94 85346ff96472477b85427d9835cf6455 a87c074d5f924c5685712dc6e41e38b3 - - 6c1a401fdf844f518769ed403dc14c20 6c1a401fdf844f518769ed403dc14c20] 199.204.45.35 "GET /v2.0/ports?device_id=253de020-4a4e-4408-aa7c-d93423a291c2&fields=binding%3Ahost_id&fields=binding%3Avif_type HTTP/1.1" status: 200 len: 265 time: 0.0317793
2026-05-09 22:56:27.743 9 INFO neutron.wsgi [req-1f06406b-f9f7-4179-bec2-e6898c39f62c req-d1733b80-bd71-4015-9c11-92ca3121cd01 85346ff96472477b85427d9835cf6455 a87c074d5f924c5685712dc6e41e38b3 - - 6c1a401fdf844f518769ed403dc14c20 6c1a401fdf844f518769ed403dc14c20] 199.204.45.35 "GET /v2.0/ports?tenant_id=d9054d28544c4ff7a78c470473e83457&device_id=253de020-4a4e-4408-aa7c-d93423a291c2 HTTP/1.1" status: 200 len: 1409 time: 0.0772710
2026-05-09 22:56:27.833 9 INFO neutron.wsgi [req-1f06406b-f9f7-4179-bec2-e6898c39f62c req-96cbe2ff-1374-430d-8ae5-bd4603e174b0 85346ff96472477b85427d9835cf6455 a87c074d5f924c5685712dc6e41e38b3 - - 6c1a401fdf844f518769ed403dc14c20 6c1a401fdf844f518769ed403dc14c20] 199.204.45.35 "GET /v2.0/networks?id=f9f76884-0871-4344-9825-61812e54423c HTTP/1.1" status: 200 len: 974 time: 0.0699556
2026-05-09 22:56:27.906 9 INFO neutron.wsgi [req-1f06406b-f9f7-4179-bec2-e6898c39f62c req-f5037327-4e06-4d6a-adce-1def28277383 85346ff96472477b85427d9835cf6455 a87c074d5f924c5685712dc6e41e38b3 - - 6c1a401fdf844f518769ed403dc14c20 6c1a401fdf844f518769ed403dc14c20] 199.204.45.35 "GET /v2.0/floatingips?fixed_ip_address=10.100.0.4&port_id=fe931cbc-3c58-4c72-8899-cd2a281a5771 HTTP/1.1" status: 200 len: 1059 time: 0.0664327
2026-05-09 22:56:27.935 10 INFO neutron.wsgi [req-fa31f732-9f1f-4569-83a5-63da1f91be2a req-a523dca9-14a9-47e5-9fd7-71d4d7ad6d44 7bcccd163e0e48bebc1c69bc3f00f218 8806587621f347839f471b03381d3aaa - - default default] 10.0.0.106 "GET /v2.0/ports?device_id=73e3d27b-45fb-47d6-9ace-26f3b99fcecf HTTP/1.1" status: 200 len: 1212 time: 0.0498519
2026-05-09 22:56:27.945 9 INFO neutron.wsgi [req-1f06406b-f9f7-4179-bec2-e6898c39f62c req-c70bca0f-ff92-42d7-9468-0d1438f22655 85346ff96472477b85427d9835cf6455 a87c074d5f924c5685712dc6e41e38b3 - - 6c1a401fdf844f518769ed403dc14c20 6c1a401fdf844f518769ed403dc14c20] 199.204.45.35 "GET /v2.0/subnets?id=3ccccd7a-ab25-471e-b27c-b84f7917aac2 HTTP/1.1" status: 200 len: 869 time: 0.0311477
2026-05-09 22:56:27.976 10 INFO neutron.notifiers.nova [-] Nova event matching ['req-fb3946f7-d21c-4943-8fb7-932041c30ff6'] response: {'server_uuid': '73e3d27b-45fb-47d6-9ace-26f3b99fcecf', 'name': 'network-vif-plugged', 'status': 'completed', 'tag': '8698f7ec-dc31-4c36-9c47-f971b9c01c73', 'code': 200}
2026-05-09 22:56:27.983 9 INFO neutron.wsgi [req-1f06406b-f9f7-4179-bec2-e6898c39f62c req-a9d13874-b8de-47fb-a177-14ee565aed35 85346ff96472477b85427d9835cf6455 a87c074d5f924c5685712dc6e41e38b3 - - 6c1a401fdf844f518769ed403dc14c20 6c1a401fdf844f518769ed403dc14c20] 199.204.45.35 "GET /v2.0/ports?network_id=f9f76884-0871-4344-9825-61812e54423c&device_owner=network%3Adhcp HTTP/1.1" status: 200 len: 210 time: 0.0235510
2026-05-09 22:56:28.004 10 INFO neutron.wsgi [req-fa31f732-9f1f-4569-83a5-63da1f91be2a req-92bf856f-1f3b-4876-a3ba-0bc095c1d4d2 7bcccd163e0e48bebc1c69bc3f00f218 8806587621f347839f471b03381d3aaa - - default default] 10.0.0.106 "GET /v2.0/security-groups?id=27426208-7e3c-4d5a-a5a5-946d378397ef&id=c07fc47f-7faa-4b49-a98a-7524e1722136&fields=id&fields=name HTTP/1.1" status: 200 len: 403 time: 0.0569108
2026-05-09 22:56:28.111 9 INFO neutron.wsgi [req-1f06406b-f9f7-4179-bec2-e6898c39f62c req-a8477f24-95cb-4869-8c1c-eacc3ea6cca4 85346ff96472477b85427d9835cf6455 a87c074d5f924c5685712dc6e41e38b3 - - 6c1a401fdf844f518769ed403dc14c20 6c1a401fdf844f518769ed403dc14c20] 199.204.45.35 "GET /v2.0/networks/f9f76884-0871-4344-9825-61812e54423c?fields=segments HTTP/1.1" status: 200 len: 212 time: 0.1179805
2026-05-09 22:56:28.117 9 INFO neutron.wsgi [req-571b8814-2d4a-4758-9313-2ccbeadb200b req-3077a369-5bdb-4b36-a4a8-fb9b10170679 9d970655bf074b629e7b7467e78980fb 1ec0a8b96e184bec97bfba10e7947f65 - - default default] 10.0.0.106 "GET /v2.0/ports?device_id=1a035ac0-4f96-4d60-9d13-a2ed06126286 HTTP/1.1" status: 200 len: 1168 time: 0.0415542
2026-05-09 22:56:28.186 9 INFO neutron.wsgi [req-571b8814-2d4a-4758-9313-2ccbeadb200b req-07e3de64-378d-4e50-9bab-20c1f154a8ca 9d970655bf074b629e7b7467e78980fb 1ec0a8b96e184bec97bfba10e7947f65 - - default default] 10.0.0.106 "GET /v2.0/security-groups?id=ff02cfbe-b9d9-4af5-95e0-e18fc7b8262b&fields=id&fields=name HTTP/1.1" status: 200 len: 312 time: 0.0617156
2026-05-09 22:56:28.189 9 INFO neutron.wsgi [req-1f06406b-f9f7-4179-bec2-e6898c39f62c req-bff09968-5823-4289-b054-dd43b46b478e 85346ff96472477b85427d9835cf6455 a87c074d5f924c5685712dc6e41e38b3 - - 6c1a401fdf844f518769ed403dc14c20 6c1a401fdf844f518769ed403dc14c20] 199.204.45.35 "GET /v2.0/networks/f9f76884-0871-4344-9825-61812e54423c?fields=provider%3Aphysical_network&fields=provider%3Anetwork_type HTTP/1.1" status: 200 len: 277 time: 0.0706625
2026-05-09 22:56:28.201 10 INFO neutron.db.ovn_revision_numbers_db [None req-cd05494e-96de-4e18-ab90-4c0885dfd4f5 - - - - - -] Successfully bumped revision number for resource 8698f7ec-dc31-4c36-9c47-f971b9c01c73 (type: ports) to 4 /var/lib/openstack/lib/python3.10/site-packages/pycadf/identifier.py:71: UserWarning: Invalid uuid: neutron. To ensure interoperability, identifiers should be a valid uuid. warnings.warn(('Invalid uuid: %s. To ensure interoperability, '
2026-05-09 22:56:29.189 10 INFO neutron.wsgi [req-e4897fa5-7c46-4338-a94e-af65a9edef61 req-b24b6ee9-ce61-4379-952b-7a4f33acc5d1 7bcccd163e0e48bebc1c69bc3f00f218 8806587621f347839f471b03381d3aaa - - default default] 10.0.0.106 "GET /v2.0/ports?device_id=73e3d27b-45fb-47d6-9ace-26f3b99fcecf HTTP/1.1" status: 200 len: 1214 time: 0.1031969
2026-05-09 22:56:29.248 10 INFO neutron.wsgi [req-e4897fa5-7c46-4338-a94e-af65a9edef61 req-4f7869cb-4b94-48e7-bf69-593f2723d684 7bcccd163e0e48bebc1c69bc3f00f218 8806587621f347839f471b03381d3aaa - - default default] 10.0.0.106 "GET /v2.0/security-groups?id=27426208-7e3c-4d5a-a5a5-946d378397ef&id=c07fc47f-7faa-4b49-a98a-7524e1722136&fields=id&fields=name HTTP/1.1" status: 200 len: 403 time: 0.0505457
2026-05-09 22:56:29.351 10 INFO neutron.wsgi [req-b058cf81-30be-4b13-9a95-5d567a4982a3 req-4738a6bc-7422-4df7-a61d-08e22c9521e9 7bcccd163e0e48bebc1c69bc3f00f218 8806587621f347839f471b03381d3aaa - - default default] 10.0.0.106 "GET /v2.0/ports?device_id=73e3d27b-45fb-47d6-9ace-26f3b99fcecf HTTP/1.1" status: 200 len: 1214 time: 0.0422704
2026-05-09 22:56:29.373 9 INFO neutron.wsgi [req-b5b7453c-1c77-4321-8701-6d4622abb9f3 req-d391ad55-4bfd-454b-b8d6-c9d57fb0c983 9d970655bf074b629e7b7467e78980fb 1ec0a8b96e184bec97bfba10e7947f65 - - default default] 10.0.0.106 "GET /v2.0/ports?device_id=1a035ac0-4f96-4d60-9d13-a2ed06126286 HTTP/1.1" status: 200 len: 1168 time: 0.1196475
2026-05-09 22:56:29.428 9 INFO neutron.wsgi [req-b5b7453c-1c77-4321-8701-6d4622abb9f3 req-51104ebd-f0ed-49e4-b711-c302aeca03b8 9d970655bf074b629e7b7467e78980fb 1ec0a8b96e184bec97bfba10e7947f65 - - default default] 10.0.0.106 "GET /v2.0/security-groups?id=ff02cfbe-b9d9-4af5-95e0-e18fc7b8262b&fields=id&fields=name HTTP/1.1" status: 200 len: 312 time: 0.0466061
2026-05-09 22:56:29.616 10 INFO neutron.wsgi [req-9ff9c968-8e28-4767-8044-58ca0f68a914 req-128b9928-ba14-4c0c-a1d6-28b7eac495fa 4f59506a3ac44402a9f63c0b96918d3b d9054d28544c4ff7a78c470473e83457 - - default default] 10.0.0.106 "GET /v2.0/ports?device_id=253de020-4a4e-4408-aa7c-d93423a291c2 HTTP/1.1" status: 200 len: 1170 time: 0.1337817
2026-05-09 22:56:29.628 10 INFO neutron.db.l3_db [None req-9a2aadf7-005d-4a87-861e-e426bf10c65a 7bcccd163e0e48bebc1c69bc3f00f218 8806587621f347839f471b03381d3aaa - - default default] Floating IP a82d8dfe-56b6-4276-8d16-8e64be3db34c associated. External IP: 10.96.250.220, port: 8698f7ec-dc31-4c36-9c47-f971b9c01c73.
2026-05-09 22:56:29.670 10 INFO neutron.wsgi [req-9ff9c968-8e28-4767-8044-58ca0f68a914 req-03083cd9-f0d6-4310-81c1-dcf3e4a7a1fa 4f59506a3ac44402a9f63c0b96918d3b d9054d28544c4ff7a78c470473e83457 - - default default] 10.0.0.106 "GET /v2.0/security-groups?id=2ea643d9-a1e2-4f7a-b71f-b435094e610d&fields=id&fields=name HTTP/1.1" status: 200 len: 313 time: 0.0471184
2026-05-09 22:56:29.820 10 INFO neutron.db.ovn_revision_numbers_db [None req-9a2aadf7-005d-4a87-861e-e426bf10c65a 7bcccd163e0e48bebc1c69bc3f00f218 8806587621f347839f471b03381d3aaa - - default default] Successfully bumped revision number for resource a82d8dfe-56b6-4276-8d16-8e64be3db34c (type: floatingips) to 1
2026-05-09 22:56:29.874 10 INFO neutron.wsgi [req-c482a4a9-7037-4eca-a781-7522f2787097 req-e46e6ae3-a8cf-4c8e-80c8-31ee01f2b795 4f59506a3ac44402a9f63c0b96918d3b d9054d28544c4ff7a78c470473e83457 - - default default] 10.0.0.106 "GET /v2.0/ports?device_id=253de020-4a4e-4408-aa7c-d93423a291c2 HTTP/1.1" status: 200 len: 1170 time: 0.0357764
2026-05-09 22:56:29.932 10 INFO neutron.wsgi [req-c482a4a9-7037-4eca-a781-7522f2787097 req-e731eba8-b1ed-4290-8854-fb6da66fc0b3 4f59506a3ac44402a9f63c0b96918d3b d9054d28544c4ff7a78c470473e83457 - - default default] 10.0.0.106 "GET /v2.0/security-groups?id=2ea643d9-a1e2-4f7a-b71f-b435094e610d&fields=id&fields=name HTTP/1.1" status: 200 len: 313 time: 0.0426934
2026-05-09 22:56:29.969 10 INFO neutron.db.ovn_revision_numbers_db [None req-9a2aadf7-005d-4a87-861e-e426bf10c65a 7bcccd163e0e48bebc1c69bc3f00f218 8806587621f347839f471b03381d3aaa - - default default] Successfully bumped revision number for resource a82d8dfe-56b6-4276-8d16-8e64be3db34c (type: floatingips) to 2
2026-05-09 22:56:30.001 10 INFO neutron.wsgi [None req-9a2aadf7-005d-4a87-861e-e426bf10c65a 7bcccd163e0e48bebc1c69bc3f00f218 8806587621f347839f471b03381d3aaa - - default default] 10.0.0.214 "PUT /v2.0/floatingips/a82d8dfe-56b6-4276-8d16-8e64be3db34c HTTP/1.1" status: 200 len: 1050 time: 0.6330011
2026-05-09 22:56:30.019 10 INFO neutron.notifiers.nova [-] Nova event matching ['req-9eb1f9df-afc5-4374-affe-5c485581beb2'] response: {'server_uuid': '73e3d27b-45fb-47d6-9ace-26f3b99fcecf', 'name': 'network-vif-plugged', 'status': 'completed', 'tag': '8698f7ec-dc31-4c36-9c47-f971b9c01c73', 'code': 200}
2026-05-09 22:56:30.309 9 INFO neutron.wsgi [req-03442c08-b3f2-45d5-b7d0-e30317bada75 req-1f436865-e4e3-44d0-91ac-362c3f6a48f3 4f59506a3ac44402a9f63c0b96918d3b d9054d28544c4ff7a78c470473e83457 - - default default] 199.204.45.35 "GET /v2.0/ports?device_id=253de020-4a4e-4408-aa7c-d93423a291c2 HTTP/1.1" status: 200 len: 1170 time: 0.1095665
2026-05-09 22:56:30.362 9 INFO neutron.wsgi [-] 10.0.0.138 "GET / HTTP/1.1" status: 200 len: 247 time: 0.0034370
2026-05-09 22:56:30.362 10 INFO neutron.wsgi [-] 10.0.0.138 "GET / HTTP/1.1" status: 200 len: 247 time: 0.0027187
2026-05-09 22:56:30.583 10 INFO neutron.wsgi [req-0952939d-895c-4e11-904f-6ae74ab326ff req-9f8e75ad-8615-46d9-ab88-41ada339d78a 9d970655bf074b629e7b7467e78980fb 1ec0a8b96e184bec97bfba10e7947f65 - - default default] 10.0.0.106 "GET /v2.0/ports?device_id=1a035ac0-4f96-4d60-9d13-a2ed06126286 HTTP/1.1" status: 200 len: 1168 time: 0.0838604
2026-05-09 22:56:30.630 10 INFO neutron.wsgi [req-0952939d-895c-4e11-904f-6ae74ab326ff req-8460e1d1-157e-4f62-93e2-b3d45c98eb93 9d970655bf074b629e7b7467e78980fb 1ec0a8b96e184bec97bfba10e7947f65 - - default default] 10.0.0.106 "GET /v2.0/security-groups?id=ff02cfbe-b9d9-4af5-95e0-e18fc7b8262b&fields=id&fields=name HTTP/1.1" status: 200 len: 312 time: 0.0393085
2026-05-09 22:56:30.700 9 INFO neutron.db.l3_db [req-03442c08-b3f2-45d5-b7d0-e30317bada75 req-0363491f-9755-4501-abb2-8333f64ae2a5 4f59506a3ac44402a9f63c0b96918d3b d9054d28544c4ff7a78c470473e83457 - - default default] Floating IP d4093b3f-1f0d-420f-b192-4dbd96d54838 disassociated. External IP: 10.96.250.218, port: fe931cbc-3c58-4c72-8899-cd2a281a5771.
2026-05-09 22:56:30.862 9 INFO neutron.wsgi [req-03442c08-b3f2-45d5-b7d0-e30317bada75 req-0363491f-9755-4501-abb2-8333f64ae2a5 4f59506a3ac44402a9f63c0b96918d3b d9054d28544c4ff7a78c470473e83457 - - default default] 199.204.45.35 "DELETE /v2.0/ports/fe931cbc-3c58-4c72-8899-cd2a281a5771 HTTP/1.1" status: 204 len: 173 time: 0.5458288
2026-05-09 22:56:30.896 9 INFO neutron.notifiers.nova [-] Nova event matching ['req-7ca18564-f306-4d3a-93cf-87880285996b'] response: {'server_uuid': '253de020-4a4e-4408-aa7c-d93423a291c2', 'name': 'network-vif-deleted', 'tag': 'fe931cbc-3c58-4c72-8899-cd2a281a5771', 'status': 'completed', 'code': 200} /var/lib/openstack/lib/python3.10/site-packages/pycadf/identifier.py:71: UserWarning: Invalid uuid: neutron. To ensure interoperability, identifiers should be a valid uuid. warnings.warn(('Invalid uuid: %s. To ensure interoperability, '
2026-05-09 22:56:31.059 10 INFO neutron.wsgi [req-b4305b3f-54b0-4048-8bb8-b9059b9fd996 req-e06dd6ba-9aaf-44d3-bd26-192b30e74fb1 4f59506a3ac44402a9f63c0b96918d3b d9054d28544c4ff7a78c470473e83457 - - default default] 10.0.0.106 "GET /v2.0/ports?device_id=253de020-4a4e-4408-aa7c-d93423a291c2 HTTP/1.1" status: 200 len: 210 time: 0.0301321
2026-05-09 22:56:31.111 10 WARNING neutron_lib.context [None req-b3c02d7b-b892-4c8d-960c-04029fdf3d70 d1af4101decb4fd6aa6530f5e1a2bdc0 f567e8278a8540a2899560a2ad0cd28b - - default default] Method 'is_advsvc' is deprecated since 2023.2 release (neutron-lib 3.8.0) and will be removed once support for the old RBAC API policies will be removed from Neutron. Please use method 'is_service_role' instead.
2026-05-09 22:56:31.216 10 INFO neutron.db.ovn_revision_numbers_db [None req-b3c02d7b-b892-4c8d-960c-04029fdf3d70 d1af4101decb4fd6aa6530f5e1a2bdc0 f567e8278a8540a2899560a2ad0cd28b - - default default] Successfully bumped revision number for resource 8065c520-8336-4b0f-8dec-5f6e8507494f (type: security_groups) to 1
2026-05-09 22:56:31.228 10 INFO neutron.db.ovn_revision_numbers_db [None req-b3c02d7b-b892-4c8d-960c-04029fdf3d70 d1af4101decb4fd6aa6530f5e1a2bdc0 f567e8278a8540a2899560a2ad0cd28b - - default default] Successfully bumped revision number for resource 12f38914-ca9f-429f-845d-dc5854e71959 (type: security_group_rules) to 0
2026-05-09 22:56:31.241 10 INFO neutron.db.ovn_revision_numbers_db [None req-b3c02d7b-b892-4c8d-960c-04029fdf3d70 d1af4101decb4fd6aa6530f5e1a2bdc0 f567e8278a8540a2899560a2ad0cd28b - - default default] Successfully bumped revision number for resource 60dc816e-cb9a-406c-8dba-7deaa5b4a71e (type: security_group_rules) to 0
2026-05-09 22:56:31.259 10 INFO neutron.db.ovn_revision_numbers_db [None req-b3c02d7b-b892-4c8d-960c-04029fdf3d70 d1af4101decb4fd6aa6530f5e1a2bdc0 f567e8278a8540a2899560a2ad0cd28b - - default default] Successfully bumped revision number for resource 7ef5ff6d-d5d5-4781-ad32-b199be94b0c4 (type: security_group_rules) to 0
2026-05-09 22:56:31.270 10 INFO neutron.db.ovn_revision_numbers_db [None req-b3c02d7b-b892-4c8d-960c-04029fdf3d70 d1af4101decb4fd6aa6530f5e1a2bdc0 f567e8278a8540a2899560a2ad0cd28b - - default default] Successfully bumped revision number for resource eca6e4bd-2808-40b4-ad57-8d14aba574e0 (type: security_group_rules) to 0
2026-05-09 22:56:31.315 10 INFO neutron.db.segments_db [None req-b3c02d7b-b892-4c8d-960c-04029fdf3d70 d1af4101decb4fd6aa6530f5e1a2bdc0 f567e8278a8540a2899560a2ad0cd28b - - default default] Added segment 984db9c5-d2d5-472a-8f8a-ce2dab8f0659 of type geneve for network df404cfa-a172-4e14-908a-85ba4abac316
2026-05-09 22:56:31.456 10 INFO neutron.db.ovn_revision_numbers_db [None req-b3c02d7b-b892-4c8d-960c-04029fdf3d70 d1af4101decb4fd6aa6530f5e1a2bdc0 f567e8278a8540a2899560a2ad0cd28b - - default default] Successfully bumped revision number for resource df404cfa-a172-4e14-908a-85ba4abac316 (type: networks) to 1
2026-05-09 22:56:31.525 9 WARNING neutron.plugins.ml2.drivers.ovn.mech_driver.ovsdb.ovn_client [None req-71f043e5-1309-4e04-8b43-f38cc1602804 - - - - - -] No hosting information found for port 90c63483-4dfd-4178-b787-229701c2fdf4: RuntimeError: No hosting information found for port 90c63483-4dfd-4178-b787-229701c2fdf4
2026-05-09 22:56:31.526 9 INFO neutron.plugins.ml2.drivers.ovn.mech_driver.mech_driver [None req-71f043e5-1309-4e04-8b43-f38cc1602804 - - - - - -] OVN reports status up for port: 0e5cd655-6fd1-4270-b7bd-69253d0a62f3
2026-05-09 22:56:31.538 9 INFO neutron.plugins.ml2.plugin [None req-71f043e5-1309-4e04-8b43-f38cc1602804 - - - - - -] Attempt 1 to provision port 0e5cd655-6fd1-4270-b7bd-69253d0a62f3
2026-05-09 22:56:31.680 10 WARNING neutron.scheduler.dhcp_agent_scheduler [None req-b3c02d7b-b892-4c8d-960c-04029fdf3d70 d1af4101decb4fd6aa6530f5e1a2bdc0 f567e8278a8540a2899560a2ad0cd28b - - default default] No more DHCP agents
2026-05-09 22:56:31.686 10 WARNING neutron.api.rpc.agentnotifiers.dhcp_rpc_agent_api [None req-b3c02d7b-b892-4c8d-960c-04029fdf3d70 d1af4101decb4fd6aa6530f5e1a2bdc0 f567e8278a8540a2899560a2ad0cd28b - - default default] Unable to schedule network df404cfa-a172-4e14-908a-85ba4abac316: no agents available; will retry on subsequent port and subnet creation events.
2026-05-09 22:56:31.790 10 INFO neutron.db.ovn_revision_numbers_db [None req-b3c02d7b-b892-4c8d-960c-04029fdf3d70 d1af4101decb4fd6aa6530f5e1a2bdc0 f567e8278a8540a2899560a2ad0cd28b - - default default] Successfully bumped revision number for resource 824fd4e1-ddde-401b-a528-94cefaacea62 (type: ports) to 1
2026-05-09 22:56:31.793 9 INFO neutron.wsgi [req-44a67f1f-89ac-45f8-8b5d-48928c1e3cee req-074d5932-34d5-453b-9e90-e9dc4e8ea454 9d970655bf074b629e7b7467e78980fb 1ec0a8b96e184bec97bfba10e7947f65 - - default default] 10.0.0.106 "GET /v2.0/ports?device_id=1a035ac0-4f96-4d60-9d13-a2ed06126286 HTTP/1.1" status: 200 len: 1170 time: 0.0648274
2026-05-09 22:56:31.824 10 INFO neutron.wsgi [None req-b3c02d7b-b892-4c8d-960c-04029fdf3d70 d1af4101decb4fd6aa6530f5e1a2bdc0 f567e8278a8540a2899560a2ad0cd28b - - default default] 10.0.0.214 "POST /v2.0/networks HTTP/1.1" status: 201 len: 831 time: 0.9896529
2026-05-09 22:56:31.840 10 WARNING neutron_lib.context [None req-bee68dbd-a087-40f5-8868-13b1981b4a4a d1af4101decb4fd6aa6530f5e1a2bdc0 f567e8278a8540a2899560a2ad0cd28b - - default default] Method 'is_advsvc' is deprecated since 2023.2 release (neutron-lib 3.8.0) and will be removed once support for the old RBAC API policies will be removed from Neutron. Please use method 'is_service_role' instead.
2026-05-09 22:56:31.856 9 INFO neutron.wsgi [req-44a67f1f-89ac-45f8-8b5d-48928c1e3cee req-594a08df-b818-4afb-a167-157e8a5ed05c 9d970655bf074b629e7b7467e78980fb 1ec0a8b96e184bec97bfba10e7947f65 - - default default] 10.0.0.106 "GET /v2.0/security-groups?id=ff02cfbe-b9d9-4af5-95e0-e18fc7b8262b&fields=id&fields=name HTTP/1.1" status: 200 len: 312 time: 0.0538702
2026-05-09 22:56:31.916 9 INFO neutron.db.ovn_revision_numbers_db [None req-71f043e5-1309-4e04-8b43-f38cc1602804 - - - - - -] Successfully bumped revision number for resource 0e5cd655-6fd1-4270-b7bd-69253d0a62f3 (type: ports) to 4
2026-05-09 22:56:31.998 9 INFO neutron.plugins.ml2.drivers.ovn.mech_driver.mech_driver [None req-71f043e5-1309-4e04-8b43-f38cc1602804 - - - - - -] OVN reports status down for port: fe931cbc-3c58-4c72-8899-cd2a281a5771
2026-05-09 22:56:32.061 10 INFO neutron.notifiers.nova [-] Nova event matching ['req-3efab913-f007-416c-9117-7048b73a1c90'] response: {'name': 'network-changed', 'server_uuid': '73e3d27b-45fb-47d6-9ace-26f3b99fcecf', 'tag': '8698f7ec-dc31-4c36-9c47-f971b9c01c73', 'status': 'completed', 'code': 200} /var/lib/openstack/lib/python3.10/site-packages/pycadf/identifier.py:71: UserWarning: Invalid uuid: neutron. To ensure interoperability, identifiers should be a valid uuid. warnings.warn(('Invalid uuid: %s. To ensure interoperability, '
2026-05-09 22:56:32.121 10 WARNING neutron.scheduler.dhcp_agent_scheduler [None req-bee68dbd-a087-40f5-8868-13b1981b4a4a d1af4101decb4fd6aa6530f5e1a2bdc0 f567e8278a8540a2899560a2ad0cd28b - - default default] No more DHCP agents
2026-05-09 22:56:32.125 10 WARNING neutron.api.rpc.agentnotifiers.dhcp_rpc_agent_api [None req-bee68dbd-a087-40f5-8868-13b1981b4a4a d1af4101decb4fd6aa6530f5e1a2bdc0 f567e8278a8540a2899560a2ad0cd28b - - default default] Unable to schedule network df404cfa-a172-4e14-908a-85ba4abac316: no agents available; will retry on subsequent port and subnet creation events.
2026-05-09 22:56:32.149 9 INFO neutron.wsgi [req-a2cc5ba1-f3e3-48dd-8d10-17d9edcc18d4 req-64e7665c-5b49-4e55-8df0-bd56fcaeb5bd 85346ff96472477b85427d9835cf6455 a87c074d5f924c5685712dc6e41e38b3 - - 6c1a401fdf844f518769ed403dc14c20 6c1a401fdf844f518769ed403dc14c20] 199.204.45.35 "GET /v2.0/ports?tenant_id=8806587621f347839f471b03381d3aaa&device_id=73e3d27b-45fb-47d6-9ace-26f3b99fcecf HTTP/1.1" status: 200 len: 1452 time: 0.0668395
2026-05-09 22:56:32.361 10 INFO neutron.wsgi [None req-ccf8d27b-a514-4827-a98e-34512d159313 4f59506a3ac44402a9f63c0b96918d3b d9054d28544c4ff7a78c470473e83457 - - default default] 10.0.0.214 "DELETE /v2.0/security-groups/2ea643d9-a1e2-4f7a-b71f-b435094e610d HTTP/1.1" status: 204 len: 168 time: 0.1965508
2026-05-09 22:56:32.391 10 INFO neutron.api.v2.resource [None req-294ed300-6750-4b4a-ac87-475f3af332af 4f59506a3ac44402a9f63c0b96918d3b d9054d28544c4ff7a78c470473e83457 - - default default] show failed (client error): The resource could not be found.
2026-05-09 22:56:32.393 10 INFO neutron.wsgi [None req-294ed300-6750-4b4a-ac87-475f3af332af 4f59506a3ac44402a9f63c0b96918d3b d9054d28544c4ff7a78c470473e83457 - - default default] 10.0.0.214 "GET /v2.0/security-groups/2ea643d9-a1e2-4f7a-b71f-b435094e610d HTTP/1.1" status: 404 len: 347 time: 0.0241325
2026-05-09 22:56:32.442 9 INFO neutron.wsgi [req-a2cc5ba1-f3e3-48dd-8d10-17d9edcc18d4 req-a7a7956f-f611-4f39-8dc6-a8940ba5745e 85346ff96472477b85427d9835cf6455 a87c074d5f924c5685712dc6e41e38b3 - - 6c1a401fdf844f518769ed403dc14c20 6c1a401fdf844f518769ed403dc14c20] 199.204.45.35 "GET /v2.0/networks?id=4143a9ff-5fd7-4422-a049-04b3f3d9c7b7 HTTP/1.1" status: 200 len: 970 time: 0.2853088
2026-05-09 22:56:32.488 9 INFO neutron.wsgi [req-a2cc5ba1-f3e3-48dd-8d10-17d9edcc18d4 req-8bcca2be-0e02-4017-bd8a-bed0388bb4d2 85346ff96472477b85427d9835cf6455 a87c074d5f924c5685712dc6e41e38b3 - - 6c1a401fdf844f518769ed403dc14c20 6c1a401fdf844f518769ed403dc14c20] 199.204.45.35 "GET /v2.0/floatingips?fixed_ip_address=10.100.0.14&port_id=8698f7ec-dc31-4c36-9c47-f971b9c01c73 HTTP/1.1" status: 200 len: 1060 time: 0.0382893
2026-05-09 22:56:32.531 9 INFO neutron.wsgi [req-a2cc5ba1-f3e3-48dd-8d10-17d9edcc18d4 req-04ac0ce0-001c-46e0-8722-d628b358ede0 85346ff96472477b85427d9835cf6455 a87c074d5f924c5685712dc6e41e38b3 - - 6c1a401fdf844f518769ed403dc14c20 6c1a401fdf844f518769ed403dc14c20] 199.204.45.35 "GET /v2.0/subnets?id=dba4859d-60bc-47fe-8b67-009f80d96f27 HTTP/1.1" status: 200 len: 865 time: 0.0352178
2026-05-09 22:56:32.554 9 INFO neutron.wsgi [req-a2cc5ba1-f3e3-48dd-8d10-17d9edcc18d4 req-0afc7f4d-e9da-40eb-9ff9-c34c417fa043 85346ff96472477b85427d9835cf6455 a87c074d5f924c5685712dc6e41e38b3 - - 6c1a401fdf844f518769ed403dc14c20 6c1a401fdf844f518769ed403dc14c20] 199.204.45.35 "GET /v2.0/ports?network_id=4143a9ff-5fd7-4422-a049-04b3f3d9c7b7&device_owner=network%3Adhcp HTTP/1.1" status: 200 len: 210 time: 0.0183673
2026-05-09 22:56:32.618 9 INFO neutron.wsgi [req-a2cc5ba1-f3e3-48dd-8d10-17d9edcc18d4 req-fe8651e5-1cbc-4e59-9c8f-b038d303130f 85346ff96472477b85427d9835cf6455 a87c074d5f924c5685712dc6e41e38b3 - - 6c1a401fdf844f518769ed403dc14c20 6c1a401fdf844f518769ed403dc14c20] 199.204.45.35 "GET /v2.0/networks/4143a9ff-5fd7-4422-a049-04b3f3d9c7b7?fields=segments HTTP/1.1" status: 200 len: 212 time: 0.0582149
2026-05-09 22:56:32.685 9 INFO neutron.wsgi [req-a2cc5ba1-f3e3-48dd-8d10-17d9edcc18d4 req-a097ea90-81fa-4ebf-9639-20fa36a0c078 85346ff96472477b85427d9835cf6455 a87c074d5f924c5685712dc6e41e38b3 - - 6c1a401fdf844f518769ed403dc14c20 6c1a401fdf844f518769ed403dc14c20] 199.204.45.35 "GET /v2.0/networks/4143a9ff-5fd7-4422-a049-04b3f3d9c7b7?fields=provider%3Aphysical_network&fields=provider%3Anetwork_type HTTP/1.1" status: 200 len: 277 time: 0.0607848
2026-05-09 22:56:32.758 10 INFO neutron.db.ovn_revision_numbers_db [None req-bee68dbd-a087-40f5-8868-13b1981b4a4a d1af4101decb4fd6aa6530f5e1a2bdc0 f567e8278a8540a2899560a2ad0cd28b - - default default] Successfully bumped revision number for resource 824fd4e1-ddde-401b-a528-94cefaacea62 (type: ports) to 2
2026-05-09 22:56:32.798 10 INFO neutron.db.ovn_revision_numbers_db [None req-bee68dbd-a087-40f5-8868-13b1981b4a4a d1af4101decb4fd6aa6530f5e1a2bdc0 f567e8278a8540a2899560a2ad0cd28b - - default default] Successfully bumped revision number for resource 18f475ef-8c98-4123-8832-bd4e2b7aaa96 (type: subnets) to 0
2026-05-09 22:56:32.814 10 INFO neutron.wsgi [None req-bee68dbd-a087-40f5-8868-13b1981b4a4a d1af4101decb4fd6aa6530f5e1a2bdc0 f567e8278a8540a2899560a2ad0cd28b - - default default] 10.0.0.214 "POST /v2.0/subnets HTTP/1.1" status: 201 len: 801 time: 0.9822247
2026-05-09 22:56:32.817 10 INFO neutron.wsgi [None req-2fb27cf0-d943-4a48-b000-43ce89f2d6cd 4f59506a3ac44402a9f63c0b96918d3b d9054d28544c4ff7a78c470473e83457 - - default default] 10.0.0.214 "DELETE /v2.0/floatingips/d4093b3f-1f0d-420f-b192-4dbd96d54838 HTTP/1.1" status: 204 len: 168 time: 0.4181664
2026-05-09 22:56:32.826 10 WARNING neutron_lib.context [None req-3a74a896-48cf-4ed9-9685-60c43a9b58fd d1af4101decb4fd6aa6530f5e1a2bdc0 f567e8278a8540a2899560a2ad0cd28b - - default default] Method 'is_advsvc' is deprecated since 2023.2 release (neutron-lib 3.8.0) and will be removed once support for the old RBAC API policies will be removed from Neutron. Please use method 'is_service_role' instead.
2026-05-09 22:56:32.909 10 INFO neutron.db.segments_db [None req-3a74a896-48cf-4ed9-9685-60c43a9b58fd d1af4101decb4fd6aa6530f5e1a2bdc0 f567e8278a8540a2899560a2ad0cd28b - - default default] Added segment 6b05a8d3-9382-47d6-a0be-8b558b0c4630 of type geneve for network a0303fcf-e69b-499c-b4db-618b85cd13f9
2026-05-09 22:56:32.944 9 INFO neutron.notifiers.nova [-] Nova event matching ['req-cb875ec9-90a9-43a5-bdd6-9b730d2b5ba3'] response: {'server_uuid': '1a035ac0-4f96-4d60-9d13-a2ed06126286', 'name': 'network-vif-plugged', 'status': 'completed', 'tag': '0e5cd655-6fd1-4270-b7bd-69253d0a62f3', 'code': 200}
2026-05-09 22:56:32.944 9 INFO neutron.notifiers.nova [-] Nova event matching ['req-cb875ec9-90a9-43a5-bdd6-9b730d2b5ba3'] response: {'server_uuid': '1a035ac0-4f96-4d60-9d13-a2ed06126286', 'name': 'network-vif-plugged', 'status': 'completed', 'tag': '0e5cd655-6fd1-4270-b7bd-69253d0a62f3', 'code': 200}
2026-05-09 22:56:32.993 9 INFO neutron.wsgi [req-dfca20ce-1508-4778-9cf5-a1c9fc6d83c5 req-9ddc5844-7002-47f7-b440-852d6d0d7885 9d970655bf074b629e7b7467e78980fb 1ec0a8b96e184bec97bfba10e7947f65 - - default default] 10.0.0.106 "GET /v2.0/ports?device_id=1a035ac0-4f96-4d60-9d13-a2ed06126286 HTTP/1.1" status: 200 len: 1170 time: 0.0610607
2026-05-09 22:56:33.056 9 INFO neutron.wsgi [req-dfca20ce-1508-4778-9cf5-a1c9fc6d83c5 req-2ebf1e16-3e2c-4052-8192-0b3d90af8e56 9d970655bf074b629e7b7467e78980fb 1ec0a8b96e184bec97bfba10e7947f65 - - default default] 10.0.0.106 "GET /v2.0/security-groups?id=ff02cfbe-b9d9-4af5-95e0-e18fc7b8262b&fields=id&fields=name HTTP/1.1" status: 200 len: 312 time: 0.0447357
2026-05-09 22:56:33.056 10 INFO neutron.db.ovn_revision_numbers_db [None req-3a74a896-48cf-4ed9-9685-60c43a9b58fd d1af4101decb4fd6aa6530f5e1a2bdc0 f567e8278a8540a2899560a2ad0cd28b - - default default] Successfully bumped revision number for resource a0303fcf-e69b-499c-b4db-618b85cd13f9 (type: networks) to 1
2026-05-09 22:56:33.251 10 WARNING neutron.scheduler.dhcp_agent_scheduler [None req-3a74a896-48cf-4ed9-9685-60c43a9b58fd d1af4101decb4fd6aa6530f5e1a2bdc0 f567e8278a8540a2899560a2ad0cd28b - - default default] No more DHCP agents
2026-05-09 22:56:33.253 10 WARNING neutron.api.rpc.agentnotifiers.dhcp_rpc_agent_api [None req-3a74a896-48cf-4ed9-9685-60c43a9b58fd d1af4101decb4fd6aa6530f5e1a2bdc0 f567e8278a8540a2899560a2ad0cd28b - - default default] Unable to schedule network a0303fcf-e69b-499c-b4db-618b85cd13f9: no agents available; will retry on subsequent port and subnet creation events.
2026-05-09 22:56:33.345 10 INFO neutron.db.ovn_revision_numbers_db [None req-3a74a896-48cf-4ed9-9685-60c43a9b58fd d1af4101decb4fd6aa6530f5e1a2bdc0 f567e8278a8540a2899560a2ad0cd28b - - default default] Successfully bumped revision number for resource 5cbbdf86-9949-4757-bc83-b725060f386d (type: ports) to 1
2026-05-09 22:56:33.366 10 INFO neutron.wsgi [None req-3a74a896-48cf-4ed9-9685-60c43a9b58fd d1af4101decb4fd6aa6530f5e1a2bdc0 f567e8278a8540a2899560a2ad0cd28b - - default default] 10.0.0.214 "POST /v2.0/networks HTTP/1.1" status: 201 len: 830 time: 0.5445383
2026-05-09 22:56:33.375 10 WARNING neutron_lib.context [None req-224bfd3f-1ce2-4541-b77e-f33bf08edc50 d1af4101decb4fd6aa6530f5e1a2bdc0 f567e8278a8540a2899560a2ad0cd28b - - default default] Method 'is_advsvc' is deprecated since 2023.2 release (neutron-lib 3.8.0) and will be removed once support for the old RBAC API policies will be removed from Neutron. Please use method 'is_service_role' instead.
2026-05-09 22:56:33.619 10 WARNING neutron.scheduler.dhcp_agent_scheduler [None req-224bfd3f-1ce2-4541-b77e-f33bf08edc50 d1af4101decb4fd6aa6530f5e1a2bdc0 f567e8278a8540a2899560a2ad0cd28b - - default default] No more DHCP agents
2026-05-09 22:56:33.622 10 WARNING neutron.api.rpc.agentnotifiers.dhcp_rpc_agent_api [None req-224bfd3f-1ce2-4541-b77e-f33bf08edc50 d1af4101decb4fd6aa6530f5e1a2bdc0 f567e8278a8540a2899560a2ad0cd28b - - default default] Unable to schedule network a0303fcf-e69b-499c-b4db-618b85cd13f9: no agents available; will retry on subsequent port and subnet creation events.
2026-05-09 22:56:34.163 9 INFO neutron.wsgi [None req-0b8c7ad3-f800-49ed-b239-1d83592982fd 8df602c576ed4eb7a388b6ec3d9f6864 b51fdf18aad844e4af18a455445db30d - - default default] 10.0.0.214 "PUT /v2.0/routers/7c5c313b-4fbc-41c0-bd86-f01964271116/remove_router_interface HTTP/1.1" status: 200 len: 503 time: 1.3409612 /var/lib/openstack/lib/python3.10/site-packages/pycadf/identifier.py:71: UserWarning: Invalid uuid: neutron. To ensure interoperability, identifiers should be a valid uuid. warnings.warn(('Invalid uuid: %s. To ensure interoperability, '
2026-05-09 22:56:34.178 10 INFO neutron.wsgi [req-0431de0a-ada0-4a9e-83f9-ce49520c0300 req-68424b61-482f-4983-bc49-aa031ef96496 9d970655bf074b629e7b7467e78980fb 1ec0a8b96e184bec97bfba10e7947f65 - - default default] 10.0.0.106 "GET /v2.0/ports?device_id=1a035ac0-4f96-4d60-9d13-a2ed06126286 HTTP/1.1" status: 200 len: 1170 time: 0.0505986
2026-05-09 22:56:34.179 10 INFO neutron.db.ovn_revision_numbers_db [None req-224bfd3f-1ce2-4541-b77e-f33bf08edc50 d1af4101decb4fd6aa6530f5e1a2bdc0 f567e8278a8540a2899560a2ad0cd28b - - default default] Successfully bumped revision number for resource 5cbbdf86-9949-4757-bc83-b725060f386d (type: ports) to 2
2026-05-09 22:56:34.183 10 INFO neutron.wsgi [None req-6865b2b7-d867-429b-bd6e-abbf0bc661c6 8df602c576ed4eb7a388b6ec3d9f6864 b51fdf18aad844e4af18a455445db30d - - default default] 10.0.0.216 "GET /v2.0/routers HTTP/1.1" status: 200 len: 2874 time: 0.1878092
2026-05-09 22:56:34.225 10 INFO neutron.wsgi [None req-bf51f2dd-bf47-420a-9f1c-1bf3edce2188 8df602c576ed4eb7a388b6ec3d9f6864 b51fdf18aad844e4af18a455445db30d - - default default] 10.0.0.216 "GET /v2.0/agents?binary=ovn-controller HTTP/1.1" status: 200 len: 591 time: 0.0404856
2026-05-09 22:56:34.249 10 INFO neutron.wsgi [None req-c6293899-e7be-4799-b445-10fc3994e566 8df602c576ed4eb7a388b6ec3d9f6864 b51fdf18aad844e4af18a455445db30d - - default default] 10.0.0.216 "GET /v2.0/agents HTTP/1.1" status: 200 len: 997 time: 0.0208290
2026-05-09 22:56:34.254 10 INFO neutron.db.ovn_revision_numbers_db [None req-224bfd3f-1ce2-4541-b77e-f33bf08edc50 d1af4101decb4fd6aa6530f5e1a2bdc0 f567e8278a8540a2899560a2ad0cd28b - - default default] Successfully bumped revision number for resource 8d193162-68a5-41fd-b46b-6206c4d8b3a6 (type: subnets) to 0
2026-05-09 22:56:34.264 10 INFO neutron.wsgi [req-0431de0a-ada0-4a9e-83f9-ce49520c0300 req-528403db-87b8-4b8a-b277-73f2438bc906 9d970655bf074b629e7b7467e78980fb 1ec0a8b96e184bec97bfba10e7947f65 - - default default] 10.0.0.106 "GET /v2.0/security-groups?id=ff02cfbe-b9d9-4af5-95e0-e18fc7b8262b&fields=id&fields=name HTTP/1.1" status: 200 len: 312 time: 0.0727921
2026-05-09 22:56:34.274 10 INFO neutron.wsgi [None req-f60f1a91-c90a-4d0e-a068-40eb3d6ad9f9 8df602c576ed4eb7a388b6ec3d9f6864 b51fdf18aad844e4af18a455445db30d - - default default] 10.0.0.216 "GET /v2.0/network-ip-availabilities HTTP/1.1" status: 200 len: 3973 time: 0.0230839
2026-05-09 22:56:34.278 10 INFO neutron.wsgi [None req-224bfd3f-1ce2-4541-b77e-f33bf08edc50 d1af4101decb4fd6aa6530f5e1a2bdc0 f567e8278a8540a2899560a2ad0cd28b - - default default] 10.0.0.214 "POST /v2.0/subnets HTTP/1.1" status: 201 len: 804 time: 0.9075255
2026-05-09 22:56:34.290 10 WARNING neutron_lib.context [None req-38050d5b-f170-45b9-9b25-65abb933aada d1af4101decb4fd6aa6530f5e1a2bdc0 f567e8278a8540a2899560a2ad0cd28b - - default default] Method 'is_advsvc' is deprecated since 2023.2 release (neutron-lib 3.8.0) and will be removed once support for the old RBAC API policies will be removed from Neutron. Please use method 'is_service_role' instead.
2026-05-09 22:56:34.333 10 INFO neutron.wsgi [None req-1332a06f-9500-465a-801e-a16896639619 8df602c576ed4eb7a388b6ec3d9f6864 b51fdf18aad844e4af18a455445db30d - - default default] 10.0.0.216 "GET /v2.0/subnets HTTP/1.1" status: 200 len: 5263 time: 0.0570617
2026-05-09 22:56:34.351 10 INFO neutron.wsgi [None req-71fbf985-7530-42d9-81b8-1f9af7b42151 8df602c576ed4eb7a388b6ec3d9f6864 b51fdf18aad844e4af18a455445db30d - - default default] 10.0.0.216 "GET /v2.0/subnetpools HTTP/1.1" status: 200 len: 193 time: 0.0144582
2026-05-09 22:56:34.411 10 INFO neutron.wsgi [None req-bf531f83-c22b-4e67-b76a-6e5b7cd1f531 8df602c576ed4eb7a388b6ec3d9f6864 b51fdf18aad844e4af18a455445db30d - - default default] 10.0.0.216 "GET /v2.0/subnets HTTP/1.1" status: 200 len: 5263 time: 0.0587802
2026-05-09 22:56:34.435 10 INFO neutron.db.segments_db [None req-38050d5b-f170-45b9-9b25-65abb933aada d1af4101decb4fd6aa6530f5e1a2bdc0 f567e8278a8540a2899560a2ad0cd28b - - default default] Added segment 63546fde-45be-4ee9-a954-1e55cb5b189b of type geneve for network 7e1418b0-becd-48e2-a6c8-9ad0213927fe
2026-05-09 22:56:34.483 9 INFO neutron.wsgi [req-0e9f84ff-cf75-4f0c-8aa9-c5eaea81f56c req-1da7e0ee-8f6a-4763-acf9-984f77fce384 9d970655bf074b629e7b7467e78980fb 1ec0a8b96e184bec97bfba10e7947f65 - - default default] 10.0.0.106 "GET /v2.0/ports?device_id=1a035ac0-4f96-4d60-9d13-a2ed06126286 HTTP/1.1" status: 200 len: 1170 time: 0.1520321
2026-05-09 22:56:34.544 9 INFO neutron.wsgi [req-0e9f84ff-cf75-4f0c-8aa9-c5eaea81f56c req-48cbaff9-7f99-4fa7-bfec-fc357cd785ca 9d970655bf074b629e7b7467e78980fb 1ec0a8b96e184bec97bfba10e7947f65 - - default default] 10.0.0.106 "GET /v2.0/security-groups?id=ff02cfbe-b9d9-4af5-95e0-e18fc7b8262b&fields=id&fields=name HTTP/1.1" status: 200 len: 312 time: 0.0542843
2026-05-09 22:56:34.627 9 INFO neutron.wsgi [None req-384e38dd-53d9-48a6-9fad-735838dace7d 9ed13afb238a4e9697726ded14625377 c0356fdfee7a4ac1b7e91d495c17475c - - default default] 10.0.0.214 "GET /v2.0/ports?device_id=1a035ac0-4f96-4d60-9d13-a2ed06126286 HTTP/1.1" status: 200 len: 1404 time: 0.0580330
2026-05-09 22:56:34.637 9 WARNING neutron_lib.context [None req-245830bf-5308-499b-b5f8-19762e9b46f4 9d970655bf074b629e7b7467e78980fb 1ec0a8b96e184bec97bfba10e7947f65 - - default default] Method 'is_advsvc' is deprecated since 2023.2 release (neutron-lib 3.8.0) and will be removed once support for the old RBAC API policies will be removed from Neutron. Please use method 'is_service_role' instead.
