2026-05-09 14:05:59.911 10 INFO neutron.db.ovn_revision_numbers_db [None req-7744ba22-b93c-4515-86d9-692a93d79f23 753280bc916d47ae887db1fab82e6bd2 eee0c6a25d6a4e0380da27db6e0b54a5 - - default default] Successfully bumped revision number for resource cc037f83-3fc1-4391-a2a9-a6c18c5bc73f (type: security_group_rules) to 0
2026-05-09 14:05:59.934 10 INFO neutron.wsgi [None req-7744ba22-b93c-4515-86d9-692a93d79f23 753280bc916d47ae887db1fab82e6bd2 eee0c6a25d6a4e0380da27db6e0b54a5 - - default default] 10.0.0.184 "GET /v2.0/security-groups?tenant_id=6f104671e4f549ea9d6259ded38e96cf&name=default HTTP/1.1" status: 200 len: 3120 time: 0.2929554
2026-05-09 14:05:59.953 10 INFO neutron.wsgi [None req-3ba6df40-35f0-4dfc-afb9-53b643cfa640 f50bfb267c4f438393d19afb8ae8cad5 ea148da660f84ef9a158495503a65ca0 - - default default] 10.0.0.184 "DELETE /v2.0/ports/a15c6327-f6c8-43cf-b0cc-ca1e02316bbc HTTP/1.1" status: 204 len: 168 time: 0.2844632
2026-05-09 14:06:00.149 9 INFO neutron.services.segments.plugin [-] Segment 037f96b0-a473-4bc4-909c-effa09c6f014 resource provider aggregate not found
2026-05-09 14:06:00.153 9 INFO neutron.services.segments.plugin [-] Segment 037f96b0-a473-4bc4-909c-effa09c6f014 resource provider aggregate not found
2026-05-09 14:06:00.173 9 INFO neutron.services.segments.plugin [-] Segment 037f96b0-a473-4bc4-909c-effa09c6f014 resource provider not found; error: Placement Client Error (4xx): {"errors": [{"status": 404, "title": "Not Found", "detail": "The resource could not be found.\n\n No resource provider with uuid 037f96b0-a473-4bc4-909c-effa09c6f014 found for delete ", "request_id": "req-afad441d-b230-4663-bdbe-643aab07d164"}]}
2026-05-09 14:06:00.180 9 INFO neutron.services.segments.plugin [-] Segment 037f96b0-a473-4bc4-909c-effa09c6f014 resource provider not found; error: Placement Client Error (4xx): {"errors": [{"status": 404, "title": "Not Found", "detail": "The resource could not be found.\n\n No resource provider with uuid 037f96b0-a473-4bc4-909c-effa09c6f014 found for delete ", "request_id": "req-b96b3f8e-e2b0-4402-b64d-3a37050b48f9"}]}
2026-05-09 14:06:00.222 10 INFO neutron.wsgi [None req-cd116e16-2fba-47e8-b153-b9c3259b9d78 753280bc916d47ae887db1fab82e6bd2 eee0c6a25d6a4e0380da27db6e0b54a5 - - default default] 10.0.0.184 "DELETE /v2.0/security-groups/10a41ac1-7218-45c8-b6b9-9729f972466d HTTP/1.1" status: 204 len: 168 time: 0.2805314
2026-05-09 14:06:00.248 10 INFO neutron.wsgi [None req-f4795072-28ea-45fd-aa21-989e740251cf f50bfb267c4f438393d19afb8ae8cad5 ea148da660f84ef9a158495503a65ca0 - - default default] 10.0.0.184 "DELETE /v2.0/ports/ff18521b-4f9a-4c29-8d1e-e69e7903717c HTTP/1.1" status: 204 len: 168 time: 0.2891073
2026-05-09 14:06:00.298 10 INFO neutron.wsgi [None req-7922f263-32b9-4628-bcb5-9e04739b80b1 f50bfb267c4f438393d19afb8ae8cad5 ea148da660f84ef9a158495503a65ca0 - - default default] 10.0.0.184 "GET /v2.0/ports HTTP/1.1" status: 200 len: 1718 time: 0.0449004
2026-05-09 14:06:00.312 10 WARNING neutron_lib.context [None req-4803fb42-4c8a-471e-9741-b86df7b976c6 f50bfb267c4f438393d19afb8ae8cad5 ea148da660f84ef9a158495503a65ca0 - - default default] Method 'is_advsvc' is deprecated since 2023.2 release (neutron-lib 3.8.0) and will be removed once support for the old RBAC API policies will be removed from Neutron. Please use method 'is_service_role' instead.
2026-05-09 14:06:00.343 9 WARNING neutron.scheduler.dhcp_agent_scheduler [None req-cc9fef06-bdcd-4aa7-a4d3-d23944564c93 a2cb467c8c494ca091c7aac5540db032 c4128f6450eb48019b10613f37ffa361 - - default default] No more DHCP agents
2026-05-09 14:06:00.348 9 WARNING neutron.api.rpc.agentnotifiers.dhcp_rpc_agent_api [None req-cc9fef06-bdcd-4aa7-a4d3-d23944564c93 a2cb467c8c494ca091c7aac5540db032 c4128f6450eb48019b10613f37ffa361 - - default default] Unable to schedule network ddd47669-9593-46c7-bb97-a641f51ebee5: no agents available; will retry on subsequent port and subnet creation events.
2026-05-09 14:06:00.395 10 INFO neutron.db.segments_db [None req-4803fb42-4c8a-471e-9741-b86df7b976c6 f50bfb267c4f438393d19afb8ae8cad5 ea148da660f84ef9a158495503a65ca0 - - default default] Added segment f75e4028-f8cb-4f82-8036-08127fcf8e9c of type geneve for network 51a9e305-67c1-450c-9532-98d3d3d7c930
2026-05-09 14:06:00.500 9 INFO neutron.db.ovn_revision_numbers_db [None req-cc9fef06-bdcd-4aa7-a4d3-d23944564c93 a2cb467c8c494ca091c7aac5540db032 c4128f6450eb48019b10613f37ffa361 - - default default] Successfully bumped revision number for resource 937ebe35-fc6b-471e-aec5-9f9c8b73efea (type: ports) to 1
2026-05-09 14:06:00.538 10 INFO neutron.db.ovn_revision_numbers_db [None req-4803fb42-4c8a-471e-9741-b86df7b976c6 f50bfb267c4f438393d19afb8ae8cad5 ea148da660f84ef9a158495503a65ca0 - - default default] Successfully bumped revision number for resource 51a9e305-67c1-450c-9532-98d3d3d7c930 (type: networks) to 1
2026-05-09 14:06:00.539 9 WARNING neutron.scheduler.dhcp_agent_scheduler [None req-97737673-09be-43b0-8626-f69cd02fe911 f077e714497442989b313dc248fd38c8 4b9569e0567045c3819c887ec401ae20 - - default default] No more DHCP agents
2026-05-09 14:06:00.545 9 WARNING neutron.api.rpc.agentnotifiers.dhcp_rpc_agent_api [None req-97737673-09be-43b0-8626-f69cd02fe911 f077e714497442989b313dc248fd38c8 4b9569e0567045c3819c887ec401ae20 - - default default] Unable to schedule network 91fba713-3afc-4c77-8073-2c57d8c5c16b: no agents available; will retry on subsequent port and subnet creation events.
2026-05-09 14:06:00.549 9 INFO neutron.wsgi [None req-cc9fef06-bdcd-4aa7-a4d3-d23944564c93 a2cb467c8c494ca091c7aac5540db032 c4128f6450eb48019b10613f37ffa361 - - default default] 10.0.0.184 "POST /v2.0/networks HTTP/1.1" status: 201 len: 830 time: 1.0137227
2026-05-09 14:06:00.613 10 INFO neutron.wsgi [None req-4eceb624-4244-4ba7-bd8a-34634fdf35a9 a2cb467c8c494ca091c7aac5540db032 c4128f6450eb48019b10613f37ffa361 - - default default] 10.0.0.184 "PUT /v2.0/networks/b71b2d71-9a6b-4d7b-90ff-e8d06d2fbca2/tags HTTP/1.1" status: 200 len: 210 time: 0.0588999
2026-05-09 14:06:00.632 9 INFO neutron.db.ovn_revision_numbers_db [None req-9879100f-14b1-4e15-bbae-e686b5f7d7f5 753280bc916d47ae887db1fab82e6bd2 eee0c6a25d6a4e0380da27db6e0b54a5 - - default default] Successfully bumped revision number for resource a6f27087-e37d-48a0-b3b8-6d7fbedd26ab (type: security_groups) to 1
2026-05-09 14:06:00.667 9 INFO neutron.db.ovn_revision_numbers_db [None req-9879100f-14b1-4e15-bbae-e686b5f7d7f5 753280bc916d47ae887db1fab82e6bd2 eee0c6a25d6a4e0380da27db6e0b54a5 - - default default] Successfully bumped revision number for resource 1ab87def-20e8-4f80-b7ef-1531fec9c6c5 (type: security_group_rules) to 0
2026-05-09 14:06:00.700 9 INFO neutron.wsgi [None req-6d903b52-5f25-4b10-9a53-70f63c831e44 a2cb467c8c494ca091c7aac5540db032 c4128f6450eb48019b10613f37ffa361 - - default default] 10.0.0.184 "PUT /v2.0/networks/70fa71f8-8f23-4593-886b-e98d549b2bb7/tags HTTP/1.1" status: 200 len: 218 time: 0.0827203
2026-05-09 14:06:00.701 9 INFO neutron.db.ovn_revision_numbers_db [None req-9879100f-14b1-4e15-bbae-e686b5f7d7f5 753280bc916d47ae887db1fab82e6bd2 eee0c6a25d6a4e0380da27db6e0b54a5 - - default default] Successfully bumped revision number for resource 3bf07eca-ce24-4443-8aea-d4258fd51bf5 (type: security_group_rules) to 0
2026-05-09 14:06:00.703 9 INFO neutron.db.ovn_revision_numbers_db [None req-97737673-09be-43b0-8626-f69cd02fe911 f077e714497442989b313dc248fd38c8 4b9569e0567045c3819c887ec401ae20 - - default default] Successfully bumped revision number for resource 5d58626a-c6b7-4458-a7b6-c7351ba7ae47 (type: ports) to 1
2026-05-09 14:06:00.733 9 INFO neutron.db.ovn_revision_numbers_db [None req-9879100f-14b1-4e15-bbae-e686b5f7d7f5 753280bc916d47ae887db1fab82e6bd2 eee0c6a25d6a4e0380da27db6e0b54a5 - - default default] Successfully bumped revision number for resource 4b587f26-392a-414a-a6be-421baf266e66 (type: security_group_rules) to 0
2026-05-09 14:06:00.756 9 INFO neutron.db.ovn_revision_numbers_db [None req-9879100f-14b1-4e15-bbae-e686b5f7d7f5 753280bc916d47ae887db1fab82e6bd2 eee0c6a25d6a4e0380da27db6e0b54a5 - - default default] Successfully bumped revision number for resource 94b914eb-9213-4429-bf0e-2a9951edc41e (type: security_group_rules) to 0
2026-05-09 14:06:00.769 10 WARNING neutron.scheduler.dhcp_agent_scheduler [None req-4803fb42-4c8a-471e-9741-b86df7b976c6 f50bfb267c4f438393d19afb8ae8cad5 ea148da660f84ef9a158495503a65ca0 - - default default] No more DHCP agents
2026-05-09 14:06:00.772 10 WARNING neutron.api.rpc.agentnotifiers.dhcp_rpc_agent_api [None req-4803fb42-4c8a-471e-9741-b86df7b976c6 f50bfb267c4f438393d19afb8ae8cad5 ea148da660f84ef9a158495503a65ca0 - - default default] Unable to schedule network 51a9e305-67c1-450c-9532-98d3d3d7c930: no agents available; will retry on subsequent port and subnet creation events.
2026-05-09 14:06:00.777 10 INFO neutron.wsgi [None req-bd191e10-9aab-4b82-9911-898c6bb25745 a2cb467c8c494ca091c7aac5540db032 c4128f6450eb48019b10613f37ffa361 - - default default] 10.0.0.184 "PUT /v2.0/networks/f124fb97-a7b5-4f6c-a9d7-61254c13bed4/tags HTTP/1.1" status: 200 len: 227 time: 0.0710809
2026-05-09 14:06:00.779 9 INFO neutron.wsgi [None req-9879100f-14b1-4e15-bbae-e686b5f7d7f5 753280bc916d47ae887db1fab82e6bd2 eee0c6a25d6a4e0380da27db6e0b54a5 - - default default] 10.0.0.184 "GET /v2.0/security-groups?tenant_id=425dd48c4c404d169d5e32e5220565a5&name=default HTTP/1.1" status: 200 len: 3120 time: 0.3925827
2026-05-09 14:06:00.882 10 INFO neutron.wsgi [None req-3b551a20-953f-49b7-b38b-6df280a85c57 a2cb467c8c494ca091c7aac5540db032 c4128f6450eb48019b10613f37ffa361 - - default default] 10.0.0.184 "PUT /v2.0/networks/2e7f32ca-b294-478e-ad18-54d7c844c577/tags HTTP/1.1" status: 200 len: 212 time: 0.0977364
2026-05-09 14:06:00.940 10 INFO neutron.db.ovn_revision_numbers_db [None req-4803fb42-4c8a-471e-9741-b86df7b976c6 f50bfb267c4f438393d19afb8ae8cad5 ea148da660f84ef9a158495503a65ca0 - - default default] Successfully bumped revision number for resource 1ae8c666-0b4c-4716-ae44-366e56d1c775 (type: ports) to 1
2026-05-09 14:06:00.981 10 INFO neutron.wsgi [None req-da286f46-5808-4414-a1b7-c48f5a182e7b a2cb467c8c494ca091c7aac5540db032 c4128f6450eb48019b10613f37ffa361 - - default default] 10.0.0.184 "GET /v2.0/networks?tags=red HTTP/1.1" status: 200 len: 2067 time: 0.0929427
2026-05-09 14:06:00.986 10 INFO neutron.wsgi [None req-4803fb42-4c8a-471e-9741-b86df7b976c6 f50bfb267c4f438393d19afb8ae8cad5 ea148da660f84ef9a158495503a65ca0 - - default default] 10.0.0.184 "POST /v2.0/networks HTTP/1.1" status: 201 len: 848 time: 0.6793859
2026-05-09 14:06:00.998 9 WARNING neutron_lib.context [None req-89316409-2d8b-4706-bf28-2d5acb0ceee4 f50bfb267c4f438393d19afb8ae8cad5 ea148da660f84ef9a158495503a65ca0 - - default default] Method 'is_advsvc' is deprecated since 2023.2 release (neutron-lib 3.8.0) and will be removed once support for the old RBAC API policies will be removed from Neutron. Please use method 'is_service_role' instead.
2026-05-09 14:06:01.059 10 INFO neutron.wsgi [None req-da2c8938-2eed-49be-9aa7-83fbec2ed01a a2cb467c8c494ca091c7aac5540db032 c4128f6450eb48019b10613f37ffa361 - - default default] 10.0.0.184 "GET /v2.0/networks?tags=red%2Cblue HTTP/1.1" status: 200 len: 1455 time: 0.0721223
2026-05-09 14:06:01.100 9 INFO neutron.db.segments_db [None req-89316409-2d8b-4706-bf28-2d5acb0ceee4 f50bfb267c4f438393d19afb8ae8cad5 ea148da660f84ef9a158495503a65ca0 - - default default] Added segment e0801ddb-5b18-45aa-b782-be1029dad517 of type geneve for network 10d28569-ad9f-4f06-8c69-3d43c6881856
2026-05-09 14:06:01.135 10 INFO neutron.wsgi [None req-2f5327cf-38e4-4e3c-9350-d5d39f213208 a2cb467c8c494ca091c7aac5540db032 c4128f6450eb48019b10613f37ffa361 - - default default] 10.0.0.184 "GET /v2.0/networks?tags-any=blue HTTP/1.1" status: 200 len: 1455 time: 0.0671160
2026-05-09 14:06:01.277 9 ERROR ovsdbapp.backend.ovs_idl.command [None req-97737673-09be-43b0-8626-f69cd02fe911 f077e714497442989b313dc248fd38c8 4b9569e0567045c3819c887ec401ae20 - - default default] Error executing command (DbGetCommand): ovsdbapp.backend.ovs_idl.idlutils.RowNotFound: Cannot find Logical_Router_Port with name=lrp-5d58626a-c6b7-4458-a7b6-c7351ba7ae47
2026-05-09 14:06:01.277 9 ERROR ovsdbapp.backend.ovs_idl.command
Traceback (most recent call last):
2026-05-09 14:06:01.277 9 ERROR ovsdbapp.backend.ovs_idl.command
File "/var/lib/openstack/lib/python3.10/site-packages/ovsdbapp/backend/ovs_idl/command.py", line 47, in execute
2026-05-09 14:06:01.277 9 ERROR ovsdbapp.backend.ovs_idl.command self.run_idl(None)
2026-05-09 14:06:01.277 9 ERROR ovsdbapp.backend.ovs_idl.command
File "/var/lib/openstack/lib/python3.10/site-packages/ovsdbapp/backend/ovs_idl/command.py", line 235, in run_idl
2026-05-09 14:06:01.277 9 ERROR ovsdbapp.backend.ovs_idl.command record = self.api.lookup(self.table, self.record)
2026-05-09 14:06:01.277 9 ERROR ovsdbapp.backend.ovs_idl.command
File "/var/lib/openstack/lib/python3.10/site-packages/ovsdbapp/backend/ovs_idl/__init__.py", line 184, in lookup
2026-05-09 14:06:01.277 9 ERROR ovsdbapp.backend.ovs_idl.command return self._lookup(table, record)
2026-05-09 14:06:01.277 9 ERROR ovsdbapp.backend.ovs_idl.command
File "/var/lib/openstack/lib/python3.10/site-packages/ovsdbapp/backend/ovs_idl/__init__.py", line 235, in _lookup
2026-05-09 14:06:01.277 9 ERROR ovsdbapp.backend.ovs_idl.command row = idlutils.row_by_value(self, rl.table, rl.column, record)
2026-05-09 14:06:01.277 9 ERROR ovsdbapp.backend.ovs_idl.command
File "/var/lib/openstack/lib/python3.10/site-packages/ovsdbapp/backend/ovs_idl/idlutils.py", line 114, in row_by_value
2026-05-09 14:06:01.277 9 ERROR ovsdbapp.backend.ovs_idl.command raise RowNotFound(table=table, col=column, match=match)
2026-05-09 14:06:01.277 9 ERROR ovsdbapp.backend.ovs_idl.command ovsdbapp.backend.ovs_idl.idlutils.RowNotFound: Cannot find Logical_Router_Port with name=lrp-5d58626a-c6b7-4458-a7b6-c7351ba7ae47
2026-05-09 14:06:01.277 9 ERROR ovsdbapp.backend.ovs_idl.command 
2026-05-09 14:06:01.278 9 ERROR neutron_lib.callbacks.manager [None req-97737673-09be-43b0-8626-f69cd02fe911 f077e714497442989b313dc248fd38c8 4b9569e0567045c3819c887ec401ae20 - - default default] Error during notification for neutron.services.ovn_l3.plugin.OVNL3RouterPlugin._port_update-8766159168212 port, after_update: ovsdbapp.backend.ovs_idl.idlutils.RowNotFound: Cannot find Logical_Router_Port with name=lrp-5d58626a-c6b7-4458-a7b6-c7351ba7ae47
2026-05-09 14:06:01.278 9 ERROR neutron_lib.callbacks.manager
Traceback (most recent call last):
2026-05-09 14:06:01.278 9 ERROR neutron_lib.callbacks.manager
File "/var/lib/openstack/lib/python3.10/site-packages/neutron_lib/callbacks/manager.py", line 189, in _notify_loop
2026-05-09 14:06:01.278 9 ERROR neutron_lib.callbacks.manager callback.method(resource, event, trigger, payload=payload)
2026-05-09 14:06:01.278 9 ERROR neutron_lib.callbacks.manager
File "/var/lib/openstack/lib/python3.10/site-packages/neutron/services/ovn_l3/plugin.py", line 391, in _port_update
2026-05-09 14:06:01.278 9 ERROR neutron_lib.callbacks.manager l3plugin._ovn_client.update_router_port(context,
2026-05-09 14:06:01.278 9 ERROR neutron_lib.callbacks.manager
File "/var/lib/openstack/lib/python3.10/site-packages/neutron/plugins/ml2/drivers/ovn/mech_driver/ovsdb/ovn_client.py", line 1878, in update_router_port
2026-05-09 14:06:01.278 9 ERROR neutron_lib.callbacks.manager self._update_lrouter_port(context, port, if_exists=if_exists,
2026-05-09 14:06:01.278 9 ERROR neutron_lib.callbacks.manager
File "/var/lib/openstack/lib/python3.10/site-packages/neutron/plugins/ml2/drivers/ovn/mech_driver/ovsdb/ovn_client.py", line 1855, in _update_lrouter_port
2026-05-09 14:06:01.278 9 ERROR neutron_lib.callbacks.manager external_ids = self._nb_idl.db_get(
2026-05-09 14:06:01.278 9 ERROR neutron_lib.callbacks.manager
File "/var/lib/openstack/lib/python3.10/site-packages/ovsdbapp/backend/ovs_idl/command.py", line 47, in execute
2026-05-09 14:06:01.278 9 ERROR neutron_lib.callbacks.manager self.run_idl(None)
2026-05-09 14:06:01.278 9 ERROR neutron_lib.callbacks.manager
File "/var/lib/openstack/lib/python3.10/site-packages/ovsdbapp/backend/ovs_idl/command.py", line 235, in run_idl
2026-05-09 14:06:01.278 9 ERROR neutron_lib.callbacks.manager record = self.api.lookup(self.table, self.record)
2026-05-09 14:06:01.278 9 ERROR neutron_lib.callbacks.manager
File "/var/lib/openstack/lib/python3.10/site-packages/ovsdbapp/backend/ovs_idl/__init__.py", line 184, in lookup
2026-05-09 14:06:01.278 9 ERROR neutron_lib.callbacks.manager return self._lookup(table, record)
2026-05-09 14:06:01.278 9 ERROR neutron_lib.callbacks.manager
File "/var/lib/openstack/lib/python3.10/site-packages/ovsdbapp/backend/ovs_idl/__init__.py", line 235, in _lookup
2026-05-09 14:06:01.278 9 ERROR neutron_lib.callbacks.manager row = idlutils.row_by_value(self, rl.table, rl.column, record)
2026-05-09 14:06:01.278 9 ERROR neutron_lib.callbacks.manager
File "/var/lib/openstack/lib/python3.10/site-packages/ovsdbapp/backend/ovs_idl/idlutils.py", line 114, in row_by_value
2026-05-09 14:06:01.278 9 ERROR neutron_lib.callbacks.manager raise RowNotFound(table=table, col=column, match=match)
2026-05-09 14:06:01.278 9 ERROR neutron_lib.callbacks.manager ovsdbapp.backend.ovs_idl.idlutils.RowNotFound: Cannot find Logical_Router_Port with name=lrp-5d58626a-c6b7-4458-a7b6-c7351ba7ae47
2026-05-09 14:06:01.278 9 ERROR neutron_lib.callbacks.manager 
2026-05-09 14:06:01.320 9 INFO neutron.db.ovn_revision_numbers_db [None req-89316409-2d8b-4706-bf28-2d5acb0ceee4 f50bfb267c4f438393d19afb8ae8cad5 ea148da660f84ef9a158495503a65ca0 - - default default] Successfully bumped revision number for resource 10d28569-ad9f-4f06-8c69-3d43c6881856 (type: networks) to 1
2026-05-09 14:06:01.438 10 INFO neutron.wsgi [None req-2e5d8a41-8976-438b-a41a-d0717e578819 a2cb467c8c494ca091c7aac5540db032 c4128f6450eb48019b10613f37ffa361 - - default default] 10.0.0.184 "GET /v2.0/networks?tags-any=red%2Cblue HTTP/1.1" status: 200 len: 2067 time: 0.2959745
2026-05-09 14:06:01.443 10 INFO neutron.wsgi [None req-1b4fc56c-214f-441c-9d57-a9c6685042f1 753280bc916d47ae887db1fab82e6bd2 eee0c6a25d6a4e0380da27db6e0b54a5 - - default default] 10.0.0.184 "DELETE /v2.0/security-groups/a6f27087-e37d-48a0-b3b8-6d7fbedd26ab HTTP/1.1" status: 204 len: 168 time: 0.6584690
2026-05-09 14:06:01.486 9 INFO neutron.plugins.ml2.drivers.ovn.mech_driver.mech_driver [None req-2b62d2f3-948b-40ce-92b0-cd56d01da0a3 - - - - - -] OVN reports status up for port: 5d58626a-c6b7-4458-a7b6-c7351ba7ae47
2026-05-09 14:06:01.505 9 INFO neutron.plugins.ml2.plugin [None req-2b62d2f3-948b-40ce-92b0-cd56d01da0a3 - - - - - -] Attempt 1 to provision port 5d58626a-c6b7-4458-a7b6-c7351ba7ae47
2026-05-09 14:06:01.548 9 INFO neutron.db.ovn_revision_numbers_db [None req-97737673-09be-43b0-8626-f69cd02fe911 f077e714497442989b313dc248fd38c8 4b9569e0567045c3819c887ec401ae20 - - default default] Successfully bumped revision number for resource 5d58626a-c6b7-4458-a7b6-c7351ba7ae47 (type: ports) to 1
2026-05-09 14:06:01.560 10 INFO neutron.wsgi [None req-4332e0ae-d62a-450e-8d9b-2726aa26ff33 a2cb467c8c494ca091c7aac5540db032 c4128f6450eb48019b10613f37ffa361 - - default default] 10.0.0.184 "GET /v2.0/networks?not-tags=red HTTP/1.1" status: 200 len: 2067 time: 0.1155360
2026-05-09 14:06:01.870 9 WARNING neutron.scheduler.dhcp_agent_scheduler [None req-89316409-2d8b-4706-bf28-2d5acb0ceee4 f50bfb267c4f438393d19afb8ae8cad5 ea148da660f84ef9a158495503a65ca0 - - default default] No more DHCP agents
2026-05-09 14:06:01.883 9 WARNING neutron.api.rpc.agentnotifiers.dhcp_rpc_agent_api [None req-89316409-2d8b-4706-bf28-2d5acb0ceee4 f50bfb267c4f438393d19afb8ae8cad5 ea148da660f84ef9a158495503a65ca0 - - default default] Unable to schedule network 10d28569-ad9f-4f06-8c69-3d43c6881856: no agents available; will retry on subsequent port and subnet creation events.
2026-05-09 14:06:01.948 9 INFO neutron.wsgi [None req-e3565a23-0063-4964-8b2e-6014e59ce742 a2cb467c8c494ca091c7aac5540db032 c4128f6450eb48019b10613f37ffa361 - - default default] 10.0.0.184 "GET /v2.0/networks?not-tags=red%2Cblue HTTP/1.1" status: 200 len: 2679 time: 0.3806169
2026-05-09 14:06:01.956 9 WARNING neutron.scheduler.dhcp_agent_scheduler [None req-97737673-09be-43b0-8626-f69cd02fe911 f077e714497442989b313dc248fd38c8 4b9569e0567045c3819c887ec401ae20 - - default default] No more DHCP agents
2026-05-09 14:06:01.960 9 WARNING neutron.api.rpc.agentnotifiers.dhcp_rpc_agent_api [None req-97737673-09be-43b0-8626-f69cd02fe911 f077e714497442989b313dc248fd38c8 4b9569e0567045c3819c887ec401ae20 - - default default] Unable to schedule network 91fba713-3afc-4c77-8073-2c57d8c5c16b: no agents available; will retry on subsequent port and subnet creation events.
2026-05-09 14:06:02.073 10 INFO neutron.wsgi [None req-5649c92b-6913-4c62-9d0f-c84fee10eff0 a2cb467c8c494ca091c7aac5540db032 c4128f6450eb48019b10613f37ffa361 - - default default] 10.0.0.184 "GET /v2.0/networks?not-tags-any=blue HTTP/1.1" status: 200 len: 2679 time: 0.1182783
2026-05-09 14:06:02.097 9 INFO neutron.db.ovn_revision_numbers_db [None req-89316409-2d8b-4706-bf28-2d5acb0ceee4 f50bfb267c4f438393d19afb8ae8cad5 ea148da660f84ef9a158495503a65ca0 - - default default] Successfully bumped revision number for resource b6b3a232-66c6-43e4-b2d0-fd25a93dea39 (type: ports) to 1
2026-05-09 14:06:02.155 9 INFO neutron.wsgi [None req-89316409-2d8b-4706-bf28-2d5acb0ceee4 f50bfb267c4f438393d19afb8ae8cad5 ea148da660f84ef9a158495503a65ca0 - - default default] 10.0.0.184 "POST /v2.0/networks HTTP/1.1" status: 201 len: 849 time: 1.1626015
2026-05-09 14:06:02.173 10 INFO neutron.wsgi [None req-db1f6e7a-77d0-4979-8fb8-fc8919d45da5 a2cb467c8c494ca091c7aac5540db032 c4128f6450eb48019b10613f37ffa361 - - default default] 10.0.0.184 "GET /v2.0/networks?not-tags-any=red%2Cblue HTTP/1.1" status: 200 len: 2067 time: 0.0944121
2026-05-09 14:06:02.201 9 INFO neutron.db.ovn_revision_numbers_db [None req-97737673-09be-43b0-8626-f69cd02fe911 f077e714497442989b313dc248fd38c8 4b9569e0567045c3819c887ec401ae20 - - default default] Successfully bumped revision number for resource 5d58626a-c6b7-4458-a7b6-c7351ba7ae47 (type: router_ports) to 1
2026-05-09 14:06:02.207 9 INFO neutron.wsgi [None req-97737673-09be-43b0-8626-f69cd02fe911 f077e714497442989b313dc248fd38c8 4b9569e0567045c3819c887ec401ae20 - - default default] 10.0.0.184 "PUT /v2.0/routers/d5d0e6f1-2e1a-45dc-8a10-b7a9de2b84e6/add_router_interface HTTP/1.1" status: 200 len: 503 time: 2.4865243
2026-05-09 14:06:02.216 9 WARNING neutron_lib.context [None req-eb1c0b0d-ffac-456b-88c0-9fdc2a64f0a7 f50bfb267c4f438393d19afb8ae8cad5 ea148da660f84ef9a158495503a65ca0 - - default default] Method 'is_advsvc' is deprecated since 2023.2 release (neutron-lib 3.8.0) and will be removed once support for the old RBAC API policies will be removed from Neutron. Please use method 'is_service_role' instead.
2026-05-09 14:06:02.271 9 WARNING neutron_lib.context [None req-eb1c0b0d-ffac-456b-88c0-9fdc2a64f0a7 f50bfb267c4f438393d19afb8ae8cad5 ea148da660f84ef9a158495503a65ca0 - - default default] Method 'is_advsvc' is deprecated since 2023.2 release (neutron-lib 3.8.0) and will be removed once support for the old RBAC API policies will be removed from Neutron. Please use method 'is_service_role' instead.
2026-05-09 14:06:02.325 10 INFO neutron.wsgi [None req-6ee41d4b-d35b-4fb3-a3b4-e7f9904f8eee f077e714497442989b313dc248fd38c8 4b9569e0567045c3819c887ec401ae20 - - default default] 10.0.0.184 "GET /v2.0/ports/5d58626a-c6b7-4458-a7b6-c7351ba7ae47 HTTP/1.1" status: 200 len: 1141 time: 0.1091533
2026-05-09 14:06:02.374 10 INFO neutron.wsgi [None req-163ea38f-2cbe-41c8-bbc5-554a2eff076b f077e714497442989b313dc248fd38c8 4b9569e0567045c3819c887ec401ae20 - - default default] 10.0.0.184 "GET /v2.0/ports/5d58626a-c6b7-4458-a7b6-c7351ba7ae47 HTTP/1.1" status: 200 len: 1141 time: 0.0370984
2026-05-09 14:06:02.445 9 INFO neutron.db.ovn_revision_numbers_db [None req-2b62d2f3-948b-40ce-92b0-cd56d01da0a3 - - - - - -] Successfully bumped revision number for resource 5d58626a-c6b7-4458-a7b6-c7351ba7ae47 (type: ports) to 2
2026-05-09 14:06:02.630 9 INFO neutron.db.ovn_revision_numbers_db [None req-2b62d2f3-948b-40ce-92b0-cd56d01da0a3 - - - - - -] Successfully bumped revision number for resource 5d58626a-c6b7-4458-a7b6-c7351ba7ae47 (type: router_ports) to 2
2026-05-09 14:06:02.741 10 INFO neutron.services.segments.plugin [-] Segment 6fa2e6bf-6a46-4ef0-9757-1741728de253 resource provider aggregate not found
2026-05-09 14:06:02.748 10 INFO neutron.services.segments.plugin [-] Segment 6fa2e6bf-6a46-4ef0-9757-1741728de253 resource provider aggregate not found
2026-05-09 14:06:02.762 9 WARNING neutron.scheduler.dhcp_agent_scheduler [None req-eb1c0b0d-ffac-456b-88c0-9fdc2a64f0a7 f50bfb267c4f438393d19afb8ae8cad5 ea148da660f84ef9a158495503a65ca0 - - default default] No more DHCP agents
2026-05-09 14:06:02.763 10 INFO neutron.services.segments.plugin [-] Segment 6fa2e6bf-6a46-4ef0-9757-1741728de253 resource provider not found; error: Placement Client Error (4xx): {"errors": [{"status": 404, "title": "Not Found", "detail": "The resource could not be found.\n\n No resource provider with uuid 6fa2e6bf-6a46-4ef0-9757-1741728de253 found for delete ", "request_id": "req-0fd5ac22-ff9d-45fb-bd2a-60ef4badbbea"}]}
2026-05-09 14:06:02.764 10 INFO neutron.services.segments.plugin [-] Segment 6fa2e6bf-6a46-4ef0-9757-1741728de253 resource provider not found; error: Placement Client Error (4xx): {"errors": [{"status": 404, "title": "Not Found", "detail": "The resource could not be found.\n\n No resource provider with uuid 6fa2e6bf-6a46-4ef0-9757-1741728de253 found for delete ", "request_id": "req-ea371d09-4b02-4392-a9d9-af1c76e48d0d"}]}
2026-05-09 14:06:02.767 9 WARNING neutron.api.rpc.agentnotifiers.dhcp_rpc_agent_api [None req-eb1c0b0d-ffac-456b-88c0-9fdc2a64f0a7 f50bfb267c4f438393d19afb8ae8cad5 ea148da660f84ef9a158495503a65ca0 - - default default] Unable to schedule network 51a9e305-67c1-450c-9532-98d3d3d7c930: no agents available; will retry on subsequent port and subnet creation events.
2026-05-09 14:06:02.804 10 INFO neutron.wsgi [None req-87c254cc-1142-497d-a95f-6a0c308fe368 a2cb467c8c494ca091c7aac5540db032 c4128f6450eb48019b10613f37ffa361 - - default default] 10.0.0.184 "DELETE /v2.0/networks/b71b2d71-9a6b-4d7b-90ff-e8d06d2fbca2 HTTP/1.1" status: 204 len: 168 time: 0.6163087
2026-05-09 14:06:03.291 10 INFO neutron.wsgi [None req-2c94c5b3-7c55-4ef3-a49a-0bfb019db91b f077e714497442989b313dc248fd38c8 4b9569e0567045c3819c887ec401ae20 - - default default] 10.0.0.184 "PUT /v2.0/routers/d5d0e6f1-2e1a-45dc-8a10-b7a9de2b84e6/remove_router_interface HTTP/1.1" status: 200 len: 503 time: 0.9121993
2026-05-09 14:06:03.321 9 INFO neutron.wsgi [None req-931878b8-db77-45cc-aa8d-8c8684c9849d f077e714497442989b313dc248fd38c8 4b9569e0567045c3819c887ec401ae20 - - default default] 10.0.0.184 "GET /v2.0/ports?device_id=d5d0e6f1-2e1a-45dc-8a10-b7a9de2b84e6 HTTP/1.1" status: 200 len: 205 time: 0.0233166
2026-05-09 14:06:03.388 10 INFO neutron.wsgi [None req-e6a80269-a08f-4b6c-bd48-890651e7a893 a2cb467c8c494ca091c7aac5540db032 c4128f6450eb48019b10613f37ffa361 - - default default] 10.0.0.184 "DELETE /v2.0/networks/70fa71f8-8f23-4593-886b-e98d549b2bb7 HTTP/1.1" status: 204 len: 168 time: 0.5779364 /var/lib/openstack/lib/python3.10/site-packages/pycadf/identifier.py:71: UserWarning: Invalid uuid: neutron. To ensure interoperability, identifiers should be a valid uuid. warnings.warn(('Invalid uuid: %s. To ensure interoperability, '
2026-05-09 14:06:03.646 9 INFO neutron.db.ovn_revision_numbers_db [None req-eb1c0b0d-ffac-456b-88c0-9fdc2a64f0a7 f50bfb267c4f438393d19afb8ae8cad5 ea148da660f84ef9a158495503a65ca0 - - default default] Successfully bumped revision number for resource 1ae8c666-0b4c-4716-ae44-366e56d1c775 (type: ports) to 2
2026-05-09 14:06:03.745 9 INFO neutron.db.ovn_revision_numbers_db [None req-eb1c0b0d-ffac-456b-88c0-9fdc2a64f0a7 f50bfb267c4f438393d19afb8ae8cad5 ea148da660f84ef9a158495503a65ca0 - - default default] Successfully bumped revision number for resource 0ff800d8-3990-49d6-9e1e-ea496ce51c57 (type: subnets) to 0
2026-05-09 14:06:03.768 9 WARNING neutron.scheduler.dhcp_agent_scheduler [None req-eb1c0b0d-ffac-456b-88c0-9fdc2a64f0a7 f50bfb267c4f438393d19afb8ae8cad5 ea148da660f84ef9a158495503a65ca0 - - default default] No more DHCP agents
2026-05-09 14:06:03.778 10 INFO neutron.wsgi [None req-daaf1f1f-0748-4fe4-9f30-9c4cd651e106 a2cb467c8c494ca091c7aac5540db032 c4128f6450eb48019b10613f37ffa361 - - default default] 10.0.0.184 "DELETE /v2.0/networks/f124fb97-a7b5-4f6c-a9d7-61254c13bed4 HTTP/1.1" status: 204 len: 168 time: 0.3841062
2026-05-09 14:06:03.785 9 WARNING neutron.api.rpc.agentnotifiers.dhcp_rpc_agent_api [None req-eb1c0b0d-ffac-456b-88c0-9fdc2a64f0a7 f50bfb267c4f438393d19afb8ae8cad5 ea148da660f84ef9a158495503a65ca0 - - default default] Unable to schedule network 10d28569-ad9f-4f06-8c69-3d43c6881856: no agents available; will retry on subsequent port and subnet creation events.
2026-05-09 14:06:03.851 9 INFO neutron.wsgi [None req-a49ea91d-9daa-4280-9c4b-1112aaa8af5b f077e714497442989b313dc248fd38c8 4b9569e0567045c3819c887ec401ae20 - - default default] 10.0.0.184 "DELETE /v2.0/routers/d5d0e6f1-2e1a-45dc-8a10-b7a9de2b84e6 HTTP/1.1" status: 204 len: 168 time: 0.5254242
2026-05-09 14:06:04.033 10 INFO neutron.wsgi [None req-9b3afefe-68c0-4abf-a16d-e584ec75008a f077e714497442989b313dc248fd38c8 4b9569e0567045c3819c887ec401ae20 - - default default] 10.0.0.184 "DELETE /v2.0/subnets/5779bdca-9d2a-4bd3-9a03-757cdb05cfd1 HTTP/1.1" status: 204 len: 168 time: 0.1771486
2026-05-09 14:06:04.250 9 INFO neutron.services.segments.plugin [-] Segment afae3146-9573-4443-81b7-ef3a83354431 resource provider aggregate not found
2026-05-09 14:06:04.266 9 INFO neutron.services.segments.plugin [-] Segment afae3146-9573-4443-81b7-ef3a83354431 resource provider aggregate not found
2026-05-09 14:06:04.271 9 INFO neutron.services.segments.plugin [-] Segment afae3146-9573-4443-81b7-ef3a83354431 resource provider not found; error: Placement Client Error (4xx): {"errors": [{"status": 404, "title": "Not Found", "detail": "The resource could not be found.\n\n No resource provider with uuid afae3146-9573-4443-81b7-ef3a83354431 found for delete ", "request_id": "req-92fe2a6e-97ff-45a5-b3bb-2fdf09c5b978"}]}
2026-05-09 14:06:04.283 9 INFO neutron.services.segments.plugin [-] Segment afae3146-9573-4443-81b7-ef3a83354431 resource provider not found; error: Placement Client Error (4xx): {"errors": [{"status": 404, "title": "Not Found", "detail": "The resource could not be found.\n\n No resource provider with uuid afae3146-9573-4443-81b7-ef3a83354431 found for delete ", "request_id": "req-942991d8-605e-4b3e-a8f2-a050f20b1f97"}]}
2026-05-09 14:06:04.325 9 INFO neutron.wsgi [None req-357c7faa-f849-4754-b597-7533dde30f5c a2cb467c8c494ca091c7aac5540db032 c4128f6450eb48019b10613f37ffa361 - - default default] 10.0.0.184 "DELETE /v2.0/networks/2e7f32ca-b294-478e-ad18-54d7c844c577 HTTP/1.1" status: 204 len: 168 time: 0.5420682
2026-05-09 14:06:04.409 9 INFO neutron.db.ovn_revision_numbers_db [None req-eb1c0b0d-ffac-456b-88c0-9fdc2a64f0a7 f50bfb267c4f438393d19afb8ae8cad5 ea148da660f84ef9a158495503a65ca0 - - default default] Successfully bumped revision number for resource b6b3a232-66c6-43e4-b2d0-fd25a93dea39 (type: ports) to 2
2026-05-09 14:06:04.435 10 INFO neutron.wsgi [None req-fb5557d9-f154-483d-922d-42d9a895280c f077e714497442989b313dc248fd38c8 4b9569e0567045c3819c887ec401ae20 - - default default] 10.0.0.184 "DELETE /v2.0/networks/91fba713-3afc-4c77-8073-2c57d8c5c16b HTTP/1.1" status: 204 len: 168 time: 0.3961098
2026-05-09 14:06:04.440 9 INFO neutron.db.ovn_revision_numbers_db [None req-eb1c0b0d-ffac-456b-88c0-9fdc2a64f0a7 f50bfb267c4f438393d19afb8ae8cad5 ea148da660f84ef9a158495503a65ca0 - - default default] Successfully bumped revision number for resource b7474e44-98a4-48cc-90e2-5a031115c551 (type: subnets) to 0
2026-05-09 14:06:04.449 10 WARNING neutron_lib.context [None req-8cc73f9a-8f19-4991-a2de-0ae435929e83 f077e714497442989b313dc248fd38c8 4b9569e0567045c3819c887ec401ae20 - - default default] Method 'is_advsvc' is deprecated since 2023.2 release (neutron-lib 3.8.0) and will be removed once support for the old RBAC API policies will be removed from Neutron. Please use method 'is_service_role' instead.
2026-05-09 14:06:04.456 9 INFO neutron.wsgi [None req-eb1c0b0d-ffac-456b-88c0-9fdc2a64f0a7 f50bfb267c4f438393d19afb8ae8cad5 ea148da660f84ef9a158495503a65ca0 - - default default] 10.0.0.184 "POST /v2.0/subnets HTTP/1.1" status: 201 len: 1426 time: 2.2533956
2026-05-09 14:06:04.522 9 INFO neutron.wsgi [None req-d35e9a7a-97ea-4bac-847f-550d85cbc2e2 f50bfb267c4f438393d19afb8ae8cad5 ea148da660f84ef9a158495503a65ca0 - - default default] 10.0.0.184 "GET /v2.0/subnets HTTP/1.1" status: 200 len: 2034 time: 0.0590119
2026-05-09 14:06:04.731 9 INFO neutron.wsgi [None req-08bd2939-d92f-4757-b918-7b8900e2514a f50bfb267c4f438393d19afb8ae8cad5 ea148da660f84ef9a158495503a65ca0 - - default default] 10.0.0.184 "DELETE /v2.0/subnets/0ff800d8-3990-49d6-9e1e-ea496ce51c57 HTTP/1.1" status: 204 len: 168 time: 0.2035892
2026-05-09 14:06:04.804 10 INFO neutron.services.segments.plugin [-] Segment e0596e10-efed-4bd7-94ca-73c0bcd22b00 resource provider aggregate not found
2026-05-09 14:06:04.809 10 INFO neutron.services.segments.plugin [-] Segment e0596e10-efed-4bd7-94ca-73c0bcd22b00 resource provider aggregate not found
2026-05-09 14:06:04.826 10 INFO neutron.services.segments.plugin [-] Segment e0596e10-efed-4bd7-94ca-73c0bcd22b00 resource provider not found; error: Placement Client Error (4xx): {"errors": [{"status": 404, "title": "Not Found", "detail": "The resource could not be found.\n\n No resource provider with uuid e0596e10-efed-4bd7-94ca-73c0bcd22b00 found for delete ", "request_id": "req-9d968cf4-b442-4897-925a-1b2f388e1913"}]}
2026-05-09 14:06:04.830 10 INFO neutron.services.segments.plugin [-] Segment e0596e10-efed-4bd7-94ca-73c0bcd22b00 resource provider not found; error: Placement Client Error (4xx): {"errors": [{"status": 404, "title": "Not Found", "detail": "The resource could not be found.\n\n No resource provider with uuid e0596e10-efed-4bd7-94ca-73c0bcd22b00 found for delete ", "request_id": "req-3bc47c11-3b15-4ac7-987b-5cbddb26ce43"}]}
2026-05-09 14:06:04.848 10 INFO neutron.services.segments.plugin [-] Segment 72890dc5-5d78-4a10-81ea-42115a64557d resource provider aggregate not found
2026-05-09 14:06:04.852 10 INFO neutron.services.segments.plugin [-] Segment 72890dc5-5d78-4a10-81ea-42115a64557d resource provider aggregate not found
2026-05-09 14:06:04.860 10 INFO neutron.services.segments.plugin [-] Segment 72890dc5-5d78-4a10-81ea-42115a64557d resource provider not found; error: Placement Client Error (4xx): {"errors": [{"status": 404, "title": "Not Found", "detail": "The resource could not be found.\n\n No resource provider with uuid 72890dc5-5d78-4a10-81ea-42115a64557d found for delete ", "request_id": "req-64e03533-ea87-4f65-bcf1-4d1fd5388f93"}]}
2026-05-09 14:06:04.870 10 INFO neutron.services.segments.plugin [-] Segment 72890dc5-5d78-4a10-81ea-42115a64557d resource provider not found; error: Placement Client Error (4xx): {"errors": [{"status": 404, "title": "Not Found", "detail": "The resource could not be found.\n\n No resource provider with uuid 72890dc5-5d78-4a10-81ea-42115a64557d found for delete ", "request_id": "req-ff27a2e5-5e55-43cb-b28f-65d27c6dee43"}]}
2026-05-09 14:06:04.875 10 INFO neutron.services.segments.plugin [-] Segment e8f1d988-12e8-4200-9d7c-2c62286ab195 resource provider aggregate not found
2026-05-09 14:06:04.882 10 INFO neutron.services.segments.plugin [-] Segment e8f1d988-12e8-4200-9d7c-2c62286ab195 resource provider aggregate not found
2026-05-09 14:06:04.886 9 INFO neutron.wsgi [-] 10.0.0.12 "GET / HTTP/1.1" status: 200 len: 246 time: 0.0016820
2026-05-09 14:06:04.887 9 INFO neutron.wsgi [-] 10.0.0.12 "GET / HTTP/1.1" status: 200 len: 246 time: 0.0011911
2026-05-09 14:06:04.888 10 INFO neutron.services.segments.plugin [-] Segment e8f1d988-12e8-4200-9d7c-2c62286ab195 resource provider not found; error: Placement Client Error (4xx): {"errors": [{"status": 404, "title": "Not Found", "detail": "The resource could not be found.\n\n No resource provider with uuid e8f1d988-12e8-4200-9d7c-2c62286ab195 found for delete ", "request_id": "req-b36b6e11-0bbe-4b2a-ae01-128bf18e8520"}]}
2026-05-09 14:06:04.903 10 INFO neutron.services.segments.plugin [-] Segment e8f1d988-12e8-4200-9d7c-2c62286ab195 resource provider not found; error: Placement Client Error (4xx): {"errors": [{"status": 404, "title": "Not Found", "detail": "The resource could not be found.\n\n No resource provider with uuid e8f1d988-12e8-4200-9d7c-2c62286ab195 found for delete ", "request_id": "req-a5d6b9f9-dd59-4b98-9c98-d0a06796fd66"}]}
2026-05-09 14:06:04.938 9 INFO neutron.wsgi [None req-4a059ea7-adac-4e65-afef-1a9721e1e186 f50bfb267c4f438393d19afb8ae8cad5 ea148da660f84ef9a158495503a65ca0 - - default default] 10.0.0.184 "DELETE /v2.0/subnets/b7474e44-98a4-48cc-90e2-5a031115c551 HTTP/1.1" status: 204 len: 168 time: 0.2010460
2026-05-09 14:06:04.967 10 INFO neutron.wsgi [None req-74344118-f0ca-40ca-bed6-57a666dc65a5 a2cb467c8c494ca091c7aac5540db032 c4128f6450eb48019b10613f37ffa361 - - default default] 10.0.0.184 "DELETE /v2.0/networks/ddd47669-9593-46c7-bb97-a641f51ebee5 HTTP/1.1" status: 204 len: 168 time: 0.6361213
2026-05-09 14:06:04.998 10 INFO neutron.wsgi [None req-f295ea78-859d-4998-b96d-016f7fb2a03d f50bfb267c4f438393d19afb8ae8cad5 ea148da660f84ef9a158495503a65ca0 - - default default] 10.0.0.184 "GET /v2.0/subnets HTTP/1.1" status: 200 len: 820 time: 0.0549996
2026-05-09 14:06:05.298 10 WARNING neutron.scheduler.dhcp_agent_scheduler [None req-8cc73f9a-8f19-4991-a2de-0ae435929e83 f077e714497442989b313dc248fd38c8 4b9569e0567045c3819c887ec401ae20 - - default default] No more DHCP agents
2026-05-09 14:06:05.301 10 WARNING neutron.api.rpc.agentnotifiers.dhcp_rpc_agent_api [None req-8cc73f9a-8f19-4991-a2de-0ae435929e83 f077e714497442989b313dc248fd38c8 4b9569e0567045c3819c887ec401ae20 - - default default] Unable to schedule network f7910759-c9cf-4aaf-a551-e509a0e2d158: no agents available; will retry on subsequent port and subnet creation events.
2026-05-09 14:06:05.393 9 INFO neutron.wsgi [None req-31d0481e-4dfc-473f-b5dc-6b00c1da0667 f50bfb267c4f438393d19afb8ae8cad5 ea148da660f84ef9a158495503a65ca0 - - default default] 10.0.0.184 "DELETE /v2.0/networks/10d28569-ad9f-4f06-8c69-3d43c6881856 HTTP/1.1" status: 204 len: 168 time: 0.3870103
2026-05-09 14:06:05.447 10 INFO neutron.db.ovn_revision_numbers_db [None req-8cc73f9a-8f19-4991-a2de-0ae435929e83 f077e714497442989b313dc248fd38c8 4b9569e0567045c3819c887ec401ae20 - - default default] Successfully bumped revision number for resource 03edfee2-604c-4920-a782-5abd081a8850 (type: ports) to 1
2026-05-09 14:06:05.815 9 INFO neutron.wsgi [None req-950a24c5-d65f-4b42-9d44-ee7e65409776 f50bfb267c4f438393d19afb8ae8cad5 ea148da660f84ef9a158495503a65ca0 - - default default] 10.0.0.184 "DELETE /v2.0/networks/51a9e305-67c1-450c-9532-98d3d3d7c930 HTTP/1.1" status: 204 len: 168 time: 0.4160907
2026-05-09 14:06:05.862 10 INFO neutron.wsgi [None req-fab13cbb-4bdc-41b7-afe7-ac0d04938795 05b8165cf4a84c7cb3f8a2ed7fe74e4d 4452e561482143d8aa3c72d47ba209f5 - - default default] 10.0.0.184 "POST /v2.0/qos/policies HTTP/1.1" status: 201 len: 558 time: 0.3689437
2026-05-09 14:06:05.935 9 INFO neutron.wsgi [None req-f46bf4ee-d2e4-4b5c-a572-2a938c5ba2d7 05b8165cf4a84c7cb3f8a2ed7fe74e4d 4452e561482143d8aa3c72d47ba209f5 - - default default] 10.0.0.184 "POST /v2.0/qos/policies HTTP/1.1" status: 201 len: 558 time: 0.0672750
2026-05-09 14:06:05.958 10 INFO neutron.wsgi [None req-8219a632-f05c-4e81-9381-7c9972b75b93 753280bc916d47ae887db1fab82e6bd2 eee0c6a25d6a4e0380da27db6e0b54a5 - - default default] 10.0.0.184 "GET /v2.0/security-groups?tenant_id=c4128f6450eb48019b10613f37ffa361&name=default HTTP/1.1" status: 200 len: 3120 time: 0.1116569
2026-05-09 14:06:06.004 9 INFO neutron.wsgi [None req-d5aa1887-ec0f-44b8-8ac0-311e22dc09b0 05b8165cf4a84c7cb3f8a2ed7fe74e4d 4452e561482143d8aa3c72d47ba209f5 - - default default] 10.0.0.184 "POST /v2.0/qos/policies HTTP/1.1" status: 201 len: 558 time: 0.0622647
2026-05-09 14:06:06.071 10 INFO neutron.wsgi [None req-f280591f-bad4-4154-9400-666110cd4056 05b8165cf4a84c7cb3f8a2ed7fe74e4d 4452e561482143d8aa3c72d47ba209f5 - - default default] 10.0.0.184 "POST /v2.0/qos/policies HTTP/1.1" status: 201 len: 558 time: 0.0608788
2026-05-09 14:06:06.161 9 INFO neutron.wsgi [None req-6f0be15f-54c4-464e-9033-1ae51a65cb5b 05b8165cf4a84c7cb3f8a2ed7fe74e4d 4452e561482143d8aa3c72d47ba209f5 - - default default] 10.0.0.184 "POST /v2.0/qos/policies HTTP/1.1" status: 201 len: 558 time: 0.0845597
2026-05-09 14:06:06.190 10 INFO neutron.plugins.ml2.drivers.ovn.mech_driver.ovsdb.commands [None req-8761dc14-8a11-416d-94e9-631aeba88c02 - - - - - -] Schedule LRP lrp-03edfee2-604c-4920-a782-5abd081a8850 on gateway c9843b10-cff7-4fdd-b14a-52a57aef6c93 with priority 1
2026-05-09 14:06:06.199 10 INFO neutron.plugins.ml2.drivers.ovn.mech_driver.mech_driver [None req-69427717-af26-4687-9a49-940a29f799c4 - - - - - -] OVN reports status up for port: 03edfee2-604c-4920-a782-5abd081a8850
2026-05-09 14:06:06.203 10 INFO neutron.wsgi [None req-ac41c0c9-826e-46b7-9fa9-17c4635458a6 05b8165cf4a84c7cb3f8a2ed7fe74e4d 4452e561482143d8aa3c72d47ba209f5 - - default default] 10.0.0.184 "PUT /v2.0/policies/cd59ebaa-6786-4e9d-99be-e4c6e68c8e4a/tags HTTP/1.1" status: 200 len: 210 time: 0.0373197
2026-05-09 14:06:06.215 10 INFO neutron.plugins.ml2.plugin [None req-69427717-af26-4687-9a49-940a29f799c4 - - - - - -] Attempt 1 to provision port 03edfee2-604c-4920-a782-5abd081a8850
2026-05-09 14:06:06.242 10 INFO neutron.db.ovn_revision_numbers_db [None req-8cc73f9a-8f19-4991-a2de-0ae435929e83 f077e714497442989b313dc248fd38c8 4b9569e0567045c3819c887ec401ae20 - - default default] Successfully bumped revision number for resource 03edfee2-604c-4920-a782-5abd081a8850 (type: router_ports) to 1
2026-05-09 14:06:06.249 9 INFO neutron.wsgi [None req-6787c66c-711c-40e8-9a72-2e1c4242e522 05b8165cf4a84c7cb3f8a2ed7fe74e4d 4452e561482143d8aa3c72d47ba209f5 - - default default] 10.0.0.184 "PUT /v2.0/policies/3a997b6c-accb-4ee9-bcad-af39737aef96/tags HTTP/1.1" status: 200 len: 218 time: 0.0375593
2026-05-09 14:06:06.315 9 INFO neutron.services.segments.plugin [-] Segment e0801ddb-5b18-45aa-b782-be1029dad517 resource provider aggregate not found
2026-05-09 14:06:06.324 9 INFO neutron.services.segments.plugin [-] Segment e0801ddb-5b18-45aa-b782-be1029dad517 resource provider aggregate not found
2026-05-09 14:06:06.331 10 INFO neutron.db.ovn_revision_numbers_db [None req-8cc73f9a-8f19-4991-a2de-0ae435929e83 f077e714497442989b313dc248fd38c8 4b9569e0567045c3819c887ec401ae20 - - default default] Successfully bumped revision number for resource 91f8e55f-081e-4f52-8873-dca4f0a53f8c (type: routers) to 2
2026-05-09 14:06:06.334 9 INFO neutron.services.segments.plugin [-] Segment e0801ddb-5b18-45aa-b782-be1029dad517 resource provider not found; error: Placement Client Error (4xx): {"errors": [{"status": 404, "title": "Not Found", "detail": "The resource could not be found.\n\n No resource provider with uuid e0801ddb-5b18-45aa-b782-be1029dad517 found for delete ", "request_id": "req-4c7227d2-437a-4db0-b836-51870d0f29b3"}]}
2026-05-09 14:06:06.341 9 INFO neutron.wsgi [None req-23bfa8a9-55a1-47c3-b11c-9c672cd0f630 05b8165cf4a84c7cb3f8a2ed7fe74e4d 4452e561482143d8aa3c72d47ba209f5 - - default default] 10.0.0.184 "PUT /v2.0/policies/1f855119-fb34-4e9c-b8a9-3cf224f7c3ff/tags HTTP/1.1" status: 200 len: 227 time: 0.0824487
2026-05-09 14:06:06.341 9 INFO neutron.services.segments.plugin [-] Segment e0801ddb-5b18-45aa-b782-be1029dad517 resource provider not found; error: Placement Client Error (4xx): {"errors": [{"status": 404, "title": "Not Found", "detail": "The resource could not be found.\n\n No resource provider with uuid e0801ddb-5b18-45aa-b782-be1029dad517 found for delete ", "request_id": "req-14b318a5-ed0b-4574-9bbc-da15cc31e36b"}]}
2026-05-09 14:06:06.352 9 INFO neutron.services.segments.plugin [-] Segment f75e4028-f8cb-4f82-8036-08127fcf8e9c resource provider aggregate not found
2026-05-09 14:06:06.355 10 INFO neutron.wsgi [None req-8cc73f9a-8f19-4991-a2de-0ae435929e83 f077e714497442989b313dc248fd38c8 4b9569e0567045c3819c887ec401ae20 - - default default] 10.0.0.184 "POST /v2.0/routers HTTP/1.1" status: 201 len: 1150 time: 1.9102678
2026-05-09 14:06:06.360 9 INFO neutron.services.segments.plugin [-] Segment f75e4028-f8cb-4f82-8036-08127fcf8e9c resource provider aggregate not found
2026-05-09 14:06:06.370 9 INFO neutron.wsgi [None req-42bd66d3-4e1b-4094-bd19-2c7ae6ebb961 753280bc916d47ae887db1fab82e6bd2 eee0c6a25d6a4e0380da27db6e0b54a5 - - default default] 10.0.0.184 "DELETE /v2.0/security-groups/6e32094e-866c-4fc2-9591-853c8a1166f5 HTTP/1.1" status: 204 len: 168 time: 0.4067690
2026-05-09 14:06:06.373 9 INFO neutron.services.segments.plugin [-] Segment f75e4028-f8cb-4f82-8036-08127fcf8e9c resource provider not found; error: Placement Client Error (4xx): {"errors": [{"status": 404, "title": "Not Found", "detail": "The resource could not be found.\n\n No resource provider with uuid f75e4028-f8cb-4f82-8036-08127fcf8e9c found for delete ", "request_id": "req-eb07a801-16bd-40e5-89ca-161ed0574306"}]}
2026-05-09 14:06:06.375 9 INFO neutron.services.segments.plugin [-] Segment f75e4028-f8cb-4f82-8036-08127fcf8e9c resource provider not found; error: Placement Client Error (4xx): {"errors": [{"status": 404, "title": "Not Found", "detail": "The resource could not be found.\n\n No resource provider with uuid f75e4028-f8cb-4f82-8036-08127fcf8e9c found for delete ", "request_id": "req-09765c19-4312-4e80-b32a-be16eec4f825"}]}
2026-05-09 14:06:06.387 10 INFO neutron.wsgi [None req-03888e5e-c7ed-435f-ad72-e1bd7664b7bd 05b8165cf4a84c7cb3f8a2ed7fe74e4d 4452e561482143d8aa3c72d47ba209f5 - - default default] 10.0.0.184 "PUT /v2.0/policies/632ccfd9-da1c-455c-a6a6-03bef848fa50/tags HTTP/1.1" status: 200 len: 212 time: 0.0419307
2026-05-09 14:06:06.426 10 INFO neutron.wsgi [None req-7a8402f4-640f-497c-9287-7887107cd7ce f077e714497442989b313dc248fd38c8 4b9569e0567045c3819c887ec401ae20 - - default default] 10.0.0.184 "GET /v2.0/routers/91f8e55f-081e-4f52-8873-dca4f0a53f8c HTTP/1.1" status: 200 len: 1151 time: 0.0672233
2026-05-09 14:06:06.452 9 INFO neutron.wsgi [None req-5fb393a2-fe30-44bb-86c6-ac0bf41cdc0e f50bfb267c4f438393d19afb8ae8cad5 ea148da660f84ef9a158495503a65ca0 - - default default] 10.0.0.184 "DELETE /v2.0/networks/7f88ea9d-cdc7-4987-9985-c2b963cb8c80 HTTP/1.1" status: 204 len: 168 time: 0.6311815
2026-05-09 14:06:06.548 10 INFO neutron.wsgi [None req-8693b843-d32a-4e2a-9fa1-54ed9c2b4ca0 f077e714497442989b313dc248fd38c8 4b9569e0567045c3819c887ec401ae20 - - default default] 10.0.0.184 "GET /v2.0/routers HTTP/1.1" status: 200 len: 1154 time: 0.1177115
2026-05-09 14:06:06.712 10 INFO neutron.db.ovn_revision_numbers_db [None req-9a26f08c-6354-4d87-9f0c-20696305b848 753280bc916d47ae887db1fab82e6bd2 eee0c6a25d6a4e0380da27db6e0b54a5 - - default default] Successfully bumped revision number for resource 627adda1-5ad3-4d50-8501-0183a3cc8cd6 (type: security_groups) to 1
2026-05-09 14:06:06.726 10 INFO neutron.db.ovn_revision_numbers_db [None req-9a26f08c-6354-4d87-9f0c-20696305b848 753280bc916d47ae887db1fab82e6bd2 eee0c6a25d6a4e0380da27db6e0b54a5 - - default default] Successfully bumped revision number for resource 2619fc79-3f33-40f0-b406-7e2332023aa1 (type: security_group_rules) to 0
2026-05-09 14:06:06.748 10 INFO neutron.db.ovn_revision_numbers_db [None req-9a26f08c-6354-4d87-9f0c-20696305b848 753280bc916d47ae887db1fab82e6bd2 eee0c6a25d6a4e0380da27db6e0b54a5 - - default default] Successfully bumped revision number for resource 272ce193-b3af-4bf1-929b-8c9013aad7cb (type: security_group_rules) to 0
2026-05-09 14:06:06.765 10 INFO neutron.db.ovn_revision_numbers_db [None req-9a26f08c-6354-4d87-9f0c-20696305b848 753280bc916d47ae887db1fab82e6bd2 eee0c6a25d6a4e0380da27db6e0b54a5 - - default default] Successfully bumped revision number for resource a76e3f92-e420-4c03-81a0-d94be0dd6cbd (type: security_group_rules) to 0
2026-05-09 14:06:06.786 10 INFO neutron.db.ovn_revision_numbers_db [None req-9a26f08c-6354-4d87-9f0c-20696305b848 753280bc916d47ae887db1fab82e6bd2 eee0c6a25d6a4e0380da27db6e0b54a5 - - default default] Successfully bumped revision number for resource ce50d46a-f7d7-4948-9676-27450b16d79a (type: security_group_rules) to 0
2026-05-09 14:06:06.814 10 INFO neutron.wsgi [None req-9a26f08c-6354-4d87-9f0c-20696305b848 753280bc916d47ae887db1fab82e6bd2 eee0c6a25d6a4e0380da27db6e0b54a5 - - default default] 10.0.0.184 "GET /v2.0/security-groups?tenant_id=ede22378cca84eb8a6858a0a8d4b3ed2&name=default HTTP/1.1" status: 200 len: 3120 time: 0.2891405
2026-05-09 14:06:06.839 9 INFO neutron.wsgi [None req-a7d625a0-a74c-4b0a-b62b-f305828ee5a1 f50bfb267c4f438393d19afb8ae8cad5 ea148da660f84ef9a158495503a65ca0 - - default default] 10.0.0.184 "DELETE /v2.0/networks/e1963553-3792-4e52-aaa8-dd667c4b0a2f HTTP/1.1" status: 204 len: 168 time: 0.3819363
2026-05-09 14:06:06.909 10 INFO neutron.services.segments.plugin [-] Segment 05cf36fb-377e-4a78-8046-a84240774beb resource provider aggregate not found
2026-05-09 14:06:06.919 10 INFO neutron.services.segments.plugin [-] Segment 05cf36fb-377e-4a78-8046-a84240774beb resource provider aggregate not found
2026-05-09 14:06:06.928 10 INFO neutron.services.segments.plugin [-] Segment 05cf36fb-377e-4a78-8046-a84240774beb resource provider not found; error: Placement Client Error (4xx): {"errors": [{"status": 404, "title": "Not Found", "detail": "The resource could not be found.\n\n No resource provider with uuid 05cf36fb-377e-4a78-8046-a84240774beb found for delete ", "request_id": "req-9d272276-8123-4b7b-9de9-6ea6bf71707b"}]}
