2026-05-09 14:04:57.021 10 WARNING neutron.api.rpc.agentnotifiers.dhcp_rpc_agent_api [None req-bdc2b7de-e941-4ae3-becb-9f06abc79861 c3b9a77d1ed64fbfb5db052ac30ebf3c c0626fd3503a4e2f8ccff31424f1c54f - - default default] Unable to schedule network 54a9a580-5863-405b-a01b-418c963ec4b5: no agents available; will retry on subsequent port and subnet creation events.
2026-05-09 14:04:57.071 10 WARNING neutron.scheduler.dhcp_agent_scheduler [None req-1b39d95b-488f-47a5-a3f0-03e4338fb3e7 21b76221a7da40318f49a663601d2ce1 d9e9af2dc3cb4905bf738bde861ab6ca - - default default] No more DHCP agents
2026-05-09 14:04:57.076 10 WARNING neutron.api.rpc.agentnotifiers.dhcp_rpc_agent_api [None req-1b39d95b-488f-47a5-a3f0-03e4338fb3e7 21b76221a7da40318f49a663601d2ce1 d9e9af2dc3cb4905bf738bde861ab6ca - - default default] Unable to schedule network 08ef435b-1fff-4077-8889-9176420857f2: no agents available; will retry on subsequent port and subnet creation events.
2026-05-09 14:04:57.080 9 INFO neutron.wsgi [req-42bb75f0-d996-4e1c-9671-970b634871f0 req-15b56a42-e039-406c-bdc1-64511e74c0f2 7481447b76464c98b47dd0b892cbe325 9f463f90f4f04e52a229975edc824e3f - - 55ab48c9f52240d1b556d00c1ae2d508 55ab48c9f52240d1b556d00c1ae2d508] 199.204.45.240 "GET /v2.0/networks/6310061b-90fb-4dca-a3c5-28f1dcece194?fields=provider%3Aphysical_network&fields=provider%3Anetwork_type HTTP/1.1" status: 200 len: 277 time: 0.0549185
2026-05-09 14:04:57.117 10 INFO neutron.db.ovn_revision_numbers_db [None req-1b39d95b-488f-47a5-a3f0-03e4338fb3e7 21b76221a7da40318f49a663601d2ce1 d9e9af2dc3cb4905bf738bde861ab6ca - - default default] Successfully bumped revision number for resource ba484e7e-090e-4ccb-8630-0766fa990c2e (type: subnets) to 0
2026-05-09 14:04:57.146 10 INFO neutron.wsgi [None req-1b39d95b-488f-47a5-a3f0-03e4338fb3e7 21b76221a7da40318f49a663601d2ce1 d9e9af2dc3cb4905bf738bde861ab6ca - - default default] 10.0.0.184 "POST /v2.0/subnets HTTP/1.1" status: 201 len: 821 time: 0.4005964
2026-05-09 14:04:57.158 9 INFO neutron.services.segments.plugin [-] Segment 1a03d6e4-2e5d-4a99-bcb2-0ff2e5b31326 resource provider aggregate not found
2026-05-09 14:04:57.162 9 INFO neutron.services.segments.plugin [-] Segment 1a03d6e4-2e5d-4a99-bcb2-0ff2e5b31326 resource provider aggregate not found
2026-05-09 14:04:57.163 10 WARNING neutron_lib.context [None req-eaf05f1f-4cf9-405a-9adc-417e9e9ce53c 21b76221a7da40318f49a663601d2ce1 d9e9af2dc3cb4905bf738bde861ab6ca - - default default] Method 'is_advsvc' is deprecated since 2023.2 release (neutron-lib 3.8.0) and will be removed once support for the old RBAC API policies will be removed from Neutron. Please use method 'is_service_role' instead.
2026-05-09 14:04:57.177 9 INFO neutron.services.segments.plugin [-] Segment 1a03d6e4-2e5d-4a99-bcb2-0ff2e5b31326 resource provider not found; error: Placement Client Error (4xx): {"errors": [{"status": 404, "title": "Not Found", "detail": "The resource could not be found.\n\n No resource provider with uuid 1a03d6e4-2e5d-4a99-bcb2-0ff2e5b31326 found for delete ", "request_id": "req-81da6b49-a5d1-4e45-ba72-c3d67a83a03a"}]}
2026-05-09 14:04:57.186 9 INFO neutron.wsgi [req-98ecdc1c-edf9-4de6-b2bf-4d4c411544ff req-c7383637-cf8b-4575-aab4-3e49114eb3f1 7481447b76464c98b47dd0b892cbe325 9f463f90f4f04e52a229975edc824e3f - - 55ab48c9f52240d1b556d00c1ae2d508 55ab48c9f52240d1b556d00c1ae2d508] 199.204.45.240 "GET /v2.0/ports?tenant_id=f63b80c6ced446a6a8ff2a0f7287b0ab&device_id=2f1f52b4-0f9d-4cf1-b5a4-d05c0b7edfd2 HTTP/1.1" status: 200 len: 1411 time: 0.0671780
2026-05-09 14:04:57.188 9 INFO neutron.services.segments.plugin [-] Segment 1a03d6e4-2e5d-4a99-bcb2-0ff2e5b31326 resource provider not found; error: Placement Client Error (4xx): {"errors": [{"status": 404, "title": "Not Found", "detail": "The resource could not be found.\n\n No resource provider with uuid 1a03d6e4-2e5d-4a99-bcb2-0ff2e5b31326 found for delete ", "request_id": "req-9fa19721-5a2f-4ea9-9dba-6d9cd38669af"}]}
2026-05-09 14:04:57.270 9 INFO neutron.wsgi [req-98ecdc1c-edf9-4de6-b2bf-4d4c411544ff req-cd4818e1-a124-4a43-8a07-240c42b47912 7481447b76464c98b47dd0b892cbe325 9f463f90f4f04e52a229975edc824e3f - - 55ab48c9f52240d1b556d00c1ae2d508 55ab48c9f52240d1b556d00c1ae2d508] 199.204.45.240 "GET /v2.0/networks?id=6310061b-90fb-4dca-a3c5-28f1dcece194 HTTP/1.1" status: 200 len: 978 time: 0.0794365
2026-05-09 14:04:57.322 9 INFO neutron.wsgi [req-98ecdc1c-edf9-4de6-b2bf-4d4c411544ff req-cc53eab9-ff57-4843-9e36-0b729cb781a3 7481447b76464c98b47dd0b892cbe325 9f463f90f4f04e52a229975edc824e3f - - 55ab48c9f52240d1b556d00c1ae2d508 55ab48c9f52240d1b556d00c1ae2d508] 199.204.45.240 "GET /v2.0/floatingips?fixed_ip_address=10.100.0.14&port_id=2495741c-1664-4811-b658-fc913b0b2a78 HTTP/1.1" status: 200 len: 217 time: 0.0450203
2026-05-09 14:04:57.362 9 INFO neutron.wsgi [req-98ecdc1c-edf9-4de6-b2bf-4d4c411544ff req-e333e7b0-b904-49d2-8a75-ce99a5e87964 7481447b76464c98b47dd0b892cbe325 9f463f90f4f04e52a229975edc824e3f - - 55ab48c9f52240d1b556d00c1ae2d508 55ab48c9f52240d1b556d00c1ae2d508] 199.204.45.240 "GET /v2.0/subnets?id=7f9729d6-f99f-4976-8d5e-c85124f5b1a5 HTTP/1.1" status: 200 len: 873 time: 0.0343542
2026-05-09 14:04:57.387 9 INFO neutron.wsgi [req-98ecdc1c-edf9-4de6-b2bf-4d4c411544ff req-e19e050d-e805-4067-8cc4-1012cc475380 7481447b76464c98b47dd0b892cbe325 9f463f90f4f04e52a229975edc824e3f - - 55ab48c9f52240d1b556d00c1ae2d508 55ab48c9f52240d1b556d00c1ae2d508] 199.204.45.240 "GET /v2.0/ports?network_id=6310061b-90fb-4dca-a3c5-28f1dcece194&device_owner=network%3Adhcp HTTP/1.1" status: 200 len: 210 time: 0.0196965
2026-05-09 14:04:57.483 9 INFO neutron.wsgi [req-98ecdc1c-edf9-4de6-b2bf-4d4c411544ff req-b1b98f5d-5f55-45ff-b4c5-eb2b34a887c3 7481447b76464c98b47dd0b892cbe325 9f463f90f4f04e52a229975edc824e3f - - 55ab48c9f52240d1b556d00c1ae2d508 55ab48c9f52240d1b556d00c1ae2d508] 199.204.45.240 "GET /v2.0/networks/6310061b-90fb-4dca-a3c5-28f1dcece194?fields=segments HTTP/1.1" status: 200 len: 212 time: 0.0922809
2026-05-09 14:04:57.483 10 WARNING neutron.plugins.ml2.drivers.ovn.mech_driver.ovsdb.ovn_client [None req-69427717-af26-4687-9a49-940a29f799c4 - - - - - -] No port found with ID 018e9c88-0688-4a66-a1dd-0464f0e6fa1f: RuntimeError: No port found with ID 018e9c88-0688-4a66-a1dd-0464f0e6fa1f
2026-05-09 14:04:57.512 10 INFO neutron.plugins.ml2.drivers.ovn.mech_driver.mech_driver [None req-69427717-af26-4687-9a49-940a29f799c4 - - - - - -] OVN reports status up for port: 2495741c-1664-4811-b658-fc913b0b2a78
2026-05-09 14:04:57.552 10 INFO neutron.plugins.ml2.plugin [None req-69427717-af26-4687-9a49-940a29f799c4 - - - - - -] Attempt 1 to provision port 2495741c-1664-4811-b658-fc913b0b2a78
2026-05-09 14:04:57.563 9 INFO neutron.wsgi [req-98ecdc1c-edf9-4de6-b2bf-4d4c411544ff req-2398ef46-5937-43d8-83d4-5950539db80a 7481447b76464c98b47dd0b892cbe325 9f463f90f4f04e52a229975edc824e3f - - 55ab48c9f52240d1b556d00c1ae2d508 55ab48c9f52240d1b556d00c1ae2d508] 199.204.45.240 "GET /v2.0/networks/6310061b-90fb-4dca-a3c5-28f1dcece194?fields=provider%3Aphysical_network&fields=provider%3Anetwork_type HTTP/1.1" status: 200 len: 277 time: 0.0728989
2026-05-09 14:04:57.649 10 WARNING neutron.scheduler.dhcp_agent_scheduler [None req-eaf05f1f-4cf9-405a-9adc-417e9e9ce53c 21b76221a7da40318f49a663601d2ce1 d9e9af2dc3cb4905bf738bde861ab6ca - - default default] No more DHCP agents
2026-05-09 14:04:57.653 10 WARNING neutron.api.rpc.agentnotifiers.dhcp_rpc_agent_api [None req-eaf05f1f-4cf9-405a-9adc-417e9e9ce53c 21b76221a7da40318f49a663601d2ce1 d9e9af2dc3cb4905bf738bde861ab6ca - - default default] Unable to schedule network 08ef435b-1fff-4077-8889-9176420857f2: no agents available; will retry on subsequent port and subnet creation events. /var/lib/openstack/lib/python3.10/site-packages/pycadf/identifier.py:71: UserWarning: Invalid uuid: neutron. To ensure interoperability, identifiers should be a valid uuid. warnings.warn(('Invalid uuid: %s. To ensure interoperability, '
2026-05-09 14:04:57.821 10 INFO neutron.wsgi [req-b951147d-a836-4410-bd40-dc3f4ba6c2c2 req-28bed251-d2de-4918-a126-74343e60b74f d9e8c8005a88478089a29e5f5cc2c616 f63b80c6ced446a6a8ff2a0f7287b0ab - - default default] 10.0.0.117 "GET /v2.0/ports?device_id=2f1f52b4-0f9d-4cf1-b5a4-d05c0b7edfd2 HTTP/1.1" status: 200 len: 1172 time: 0.0992134
2026-05-09 14:04:57.831 10 INFO neutron.notifiers.nova [-] Nova event matching ['req-bb3559bc-dbf2-45a5-9587-355ec07756d0'] response: {'server_uuid': '2f1f52b4-0f9d-4cf1-b5a4-d05c0b7edfd2', 'name': 'network-vif-plugged', 'status': 'completed', 'tag': '2495741c-1664-4811-b658-fc913b0b2a78', 'code': 200}
2026-05-09 14:04:57.906 10 INFO neutron.db.ovn_revision_numbers_db [None req-bdc2b7de-e941-4ae3-becb-9f06abc79861 c3b9a77d1ed64fbfb5db052ac30ebf3c c0626fd3503a4e2f8ccff31424f1c54f - - default default] Successfully bumped revision number for resource 2ca08e77-fb5d-4f1d-a5b8-c99ad9410bdc (type: ports) to 2
2026-05-09 14:04:57.919 10 INFO neutron.wsgi [req-b951147d-a836-4410-bd40-dc3f4ba6c2c2 req-e251907a-a3d0-44d2-a9e5-cf600d9b7590 d9e8c8005a88478089a29e5f5cc2c616 f63b80c6ced446a6a8ff2a0f7287b0ab - - default default] 10.0.0.117 "GET /v2.0/security-groups?id=286a742d-1469-425e-b9f8-d6f50cae22ef&fields=id&fields=name HTTP/1.1" status: 200 len: 312 time: 0.0895159
2026-05-09 14:04:57.932 10 INFO neutron.db.ovn_revision_numbers_db [None req-eaf05f1f-4cf9-405a-9adc-417e9e9ce53c 21b76221a7da40318f49a663601d2ce1 d9e9af2dc3cb4905bf738bde861ab6ca - - default default] Successfully bumped revision number for resource fe5a914a-e2da-4b03-b48f-814a0c977d88 (type: ports) to 1
2026-05-09 14:04:57.973 10 INFO neutron.wsgi [None req-eaf05f1f-4cf9-405a-9adc-417e9e9ce53c 21b76221a7da40318f49a663601d2ce1 d9e9af2dc3cb4905bf738bde861ab6ca - - default default] 10.0.0.184 "POST /v2.0/ports HTTP/1.1" status: 201 len: 1126 time: 0.8149166
2026-05-09 14:04:57.975 10 INFO neutron.db.ovn_revision_numbers_db [None req-bdc2b7de-e941-4ae3-becb-9f06abc79861 c3b9a77d1ed64fbfb5db052ac30ebf3c c0626fd3503a4e2f8ccff31424f1c54f - - default default] Successfully bumped revision number for resource e685e147-c026-4dde-b021-f697bc482683 (type: subnets) to 0
2026-05-09 14:04:58.018 10 INFO neutron.wsgi [None req-bdc2b7de-e941-4ae3-becb-9f06abc79861 c3b9a77d1ed64fbfb5db052ac30ebf3c c0626fd3503a4e2f8ccff31424f1c54f - - default default] 10.0.0.184 "POST /v2.0/subnets HTTP/1.1" status: 201 len: 801 time: 1.3169847
2026-05-09 14:04:58.031 9 WARNING neutron_lib.context [None req-b727ec4f-5bc9-4700-8686-6b072ad65ffe c3b9a77d1ed64fbfb5db052ac30ebf3c c0626fd3503a4e2f8ccff31424f1c54f - - default default] Method 'is_advsvc' is deprecated since 2023.2 release (neutron-lib 3.8.0) and will be removed once support for the old RBAC API policies will be removed from Neutron. Please use method 'is_service_role' instead.
2026-05-09 14:04:58.051 9 INFO neutron.db.ovn_revision_numbers_db [None req-4df3c038-6d8b-4de9-8f3c-f238608c2610 753280bc916d47ae887db1fab82e6bd2 eee0c6a25d6a4e0380da27db6e0b54a5 - - default default] Successfully bumped revision number for resource 19c44df2-d738-4910-a3d5-ebf2de7d8fb4 (type: security_groups) to 1
2026-05-09 14:04:58.068 9 INFO neutron.db.ovn_revision_numbers_db [None req-4df3c038-6d8b-4de9-8f3c-f238608c2610 753280bc916d47ae887db1fab82e6bd2 eee0c6a25d6a4e0380da27db6e0b54a5 - - default default] Successfully bumped revision number for resource 28702398-357d-4ea7-8a9a-bd3c7b7e0b58 (type: security_group_rules) to 0
2026-05-09 14:04:58.099 9 INFO neutron.db.ovn_revision_numbers_db [None req-4df3c038-6d8b-4de9-8f3c-f238608c2610 753280bc916d47ae887db1fab82e6bd2 eee0c6a25d6a4e0380da27db6e0b54a5 - - default default] Successfully bumped revision number for resource 5c69c8ae-9203-4c93-99f8-239180d51d07 (type: security_group_rules) to 0
2026-05-09 14:04:58.113 10 INFO neutron.db.ovn_revision_numbers_db [None req-69427717-af26-4687-9a49-940a29f799c4 - - - - - -] Successfully bumped revision number for resource 2495741c-1664-4811-b658-fc913b0b2a78 (type: ports) to 4
2026-05-09 14:04:58.126 9 INFO neutron.db.ovn_revision_numbers_db [None req-4df3c038-6d8b-4de9-8f3c-f238608c2610 753280bc916d47ae887db1fab82e6bd2 eee0c6a25d6a4e0380da27db6e0b54a5 - - default default] Successfully bumped revision number for resource 634e529e-b30d-4ae7-b0d9-87e807982662 (type: security_group_rules) to 0
2026-05-09 14:04:58.167 9 INFO neutron.db.ovn_revision_numbers_db [None req-4df3c038-6d8b-4de9-8f3c-f238608c2610 753280bc916d47ae887db1fab82e6bd2 eee0c6a25d6a4e0380da27db6e0b54a5 - - default default] Successfully bumped revision number for resource dc65bad5-dc8d-4c69-9b4c-c6a11ad60416 (type: security_group_rules) to 0
2026-05-09 14:04:58.172 9 INFO neutron.db.ovn_revision_numbers_db [None req-b727ec4f-5bc9-4700-8686-6b072ad65ffe c3b9a77d1ed64fbfb5db052ac30ebf3c c0626fd3503a4e2f8ccff31424f1c54f - - default default] Successfully bumped revision number for resource 2a865001-7f7a-471d-a2f4-15d97309971e (type: routers) to 1
2026-05-09 14:04:58.191 9 INFO neutron.wsgi [None req-4df3c038-6d8b-4de9-8f3c-f238608c2610 753280bc916d47ae887db1fab82e6bd2 eee0c6a25d6a4e0380da27db6e0b54a5 - - default default] 10.0.0.184 "GET /v2.0/security-groups?tenant_id=6a272258fe4948909830d243b9a69ebe&name=default HTTP/1.1" status: 200 len: 3120 time: 0.4793444
2026-05-09 14:04:58.194 9 INFO neutron.wsgi [None req-b727ec4f-5bc9-4700-8686-6b072ad65ffe c3b9a77d1ed64fbfb5db052ac30ebf3c c0626fd3503a4e2f8ccff31424f1c54f - - default default] 10.0.0.184 "POST /v2.0/routers HTTP/1.1" status: 201 len: 802 time: 0.1675169
2026-05-09 14:04:58.211 9 WARNING neutron_lib.context [None req-1444f220-4cba-425b-af29-06d6ee0bb081 c3b9a77d1ed64fbfb5db052ac30ebf3c c0626fd3503a4e2f8ccff31424f1c54f - - default default] Method 'is_advsvc' is deprecated since 2023.2 release (neutron-lib 3.8.0) and will be removed once support for the old RBAC API policies will be removed from Neutron. Please use method 'is_service_role' instead.
2026-05-09 14:04:58.340 10 INFO neutron.wsgi [None req-02b76f78-4360-4cf0-af7c-647cbd4b3cad 21b76221a7da40318f49a663601d2ce1 d9e9af2dc3cb4905bf738bde861ab6ca - - default default] 10.0.0.184 "DELETE /v2.0/ports/fe5a914a-e2da-4b03-b48f-814a0c977d88 HTTP/1.1" status: 204 len: 168 time: 0.3600452 /var/lib/openstack/lib/python3.10/site-packages/pycadf/identifier.py:71: UserWarning: Invalid uuid: neutron. To ensure interoperability, identifiers should be a valid uuid. warnings.warn(('Invalid uuid: %s. To ensure interoperability, '
2026-05-09 14:04:58.360 15 INFO neutron.plugins.ml2.drivers.ovn.mech_driver.ovsdb.maintenance [None req-ba44a8f4-b9a5-47c8-8aa3-ac4ee90ddd5b - - - - - -] Maintenance task: Synchronization completed (took 0.56 seconds)
2026-05-09 14:04:58.365 10 INFO neutron.pecan_wsgi.hooks.translation [None req-417297bf-14ae-4582-ba89-509620156c46 21b76221a7da40318f49a663601d2ce1 d9e9af2dc3cb4905bf738bde861ab6ca - - default default] GET failed (client error): The resource could not be found.
2026-05-09 14:04:58.367 10 INFO neutron.wsgi [None req-417297bf-14ae-4582-ba89-509620156c46 21b76221a7da40318f49a663601d2ce1 d9e9af2dc3cb4905bf738bde861ab6ca - - default default] 10.0.0.184 "GET /v2.0/ports/fe5a914a-e2da-4b03-b48f-814a0c977d88 HTTP/1.1" status: 404 len: 333 time: 0.0205321
2026-05-09 14:04:58.530 9 INFO neutron.wsgi [None req-f1585511-d28e-4b9c-b972-b47ff87b1070 753280bc916d47ae887db1fab82e6bd2 eee0c6a25d6a4e0380da27db6e0b54a5 - - default default] 10.0.0.184 "DELETE /v2.0/security-groups/19c44df2-d738-4910-a3d5-ebf2de7d8fb4 HTTP/1.1" status: 204 len: 168 time: 0.3275054
2026-05-09 14:04:58.607 10 INFO neutron.wsgi [None req-a079a959-09cd-4509-b50a-a6ffd58dd955 21b76221a7da40318f49a663601d2ce1 d9e9af2dc3cb4905bf738bde861ab6ca - - default default] 10.0.0.184 "DELETE /v2.0/subnets/ba484e7e-090e-4ccb-8630-0766fa990c2e HTTP/1.1" status: 204 len: 168 time: 0.2351027
2026-05-09 14:04:58.615 9 WARNING neutron.scheduler.dhcp_agent_scheduler [None req-1444f220-4cba-425b-af29-06d6ee0bb081 c3b9a77d1ed64fbfb5db052ac30ebf3c c0626fd3503a4e2f8ccff31424f1c54f - - default default] No more DHCP agents
2026-05-09 14:04:58.617 9 WARNING neutron.api.rpc.agentnotifiers.dhcp_rpc_agent_api [None req-1444f220-4cba-425b-af29-06d6ee0bb081 c3b9a77d1ed64fbfb5db052ac30ebf3c c0626fd3503a4e2f8ccff31424f1c54f - - default default] Unable to schedule network 54a9a580-5863-405b-a01b-418c963ec4b5: no agents available; will retry on subsequent port and subnet creation events. /var/lib/openstack/lib/python3.10/site-packages/pycadf/identifier.py:71: UserWarning: Invalid uuid: neutron. To ensure interoperability, identifiers should be a valid uuid. warnings.warn(('Invalid uuid: %s. To ensure interoperability, '
2026-05-09 14:04:58.816 9 INFO neutron.db.ovn_revision_numbers_db [None req-1444f220-4cba-425b-af29-06d6ee0bb081 c3b9a77d1ed64fbfb5db052ac30ebf3c c0626fd3503a4e2f8ccff31424f1c54f - - default default] Successfully bumped revision number for resource d26c3143-3d0e-448a-a6a2-d8d935b6c12c (type: ports) to 1
2026-05-09 14:04:58.845 9 INFO neutron.db.ovn_revision_numbers_db [None req-08fd0886-6aac-4b09-9ba0-d13aa5e80bf9 753280bc916d47ae887db1fab82e6bd2 eee0c6a25d6a4e0380da27db6e0b54a5 - - default default] Successfully bumped revision number for resource b6def9dd-cf10-4c3b-85ad-d9196e7156f8 (type: security_groups) to 1
2026-05-09 14:04:58.860 9 INFO neutron.wsgi [None req-1444f220-4cba-425b-af29-06d6ee0bb081 c3b9a77d1ed64fbfb5db052ac30ebf3c c0626fd3503a4e2f8ccff31424f1c54f - - default default] 10.0.0.184 "POST /v2.0/ports HTTP/1.1" status: 201 len: 1151 time: 0.6570585
2026-05-09 14:04:58.861 9 INFO neutron.db.ovn_revision_numbers_db [None req-08fd0886-6aac-4b09-9ba0-d13aa5e80bf9 753280bc916d47ae887db1fab82e6bd2 eee0c6a25d6a4e0380da27db6e0b54a5 - - default default] Successfully bumped revision number for resource 3266b801-56a0-4a09-854e-b663ef625c1f (type: security_group_rules) to 0
2026-05-09 14:04:58.877 9 INFO neutron.db.ovn_revision_numbers_db [None req-08fd0886-6aac-4b09-9ba0-d13aa5e80bf9 753280bc916d47ae887db1fab82e6bd2 eee0c6a25d6a4e0380da27db6e0b54a5 - - default default] Successfully bumped revision number for resource 3baa6424-4396-4a2c-a6f5-346ea060df7d (type: security_group_rules) to 0
2026-05-09 14:04:58.890 9 INFO neutron.db.ovn_revision_numbers_db [None req-08fd0886-6aac-4b09-9ba0-d13aa5e80bf9 753280bc916d47ae887db1fab82e6bd2 eee0c6a25d6a4e0380da27db6e0b54a5 - - default default] Successfully bumped revision number for resource c1b01550-c149-4f8b-a43b-38c4ea09815f (type: security_group_rules) to 0
2026-05-09 14:04:58.904 9 INFO neutron.db.ovn_revision_numbers_db [None req-08fd0886-6aac-4b09-9ba0-d13aa5e80bf9 753280bc916d47ae887db1fab82e6bd2 eee0c6a25d6a4e0380da27db6e0b54a5 - - default default] Successfully bumped revision number for resource da6022b8-19f1-4ec5-8d67-100887659ea4 (type: security_group_rules) to 0
2026-05-09 14:04:58.929 9 INFO neutron.wsgi [None req-08fd0886-6aac-4b09-9ba0-d13aa5e80bf9 753280bc916d47ae887db1fab82e6bd2 eee0c6a25d6a4e0380da27db6e0b54a5 - - default default] 10.0.0.184 "GET /v2.0/security-groups?tenant_id=341b14f71388469da389f464c19f68b6&name=default HTTP/1.1" status: 200 len: 3120 time: 0.2778871
2026-05-09 14:04:59.166 10 INFO neutron.wsgi [req-bd8727f0-7879-486a-b23d-d8b78f47e210 req-9095f7cc-b21b-4560-ac19-ea24547afbb2 d9e8c8005a88478089a29e5f5cc2c616 f63b80c6ced446a6a8ff2a0f7287b0ab - - default default] 10.0.0.117 "GET /v2.0/ports?device_id=2f1f52b4-0f9d-4cf1-b5a4-d05c0b7edfd2 HTTP/1.1" status: 200 len: 1174 time: 0.1555016
2026-05-09 14:04:59.170 9 INFO neutron.wsgi [None req-b73c92b6-ae4e-4e89-8440-3568c28b3dd9 753280bc916d47ae887db1fab82e6bd2 eee0c6a25d6a4e0380da27db6e0b54a5 - - default default] 10.0.0.184 "DELETE /v2.0/security-groups/b6def9dd-cf10-4c3b-85ad-d9196e7156f8 HTTP/1.1" status: 204 len: 168 time: 0.2358384
2026-05-09 14:04:59.486 10 INFO neutron.services.segments.plugin [-] Segment 98d5ac7c-d49a-4c02-83dc-bd31d54852c5 resource provider aggregate not found
2026-05-09 14:04:59.491 10 INFO neutron.services.segments.plugin [-] Segment 98d5ac7c-d49a-4c02-83dc-bd31d54852c5 resource provider aggregate not found
2026-05-09 14:04:59.514 10 INFO neutron.services.segments.plugin [-] Segment 98d5ac7c-d49a-4c02-83dc-bd31d54852c5 resource provider not found; error: Placement Client Error (4xx): {"errors": [{"status": 404, "title": "Not Found", "detail": "The resource could not be found.\n\n No resource provider with uuid 98d5ac7c-d49a-4c02-83dc-bd31d54852c5 found for delete ", "request_id": "req-e2a9a932-df54-4f0c-a69c-f2665fd891ba"}]}
2026-05-09 14:04:59.518 10 INFO neutron.services.segments.plugin [-] Segment 98d5ac7c-d49a-4c02-83dc-bd31d54852c5 resource provider not found; error: Placement Client Error (4xx): {"errors": [{"status": 404, "title": "Not Found", "detail": "The resource could not be found.\n\n No resource provider with uuid 98d5ac7c-d49a-4c02-83dc-bd31d54852c5 found for delete ", "request_id": "req-25692980-3fa6-45cd-b8c9-9b6134ac920d"}]}
2026-05-09 14:04:59.528 10 INFO neutron.wsgi [req-bd8727f0-7879-486a-b23d-d8b78f47e210 req-9fc7a92a-c2f0-44a9-b09d-f8b8485c9ba6 d9e8c8005a88478089a29e5f5cc2c616 f63b80c6ced446a6a8ff2a0f7287b0ab - - default default] 10.0.0.117 "GET /v2.0/security-groups?id=286a742d-1469-425e-b9f8-d6f50cae22ef&fields=id&fields=name HTTP/1.1" status: 200 len: 312 time: 0.3552871
2026-05-09 14:04:59.565 10 INFO neutron.wsgi [None req-2628a40d-c2ed-4012-9f56-0ba52c287149 21b76221a7da40318f49a663601d2ce1 d9e9af2dc3cb4905bf738bde861ab6ca - - default default] 10.0.0.184 "DELETE /v2.0/networks/08ef435b-1fff-4077-8889-9176420857f2 HTTP/1.1" status: 204 len: 168 time: 0.9528620
2026-05-09 14:04:59.577 9 WARNING neutron_lib.context [None req-a89cdd44-2408-466a-9ac2-0e1053a7c605 21b76221a7da40318f49a663601d2ce1 d9e9af2dc3cb4905bf738bde861ab6ca - - default default] Method 'is_advsvc' is deprecated since 2023.2 release (neutron-lib 3.8.0) and will be removed once support for the old RBAC API policies will be removed from Neutron. Please use method 'is_service_role' instead.
2026-05-09 14:04:59.638 10 INFO neutron.wsgi [req-1b71ad9a-7a36-4bc0-acbc-f54bf034bbaa req-836e6cb8-8f77-4cd1-ac31-b048d679fc8f d9e8c8005a88478089a29e5f5cc2c616 f63b80c6ced446a6a8ff2a0f7287b0ab - - default default] 10.0.0.117 "GET /v2.0/ports?device_id=2f1f52b4-0f9d-4cf1-b5a4-d05c0b7edfd2 HTTP/1.1" status: 200 len: 1174 time: 0.0419517
2026-05-09 14:04:59.819 9 WARNING neutron.scheduler.dhcp_agent_scheduler [None req-a89cdd44-2408-466a-9ac2-0e1053a7c605 21b76221a7da40318f49a663601d2ce1 d9e9af2dc3cb4905bf738bde861ab6ca - - default default] No more DHCP agents
2026-05-09 14:04:59.822 9 WARNING neutron.api.rpc.agentnotifiers.dhcp_rpc_agent_api [None req-a89cdd44-2408-466a-9ac2-0e1053a7c605 21b76221a7da40318f49a663601d2ce1 d9e9af2dc3cb4905bf738bde861ab6ca - - default default] Unable to schedule network 07fff10a-3507-49a1-9415-8bc14bcc3e28: no agents available; will retry on subsequent port and subnet creation events.
2026-05-09 14:04:59.869 10 INFO neutron.notifiers.nova [-] Nova event matching ['req-2278c7b5-2375-4ef4-978c-33b06bafc6f2'] response: {'server_uuid': '2f1f52b4-0f9d-4cf1-b5a4-d05c0b7edfd2', 'name': 'network-vif-plugged', 'status': 'completed', 'tag': '2495741c-1664-4811-b658-fc913b0b2a78', 'code': 200}
2026-05-09 14:04:59.875 10 ERROR ovsdbapp.backend.ovs_idl.command [None req-d7e92d12-e020-449f-8533-16107658048f c3b9a77d1ed64fbfb5db052ac30ebf3c c0626fd3503a4e2f8ccff31424f1c54f - - default default] Error executing command (DbGetCommand): ovsdbapp.backend.ovs_idl.idlutils.RowNotFound: Cannot find Logical_Router_Port with name=lrp-d26c3143-3d0e-448a-a6a2-d8d935b6c12c
2026-05-09 14:04:59.875 10 ERROR ovsdbapp.backend.ovs_idl.command
Traceback (most recent call last):
2026-05-09 14:04:59.875 10 ERROR ovsdbapp.backend.ovs_idl.command
File "/var/lib/openstack/lib/python3.10/site-packages/ovsdbapp/backend/ovs_idl/command.py", line 47, in execute
2026-05-09 14:04:59.875 10 ERROR ovsdbapp.backend.ovs_idl.command self.run_idl(None)
2026-05-09 14:04:59.875 10 ERROR ovsdbapp.backend.ovs_idl.command
File "/var/lib/openstack/lib/python3.10/site-packages/ovsdbapp/backend/ovs_idl/command.py", line 235, in run_idl
2026-05-09 14:04:59.875 10 ERROR ovsdbapp.backend.ovs_idl.command record = self.api.lookup(self.table, self.record)
2026-05-09 14:04:59.875 10 ERROR ovsdbapp.backend.ovs_idl.command
File "/var/lib/openstack/lib/python3.10/site-packages/ovsdbapp/backend/ovs_idl/__init__.py", line 184, in lookup
2026-05-09 14:04:59.875 10 ERROR ovsdbapp.backend.ovs_idl.command return self._lookup(table, record)
2026-05-09 14:04:59.875 10 ERROR ovsdbapp.backend.ovs_idl.command
File "/var/lib/openstack/lib/python3.10/site-packages/ovsdbapp/backend/ovs_idl/__init__.py", line 235, in _lookup
2026-05-09 14:04:59.875 10 ERROR ovsdbapp.backend.ovs_idl.command row = idlutils.row_by_value(self, rl.table, rl.column, record)
2026-05-09 14:04:59.875 10 ERROR ovsdbapp.backend.ovs_idl.command
File "/var/lib/openstack/lib/python3.10/site-packages/ovsdbapp/backend/ovs_idl/idlutils.py", line 114, in row_by_value
2026-05-09 14:04:59.875 10 ERROR ovsdbapp.backend.ovs_idl.command raise RowNotFound(table=table, col=column, match=match)
2026-05-09 14:04:59.875 10 ERROR ovsdbapp.backend.ovs_idl.command ovsdbapp.backend.ovs_idl.idlutils.RowNotFound: Cannot find Logical_Router_Port with name=lrp-d26c3143-3d0e-448a-a6a2-d8d935b6c12c
2026-05-09 14:04:59.875 10 ERROR ovsdbapp.backend.ovs_idl.command 
2026-05-09 14:04:59.876 10 ERROR neutron_lib.callbacks.manager [None req-d7e92d12-e020-449f-8533-16107658048f c3b9a77d1ed64fbfb5db052ac30ebf3c c0626fd3503a4e2f8ccff31424f1c54f - - default default] Error during notification for neutron.services.ovn_l3.plugin.OVNL3RouterPlugin._port_update-8766159168212 port, after_update: ovsdbapp.backend.ovs_idl.idlutils.RowNotFound: Cannot find Logical_Router_Port with name=lrp-d26c3143-3d0e-448a-a6a2-d8d935b6c12c
2026-05-09 14:04:59.876 10 ERROR neutron_lib.callbacks.manager
Traceback (most recent call last):
2026-05-09 14:04:59.876 10 ERROR neutron_lib.callbacks.manager
File "/var/lib/openstack/lib/python3.10/site-packages/neutron_lib/callbacks/manager.py", line 189, in _notify_loop
2026-05-09 14:04:59.876 10 ERROR neutron_lib.callbacks.manager callback.method(resource, event, trigger, payload=payload)
2026-05-09 14:04:59.876 10 ERROR neutron_lib.callbacks.manager
File "/var/lib/openstack/lib/python3.10/site-packages/neutron/services/ovn_l3/plugin.py", line 391, in _port_update
2026-05-09 14:04:59.876 10 ERROR neutron_lib.callbacks.manager l3plugin._ovn_client.update_router_port(context,
2026-05-09 14:04:59.876 10 ERROR neutron_lib.callbacks.manager
File "/var/lib/openstack/lib/python3.10/site-packages/neutron/plugins/ml2/drivers/ovn/mech_driver/ovsdb/ovn_client.py", line 1878, in update_router_port
2026-05-09 14:04:59.876 10 ERROR neutron_lib.callbacks.manager self._update_lrouter_port(context, port, if_exists=if_exists,
2026-05-09 14:04:59.876 10 ERROR neutron_lib.callbacks.manager
File "/var/lib/openstack/lib/python3.10/site-packages/neutron/plugins/ml2/drivers/ovn/mech_driver/ovsdb/ovn_client.py", line 1855, in _update_lrouter_port
2026-05-09 14:04:59.876 10 ERROR neutron_lib.callbacks.manager external_ids = self._nb_idl.db_get(
2026-05-09 14:04:59.876 10 ERROR neutron_lib.callbacks.manager
File "/var/lib/openstack/lib/python3.10/site-packages/ovsdbapp/backend/ovs_idl/command.py", line 47, in execute
2026-05-09 14:04:59.876 10 ERROR neutron_lib.callbacks.manager self.run_idl(None)
2026-05-09 14:04:59.876 10 ERROR neutron_lib.callbacks.manager
File "/var/lib/openstack/lib/python3.10/site-packages/ovsdbapp/backend/ovs_idl/command.py", line 235, in run_idl
2026-05-09 14:04:59.876 10 ERROR neutron_lib.callbacks.manager record = self.api.lookup(self.table, self.record)
2026-05-09 14:04:59.876 10 ERROR neutron_lib.callbacks.manager
File "/var/lib/openstack/lib/python3.10/site-packages/ovsdbapp/backend/ovs_idl/__init__.py", line 184, in lookup
2026-05-09 14:04:59.876 10 ERROR neutron_lib.callbacks.manager return self._lookup(table, record)
2026-05-09 14:04:59.876 10 ERROR neutron_lib.callbacks.manager
File "/var/lib/openstack/lib/python3.10/site-packages/ovsdbapp/backend/ovs_idl/__init__.py", line 235, in _lookup
2026-05-09 14:04:59.876 10 ERROR neutron_lib.callbacks.manager row = idlutils.row_by_value(self, rl.table, rl.column, record)
2026-05-09 14:04:59.876 10 ERROR neutron_lib.callbacks.manager
File "/var/lib/openstack/lib/python3.10/site-packages/ovsdbapp/backend/ovs_idl/idlutils.py", line 114, in row_by_value
2026-05-09 14:04:59.876 10 ERROR neutron_lib.callbacks.manager raise RowNotFound(table=table, col=column, match=match)
2026-05-09 14:04:59.876 10 ERROR neutron_lib.callbacks.manager ovsdbapp.backend.ovs_idl.idlutils.RowNotFound: Cannot find Logical_Router_Port with name=lrp-d26c3143-3d0e-448a-a6a2-d8d935b6c12c
2026-05-09 14:04:59.876 10 ERROR neutron_lib.callbacks.manager 
2026-05-09 14:04:59.917 9 INFO neutron.db.ovn_revision_numbers_db [None req-a89cdd44-2408-466a-9ac2-0e1053a7c605 21b76221a7da40318f49a663601d2ce1 d9e9af2dc3cb4905bf738bde861ab6ca - - default default] Successfully bumped revision number for resource ef23c2cc-149c-4e9c-b722-2004054c356d (type: ports) to 1
2026-05-09 14:04:59.939 9 INFO neutron.wsgi [None req-a89cdd44-2408-466a-9ac2-0e1053a7c605 21b76221a7da40318f49a663601d2ce1 d9e9af2dc3cb4905bf738bde861ab6ca - - default default] 10.0.0.184 "POST /v2.0/ports HTTP/1.1" status: 201 len: 978 time: 0.3682017 /var/lib/openstack/lib/python3.10/site-packages/pycadf/identifier.py:71: UserWarning: Invalid uuid: neutron. To ensure interoperability, identifiers should be a valid uuid. warnings.warn(('Invalid uuid: %s. To ensure interoperability, '
2026-05-09 14:05:00.108 10 INFO neutron.plugins.ml2.drivers.ovn.mech_driver.mech_driver [None req-69427717-af26-4687-9a49-940a29f799c4 - - - - - -] OVN reports status up for port: d26c3143-3d0e-448a-a6a2-d8d935b6c12c
2026-05-09 14:05:00.121 10 INFO neutron.plugins.ml2.plugin [None req-69427717-af26-4687-9a49-940a29f799c4 - - - - - -] Attempt 1 to provision port d26c3143-3d0e-448a-a6a2-d8d935b6c12c
2026-05-09 14:05:00.167 10 INFO neutron.db.ovn_revision_numbers_db [None req-d7e92d12-e020-449f-8533-16107658048f c3b9a77d1ed64fbfb5db052ac30ebf3c c0626fd3503a4e2f8ccff31424f1c54f - - default default] Successfully bumped revision number for resource d26c3143-3d0e-448a-a6a2-d8d935b6c12c (type: ports) to 2
2026-05-09 14:05:00.487 9 INFO neutron.db.ovn_revision_numbers_db [None req-6399a30f-bba5-4fea-9f12-96241e7d4356 21b76221a7da40318f49a663601d2ce1 d9e9af2dc3cb4905bf738bde861ab6ca - - default default] Successfully bumped revision number for resource ef23c2cc-149c-4e9c-b722-2004054c356d (type: ports) to 2
2026-05-09 14:05:00.500 9 INFO neutron.wsgi [None req-6399a30f-bba5-4fea-9f12-96241e7d4356 21b76221a7da40318f49a663601d2ce1 d9e9af2dc3cb4905bf738bde861ab6ca - - default default] 10.0.0.184 "PUT /v2.0/ports/ef23c2cc-149c-4e9c-b722-2004054c356d HTTP/1.1" status: 200 len: 946 time: 0.5537231 /var/lib/openstack/lib/python3.10/site-packages/pycadf/identifier.py:71: UserWarning: Invalid uuid: neutron. To ensure interoperability, identifiers should be a valid uuid. warnings.warn(('Invalid uuid: %s. To ensure interoperability, '
2026-05-09 14:05:00.800 10 INFO neutron.db.ovn_revision_numbers_db [None req-6b177e55-9a5b-49fd-b90e-1d23c2630979 d9e8c8005a88478089a29e5f5cc2c616 f63b80c6ced446a6a8ff2a0f7287b0ab - - default default] Successfully bumped revision number for resource ffa5a114-16e8-4f84-8e3e-dfea240621c8 (type: floatingips) to 1
2026-05-09 14:05:00.875 9 INFO neutron.wsgi [None req-f12d1914-1a3d-4030-93ab-03956c9a0645 21b76221a7da40318f49a663601d2ce1 d9e9af2dc3cb4905bf738bde861ab6ca - - default default] 10.0.0.184 "DELETE /v2.0/ports/ef23c2cc-149c-4e9c-b722-2004054c356d HTTP/1.1" status: 204 len: 168 time: 0.3689191
2026-05-09 14:05:00.916 9 INFO neutron.wsgi [None req-7292da96-7ab2-489c-9087-6b083a2686db 21b76221a7da40318f49a663601d2ce1 d9e9af2dc3cb4905bf738bde861ab6ca - - default default] 10.0.0.184 "GET /v2.0/ports HTTP/1.1" status: 200 len: 1733 time: 0.0381165
2026-05-09 14:05:00.933 9 INFO neutron.pecan_wsgi.hooks.translation [None req-2375f376-7fbe-4599-83cc-93eacbf50bfa 21b76221a7da40318f49a663601d2ce1 d9e9af2dc3cb4905bf738bde861ab6ca - - default default] GET failed (client error): The resource could not be found.
2026-05-09 14:05:00.934 9 INFO neutron.wsgi [None req-2375f376-7fbe-4599-83cc-93eacbf50bfa 21b76221a7da40318f49a663601d2ce1 d9e9af2dc3cb4905bf738bde861ab6ca - - default default] 10.0.0.184 "GET /v2.0/ports/ef23c2cc-149c-4e9c-b722-2004054c356d HTTP/1.1" status: 404 len: 333 time: 0.0150707
2026-05-09 14:05:00.981 9 INFO neutron.wsgi [None req-11913e06-c721-4299-8058-816ea57db9a1 21b76221a7da40318f49a663601d2ce1 d9e9af2dc3cb4905bf738bde861ab6ca - - default default] 10.0.0.184 "GET /v2.0/ports HTTP/1.1" status: 200 len: 1733 time: 0.0416491
2026-05-09 14:05:01.026 9 INFO neutron.wsgi [None req-2250ed32-4c10-4a53-9888-7dc7e8d6a507 21b76221a7da40318f49a663601d2ce1 d9e9af2dc3cb4905bf738bde861ab6ca - - default default] 10.0.0.184 "GET /v2.0/ports/e17f7aab-5180-4244-9cec-3b02c28da34b HTTP/1.1" status: 200 len: 973 time: 0.0393453
2026-05-09 14:05:01.044 10 INFO neutron.db.ovn_revision_numbers_db [None req-6b177e55-9a5b-49fd-b90e-1d23c2630979 d9e8c8005a88478089a29e5f5cc2c616 f63b80c6ced446a6a8ff2a0f7287b0ab - - default default] Successfully bumped revision number for resource ffa5a114-16e8-4f84-8e3e-dfea240621c8 (type: floatingips) to 2
2026-05-09 14:05:01.044 9 INFO neutron.pecan_wsgi.hooks.translation [None req-a3bf377f-962f-4d2e-937f-1ac46007f1d7 21b76221a7da40318f49a663601d2ce1 d9e9af2dc3cb4905bf738bde861ab6ca - - default default] DELETE failed (client error): The resource could not be found.
2026-05-09 14:05:01.044 10 INFO neutron.db.l3_db [None req-6b177e55-9a5b-49fd-b90e-1d23c2630979 d9e8c8005a88478089a29e5f5cc2c616 f63b80c6ced446a6a8ff2a0f7287b0ab - - default default] Floating IP ffa5a114-16e8-4f84-8e3e-dfea240621c8 associated. External IP: 10.96.250.211, port: 2495741c-1664-4811-b658-fc913b0b2a78.
2026-05-09 14:05:01.048 9 INFO neutron.wsgi [None req-a3bf377f-962f-4d2e-937f-1ac46007f1d7 21b76221a7da40318f49a663601d2ce1 d9e9af2dc3cb4905bf738bde861ab6ca - - default default] 10.0.0.184 "DELETE /v2.0/ports/fe5a914a-e2da-4b03-b48f-814a0c977d88 HTTP/1.1" status: 404 len: 333 time: 0.0193782
2026-05-09 14:05:01.063 9 INFO neutron.pecan_wsgi.hooks.translation [None req-0cea21bd-36a8-4716-82e6-286f80bd0597 21b76221a7da40318f49a663601d2ce1 d9e9af2dc3cb4905bf738bde861ab6ca - - default default] DELETE failed (client error): The resource could not be found.
2026-05-09 14:05:01.065 9 INFO neutron.wsgi [None req-0cea21bd-36a8-4716-82e6-286f80bd0597 21b76221a7da40318f49a663601d2ce1 d9e9af2dc3cb4905bf738bde861ab6ca - - default default] 10.0.0.184 "DELETE /v2.0/subnets/ba484e7e-090e-4ccb-8630-0766fa990c2e HTTP/1.1" status: 404 len: 337 time: 0.0143573
2026-05-09 14:05:01.086 9 INFO neutron.pecan_wsgi.hooks.translation [None req-86289adb-db24-4368-8386-ec83d4dadcaf 21b76221a7da40318f49a663601d2ce1 d9e9af2dc3cb4905bf738bde861ab6ca - - default default] DELETE failed (client error): The resource could not be found.
2026-05-09 14:05:01.089 9 INFO neutron.wsgi [None req-86289adb-db24-4368-8386-ec83d4dadcaf 21b76221a7da40318f49a663601d2ce1 d9e9af2dc3cb4905bf738bde861ab6ca - - default default] 10.0.0.184 "DELETE /v2.0/subnets/f8befd65-67c3-4d4a-846d-9b06db1bd9d1 HTTP/1.1" status: 404 len: 337 time: 0.0172751
2026-05-09 14:05:01.109 10 INFO neutron.wsgi [None req-6b177e55-9a5b-49fd-b90e-1d23c2630979 d9e8c8005a88478089a29e5f5cc2c616 f63b80c6ced446a6a8ff2a0f7287b0ab - - default default] 10.0.0.184 "PUT /v2.0/floatingips/ffa5a114-16e8-4f84-8e3e-dfea240621c8 HTTP/1.1" status: 200 len: 1050 time: 1.4604962 /var/lib/openstack/lib/python3.10/site-packages/pycadf/identifier.py:71: UserWarning: Invalid uuid: neutron. To ensure interoperability, identifiers should be a valid uuid. warnings.warn(('Invalid uuid: %s. To ensure interoperability, '
2026-05-09 14:05:01.201 10 INFO neutron.db.ovn_revision_numbers_db [None req-69427717-af26-4687-9a49-940a29f799c4 - - - - - -] Successfully bumped revision number for resource d26c3143-3d0e-448a-a6a2-d8d935b6c12c (type: ports) to 3
2026-05-09 14:05:01.227 10 INFO neutron.wsgi [req-78b2ee06-5001-40f3-b7f3-b04dd584234d req-c9bfaf53-fd90-4d69-96be-50c84a496468 d9e8c8005a88478089a29e5f5cc2c616 f63b80c6ced446a6a8ff2a0f7287b0ab - - default default] 10.0.0.117 "GET /v2.0/ports?device_id=2f1f52b4-0f9d-4cf1-b5a4-d05c0b7edfd2 HTTP/1.1" status: 200 len: 1174 time: 0.0485206
2026-05-09 14:05:01.370 10 INFO neutron.wsgi [req-78b2ee06-5001-40f3-b7f3-b04dd584234d req-f95c5ce1-e7dd-4e17-9784-81fa03c9b56a d9e8c8005a88478089a29e5f5cc2c616 f63b80c6ced446a6a8ff2a0f7287b0ab - - default default] 10.0.0.117 "GET /v2.0/security-groups?id=286a742d-1469-425e-b9f8-d6f50cae22ef&fields=id&fields=name HTTP/1.1" status: 200 len: 312 time: 0.1200922
2026-05-09 14:05:01.392 10 ERROR ovsdbapp.backend.ovs_idl.command [None req-d7e92d12-e020-449f-8533-16107658048f c3b9a77d1ed64fbfb5db052ac30ebf3c c0626fd3503a4e2f8ccff31424f1c54f - - default default] Error executing command (DbGetCommand): ovsdbapp.backend.ovs_idl.idlutils.RowNotFound: Cannot find Logical_Router_Port with name=lrp-d26c3143-3d0e-448a-a6a2-d8d935b6c12c
2026-05-09 14:05:01.392 10 ERROR ovsdbapp.backend.ovs_idl.command
Traceback (most recent call last):
2026-05-09 14:05:01.392 10 ERROR ovsdbapp.backend.ovs_idl.command
File "/var/lib/openstack/lib/python3.10/site-packages/ovsdbapp/backend/ovs_idl/command.py", line 47, in execute
2026-05-09 14:05:01.392 10 ERROR ovsdbapp.backend.ovs_idl.command self.run_idl(None)
2026-05-09 14:05:01.392 10 ERROR ovsdbapp.backend.ovs_idl.command
File "/var/lib/openstack/lib/python3.10/site-packages/ovsdbapp/backend/ovs_idl/command.py", line 235, in run_idl
2026-05-09 14:05:01.392 10 ERROR ovsdbapp.backend.ovs_idl.command record = self.api.lookup(self.table, self.record)
2026-05-09 14:05:01.392 10 ERROR ovsdbapp.backend.ovs_idl.command
File "/var/lib/openstack/lib/python3.10/site-packages/ovsdbapp/backend/ovs_idl/__init__.py", line 184, in lookup
2026-05-09 14:05:01.392 10 ERROR ovsdbapp.backend.ovs_idl.command return self._lookup(table, record)
2026-05-09 14:05:01.392 10 ERROR ovsdbapp.backend.ovs_idl.command
File "/var/lib/openstack/lib/python3.10/site-packages/ovsdbapp/backend/ovs_idl/__init__.py", line 235, in _lookup
2026-05-09 14:05:01.392 10 ERROR ovsdbapp.backend.ovs_idl.command row = idlutils.row_by_value(self, rl.table, rl.column, record)
2026-05-09 14:05:01.392 10 ERROR ovsdbapp.backend.ovs_idl.command
File "/var/lib/openstack/lib/python3.10/site-packages/ovsdbapp/backend/ovs_idl/idlutils.py", line 114, in row_by_value
2026-05-09 14:05:01.392 10 ERROR ovsdbapp.backend.ovs_idl.command raise RowNotFound(table=table, col=column, match=match)
2026-05-09 14:05:01.392 10 ERROR ovsdbapp.backend.ovs_idl.command ovsdbapp.backend.ovs_idl.idlutils.RowNotFound: Cannot find Logical_Router_Port with name=lrp-d26c3143-3d0e-448a-a6a2-d8d935b6c12c
2026-05-09 14:05:01.392 10 ERROR ovsdbapp.backend.ovs_idl.command 
2026-05-09 14:05:01.393 10 ERROR neutron_lib.callbacks.manager [None req-d7e92d12-e020-449f-8533-16107658048f c3b9a77d1ed64fbfb5db052ac30ebf3c c0626fd3503a4e2f8ccff31424f1c54f - - default default] Error during notification for neutron.services.ovn_l3.plugin.OVNL3RouterPlugin._port_update-8766159168212 port, after_update: ovsdbapp.backend.ovs_idl.idlutils.RowNotFound: Cannot find Logical_Router_Port with name=lrp-d26c3143-3d0e-448a-a6a2-d8d935b6c12c
2026-05-09 14:05:01.393 10 ERROR neutron_lib.callbacks.manager
Traceback (most recent call last):
2026-05-09 14:05:01.393 10 ERROR neutron_lib.callbacks.manager
File "/var/lib/openstack/lib/python3.10/site-packages/neutron_lib/callbacks/manager.py", line 189, in _notify_loop
2026-05-09 14:05:01.393 10 ERROR neutron_lib.callbacks.manager callback.method(resource, event, trigger, payload=payload)
2026-05-09 14:05:01.393 10 ERROR neutron_lib.callbacks.manager
File "/var/lib/openstack/lib/python3.10/site-packages/neutron/services/ovn_l3/plugin.py", line 391, in _port_update
2026-05-09 14:05:01.393 10 ERROR neutron_lib.callbacks.manager l3plugin._ovn_client.update_router_port(context,
2026-05-09 14:05:01.393 10 ERROR neutron_lib.callbacks.manager
File "/var/lib/openstack/lib/python3.10/site-packages/neutron/plugins/ml2/drivers/ovn/mech_driver/ovsdb/ovn_client.py", line 1878, in update_router_port
2026-05-09 14:05:01.393 10 ERROR neutron_lib.callbacks.manager self._update_lrouter_port(context, port, if_exists=if_exists,
2026-05-09 14:05:01.393 10 ERROR neutron_lib.callbacks.manager
File "/var/lib/openstack/lib/python3.10/site-packages/neutron/plugins/ml2/drivers/ovn/mech_driver/ovsdb/ovn_client.py", line 1855, in _update_lrouter_port
2026-05-09 14:05:01.393 10 ERROR neutron_lib.callbacks.manager external_ids = self._nb_idl.db_get(
2026-05-09 14:05:01.393 10 ERROR neutron_lib.callbacks.manager
File "/var/lib/openstack/lib/python3.10/site-packages/ovsdbapp/backend/ovs_idl/command.py", line 47, in execute
2026-05-09 14:05:01.393 10 ERROR neutron_lib.callbacks.manager self.run_idl(None)
2026-05-09 14:05:01.393 10 ERROR neutron_lib.callbacks.manager
File "/var/lib/openstack/lib/python3.10/site-packages/ovsdbapp/backend/ovs_idl/command.py", line 235, in run_idl
2026-05-09 14:05:01.393 10 ERROR neutron_lib.callbacks.manager record = self.api.lookup(self.table, self.record)
2026-05-09 14:05:01.393 10 ERROR neutron_lib.callbacks.manager
File "/var/lib/openstack/lib/python3.10/site-packages/ovsdbapp/backend/ovs_idl/__init__.py", line 184, in lookup
2026-05-09 14:05:01.393 10 ERROR neutron_lib.callbacks.manager return self._lookup(table, record)
2026-05-09 14:05:01.393 10 ERROR neutron_lib.callbacks.manager
File "/var/lib/openstack/lib/python3.10/site-packages/ovsdbapp/backend/ovs_idl/__init__.py", line 235, in _lookup
2026-05-09 14:05:01.393 10 ERROR neutron_lib.callbacks.manager row = idlutils.row_by_value(self, rl.table, rl.column, record)
2026-05-09 14:05:01.393 10 ERROR neutron_lib.callbacks.manager
File "/var/lib/openstack/lib/python3.10/site-packages/ovsdbapp/backend/ovs_idl/idlutils.py", line 114, in row_by_value
2026-05-09 14:05:01.393 10 ERROR neutron_lib.callbacks.manager raise RowNotFound(table=table, col=column, match=match)
2026-05-09 14:05:01.393 10 ERROR neutron_lib.callbacks.manager ovsdbapp.backend.ovs_idl.idlutils.RowNotFound: Cannot find Logical_Router_Port with name=lrp-d26c3143-3d0e-448a-a6a2-d8d935b6c12c
2026-05-09 14:05:01.393 10 ERROR neutron_lib.callbacks.manager 
2026-05-09 14:05:01.398 10 ERROR ovsdbapp.backend.ovs_idl.command [None req-69427717-af26-4687-9a49-940a29f799c4 - - - - - -] Error executing command (DbGetCommand): ovsdbapp.backend.ovs_idl.idlutils.RowNotFound: Cannot find Logical_Router_Port with name=lrp-d26c3143-3d0e-448a-a6a2-d8d935b6c12c
2026-05-09 14:05:01.398 10 ERROR ovsdbapp.backend.ovs_idl.command
Traceback (most recent call last):
2026-05-09 14:05:01.398 10 ERROR ovsdbapp.backend.ovs_idl.command
File "/var/lib/openstack/lib/python3.10/site-packages/ovsdbapp/backend/ovs_idl/command.py", line 47, in execute
2026-05-09 14:05:01.398 10 ERROR ovsdbapp.backend.ovs_idl.command self.run_idl(None)
2026-05-09 14:05:01.398 10 ERROR ovsdbapp.backend.ovs_idl.command
File "/var/lib/openstack/lib/python3.10/site-packages/ovsdbapp/backend/ovs_idl/command.py", line 235, in run_idl
2026-05-09 14:05:01.398 10 ERROR ovsdbapp.backend.ovs_idl.command record = self.api.lookup(self.table, self.record)
2026-05-09 14:05:01.398 10 ERROR ovsdbapp.backend.ovs_idl.command
File "/var/lib/openstack/lib/python3.10/site-packages/ovsdbapp/backend/ovs_idl/__init__.py", line 184, in lookup
2026-05-09 14:05:01.398 10 ERROR ovsdbapp.backend.ovs_idl.command return self._lookup(table, record)
2026-05-09 14:05:01.398 10 ERROR ovsdbapp.backend.ovs_idl.command
File "/var/lib/openstack/lib/python3.10/site-packages/ovsdbapp/backend/ovs_idl/__init__.py", line 235, in _lookup
2026-05-09 14:05:01.398 10 ERROR ovsdbapp.backend.ovs_idl.command row = idlutils.row_by_value(self, rl.table, rl.column, record)
2026-05-09 14:05:01.398 10 ERROR ovsdbapp.backend.ovs_idl.command
File "/var/lib/openstack/lib/python3.10/site-packages/ovsdbapp/backend/ovs_idl/idlutils.py", line 114, in row_by_value
2026-05-09 14:05:01.398 10 ERROR ovsdbapp.backend.ovs_idl.command raise RowNotFound(table=table, col=column, match=match)
2026-05-09 14:05:01.398 10 ERROR ovsdbapp.backend.ovs_idl.command ovsdbapp.backend.ovs_idl.idlutils.RowNotFound: Cannot find Logical_Router_Port with name=lrp-d26c3143-3d0e-448a-a6a2-d8d935b6c12c
2026-05-09 14:05:01.398 10 ERROR ovsdbapp.backend.ovs_idl.command 
2026-05-09 14:05:01.399 10 ERROR neutron_lib.callbacks.manager [None req-69427717-af26-4687-9a49-940a29f799c4 - - - - - -] Error during notification for neutron.services.ovn_l3.plugin.OVNL3RouterPlugin._port_update-8766159168212 port, after_update: ovsdbapp.backend.ovs_idl.idlutils.RowNotFound: Cannot find Logical_Router_Port with name=lrp-d26c3143-3d0e-448a-a6a2-d8d935b6c12c
2026-05-09 14:05:01.399 10 ERROR neutron_lib.callbacks.manager
Traceback (most recent call last):
2026-05-09 14:05:01.399 10 ERROR neutron_lib.callbacks.manager
File "/var/lib/openstack/lib/python3.10/site-packages/neutron_lib/callbacks/manager.py", line 189, in _notify_loop
2026-05-09 14:05:01.399 10 ERROR neutron_lib.callbacks.manager callback.method(resource, event, trigger, payload=payload)
2026-05-09 14:05:01.399 10 ERROR neutron_lib.callbacks.manager
File "/var/lib/openstack/lib/python3.10/site-packages/neutron/services/ovn_l3/plugin.py", line 391, in _port_update
2026-05-09 14:05:01.399 10 ERROR neutron_lib.callbacks.manager l3plugin._ovn_client.update_router_port(context,
2026-05-09 14:05:01.399 10 ERROR neutron_lib.callbacks.manager
File "/var/lib/openstack/lib/python3.10/site-packages/neutron/plugins/ml2/drivers/ovn/mech_driver/ovsdb/ovn_client.py", line 1878, in update_router_port
2026-05-09 14:05:01.399 10 ERROR neutron_lib.callbacks.manager self._update_lrouter_port(context, port, if_exists=if_exists,
2026-05-09 14:05:01.399 10 ERROR neutron_lib.callbacks.manager
File "/var/lib/openstack/lib/python3.10/site-packages/neutron/plugins/ml2/drivers/ovn/mech_driver/ovsdb/ovn_client.py", line 1855, in _update_lrouter_port
2026-05-09 14:05:01.399 10 ERROR neutron_lib.callbacks.manager external_ids = self._nb_idl.db_get(
2026-05-09 14:05:01.399 10 ERROR neutron_lib.callbacks.manager
File "/var/lib/openstack/lib/python3.10/site-packages/ovsdbapp/backend/ovs_idl/command.py", line 47, in execute
2026-05-09 14:05:01.399 10 ERROR neutron_lib.callbacks.manager self.run_idl(None)
2026-05-09 14:05:01.399 10 ERROR neutron_lib.callbacks.manager
File "/var/lib/openstack/lib/python3.10/site-packages/ovsdbapp/backend/ovs_idl/command.py", line 235, in run_idl
2026-05-09 14:05:01.399 10 ERROR neutron_lib.callbacks.manager record = self.api.lookup(self.table, self.record)
2026-05-09 14:05:01.399 10 ERROR neutron_lib.callbacks.manager
File "/var/lib/openstack/lib/python3.10/site-packages/ovsdbapp/backend/ovs_idl/__init__.py", line 184, in lookup
2026-05-09 14:05:01.399 10 ERROR neutron_lib.callbacks.manager return self._lookup(table, record)
2026-05-09 14:05:01.399 10 ERROR neutron_lib.callbacks.manager
File "/var/lib/openstack/lib/python3.10/site-packages/ovsdbapp/backend/ovs_idl/__init__.py", line 235, in _lookup
2026-05-09 14:05:01.399 10 ERROR neutron_lib.callbacks.manager row = idlutils.row_by_value(self, rl.table, rl.column, record)
2026-05-09 14:05:01.399 10 ERROR neutron_lib.callbacks.manager
File "/var/lib/openstack/lib/python3.10/site-packages/ovsdbapp/backend/ovs_idl/idlutils.py", line 114, in row_by_value
2026-05-09 14:05:01.399 10 ERROR neutron_lib.callbacks.manager raise RowNotFound(table=table, col=column, match=match)
2026-05-09 14:05:01.399 10 ERROR neutron_lib.callbacks.manager ovsdbapp.backend.ovs_idl.idlutils.RowNotFound: Cannot find Logical_Router_Port with name=lrp-d26c3143-3d0e-448a-a6a2-d8d935b6c12c
2026-05-09 14:05:01.399 10 ERROR neutron_lib.callbacks.manager 
2026-05-09 14:05:01.420 9 INFO neutron.wsgi [None req-9acf920e-9867-44d4-97f7-6033849a5779 21b76221a7da40318f49a663601d2ce1 d9e9af2dc3cb4905bf738bde861ab6ca - - default default] 10.0.0.184 "DELETE /v2.0/ports/e17f7aab-5180-4244-9cec-3b02c28da34b HTTP/1.1" status: 204 len: 168 time: 0.3266513
2026-05-09 14:05:01.678 10 INFO neutron.db.ovn_revision_numbers_db [None req-d7e92d12-e020-449f-8533-16107658048f c3b9a77d1ed64fbfb5db052ac30ebf3c c0626fd3503a4e2f8ccff31424f1c54f - - default default] Successfully bumped revision number for resource d26c3143-3d0e-448a-a6a2-d8d935b6c12c (type: ports) to 3 /var/lib/openstack/lib/python3.10/site-packages/pycadf/identifier.py:71: UserWarning: Invalid uuid: neutron. To ensure interoperability, identifiers should be a valid uuid. warnings.warn(('Invalid uuid: %s. To ensure interoperability, '
2026-05-09 14:05:01.774 10 INFO neutron.wsgi [req-374b01f5-55f2-40e4-afc5-8bdbed626456 req-e41c13ab-e680-406b-887e-6e5764656ccd d9e8c8005a88478089a29e5f5cc2c616 f63b80c6ced446a6a8ff2a0f7287b0ab - - default default] 10.0.0.117 "GET /v2.0/ports?device_id=2f1f52b4-0f9d-4cf1-b5a4-d05c0b7edfd2 HTTP/1.1" status: 200 len: 1174 time: 0.0634310
2026-05-09 14:05:01.823 10 WARNING neutron.scheduler.dhcp_agent_scheduler [None req-d7e92d12-e020-449f-8533-16107658048f c3b9a77d1ed64fbfb5db052ac30ebf3c c0626fd3503a4e2f8ccff31424f1c54f - - default default] No more DHCP agents
2026-05-09 14:05:01.824 10 WARNING neutron.api.rpc.agentnotifiers.dhcp_rpc_agent_api [None req-d7e92d12-e020-449f-8533-16107658048f c3b9a77d1ed64fbfb5db052ac30ebf3c c0626fd3503a4e2f8ccff31424f1c54f - - default default] Unable to schedule network 54a9a580-5863-405b-a01b-418c963ec4b5: no agents available; will retry on subsequent port and subnet creation events.
