2026-05-09 14:06:14.114 9 INFO neutron.wsgi [None req-cd93f140-ab74-48ab-87ab-0861d04118d6 1132baee69bd40f3af0fc5b19a059844 b25ca9a5fd0146bda01cf2821a6e4734 - - default default] 10.0.0.184 "GET /v2.0/networks/efad4478-1569-4e93-84f1-494786af8571 HTTP/1.1" status: 200 len: 866 time: 0.0609109
2026-05-09 14:06:14.131 10 INFO neutron.db.ovn_revision_numbers_db [None req-e30f5ddb-c023-4e63-99c9-5ee606a5d9d1 c530641b522645428c3923269a6fd07a 8b64524b50e44e5fac89890a2ead503a - - default default] Successfully bumped revision number for resource 5d26ba37-e213-4bf4-ba2d-9139cf490f94 (type: ports) to 1
2026-05-09 14:06:14.148 9 INFO neutron.wsgi [None req-e3004953-ebf0-498f-9a23-c2b6a353eb72 1132baee69bd40f3af0fc5b19a059844 b25ca9a5fd0146bda01cf2821a6e4734 - - default default] 10.0.0.184 "GET /v2.0/subnets/f300c3bc-8a47-4e20-a5f8-f1466a8baa48 HTTP/1.1" status: 200 len: 843 time: 0.0285671
2026-05-09 14:06:14.159 10 INFO neutron.wsgi [None req-e30f5ddb-c023-4e63-99c9-5ee606a5d9d1 c530641b522645428c3923269a6fd07a 8b64524b50e44e5fac89890a2ead503a - - default default] 10.0.0.184 "POST /v2.0/ports HTTP/1.1" status: 201 len: 942 time: 0.3903270 /var/lib/openstack/lib/python3.10/site-packages/pycadf/identifier.py:71: UserWarning: Invalid uuid: neutron. To ensure interoperability, identifiers should be a valid uuid. warnings.warn(('Invalid uuid: %s. To ensure interoperability, '
2026-05-09 14:06:14.166 9 INFO neutron.pecan_wsgi.hooks.translation [None req-fd43027e-498d-4e26-8d1d-8065122c5c28 1132baee69bd40f3af0fc5b19a059844 b25ca9a5fd0146bda01cf2821a6e4734 - - default default] DELETE failed (client error): The resource could not be found.
2026-05-09 14:06:14.168 10 WARNING neutron_lib.context [None req-43867a8a-3998-4f2b-bddd-0dcec535d6c3 c530641b522645428c3923269a6fd07a 8b64524b50e44e5fac89890a2ead503a - - default default] Method 'is_advsvc' is deprecated since 2023.2 release (neutron-lib 3.8.0) and will be removed once support for the old RBAC API policies will be removed from Neutron. Please use method 'is_service_role' instead.
2026-05-09 14:06:14.169 9 INFO neutron.wsgi [None req-fd43027e-498d-4e26-8d1d-8065122c5c28 1132baee69bd40f3af0fc5b19a059844 b25ca9a5fd0146bda01cf2821a6e4734 - - default default] 10.0.0.184 "DELETE /v2.0/subnets/7a31c8d8-88dc-47ec-a962-2f861e5e132a HTTP/1.1" status: 404 len: 337 time: 0.0148520
2026-05-09 14:06:14.182 9 INFO neutron.pecan_wsgi.hooks.translation [None req-b76da8c9-c129-4b57-a6bf-bcbfa51be809 1132baee69bd40f3af0fc5b19a059844 b25ca9a5fd0146bda01cf2821a6e4734 - - default default] DELETE failed (client error): The resource could not be found.
2026-05-09 14:06:14.184 9 INFO neutron.wsgi [None req-b76da8c9-c129-4b57-a6bf-bcbfa51be809 1132baee69bd40f3af0fc5b19a059844 b25ca9a5fd0146bda01cf2821a6e4734 - - default default] 10.0.0.184 "DELETE /v2.0/networks/de8c4cec-80e8-40f7-b14b-74f0cd742758 HTTP/1.1" status: 404 len: 339 time: 0.0124533
2026-05-09 14:06:14.248 10 INFO neutron.db.segments_db [None req-43867a8a-3998-4f2b-bddd-0dcec535d6c3 c530641b522645428c3923269a6fd07a 8b64524b50e44e5fac89890a2ead503a - - default default] Added segment 79cab91f-0c4f-42ba-a5c4-1f1820323864 of type geneve for network 5ec57ed2-5c43-4692-8df3-1524c80b2a69
2026-05-09 14:06:14.358 9 INFO neutron.wsgi [None req-6db6b348-5c5c-488b-a188-15fc51c2c6a2 1132baee69bd40f3af0fc5b19a059844 b25ca9a5fd0146bda01cf2821a6e4734 - - default default] 10.0.0.184 "DELETE /v2.0/subnets/f300c3bc-8a47-4e20-a5f8-f1466a8baa48 HTTP/1.1" status: 204 len: 168 time: 0.1688335
2026-05-09 14:06:14.384 10 INFO neutron.db.ovn_revision_numbers_db [None req-43867a8a-3998-4f2b-bddd-0dcec535d6c3 c530641b522645428c3923269a6fd07a 8b64524b50e44e5fac89890a2ead503a - - default default] Successfully bumped revision number for resource 5ec57ed2-5c43-4692-8df3-1524c80b2a69 (type: networks) to 1
2026-05-09 14:06:14.554 10 WARNING neutron.scheduler.dhcp_agent_scheduler [None req-43867a8a-3998-4f2b-bddd-0dcec535d6c3 c530641b522645428c3923269a6fd07a 8b64524b50e44e5fac89890a2ead503a - - default default] No more DHCP agents
2026-05-09 14:06:14.556 10 WARNING neutron.api.rpc.agentnotifiers.dhcp_rpc_agent_api [None req-43867a8a-3998-4f2b-bddd-0dcec535d6c3 c530641b522645428c3923269a6fd07a 8b64524b50e44e5fac89890a2ead503a - - default default] Unable to schedule network 5ec57ed2-5c43-4692-8df3-1524c80b2a69: no agents available; will retry on subsequent port and subnet creation events.
2026-05-09 14:06:14.625 10 INFO neutron.db.ovn_revision_numbers_db [None req-43867a8a-3998-4f2b-bddd-0dcec535d6c3 c530641b522645428c3923269a6fd07a 8b64524b50e44e5fac89890a2ead503a - - default default] Successfully bumped revision number for resource 264071fe-6722-4cd6-95f1-79acbeaf9866 (type: ports) to 1
2026-05-09 14:06:14.647 10 INFO neutron.wsgi [None req-43867a8a-3998-4f2b-bddd-0dcec535d6c3 c530641b522645428c3923269a6fd07a 8b64524b50e44e5fac89890a2ead503a - - default default] 10.0.0.184 "POST /v2.0/networks HTTP/1.1" status: 201 len: 831 time: 0.4833188
2026-05-09 14:06:14.657 9 WARNING neutron_lib.context [None req-c2be1d8e-8d38-4441-8c4a-21711a8a61eb c530641b522645428c3923269a6fd07a 8b64524b50e44e5fac89890a2ead503a - - default default] Method 'is_advsvc' is deprecated since 2023.2 release (neutron-lib 3.8.0) and will be removed once support for the old RBAC API policies will be removed from Neutron. Please use method 'is_service_role' instead.
2026-05-09 14:06:14.836 9 INFO neutron.wsgi [None req-fbc083e1-d5e0-4beb-8484-71a9acf469f3 1132baee69bd40f3af0fc5b19a059844 b25ca9a5fd0146bda01cf2821a6e4734 - - default default] 10.0.0.184 "DELETE /v2.0/networks/efad4478-1569-4e93-84f1-494786af8571 HTTP/1.1" status: 204 len: 168 time: 0.4728055
2026-05-09 14:06:14.885 10 WARNING neutron_lib.context [None req-a3be0ff9-f6f4-4eb1-8ab7-6d912676b7b1 395bd1aeee6b4d0ba5742d9c5de6fb24 af5efc7fff9e4ce1993b9db428f3517f - - default default] Method 'is_advsvc' is deprecated since 2023.2 release (neutron-lib 3.8.0) and will be removed once support for the old RBAC API policies will be removed from Neutron. Please use method 'is_service_role' instead.
2026-05-09 14:06:14.964 9 WARNING neutron.scheduler.dhcp_agent_scheduler [None req-c2be1d8e-8d38-4441-8c4a-21711a8a61eb c530641b522645428c3923269a6fd07a 8b64524b50e44e5fac89890a2ead503a - - default default] No more DHCP agents
2026-05-09 14:06:14.967 9 WARNING neutron.api.rpc.agentnotifiers.dhcp_rpc_agent_api [None req-c2be1d8e-8d38-4441-8c4a-21711a8a61eb c530641b522645428c3923269a6fd07a 8b64524b50e44e5fac89890a2ead503a - - default default] Unable to schedule network 5ec57ed2-5c43-4692-8df3-1524c80b2a69: no agents available; will retry on subsequent port and subnet creation events.
2026-05-09 14:06:15.010 10 INFO neutron.db.ovn_revision_numbers_db [None req-a3be0ff9-f6f4-4eb1-8ab7-6d912676b7b1 395bd1aeee6b4d0ba5742d9c5de6fb24 af5efc7fff9e4ce1993b9db428f3517f - - default default] Successfully bumped revision number for resource 582fdf5f-d966-4413-a7e4-d31abd310e68 (type: routers) to 1
2026-05-09 14:06:15.033 10 INFO neutron.wsgi [None req-a3be0ff9-f6f4-4eb1-8ab7-6d912676b7b1 395bd1aeee6b4d0ba5742d9c5de6fb24 af5efc7fff9e4ce1993b9db428f3517f - - default default] 10.0.0.184 "POST /v2.0/routers HTTP/1.1" status: 201 len: 769 time: 0.3850121 /var/lib/openstack/lib/python3.10/site-packages/pycadf/identifier.py:71: UserWarning: Invalid uuid: neutron. To ensure interoperability, identifiers should be a valid uuid. warnings.warn(('Invalid uuid: %s. To ensure interoperability, '
2026-05-09 14:06:15.042 9 WARNING neutron_lib.context [None req-e0d1641e-0bfc-49a9-b02c-bb3a4918b111 395bd1aeee6b4d0ba5742d9c5de6fb24 af5efc7fff9e4ce1993b9db428f3517f - - default default] Method 'is_advsvc' is deprecated since 2023.2 release (neutron-lib 3.8.0) and will be removed once support for the old RBAC API policies will be removed from Neutron. Please use method 'is_service_role' instead.
2026-05-09 14:06:15.060 9 INFO neutron.db.ovn_revision_numbers_db [None req-c2be1d8e-8d38-4441-8c4a-21711a8a61eb c530641b522645428c3923269a6fd07a 8b64524b50e44e5fac89890a2ead503a - - default default] Successfully bumped revision number for resource fa818435-f650-4b7d-8aad-34afd160f7a2 (type: ports) to 1
2026-05-09 14:06:15.089 9 INFO neutron.wsgi [None req-c2be1d8e-8d38-4441-8c4a-21711a8a61eb c530641b522645428c3923269a6fd07a 8b64524b50e44e5fac89890a2ead503a - - default default] 10.0.0.184 "POST /v2.0/ports HTTP/1.1" status: 201 len: 942 time: 0.4381478
2026-05-09 14:06:15.098 10 WARNING neutron_lib.context [None req-3f0e352f-f699-4d83-ac52-bcb48718d676 c530641b522645428c3923269a6fd07a 8b64524b50e44e5fac89890a2ead503a - - default default] Method 'is_advsvc' is deprecated since 2023.2 release (neutron-lib 3.8.0) and will be removed once support for the old RBAC API policies will be removed from Neutron. Please use method 'is_service_role' instead.
2026-05-09 14:06:15.182 9 INFO neutron.db.ovn_revision_numbers_db [None req-e0d1641e-0bfc-49a9-b02c-bb3a4918b111 395bd1aeee6b4d0ba5742d9c5de6fb24 af5efc7fff9e4ce1993b9db428f3517f - - default default] Successfully bumped revision number for resource 4a686190-e7e4-438a-b89a-5ef60e64026b (type: routers) to 1
2026-05-09 14:06:15.189 10 INFO neutron.db.segments_db [None req-3f0e352f-f699-4d83-ac52-bcb48718d676 c530641b522645428c3923269a6fd07a 8b64524b50e44e5fac89890a2ead503a - - default default] Added segment d7d90ec6-55a0-4f45-aebe-b895ee87d40a of type geneve for network 70ed9268-7251-48a1-a2cd-4b11df398821
2026-05-09 14:06:15.197 9 INFO neutron.wsgi [None req-e0d1641e-0bfc-49a9-b02c-bb3a4918b111 395bd1aeee6b4d0ba5742d9c5de6fb24 af5efc7fff9e4ce1993b9db428f3517f - - default default] 10.0.0.184 "POST /v2.0/routers HTTP/1.1" status: 201 len: 769 time: 0.1595113
2026-05-09 14:06:15.206 9 WARNING neutron_lib.context [None req-ee205e1a-91f2-4f16-b389-d13e627dbcf0 395bd1aeee6b4d0ba5742d9c5de6fb24 af5efc7fff9e4ce1993b9db428f3517f - - default default] Method 'is_advsvc' is deprecated since 2023.2 release (neutron-lib 3.8.0) and will be removed once support for the old RBAC API policies will be removed from Neutron. Please use method 'is_service_role' instead.
2026-05-09 14:06:15.347 10 INFO neutron.db.ovn_revision_numbers_db [None req-3f0e352f-f699-4d83-ac52-bcb48718d676 c530641b522645428c3923269a6fd07a 8b64524b50e44e5fac89890a2ead503a - - default default] Successfully bumped revision number for resource 70ed9268-7251-48a1-a2cd-4b11df398821 (type: networks) to 1
2026-05-09 14:06:15.350 9 INFO neutron.db.ovn_revision_numbers_db [None req-ee205e1a-91f2-4f16-b389-d13e627dbcf0 395bd1aeee6b4d0ba5742d9c5de6fb24 af5efc7fff9e4ce1993b9db428f3517f - - default default] Successfully bumped revision number for resource 0c1db483-69a3-44bd-8de4-26a195628269 (type: routers) to 1
2026-05-09 14:06:15.379 9 INFO neutron.wsgi [None req-ee205e1a-91f2-4f16-b389-d13e627dbcf0 395bd1aeee6b4d0ba5742d9c5de6fb24 af5efc7fff9e4ce1993b9db428f3517f - - default default] 10.0.0.184 "POST /v2.0/routers HTTP/1.1" status: 201 len: 769 time: 0.1774831
2026-05-09 14:06:15.394 10 WARNING neutron_lib.context [None req-e85ba5bd-97eb-4e7e-8690-e773e78454a1 395bd1aeee6b4d0ba5742d9c5de6fb24 af5efc7fff9e4ce1993b9db428f3517f - - default default] Method 'is_advsvc' is deprecated since 2023.2 release (neutron-lib 3.8.0) and will be removed once support for the old RBAC API policies will be removed from Neutron. Please use method 'is_service_role' instead.
2026-05-09 14:06:15.558 10 INFO neutron.db.ovn_revision_numbers_db [None req-e85ba5bd-97eb-4e7e-8690-e773e78454a1 395bd1aeee6b4d0ba5742d9c5de6fb24 af5efc7fff9e4ce1993b9db428f3517f - - default default] Successfully bumped revision number for resource 0ed843b6-fcca-4d51-9dee-e879764948b0 (type: routers) to 1
2026-05-09 14:06:15.571 10 INFO neutron.wsgi [None req-68f9b299-a877-44a9-9843-5d0ddfd8bd2c 753280bc916d47ae887db1fab82e6bd2 eee0c6a25d6a4e0380da27db6e0b54a5 - - default default] 10.0.0.184 "GET /v2.0/security-groups?tenant_id=b25ca9a5fd0146bda01cf2821a6e4734&name=default HTTP/1.1" status: 200 len: 3120 time: 0.2436392
2026-05-09 14:06:15.579 10 INFO neutron.wsgi [None req-e85ba5bd-97eb-4e7e-8690-e773e78454a1 395bd1aeee6b4d0ba5742d9c5de6fb24 af5efc7fff9e4ce1993b9db428f3517f - - default default] 10.0.0.184 "POST /v2.0/routers HTTP/1.1" status: 201 len: 769 time: 0.1927652
2026-05-09 14:06:15.590 9 WARNING neutron_lib.context [None req-4aef83f7-4fe3-46eb-9654-9e8839e79727 395bd1aeee6b4d0ba5742d9c5de6fb24 af5efc7fff9e4ce1993b9db428f3517f - - default default] Method 'is_advsvc' is deprecated since 2023.2 release (neutron-lib 3.8.0) and will be removed once support for the old RBAC API policies will be removed from Neutron. Please use method 'is_service_role' instead.
2026-05-09 14:06:15.597 10 WARNING neutron.scheduler.dhcp_agent_scheduler [None req-3f0e352f-f699-4d83-ac52-bcb48718d676 c530641b522645428c3923269a6fd07a 8b64524b50e44e5fac89890a2ead503a - - default default] No more DHCP agents
2026-05-09 14:06:15.599 10 WARNING neutron.api.rpc.agentnotifiers.dhcp_rpc_agent_api [None req-3f0e352f-f699-4d83-ac52-bcb48718d676 c530641b522645428c3923269a6fd07a 8b64524b50e44e5fac89890a2ead503a - - default default] Unable to schedule network 70ed9268-7251-48a1-a2cd-4b11df398821: no agents available; will retry on subsequent port and subnet creation events.
2026-05-09 14:06:15.680 10 INFO neutron.db.ovn_revision_numbers_db [None req-3f0e352f-f699-4d83-ac52-bcb48718d676 c530641b522645428c3923269a6fd07a 8b64524b50e44e5fac89890a2ead503a - - default default] Successfully bumped revision number for resource ede579e4-d7a8-4a18-9039-085c3fbce5c9 (type: ports) to 1
2026-05-09 14:06:15.700 10 INFO neutron.wsgi [None req-3f0e352f-f699-4d83-ac52-bcb48718d676 c530641b522645428c3923269a6fd07a 8b64524b50e44e5fac89890a2ead503a - - default default] 10.0.0.184 "POST /v2.0/networks HTTP/1.1" status: 201 len: 830 time: 0.6065214
2026-05-09 14:06:15.709 10 WARNING neutron_lib.context [None req-87dccc64-1d7e-4b47-8e41-d25b4963cdfd c530641b522645428c3923269a6fd07a 8b64524b50e44e5fac89890a2ead503a - - default default] Method 'is_advsvc' is deprecated since 2023.2 release (neutron-lib 3.8.0) and will be removed once support for the old RBAC API policies will be removed from Neutron. Please use method 'is_service_role' instead.
2026-05-09 14:06:15.723 9 INFO neutron.services.segments.plugin [-] Segment 28b89448-3d63-49c8-8cfb-1a393d480045 resource provider aggregate not found
2026-05-09 14:06:15.731 9 INFO neutron.services.segments.plugin [-] Segment 28b89448-3d63-49c8-8cfb-1a393d480045 resource provider aggregate not found
2026-05-09 14:06:15.735 9 INFO neutron.db.ovn_revision_numbers_db [None req-4aef83f7-4fe3-46eb-9654-9e8839e79727 395bd1aeee6b4d0ba5742d9c5de6fb24 af5efc7fff9e4ce1993b9db428f3517f - - default default] Successfully bumped revision number for resource b1b13dde-8a5f-4e41-953a-97363fe1fec4 (type: routers) to 1
2026-05-09 14:06:15.750 9 INFO neutron.services.segments.plugin [-] Segment 28b89448-3d63-49c8-8cfb-1a393d480045 resource provider not found; error: Placement Client Error (4xx): {"errors": [{"status": 404, "title": "Not Found", "detail": "The resource could not be found.\n\n No resource provider with uuid 28b89448-3d63-49c8-8cfb-1a393d480045 found for delete ", "request_id": "req-5ee10503-0318-4f51-8109-e344c3e34570"}]}
2026-05-09 14:06:15.752 9 INFO neutron.services.segments.plugin [-] Segment 28b89448-3d63-49c8-8cfb-1a393d480045 resource provider not found; error: Placement Client Error (4xx): {"errors": [{"status": 404, "title": "Not Found", "detail": "The resource could not be found.\n\n No resource provider with uuid 28b89448-3d63-49c8-8cfb-1a393d480045 found for delete ", "request_id": "req-824c52f2-21c3-4816-98bd-7bf9d18aaa0b"}]}
2026-05-09 14:06:15.761 9 INFO neutron.wsgi [None req-4aef83f7-4fe3-46eb-9654-9e8839e79727 395bd1aeee6b4d0ba5742d9c5de6fb24 af5efc7fff9e4ce1993b9db428f3517f - - default default] 10.0.0.184 "POST /v2.0/routers HTTP/1.1" status: 201 len: 769 time: 0.1751833
2026-05-09 14:06:15.850 10 INFO neutron.wsgi [None req-325e73dc-d168-4a27-871d-44eddbeed948 395bd1aeee6b4d0ba5742d9c5de6fb24 af5efc7fff9e4ce1993b9db428f3517f - - default default] 10.0.0.184 "PUT /v2.0/routers/582fdf5f-d966-4413-a7e4-d31abd310e68/tags HTTP/1.1" status: 200 len: 210 time: 0.0807750
2026-05-09 14:06:15.870 9 INFO neutron.wsgi [None req-1ae90d71-7c6b-4ab5-af30-7b4ba11f7b1b 753280bc916d47ae887db1fab82e6bd2 eee0c6a25d6a4e0380da27db6e0b54a5 - - default default] 10.0.0.184 "DELETE /v2.0/security-groups/e40d66ed-4534-4e0f-a8f5-4f00c6530dbb HTTP/1.1" status: 204 len: 168 time: 0.2924831
2026-05-09 14:06:15.929 9 INFO neutron.wsgi [None req-a554a2e3-b5db-4d70-b734-70835736bf89 395bd1aeee6b4d0ba5742d9c5de6fb24 af5efc7fff9e4ce1993b9db428f3517f - - default default] 10.0.0.184 "PUT /v2.0/routers/4a686190-e7e4-438a-b89a-5ef60e64026b/tags HTTP/1.1" status: 200 len: 218 time: 0.0715668
2026-05-09 14:06:16.004 9 INFO neutron.wsgi [None req-2201de04-bc32-4b46-b4fd-74a30b2265a0 395bd1aeee6b4d0ba5742d9c5de6fb24 af5efc7fff9e4ce1993b9db428f3517f - - default default] 10.0.0.184 "PUT /v2.0/routers/0c1db483-69a3-44bd-8de4-26a195628269/tags HTTP/1.1" status: 200 len: 227 time: 0.0683520
2026-05-09 14:06:16.004 10 WARNING neutron.scheduler.dhcp_agent_scheduler [None req-87dccc64-1d7e-4b47-8e41-d25b4963cdfd c530641b522645428c3923269a6fd07a 8b64524b50e44e5fac89890a2ead503a - - default default] No more DHCP agents
2026-05-09 14:06:16.008 10 WARNING neutron.api.rpc.agentnotifiers.dhcp_rpc_agent_api [None req-87dccc64-1d7e-4b47-8e41-d25b4963cdfd c530641b522645428c3923269a6fd07a 8b64524b50e44e5fac89890a2ead503a - - default default] Unable to schedule network 70ed9268-7251-48a1-a2cd-4b11df398821: no agents available; will retry on subsequent port and subnet creation events.
2026-05-09 14:06:16.082 9 INFO neutron.wsgi [None req-8254f462-e017-4c69-8e82-b964a8944a79 395bd1aeee6b4d0ba5742d9c5de6fb24 af5efc7fff9e4ce1993b9db428f3517f - - default default] 10.0.0.184 "PUT /v2.0/routers/0ed843b6-fcca-4d51-9dee-e879764948b0/tags HTTP/1.1" status: 200 len: 212 time: 0.0714233
2026-05-09 14:06:16.102 10 INFO neutron.db.ovn_revision_numbers_db [None req-87dccc64-1d7e-4b47-8e41-d25b4963cdfd c530641b522645428c3923269a6fd07a 8b64524b50e44e5fac89890a2ead503a - - default default] Successfully bumped revision number for resource 6df1992b-4b27-46c9-95cb-15db9b59aa53 (type: ports) to 1
2026-05-09 14:06:16.128 10 INFO neutron.wsgi [None req-87dccc64-1d7e-4b47-8e41-d25b4963cdfd c530641b522645428c3923269a6fd07a 8b64524b50e44e5fac89890a2ead503a - - default default] 10.0.0.184 "POST /v2.0/ports HTTP/1.1" status: 201 len: 942 time: 0.4230146 /var/lib/openstack/lib/python3.10/site-packages/pycadf/identifier.py:71: UserWarning: Invalid uuid: neutron. To ensure interoperability, identifiers should be a valid uuid. warnings.warn(('Invalid uuid: %s. To ensure interoperability, '
2026-05-09 14:06:16.138 10 WARNING neutron_lib.context [None req-760ff2f7-19a4-4870-800d-6566ebdc26be c530641b522645428c3923269a6fd07a 8b64524b50e44e5fac89890a2ead503a - - default default] Method 'is_advsvc' is deprecated since 2023.2 release (neutron-lib 3.8.0) and will be removed once support for the old RBAC API policies will be removed from Neutron. Please use method 'is_service_role' instead.
2026-05-09 14:06:16.196 9 INFO neutron.wsgi [None req-7bf444b9-ae31-4623-b490-86464df69e17 395bd1aeee6b4d0ba5742d9c5de6fb24 af5efc7fff9e4ce1993b9db428f3517f - - default default] 10.0.0.184 "GET /v2.0/routers?tags=red HTTP/1.1" status: 200 len: 1946 time: 0.1096981
2026-05-09 14:06:16.272 10 INFO neutron.db.segments_db [None req-760ff2f7-19a4-4870-800d-6566ebdc26be c530641b522645428c3923269a6fd07a 8b64524b50e44e5fac89890a2ead503a - - default default] Added segment 4164e6c8-c187-45b5-8d5c-b0eba6944686 of type geneve for network c93c1ada-accd-4993-93cb-c8b293ea8632
2026-05-09 14:06:16.304 10 INFO neutron.wsgi [None req-ad3af12f-0a38-4294-ba22-e806a75a922d 395bd1aeee6b4d0ba5742d9c5de6fb24 af5efc7fff9e4ce1993b9db428f3517f - - default default] 10.0.0.184 "GET /v2.0/routers?tags=red%2Cblue HTTP/1.1" status: 200 len: 1375 time: 0.1020553
2026-05-09 14:06:16.393 9 INFO neutron.wsgi [None req-86ecf03c-e2ff-43c3-b505-436ccfbf6e98 395bd1aeee6b4d0ba5742d9c5de6fb24 af5efc7fff9e4ce1993b9db428f3517f - - default default] 10.0.0.184 "GET /v2.0/routers?tags-any=blue HTTP/1.1" status: 200 len: 1375 time: 0.0825119
2026-05-09 14:06:16.436 10 INFO neutron.db.ovn_revision_numbers_db [None req-760ff2f7-19a4-4870-800d-6566ebdc26be c530641b522645428c3923269a6fd07a 8b64524b50e44e5fac89890a2ead503a - - default default] Successfully bumped revision number for resource c93c1ada-accd-4993-93cb-c8b293ea8632 (type: networks) to 1
2026-05-09 14:06:16.460 9 INFO neutron.wsgi [None req-5f49bb69-8862-43f0-99d9-4480294de56d 395bd1aeee6b4d0ba5742d9c5de6fb24 af5efc7fff9e4ce1993b9db428f3517f - - default default] 10.0.0.184 "GET /v2.0/routers?tags-any=red%2Cblue HTTP/1.1" status: 200 len: 1946 time: 0.0557430
2026-05-09 14:06:16.542 9 INFO neutron.wsgi [None req-e6bd5b31-37a4-4731-947a-8c745d129983 395bd1aeee6b4d0ba5742d9c5de6fb24 af5efc7fff9e4ce1993b9db428f3517f - - default default] 10.0.0.184 "GET /v2.0/routers?not-tags=red HTTP/1.1" status: 200 len: 1347 time: 0.0772309
2026-05-09 14:06:16.647 10 WARNING neutron.scheduler.dhcp_agent_scheduler [None req-760ff2f7-19a4-4870-800d-6566ebdc26be c530641b522645428c3923269a6fd07a 8b64524b50e44e5fac89890a2ead503a - - default default] No more DHCP agents
2026-05-09 14:06:16.649 10 WARNING neutron.api.rpc.agentnotifiers.dhcp_rpc_agent_api [None req-760ff2f7-19a4-4870-800d-6566ebdc26be c530641b522645428c3923269a6fd07a 8b64524b50e44e5fac89890a2ead503a - - default default] Unable to schedule network c93c1ada-accd-4993-93cb-c8b293ea8632: no agents available; will retry on subsequent port and subnet creation events.
2026-05-09 14:06:16.738 10 INFO neutron.db.ovn_revision_numbers_db [None req-760ff2f7-19a4-4870-800d-6566ebdc26be c530641b522645428c3923269a6fd07a 8b64524b50e44e5fac89890a2ead503a - - default default] Successfully bumped revision number for resource 4f1273cc-92aa-4297-a4f2-fedf2a25cdac (type: ports) to 1
2026-05-09 14:06:16.760 10 INFO neutron.wsgi [None req-760ff2f7-19a4-4870-800d-6566ebdc26be c530641b522645428c3923269a6fd07a 8b64524b50e44e5fac89890a2ead503a - - default default] 10.0.0.184 "POST /v2.0/networks HTTP/1.1" status: 201 len: 830 time: 0.6272144
2026-05-09 14:06:16.773 10 WARNING neutron_lib.context [None req-798ac493-353c-4ae7-a444-c0995968a3ea c530641b522645428c3923269a6fd07a 8b64524b50e44e5fac89890a2ead503a - - default default] Method 'is_advsvc' is deprecated since 2023.2 release (neutron-lib 3.8.0) and will be removed once support for the old RBAC API policies will be removed from Neutron. Please use method 'is_service_role' instead.
2026-05-09 14:06:16.858 9 INFO neutron.wsgi [None req-77b46b1f-b9e4-4e2d-93bc-5108162c0fc3 395bd1aeee6b4d0ba5742d9c5de6fb24 af5efc7fff9e4ce1993b9db428f3517f - - default default] 10.0.0.184 "GET /v2.0/routers?not-tags=red%2Cblue HTTP/1.1" status: 200 len: 1918 time: 0.3109870
2026-05-09 14:06:16.936 9 INFO neutron.wsgi [None req-dbe9da4a-cf72-4c46-b50f-d960269b51ae 395bd1aeee6b4d0ba5742d9c5de6fb24 af5efc7fff9e4ce1993b9db428f3517f - - default default] 10.0.0.184 "GET /v2.0/routers?not-tags-any=blue HTTP/1.1" status: 200 len: 1918 time: 0.0713940
2026-05-09 14:06:17.001 9 INFO neutron.wsgi [None req-9c6c3a50-5cce-4377-ae26-36e53d6a61f7 395bd1aeee6b4d0ba5742d9c5de6fb24 af5efc7fff9e4ce1993b9db428f3517f - - default default] 10.0.0.184 "GET /v2.0/routers?not-tags-any=red%2Cblue HTTP/1.1" status: 200 len: 1347 time: 0.0589156
2026-05-09 14:06:17.029 10 WARNING neutron.scheduler.dhcp_agent_scheduler [None req-798ac493-353c-4ae7-a444-c0995968a3ea c530641b522645428c3923269a6fd07a 8b64524b50e44e5fac89890a2ead503a - - default default] No more DHCP agents
2026-05-09 14:06:17.032 10 WARNING neutron.api.rpc.agentnotifiers.dhcp_rpc_agent_api [None req-798ac493-353c-4ae7-a444-c0995968a3ea c530641b522645428c3923269a6fd07a 8b64524b50e44e5fac89890a2ead503a - - default default] Unable to schedule network c93c1ada-accd-4993-93cb-c8b293ea8632: no agents available; will retry on subsequent port and subnet creation events.
2026-05-09 14:06:17.061 9 INFO neutron.wsgi [None req-67d43dcb-7ec2-4bfc-8fd0-7319554683dc 395bd1aeee6b4d0ba5742d9c5de6fb24 af5efc7fff9e4ce1993b9db428f3517f - - default default] 10.0.0.184 "GET /v2.0/routers/582fdf5f-d966-4413-a7e4-d31abd310e68 HTTP/1.1" status: 200 len: 775 time: 0.0522637
2026-05-09 14:06:17.115 10 INFO neutron.db.ovn_revision_numbers_db [None req-798ac493-353c-4ae7-a444-c0995968a3ea c530641b522645428c3923269a6fd07a 8b64524b50e44e5fac89890a2ead503a - - default default] Successfully bumped revision number for resource be0201e4-7d85-419e-9b4c-6c77715cc278 (type: ports) to 1
2026-05-09 14:06:17.139 10 INFO neutron.wsgi [None req-798ac493-353c-4ae7-a444-c0995968a3ea c530641b522645428c3923269a6fd07a 8b64524b50e44e5fac89890a2ead503a - - default default] 10.0.0.184 "POST /v2.0/ports HTTP/1.1" status: 201 len: 942 time: 0.3725057 /var/lib/openstack/lib/python3.10/site-packages/pycadf/identifier.py:71: UserWarning: Invalid uuid: neutron. To ensure interoperability, identifiers should be a valid uuid. warnings.warn(('Invalid uuid: %s. To ensure interoperability, '
2026-05-09 14:06:17.189 10 INFO neutron.wsgi [None req-24964f1f-b901-449d-af37-6f30c4122312 c530641b522645428c3923269a6fd07a 8b64524b50e44e5fac89890a2ead503a - - default default] 10.0.0.184 "PUT /v2.0/ports/2785f17e-cee9-49e7-8c51-b0550f68c4c3/tags HTTP/1.1" status: 200 len: 210 time: 0.0416937
2026-05-09 14:06:17.242 10 INFO neutron.wsgi [None req-2ea6ce8d-4193-4d23-a613-f488b4f8fac9 c530641b522645428c3923269a6fd07a 8b64524b50e44e5fac89890a2ead503a - - default default] 10.0.0.184 "PUT /v2.0/ports/5d26ba37-e213-4bf4-ba2d-9139cf490f94/tags HTTP/1.1" status: 200 len: 218 time: 0.0481029
2026-05-09 14:06:17.292 10 INFO neutron.wsgi [None req-b8cc0a6d-fdf2-4424-b158-4a3b11a11e4f c530641b522645428c3923269a6fd07a 8b64524b50e44e5fac89890a2ead503a - - default default] 10.0.0.184 "PUT /v2.0/ports/fa818435-f650-4b7d-8aad-34afd160f7a2/tags HTTP/1.1" status: 200 len: 227 time: 0.0437851
2026-05-09 14:06:17.334 10 INFO neutron.wsgi [None req-f16e4c8f-1b4d-46b1-bedd-dd5475fdfced c530641b522645428c3923269a6fd07a 8b64524b50e44e5fac89890a2ead503a - - default default] 10.0.0.184 "PUT /v2.0/ports/6df1992b-4b27-46c9-95cb-15db9b59aa53/tags HTTP/1.1" status: 200 len: 212 time: 0.0378778
2026-05-09 14:06:17.459 9 INFO neutron.db.ovn_revision_numbers_db [None req-066f6197-93bc-4af4-a461-2082373fa727 395bd1aeee6b4d0ba5742d9c5de6fb24 af5efc7fff9e4ce1993b9db428f3517f - - default default] Successfully bumped revision number for resource 582fdf5f-d966-4413-a7e4-d31abd310e68 (type: routers) to 2
2026-05-09 14:06:17.465 9 INFO neutron.wsgi [None req-066f6197-93bc-4af4-a461-2082373fa727 395bd1aeee6b4d0ba5742d9c5de6fb24 af5efc7fff9e4ce1993b9db428f3517f - - default default] 10.0.0.184 "PUT /v2.0/routers/582fdf5f-d966-4413-a7e4-d31abd310e68 HTTP/1.1" status: 200 len: 775 time: 0.3983114
2026-05-09 14:06:17.492 10 INFO neutron.wsgi [None req-411dc43a-140a-49e3-a609-0bbc1121faaa 395bd1aeee6b4d0ba5742d9c5de6fb24 af5efc7fff9e4ce1993b9db428f3517f - - default default] 10.0.0.184 "GET /v2.0/ports?device_id=582fdf5f-d966-4413-a7e4-d31abd310e68 HTTP/1.1" status: 200 len: 205 time: 0.0236366
2026-05-09 14:06:17.508 10 INFO neutron.wsgi [None req-5be7796e-1f95-4796-93af-58dcdfd30aa7 c530641b522645428c3923269a6fd07a 8b64524b50e44e5fac89890a2ead503a - - default default] 10.0.0.184 "GET /v2.0/ports?tags=red HTTP/1.1" status: 200 len: 2448 time: 0.1676025
2026-05-09 14:06:17.642 9 INFO neutron.wsgi [None req-dba0186a-e8a6-410e-929f-13b547474f14 c530641b522645428c3923269a6fd07a 8b64524b50e44e5fac89890a2ead503a - - default default] 10.0.0.184 "GET /v2.0/ports?tags=red%2Cblue HTTP/1.1" status: 200 len: 1708 time: 0.1304517
2026-05-09 14:06:17.988 10 INFO neutron.wsgi [None req-f6c9f60e-6b88-4430-b090-ee356a2b7662 c530641b522645428c3923269a6fd07a 8b64524b50e44e5fac89890a2ead503a - - default default] 10.0.0.184 "GET /v2.0/ports?tags-any=blue HTTP/1.1" status: 200 len: 1708 time: 0.3310413
2026-05-09 14:06:17.989 9 WARNING neutron_lib.context [None req-bcb81230-c55a-46cb-958e-ad10eea9b298 9849713fb77a4d3e85e6bbd9a8bb9152 878b8d606a5f498892134bba5090eb66 - - default default] Method 'is_advsvc' is deprecated since 2023.2 release (neutron-lib 3.8.0) and will be removed once support for the old RBAC API policies will be removed from Neutron. Please use method 'is_service_role' instead.
2026-05-09 14:06:18.014 10 INFO neutron.wsgi [None req-c4ba4977-7462-4a2f-ad39-7cd2b6612622 395bd1aeee6b4d0ba5742d9c5de6fb24 af5efc7fff9e4ce1993b9db428f3517f - - default default] 10.0.0.184 "DELETE /v2.0/routers/582fdf5f-d966-4413-a7e4-d31abd310e68 HTTP/1.1" status: 204 len: 168 time: 0.5194421
2026-05-09 14:06:18.066 10 INFO neutron.wsgi [None req-3f1b03db-de88-462a-84b7-f2d3137886c1 395bd1aeee6b4d0ba5742d9c5de6fb24 af5efc7fff9e4ce1993b9db428f3517f - - default default] 10.0.0.184 "GET /v2.0/routers/4a686190-e7e4-438a-b89a-5ef60e64026b HTTP/1.1" status: 200 len: 783 time: 0.0476937
2026-05-09 14:06:18.128 9 INFO neutron.wsgi [None req-3b5eb00c-25f8-4576-a011-447a01e310d4 c530641b522645428c3923269a6fd07a 8b64524b50e44e5fac89890a2ead503a - - default default] 10.0.0.184 "GET /v2.0/ports?tags-any=red%2Cblue HTTP/1.1" status: 200 len: 2448 time: 0.1334116
2026-05-09 14:06:18.133 9 INFO neutron.db.ovn_revision_numbers_db [None req-0bc35a6f-6f74-4843-a628-7614d18faf8f 753280bc916d47ae887db1fab82e6bd2 eee0c6a25d6a4e0380da27db6e0b54a5 - - default default] Successfully bumped revision number for resource 7a0cf71d-5447-4f03-be5a-f6dfcd38c87b (type: security_groups) to 1
2026-05-09 14:06:18.180 9 INFO neutron.db.ovn_revision_numbers_db [None req-0bc35a6f-6f74-4843-a628-7614d18faf8f 753280bc916d47ae887db1fab82e6bd2 eee0c6a25d6a4e0380da27db6e0b54a5 - - default default] Successfully bumped revision number for resource 180312ba-e008-445a-8943-daefebcfaae9 (type: security_group_rules) to 0
2026-05-09 14:06:18.221 9 INFO neutron.db.ovn_revision_numbers_db [None req-0bc35a6f-6f74-4843-a628-7614d18faf8f 753280bc916d47ae887db1fab82e6bd2 eee0c6a25d6a4e0380da27db6e0b54a5 - - default default] Successfully bumped revision number for resource 33657335-9d97-41a1-9242-d84dae1aabc8 (type: security_group_rules) to 0
2026-05-09 14:06:18.250 9 INFO neutron.db.ovn_revision_numbers_db [None req-0bc35a6f-6f74-4843-a628-7614d18faf8f 753280bc916d47ae887db1fab82e6bd2 eee0c6a25d6a4e0380da27db6e0b54a5 - - default default] Successfully bumped revision number for resource 4e35961b-041f-4985-99b1-830713f29868 (type: security_group_rules) to 0
2026-05-09 14:06:18.276 9 INFO neutron.db.ovn_revision_numbers_db [None req-0bc35a6f-6f74-4843-a628-7614d18faf8f 753280bc916d47ae887db1fab82e6bd2 eee0c6a25d6a4e0380da27db6e0b54a5 - - default default] Successfully bumped revision number for resource 5dfc1879-f773-4bf0-bd6d-cd6819fbb19d (type: security_group_rules) to 0
2026-05-09 14:06:18.304 9 INFO neutron.db.ovn_revision_numbers_db [None req-bcb81230-c55a-46cb-958e-ad10eea9b298 9849713fb77a4d3e85e6bbd9a8bb9152 878b8d606a5f498892134bba5090eb66 - - default default] Successfully bumped revision number for resource b1ab7688-7137-46f6-9306-24e4a33e561b (type: security_groups) to 1
2026-05-09 14:06:18.310 9 INFO neutron.wsgi [None req-0bc35a6f-6f74-4843-a628-7614d18faf8f 753280bc916d47ae887db1fab82e6bd2 eee0c6a25d6a4e0380da27db6e0b54a5 - - default default] 10.0.0.184 "GET /v2.0/security-groups?tenant_id=f6220c93aaa74ec5b226e253ee8d9d39&name=default HTTP/1.1" status: 200 len: 3120 time: 0.5027442
2026-05-09 14:06:18.343 9 INFO neutron.wsgi [None req-704d9572-5d5c-4d34-838c-1014bf4436f5 c530641b522645428c3923269a6fd07a 8b64524b50e44e5fac89890a2ead503a - - default default] 10.0.0.184 "GET /v2.0/ports?not-tags=red HTTP/1.1" status: 200 len: 5463 time: 0.2064850
2026-05-09 14:06:18.367 9 INFO neutron.db.ovn_revision_numbers_db [None req-bcb81230-c55a-46cb-958e-ad10eea9b298 9849713fb77a4d3e85e6bbd9a8bb9152 878b8d606a5f498892134bba5090eb66 - - default default] Successfully bumped revision number for resource 6ecb6f2c-7ecf-4f5c-a4f0-d5a10e7b98a1 (type: security_group_rules) to 0
2026-05-09 14:06:18.407 9 INFO neutron.db.ovn_revision_numbers_db [None req-bcb81230-c55a-46cb-958e-ad10eea9b298 9849713fb77a4d3e85e6bbd9a8bb9152 878b8d606a5f498892134bba5090eb66 - - default default] Successfully bumped revision number for resource 79770276-8796-4ccb-a15d-545ec6836aa8 (type: security_group_rules) to 0
2026-05-09 14:06:18.433 9 INFO neutron.wsgi [None req-d1810cbd-9991-4618-9995-a9e944d98bd8 c530641b522645428c3923269a6fd07a 8b64524b50e44e5fac89890a2ead503a - - default default] 10.0.0.184 "GET /v2.0/ports?not-tags=red%2Cblue HTTP/1.1" status: 200 len: 6203 time: 0.0824294
2026-05-09 14:06:18.465 10 INFO neutron.db.ovn_revision_numbers_db [None req-6b6082c0-e328-4b4e-9811-623edc127f92 395bd1aeee6b4d0ba5742d9c5de6fb24 af5efc7fff9e4ce1993b9db428f3517f - - default default] Successfully bumped revision number for resource 4a686190-e7e4-438a-b89a-5ef60e64026b (type: routers) to 2
2026-05-09 14:06:18.472 10 INFO neutron.wsgi [None req-6b6082c0-e328-4b4e-9811-623edc127f92 395bd1aeee6b4d0ba5742d9c5de6fb24 af5efc7fff9e4ce1993b9db428f3517f - - default default] 10.0.0.184 "PUT /v2.0/routers/4a686190-e7e4-438a-b89a-5ef60e64026b HTTP/1.1" status: 200 len: 783 time: 0.4008219
2026-05-09 14:06:18.473 9 INFO neutron.db.ovn_revision_numbers_db [None req-bcb81230-c55a-46cb-958e-ad10eea9b298 9849713fb77a4d3e85e6bbd9a8bb9152 878b8d606a5f498892134bba5090eb66 - - default default] Successfully bumped revision number for resource 7d7f5fbf-4403-4fe5-ad01-e16b7d865373 (type: security_group_rules) to 0
2026-05-09 14:06:18.497 10 INFO neutron.wsgi [None req-afe6c76c-54a9-45d1-929f-598114645d18 395bd1aeee6b4d0ba5742d9c5de6fb24 af5efc7fff9e4ce1993b9db428f3517f - - default default] 10.0.0.184 "GET /v2.0/ports?device_id=4a686190-e7e4-438a-b89a-5ef60e64026b HTTP/1.1" status: 200 len: 205 time: 0.0197387
2026-05-09 14:06:18.502 9 INFO neutron.db.ovn_revision_numbers_db [None req-bcb81230-c55a-46cb-958e-ad10eea9b298 9849713fb77a4d3e85e6bbd9a8bb9152 878b8d606a5f498892134bba5090eb66 - - default default] Successfully bumped revision number for resource aa5d956b-ffcb-4b00-aa1b-bb8a5aaf0a00 (type: security_group_rules) to 0
2026-05-09 14:06:18.529 9 INFO neutron.wsgi [None req-fb15e93b-1163-4537-8975-6016690b193d c530641b522645428c3923269a6fd07a 8b64524b50e44e5fac89890a2ead503a - - default default] 10.0.0.184 "GET /v2.0/ports?not-tags-any=blue HTTP/1.1" status: 200 len: 6203 time: 0.0903745
2026-05-09 14:06:18.616 9 INFO neutron.wsgi [None req-5e1996ee-0997-4a1d-aa71-2a6e507c21f4 c530641b522645428c3923269a6fd07a 8b64524b50e44e5fac89890a2ead503a - - default default] 10.0.0.184 "GET /v2.0/ports?not-tags-any=red%2Cblue HTTP/1.1" status: 200 len: 5463 time: 0.0788372
2026-05-09 14:06:18.696 9 INFO neutron.db.ovn_revision_numbers_db [None req-bcb81230-c55a-46cb-958e-ad10eea9b298 9849713fb77a4d3e85e6bbd9a8bb9152 878b8d606a5f498892134bba5090eb66 - - default default] Successfully bumped revision number for resource 6f82e0a4-d8fc-4207-b263-dabdd24d0b9a (type: security_groups) to 1
2026-05-09 14:06:18.729 9 INFO neutron.db.ovn_revision_numbers_db [None req-bcb81230-c55a-46cb-958e-ad10eea9b298 9849713fb77a4d3e85e6bbd9a8bb9152 878b8d606a5f498892134bba5090eb66 - - default default] Successfully bumped revision number for resource 80347f3e-3290-4e5c-8ecf-4bc56b50c669 (type: security_group_rules) to 0
2026-05-09 14:06:18.754 9 INFO neutron.db.ovn_revision_numbers_db [None req-bcb81230-c55a-46cb-958e-ad10eea9b298 9849713fb77a4d3e85e6bbd9a8bb9152 878b8d606a5f498892134bba5090eb66 - - default default] Successfully bumped revision number for resource da4dc959-c4e8-409b-b6c8-936838a761c0 (type: security_group_rules) to 0
2026-05-09 14:06:18.779 10 INFO neutron.wsgi [None req-805f6da0-8096-410b-8d93-11a69374c7cf 395bd1aeee6b4d0ba5742d9c5de6fb24 af5efc7fff9e4ce1993b9db428f3517f - - default default] 10.0.0.184 "DELETE /v2.0/routers/4a686190-e7e4-438a-b89a-5ef60e64026b HTTP/1.1" status: 204 len: 168 time: 0.2782862
2026-05-09 14:06:18.790 9 INFO neutron.wsgi [None req-bcb81230-c55a-46cb-958e-ad10eea9b298 9849713fb77a4d3e85e6bbd9a8bb9152 878b8d606a5f498892134bba5090eb66 - - default default] 10.0.0.184 "POST /v2.0/security-groups HTTP/1.1" status: 201 len: 1825 time: 1.0251324
2026-05-09 14:06:18.832 10 INFO neutron.wsgi [None req-4416bb9d-9f5b-4776-844d-dbfbf1400ccc 395bd1aeee6b4d0ba5742d9c5de6fb24 af5efc7fff9e4ce1993b9db428f3517f - - default default] 10.0.0.184 "GET /v2.0/routers/0c1db483-69a3-44bd-8de4-26a195628269 HTTP/1.1" status: 200 len: 792 time: 0.0485792
2026-05-09 14:06:18.863 9 INFO neutron.wsgi [None req-eadf7a6e-1e10-4cbf-b412-9c89752f9e23 9849713fb77a4d3e85e6bbd9a8bb9152 878b8d606a5f498892134bba5090eb66 - - default default] 10.0.0.184 "GET /v2.0/security-groups HTTP/1.1" status: 200 len: 4725 time: 0.0662372
2026-05-09 14:06:18.899 9 INFO neutron.wsgi [None req-96993cdf-b18a-4b75-8009-ca72822b8b16 753280bc916d47ae887db1fab82e6bd2 eee0c6a25d6a4e0380da27db6e0b54a5 - - default default] 10.0.0.184 "DELETE /v2.0/security-groups/7a0cf71d-5447-4f03-be5a-f6dfcd38c87b HTTP/1.1" status: 204 len: 168 time: 0.5822568
2026-05-09 14:06:19.206 9 INFO neutron.db.ovn_revision_numbers_db [None req-62612a76-25ce-4d8d-a5b8-1903a7a98320 9849713fb77a4d3e85e6bbd9a8bb9152 878b8d606a5f498892134bba5090eb66 - - default default] Successfully bumped revision number for resource 6f82e0a4-d8fc-4207-b263-dabdd24d0b9a (type: security_groups) to 2
2026-05-09 14:06:19.209 9 INFO neutron.wsgi [None req-62612a76-25ce-4d8d-a5b8-1903a7a98320 9849713fb77a4d3e85e6bbd9a8bb9152 878b8d606a5f498892134bba5090eb66 - - default default] 10.0.0.184 "PUT /v2.0/security-groups/6f82e0a4-d8fc-4207-b263-dabdd24d0b9a HTTP/1.1" status: 200 len: 1859 time: 0.3413310
2026-05-09 14:06:19.215 9 INFO neutron.wsgi [None req-adba997b-d84c-4347-8832-0b94cc253ae0 c530641b522645428c3923269a6fd07a 8b64524b50e44e5fac89890a2ead503a - - default default] 10.0.0.184 "DELETE /v2.0/ports/2785f17e-cee9-49e7-8c51-b0550f68c4c3 HTTP/1.1" status: 204 len: 168 time: 0.5918293
2026-05-09 14:06:19.255 9 INFO neutron.wsgi [None req-0ccf579c-9930-460c-a079-2ff0de9e704e 9849713fb77a4d3e85e6bbd9a8bb9152 878b8d606a5f498892134bba5090eb66 - - default default] 10.0.0.184 "GET /v2.0/security-groups/6f82e0a4-d8fc-4207-b263-dabdd24d0b9a HTTP/1.1" status: 200 len: 1859 time: 0.0383942
2026-05-09 14:06:19.434 9 INFO neutron.wsgi [None req-13d1bee9-9a37-41c7-9bf6-a20fc4a11fa7 c530641b522645428c3923269a6fd07a 8b64524b50e44e5fac89890a2ead503a - - default default] 10.0.0.184 "DELETE /v2.0/ports/5d26ba37-e213-4bf4-ba2d-9139cf490f94 HTTP/1.1" status: 204 len: 168 time: 0.2109458
2026-05-09 14:06:19.477 10 INFO neutron.db.ovn_revision_numbers_db [None req-6bfa4485-d5e3-40e7-97b1-51123494b69e 753280bc916d47ae887db1fab82e6bd2 eee0c6a25d6a4e0380da27db6e0b54a5 - - default default] Successfully bumped revision number for resource c6d29e61-a850-4edf-91fe-4b38d5cec3c5 (type: security_groups) to 1
2026-05-09 14:06:19.484 10 INFO neutron.db.ovn_revision_numbers_db [None req-0de32b0b-ba65-4172-ad6f-af09f6b4d1e0 395bd1aeee6b4d0ba5742d9c5de6fb24 af5efc7fff9e4ce1993b9db428f3517f - - default default] Successfully bumped revision number for resource 0c1db483-69a3-44bd-8de4-26a195628269 (type: routers) to 2
2026-05-09 14:06:19.489 10 INFO neutron.wsgi [None req-0de32b0b-ba65-4172-ad6f-af09f6b4d1e0 395bd1aeee6b4d0ba5742d9c5de6fb24 af5efc7fff9e4ce1993b9db428f3517f - - default default] 10.0.0.184 "PUT /v2.0/routers/0c1db483-69a3-44bd-8de4-26a195628269 HTTP/1.1" status: 200 len: 792 time: 0.6523113
2026-05-09 14:06:19.500 10 INFO neutron.db.ovn_revision_numbers_db [None req-6bfa4485-d5e3-40e7-97b1-51123494b69e 753280bc916d47ae887db1fab82e6bd2 eee0c6a25d6a4e0380da27db6e0b54a5 - - default default] Successfully bumped revision number for resource 0131a906-f60d-4f68-8f99-aa4b2cda5b56 (type: security_group_rules) to 0
2026-05-09 14:06:19.510 10 INFO neutron.wsgi [None req-8276ccef-e772-49d2-9981-2d3efb80855e 9849713fb77a4d3e85e6bbd9a8bb9152 878b8d606a5f498892134bba5090eb66 - - default default] 10.0.0.184 "DELETE /v2.0/security-groups/6f82e0a4-d8fc-4207-b263-dabdd24d0b9a HTTP/1.1" status: 204 len: 168 time: 0.2491052
2026-05-09 14:06:19.515 10 INFO neutron.wsgi [None req-317c1702-06df-4587-b3ae-df17f4a48d9e 395bd1aeee6b4d0ba5742d9c5de6fb24 af5efc7fff9e4ce1993b9db428f3517f - - default default] 10.0.0.184 "GET /v2.0/ports?device_id=0c1db483-69a3-44bd-8de4-26a195628269 HTTP/1.1" status: 200 len: 205 time: 0.0206838
2026-05-09 14:06:19.524 10 INFO neutron.db.ovn_revision_numbers_db [None req-6bfa4485-d5e3-40e7-97b1-51123494b69e 753280bc916d47ae887db1fab82e6bd2 eee0c6a25d6a4e0380da27db6e0b54a5 - - default default] Successfully bumped revision number for resource 17d767be-14ee-42a3-8ff5-fbe172243779 (type: security_group_rules) to 0
2026-05-09 14:06:19.558 10 INFO neutron.db.ovn_revision_numbers_db [None req-6bfa4485-d5e3-40e7-97b1-51123494b69e 753280bc916d47ae887db1fab82e6bd2 eee0c6a25d6a4e0380da27db6e0b54a5 - - default default] Successfully bumped revision number for resource 2db09f31-67dd-4e4b-8207-72d76408b734 (type: security_group_rules) to 0
2026-05-09 14:06:19.574 9 INFO neutron.wsgi [None req-6d6f731c-d0ab-4f67-a238-9b1798830a0f 9849713fb77a4d3e85e6bbd9a8bb9152 878b8d606a5f498892134bba5090eb66 - - default default] 10.0.0.184 "GET /v2.0/security-groups HTTP/1.1" status: 200 len: 3120 time: 0.0586419
2026-05-09 14:06:19.591 9 INFO neutron.api.v2.resource [None req-ffcdbc64-16fe-4488-8fcf-734cbd680083 9849713fb77a4d3e85e6bbd9a8bb9152 878b8d606a5f498892134bba5090eb66 - - default default] delete failed (client error): The resource could not be found.
2026-05-09 14:06:19.592 9 INFO neutron.wsgi [None req-ffcdbc64-16fe-4488-8fcf-734cbd680083 9849713fb77a4d3e85e6bbd9a8bb9152 878b8d606a5f498892134bba5090eb66 - - default default] 10.0.0.184 "DELETE /v2.0/security-groups/6f82e0a4-d8fc-4207-b263-dabdd24d0b9a HTTP/1.1" status: 404 len: 347 time: 0.0134208
2026-05-09 14:06:19.597 10 INFO neutron.db.ovn_revision_numbers_db [None req-6bfa4485-d5e3-40e7-97b1-51123494b69e 753280bc916d47ae887db1fab82e6bd2 eee0c6a25d6a4e0380da27db6e0b54a5 - - default default] Successfully bumped revision number for resource baeefa8d-7190-4833-be19-28ee592385ee (type: security_group_rules) to 0
2026-05-09 14:06:19.604 9 WARNING neutron_lib.context [None req-a13adeee-cab4-4926-b96f-ec60eedea2c6 9849713fb77a4d3e85e6bbd9a8bb9152 878b8d606a5f498892134bba5090eb66 - - default default] Method 'is_advsvc' is deprecated since 2023.2 release (neutron-lib 3.8.0) and will be removed once support for the old RBAC API policies will be removed from Neutron. Please use method 'is_service_role' instead.
2026-05-09 14:06:19.627 10 INFO neutron.wsgi [None req-6bfa4485-d5e3-40e7-97b1-51123494b69e 753280bc916d47ae887db1fab82e6bd2 eee0c6a25d6a4e0380da27db6e0b54a5 - - default default] 10.0.0.184 "GET /v2.0/security-groups?tenant_id=22c6ae1f236f4bf2b54727d2cc67f904&name=default HTTP/1.1" status: 200 len: 3120 time: 0.6371801
2026-05-09 14:06:19.736 9 INFO neutron.wsgi [None req-880fe4dc-d4b3-436d-b822-853def926a06 c530641b522645428c3923269a6fd07a 8b64524b50e44e5fac89890a2ead503a - - default default] 10.0.0.184 "DELETE /v2.0/ports/fa818435-f650-4b7d-8aad-34afd160f7a2 HTTP/1.1" status: 204 len: 168 time: 0.2964461
2026-05-09 14:06:19.786 10 INFO neutron.wsgi [None req-4bf77ad4-c562-4d0b-b3db-b33d2f59e3b6 395bd1aeee6b4d0ba5742d9c5de6fb24 af5efc7fff9e4ce1993b9db428f3517f - - default default] 10.0.0.184 "DELETE /v2.0/routers/0c1db483-69a3-44bd-8de4-26a195628269 HTTP/1.1" status: 204 len: 168 time: 0.2673955
2026-05-09 14:06:19.787 9 INFO neutron.db.ovn_revision_numbers_db [None req-a13adeee-cab4-4926-b96f-ec60eedea2c6 9849713fb77a4d3e85e6bbd9a8bb9152 878b8d606a5f498892134bba5090eb66 - - default default] Successfully bumped revision number for resource d94c293a-93e4-465f-971f-059e68186be0 (type: security_groups) to 1
2026-05-09 14:06:19.827 9 INFO neutron.db.ovn_revision_numbers_db [None req-a13adeee-cab4-4926-b96f-ec60eedea2c6 9849713fb77a4d3e85e6bbd9a8bb9152 878b8d606a5f498892134bba5090eb66 - - default default] Successfully bumped revision number for resource 16da9720-5362-4845-986b-dceeab99d518 (type: security_group_rules) to 0
2026-05-09 14:06:19.841 9 INFO neutron.db.ovn_revision_numbers_db [None req-a13adeee-cab4-4926-b96f-ec60eedea2c6 9849713fb77a4d3e85e6bbd9a8bb9152 878b8d606a5f498892134bba5090eb66 - - default default] Successfully bumped revision number for resource e86272c0-19e7-4ab0-aafa-8c6d7bcf3aae (type: security_group_rules) to 0
2026-05-09 14:06:19.844 10 INFO neutron.wsgi [None req-de92ff9c-5fc2-4762-9bb2-9a623c5b1aa4 395bd1aeee6b4d0ba5742d9c5de6fb24 af5efc7fff9e4ce1993b9db428f3517f - - default default] 10.0.0.184 "GET /v2.0/routers/0ed843b6-fcca-4d51-9dee-e879764948b0 HTTP/1.1" status: 200 len: 777 time: 0.0508869
2026-05-09 14:06:19.881 9 INFO neutron.wsgi [None req-a13adeee-cab4-4926-b96f-ec60eedea2c6 9849713fb77a4d3e85e6bbd9a8bb9152 878b8d606a5f498892134bba5090eb66 - - default default] 10.0.0.184 "POST /v2.0/security-groups HTTP/1.1" status: 201 len: 1824 time: 0.2816486
2026-05-09 14:06:19.885 9 INFO neutron.wsgi [-] 10.0.0.12 "GET / HTTP/1.1" status: 200 len: 246 time: 0.0016537
2026-05-09 14:06:19.887 9 INFO neutron.wsgi [-] 10.0.0.12 "GET / HTTP/1.1" status: 200 len: 246 time: 0.0012677
2026-05-09 14:06:19.896 9 WARNING neutron_lib.context [None req-7729928a-0427-4a0a-a4a4-88a1d20c0f83 9849713fb77a4d3e85e6bbd9a8bb9152 878b8d606a5f498892134bba5090eb66 - - default default] Method 'is_advsvc' is deprecated since 2023.2 release (neutron-lib 3.8.0) and will be removed once support for the old RBAC API policies will be removed from Neutron. Please use method 'is_service_role' instead.
2026-05-09 14:06:20.070 10 INFO neutron.wsgi [None req-ff2cb196-b65a-483d-ac32-ac233f3d5a50 753280bc916d47ae887db1fab82e6bd2 eee0c6a25d6a4e0380da27db6e0b54a5 - - default default] 10.0.0.184 "DELETE /v2.0/security-groups/c6d29e61-a850-4edf-91fe-4b38d5cec3c5 HTTP/1.1" status: 204 len: 168 time: 0.4258997
2026-05-09 14:06:20.084 9 INFO neutron.db.ovn_revision_numbers_db [None req-7729928a-0427-4a0a-a4a4-88a1d20c0f83 9849713fb77a4d3e85e6bbd9a8bb9152 878b8d606a5f498892134bba5090eb66 - - default default] Successfully bumped revision number for resource 7b18aff1-2777-4b54-adb3-a575524d6f20 (type: security_group_rules) to 0
2026-05-09 14:06:20.113 9 INFO neutron.wsgi [None req-7729928a-0427-4a0a-a4a4-88a1d20c0f83 9849713fb77a4d3e85e6bbd9a8bb9152 878b8d606a5f498892134bba5090eb66 - - default default] 10.0.0.184 "POST /v2.0/security-group-rules HTTP/1.1" status: 201 len: 800 time: 0.2245336
2026-05-09 14:06:20.122 9 INFO neutron.wsgi [None req-1a362ee1-0afa-448e-82cc-0870c34033f2 c530641b522645428c3923269a6fd07a 8b64524b50e44e5fac89890a2ead503a - - default default] 10.0.0.184 "DELETE /v2.0/ports/6df1992b-4b27-46c9-95cb-15db9b59aa53 HTTP/1.1" status: 204 len: 168 time: 0.3803620
2026-05-09 14:06:20.139 9 INFO neutron.wsgi [None req-a5f8d5a3-044d-4564-9c57-fd9c2682028a 9849713fb77a4d3e85e6bbd9a8bb9152 878b8d606a5f498892134bba5090eb66 - - default default] 10.0.0.184 "GET /v2.0/security-group-rules/7b18aff1-2777-4b54-adb3-a575524d6f20 HTTP/1.1" status: 200 len: 795 time: 0.0168593
2026-05-09 14:06:20.225 9 INFO neutron.wsgi [None req-f122aefb-35d6-4f35-9eed-5385f9f23387 9849713fb77a4d3e85e6bbd9a8bb9152 878b8d606a5f498892134bba5090eb66 - - default default] 10.0.0.184 "GET /v2.0/security-group-rules HTTP/1.1" status: 200 len: 4333 time: 0.0814378
2026-05-09 14:06:20.352 9 INFO neutron.wsgi [None req-4406c79b-39f4-482c-ae05-a8ff4b873672 9849713fb77a4d3e85e6bbd9a8bb9152 878b8d606a5f498892134bba5090eb66 - - default default] 10.0.0.184 "DELETE /v2.0/security-group-rules/7b18aff1-2777-4b54-adb3-a575524d6f20 HTTP/1.1" status: 204 len: 168 time: 0.1220448
2026-05-09 14:06:20.416 9 INFO neutron.wsgi [None req-b80872ca-f41c-4b84-8054-8f11edbaf693 9849713fb77a4d3e85e6bbd9a8bb9152 878b8d606a5f498892134bba5090eb66 - - default default] 10.0.0.184 "GET /v2.0/security-group-rules HTTP/1.1" status: 200 len: 3755 time: 0.0591190
2026-05-09 14:06:20.423 10 INFO neutron.db.ovn_revision_numbers_db [None req-1fe2000e-0481-46ad-ae4a-43362a63010e 395bd1aeee6b4d0ba5742d9c5de6fb24 af5efc7fff9e4ce1993b9db428f3517f - - default default] Successfully bumped revision number for resource 0ed843b6-fcca-4d51-9dee-e879764948b0 (type: routers) to 2
2026-05-09 14:06:20.424 9 WARNING neutron_lib.context [None req-c677ba6f-579a-4a50-b59b-20849bedbda6 9849713fb77a4d3e85e6bbd9a8bb9152 878b8d606a5f498892134bba5090eb66 - - default default] Method 'is_advsvc' is deprecated since 2023.2 release (neutron-lib 3.8.0) and will be removed once support for the old RBAC API policies will be removed from Neutron. Please use method 'is_service_role' instead.
2026-05-09 14:06:20.428 10 INFO neutron.wsgi [None req-1fe2000e-0481-46ad-ae4a-43362a63010e 395bd1aeee6b4d0ba5742d9c5de6fb24 af5efc7fff9e4ce1993b9db428f3517f - - default default] 10.0.0.184 "PUT /v2.0/routers/0ed843b6-fcca-4d51-9dee-e879764948b0 HTTP/1.1" status: 200 len: 777 time: 0.5773003
2026-05-09 14:06:20.452 9 INFO neutron.wsgi [None req-99ecbf2b-b2a1-4f37-8700-4e338761083a 395bd1aeee6b4d0ba5742d9c5de6fb24 af5efc7fff9e4ce1993b9db428f3517f - - default default] 10.0.0.184 "GET /v2.0/ports?device_id=0ed843b6-fcca-4d51-9dee-e879764948b0 HTTP/1.1" status: 200 len: 205 time: 0.0197337
2026-05-09 14:06:20.598 10 INFO neutron.wsgi [None req-bad2bfe7-0ab7-450b-957c-878e4fde34ce c530641b522645428c3923269a6fd07a 8b64524b50e44e5fac89890a2ead503a - - default default] 10.0.0.184 "DELETE /v2.0/ports/be0201e4-7d85-419e-9b4c-6c77715cc278 HTTP/1.1" status: 204 len: 168 time: 0.4729211
