2026-05-09 14:04:17.745 9 INFO neutron.db.ovn_revision_numbers_db [None req-13b0adf6-8c09-4a04-91f3-e7a96826e9e6 753280bc916d47ae887db1fab82e6bd2 eee0c6a25d6a4e0380da27db6e0b54a5 - - default default] Successfully bumped revision number for resource 6780bc83-7189-4dac-979f-2ac16b6b9485 (type: security_group_rules) to 0
2026-05-09 14:04:17.759 9 INFO neutron.db.ovn_revision_numbers_db [None req-13b0adf6-8c09-4a04-91f3-e7a96826e9e6 753280bc916d47ae887db1fab82e6bd2 eee0c6a25d6a4e0380da27db6e0b54a5 - - default default] Successfully bumped revision number for resource 88d05d9e-ba3f-497b-9cc3-9d94214a8ee6 (type: security_group_rules) to 0
2026-05-09 14:04:17.774 9 INFO neutron.db.ovn_revision_numbers_db [None req-13b0adf6-8c09-4a04-91f3-e7a96826e9e6 753280bc916d47ae887db1fab82e6bd2 eee0c6a25d6a4e0380da27db6e0b54a5 - - default default] Successfully bumped revision number for resource ba353148-ac3d-49d3-abfa-e925fe727e5c (type: security_group_rules) to 0
2026-05-09 14:04:17.787 9 INFO neutron.db.ovn_revision_numbers_db [None req-13b0adf6-8c09-4a04-91f3-e7a96826e9e6 753280bc916d47ae887db1fab82e6bd2 eee0c6a25d6a4e0380da27db6e0b54a5 - - default default] Successfully bumped revision number for resource bca28d8a-23cb-4fb9-92e5-0ffedb775b2b (type: security_group_rules) to 0
2026-05-09 14:04:17.806 9 INFO neutron.wsgi [None req-13b0adf6-8c09-4a04-91f3-e7a96826e9e6 753280bc916d47ae887db1fab82e6bd2 eee0c6a25d6a4e0380da27db6e0b54a5 - - default default] 10.0.0.184 "GET /v2.0/security-groups?tenant_id=9610d9e937964a67ae74b0808021db68&name=default HTTP/1.1" status: 200 len: 3120 time: 0.2039917
2026-05-09 14:04:18.037 9 INFO neutron.wsgi [None req-76a4b364-ff63-4b06-82b7-247aded7e3d4 753280bc916d47ae887db1fab82e6bd2 eee0c6a25d6a4e0380da27db6e0b54a5 - - default default] 10.0.0.184 "DELETE /v2.0/security-groups/66d40a53-b3cc-47ad-9a69-025303abaaa7 HTTP/1.1" status: 204 len: 168 time: 0.2277632
2026-05-09 14:04:18.422 10 INFO neutron.plugins.ml2.drivers.ovn.mech_driver.ovsdb.commands [None req-8761dc14-8a11-416d-94e9-631aeba88c02 - - - - - -] Schedule LRP lrp-e69018df-71d4-4a1b-9cb0-674af02458d3 on gateway c9843b10-cff7-4fdd-b14a-52a57aef6c93 with priority 1
2026-05-09 14:04:18.447 9 INFO neutron.plugins.ml2.drivers.ovn.mech_driver.mech_driver [None req-2b62d2f3-948b-40ce-92b0-cd56d01da0a3 - - - - - -] OVN reports status up for port: e69018df-71d4-4a1b-9cb0-674af02458d3
2026-05-09 14:04:18.456 9 INFO neutron.plugins.ml2.plugin [None req-2b62d2f3-948b-40ce-92b0-cd56d01da0a3 - - - - - -] Attempt 1 to provision port e69018df-71d4-4a1b-9cb0-674af02458d3
2026-05-09 14:04:18.468 10 INFO neutron.db.ovn_revision_numbers_db [None req-40adf78c-bd4e-46cc-89c9-14e44f63b073 90da3b8b0736454e8d9e58586e3c514b d6bfba74f7c849ce8c55dfac7453294a - - default default] Successfully bumped revision number for resource e69018df-71d4-4a1b-9cb0-674af02458d3 (type: router_ports) to 1
2026-05-09 14:04:18.555 10 INFO neutron.db.ovn_revision_numbers_db [None req-40adf78c-bd4e-46cc-89c9-14e44f63b073 90da3b8b0736454e8d9e58586e3c514b d6bfba74f7c849ce8c55dfac7453294a - - default default] Successfully bumped revision number for resource 9fa9f4ca-822d-42ba-b859-ca19d51148af (type: routers) to 2
2026-05-09 14:04:18.575 10 INFO neutron.wsgi [None req-40adf78c-bd4e-46cc-89c9-14e44f63b073 90da3b8b0736454e8d9e58586e3c514b d6bfba74f7c849ce8c55dfac7453294a - - default default] 10.0.0.184 "POST /v2.0/routers HTTP/1.1" status: 201 len: 1153 time: 1.7626963
2026-05-09 14:04:19.330 10 INFO neutron.wsgi [req-aa4a92a0-77b6-4685-8a54-6aa1390063f7 req-9beed910-fdf0-4cbc-b4cc-6cf8dc17167e 7481447b76464c98b47dd0b892cbe325 9f463f90f4f04e52a229975edc824e3f - - 55ab48c9f52240d1b556d00c1ae2d508 55ab48c9f52240d1b556d00c1ae2d508] 10.0.0.19 "GET /v2.0/ports?device_id=57d80047-ebc5-42fc-b7a4-cb15d07fc3d5 HTTP/1.1" status: 200 len: 1409 time: 0.3264093
2026-05-09 14:04:19.331 10 WARNING neutron.scheduler.dhcp_agent_scheduler [None req-9c0c15fb-3cef-46a2-84dd-0b7663d212c2 90da3b8b0736454e8d9e58586e3c514b d6bfba74f7c849ce8c55dfac7453294a - - default default] No more DHCP agents
2026-05-09 14:04:19.339 10 WARNING neutron.api.rpc.agentnotifiers.dhcp_rpc_agent_api [None req-9c0c15fb-3cef-46a2-84dd-0b7663d212c2 90da3b8b0736454e8d9e58586e3c514b d6bfba74f7c849ce8c55dfac7453294a - - default default] Unable to schedule network c1fde91c-b80c-475d-b248-3efddc86633e: no agents available; will retry on subsequent port and subnet creation events.
2026-05-09 14:04:19.409 10 INFO neutron.wsgi [req-aa4a92a0-77b6-4685-8a54-6aa1390063f7 req-3af767bd-877d-4a95-b3b9-01eee92d5a76 7481447b76464c98b47dd0b892cbe325 9f463f90f4f04e52a229975edc824e3f - - 55ab48c9f52240d1b556d00c1ae2d508 55ab48c9f52240d1b556d00c1ae2d508] 10.0.0.19 "GET /v2.0/security-groups?id=f1b6d1ac-c410-4495-829d-c2f1e6b4634e&fields=id&fields=name HTTP/1.1" status: 200 len: 313 time: 0.0734200
2026-05-09 14:04:19.515 10 INFO neutron.db.ovn_revision_numbers_db [None req-9c0c15fb-3cef-46a2-84dd-0b7663d212c2 90da3b8b0736454e8d9e58586e3c514b d6bfba74f7c849ce8c55dfac7453294a - - default default] Successfully bumped revision number for resource f0b702e6-57e6-48cc-87fd-36cf8b31dcf7 (type: ports) to 1
2026-05-09 14:04:19.889 9 INFO neutron.wsgi [-] 10.0.0.12 "GET / HTTP/1.1" status: 200 len: 246 time: 0.0018003
2026-05-09 14:04:19.892 9 INFO neutron.wsgi [-] 10.0.0.12 "GET / HTTP/1.1" status: 200 len: 246 time: 0.0015669
2026-05-09 14:04:20.236 10 ERROR ovsdbapp.backend.ovs_idl.command [None req-9c0c15fb-3cef-46a2-84dd-0b7663d212c2 90da3b8b0736454e8d9e58586e3c514b d6bfba74f7c849ce8c55dfac7453294a - - default default] Error executing command (DbGetCommand): ovsdbapp.backend.ovs_idl.idlutils.RowNotFound: Cannot find Logical_Router_Port with name=lrp-f0b702e6-57e6-48cc-87fd-36cf8b31dcf7
2026-05-09 14:04:20.236 10 ERROR ovsdbapp.backend.ovs_idl.command
Traceback (most recent call last):
2026-05-09 14:04:20.236 10 ERROR ovsdbapp.backend.ovs_idl.command
File "/var/lib/openstack/lib/python3.10/site-packages/ovsdbapp/backend/ovs_idl/command.py", line 47, in execute
2026-05-09 14:04:20.236 10 ERROR ovsdbapp.backend.ovs_idl.command self.run_idl(None)
2026-05-09 14:04:20.236 10 ERROR ovsdbapp.backend.ovs_idl.command
File "/var/lib/openstack/lib/python3.10/site-packages/ovsdbapp/backend/ovs_idl/command.py", line 235, in run_idl
2026-05-09 14:04:20.236 10 ERROR ovsdbapp.backend.ovs_idl.command record = self.api.lookup(self.table, self.record)
2026-05-09 14:04:20.236 10 ERROR ovsdbapp.backend.ovs_idl.command
File "/var/lib/openstack/lib/python3.10/site-packages/ovsdbapp/backend/ovs_idl/__init__.py", line 184, in lookup
2026-05-09 14:04:20.236 10 ERROR ovsdbapp.backend.ovs_idl.command return self._lookup(table, record)
2026-05-09 14:04:20.236 10 ERROR ovsdbapp.backend.ovs_idl.command
File "/var/lib/openstack/lib/python3.10/site-packages/ovsdbapp/backend/ovs_idl/__init__.py", line 235, in _lookup
2026-05-09 14:04:20.236 10 ERROR ovsdbapp.backend.ovs_idl.command row = idlutils.row_by_value(self, rl.table, rl.column, record)
2026-05-09 14:04:20.236 10 ERROR ovsdbapp.backend.ovs_idl.command
File "/var/lib/openstack/lib/python3.10/site-packages/ovsdbapp/backend/ovs_idl/idlutils.py", line 114, in row_by_value
2026-05-09 14:04:20.236 10 ERROR ovsdbapp.backend.ovs_idl.command raise RowNotFound(table=table, col=column, match=match)
2026-05-09 14:04:20.236 10 ERROR ovsdbapp.backend.ovs_idl.command ovsdbapp.backend.ovs_idl.idlutils.RowNotFound: Cannot find Logical_Router_Port with name=lrp-f0b702e6-57e6-48cc-87fd-36cf8b31dcf7
2026-05-09 14:04:20.236 10 ERROR ovsdbapp.backend.ovs_idl.command 
2026-05-09 14:04:20.236 10 ERROR neutron_lib.callbacks.manager [None req-9c0c15fb-3cef-46a2-84dd-0b7663d212c2 90da3b8b0736454e8d9e58586e3c514b d6bfba74f7c849ce8c55dfac7453294a - - default default] Error during notification for neutron.services.ovn_l3.plugin.OVNL3RouterPlugin._port_update-8766159168212 port, after_update: ovsdbapp.backend.ovs_idl.idlutils.RowNotFound: Cannot find Logical_Router_Port with name=lrp-f0b702e6-57e6-48cc-87fd-36cf8b31dcf7
2026-05-09 14:04:20.236 10 ERROR neutron_lib.callbacks.manager
Traceback (most recent call last):
2026-05-09 14:04:20.236 10 ERROR neutron_lib.callbacks.manager
File "/var/lib/openstack/lib/python3.10/site-packages/neutron_lib/callbacks/manager.py", line 189, in _notify_loop
2026-05-09 14:04:20.236 10 ERROR neutron_lib.callbacks.manager callback.method(resource, event, trigger, payload=payload)
2026-05-09 14:04:20.236 10 ERROR neutron_lib.callbacks.manager
File "/var/lib/openstack/lib/python3.10/site-packages/neutron/services/ovn_l3/plugin.py", line 391, in _port_update
2026-05-09 14:04:20.236 10 ERROR neutron_lib.callbacks.manager l3plugin._ovn_client.update_router_port(context,
2026-05-09 14:04:20.236 10 ERROR neutron_lib.callbacks.manager
File "/var/lib/openstack/lib/python3.10/site-packages/neutron/plugins/ml2/drivers/ovn/mech_driver/ovsdb/ovn_client.py", line 1878, in update_router_port
2026-05-09 14:04:20.236 10 ERROR neutron_lib.callbacks.manager self._update_lrouter_port(context, port, if_exists=if_exists,
2026-05-09 14:04:20.236 10 ERROR neutron_lib.callbacks.manager
File "/var/lib/openstack/lib/python3.10/site-packages/neutron/plugins/ml2/drivers/ovn/mech_driver/ovsdb/ovn_client.py", line 1855, in _update_lrouter_port
2026-05-09 14:04:20.236 10 ERROR neutron_lib.callbacks.manager external_ids = self._nb_idl.db_get(
2026-05-09 14:04:20.236 10 ERROR neutron_lib.callbacks.manager
File "/var/lib/openstack/lib/python3.10/site-packages/ovsdbapp/backend/ovs_idl/command.py", line 47, in execute
2026-05-09 14:04:20.236 10 ERROR neutron_lib.callbacks.manager self.run_idl(None)
2026-05-09 14:04:20.236 10 ERROR neutron_lib.callbacks.manager
File "/var/lib/openstack/lib/python3.10/site-packages/ovsdbapp/backend/ovs_idl/command.py", line 235, in run_idl
2026-05-09 14:04:20.236 10 ERROR neutron_lib.callbacks.manager record = self.api.lookup(self.table, self.record)
2026-05-09 14:04:20.236 10 ERROR neutron_lib.callbacks.manager
File "/var/lib/openstack/lib/python3.10/site-packages/ovsdbapp/backend/ovs_idl/__init__.py", line 184, in lookup
2026-05-09 14:04:20.236 10 ERROR neutron_lib.callbacks.manager return self._lookup(table, record)
2026-05-09 14:04:20.236 10 ERROR neutron_lib.callbacks.manager
File "/var/lib/openstack/lib/python3.10/site-packages/ovsdbapp/backend/ovs_idl/__init__.py", line 235, in _lookup
2026-05-09 14:04:20.236 10 ERROR neutron_lib.callbacks.manager row = idlutils.row_by_value(self, rl.table, rl.column, record)
2026-05-09 14:04:20.236 10 ERROR neutron_lib.callbacks.manager
File "/var/lib/openstack/lib/python3.10/site-packages/ovsdbapp/backend/ovs_idl/idlutils.py", line 114, in row_by_value
2026-05-09 14:04:20.236 10 ERROR neutron_lib.callbacks.manager raise RowNotFound(table=table, col=column, match=match)
2026-05-09 14:04:20.236 10 ERROR neutron_lib.callbacks.manager ovsdbapp.backend.ovs_idl.idlutils.RowNotFound: Cannot find Logical_Router_Port with name=lrp-f0b702e6-57e6-48cc-87fd-36cf8b31dcf7
2026-05-09 14:04:20.236 10 ERROR neutron_lib.callbacks.manager 
2026-05-09 14:04:20.450 9 INFO neutron.wsgi [req-d77e7008-f9f6-4243-9fe2-5259f17d1d06 req-01eef57a-ef4c-4885-9acd-2b42a7b86082 7481447b76464c98b47dd0b892cbe325 9f463f90f4f04e52a229975edc824e3f - - 55ab48c9f52240d1b556d00c1ae2d508 55ab48c9f52240d1b556d00c1ae2d508] 10.0.0.19 "GET /v2.0/ports?device_id=f95ed7ca-ddb6-4248-a729-9dff8b442e3c HTTP/1.1" status: 200 len: 1409 time: 0.2390478
2026-05-09 14:04:20.496 9 INFO neutron.wsgi [req-d77e7008-f9f6-4243-9fe2-5259f17d1d06 req-7f14a593-bd99-445f-aa9d-18a8555299a8 7481447b76464c98b47dd0b892cbe325 9f463f90f4f04e52a229975edc824e3f - - 55ab48c9f52240d1b556d00c1ae2d508 55ab48c9f52240d1b556d00c1ae2d508] 10.0.0.19 "GET /v2.0/security-groups?id=d2ffb224-207a-4e31-b7e6-e600da2d8778&fields=id&fields=name HTTP/1.1" status: 200 len: 313 time: 0.0400648
2026-05-09 14:04:20.659 10 INFO neutron.plugins.ml2.drivers.ovn.mech_driver.mech_driver [None req-69427717-af26-4687-9a49-940a29f799c4 - - - - - -] OVN reports status up for port: f0b702e6-57e6-48cc-87fd-36cf8b31dcf7
2026-05-09 14:04:20.668 10 INFO neutron.plugins.ml2.plugin [None req-69427717-af26-4687-9a49-940a29f799c4 - - - - - -] Attempt 1 to provision port f0b702e6-57e6-48cc-87fd-36cf8b31dcf7
2026-05-09 14:04:20.681 10 INFO neutron.db.ovn_revision_numbers_db [None req-9c0c15fb-3cef-46a2-84dd-0b7663d212c2 90da3b8b0736454e8d9e58586e3c514b d6bfba74f7c849ce8c55dfac7453294a - - default default] Successfully bumped revision number for resource f0b702e6-57e6-48cc-87fd-36cf8b31dcf7 (type: ports) to 1
2026-05-09 14:04:20.755 10 WARNING neutron.scheduler.dhcp_agent_scheduler [None req-9c0c15fb-3cef-46a2-84dd-0b7663d212c2 90da3b8b0736454e8d9e58586e3c514b d6bfba74f7c849ce8c55dfac7453294a - - default default] No more DHCP agents
2026-05-09 14:04:20.757 10 WARNING neutron.api.rpc.agentnotifiers.dhcp_rpc_agent_api [None req-9c0c15fb-3cef-46a2-84dd-0b7663d212c2 90da3b8b0736454e8d9e58586e3c514b d6bfba74f7c849ce8c55dfac7453294a - - default default] Unable to schedule network c1fde91c-b80c-475d-b248-3efddc86633e: no agents available; will retry on subsequent port and subnet creation events.
2026-05-09 14:04:21.192 10 INFO neutron.db.ovn_revision_numbers_db [None req-9c0c15fb-3cef-46a2-84dd-0b7663d212c2 90da3b8b0736454e8d9e58586e3c514b d6bfba74f7c849ce8c55dfac7453294a - - default default] Successfully bumped revision number for resource f0b702e6-57e6-48cc-87fd-36cf8b31dcf7 (type: router_ports) to 1
2026-05-09 14:04:21.201 10 INFO neutron.wsgi [None req-9c0c15fb-3cef-46a2-84dd-0b7663d212c2 90da3b8b0736454e8d9e58586e3c514b d6bfba74f7c849ce8c55dfac7453294a - - default default] 10.0.0.184 "PUT /v2.0/routers/9fa9f4ca-822d-42ba-b859-ca19d51148af/add_router_interface HTTP/1.1" status: 200 len: 503 time: 2.6201534
2026-05-09 14:04:21.205 10 INFO neutron.db.ovn_revision_numbers_db [None req-69427717-af26-4687-9a49-940a29f799c4 - - - - - -] Successfully bumped revision number for resource f0b702e6-57e6-48cc-87fd-36cf8b31dcf7 (type: ports) to 2
2026-05-09 14:04:21.215 10 WARNING neutron_lib.context [None req-49ee1c93-74ec-458a-9fa3-d8febf896b6f 90da3b8b0736454e8d9e58586e3c514b d6bfba74f7c849ce8c55dfac7453294a - - default default] Method 'is_advsvc' is deprecated since 2023.2 release (neutron-lib 3.8.0) and will be removed once support for the old RBAC API policies will be removed from Neutron. Please use method 'is_service_role' instead.
2026-05-09 14:04:21.397 10 INFO neutron.db.ovn_revision_numbers_db [None req-69427717-af26-4687-9a49-940a29f799c4 - - - - - -] Successfully bumped revision number for resource f0b702e6-57e6-48cc-87fd-36cf8b31dcf7 (type: router_ports) to 2
2026-05-09 14:04:21.630 10 WARNING neutron.scheduler.dhcp_agent_scheduler [None req-49ee1c93-74ec-458a-9fa3-d8febf896b6f 90da3b8b0736454e8d9e58586e3c514b d6bfba74f7c849ce8c55dfac7453294a - - default default] No more DHCP agents
2026-05-09 14:04:21.631 10 WARNING neutron.api.rpc.agentnotifiers.dhcp_rpc_agent_api [None req-49ee1c93-74ec-458a-9fa3-d8febf896b6f 90da3b8b0736454e8d9e58586e3c514b d6bfba74f7c849ce8c55dfac7453294a - - default default] Unable to schedule network c1fde91c-b80c-475d-b248-3efddc86633e: no agents available; will retry on subsequent port and subnet creation events.
2026-05-09 14:04:21.793 10 INFO neutron.db.ovn_revision_numbers_db [None req-49ee1c93-74ec-458a-9fa3-d8febf896b6f 90da3b8b0736454e8d9e58586e3c514b d6bfba74f7c849ce8c55dfac7453294a - - default default] Successfully bumped revision number for resource 6dae1b9e-b783-40d2-97e5-9dea568f01dc (type: ports) to 1
2026-05-09 14:04:21.819 10 INFO neutron.wsgi [None req-49ee1c93-74ec-458a-9fa3-d8febf896b6f 90da3b8b0736454e8d9e58586e3c514b d6bfba74f7c849ce8c55dfac7453294a - - default default] 10.0.0.184 "POST /v2.0/ports HTTP/1.1" status: 201 len: 1157 time: 0.6106706 /var/lib/openstack/lib/python3.10/site-packages/pycadf/identifier.py:71: UserWarning: Invalid uuid: neutron. To ensure interoperability, identifiers should be a valid uuid. warnings.warn(('Invalid uuid: %s. To ensure interoperability, '
2026-05-09 14:04:21.831 10 WARNING neutron_lib.context [None req-132e091d-3351-4640-86f3-54ccaa21962e 90da3b8b0736454e8d9e58586e3c514b d6bfba74f7c849ce8c55dfac7453294a - - default default] Method 'is_advsvc' is deprecated since 2023.2 release (neutron-lib 3.8.0) and will be removed once support for the old RBAC API policies will be removed from Neutron. Please use method 'is_service_role' instead.
2026-05-09 14:04:22.172 10 WARNING neutron.scheduler.dhcp_agent_scheduler [None req-132e091d-3351-4640-86f3-54ccaa21962e 90da3b8b0736454e8d9e58586e3c514b d6bfba74f7c849ce8c55dfac7453294a - - default default] No more DHCP agents
2026-05-09 14:04:22.173 10 WARNING neutron.api.rpc.agentnotifiers.dhcp_rpc_agent_api [None req-132e091d-3351-4640-86f3-54ccaa21962e 90da3b8b0736454e8d9e58586e3c514b d6bfba74f7c849ce8c55dfac7453294a - - default default] Unable to schedule network c1fde91c-b80c-475d-b248-3efddc86633e: no agents available; will retry on subsequent port and subnet creation events.
2026-05-09 14:04:22.307 9 INFO neutron.db.ovn_revision_numbers_db [None req-7c4ce293-f6e0-46c9-b737-05cababafd3a 753280bc916d47ae887db1fab82e6bd2 eee0c6a25d6a4e0380da27db6e0b54a5 - - default default] Successfully bumped revision number for resource ad3d5fa2-1fce-4fd5-86b0-3a0110635d4b (type: security_groups) to 1
2026-05-09 14:04:22.321 9 INFO neutron.db.ovn_revision_numbers_db [None req-7c4ce293-f6e0-46c9-b737-05cababafd3a 753280bc916d47ae887db1fab82e6bd2 eee0c6a25d6a4e0380da27db6e0b54a5 - - default default] Successfully bumped revision number for resource 01dec3c9-5de5-475b-a2da-99e782fb0658 (type: security_group_rules) to 0
2026-05-09 14:04:22.336 9 INFO neutron.db.ovn_revision_numbers_db [None req-7c4ce293-f6e0-46c9-b737-05cababafd3a 753280bc916d47ae887db1fab82e6bd2 eee0c6a25d6a4e0380da27db6e0b54a5 - - default default] Successfully bumped revision number for resource 573a55e4-b195-4bf8-9efb-6f605aef625e (type: security_group_rules) to 0
2026-05-09 14:04:22.340 10 INFO neutron.db.ovn_revision_numbers_db [None req-132e091d-3351-4640-86f3-54ccaa21962e 90da3b8b0736454e8d9e58586e3c514b d6bfba74f7c849ce8c55dfac7453294a - - default default] Successfully bumped revision number for resource 232d21cd-2e2a-4e76-be7a-a3c3f06b0cbd (type: ports) to 1
2026-05-09 14:04:22.348 9 INFO neutron.db.ovn_revision_numbers_db [None req-7c4ce293-f6e0-46c9-b737-05cababafd3a 753280bc916d47ae887db1fab82e6bd2 eee0c6a25d6a4e0380da27db6e0b54a5 - - default default] Successfully bumped revision number for resource 5d5eba9c-08a0-4900-8122-aaf139ef2989 (type: security_group_rules) to 0
2026-05-09 14:04:22.361 9 INFO neutron.db.ovn_revision_numbers_db [None req-7c4ce293-f6e0-46c9-b737-05cababafd3a 753280bc916d47ae887db1fab82e6bd2 eee0c6a25d6a4e0380da27db6e0b54a5 - - default default] Successfully bumped revision number for resource e8d81a4e-e88a-489b-8627-7919469c522d (type: security_group_rules) to 0
2026-05-09 14:04:22.365 10 INFO neutron.wsgi [None req-132e091d-3351-4640-86f3-54ccaa21962e 90da3b8b0736454e8d9e58586e3c514b d6bfba74f7c849ce8c55dfac7453294a - - default default] 10.0.0.184 "POST /v2.0/ports HTTP/1.1" status: 201 len: 1154 time: 0.5405977 /var/lib/openstack/lib/python3.10/site-packages/pycadf/identifier.py:71: UserWarning: Invalid uuid: neutron. To ensure interoperability, identifiers should be a valid uuid. warnings.warn(('Invalid uuid: %s. To ensure interoperability, '
2026-05-09 14:04:22.375 10 WARNING neutron_lib.context [None req-013cc29f-49da-4e60-86a4-e2753a76b0fc 90da3b8b0736454e8d9e58586e3c514b d6bfba74f7c849ce8c55dfac7453294a - - default default] Method 'is_advsvc' is deprecated since 2023.2 release (neutron-lib 3.8.0) and will be removed once support for the old RBAC API policies will be removed from Neutron. Please use method 'is_service_role' instead.
2026-05-09 14:04:22.379 9 INFO neutron.wsgi [None req-7c4ce293-f6e0-46c9-b737-05cababafd3a 753280bc916d47ae887db1fab82e6bd2 eee0c6a25d6a4e0380da27db6e0b54a5 - - default default] 10.0.0.184 "GET /v2.0/security-groups?tenant_id=9af67da7ab0f4036aac88a89048c23ac&name=default HTTP/1.1" status: 200 len: 3120 time: 0.3663940
2026-05-09 14:04:22.611 9 INFO neutron.wsgi [None req-4382a80f-3f16-4c6a-9bbc-a05889db6470 753280bc916d47ae887db1fab82e6bd2 eee0c6a25d6a4e0380da27db6e0b54a5 - - default default] 10.0.0.184 "DELETE /v2.0/security-groups/ad3d5fa2-1fce-4fd5-86b0-3a0110635d4b HTTP/1.1" status: 204 len: 168 time: 0.2252536
2026-05-09 14:04:22.634 10 WARNING neutron.scheduler.dhcp_agent_scheduler [None req-013cc29f-49da-4e60-86a4-e2753a76b0fc 90da3b8b0736454e8d9e58586e3c514b d6bfba74f7c849ce8c55dfac7453294a - - default default] No more DHCP agents
2026-05-09 14:04:22.635 10 WARNING neutron.api.rpc.agentnotifiers.dhcp_rpc_agent_api [None req-013cc29f-49da-4e60-86a4-e2753a76b0fc 90da3b8b0736454e8d9e58586e3c514b d6bfba74f7c849ce8c55dfac7453294a - - default default] Unable to schedule network f7910759-c9cf-4aaf-a551-e509a0e2d158: no agents available; will retry on subsequent port and subnet creation events.
2026-05-09 14:04:22.825 9 INFO neutron.db.ovn_revision_numbers_db [None req-9794aac7-0d05-4fa2-be53-f64d0c6df7a3 753280bc916d47ae887db1fab82e6bd2 eee0c6a25d6a4e0380da27db6e0b54a5 - - default default] Successfully bumped revision number for resource 41420370-b166-48be-93d6-36f4c607cff1 (type: security_groups) to 1
2026-05-09 14:04:22.840 9 INFO neutron.db.ovn_revision_numbers_db [None req-9794aac7-0d05-4fa2-be53-f64d0c6df7a3 753280bc916d47ae887db1fab82e6bd2 eee0c6a25d6a4e0380da27db6e0b54a5 - - default default] Successfully bumped revision number for resource 4e45aff6-8a0a-4d9f-b807-b35bead13d11 (type: security_group_rules) to 0
2026-05-09 14:04:22.852 9 INFO neutron.db.ovn_revision_numbers_db [None req-9794aac7-0d05-4fa2-be53-f64d0c6df7a3 753280bc916d47ae887db1fab82e6bd2 eee0c6a25d6a4e0380da27db6e0b54a5 - - default default] Successfully bumped revision number for resource 6de5f698-154f-4971-8372-0af337f8c917 (type: security_group_rules) to 0
2026-05-09 14:04:22.867 9 INFO neutron.db.ovn_revision_numbers_db [None req-9794aac7-0d05-4fa2-be53-f64d0c6df7a3 753280bc916d47ae887db1fab82e6bd2 eee0c6a25d6a4e0380da27db6e0b54a5 - - default default] Successfully bumped revision number for resource 85687b9b-9d2e-4e8b-bfe1-d900cae2b2c1 (type: security_group_rules) to 0
2026-05-09 14:04:22.881 9 INFO neutron.db.ovn_revision_numbers_db [None req-9794aac7-0d05-4fa2-be53-f64d0c6df7a3 753280bc916d47ae887db1fab82e6bd2 eee0c6a25d6a4e0380da27db6e0b54a5 - - default default] Successfully bumped revision number for resource b9b793e0-8928-4928-94e1-93457b69bf95 (type: security_group_rules) to 0
2026-05-09 14:04:22.902 9 INFO neutron.wsgi [None req-9794aac7-0d05-4fa2-be53-f64d0c6df7a3 753280bc916d47ae887db1fab82e6bd2 eee0c6a25d6a4e0380da27db6e0b54a5 - - default default] 10.0.0.184 "GET /v2.0/security-groups?tenant_id=c74d3ccbeacc44b282514f47761736f8&name=default HTTP/1.1" status: 200 len: 3120 time: 0.1960492
2026-05-09 14:04:23.095 9 INFO neutron.wsgi [None req-b721ce75-6187-4cb8-9c73-171e38e9740d 753280bc916d47ae887db1fab82e6bd2 eee0c6a25d6a4e0380da27db6e0b54a5 - - default default] 10.0.0.184 "DELETE /v2.0/security-groups/41420370-b166-48be-93d6-36f4c607cff1 HTTP/1.1" status: 204 len: 168 time: 0.1870804
2026-05-09 14:04:23.563 10 INFO neutron.db.ovn_revision_numbers_db [None req-013cc29f-49da-4e60-86a4-e2753a76b0fc 90da3b8b0736454e8d9e58586e3c514b d6bfba74f7c849ce8c55dfac7453294a - - default default] Successfully bumped revision number for resource 62f44d0b-092a-453b-9913-81748acdf9d7 (type: floatingips) to -1
2026-05-09 14:04:23.704 10 INFO neutron.db.ovn_revision_numbers_db [None req-013cc29f-49da-4e60-86a4-e2753a76b0fc 90da3b8b0736454e8d9e58586e3c514b d6bfba74f7c849ce8c55dfac7453294a - - default default] Successfully bumped revision number for resource 62f44d0b-092a-453b-9913-81748acdf9d7 (type: floatingips) to 1
2026-05-09 14:04:23.704 10 INFO neutron.db.l3_db [None req-013cc29f-49da-4e60-86a4-e2753a76b0fc 90da3b8b0736454e8d9e58586e3c514b d6bfba74f7c849ce8c55dfac7453294a - - default default] Floating IP 62f44d0b-092a-453b-9913-81748acdf9d7 associated. External IP: 10.96.250.202, port: 232d21cd-2e2a-4e76-be7a-a3c3f06b0cbd.
2026-05-09 14:04:23.742 10 INFO neutron.wsgi [None req-013cc29f-49da-4e60-86a4-e2753a76b0fc 90da3b8b0736454e8d9e58586e3c514b d6bfba74f7c849ce8c55dfac7453294a - - default default] 10.0.0.184 "POST /v2.0/floatingips HTTP/1.1" status: 201 len: 1041 time: 1.3717291
2026-05-09 14:04:23.929 10 INFO neutron.db.ovn_revision_numbers_db [None req-364aa379-0d06-4d80-bcb8-1dcb697effe9 90da3b8b0736454e8d9e58586e3c514b d6bfba74f7c849ce8c55dfac7453294a - - default default] Successfully bumped revision number for resource 62f44d0b-092a-453b-9913-81748acdf9d7 (type: floatingips) to 2
2026-05-09 14:04:23.981 10 INFO neutron.db.l3_db [None req-364aa379-0d06-4d80-bcb8-1dcb697effe9 90da3b8b0736454e8d9e58586e3c514b d6bfba74f7c849ce8c55dfac7453294a - - default default] Floating IP 62f44d0b-092a-453b-9913-81748acdf9d7 disassociated. External IP: 10.96.250.202, port: 232d21cd-2e2a-4e76-be7a-a3c3f06b0cbd.
2026-05-09 14:04:24.010 10 INFO neutron.wsgi [None req-364aa379-0d06-4d80-bcb8-1dcb697effe9 90da3b8b0736454e8d9e58586e3c514b d6bfba74f7c849ce8c55dfac7453294a - - default default] 10.0.0.184 "PUT /v2.0/floatingips/62f44d0b-092a-453b-9913-81748acdf9d7 HTTP/1.1" status: 200 len: 748 time: 0.2628231
2026-05-09 14:04:24.339 9 WARNING neutron.plugins.ml2.drivers.ovn.mech_driver.ovsdb.ovn_client [None req-2b62d2f3-948b-40ce-92b0-cd56d01da0a3 - - - - - -] No hosting information found for port e69018df-71d4-4a1b-9cb0-674af02458d3: RuntimeError: No hosting information found for port e69018df-71d4-4a1b-9cb0-674af02458d3
2026-05-09 14:04:24.394 10 INFO neutron.wsgi [None req-cf17d09c-b9eb-49fb-a561-c320d9bbf6d8 90da3b8b0736454e8d9e58586e3c514b d6bfba74f7c849ce8c55dfac7453294a - - default default] 10.0.0.184 "DELETE /v2.0/floatingips/62f44d0b-092a-453b-9913-81748acdf9d7 HTTP/1.1" status: 204 len: 168 time: 0.3797863
2026-05-09 14:04:24.408 9 WARNING neutron_lib.context [None req-f376e796-7fd5-4ea7-8191-c7f4ed103bbe 90da3b8b0736454e8d9e58586e3c514b d6bfba74f7c849ce8c55dfac7453294a - - default default] Method 'is_advsvc' is deprecated since 2023.2 release (neutron-lib 3.8.0) and will be removed once support for the old RBAC API policies will be removed from Neutron. Please use method 'is_service_role' instead.
2026-05-09 14:04:24.716 9 WARNING neutron.scheduler.dhcp_agent_scheduler [None req-f376e796-7fd5-4ea7-8191-c7f4ed103bbe 90da3b8b0736454e8d9e58586e3c514b d6bfba74f7c849ce8c55dfac7453294a - - default default] No more DHCP agents
2026-05-09 14:04:24.718 9 WARNING neutron.api.rpc.agentnotifiers.dhcp_rpc_agent_api [None req-f376e796-7fd5-4ea7-8191-c7f4ed103bbe 90da3b8b0736454e8d9e58586e3c514b d6bfba74f7c849ce8c55dfac7453294a - - default default] Unable to schedule network f7910759-c9cf-4aaf-a551-e509a0e2d158: no agents available; will retry on subsequent port and subnet creation events.
2026-05-09 14:04:24.980 10 INFO neutron.wsgi [req-dfa976e9-3fa9-4b89-9c6b-10da09e33b26 req-b9d6e9ec-4ada-4208-8119-75e7dcdc0e1f daf429b6f6a24fa8b21cbfc702e70419 ec60675c8ec941b2b429abbf7e0374f4 - - default default] 10.0.0.117 "GET /v2.0/ports?device_id=57d80047-ebc5-42fc-b7a4-cb15d07fc3d5 HTTP/1.1" status: 200 len: 1170 time: 0.0874553
2026-05-09 14:04:25.064 10 INFO neutron.wsgi [None req-ccfccc15-4960-4cec-a816-2f06f381715f 3d920c5eda8f4476b439a1651041dfc0 c65a830ce99948a29caf2e7e8cbf7e8d - - default default] 10.0.0.184 "GET /v2.0/extensions HTTP/1.1" status: 200 len: 18678 time: 0.1830583
2026-05-09 14:04:25.070 10 INFO neutron.wsgi [req-b68187d0-4ecb-4c5b-b75c-f2d8e0ca4088 req-997d9d07-f048-4d2d-b142-efbec7f02111 daf429b6f6a24fa8b21cbfc702e70419 ec60675c8ec941b2b429abbf7e0374f4 - - default default] 10.0.0.117 "GET /v2.0/ports/cd1d25a2-febf-4a1f-ad6c-763bf0bf8ffd HTTP/1.1" status: 200 len: 1167 time: 0.0430939
2026-05-09 14:04:25.078 9 INFO neutron.wsgi [None req-f65871bc-739b-4f81-9cf0-d3d116b5166f 3d920c5eda8f4476b439a1651041dfc0 c65a830ce99948a29caf2e7e8cbf7e8d - - default default] 10.0.0.184 "GET /v2.0/extensions/address-group HTTP/1.1" status: 200 len: 353 time: 0.0089645
2026-05-09 14:04:25.092 9 INFO neutron.wsgi [None req-7679759c-bbc4-42cc-96b2-018ae6042357 3d920c5eda8f4476b439a1651041dfc0 c65a830ce99948a29caf2e7e8cbf7e8d - - default default] 10.0.0.184 "GET /v2.0/extensions/address-scope HTTP/1.1" status: 200 len: 357 time: 0.0110738
2026-05-09 14:04:25.108 9 INFO neutron.wsgi [None req-5f725045-fc09-43fb-9bbc-4f35582d9bcc 3d920c5eda8f4476b439a1651041dfc0 c65a830ce99948a29caf2e7e8cbf7e8d - - default default] 10.0.0.184 "GET /v2.0/extensions/agent HTTP/1.1" status: 200 len: 347 time: 0.0047300
2026-05-09 14:04:25.115 9 INFO neutron.wsgi [None req-70e4b0a1-f422-4c90-a73d-69349ff12b9d 3d920c5eda8f4476b439a1651041dfc0 c65a830ce99948a29caf2e7e8cbf7e8d - - default default] 10.0.0.184 "GET /v2.0/extensions/allowed-address-pairs HTTP/1.1" status: 200 len: 378 time: 0.0045962
2026-05-09 14:04:25.127 10 INFO neutron.wsgi [None req-cd099c02-ac52-4821-a472-132ea49a57d8 3d920c5eda8f4476b439a1651041dfc0 c65a830ce99948a29caf2e7e8cbf7e8d - - default default] 10.0.0.184 "GET /v2.0/extensions/auto-allocated-topology HTTP/1.1" status: 200 len: 394 time: 0.0071232
2026-05-09 14:04:25.134 10 INFO neutron.wsgi [None req-2a5c96e5-4ffb-43f8-bdd6-6f6c6b952aed 3d920c5eda8f4476b439a1651041dfc0 c65a830ce99948a29caf2e7e8cbf7e8d - - default default] 10.0.0.184 "GET /v2.0/extensions/availability_zone HTTP/1.1" status: 200 len: 372 time: 0.0031772
2026-05-09 14:04:25.142 10 INFO neutron.wsgi [None req-1350f4cb-2eb8-4cd8-851a-40b3e576d406 3d920c5eda8f4476b439a1651041dfc0 c65a830ce99948a29caf2e7e8cbf7e8d - - default default] 10.0.0.184 "GET /v2.0/extensions/default-subnetpools HTTP/1.1" status: 200 len: 405 time: 0.0045111
2026-05-09 14:04:25.150 10 INFO neutron.wsgi [None req-6e5e738e-856d-4a1a-b730-4f5a7e8a0ad9 3d920c5eda8f4476b439a1651041dfc0 c65a830ce99948a29caf2e7e8cbf7e8d - - default default] 10.0.0.184 "GET /v2.0/extensions/dhcp_agent_scheduler HTTP/1.1" status: 200 len: 381 time: 0.0046105
2026-05-09 14:04:25.157 10 INFO neutron.wsgi [None req-38ea78b5-e68f-424d-bf88-1d712ffae736 3d920c5eda8f4476b439a1651041dfc0 c65a830ce99948a29caf2e7e8cbf7e8d - - default default] 10.0.0.184 "GET /v2.0/extensions/dns-integration HTTP/1.1" status: 200 len: 366 time: 0.0041184
2026-05-09 14:04:25.164 10 INFO neutron.wsgi [None req-ac6fd9b7-48b2-4f55-a1ce-c731dedaa2b6 3d920c5eda8f4476b439a1651041dfc0 c65a830ce99948a29caf2e7e8cbf7e8d - - default default] 10.0.0.184 "GET /v2.0/extensions/dns-domain-ports HTTP/1.1" status: 200 len: 399 time: 0.0043459
2026-05-09 14:04:25.172 10 INFO neutron.wsgi [None req-16cfdc0a-fb34-4c34-b171-2c512f7fbed9 3d920c5eda8f4476b439a1651041dfc0 c65a830ce99948a29caf2e7e8cbf7e8d - - default default] 10.0.0.184 "GET /v2.0/extensions/dns-integration-domain-keywords HTTP/1.1" status: 200 len: 477 time: 0.0045204
2026-05-09 14:04:25.178 10 INFO neutron.wsgi [None req-d70658ab-6dca-45b7-8c34-25652acb7ee6 3d920c5eda8f4476b439a1651041dfc0 c65a830ce99948a29caf2e7e8cbf7e8d - - default default] 10.0.0.184 "GET /v2.0/extensions/empty-string-filtering HTTP/1.1" status: 200 len: 413 time: 0.0037141
2026-05-09 14:04:25.187 9 INFO neutron.wsgi [None req-dfa874ef-905d-4476-b934-5f93400d6bb0 3d920c5eda8f4476b439a1651041dfc0 c65a830ce99948a29caf2e7e8cbf7e8d - - default default] 10.0.0.184 "GET /v2.0/extensions/external-net HTTP/1.1" status: 200 len: 394 time: 0.0054824
2026-05-09 14:04:25.197 10 INFO neutron.wsgi [None req-b77ea51e-ec92-4f66-9bf3-21d619f362c2 3d920c5eda8f4476b439a1651041dfc0 c65a830ce99948a29caf2e7e8cbf7e8d - - default default] 10.0.0.184 "GET /v2.0/extensions/extra_dhcp_opt HTTP/1.1" status: 200 len: 498 time: 0.0058553
2026-05-09 14:04:25.204 10 INFO neutron.wsgi [None req-69f766e3-1fee-4ccf-bb90-9ed9265c0029 3d920c5eda8f4476b439a1651041dfc0 c65a830ce99948a29caf2e7e8cbf7e8d - - default default] 10.0.0.184 "GET /v2.0/extensions/extraroute HTTP/1.1" status: 200 len: 375 time: 0.0047672
2026-05-09 14:04:25.212 10 INFO neutron.wsgi [None req-676a5c12-0a3c-412f-9ee8-4fa473a63710 3d920c5eda8f4476b439a1651041dfc0 c65a830ce99948a29caf2e7e8cbf7e8d - - default default] 10.0.0.184 "GET /v2.0/extensions/floating-ip-port-forwarding-detail HTTP/1.1" status: 200 len: 465 time: 0.0041552
2026-05-09 14:04:25.220 10 INFO neutron.wsgi [None req-f09ea572-bf7f-44d8-954f-c747b272a016 3d920c5eda8f4476b439a1651041dfc0 c65a830ce99948a29caf2e7e8cbf7e8d - - default default] 10.0.0.184 "GET /v2.0/extensions/fip-port-details HTTP/1.1" status: 200 len: 406 time: 0.0049076
2026-05-09 14:04:25.229 10 INFO neutron.wsgi [None req-e1d67182-5e3a-4969-b670-1115f6162a79 3d920c5eda8f4476b439a1651041dfc0 c65a830ce99948a29caf2e7e8cbf7e8d - - default default] 10.0.0.184 "GET /v2.0/extensions/flavors HTTP/1.1" status: 200 len: 387 time: 0.0050986
2026-05-09 14:04:25.236 10 INFO neutron.wsgi [None req-754dce6a-d39b-4a16-8615-933e52f13ca1 3d920c5eda8f4476b439a1651041dfc0 c65a830ce99948a29caf2e7e8cbf7e8d - - default default] 10.0.0.184 "GET /v2.0/extensions/floatingip-pools HTTP/1.1" status: 200 len: 382 time: 0.0039656
2026-05-09 14:04:25.243 10 INFO neutron.wsgi [None req-5933ba4d-5f0f-47e8-b582-2151d8eb523a 3d920c5eda8f4476b439a1651041dfc0 c65a830ce99948a29caf2e7e8cbf7e8d - - default default] 10.0.0.184 "GET /v2.0/extensions/ip_allocation HTTP/1.1" status: 200 len: 356 time: 0.0039442
2026-05-09 14:04:25.250 10 INFO neutron.wsgi [None req-979accfd-e732-4efd-82e5-869eb63266ee 3d920c5eda8f4476b439a1651041dfc0 c65a830ce99948a29caf2e7e8cbf7e8d - - default default] 10.0.0.184 "GET /v2.0/extensions/l2_adjacency HTTP/1.1" status: 200 len: 372 time: 0.0042214
2026-05-09 14:04:25.257 10 INFO neutron.wsgi [None req-b93875d9-f3eb-43d1-8c41-6c2c77b3a8bc 3d920c5eda8f4476b439a1651041dfc0 c65a830ce99948a29caf2e7e8cbf7e8d - - default default] 10.0.0.184 "GET /v2.0/extensions/router HTTP/1.1" status: 200 len: 450 time: 0.0040145
2026-05-09 14:04:25.266 10 INFO neutron.wsgi [None req-5289abe0-e679-47ff-800e-b31ecdccdc64 3d920c5eda8f4476b439a1651041dfc0 c65a830ce99948a29caf2e7e8cbf7e8d - - default default] 10.0.0.184 "GET /v2.0/extensions/enable-default-route-bfd HTTP/1.1" status: 200 len: 406 time: 0.0045993
2026-05-09 14:04:25.273 10 INFO neutron.wsgi [None req-072797d7-5691-45bf-b07d-fc648bd9bfad 3d920c5eda8f4476b439a1651041dfc0 c65a830ce99948a29caf2e7e8cbf7e8d - - default default] 10.0.0.184 "GET /v2.0/extensions/enable-default-route-ecmp HTTP/1.1" status: 200 len: 409 time: 0.0039659
2026-05-09 14:04:25.280 10 INFO neutron.wsgi [None req-7d3ef311-a4c7-4748-8132-02cb3b5c693f 3d920c5eda8f4476b439a1651041dfc0 c65a830ce99948a29caf2e7e8cbf7e8d - - default default] 10.0.0.184 "GET /v2.0/extensions/ext-gw-mode HTTP/1.1" status: 200 len: 462 time: 0.0041919
2026-05-09 14:04:25.288 10 INFO neutron.wsgi [None req-65fae83b-1aef-4d18-8224-0ae116623ac7 3d920c5eda8f4476b439a1651041dfc0 c65a830ce99948a29caf2e7e8cbf7e8d - - default default] 10.0.0.184 "GET /v2.0/extensions/l3-ha HTTP/1.1" status: 200 len: 360 time: 0.0038743
2026-05-09 14:04:25.292 9 INFO neutron.wsgi [req-5b4fabb0-c220-4501-8dd0-6f5ae38cdc4a req-e5ff7ac8-50e7-4a77-b21a-011ae4872e24 daf429b6f6a24fa8b21cbfc702e70419 ec60675c8ec941b2b429abbf7e0374f4 - - default default] 199.204.45.240 "GET /v2.0/subnets?network_id=4ba19687-e3e3-4176-9466-72787720ae41 HTTP/1.1" status: 200 len: 858 time: 0.0941393
2026-05-09 14:04:25.295 10 INFO neutron.wsgi [None req-901e4784-9e28-40fc-b8b6-56696c311b82 3d920c5eda8f4476b439a1651041dfc0 c65a830ce99948a29caf2e7e8cbf7e8d - - default default] 10.0.0.184 "GET /v2.0/extensions/external-gateway-multihoming HTTP/1.1" status: 200 len: 421 time: 0.0039163
2026-05-09 14:04:25.303 10 INFO neutron.wsgi [None req-60f84d9c-68de-4d4e-8f35-184a9f585076 3d920c5eda8f4476b439a1651041dfc0 c65a830ce99948a29caf2e7e8cbf7e8d - - default default] 10.0.0.184 "GET /v2.0/extensions/l3-flavors HTTP/1.1" status: 200 len: 366 time: 0.0044289
2026-05-09 14:04:25.310 10 INFO neutron.wsgi [None req-81317820-102b-4b25-bd4b-7f33aa6a87f7 3d920c5eda8f4476b439a1651041dfc0 c65a830ce99948a29caf2e7e8cbf7e8d - - default default] 10.0.0.184 "GET /v2.0/extensions/logging HTTP/1.1" status: 200 len: 407 time: 0.0042946
2026-05-09 14:04:25.318 10 INFO neutron.wsgi [None req-a61612ed-4a57-4479-b13c-cd2c39374473 3d920c5eda8f4476b439a1651041dfc0 c65a830ce99948a29caf2e7e8cbf7e8d - - default default] 10.0.0.184 "GET /v2.0/extensions/multi-provider HTTP/1.1" status: 200 len: 406 time: 0.0040019
2026-05-09 14:04:25.325 10 INFO neutron.wsgi [None req-647ece1a-4150-4794-9fdc-58fa9ccdaf53 3d920c5eda8f4476b439a1651041dfc0 c65a830ce99948a29caf2e7e8cbf7e8d - - default default] 10.0.0.184 "GET /v2.0/extensions/net-mtu HTTP/1.1" status: 200 len: 370 time: 0.0038953
2026-05-09 14:04:25.332 10 INFO neutron.wsgi [None req-4055b38c-d754-47e4-b170-5a6d64de7f03 3d920c5eda8f4476b439a1651041dfc0 c65a830ce99948a29caf2e7e8cbf7e8d - - default default] 10.0.0.184 "GET /v2.0/extensions/net-mtu-writable HTTP/1.1" status: 200 len: 401 time: 0.0037992
2026-05-09 14:04:25.340 10 INFO neutron.wsgi [None req-541ea8f9-d8a8-4cb7-a35d-9409299a189f 3d920c5eda8f4476b439a1651041dfc0 c65a830ce99948a29caf2e7e8cbf7e8d - - default default] 10.0.0.184 "GET /v2.0/extensions/network_availability_zone HTTP/1.1" status: 200 len: 394 time: 0.0043941
2026-05-09 14:04:25.349 10 INFO neutron.wsgi [None req-7b12324e-d125-432d-bf62-e1620e4d4216 3d920c5eda8f4476b439a1651041dfc0 c65a830ce99948a29caf2e7e8cbf7e8d - - default default] 10.0.0.184 "GET /v2.0/extensions/network-ip-availability HTTP/1.1" status: 200 len: 410 time: 0.0063384
2026-05-09 14:04:25.356 10 INFO neutron.wsgi [None req-ded84468-8d8f-42ce-aba8-580609f034ca 3d920c5eda8f4476b439a1651041dfc0 c65a830ce99948a29caf2e7e8cbf7e8d - - default default] 10.0.0.184 "GET /v2.0/extensions/pagination HTTP/1.1" status: 200 len: 386 time: 0.0039833
2026-05-09 14:04:25.364 10 INFO neutron.wsgi [None req-a90b333c-f819-4cf4-97b6-04c0fc54dd49 3d920c5eda8f4476b439a1651041dfc0 c65a830ce99948a29caf2e7e8cbf7e8d - - default default] 10.0.0.184 "GET /v2.0/extensions/port-device-profile HTTP/1.1" status: 200 len: 383 time: 0.0038686
2026-05-09 14:04:25.371 10 INFO neutron.wsgi [None req-22f06fe3-3daf-4ae0-853e-04cb98f90c4a 3d920c5eda8f4476b439a1651041dfc0 c65a830ce99948a29caf2e7e8cbf7e8d - - default default] 10.0.0.184 "GET /v2.0/extensions/port-mac-address-regenerate HTTP/1.1" status: 200 len: 403 time: 0.0041299
2026-05-09 14:04:25.378 10 INFO neutron.wsgi [None req-b4232640-f9a1-409b-b84a-fb5ad25f83ae 3d920c5eda8f4476b439a1651041dfc0 c65a830ce99948a29caf2e7e8cbf7e8d - - default default] 10.0.0.184 "GET /v2.0/extensions/port-numa-affinity-policy HTTP/1.1" status: 200 len: 392 time: 0.0044458
2026-05-09 14:04:25.385 10 INFO neutron.wsgi [None req-45969f0f-129e-4dd1-be2c-56a31b493676 3d920c5eda8f4476b439a1651041dfc0 c65a830ce99948a29caf2e7e8cbf7e8d - - default default] 10.0.0.184 "GET /v2.0/extensions/port-resource-request HTTP/1.1" status: 200 len: 379 time: 0.0039475
2026-05-09 14:04:25.392 10 INFO neutron.wsgi [None req-7d964bd1-a3c9-4d19-ae98-68d304581ff2 3d920c5eda8f4476b439a1651041dfc0 c65a830ce99948a29caf2e7e8cbf7e8d - - default default] 10.0.0.184 "GET /v2.0/extensions/port-resource-request-groups HTTP/1.1" status: 200 len: 465 time: 0.0043936
2026-05-09 14:04:25.399 10 INFO neutron.wsgi [None req-d6a950e4-7138-402c-90a2-af69df75a433 3d920c5eda8f4476b439a1651041dfc0 c65a830ce99948a29caf2e7e8cbf7e8d - - default default] 10.0.0.184 "GET /v2.0/extensions/binding HTTP/1.1" status: 200 len: 387 time: 0.0041325
2026-05-09 14:04:25.405 10 INFO neutron.wsgi [None req-46e4600d-6e5e-46a0-8056-087b1f1c344d 3d920c5eda8f4476b439a1651041dfc0 c65a830ce99948a29caf2e7e8cbf7e8d - - default default] 10.0.0.184 "GET /v2.0/extensions/binding-extended HTTP/1.1" status: 200 len: 406 time: 0.0038309
2026-05-09 14:04:25.416 10 INFO neutron.wsgi [None req-d7e40636-6566-4ed2-911b-a0c27dc65662 3d920c5eda8f4476b439a1651041dfc0 c65a830ce99948a29caf2e7e8cbf7e8d - - default default] 10.0.0.184 "GET /v2.0/extensions/port-security HTTP/1.1" status: 200 len: 354 time: 0.0071180
2026-05-09 14:04:25.426 10 INFO neutron.wsgi [None req-c8537e99-9604-49fe-991c-c65fe451777b 3d920c5eda8f4476b439a1651041dfc0 c65a830ce99948a29caf2e7e8cbf7e8d - - default default] 10.0.0.184 "GET /v2.0/extensions/project-id HTTP/1.1" status: 200 len: 398 time: 0.0034502
2026-05-09 14:04:25.427 9 INFO neutron.wsgi [req-5b4fabb0-c220-4501-8dd0-6f5ae38cdc4a req-3f588082-e861-4047-8ae6-7b030caffc06 daf429b6f6a24fa8b21cbfc702e70419 ec60675c8ec941b2b429abbf7e0374f4 - - default default] 199.204.45.240 "GET /v2.0/ports?device_id=57d80047-ebc5-42fc-b7a4-cb15d07fc3d5&device_owner=compute%3Anova&network_id=4ba19687-e3e3-4176-9466-72787720ae41 HTTP/1.1" status: 200 len: 1170 time: 0.1276584
2026-05-09 14:04:25.439 10 INFO neutron.wsgi [None req-90117ca7-5540-4ff2-9266-4a281ffb7419 3d920c5eda8f4476b439a1651041dfc0 c65a830ce99948a29caf2e7e8cbf7e8d - - default default] 10.0.0.184 "GET /v2.0/extensions/provider HTTP/1.1" status: 200 len: 385 time: 0.0078361
2026-05-09 14:04:25.450 10 INFO neutron.wsgi [None req-5521bf48-4ae9-4d6d-bb3d-3f847a70377f 3d920c5eda8f4476b439a1651041dfc0 c65a830ce99948a29caf2e7e8cbf7e8d - - default default] 10.0.0.184 "GET /v2.0/extensions/qos HTTP/1.1" status: 200 len: 360 time: 0.0053530
2026-05-09 14:04:25.456 10 INFO neutron.wsgi [None req-b0a8e1b5-9315-4894-b8a2-4b649d3519c6 3d920c5eda8f4476b439a1651041dfc0 c65a830ce99948a29caf2e7e8cbf7e8d - - default default] 10.0.0.184 "GET /v2.0/extensions/qos-bw-limit-direction HTTP/1.1" status: 200 len: 452 time: 0.0030732
2026-05-09 14:04:25.462 10 INFO neutron.wsgi [None req-5858da65-22ea-4532-b0de-71e185aba933 3d920c5eda8f4476b439a1651041dfc0 c65a830ce99948a29caf2e7e8cbf7e8d - - default default] 10.0.0.184 "GET /v2.0/extensions/qos-bw-minimum-ingress HTTP/1.1" status: 200 len: 445 time: 0.0035920
2026-05-09 14:04:25.470 10 INFO neutron.wsgi [None req-93716c5e-9808-4719-92b6-365c8f15ebc2 3d920c5eda8f4476b439a1651041dfc0 c65a830ce99948a29caf2e7e8cbf7e8d - - default default] 10.0.0.184 "GET /v2.0/extensions/qos-default HTTP/1.1" status: 200 len: 377 time: 0.0053775
2026-05-09 14:04:25.478 10 INFO neutron.wsgi [None req-09876f74-f694-4b0c-b49b-81a26babff14 3d920c5eda8f4476b439a1651041dfc0 c65a830ce99948a29caf2e7e8cbf7e8d - - default default] 10.0.0.184 "GET /v2.0/extensions/qos-fip HTTP/1.1" status: 200 len: 372 time: 0.0038989
2026-05-09 14:04:25.486 10 INFO neutron.wsgi [None req-5205af07-8bec-48f7-b905-16299517bc61 3d920c5eda8f4476b439a1651041dfc0 c65a830ce99948a29caf2e7e8cbf7e8d - - default default] 10.0.0.184 "GET /v2.0/extensions/qos-gateway-ip HTTP/1.1" status: 200 len: 391 time: 0.0038919
2026-05-09 14:04:25.493 10 INFO neutron.wsgi [None req-02810deb-51d2-4449-8462-0a79323fb234 3d920c5eda8f4476b439a1651041dfc0 c65a830ce99948a29caf2e7e8cbf7e8d - - default default] 10.0.0.184 "GET /v2.0/extensions/qos-port-network-policy HTTP/1.1" status: 200 len: 403 time: 0.0038686
2026-05-09 14:04:25.499 10 INFO neutron.wsgi [None req-4780da3e-6984-4ce6-8549-fe20e3491d5e 3d920c5eda8f4476b439a1651041dfc0 c65a830ce99948a29caf2e7e8cbf7e8d - - default default] 10.0.0.184 "GET /v2.0/extensions/qos-pps-minimum HTTP/1.1" status: 200 len: 397 time: 0.0041106
2026-05-09 14:04:25.507 10 INFO neutron.wsgi [None req-3ae6c38f-03e3-45f7-81c7-bec26df1f402 3d920c5eda8f4476b439a1651041dfc0 c65a830ce99948a29caf2e7e8cbf7e8d - - default default] 10.0.0.184 "GET /v2.0/extensions/qos-pps-minimum-rule-alias HTTP/1.1" status: 200 len: 471 time: 0.0039210
2026-05-09 14:04:25.516 10 INFO neutron.wsgi [None req-a82a4af3-9984-4423-aedf-597f53c6c0af 3d920c5eda8f4476b439a1651041dfc0 c65a830ce99948a29caf2e7e8cbf7e8d - - default default] 10.0.0.184 "GET /v2.0/extensions/qos-pps HTTP/1.1" status: 200 len: 389 time: 0.0047944
2026-05-09 14:04:25.524 10 INFO neutron.wsgi [None req-0b396203-6c51-44ba-82f6-47813035dd3c 3d920c5eda8f4476b439a1651041dfc0 c65a830ce99948a29caf2e7e8cbf7e8d - - default default] 10.0.0.184 "GET /v2.0/extensions/qos-rule-type-details HTTP/1.1" status: 200 len: 423 time: 0.0038838
2026-05-09 14:04:25.531 10 INFO neutron.wsgi [None req-82a8ab3e-8bcb-4de4-96d7-5e2f81b522eb 3d920c5eda8f4476b439a1651041dfc0 c65a830ce99948a29caf2e7e8cbf7e8d - - default default] 10.0.0.184 "GET /v2.0/extensions/qos-rule-type-filter HTTP/1.1" status: 200 len: 567 time: 0.0041420
2026-05-09 14:04:25.540 10 INFO neutron.wsgi [None req-ba5a0f70-c331-4dc8-96be-b3cbedffd344 3d920c5eda8f4476b439a1651041dfc0 c65a830ce99948a29caf2e7e8cbf7e8d - - default default] 10.0.0.184 "GET /v2.0/extensions/qos-rules-alias HTTP/1.1" status: 200 len: 448 time: 0.0038586
2026-05-09 14:04:25.547 10 INFO neutron.wsgi [None req-de96b56a-e41d-4946-979f-ac502d21881f 3d920c5eda8f4476b439a1651041dfc0 c65a830ce99948a29caf2e7e8cbf7e8d - - default default] 10.0.0.184 "GET /v2.0/extensions/quota-check-limit HTTP/1.1" status: 200 len: 420 time: 0.0037534
2026-05-09 14:04:25.556 10 INFO neutron.wsgi [None req-da112513-d5d2-4fdb-b157-86702920cef3 3d920c5eda8f4476b439a1651041dfc0 c65a830ce99948a29caf2e7e8cbf7e8d - - default default] 10.0.0.184 "GET /v2.0/extensions/quotas HTTP/1.1" status: 200 len: 386 time: 0.0056705
2026-05-09 14:04:25.566 10 INFO neutron.wsgi [None req-45db2853-be7b-4452-a1b2-bc1132a47bcd 3d920c5eda8f4476b439a1651041dfc0 c65a830ce99948a29caf2e7e8cbf7e8d - - default default] 10.0.0.184 "GET /v2.0/extensions/quota_details HTTP/1.1" status: 200 len: 407 time: 0.0055237
2026-05-09 14:04:25.576 10 INFO neutron.wsgi [None req-90d82082-e68d-4025-9a61-8b9aa48688fb 3d920c5eda8f4476b439a1651041dfc0 c65a830ce99948a29caf2e7e8cbf7e8d - - default default] 10.0.0.184 "GET /v2.0/extensions/rbac-policies HTTP/1.1" status: 200 len: 417 time: 0.0054770
2026-05-09 14:04:25.584 10 INFO neutron.wsgi [None req-387ae666-d5ed-4637-8b51-ac13e11d9544 3d920c5eda8f4476b439a1651041dfc0 c65a830ce99948a29caf2e7e8cbf7e8d - - default default] 10.0.0.184 "GET /v2.0/extensions/rbac-address-scope HTTP/1.1" status: 200 len: 384 time: 0.0041306
2026-05-09 14:04:25.594 10 INFO neutron.wsgi [None req-757b39c5-3463-4ffa-9d21-5f703c89edfe 3d920c5eda8f4476b439a1651041dfc0 c65a830ce99948a29caf2e7e8cbf7e8d - - default default] 10.0.0.184 "GET /v2.0/extensions/rbac-security-groups HTTP/1.1" status: 200 len: 404 time: 0.0048492
2026-05-09 14:04:25.601 10 INFO neutron.wsgi [None req-7ce210bb-ab5c-47ca-9ea2-395440c607cd 3d920c5eda8f4476b439a1651041dfc0 c65a830ce99948a29caf2e7e8cbf7e8d - - default default] 10.0.0.184 "GET /v2.0/extensions/revision-if-match HTTP/1.1" status: 200 len: 441 time: 0.0044024
2026-05-09 14:04:25.603 9 INFO neutron.db.ovn_revision_numbers_db [None req-f376e796-7fd5-4ea7-8191-c7f4ed103bbe 90da3b8b0736454e8d9e58586e3c514b d6bfba74f7c849ce8c55dfac7453294a - - default default] Successfully bumped revision number for resource f5319979-0b1b-4433-b96e-75a6d280af26 (type: floatingips) to -1
2026-05-09 14:04:25.609 10 INFO neutron.wsgi [None req-e0a7a0c7-68e2-400b-9c01-513008d8cc97 3d920c5eda8f4476b439a1651041dfc0 c65a830ce99948a29caf2e7e8cbf7e8d - - default default] 10.0.0.184 "GET /v2.0/extensions/standard-attr-revisions HTTP/1.1" status: 200 len: 423 time: 0.0040200
2026-05-09 14:04:25.616 10 INFO neutron.wsgi [None req-a3b8c629-cf92-4694-9400-52a6791562bb 3d920c5eda8f4476b439a1651041dfc0 c65a830ce99948a29caf2e7e8cbf7e8d - - default default] 10.0.0.184 "GET /v2.0/extensions/router_availability_zone HTTP/1.1" status: 200 len: 391 time: 0.0039740
2026-05-09 14:04:25.623 10 INFO neutron.wsgi [None req-119ecad8-bdc5-4f35-8b42-69cea4f5c898 3d920c5eda8f4476b439a1651041dfc0 c65a830ce99948a29caf2e7e8cbf7e8d - - default default] 10.0.0.184 "GET /v2.0/extensions/security-groups-default-rules HTTP/1.1" status: 200 len: 456 time: 0.0040317
2026-05-09 14:04:25.635 10 INFO neutron.wsgi [None req-8f58c6c1-91ce-4630-b0b2-b656217b8a06 3d920c5eda8f4476b439a1651041dfc0 c65a830ce99948a29caf2e7e8cbf7e8d - - default default] 10.0.0.184 "GET /v2.0/extensions/security-groups-normalized-cidr HTTP/1.1" status: 200 len: 445 time: 0.0077484
2026-05-09 14:04:25.643 10 INFO neutron.wsgi [None req-54014ba4-8e10-4289-9068-4d3d2eaebc51 3d920c5eda8f4476b439a1651041dfc0 c65a830ce99948a29caf2e7e8cbf7e8d - - default default] 10.0.0.184 "GET /v2.0/extensions/security-groups-remote-address-group HTTP/1.1" status: 200 len: 448 time: 0.0030520
2026-05-09 14:04:25.651 10 INFO neutron.wsgi [None req-1729a3b3-6e10-44a8-adcc-9ae068e72c80 3d920c5eda8f4476b439a1651041dfc0 c65a830ce99948a29caf2e7e8cbf7e8d - - default default] 10.0.0.184 "GET /v2.0/extensions/security-groups-rules-belongs-to-default-sg HTTP/1.1" status: 200 len: 508 time: 0.0041840
2026-05-09 14:04:25.658 10 INFO neutron.wsgi [None req-41f66d5a-fff7-416d-9db9-592250cd107e 3d920c5eda8f4476b439a1651041dfc0 c65a830ce99948a29caf2e7e8cbf7e8d - - default default] 10.0.0.184 "GET /v2.0/extensions/security-groups-shared-filtering HTTP/1.1" status: 200 len: 435 time: 0.0040197
2026-05-09 14:04:25.668 9 INFO neutron.wsgi [None req-7c17c57b-703a-4ed1-8f8f-05a11ecb2962 3d920c5eda8f4476b439a1651041dfc0 c65a830ce99948a29caf2e7e8cbf7e8d - - default default] 10.0.0.184 "GET /v2.0/extensions/security-group HTTP/1.1" status: 200 len: 364 time: 0.0062075
2026-05-09 14:04:25.680 10 INFO neutron.wsgi [None req-cf3b3515-8c7b-4a3d-a909-bde725819925 3d920c5eda8f4476b439a1651041dfc0 c65a830ce99948a29caf2e7e8cbf7e8d - - default default] 10.0.0.184 "GET /v2.0/extensions/segment HTTP/1.1" status: 200 len: 339 time: 0.0070250
2026-05-09 14:04:25.687 10 INFO neutron.wsgi [None req-260624fc-c2a3-47a3-9505-361a198f740b 3d920c5eda8f4476b439a1651041dfc0 c65a830ce99948a29caf2e7e8cbf7e8d - - default default] 10.0.0.184 "GET /v2.0/extensions/segments-peer-subnet-host-routes HTTP/1.1" status: 200 len: 427 time: 0.0042579
