2026-05-09 14:04:41.361 9 WARNING neutron.api.rpc.agentnotifiers.dhcp_rpc_agent_api [None req-9467bdb2-0d21-4cef-a40a-41189568867b 11439c5de30f4378af70b699de99382c 400541b9643749809a3d289847fed025 - - default default] Unable to schedule network 81432ffd-7ad2-4432-a7a4-8c1666fdcc0d: no agents available; will retry on subsequent port and subnet creation events.
2026-05-09 14:04:41.439 9 INFO neutron.db.ovn_revision_numbers_db [None req-9467bdb2-0d21-4cef-a40a-41189568867b 11439c5de30f4378af70b699de99382c 400541b9643749809a3d289847fed025 - - default default] Successfully bumped revision number for resource d3bc99ee-52be-48bd-ad09-9ea9f454e218 (type: ports) to 1
2026-05-09 14:04:41.462 9 INFO neutron.wsgi [None req-9467bdb2-0d21-4cef-a40a-41189568867b 11439c5de30f4378af70b699de99382c 400541b9643749809a3d289847fed025 - - default default] 10.0.0.184 "POST /v2.0/networks HTTP/1.1" status: 201 len: 851 time: 0.5703390
2026-05-09 14:04:41.472 9 WARNING neutron_lib.context [None req-6f41dd17-6da2-461f-a122-cdc88e2c2d05 11439c5de30f4378af70b699de99382c 400541b9643749809a3d289847fed025 - - default default] Method 'is_advsvc' is deprecated since 2023.2 release (neutron-lib 3.8.0) and will be removed once support for the old RBAC API policies will be removed from Neutron. Please use method 'is_service_role' instead.
2026-05-09 14:04:41.562 9 INFO neutron.db.segments_db [None req-6f41dd17-6da2-461f-a122-cdc88e2c2d05 11439c5de30f4378af70b699de99382c 400541b9643749809a3d289847fed025 - - default default] Added segment 8b2b1543-8fb7-430f-bb7d-b383aaa7c9ca of type geneve for network 6d944c98-349d-490f-bbfc-11819b3ff33b
2026-05-09 14:04:41.577 10 WARNING neutron.scheduler.dhcp_agent_scheduler [None req-15c674eb-f8e7-4bb6-876b-a69cb8807530 c3b9a77d1ed64fbfb5db052ac30ebf3c c0626fd3503a4e2f8ccff31424f1c54f - - default default] No more DHCP agents
2026-05-09 14:04:41.580 10 WARNING neutron.api.rpc.agentnotifiers.dhcp_rpc_agent_api [None req-15c674eb-f8e7-4bb6-876b-a69cb8807530 c3b9a77d1ed64fbfb5db052ac30ebf3c c0626fd3503a4e2f8ccff31424f1c54f - - default default] Unable to schedule network 79fd4b20-aacc-47a6-820c-92bf0764c82f: no agents available; will retry on subsequent port and subnet creation events.
2026-05-09 14:04:41.597 9 INFO neutron.wsgi [req-c3795eca-efbb-4b50-9dc8-f39ee94f708d req-9c6bae36-c804-447c-a00c-54f1cc899241 7481447b76464c98b47dd0b892cbe325 9f463f90f4f04e52a229975edc824e3f - - 55ab48c9f52240d1b556d00c1ae2d508 55ab48c9f52240d1b556d00c1ae2d508] 10.0.0.19 "GET /v2.0/ports?device_id=f95ed7ca-ddb6-4248-a729-9dff8b442e3c HTTP/1.1" status: 200 len: 1409 time: 0.0458534
2026-05-09 14:04:41.651 9 INFO neutron.wsgi [req-c3795eca-efbb-4b50-9dc8-f39ee94f708d req-b1480691-d9dd-473c-91b3-31d8c1bf70f0 7481447b76464c98b47dd0b892cbe325 9f463f90f4f04e52a229975edc824e3f - - 55ab48c9f52240d1b556d00c1ae2d508 55ab48c9f52240d1b556d00c1ae2d508] 10.0.0.19 "GET /v2.0/security-groups?id=d2ffb224-207a-4e31-b7e6-e600da2d8778&fields=id&fields=name HTTP/1.1" status: 200 len: 313 time: 0.0479844
2026-05-09 14:04:41.716 9 INFO neutron.db.ovn_revision_numbers_db [None req-6f41dd17-6da2-461f-a122-cdc88e2c2d05 11439c5de30f4378af70b699de99382c 400541b9643749809a3d289847fed025 - - default default] Successfully bumped revision number for resource 6d944c98-349d-490f-bbfc-11819b3ff33b (type: networks) to 1
2026-05-09 14:04:41.893 9 WARNING neutron.scheduler.dhcp_agent_scheduler [None req-6f41dd17-6da2-461f-a122-cdc88e2c2d05 11439c5de30f4378af70b699de99382c 400541b9643749809a3d289847fed025 - - default default] No more DHCP agents
2026-05-09 14:04:41.895 9 WARNING neutron.api.rpc.agentnotifiers.dhcp_rpc_agent_api [None req-6f41dd17-6da2-461f-a122-cdc88e2c2d05 11439c5de30f4378af70b699de99382c 400541b9643749809a3d289847fed025 - - default default] Unable to schedule network 6d944c98-349d-490f-bbfc-11819b3ff33b: no agents available; will retry on subsequent port and subnet creation events.
2026-05-09 14:04:41.978 9 INFO neutron.db.ovn_revision_numbers_db [None req-6f41dd17-6da2-461f-a122-cdc88e2c2d05 11439c5de30f4378af70b699de99382c 400541b9643749809a3d289847fed025 - - default default] Successfully bumped revision number for resource 3f84f682-c821-455d-bddd-6ee53e9023a9 (type: ports) to 1
2026-05-09 14:04:41.999 9 INFO neutron.wsgi [None req-6f41dd17-6da2-461f-a122-cdc88e2c2d05 11439c5de30f4378af70b699de99382c 400541b9643749809a3d289847fed025 - - default default] 10.0.0.184 "POST /v2.0/networks HTTP/1.1" status: 201 len: 852 time: 0.5313945
2026-05-09 14:04:42.325 10 INFO neutron.plugins.ml2.drivers.ovn.mech_driver.ovsdb.commands [None req-8761dc14-8a11-416d-94e9-631aeba88c02 - - - - - -] Schedule LRP lrp-3bfd9592-0876-4c0b-b2c4-deeff41c5f16 on gateway c9843b10-cff7-4fdd-b14a-52a57aef6c93 with priority 1
2026-05-09 14:04:42.340 10 INFO neutron.plugins.ml2.drivers.ovn.mech_driver.mech_driver [None req-69427717-af26-4687-9a49-940a29f799c4 - - - - - -] OVN reports status up for port: 3bfd9592-0876-4c0b-b2c4-deeff41c5f16
2026-05-09 14:04:42.363 10 INFO neutron.plugins.ml2.drivers.ovn.mech_driver.ovsdb.ovsdb_monitor [None req-f3bfbbaf-2641-4f09-800b-b65640d0ef09 - - - - - -] Router 14747bbe-90ef-4474-bd74-95f3721e316f is bound to host instance
2026-05-09 14:04:42.375 10 INFO neutron.plugins.ml2.plugin [None req-69427717-af26-4687-9a49-940a29f799c4 - - - - - -] Attempt 1 to provision port 3bfd9592-0876-4c0b-b2c4-deeff41c5f16
2026-05-09 14:04:42.434 10 INFO neutron.db.ovn_revision_numbers_db [None req-5704dcb5-994e-4828-870d-c77c8c5243c9 753280bc916d47ae887db1fab82e6bd2 eee0c6a25d6a4e0380da27db6e0b54a5 - - default default] Successfully bumped revision number for resource 3bfd9592-0876-4c0b-b2c4-deeff41c5f16 (type: router_ports) to 1
2026-05-09 14:04:42.477 9 WARNING neutron_lib.context [None req-80aa710e-366e-449e-b0b3-c6a6a83c74fb 11439c5de30f4378af70b699de99382c 400541b9643749809a3d289847fed025 - - default default] Method 'is_advsvc' is deprecated since 2023.2 release (neutron-lib 3.8.0) and will be removed once support for the old RBAC API policies will be removed from Neutron. Please use method 'is_service_role' instead.
2026-05-09 14:04:42.514 9 WARNING neutron_lib.context [None req-80aa710e-366e-449e-b0b3-c6a6a83c74fb 11439c5de30f4378af70b699de99382c 400541b9643749809a3d289847fed025 - - default default] Method 'is_advsvc' is deprecated since 2023.2 release (neutron-lib 3.8.0) and will be removed once support for the old RBAC API policies will be removed from Neutron. Please use method 'is_service_role' instead.
2026-05-09 14:04:42.544 10 INFO neutron.db.ovn_revision_numbers_db [None req-15c674eb-f8e7-4bb6-876b-a69cb8807530 c3b9a77d1ed64fbfb5db052ac30ebf3c c0626fd3503a4e2f8ccff31424f1c54f - - default default] Successfully bumped revision number for resource 66e01e70-9bda-4b94-bdf1-ebe9d9f1ecc8 (type: ports) to 2
2026-05-09 14:04:42.607 10 INFO neutron.db.ovn_revision_numbers_db [None req-5704dcb5-994e-4828-870d-c77c8c5243c9 753280bc916d47ae887db1fab82e6bd2 eee0c6a25d6a4e0380da27db6e0b54a5 - - default default] Successfully bumped revision number for resource 14747bbe-90ef-4474-bd74-95f3721e316f (type: routers) to 2
2026-05-09 14:04:42.642 10 INFO neutron.wsgi [None req-5704dcb5-994e-4828-870d-c77c8c5243c9 753280bc916d47ae887db1fab82e6bd2 eee0c6a25d6a4e0380da27db6e0b54a5 - - default default] 10.0.0.184 "POST /v2.0/routers HTTP/1.1" status: 201 len: 1172 time: 2.0597045
2026-05-09 14:04:42.643 10 INFO neutron.db.ovn_revision_numbers_db [None req-15c674eb-f8e7-4bb6-876b-a69cb8807530 c3b9a77d1ed64fbfb5db052ac30ebf3c c0626fd3503a4e2f8ccff31424f1c54f - - default default] Successfully bumped revision number for resource 3052731f-bce7-4f48-826f-6da9f7ba603f (type: subnets) to 0
2026-05-09 14:04:42.667 10 INFO neutron.wsgi [None req-15c674eb-f8e7-4bb6-876b-a69cb8807530 c3b9a77d1ed64fbfb5db052ac30ebf3c c0626fd3503a4e2f8ccff31424f1c54f - - default default] 10.0.0.184 "POST /v2.0/subnets HTTP/1.1" status: 201 len: 801 time: 1.4301720
2026-05-09 14:04:42.676 10 WARNING neutron_lib.context [None req-4e441c9e-84cb-481d-bd46-80f8017f0281 c3b9a77d1ed64fbfb5db052ac30ebf3c c0626fd3503a4e2f8ccff31424f1c54f - - default default] Method 'is_advsvc' is deprecated since 2023.2 release (neutron-lib 3.8.0) and will be removed once support for the old RBAC API policies will be removed from Neutron. Please use method 'is_service_role' instead.
2026-05-09 14:04:42.988 10 WARNING neutron.scheduler.dhcp_agent_scheduler [None req-4e441c9e-84cb-481d-bd46-80f8017f0281 c3b9a77d1ed64fbfb5db052ac30ebf3c c0626fd3503a4e2f8ccff31424f1c54f - - default default] No more DHCP agents
2026-05-09 14:04:42.990 10 WARNING neutron.api.rpc.agentnotifiers.dhcp_rpc_agent_api [None req-4e441c9e-84cb-481d-bd46-80f8017f0281 c3b9a77d1ed64fbfb5db052ac30ebf3c c0626fd3503a4e2f8ccff31424f1c54f - - default default] Unable to schedule network dc42f8ce-16ca-4b0a-b901-743a5161e4d5: no agents available; will retry on subsequent port and subnet creation events.
2026-05-09 14:04:43.012 9 WARNING neutron.scheduler.dhcp_agent_scheduler [None req-80aa710e-366e-449e-b0b3-c6a6a83c74fb 11439c5de30f4378af70b699de99382c 400541b9643749809a3d289847fed025 - - default default] No more DHCP agents
2026-05-09 14:04:43.014 9 WARNING neutron.api.rpc.agentnotifiers.dhcp_rpc_agent_api [None req-80aa710e-366e-449e-b0b3-c6a6a83c74fb 11439c5de30f4378af70b699de99382c 400541b9643749809a3d289847fed025 - - default default] Unable to schedule network 81432ffd-7ad2-4432-a7a4-8c1666fdcc0d: no agents available; will retry on subsequent port and subnet creation events.
2026-05-09 14:04:43.053 9 INFO neutron.db.ovn_revision_numbers_db [None req-80aa710e-366e-449e-b0b3-c6a6a83c74fb 11439c5de30f4378af70b699de99382c 400541b9643749809a3d289847fed025 - - default default] Successfully bumped revision number for resource d2752e43-607b-4267-8a69-2610799df183 (type: subnets) to 0
2026-05-09 14:04:43.085 9 WARNING neutron.scheduler.dhcp_agent_scheduler [None req-80aa710e-366e-449e-b0b3-c6a6a83c74fb 11439c5de30f4378af70b699de99382c 400541b9643749809a3d289847fed025 - - default default] No more DHCP agents
2026-05-09 14:04:43.088 9 WARNING neutron.api.rpc.agentnotifiers.dhcp_rpc_agent_api [None req-80aa710e-366e-449e-b0b3-c6a6a83c74fb 11439c5de30f4378af70b699de99382c 400541b9643749809a3d289847fed025 - - default default] Unable to schedule network 6d944c98-349d-490f-bbfc-11819b3ff33b: no agents available; will retry on subsequent port and subnet creation events.
2026-05-09 14:04:43.125 9 INFO neutron.db.ovn_revision_numbers_db [None req-80aa710e-366e-449e-b0b3-c6a6a83c74fb 11439c5de30f4378af70b699de99382c 400541b9643749809a3d289847fed025 - - default default] Successfully bumped revision number for resource fb1b2f4f-c850-45ea-abd2-091c017650ac (type: subnets) to 0
2026-05-09 14:04:43.151 9 INFO neutron.wsgi [None req-80aa710e-366e-449e-b0b3-c6a6a83c74fb 11439c5de30f4378af70b699de99382c 400541b9643749809a3d289847fed025 - - default default] 10.0.0.184 "POST /v2.0/subnets HTTP/1.1" status: 201 len: 1476 time: 0.6803186
2026-05-09 14:04:43.224 9 INFO neutron.wsgi [None req-3373d233-f63a-4099-ae33-3aa3dc6d2d40 11439c5de30f4378af70b699de99382c 400541b9643749809a3d289847fed025 - - default default] 10.0.0.184 "GET /v2.0/subnets HTTP/1.1" status: 200 len: 2084 time: 0.0676844
2026-05-09 14:04:43.322 9 WARNING neutron.scheduler.dhcp_agent_scheduler [None req-fafaf231-cc3a-48a2-8ab6-d31be4a61efa 753280bc916d47ae887db1fab82e6bd2 eee0c6a25d6a4e0380da27db6e0b54a5 - - default default] No more DHCP agents
2026-05-09 14:04:43.325 9 WARNING neutron.api.rpc.agentnotifiers.dhcp_rpc_agent_api [None req-fafaf231-cc3a-48a2-8ab6-d31be4a61efa 753280bc916d47ae887db1fab82e6bd2 eee0c6a25d6a4e0380da27db6e0b54a5 - - default default] Unable to schedule network 6310061b-90fb-4dca-a3c5-28f1dcece194: no agents available; will retry on subsequent port and subnet creation events.
2026-05-09 14:04:43.494 9 INFO neutron.db.ovn_revision_numbers_db [None req-fafaf231-cc3a-48a2-8ab6-d31be4a61efa 753280bc916d47ae887db1fab82e6bd2 eee0c6a25d6a4e0380da27db6e0b54a5 - - default default] Successfully bumped revision number for resource ce661c4d-a543-4a72-8b35-360d1e5ca330 (type: ports) to 1
2026-05-09 14:04:43.700 10 INFO neutron.db.ovn_revision_numbers_db [None req-f3bfbbaf-2641-4f09-800b-b65640d0ef09 - - - - - -] Successfully bumped revision number for resource 3bfd9592-0876-4c0b-b2c4-deeff41c5f16 (type: ports) to 1
2026-05-09 14:04:43.774 10 INFO neutron.wsgi [None req-f5ad37f5-e919-4b2b-835f-2474cec9c95b 11439c5de30f4378af70b699de99382c 400541b9643749809a3d289847fed025 - - default default] 10.0.0.184 "DELETE /v2.0/subnets/d2752e43-607b-4267-8a69-2610799df183 HTTP/1.1" status: 204 len: 168 time: 0.5358846
2026-05-09 14:04:44.024 10 INFO neutron.db.ovn_revision_numbers_db [None req-4e441c9e-84cb-481d-bd46-80f8017f0281 c3b9a77d1ed64fbfb5db052ac30ebf3c c0626fd3503a4e2f8ccff31424f1c54f - - default default] Successfully bumped revision number for resource c955e2f3-400a-44c0-b118-02d00cc7352e (type: ports) to 2
2026-05-09 14:04:44.095 10 INFO neutron.db.ovn_revision_numbers_db [None req-4e441c9e-84cb-481d-bd46-80f8017f0281 c3b9a77d1ed64fbfb5db052ac30ebf3c c0626fd3503a4e2f8ccff31424f1c54f - - default default] Successfully bumped revision number for resource c0b1726b-97bd-4f58-bf97-19411c17a4f0 (type: subnets) to 0
2026-05-09 14:04:44.111 10 INFO neutron.wsgi [None req-4e441c9e-84cb-481d-bd46-80f8017f0281 c3b9a77d1ed64fbfb5db052ac30ebf3c c0626fd3503a4e2f8ccff31424f1c54f - - default default] 10.0.0.184 "POST /v2.0/subnets HTTP/1.1" status: 201 len: 801 time: 1.4391458
2026-05-09 14:04:44.130 10 WARNING neutron_lib.context [None req-9ed72b9c-b9f9-488e-92cc-db259b0f058b c3b9a77d1ed64fbfb5db052ac30ebf3c c0626fd3503a4e2f8ccff31424f1c54f - - default default] Method 'is_advsvc' is deprecated since 2023.2 release (neutron-lib 3.8.0) and will be removed once support for the old RBAC API policies will be removed from Neutron. Please use method 'is_service_role' instead.
2026-05-09 14:04:44.155 10 INFO neutron.wsgi [None req-7583a9b3-928f-42e6-9ec5-e3eafc73f45d 11439c5de30f4378af70b699de99382c 400541b9643749809a3d289847fed025 - - default default] 10.0.0.184 "DELETE /v2.0/subnets/fb1b2f4f-c850-45ea-abd2-091c017650ac HTTP/1.1" status: 204 len: 168 time: 0.3722777
2026-05-09 14:04:44.234 9 INFO neutron.wsgi [None req-72150ec3-f6b9-4c06-ac44-b04271edcb73 11439c5de30f4378af70b699de99382c 400541b9643749809a3d289847fed025 - - default default] 10.0.0.184 "GET /v2.0/subnets HTTP/1.1" status: 200 len: 820 time: 0.0540740
2026-05-09 14:04:44.288 10 INFO neutron.db.ovn_revision_numbers_db [None req-9ed72b9c-b9f9-488e-92cc-db259b0f058b c3b9a77d1ed64fbfb5db052ac30ebf3c c0626fd3503a4e2f8ccff31424f1c54f - - default default] Successfully bumped revision number for resource 7dafb87b-e88d-4210-ac45-df96f2a73cd2 (type: routers) to 1
2026-05-09 14:04:44.292 9 ERROR ovsdbapp.backend.ovs_idl.command [None req-fafaf231-cc3a-48a2-8ab6-d31be4a61efa 753280bc916d47ae887db1fab82e6bd2 eee0c6a25d6a4e0380da27db6e0b54a5 - - default default] Error executing command (DbGetCommand): ovsdbapp.backend.ovs_idl.idlutils.RowNotFound: Cannot find Logical_Router_Port with name=lrp-ce661c4d-a543-4a72-8b35-360d1e5ca330
2026-05-09 14:04:44.292 9 ERROR ovsdbapp.backend.ovs_idl.command
Traceback (most recent call last):
2026-05-09 14:04:44.292 9 ERROR ovsdbapp.backend.ovs_idl.command
File "/var/lib/openstack/lib/python3.10/site-packages/ovsdbapp/backend/ovs_idl/command.py", line 47, in execute
2026-05-09 14:04:44.292 9 ERROR ovsdbapp.backend.ovs_idl.command self.run_idl(None)
2026-05-09 14:04:44.292 9 ERROR ovsdbapp.backend.ovs_idl.command
File "/var/lib/openstack/lib/python3.10/site-packages/ovsdbapp/backend/ovs_idl/command.py", line 235, in run_idl
2026-05-09 14:04:44.292 9 ERROR ovsdbapp.backend.ovs_idl.command record = self.api.lookup(self.table, self.record)
2026-05-09 14:04:44.292 9 ERROR ovsdbapp.backend.ovs_idl.command
File "/var/lib/openstack/lib/python3.10/site-packages/ovsdbapp/backend/ovs_idl/__init__.py", line 184, in lookup
2026-05-09 14:04:44.292 9 ERROR ovsdbapp.backend.ovs_idl.command return self._lookup(table, record)
2026-05-09 14:04:44.292 9 ERROR ovsdbapp.backend.ovs_idl.command
File "/var/lib/openstack/lib/python3.10/site-packages/ovsdbapp/backend/ovs_idl/__init__.py", line 235, in _lookup
2026-05-09 14:04:44.292 9 ERROR ovsdbapp.backend.ovs_idl.command row = idlutils.row_by_value(self, rl.table, rl.column, record)
2026-05-09 14:04:44.292 9 ERROR ovsdbapp.backend.ovs_idl.command
File "/var/lib/openstack/lib/python3.10/site-packages/ovsdbapp/backend/ovs_idl/idlutils.py", line 114, in row_by_value
2026-05-09 14:04:44.292 9 ERROR ovsdbapp.backend.ovs_idl.command raise RowNotFound(table=table, col=column, match=match)
2026-05-09 14:04:44.292 9 ERROR ovsdbapp.backend.ovs_idl.command ovsdbapp.backend.ovs_idl.idlutils.RowNotFound: Cannot find Logical_Router_Port with name=lrp-ce661c4d-a543-4a72-8b35-360d1e5ca330
2026-05-09 14:04:44.292 9 ERROR ovsdbapp.backend.ovs_idl.command 
2026-05-09 14:04:44.292 9 ERROR neutron_lib.callbacks.manager [None req-fafaf231-cc3a-48a2-8ab6-d31be4a61efa 753280bc916d47ae887db1fab82e6bd2 eee0c6a25d6a4e0380da27db6e0b54a5 - - default default] Error during notification for neutron.services.ovn_l3.plugin.OVNL3RouterPlugin._port_update-8766159168212 port, after_update: ovsdbapp.backend.ovs_idl.idlutils.RowNotFound: Cannot find Logical_Router_Port with name=lrp-ce661c4d-a543-4a72-8b35-360d1e5ca330
2026-05-09 14:04:44.292 9 ERROR neutron_lib.callbacks.manager
Traceback (most recent call last):
2026-05-09 14:04:44.292 9 ERROR neutron_lib.callbacks.manager
File "/var/lib/openstack/lib/python3.10/site-packages/neutron_lib/callbacks/manager.py", line 189, in _notify_loop
2026-05-09 14:04:44.292 9 ERROR neutron_lib.callbacks.manager callback.method(resource, event, trigger, payload=payload)
2026-05-09 14:04:44.292 9 ERROR neutron_lib.callbacks.manager
File "/var/lib/openstack/lib/python3.10/site-packages/neutron/services/ovn_l3/plugin.py", line 391, in _port_update
2026-05-09 14:04:44.292 9 ERROR neutron_lib.callbacks.manager l3plugin._ovn_client.update_router_port(context,
2026-05-09 14:04:44.292 9 ERROR neutron_lib.callbacks.manager
File "/var/lib/openstack/lib/python3.10/site-packages/neutron/plugins/ml2/drivers/ovn/mech_driver/ovsdb/ovn_client.py", line 1878, in update_router_port
2026-05-09 14:04:44.292 9 ERROR neutron_lib.callbacks.manager self._update_lrouter_port(context, port, if_exists=if_exists,
2026-05-09 14:04:44.292 9 ERROR neutron_lib.callbacks.manager
File "/var/lib/openstack/lib/python3.10/site-packages/neutron/plugins/ml2/drivers/ovn/mech_driver/ovsdb/ovn_client.py", line 1855, in _update_lrouter_port
2026-05-09 14:04:44.292 9 ERROR neutron_lib.callbacks.manager external_ids = self._nb_idl.db_get(
2026-05-09 14:04:44.292 9 ERROR neutron_lib.callbacks.manager
File "/var/lib/openstack/lib/python3.10/site-packages/ovsdbapp/backend/ovs_idl/command.py", line 47, in execute
2026-05-09 14:04:44.292 9 ERROR neutron_lib.callbacks.manager self.run_idl(None)
2026-05-09 14:04:44.292 9 ERROR neutron_lib.callbacks.manager
File "/var/lib/openstack/lib/python3.10/site-packages/ovsdbapp/backend/ovs_idl/command.py", line 235, in run_idl
2026-05-09 14:04:44.292 9 ERROR neutron_lib.callbacks.manager record = self.api.lookup(self.table, self.record)
2026-05-09 14:04:44.292 9 ERROR neutron_lib.callbacks.manager
File "/var/lib/openstack/lib/python3.10/site-packages/ovsdbapp/backend/ovs_idl/__init__.py", line 184, in lookup
2026-05-09 14:04:44.292 9 ERROR neutron_lib.callbacks.manager return self._lookup(table, record)
2026-05-09 14:04:44.292 9 ERROR neutron_lib.callbacks.manager
File "/var/lib/openstack/lib/python3.10/site-packages/ovsdbapp/backend/ovs_idl/__init__.py", line 235, in _lookup
2026-05-09 14:04:44.292 9 ERROR neutron_lib.callbacks.manager row = idlutils.row_by_value(self, rl.table, rl.column, record)
2026-05-09 14:04:44.292 9 ERROR neutron_lib.callbacks.manager
File "/var/lib/openstack/lib/python3.10/site-packages/ovsdbapp/backend/ovs_idl/idlutils.py", line 114, in row_by_value
2026-05-09 14:04:44.292 9 ERROR neutron_lib.callbacks.manager raise RowNotFound(table=table, col=column, match=match)
2026-05-09 14:04:44.292 9 ERROR neutron_lib.callbacks.manager ovsdbapp.backend.ovs_idl.idlutils.RowNotFound: Cannot find Logical_Router_Port with name=lrp-ce661c4d-a543-4a72-8b35-360d1e5ca330
2026-05-09 14:04:44.292 9 ERROR neutron_lib.callbacks.manager 
2026-05-09 14:04:44.306 10 INFO neutron.wsgi [None req-9ed72b9c-b9f9-488e-92cc-db259b0f058b c3b9a77d1ed64fbfb5db052ac30ebf3c c0626fd3503a4e2f8ccff31424f1c54f - - default default] 10.0.0.184 "POST /v2.0/routers HTTP/1.1" status: 201 len: 801 time: 0.1792581
2026-05-09 14:04:44.329 10 INFO neutron.db.ovn_revision_numbers_db [None req-f3bfbbaf-2641-4f09-800b-b65640d0ef09 - - - - - -] Successfully bumped revision number for resource 3bfd9592-0876-4c0b-b2c4-deeff41c5f16 (type: router_ports) to 3
2026-05-09 14:04:44.541 10 INFO neutron.db.ovn_revision_numbers_db [None req-f3bfbbaf-2641-4f09-800b-b65640d0ef09 - - - - - -] Successfully bumped revision number for resource 3bfd9592-0876-4c0b-b2c4-deeff41c5f16 (type: ports) to 2
2026-05-09 14:04:44.781 9 INFO neutron.db.ovn_revision_numbers_db [None req-fafaf231-cc3a-48a2-8ab6-d31be4a61efa 753280bc916d47ae887db1fab82e6bd2 eee0c6a25d6a4e0380da27db6e0b54a5 - - default default] Successfully bumped revision number for resource ce661c4d-a543-4a72-8b35-360d1e5ca330 (type: ports) to 1
2026-05-09 14:04:44.931 9 WARNING neutron.scheduler.dhcp_agent_scheduler [None req-fafaf231-cc3a-48a2-8ab6-d31be4a61efa 753280bc916d47ae887db1fab82e6bd2 eee0c6a25d6a4e0380da27db6e0b54a5 - - default default] No more DHCP agents
2026-05-09 14:04:44.934 9 WARNING neutron.api.rpc.agentnotifiers.dhcp_rpc_agent_api [None req-fafaf231-cc3a-48a2-8ab6-d31be4a61efa 753280bc916d47ae887db1fab82e6bd2 eee0c6a25d6a4e0380da27db6e0b54a5 - - default default] Unable to schedule network 6310061b-90fb-4dca-a3c5-28f1dcece194: no agents available; will retry on subsequent port and subnet creation events.
2026-05-09 14:04:44.954 10 INFO neutron.db.ovn_revision_numbers_db [None req-f3bfbbaf-2641-4f09-800b-b65640d0ef09 - - - - - -] Successfully bumped revision number for resource 3bfd9592-0876-4c0b-b2c4-deeff41c5f16 (type: ports) to 4
2026-05-09 14:04:44.959 9 INFO neutron.services.segments.plugin [-] Segment 8b2b1543-8fb7-430f-bb7d-b383aaa7c9ca resource provider aggregate not found
2026-05-09 14:04:44.973 9 INFO neutron.services.segments.plugin [-] Segment 8b2b1543-8fb7-430f-bb7d-b383aaa7c9ca resource provider aggregate not found
2026-05-09 14:04:44.981 9 INFO neutron.services.segments.plugin [-] Segment 8b2b1543-8fb7-430f-bb7d-b383aaa7c9ca resource provider not found; error: Placement Client Error (4xx): {"errors": [{"status": 404, "title": "Not Found", "detail": "The resource could not be found.\n\n No resource provider with uuid 8b2b1543-8fb7-430f-bb7d-b383aaa7c9ca found for delete ", "request_id": "req-ecefdf43-4073-45aa-a04c-8fa792f20e02"}]}
2026-05-09 14:04:45.011 9 INFO neutron.services.segments.plugin [-] Segment 8b2b1543-8fb7-430f-bb7d-b383aaa7c9ca resource provider not found; error: Placement Client Error (4xx): {"errors": [{"status": 404, "title": "Not Found", "detail": "The resource could not be found.\n\n No resource provider with uuid 8b2b1543-8fb7-430f-bb7d-b383aaa7c9ca found for delete ", "request_id": "req-cea0881d-2a66-4063-be64-31d69c9f2aaf"}]}
2026-05-09 14:04:45.079 9 INFO neutron.wsgi [None req-031d2456-fc83-40ad-a623-dd9f330ffc7b 11439c5de30f4378af70b699de99382c 400541b9643749809a3d289847fed025 - - default default] 10.0.0.184 "DELETE /v2.0/networks/6d944c98-349d-490f-bbfc-11819b3ff33b HTTP/1.1" status: 204 len: 168 time: 0.8373368
2026-05-09 14:04:45.136 9 WARNING neutron.scheduler.dhcp_agent_scheduler [None req-34b06521-1c81-43df-ade3-6ec75ac5edad c3b9a77d1ed64fbfb5db052ac30ebf3c c0626fd3503a4e2f8ccff31424f1c54f - - default default] No more DHCP agents
2026-05-09 14:04:45.143 9 WARNING neutron.api.rpc.agentnotifiers.dhcp_rpc_agent_api [None req-34b06521-1c81-43df-ade3-6ec75ac5edad c3b9a77d1ed64fbfb5db052ac30ebf3c c0626fd3503a4e2f8ccff31424f1c54f - - default default] Unable to schedule network 79fd4b20-aacc-47a6-820c-92bf0764c82f: no agents available; will retry on subsequent port and subnet creation events.
2026-05-09 14:04:45.241 10 INFO neutron.db.ovn_revision_numbers_db [None req-f3bfbbaf-2641-4f09-800b-b65640d0ef09 - - - - - -] Successfully bumped revision number for resource 3bfd9592-0876-4c0b-b2c4-deeff41c5f16 (type: router_ports) to 4
2026-05-09 14:04:45.507 10 INFO neutron.plugins.ml2.drivers.ovn.mech_driver.mech_driver [None req-69427717-af26-4687-9a49-940a29f799c4 - - - - - -] OVN reports status up for port: ce661c4d-a543-4a72-8b35-360d1e5ca330
2026-05-09 14:04:45.515 10 INFO neutron.plugins.ml2.plugin [None req-69427717-af26-4687-9a49-940a29f799c4 - - - - - -] Attempt 1 to provision port ce661c4d-a543-4a72-8b35-360d1e5ca330
2026-05-09 14:04:45.735 9 INFO neutron.db.ovn_revision_numbers_db [None req-34b06521-1c81-43df-ade3-6ec75ac5edad c3b9a77d1ed64fbfb5db052ac30ebf3c c0626fd3503a4e2f8ccff31424f1c54f - - default default] Successfully bumped revision number for resource 018e9c88-0688-4a66-a1dd-0464f0e6fa1f (type: ports) to 1
2026-05-09 14:04:45.755 10 INFO neutron.wsgi [req-78582b31-299b-4208-84ee-3df8dee82b1b req-b6703439-17ef-4d70-8b6b-d66ff275123e e7b3ef6e65e442d0a41122410242a094 010dea3c2467440ba7da0b14a94e5ca2 - - default default] 10.0.0.117 "GET /v2.0/ports?device_id=f95ed7ca-ddb6-4248-a729-9dff8b442e3c HTTP/1.1" status: 200 len: 1170 time: 0.1087480
2026-05-09 14:04:45.810 10 INFO neutron.wsgi [req-78582b31-299b-4208-84ee-3df8dee82b1b req-b41937a0-d56d-40e6-acf4-3b42e76853b3 e7b3ef6e65e442d0a41122410242a094 010dea3c2467440ba7da0b14a94e5ca2 - - default default] 10.0.0.117 "GET /v2.0/security-groups?id=d2ffb224-207a-4e31-b7e6-e600da2d8778&fields=id&fields=name HTTP/1.1" status: 200 len: 313 time: 0.0467889
2026-05-09 14:04:45.995 10 INFO neutron.db.ovn_revision_numbers_db [None req-69427717-af26-4687-9a49-940a29f799c4 - - - - - -] Successfully bumped revision number for resource ce661c4d-a543-4a72-8b35-360d1e5ca330 (type: ports) to 2
2026-05-09 14:04:46.155 9 INFO neutron.wsgi [None req-2fa5dfb6-db48-42fb-9f56-51aa94dbff85 11439c5de30f4378af70b699de99382c 400541b9643749809a3d289847fed025 - - default default] 10.0.0.184 "DELETE /v2.0/networks/81432ffd-7ad2-4432-a7a4-8c1666fdcc0d HTTP/1.1" status: 204 len: 168 time: 1.0673447
2026-05-09 14:04:46.274 10 INFO neutron.wsgi [req-a7a29a55-3924-4327-9053-dcaf06d6920a req-fb790c56-b410-4317-ab48-a6f2b7da63da e7b3ef6e65e442d0a41122410242a094 010dea3c2467440ba7da0b14a94e5ca2 - - default default] 10.0.0.117 "GET /v2.0/ports?device_id=f95ed7ca-ddb6-4248-a729-9dff8b442e3c HTTP/1.1" status: 200 len: 1170 time: 0.2971847
2026-05-09 14:04:46.346 10 INFO neutron.wsgi [req-a7a29a55-3924-4327-9053-dcaf06d6920a req-32f065a2-f993-43c2-9b94-2e463cfe56ce e7b3ef6e65e442d0a41122410242a094 010dea3c2467440ba7da0b14a94e5ca2 - - default default] 10.0.0.117 "GET /v2.0/security-groups?id=d2ffb224-207a-4e31-b7e6-e600da2d8778&fields=id&fields=name HTTP/1.1" status: 200 len: 313 time: 0.0623331
2026-05-09 14:04:46.398 9 INFO neutron.db.ovn_revision_numbers_db [None req-fafaf231-cc3a-48a2-8ab6-d31be4a61efa 753280bc916d47ae887db1fab82e6bd2 eee0c6a25d6a4e0380da27db6e0b54a5 - - default default] Successfully bumped revision number for resource ce661c4d-a543-4a72-8b35-360d1e5ca330 (type: router_ports) to 1
2026-05-09 14:04:46.406 9 INFO neutron.wsgi [None req-fafaf231-cc3a-48a2-8ab6-d31be4a61efa 753280bc916d47ae887db1fab82e6bd2 eee0c6a25d6a4e0380da27db6e0b54a5 - - default default] 10.0.0.184 "PUT /v2.0/routers/14747bbe-90ef-4474-bd74-95f3721e316f/add_router_interface HTTP/1.1" status: 200 len: 503 time: 3.7573860
2026-05-09 14:04:46.417 10 INFO neutron.db.ovn_revision_numbers_db [None req-69427717-af26-4687-9a49-940a29f799c4 - - - - - -] Successfully bumped revision number for resource ce661c4d-a543-4a72-8b35-360d1e5ca330 (type: router_ports) to 2
2026-05-09 14:04:46.548 9 INFO neutron.wsgi [req-2e6b2f31-4a13-4e70-9acd-ef45b5638a0e req-71df37aa-d019-41de-bffa-085791cf4907 e7b3ef6e65e442d0a41122410242a094 010dea3c2467440ba7da0b14a94e5ca2 - - default default] 199.204.45.240 "GET /v2.0/ports?device_id=f95ed7ca-ddb6-4248-a729-9dff8b442e3c HTTP/1.1" status: 200 len: 1170 time: 0.2561700
2026-05-09 14:04:46.627 9 ERROR ovsdbapp.backend.ovs_idl.command [None req-34b06521-1c81-43df-ade3-6ec75ac5edad c3b9a77d1ed64fbfb5db052ac30ebf3c c0626fd3503a4e2f8ccff31424f1c54f - - default default] Error executing command (DbGetCommand): ovsdbapp.backend.ovs_idl.idlutils.RowNotFound: Cannot find Logical_Router_Port with name=lrp-018e9c88-0688-4a66-a1dd-0464f0e6fa1f
2026-05-09 14:04:46.627 9 ERROR ovsdbapp.backend.ovs_idl.command
Traceback (most recent call last):
2026-05-09 14:04:46.627 9 ERROR ovsdbapp.backend.ovs_idl.command
File "/var/lib/openstack/lib/python3.10/site-packages/ovsdbapp/backend/ovs_idl/command.py", line 47, in execute
2026-05-09 14:04:46.627 9 ERROR ovsdbapp.backend.ovs_idl.command self.run_idl(None)
2026-05-09 14:04:46.627 9 ERROR ovsdbapp.backend.ovs_idl.command
File "/var/lib/openstack/lib/python3.10/site-packages/ovsdbapp/backend/ovs_idl/command.py", line 235, in run_idl
2026-05-09 14:04:46.627 9 ERROR ovsdbapp.backend.ovs_idl.command record = self.api.lookup(self.table, self.record)
2026-05-09 14:04:46.627 9 ERROR ovsdbapp.backend.ovs_idl.command
File "/var/lib/openstack/lib/python3.10/site-packages/ovsdbapp/backend/ovs_idl/__init__.py", line 184, in lookup
2026-05-09 14:04:46.627 9 ERROR ovsdbapp.backend.ovs_idl.command return self._lookup(table, record)
2026-05-09 14:04:46.627 9 ERROR ovsdbapp.backend.ovs_idl.command
File "/var/lib/openstack/lib/python3.10/site-packages/ovsdbapp/backend/ovs_idl/__init__.py", line 235, in _lookup
2026-05-09 14:04:46.627 9 ERROR ovsdbapp.backend.ovs_idl.command row = idlutils.row_by_value(self, rl.table, rl.column, record)
2026-05-09 14:04:46.627 9 ERROR ovsdbapp.backend.ovs_idl.command
File "/var/lib/openstack/lib/python3.10/site-packages/ovsdbapp/backend/ovs_idl/idlutils.py", line 114, in row_by_value
2026-05-09 14:04:46.627 9 ERROR ovsdbapp.backend.ovs_idl.command raise RowNotFound(table=table, col=column, match=match)
2026-05-09 14:04:46.627 9 ERROR ovsdbapp.backend.ovs_idl.command ovsdbapp.backend.ovs_idl.idlutils.RowNotFound: Cannot find Logical_Router_Port with name=lrp-018e9c88-0688-4a66-a1dd-0464f0e6fa1f
2026-05-09 14:04:46.627 9 ERROR ovsdbapp.backend.ovs_idl.command 
2026-05-09 14:04:46.628 9 ERROR neutron_lib.callbacks.manager [None req-34b06521-1c81-43df-ade3-6ec75ac5edad c3b9a77d1ed64fbfb5db052ac30ebf3c c0626fd3503a4e2f8ccff31424f1c54f - - default default] Error during notification for neutron.services.ovn_l3.plugin.OVNL3RouterPlugin._port_update-8766159168212 port, after_update: ovsdbapp.backend.ovs_idl.idlutils.RowNotFound: Cannot find Logical_Router_Port with name=lrp-018e9c88-0688-4a66-a1dd-0464f0e6fa1f
2026-05-09 14:04:46.628 9 ERROR neutron_lib.callbacks.manager
Traceback (most recent call last):
2026-05-09 14:04:46.628 9 ERROR neutron_lib.callbacks.manager
File "/var/lib/openstack/lib/python3.10/site-packages/neutron_lib/callbacks/manager.py", line 189, in _notify_loop
2026-05-09 14:04:46.628 9 ERROR neutron_lib.callbacks.manager callback.method(resource, event, trigger, payload=payload)
2026-05-09 14:04:46.628 9 ERROR neutron_lib.callbacks.manager
File "/var/lib/openstack/lib/python3.10/site-packages/neutron/services/ovn_l3/plugin.py", line 391, in _port_update
2026-05-09 14:04:46.628 9 ERROR neutron_lib.callbacks.manager l3plugin._ovn_client.update_router_port(context,
2026-05-09 14:04:46.628 9 ERROR neutron_lib.callbacks.manager
File "/var/lib/openstack/lib/python3.10/site-packages/neutron/plugins/ml2/drivers/ovn/mech_driver/ovsdb/ovn_client.py", line 1878, in update_router_port
2026-05-09 14:04:46.628 9 ERROR neutron_lib.callbacks.manager self._update_lrouter_port(context, port, if_exists=if_exists,
2026-05-09 14:04:46.628 9 ERROR neutron_lib.callbacks.manager
File "/var/lib/openstack/lib/python3.10/site-packages/neutron/plugins/ml2/drivers/ovn/mech_driver/ovsdb/ovn_client.py", line 1855, in _update_lrouter_port
2026-05-09 14:04:46.628 9 ERROR neutron_lib.callbacks.manager external_ids = self._nb_idl.db_get(
2026-05-09 14:04:46.628 9 ERROR neutron_lib.callbacks.manager
File "/var/lib/openstack/lib/python3.10/site-packages/ovsdbapp/backend/ovs_idl/command.py", line 47, in execute
2026-05-09 14:04:46.628 9 ERROR neutron_lib.callbacks.manager self.run_idl(None)
2026-05-09 14:04:46.628 9 ERROR neutron_lib.callbacks.manager
File "/var/lib/openstack/lib/python3.10/site-packages/ovsdbapp/backend/ovs_idl/command.py", line 235, in run_idl
2026-05-09 14:04:46.628 9 ERROR neutron_lib.callbacks.manager record = self.api.lookup(self.table, self.record)
2026-05-09 14:04:46.628 9 ERROR neutron_lib.callbacks.manager
File "/var/lib/openstack/lib/python3.10/site-packages/ovsdbapp/backend/ovs_idl/__init__.py", line 184, in lookup
2026-05-09 14:04:46.628 9 ERROR neutron_lib.callbacks.manager return self._lookup(table, record)
2026-05-09 14:04:46.628 9 ERROR neutron_lib.callbacks.manager
File "/var/lib/openstack/lib/python3.10/site-packages/ovsdbapp/backend/ovs_idl/__init__.py", line 235, in _lookup
2026-05-09 14:04:46.628 9 ERROR neutron_lib.callbacks.manager row = idlutils.row_by_value(self, rl.table, rl.column, record)
2026-05-09 14:04:46.628 9 ERROR neutron_lib.callbacks.manager
File "/var/lib/openstack/lib/python3.10/site-packages/ovsdbapp/backend/ovs_idl/idlutils.py", line 114, in row_by_value
2026-05-09 14:04:46.628 9 ERROR neutron_lib.callbacks.manager raise RowNotFound(table=table, col=column, match=match)
2026-05-09 14:04:46.628 9 ERROR neutron_lib.callbacks.manager ovsdbapp.backend.ovs_idl.idlutils.RowNotFound: Cannot find Logical_Router_Port with name=lrp-018e9c88-0688-4a66-a1dd-0464f0e6fa1f
2026-05-09 14:04:46.628 9 ERROR neutron_lib.callbacks.manager 
2026-05-09 14:04:46.944 10 WARNING neutron_lib.context [None req-aa563a14-ddc4-42f0-b31c-b6d998b69098 d9e8c8005a88478089a29e5f5cc2c616 f63b80c6ced446a6a8ff2a0f7287b0ab - - default default] Method 'is_advsvc' is deprecated since 2023.2 release (neutron-lib 3.8.0) and will be removed once support for the old RBAC API policies will be removed from Neutron. Please use method 'is_service_role' instead.
2026-05-09 14:04:47.020 9 INFO neutron.services.segments.plugin [-] Segment 4e00ea75-97e4-4f6c-bfad-bbfe506002ee resource provider aggregate not found
2026-05-09 14:04:47.032 9 INFO neutron.services.segments.plugin [-] Segment 4e00ea75-97e4-4f6c-bfad-bbfe506002ee resource provider aggregate not found
2026-05-09 14:04:47.062 10 INFO neutron.db.ovn_revision_numbers_db [None req-aa563a14-ddc4-42f0-b31c-b6d998b69098 d9e8c8005a88478089a29e5f5cc2c616 f63b80c6ced446a6a8ff2a0f7287b0ab - - default default] Successfully bumped revision number for resource 286a742d-1469-425e-b9f8-d6f50cae22ef (type: security_groups) to 1
2026-05-09 14:04:47.076 10 INFO neutron.db.ovn_revision_numbers_db [None req-aa563a14-ddc4-42f0-b31c-b6d998b69098 d9e8c8005a88478089a29e5f5cc2c616 f63b80c6ced446a6a8ff2a0f7287b0ab - - default default] Successfully bumped revision number for resource 699d147d-a7ad-4867-9247-c80e23693544 (type: security_group_rules) to 0
2026-05-09 14:04:47.090 10 INFO neutron.db.ovn_revision_numbers_db [None req-aa563a14-ddc4-42f0-b31c-b6d998b69098 d9e8c8005a88478089a29e5f5cc2c616 f63b80c6ced446a6a8ff2a0f7287b0ab - - default default] Successfully bumped revision number for resource 83e97c98-444a-4144-9063-0428ab8b00e9 (type: security_group_rules) to 0
2026-05-09 14:04:47.108 10 INFO neutron.wsgi [None req-aa563a14-ddc4-42f0-b31c-b6d998b69098 d9e8c8005a88478089a29e5f5cc2c616 f63b80c6ced446a6a8ff2a0f7287b0ab - - default default] 10.0.0.184 "POST /v2.0/security-groups HTTP/1.1" status: 201 len: 1860 time: 0.1716611
2026-05-09 14:04:47.119 10 WARNING neutron_lib.context [None req-8df46bcc-3bf8-4dac-bcbc-dd6e34084e14 d9e8c8005a88478089a29e5f5cc2c616 f63b80c6ced446a6a8ff2a0f7287b0ab - - default default] Method 'is_advsvc' is deprecated since 2023.2 release (neutron-lib 3.8.0) and will be removed once support for the old RBAC API policies will be removed from Neutron. Please use method 'is_service_role' instead.
2026-05-09 14:04:47.250 10 INFO neutron.db.ovn_revision_numbers_db [None req-8df46bcc-3bf8-4dac-bcbc-dd6e34084e14 d9e8c8005a88478089a29e5f5cc2c616 f63b80c6ced446a6a8ff2a0f7287b0ab - - default default] Successfully bumped revision number for resource 1b6e8b5c-30df-4930-bd37-7cd4b0f8547d (type: security_group_rules) to 0
2026-05-09 14:04:47.276 10 INFO neutron.wsgi [None req-8df46bcc-3bf8-4dac-bcbc-dd6e34084e14 d9e8c8005a88478089a29e5f5cc2c616 f63b80c6ced446a6a8ff2a0f7287b0ab - - default default] 10.0.0.184 "POST /v2.0/security-group-rules HTTP/1.1" status: 201 len: 796 time: 0.1607141
2026-05-09 14:04:47.284 10 WARNING neutron_lib.context [None req-37ddd848-4ec9-4c23-9b95-21bdfca71e4b d9e8c8005a88478089a29e5f5cc2c616 f63b80c6ced446a6a8ff2a0f7287b0ab - - default default] Method 'is_advsvc' is deprecated since 2023.2 release (neutron-lib 3.8.0) and will be removed once support for the old RBAC API policies will be removed from Neutron. Please use method 'is_service_role' instead.
2026-05-09 14:04:47.298 9 INFO neutron.services.segments.plugin [-] Segment 4e00ea75-97e4-4f6c-bfad-bbfe506002ee resource provider not found; error: Placement Client Error (4xx): {"errors": [{"status": 404, "title": "Not Found", "detail": "The resource could not be found.\n\n No resource provider with uuid 4e00ea75-97e4-4f6c-bfad-bbfe506002ee found for delete ", "request_id": "req-91a708f7-6548-40f7-8097-1791daf990de"}]}
2026-05-09 14:04:47.304 9 INFO neutron.services.segments.plugin [-] Segment 4e00ea75-97e4-4f6c-bfad-bbfe506002ee resource provider not found; error: Placement Client Error (4xx): {"errors": [{"status": 404, "title": "Not Found", "detail": "The resource could not be found.\n\n No resource provider with uuid 4e00ea75-97e4-4f6c-bfad-bbfe506002ee found for delete ", "request_id": "req-98e63335-0bb2-423d-afaa-7b474e8934d8"}]}
2026-05-09 14:04:47.323 9 INFO neutron.services.segments.plugin [-] Segment 5ec0b721-8bf4-4f5a-bde5-93d6d51b1b66 resource provider aggregate not found
2026-05-09 14:04:47.353 9 INFO neutron.services.segments.plugin [-] Segment 5ec0b721-8bf4-4f5a-bde5-93d6d51b1b66 resource provider not found; error: Placement Client Error (4xx): {"errors": [{"status": 404, "title": "Not Found", "detail": "The resource could not be found.\n\n No resource provider with uuid 5ec0b721-8bf4-4f5a-bde5-93d6d51b1b66 found for delete ", "request_id": "req-de10b145-321e-4e4d-8a72-55ab5dd0dd69"}]}
2026-05-09 14:04:47.382 9 INFO neutron.wsgi [None req-840d1dc8-b252-4324-9e22-0d1768e06dc0 11439c5de30f4378af70b699de99382c 400541b9643749809a3d289847fed025 - - default default] 10.0.0.184 "DELETE /v2.0/networks/95d0d9fd-a06d-46f1-b0e8-78fc863dbcc8 HTTP/1.1" status: 204 len: 168 time: 1.2117624
2026-05-09 14:04:47.399 9 INFO neutron.db.ovn_revision_numbers_db [None req-34b06521-1c81-43df-ade3-6ec75ac5edad c3b9a77d1ed64fbfb5db052ac30ebf3c c0626fd3503a4e2f8ccff31424f1c54f - - default default] Successfully bumped revision number for resource 018e9c88-0688-4a66-a1dd-0464f0e6fa1f (type: ports) to 1
2026-05-09 14:04:47.446 10 INFO neutron.db.ovn_revision_numbers_db [None req-37ddd848-4ec9-4c23-9b95-21bdfca71e4b d9e8c8005a88478089a29e5f5cc2c616 f63b80c6ced446a6a8ff2a0f7287b0ab - - default default] Successfully bumped revision number for resource 72171799-7d0d-48df-b120-496181aa9d0f (type: security_group_rules) to 0
2026-05-09 14:04:47.480 10 INFO neutron.wsgi [req-b803467c-0b1c-4a73-8a5a-6c7ba6c941af req-ffdfa97b-8070-4b49-b5b8-561635e38384 e7b3ef6e65e442d0a41122410242a094 010dea3c2467440ba7da0b14a94e5ca2 - - default default] 10.0.0.117 "GET /v2.0/ports?device_id=f95ed7ca-ddb6-4248-a729-9dff8b442e3c HTTP/1.1" status: 200 len: 1170 time: 0.0565622
2026-05-09 14:04:47.497 10 INFO neutron.wsgi [None req-37ddd848-4ec9-4c23-9b95-21bdfca71e4b d9e8c8005a88478089a29e5f5cc2c616 f63b80c6ced446a6a8ff2a0f7287b0ab - - default default] 10.0.0.184 "POST /v2.0/security-group-rules HTTP/1.1" status: 201 len: 801 time: 0.2168982
2026-05-09 14:04:47.505 9 INFO neutron.db.l3_db [req-2e6b2f31-4a13-4e70-9acd-ef45b5638a0e req-0c04bb3c-7d11-412c-9b73-2082a9c6ef54 e7b3ef6e65e442d0a41122410242a094 010dea3c2467440ba7da0b14a94e5ca2 - - default default] Floating IP c2e4476f-aa3c-4a56-8056-3772ab694e17 disassociated. External IP: 10.96.250.218, port: 5d9274de-8897-4ed5-8991-0b2979f32b14.
2026-05-09 14:04:47.509 9 WARNING neutron_lib.context [None req-004022e6-db70-4d8d-899c-92fcd03de9a2 d9e8c8005a88478089a29e5f5cc2c616 f63b80c6ced446a6a8ff2a0f7287b0ab - - default default] Method 'is_advsvc' is deprecated since 2023.2 release (neutron-lib 3.8.0) and will be removed once support for the old RBAC API policies will be removed from Neutron. Please use method 'is_service_role' instead.
2026-05-09 14:04:47.527 9 WARNING neutron.scheduler.dhcp_agent_scheduler [None req-34b06521-1c81-43df-ade3-6ec75ac5edad c3b9a77d1ed64fbfb5db052ac30ebf3c c0626fd3503a4e2f8ccff31424f1c54f - - default default] No more DHCP agents
2026-05-09 14:04:47.539 10 INFO neutron.wsgi [req-b803467c-0b1c-4a73-8a5a-6c7ba6c941af req-22131aa5-34b7-4aed-8997-0dcd289c39d3 e7b3ef6e65e442d0a41122410242a094 010dea3c2467440ba7da0b14a94e5ca2 - - default default] 10.0.0.117 "GET /v2.0/security-groups?id=d2ffb224-207a-4e31-b7e6-e600da2d8778&fields=id&fields=name HTTP/1.1" status: 200 len: 313 time: 0.0517883
2026-05-09 14:04:47.540 9 WARNING neutron.api.rpc.agentnotifiers.dhcp_rpc_agent_api [None req-34b06521-1c81-43df-ade3-6ec75ac5edad c3b9a77d1ed64fbfb5db052ac30ebf3c c0626fd3503a4e2f8ccff31424f1c54f - - default default] Unable to schedule network 79fd4b20-aacc-47a6-820c-92bf0764c82f: no agents available; will retry on subsequent port and subnet creation events.
2026-05-09 14:04:47.773 9 INFO neutron.wsgi [req-2e6b2f31-4a13-4e70-9acd-ef45b5638a0e req-0c04bb3c-7d11-412c-9b73-2082a9c6ef54 e7b3ef6e65e442d0a41122410242a094 010dea3c2467440ba7da0b14a94e5ca2 - - default default] 199.204.45.240 "DELETE /v2.0/ports/5d9274de-8897-4ed5-8991-0b2979f32b14 HTTP/1.1" status: 204 len: 173 time: 1.2101042
2026-05-09 14:04:47.785 9 INFO neutron.db.ovn_revision_numbers_db [None req-34b06521-1c81-43df-ade3-6ec75ac5edad c3b9a77d1ed64fbfb5db052ac30ebf3c c0626fd3503a4e2f8ccff31424f1c54f - - default default] Successfully bumped revision number for resource 018e9c88-0688-4a66-a1dd-0464f0e6fa1f (type: router_ports) to 1
2026-05-09 14:04:47.791 9 INFO neutron.wsgi [None req-34b06521-1c81-43df-ade3-6ec75ac5edad c3b9a77d1ed64fbfb5db052ac30ebf3c c0626fd3503a4e2f8ccff31424f1c54f - - default default] 10.0.0.184 "PUT /v2.0/routers/7dafb87b-e88d-4210-ac45-df96f2a73cd2/add_router_interface HTTP/1.1" status: 200 len: 503 time: 3.4778304
2026-05-09 14:04:47.807 10 INFO neutron.services.segments.plugin [-] Segment 8a913401-1c6e-448b-99b8-d4e58e023254 resource provider aggregate not found
2026-05-09 14:04:47.812 10 INFO neutron.services.segments.plugin [-] Segment 8a913401-1c6e-448b-99b8-d4e58e023254 resource provider aggregate not found
2026-05-09 14:04:47.812 9 INFO neutron.notifiers.nova [-] Nova event matching ['req-0b9aabca-b001-42c9-ae70-86490362286e'] response: {'server_uuid': 'f95ed7ca-ddb6-4248-a729-9dff8b442e3c', 'name': 'network-vif-deleted', 'tag': '5d9274de-8897-4ed5-8991-0b2979f32b14', 'status': 'completed', 'code': 200}
2026-05-09 14:04:47.839 10 INFO neutron.services.segments.plugin [-] Segment 8a913401-1c6e-448b-99b8-d4e58e023254 resource provider not found; error: Placement Client Error (4xx): {"errors": [{"status": 404, "title": "Not Found", "detail": "The resource could not be found.\n\n No resource provider with uuid 8a913401-1c6e-448b-99b8-d4e58e023254 found for delete ", "request_id": "req-2442728d-ff97-446b-9e94-7b9db3655240"}]}
2026-05-09 14:04:47.840 10 INFO neutron.services.segments.plugin [-] Segment 8a913401-1c6e-448b-99b8-d4e58e023254 resource provider not found; error: Placement Client Error (4xx): {"errors": [{"status": 404, "title": "Not Found", "detail": "The resource could not be found.\n\n No resource provider with uuid 8a913401-1c6e-448b-99b8-d4e58e023254 found for delete ", "request_id": "req-1c6eecfc-46f7-489c-83b5-c4229a312fc0"}]}
2026-05-09 14:04:47.858 10 INFO neutron.wsgi [None req-eb06313e-6f1b-46ac-b56c-6dd2be7174ba 11439c5de30f4378af70b699de99382c 400541b9643749809a3d289847fed025 - - default default] 10.0.0.184 "DELETE /v2.0/networks/dfb1a06e-b7c2-4a14-8593-8013ad40fdd8 HTTP/1.1" status: 204 len: 168 time: 0.4682817
2026-05-09 14:04:47.901 9 INFO neutron.wsgi [None req-de3b0f08-2307-483f-9986-928efc27234f c3b9a77d1ed64fbfb5db052ac30ebf3c c0626fd3503a4e2f8ccff31424f1c54f - - default default] 10.0.0.184 "GET /v2.0/ports/018e9c88-0688-4a66-a1dd-0464f0e6fa1f HTTP/1.1" status: 200 len: 1135 time: 0.1033289
2026-05-09 14:04:47.905 9 WARNING neutron.scheduler.dhcp_agent_scheduler [None req-004022e6-db70-4d8d-899c-92fcd03de9a2 d9e8c8005a88478089a29e5f5cc2c616 f63b80c6ced446a6a8ff2a0f7287b0ab - - default default] No more DHCP agents
2026-05-09 14:04:47.906 9 WARNING neutron.api.rpc.agentnotifiers.dhcp_rpc_agent_api [None req-004022e6-db70-4d8d-899c-92fcd03de9a2 d9e8c8005a88478089a29e5f5cc2c616 f63b80c6ced446a6a8ff2a0f7287b0ab - - default default] Unable to schedule network f7910759-c9cf-4aaf-a551-e509a0e2d158: no agents available; will retry on subsequent port and subnet creation events.
2026-05-09 14:04:48.563 9 INFO neutron.wsgi [None req-004022e6-db70-4d8d-899c-92fcd03de9a2 d9e8c8005a88478089a29e5f5cc2c616 f63b80c6ced446a6a8ff2a0f7287b0ab - - default default] 10.0.0.184 "POST /v2.0/floatingips HTTP/1.1" status: 201 len: 751 time: 1.0588832
2026-05-09 14:04:48.620 10 INFO neutron.wsgi [None req-a393a5e1-0d8e-4ab1-9264-0cdeb6b2cc18 753280bc916d47ae887db1fab82e6bd2 eee0c6a25d6a4e0380da27db6e0b54a5 - - default default] 10.0.0.184 "GET /v2.0/security-groups?tenant_id=400541b9643749809a3d289847fed025&name=default HTTP/1.1" status: 200 len: 3120 time: 0.1636219
2026-05-09 14:04:48.702 9 WARNING neutron.scheduler.dhcp_agent_scheduler [None req-dd59b4a7-e831-422b-afac-96d6f33f73a5 c3b9a77d1ed64fbfb5db052ac30ebf3c c0626fd3503a4e2f8ccff31424f1c54f - - default default] No more DHCP agents
2026-05-09 14:04:48.706 9 WARNING neutron.api.rpc.agentnotifiers.dhcp_rpc_agent_api [None req-dd59b4a7-e831-422b-afac-96d6f33f73a5 c3b9a77d1ed64fbfb5db052ac30ebf3c c0626fd3503a4e2f8ccff31424f1c54f - - default default] Unable to schedule network dc42f8ce-16ca-4b0a-b901-743a5161e4d5: no agents available; will retry on subsequent port and subnet creation events.
2026-05-09 14:04:48.780 10 INFO neutron.wsgi [None req-3c353cd4-f959-4ae2-825d-58320152e1e4 e7b3ef6e65e442d0a41122410242a094 010dea3c2467440ba7da0b14a94e5ca2 - - default default] 10.0.0.184 "DELETE /v2.0/security-groups/d2ffb224-207a-4e31-b7e6-e600da2d8778 HTTP/1.1" status: 204 len: 168 time: 0.1492205
2026-05-09 14:04:48.797 10 INFO neutron.api.v2.resource [None req-73828efd-6a60-4aef-af15-005cdc9c36bd e7b3ef6e65e442d0a41122410242a094 010dea3c2467440ba7da0b14a94e5ca2 - - default default] show failed (client error): The resource could not be found.
2026-05-09 14:04:48.798 10 INFO neutron.wsgi [None req-73828efd-6a60-4aef-af15-005cdc9c36bd e7b3ef6e65e442d0a41122410242a094 010dea3c2467440ba7da0b14a94e5ca2 - - default default] 10.0.0.184 "GET /v2.0/security-groups/d2ffb224-207a-4e31-b7e6-e600da2d8778 HTTP/1.1" status: 404 len: 347 time: 0.0127091
2026-05-09 14:04:48.912 9 INFO neutron.wsgi [None req-3d0d0392-29c0-4bf0-a6d9-0eb05d4e24f2 753280bc916d47ae887db1fab82e6bd2 eee0c6a25d6a4e0380da27db6e0b54a5 - - default default] 10.0.0.184 "DELETE /v2.0/security-groups/c3f378a1-dbf0-4885-9757-a661899787a0 HTTP/1.1" status: 204 len: 168 time: 0.2810559
2026-05-09 14:04:48.913 9 INFO neutron.db.ovn_revision_numbers_db [None req-dd59b4a7-e831-422b-afac-96d6f33f73a5 c3b9a77d1ed64fbfb5db052ac30ebf3c c0626fd3503a4e2f8ccff31424f1c54f - - default default] Successfully bumped revision number for resource 90c36518-c8f7-43c4-ae5b-55df767dcdb3 (type: ports) to 1
2026-05-09 14:04:49.199 10 INFO neutron.wsgi [None req-16347c69-7caa-4875-be11-6b0963ed3ee7 e7b3ef6e65e442d0a41122410242a094 010dea3c2467440ba7da0b14a94e5ca2 - - default default] 10.0.0.184 "DELETE /v2.0/floatingips/c2e4476f-aa3c-4a56-8056-3772ab694e17 HTTP/1.1" status: 204 len: 168 time: 0.3961408
2026-05-09 14:04:49.351 9 INFO neutron.services.segments.plugin [-] Segment 5ec0b721-8bf4-4f5a-bde5-93d6d51b1b66 resource provider aggregate not found
2026-05-09 14:04:49.371 9 INFO neutron.services.segments.plugin [-] Segment 5ec0b721-8bf4-4f5a-bde5-93d6d51b1b66 resource provider not found; error: Placement Client Error (4xx): {"errors": [{"status": 404, "title": "Not Found", "detail": "The resource could not be found.\n\n No resource provider with uuid 5ec0b721-8bf4-4f5a-bde5-93d6d51b1b66 found for delete ", "request_id": "req-2a331b0f-f246-4283-acba-62f79aaf1eed"}]}
2026-05-09 14:04:49.497 9 ERROR ovsdbapp.backend.ovs_idl.command [None req-dd59b4a7-e831-422b-afac-96d6f33f73a5 c3b9a77d1ed64fbfb5db052ac30ebf3c c0626fd3503a4e2f8ccff31424f1c54f - - default default] Error executing command (DbGetCommand): ovsdbapp.backend.ovs_idl.idlutils.RowNotFound: Cannot find Logical_Router_Port with name=lrp-90c36518-c8f7-43c4-ae5b-55df767dcdb3
2026-05-09 14:04:49.497 9 ERROR ovsdbapp.backend.ovs_idl.command
Traceback (most recent call last):
2026-05-09 14:04:49.497 9 ERROR ovsdbapp.backend.ovs_idl.command
File "/var/lib/openstack/lib/python3.10/site-packages/ovsdbapp/backend/ovs_idl/command.py", line 47, in execute
2026-05-09 14:04:49.497 9 ERROR ovsdbapp.backend.ovs_idl.command self.run_idl(None)
2026-05-09 14:04:49.497 9 ERROR ovsdbapp.backend.ovs_idl.command
File "/var/lib/openstack/lib/python3.10/site-packages/ovsdbapp/backend/ovs_idl/command.py", line 235, in run_idl
