2026-05-09 14:07:06.678 10 WARNING neutron_lib.context [None req-c64620f6-3eb4-43b4-af7f-743b388e5e64 ccdc0baed071487a85239d832b6e6379 a1d5122f05aa4d1695967ab314156feb - - default default] Method 'is_advsvc' is deprecated since 2023.2 release (neutron-lib 3.8.0) and will be removed once support for the old RBAC API policies will be removed from Neutron. Please use method 'is_service_role' instead.
2026-05-09 14:07:06.706 10 INFO neutron.db.ovn_revision_numbers_db [None req-644d33ab-310e-4368-9ed3-233ac0feebe8 1229be69b8c44898828698b1c8969bd5 6e816f6c0fc8484d99429a2d89928899 - - default default] Successfully bumped revision number for resource d685f85e-691b-4fe7-acc9-2e3400fb32e9 (type: router_ports) to 1
2026-05-09 14:07:06.706 9 INFO neutron.db.ovn_revision_numbers_db [None req-2b62d2f3-948b-40ce-92b0-cd56d01da0a3 - - - - - -] Successfully bumped revision number for resource d685f85e-691b-4fe7-acc9-2e3400fb32e9 (type: ports) to 2
2026-05-09 14:07:06.709 9 INFO neutron.db.ovn_revision_numbers_db [None req-bcee6c48-ce6a-43ab-84e0-5fb5cbae2333 - - - - - -] Successfully bumped revision number for resource b1869eff-2816-4c00-9039-0b4577e4745b (type: router_ports) to 4
2026-05-09 14:07:06.715 10 INFO neutron.wsgi [None req-644d33ab-310e-4368-9ed3-233ac0feebe8 1229be69b8c44898828698b1c8969bd5 6e816f6c0fc8484d99429a2d89928899 - - default default] 10.0.0.184 "PUT /v2.0/routers/18ebb4a3-f9fc-48d6-a7b4-fa0e099c7d78/add_router_interface HTTP/1.1" status: 200 len: 503 time: 3.9522617
2026-05-09 14:07:06.831 10 INFO neutron.wsgi [None req-19d41e42-9aec-4149-9cea-9fda59ad9563 7acb5b4ae20f4c639e6953fe0c18234c 10ecd7778cc4496eb449c4abf733729a - - default default] 10.0.0.184 "POST /v2.0/networks HTTP/1.1" status: 201 len: 831 time: 1.7474160
2026-05-09 14:07:06.855 10 WARNING neutron_lib.context [None req-3076332a-3108-4a4f-8061-d60fac9cf477 7acb5b4ae20f4c639e6953fe0c18234c 10ecd7778cc4496eb449c4abf733729a - - default default] Method 'is_advsvc' is deprecated since 2023.2 release (neutron-lib 3.8.0) and will be removed once support for the old RBAC API policies will be removed from Neutron. Please use method 'is_service_role' instead.
2026-05-09 14:07:07.469 9 INFO neutron.db.ovn_revision_numbers_db [None req-2b62d2f3-948b-40ce-92b0-cd56d01da0a3 - - - - - -] Successfully bumped revision number for resource d685f85e-691b-4fe7-acc9-2e3400fb32e9 (type: router_ports) to 2
2026-05-09 14:07:07.521 10 WARNING neutron.scheduler.dhcp_agent_scheduler [None req-3076332a-3108-4a4f-8061-d60fac9cf477 7acb5b4ae20f4c639e6953fe0c18234c 10ecd7778cc4496eb449c4abf733729a - - default default] No more DHCP agents
2026-05-09 14:07:07.525 10 WARNING neutron.api.rpc.agentnotifiers.dhcp_rpc_agent_api [None req-3076332a-3108-4a4f-8061-d60fac9cf477 7acb5b4ae20f4c639e6953fe0c18234c 10ecd7778cc4496eb449c4abf733729a - - default default] Unable to schedule network 4bf998fe-7116-4888-8604-3dcb8c445210: no agents available; will retry on subsequent port and subnet creation events.
2026-05-09 14:07:07.625 10 WARNING neutron.scheduler.dhcp_agent_scheduler [None req-60299ffc-7962-4fcc-9142-541b028934d8 1229be69b8c44898828698b1c8969bd5 6e816f6c0fc8484d99429a2d89928899 - - default default] No more DHCP agents
2026-05-09 14:07:07.629 10 WARNING neutron.api.rpc.agentnotifiers.dhcp_rpc_agent_api [None req-60299ffc-7962-4fcc-9142-541b028934d8 1229be69b8c44898828698b1c8969bd5 6e816f6c0fc8484d99429a2d89928899 - - default default] Unable to schedule network 1d73fa52-9087-41ff-9345-df05fdebf224: no agents available; will retry on subsequent port and subnet creation events.
2026-05-09 14:07:07.740 10 INFO neutron.db.ovn_revision_numbers_db [None req-c64620f6-3eb4-43b4-af7f-743b388e5e64 ccdc0baed071487a85239d832b6e6379 a1d5122f05aa4d1695967ab314156feb - - default default] Successfully bumped revision number for resource ffa80dab-be89-45e6-b198-9282451dc6cb (type: security_groups) to 1
2026-05-09 14:07:07.766 10 INFO neutron.db.ovn_revision_numbers_db [None req-3076332a-3108-4a4f-8061-d60fac9cf477 7acb5b4ae20f4c639e6953fe0c18234c 10ecd7778cc4496eb449c4abf733729a - - default default] Successfully bumped revision number for resource 179c086f-1e57-448a-bd8f-491536a65313 (type: ports) to 1
2026-05-09 14:07:07.958 10 INFO neutron.wsgi [None req-3076332a-3108-4a4f-8061-d60fac9cf477 7acb5b4ae20f4c639e6953fe0c18234c 10ecd7778cc4496eb449c4abf733729a - - default default] 10.0.0.184 "POST /v2.0/ports HTTP/1.1" status: 201 len: 942 time: 1.1085849
2026-05-09 14:07:07.959 10 INFO neutron.db.ovn_revision_numbers_db [None req-c64620f6-3eb4-43b4-af7f-743b388e5e64 ccdc0baed071487a85239d832b6e6379 a1d5122f05aa4d1695967ab314156feb - - default default] Successfully bumped revision number for resource 43915ed2-4607-4bf2-bd10-9690a9683df3 (type: security_group_rules) to 0
2026-05-09 14:07:07.961 10 INFO neutron.db.ovn_revision_numbers_db [None req-60299ffc-7962-4fcc-9142-541b028934d8 1229be69b8c44898828698b1c8969bd5 6e816f6c0fc8484d99429a2d89928899 - - default default] Successfully bumped revision number for resource 678f0441-204c-41b1-adf4-920fc451e557 (type: ports) to 1
2026-05-09 14:07:07.974 9 WARNING neutron_lib.context [None req-db276f8f-3e14-4538-9323-3d87b5d8d0b6 7acb5b4ae20f4c639e6953fe0c18234c 10ecd7778cc4496eb449c4abf733729a - - default default] Method 'is_advsvc' is deprecated since 2023.2 release (neutron-lib 3.8.0) and will be removed once support for the old RBAC API policies will be removed from Neutron. Please use method 'is_service_role' instead.
2026-05-09 14:07:08.348 10 INFO neutron.db.ovn_revision_numbers_db [None req-c64620f6-3eb4-43b4-af7f-743b388e5e64 ccdc0baed071487a85239d832b6e6379 a1d5122f05aa4d1695967ab314156feb - - default default] Successfully bumped revision number for resource 805d76cd-f888-4a22-ad0a-986c353d6b3a (type: security_group_rules) to 0
2026-05-09 14:07:08.438 10 INFO neutron.db.ovn_revision_numbers_db [None req-c64620f6-3eb4-43b4-af7f-743b388e5e64 ccdc0baed071487a85239d832b6e6379 a1d5122f05aa4d1695967ab314156feb - - default default] Successfully bumped revision number for resource 98e92c7e-29a1-4f43-a58d-e5c1285df03a (type: security_group_rules) to 0
2026-05-09 14:07:08.463 10 INFO neutron.db.ovn_revision_numbers_db [None req-c64620f6-3eb4-43b4-af7f-743b388e5e64 ccdc0baed071487a85239d832b6e6379 a1d5122f05aa4d1695967ab314156feb - - default default] Successfully bumped revision number for resource df42cb2a-fc0c-4f0c-ab7e-6ebf40ebc994 (type: security_group_rules) to 0
2026-05-09 14:07:08.524 10 INFO neutron.db.segments_db [None req-c64620f6-3eb4-43b4-af7f-743b388e5e64 ccdc0baed071487a85239d832b6e6379 a1d5122f05aa4d1695967ab314156feb - - default default] Added segment e81428bf-0503-4bf1-b43a-e5fc6d59e45b of type geneve for network 65814de1-758a-4bf3-b2c7-1efa32f57e67
2026-05-09 14:07:08.533 9 INFO neutron.wsgi [None req-db276f8f-3e14-4538-9323-3d87b5d8d0b6 7acb5b4ae20f4c639e6953fe0c18234c 10ecd7778cc4496eb449c4abf733729a - - default default] 10.0.0.184 "POST /v2.0/trunks HTTP/1.1" status: 201 len: 608 time: 0.5693500
2026-05-09 14:07:08.545 9 WARNING neutron_lib.context [None req-64f89612-bd83-42e6-887c-3c4a1a6fdafd 7acb5b4ae20f4c639e6953fe0c18234c 10ecd7778cc4496eb449c4abf733729a - - default default] Method 'is_advsvc' is deprecated since 2023.2 release (neutron-lib 3.8.0) and will be removed once support for the old RBAC API policies will be removed from Neutron. Please use method 'is_service_role' instead.
2026-05-09 14:07:08.635 9 INFO neutron.db.segments_db [None req-64f89612-bd83-42e6-887c-3c4a1a6fdafd 7acb5b4ae20f4c639e6953fe0c18234c 10ecd7778cc4496eb449c4abf733729a - - default default] Added segment 9920966a-d70d-41cc-8400-bb540c35c081 of type geneve for network bf27d6a6-9cdf-4d33-851f-8353f8fe1287
2026-05-09 14:07:08.712 10 INFO neutron.db.ovn_revision_numbers_db [None req-c64620f6-3eb4-43b4-af7f-743b388e5e64 ccdc0baed071487a85239d832b6e6379 a1d5122f05aa4d1695967ab314156feb - - default default] Successfully bumped revision number for resource 65814de1-758a-4bf3-b2c7-1efa32f57e67 (type: networks) to 1
2026-05-09 14:07:08.782 9 INFO neutron.db.ovn_revision_numbers_db [None req-64f89612-bd83-42e6-887c-3c4a1a6fdafd 7acb5b4ae20f4c639e6953fe0c18234c 10ecd7778cc4496eb449c4abf733729a - - default default] Successfully bumped revision number for resource bf27d6a6-9cdf-4d33-851f-8353f8fe1287 (type: networks) to 1
2026-05-09 14:07:08.957 9 WARNING neutron.scheduler.dhcp_agent_scheduler [None req-64f89612-bd83-42e6-887c-3c4a1a6fdafd 7acb5b4ae20f4c639e6953fe0c18234c 10ecd7778cc4496eb449c4abf733729a - - default default] No more DHCP agents
2026-05-09 14:07:08.958 9 WARNING neutron.api.rpc.agentnotifiers.dhcp_rpc_agent_api [None req-64f89612-bd83-42e6-887c-3c4a1a6fdafd 7acb5b4ae20f4c639e6953fe0c18234c 10ecd7778cc4496eb449c4abf733729a - - default default] Unable to schedule network bf27d6a6-9cdf-4d33-851f-8353f8fe1287: no agents available; will retry on subsequent port and subnet creation events.
2026-05-09 14:07:09.048 9 INFO neutron.db.ovn_revision_numbers_db [None req-64f89612-bd83-42e6-887c-3c4a1a6fdafd 7acb5b4ae20f4c639e6953fe0c18234c 10ecd7778cc4496eb449c4abf733729a - - default default] Successfully bumped revision number for resource 3ed1bd64-739d-4433-b7a4-5bb20c77698c (type: ports) to 1
2026-05-09 14:07:09.091 9 INFO neutron.wsgi [None req-64f89612-bd83-42e6-887c-3c4a1a6fdafd 7acb5b4ae20f4c639e6953fe0c18234c 10ecd7778cc4496eb449c4abf733729a - - default default] 10.0.0.184 "POST /v2.0/networks HTTP/1.1" status: 201 len: 831 time: 0.5507288
2026-05-09 14:07:09.100 9 WARNING neutron_lib.context [None req-19fe5157-9ee9-4eeb-a4fd-d2e723651f2e 7acb5b4ae20f4c639e6953fe0c18234c 10ecd7778cc4496eb449c4abf733729a - - default default] Method 'is_advsvc' is deprecated since 2023.2 release (neutron-lib 3.8.0) and will be removed once support for the old RBAC API policies will be removed from Neutron. Please use method 'is_service_role' instead.
2026-05-09 14:07:09.189 10 WARNING neutron.scheduler.dhcp_agent_scheduler [None req-c64620f6-3eb4-43b4-af7f-743b388e5e64 ccdc0baed071487a85239d832b6e6379 a1d5122f05aa4d1695967ab314156feb - - default default] No more DHCP agents
2026-05-09 14:07:09.193 10 WARNING neutron.api.rpc.agentnotifiers.dhcp_rpc_agent_api [None req-c64620f6-3eb4-43b4-af7f-743b388e5e64 ccdc0baed071487a85239d832b6e6379 a1d5122f05aa4d1695967ab314156feb - - default default] Unable to schedule network 65814de1-758a-4bf3-b2c7-1efa32f57e67: no agents available; will retry on subsequent port and subnet creation events.
2026-05-09 14:07:09.274 10 ERROR ovsdbapp.backend.ovs_idl.command [None req-60299ffc-7962-4fcc-9142-541b028934d8 1229be69b8c44898828698b1c8969bd5 6e816f6c0fc8484d99429a2d89928899 - - default default] Error executing command (DbGetCommand): ovsdbapp.backend.ovs_idl.idlutils.RowNotFound: Cannot find Logical_Router_Port with name=lrp-678f0441-204c-41b1-adf4-920fc451e557
2026-05-09 14:07:09.274 10 ERROR ovsdbapp.backend.ovs_idl.command
Traceback (most recent call last):
2026-05-09 14:07:09.274 10 ERROR ovsdbapp.backend.ovs_idl.command
File "/var/lib/openstack/lib/python3.10/site-packages/ovsdbapp/backend/ovs_idl/command.py", line 47, in execute
2026-05-09 14:07:09.274 10 ERROR ovsdbapp.backend.ovs_idl.command self.run_idl(None)
2026-05-09 14:07:09.274 10 ERROR ovsdbapp.backend.ovs_idl.command
File "/var/lib/openstack/lib/python3.10/site-packages/ovsdbapp/backend/ovs_idl/command.py", line 235, in run_idl
2026-05-09 14:07:09.274 10 ERROR ovsdbapp.backend.ovs_idl.command record = self.api.lookup(self.table, self.record)
2026-05-09 14:07:09.274 10 ERROR ovsdbapp.backend.ovs_idl.command
File "/var/lib/openstack/lib/python3.10/site-packages/ovsdbapp/backend/ovs_idl/__init__.py", line 184, in lookup
2026-05-09 14:07:09.274 10 ERROR ovsdbapp.backend.ovs_idl.command return self._lookup(table, record)
2026-05-09 14:07:09.274 10 ERROR ovsdbapp.backend.ovs_idl.command
File "/var/lib/openstack/lib/python3.10/site-packages/ovsdbapp/backend/ovs_idl/__init__.py", line 235, in _lookup
2026-05-09 14:07:09.274 10 ERROR ovsdbapp.backend.ovs_idl.command row = idlutils.row_by_value(self, rl.table, rl.column, record)
2026-05-09 14:07:09.274 10 ERROR ovsdbapp.backend.ovs_idl.command
File "/var/lib/openstack/lib/python3.10/site-packages/ovsdbapp/backend/ovs_idl/idlutils.py", line 114, in row_by_value
2026-05-09 14:07:09.274 10 ERROR ovsdbapp.backend.ovs_idl.command raise RowNotFound(table=table, col=column, match=match)
2026-05-09 14:07:09.274 10 ERROR ovsdbapp.backend.ovs_idl.command ovsdbapp.backend.ovs_idl.idlutils.RowNotFound: Cannot find Logical_Router_Port with name=lrp-678f0441-204c-41b1-adf4-920fc451e557
2026-05-09 14:07:09.274 10 ERROR ovsdbapp.backend.ovs_idl.command 
2026-05-09 14:07:09.275 10 ERROR neutron_lib.callbacks.manager [None req-60299ffc-7962-4fcc-9142-541b028934d8 1229be69b8c44898828698b1c8969bd5 6e816f6c0fc8484d99429a2d89928899 - - default default] Error during notification for neutron.services.ovn_l3.plugin.OVNL3RouterPlugin._port_update-8766159168212 port, after_update: ovsdbapp.backend.ovs_idl.idlutils.RowNotFound: Cannot find Logical_Router_Port with name=lrp-678f0441-204c-41b1-adf4-920fc451e557
2026-05-09 14:07:09.275 10 ERROR neutron_lib.callbacks.manager
Traceback (most recent call last):
2026-05-09 14:07:09.275 10 ERROR neutron_lib.callbacks.manager
File "/var/lib/openstack/lib/python3.10/site-packages/neutron_lib/callbacks/manager.py", line 189, in _notify_loop
2026-05-09 14:07:09.275 10 ERROR neutron_lib.callbacks.manager callback.method(resource, event, trigger, payload=payload)
2026-05-09 14:07:09.275 10 ERROR neutron_lib.callbacks.manager
File "/var/lib/openstack/lib/python3.10/site-packages/neutron/services/ovn_l3/plugin.py", line 391, in _port_update
2026-05-09 14:07:09.275 10 ERROR neutron_lib.callbacks.manager l3plugin._ovn_client.update_router_port(context,
2026-05-09 14:07:09.275 10 ERROR neutron_lib.callbacks.manager
File "/var/lib/openstack/lib/python3.10/site-packages/neutron/plugins/ml2/drivers/ovn/mech_driver/ovsdb/ovn_client.py", line 1878, in update_router_port
2026-05-09 14:07:09.275 10 ERROR neutron_lib.callbacks.manager self._update_lrouter_port(context, port, if_exists=if_exists,
2026-05-09 14:07:09.275 10 ERROR neutron_lib.callbacks.manager
File "/var/lib/openstack/lib/python3.10/site-packages/neutron/plugins/ml2/drivers/ovn/mech_driver/ovsdb/ovn_client.py", line 1855, in _update_lrouter_port
2026-05-09 14:07:09.275 10 ERROR neutron_lib.callbacks.manager external_ids = self._nb_idl.db_get(
2026-05-09 14:07:09.275 10 ERROR neutron_lib.callbacks.manager
File "/var/lib/openstack/lib/python3.10/site-packages/ovsdbapp/backend/ovs_idl/command.py", line 47, in execute
2026-05-09 14:07:09.275 10 ERROR neutron_lib.callbacks.manager self.run_idl(None)
2026-05-09 14:07:09.275 10 ERROR neutron_lib.callbacks.manager
File "/var/lib/openstack/lib/python3.10/site-packages/ovsdbapp/backend/ovs_idl/command.py", line 235, in run_idl
2026-05-09 14:07:09.275 10 ERROR neutron_lib.callbacks.manager record = self.api.lookup(self.table, self.record)
2026-05-09 14:07:09.275 10 ERROR neutron_lib.callbacks.manager
File "/var/lib/openstack/lib/python3.10/site-packages/ovsdbapp/backend/ovs_idl/__init__.py", line 184, in lookup
2026-05-09 14:07:09.275 10 ERROR neutron_lib.callbacks.manager return self._lookup(table, record)
2026-05-09 14:07:09.275 10 ERROR neutron_lib.callbacks.manager
File "/var/lib/openstack/lib/python3.10/site-packages/ovsdbapp/backend/ovs_idl/__init__.py", line 235, in _lookup
2026-05-09 14:07:09.275 10 ERROR neutron_lib.callbacks.manager row = idlutils.row_by_value(self, rl.table, rl.column, record)
2026-05-09 14:07:09.275 10 ERROR neutron_lib.callbacks.manager
File "/var/lib/openstack/lib/python3.10/site-packages/ovsdbapp/backend/ovs_idl/idlutils.py", line 114, in row_by_value
2026-05-09 14:07:09.275 10 ERROR neutron_lib.callbacks.manager raise RowNotFound(table=table, col=column, match=match)
2026-05-09 14:07:09.275 10 ERROR neutron_lib.callbacks.manager ovsdbapp.backend.ovs_idl.idlutils.RowNotFound: Cannot find Logical_Router_Port with name=lrp-678f0441-204c-41b1-adf4-920fc451e557
2026-05-09 14:07:09.275 10 ERROR neutron_lib.callbacks.manager 
2026-05-09 14:07:09.301 10 INFO neutron.db.ovn_revision_numbers_db [None req-c64620f6-3eb4-43b4-af7f-743b388e5e64 ccdc0baed071487a85239d832b6e6379 a1d5122f05aa4d1695967ab314156feb - - default default] Successfully bumped revision number for resource 52d1c458-a4d8-4837-8bf4-79dbc7105fd2 (type: ports) to 1
2026-05-09 14:07:09.328 10 INFO neutron.wsgi [None req-c64620f6-3eb4-43b4-af7f-743b388e5e64 ccdc0baed071487a85239d832b6e6379 a1d5122f05aa4d1695967ab314156feb - - default default] 10.0.0.184 "POST /v2.0/networks HTTP/1.1" status: 201 len: 830 time: 2.8187137 /var/lib/openstack/lib/python3.10/site-packages/pycadf/identifier.py:71: UserWarning: Invalid uuid: neutron. To ensure interoperability, identifiers should be a valid uuid. warnings.warn(('Invalid uuid: %s. To ensure interoperability, '
2026-05-09 14:07:09.346 10 WARNING neutron_lib.context [None req-1b42680e-1499-49a4-a649-e1e8cac44699 ccdc0baed071487a85239d832b6e6379 a1d5122f05aa4d1695967ab314156feb - - default default] Method 'is_advsvc' is deprecated since 2023.2 release (neutron-lib 3.8.0) and will be removed once support for the old RBAC API policies will be removed from Neutron. Please use method 'is_service_role' instead.
2026-05-09 14:07:09.368 9 WARNING neutron.scheduler.dhcp_agent_scheduler [None req-19fe5157-9ee9-4eeb-a4fd-d2e723651f2e 7acb5b4ae20f4c639e6953fe0c18234c 10ecd7778cc4496eb449c4abf733729a - - default default] No more DHCP agents
2026-05-09 14:07:09.371 9 WARNING neutron.api.rpc.agentnotifiers.dhcp_rpc_agent_api [None req-19fe5157-9ee9-4eeb-a4fd-d2e723651f2e 7acb5b4ae20f4c639e6953fe0c18234c 10ecd7778cc4496eb449c4abf733729a - - default default] Unable to schedule network bf27d6a6-9cdf-4d33-851f-8353f8fe1287: no agents available; will retry on subsequent port and subnet creation events.
2026-05-09 14:07:09.458 9 INFO neutron.db.ovn_revision_numbers_db [None req-19fe5157-9ee9-4eeb-a4fd-d2e723651f2e 7acb5b4ae20f4c639e6953fe0c18234c 10ecd7778cc4496eb449c4abf733729a - - default default] Successfully bumped revision number for resource 452a9630-37c2-40cc-8de4-c41e8063cab8 (type: ports) to 1
2026-05-09 14:07:09.481 9 INFO neutron.wsgi [None req-19fe5157-9ee9-4eeb-a4fd-d2e723651f2e 7acb5b4ae20f4c639e6953fe0c18234c 10ecd7778cc4496eb449c4abf733729a - - default default] 10.0.0.184 "POST /v2.0/ports HTTP/1.1" status: 201 len: 942 time: 0.3854461 /var/lib/openstack/lib/python3.10/site-packages/pycadf/identifier.py:71: UserWarning: Invalid uuid: neutron. To ensure interoperability, identifiers should be a valid uuid. warnings.warn(('Invalid uuid: %s. To ensure interoperability, '
2026-05-09 14:07:09.491 9 WARNING neutron_lib.context [None req-48d381ae-8f31-449e-bbee-a1d66ff00072 7acb5b4ae20f4c639e6953fe0c18234c 10ecd7778cc4496eb449c4abf733729a - - default default] Method 'is_advsvc' is deprecated since 2023.2 release (neutron-lib 3.8.0) and will be removed once support for the old RBAC API policies will be removed from Neutron. Please use method 'is_service_role' instead.
2026-05-09 14:07:09.532 10 INFO neutron.plugins.ml2.drivers.ovn.mech_driver.mech_driver [None req-69427717-af26-4687-9a49-940a29f799c4 - - - - - -] OVN reports status up for port: 678f0441-204c-41b1-adf4-920fc451e557
2026-05-09 14:07:09.545 10 INFO neutron.plugins.ml2.plugin [None req-69427717-af26-4687-9a49-940a29f799c4 - - - - - -] Attempt 1 to provision port 678f0441-204c-41b1-adf4-920fc451e557
2026-05-09 14:07:09.572 10 INFO neutron.db.ovn_revision_numbers_db [None req-60299ffc-7962-4fcc-9142-541b028934d8 1229be69b8c44898828698b1c8969bd5 6e816f6c0fc8484d99429a2d89928899 - - default default] Successfully bumped revision number for resource 678f0441-204c-41b1-adf4-920fc451e557 (type: ports) to 1
2026-05-09 14:07:09.682 10 WARNING neutron.scheduler.dhcp_agent_scheduler [None req-60299ffc-7962-4fcc-9142-541b028934d8 1229be69b8c44898828698b1c8969bd5 6e816f6c0fc8484d99429a2d89928899 - - default default] No more DHCP agents
2026-05-09 14:07:09.684 10 WARNING neutron.scheduler.dhcp_agent_scheduler [None req-1b42680e-1499-49a4-a649-e1e8cac44699 ccdc0baed071487a85239d832b6e6379 a1d5122f05aa4d1695967ab314156feb - - default default] No more DHCP agents
2026-05-09 14:07:09.685 9 INFO neutron.wsgi [None req-48d381ae-8f31-449e-bbee-a1d66ff00072 7acb5b4ae20f4c639e6953fe0c18234c 10ecd7778cc4496eb449c4abf733729a - - default default] 10.0.0.184 "POST /v2.0/trunks HTTP/1.1" status: 201 len: 608 time: 0.1984227
2026-05-09 14:07:09.685 10 WARNING neutron.api.rpc.agentnotifiers.dhcp_rpc_agent_api [None req-60299ffc-7962-4fcc-9142-541b028934d8 1229be69b8c44898828698b1c8969bd5 6e816f6c0fc8484d99429a2d89928899 - - default default] Unable to schedule network 1d73fa52-9087-41ff-9345-df05fdebf224: no agents available; will retry on subsequent port and subnet creation events.
2026-05-09 14:07:09.688 10 WARNING neutron.api.rpc.agentnotifiers.dhcp_rpc_agent_api [None req-1b42680e-1499-49a4-a649-e1e8cac44699 ccdc0baed071487a85239d832b6e6379 a1d5122f05aa4d1695967ab314156feb - - default default] Unable to schedule network 65814de1-758a-4bf3-b2c7-1efa32f57e67: no agents available; will retry on subsequent port and subnet creation events.
2026-05-09 14:07:09.694 9 WARNING neutron_lib.context [None req-2247a573-239e-4456-9f83-adc4e4be4705 7acb5b4ae20f4c639e6953fe0c18234c 10ecd7778cc4496eb449c4abf733729a - - default default] Method 'is_advsvc' is deprecated since 2023.2 release (neutron-lib 3.8.0) and will be removed once support for the old RBAC API policies will be removed from Neutron. Please use method 'is_service_role' instead.
2026-05-09 14:07:09.801 9 INFO neutron.db.segments_db [None req-2247a573-239e-4456-9f83-adc4e4be4705 7acb5b4ae20f4c639e6953fe0c18234c 10ecd7778cc4496eb449c4abf733729a - - default default] Added segment e6b61723-9b8b-4ecb-96e8-3ee80cc9cf33 of type geneve for network 57661a45-9e67-4fcb-aea3-043cd1b10db8 /var/lib/openstack/lib/python3.10/site-packages/pycadf/identifier.py:71: UserWarning: Invalid uuid: neutron. To ensure interoperability, identifiers should be a valid uuid. warnings.warn(('Invalid uuid: %s. To ensure interoperability, '
2026-05-09 14:07:09.919 10 INFO neutron.wsgi [req-b5617941-271b-4721-84ee-6cb3d3d7a3ce req-a98a6fff-ef06-4ba8-abc0-fc357436e467 7481447b76464c98b47dd0b892cbe325 9f463f90f4f04e52a229975edc824e3f - - 55ab48c9f52240d1b556d00c1ae2d508 55ab48c9f52240d1b556d00c1ae2d508] 10.0.0.19 "GET /v2.0/ports?device_id=53140cf9-a34a-43b5-8f85-4a8189364028 HTTP/1.1" status: 200 len: 1413 time: 0.0793803
2026-05-09 14:07:09.923 10 INFO neutron.db.ovn_revision_numbers_db [None req-1b42680e-1499-49a4-a649-e1e8cac44699 ccdc0baed071487a85239d832b6e6379 a1d5122f05aa4d1695967ab314156feb - - default default] Successfully bumped revision number for resource 0842d337-2043-4f3d-af1c-b8b557c3ca78 (type: ports) to 1
2026-05-09 14:07:09.971 9 INFO neutron.db.ovn_revision_numbers_db [None req-2247a573-239e-4456-9f83-adc4e4be4705 7acb5b4ae20f4c639e6953fe0c18234c 10ecd7778cc4496eb449c4abf733729a - - default default] Successfully bumped revision number for resource 57661a45-9e67-4fcb-aea3-043cd1b10db8 (type: networks) to 1
2026-05-09 14:07:09.976 10 INFO neutron.wsgi [None req-1b42680e-1499-49a4-a649-e1e8cac44699 ccdc0baed071487a85239d832b6e6379 a1d5122f05aa4d1695967ab314156feb - - default default] 10.0.0.184 "POST /v2.0/ports HTTP/1.1" status: 201 len: 942 time: 0.6405706
2026-05-09 14:07:09.989 9 WARNING neutron_lib.context [None req-b8ccbc5a-276e-494f-87c8-3e592fa2c88d ccdc0baed071487a85239d832b6e6379 a1d5122f05aa4d1695967ab314156feb - - default default] Method 'is_advsvc' is deprecated since 2023.2 release (neutron-lib 3.8.0) and will be removed once support for the old RBAC API policies will be removed from Neutron. Please use method 'is_service_role' instead.
2026-05-09 14:07:10.015 10 INFO neutron.wsgi [req-b5617941-271b-4721-84ee-6cb3d3d7a3ce req-5c8ed5a1-2750-493e-93f2-ecfdf685429f 7481447b76464c98b47dd0b892cbe325 9f463f90f4f04e52a229975edc824e3f - - 55ab48c9f52240d1b556d00c1ae2d508 55ab48c9f52240d1b556d00c1ae2d508] 10.0.0.19 "GET /v2.0/security-groups?id=73de946a-375b-445f-ac91-0ccc713dfc8e&fields=id&fields=name HTTP/1.1" status: 200 len: 312 time: 0.0899127
2026-05-09 14:07:10.231 9 WARNING neutron.scheduler.dhcp_agent_scheduler [None req-2247a573-239e-4456-9f83-adc4e4be4705 7acb5b4ae20f4c639e6953fe0c18234c 10ecd7778cc4496eb449c4abf733729a - - default default] No more DHCP agents
2026-05-09 14:07:10.233 9 WARNING neutron.api.rpc.agentnotifiers.dhcp_rpc_agent_api [None req-2247a573-239e-4456-9f83-adc4e4be4705 7acb5b4ae20f4c639e6953fe0c18234c 10ecd7778cc4496eb449c4abf733729a - - default default] Unable to schedule network 57661a45-9e67-4fcb-aea3-043cd1b10db8: no agents available; will retry on subsequent port and subnet creation events.
2026-05-09 14:07:10.273 10 INFO neutron.db.ovn_revision_numbers_db [None req-60299ffc-7962-4fcc-9142-541b028934d8 1229be69b8c44898828698b1c8969bd5 6e816f6c0fc8484d99429a2d89928899 - - default default] Successfully bumped revision number for resource 678f0441-204c-41b1-adf4-920fc451e557 (type: router_ports) to 1
2026-05-09 14:07:10.294 10 INFO neutron.wsgi [None req-60299ffc-7962-4fcc-9142-541b028934d8 1229be69b8c44898828698b1c8969bd5 6e816f6c0fc8484d99429a2d89928899 - - default default] 10.0.0.184 "PUT /v2.0/routers/18ebb4a3-f9fc-48d6-a7b4-fa0e099c7d78/add_router_interface HTTP/1.1" status: 200 len: 503 time: 3.5738595
2026-05-09 14:07:10.310 9 INFO neutron.wsgi [None req-b8ccbc5a-276e-494f-87c8-3e592fa2c88d ccdc0baed071487a85239d832b6e6379 a1d5122f05aa4d1695967ab314156feb - - default default] 10.0.0.184 "POST /v2.0/trunks HTTP/1.1" status: 201 len: 608 time: 0.3256834
2026-05-09 14:07:10.341 10 INFO neutron.db.ovn_revision_numbers_db [None req-69427717-af26-4687-9a49-940a29f799c4 - - - - - -] Successfully bumped revision number for resource 678f0441-204c-41b1-adf4-920fc451e557 (type: ports) to 2
2026-05-09 14:07:10.342 9 INFO neutron.db.ovn_revision_numbers_db [None req-2247a573-239e-4456-9f83-adc4e4be4705 7acb5b4ae20f4c639e6953fe0c18234c 10ecd7778cc4496eb449c4abf733729a - - default default] Successfully bumped revision number for resource a97396e3-b8fe-49a3-8c5c-f75e2b081262 (type: ports) to 1
2026-05-09 14:07:10.353 9 INFO neutron.wsgi [None req-d2974d7d-3fe7-4963-ab13-9c319dfa6fc3 ccdc0baed071487a85239d832b6e6379 a1d5122f05aa4d1695967ab314156feb - - default default] 10.0.0.184 "PUT /v2.0/trunks/949c37d8-9e71-4c66-b743-f0f303b24fe3/tags HTTP/1.1" status: 200 len: 218 time: 0.0374238
2026-05-09 14:07:10.366 9 INFO neutron.wsgi [None req-2247a573-239e-4456-9f83-adc4e4be4705 7acb5b4ae20f4c639e6953fe0c18234c 10ecd7778cc4496eb449c4abf733729a - - default default] 10.0.0.184 "POST /v2.0/networks HTTP/1.1" status: 201 len: 831 time: 0.6757185
2026-05-09 14:07:10.380 9 WARNING neutron_lib.context [None req-510faa94-739a-41e7-8ac7-5d4f9408e706 7acb5b4ae20f4c639e6953fe0c18234c 10ecd7778cc4496eb449c4abf733729a - - default default] Method 'is_advsvc' is deprecated since 2023.2 release (neutron-lib 3.8.0) and will be removed once support for the old RBAC API policies will be removed from Neutron. Please use method 'is_service_role' instead.
2026-05-09 14:07:10.389 9 INFO neutron.wsgi [None req-bb6c9da2-304d-40ee-9bae-75719c927eb7 ccdc0baed071487a85239d832b6e6379 a1d5122f05aa4d1695967ab314156feb - - default default] 10.0.0.184 "GET /v2.0/trunks/949c37d8-9e71-4c66-b743-f0f303b24fe3/tags HTTP/1.1" status: 200 len: 218 time: 0.0314407
2026-05-09 14:07:10.438 9 INFO neutron.wsgi [None req-2285b439-7aa8-4f94-87d0-b60d3c743e7a ccdc0baed071487a85239d832b6e6379 a1d5122f05aa4d1695967ab314156feb - - default default] 10.0.0.184 "PUT /v2.0/trunks/949c37d8-9e71-4c66-b743-f0f303b24fe3/tags/green HTTP/1.1" status: 201 len: 201 time: 0.0393527
2026-05-09 14:07:10.466 9 INFO neutron.wsgi [None req-598c05db-5943-4540-ae22-b8e9653b63dd ccdc0baed071487a85239d832b6e6379 a1d5122f05aa4d1695967ab314156feb - - default default] 10.0.0.184 "GET /v2.0/trunks/949c37d8-9e71-4c66-b743-f0f303b24fe3/tags HTTP/1.1" status: 200 len: 227 time: 0.0230594
2026-05-09 14:07:10.505 9 INFO neutron.wsgi [None req-36c7902e-97ca-41e1-9511-85da1b65a63e ccdc0baed071487a85239d832b6e6379 a1d5122f05aa4d1695967ab314156feb - - default default] 10.0.0.184 "PUT /v2.0/trunks/949c37d8-9e71-4c66-b743-f0f303b24fe3/tags/red HTTP/1.1" status: 201 len: 201 time: 0.0351138
2026-05-09 14:07:10.535 9 INFO neutron.wsgi [None req-fa97f1c3-6ffe-463a-a135-85e67b5951a4 ccdc0baed071487a85239d832b6e6379 a1d5122f05aa4d1695967ab314156feb - - default default] 10.0.0.184 "GET /v2.0/trunks/949c37d8-9e71-4c66-b743-f0f303b24fe3/tags HTTP/1.1" status: 200 len: 227 time: 0.0251691
2026-05-09 14:07:10.589 9 INFO neutron.wsgi [None req-7678c470-8295-4cde-a381-7f833172dcd2 ccdc0baed071487a85239d832b6e6379 a1d5122f05aa4d1695967ab314156feb - - default default] 10.0.0.184 "PUT /v2.0/trunks/949c37d8-9e71-4c66-b743-f0f303b24fe3/tags/black.or.white HTTP/1.1" status: 201 len: 201 time: 0.0491424
2026-05-09 14:07:10.621 9 INFO neutron.wsgi [None req-ec8f91b9-754b-4be1-bec5-f11174398937 ccdc0baed071487a85239d832b6e6379 a1d5122f05aa4d1695967ab314156feb - - default default] 10.0.0.184 "GET /v2.0/trunks/949c37d8-9e71-4c66-b743-f0f303b24fe3/tags HTTP/1.1" status: 200 len: 245 time: 0.0269742
2026-05-09 14:07:10.667 9 WARNING neutron.scheduler.dhcp_agent_scheduler [None req-510faa94-739a-41e7-8ac7-5d4f9408e706 7acb5b4ae20f4c639e6953fe0c18234c 10ecd7778cc4496eb449c4abf733729a - - default default] No more DHCP agents
2026-05-09 14:07:10.670 9 WARNING neutron.api.rpc.agentnotifiers.dhcp_rpc_agent_api [None req-510faa94-739a-41e7-8ac7-5d4f9408e706 7acb5b4ae20f4c639e6953fe0c18234c 10ecd7778cc4496eb449c4abf733729a - - default default] Unable to schedule network 57661a45-9e67-4fcb-aea3-043cd1b10db8: no agents available; will retry on subsequent port and subnet creation events.
2026-05-09 14:07:10.676 9 INFO neutron.wsgi [None req-80ee6a2b-bf96-4c8a-98f5-65a394ea1085 ccdc0baed071487a85239d832b6e6379 a1d5122f05aa4d1695967ab314156feb - - default default] 10.0.0.184 "PUT /v2.0/trunks/949c37d8-9e71-4c66-b743-f0f303b24fe3/tags HTTP/1.1" status: 200 len: 230 time: 0.0510182 /var/lib/openstack/lib/python3.10/site-packages/pycadf/identifier.py:71: UserWarning: Invalid uuid: neutron. To ensure interoperability, identifiers should be a valid uuid. warnings.warn(('Invalid uuid: %s. To ensure interoperability, '
2026-05-09 14:07:10.715 9 INFO neutron.wsgi [None req-40924dff-29a8-4237-8147-1309972ebc01 ccdc0baed071487a85239d832b6e6379 a1d5122f05aa4d1695967ab314156feb - - default default] 10.0.0.184 "GET /v2.0/trunks/949c37d8-9e71-4c66-b743-f0f303b24fe3/tags HTTP/1.1" status: 200 len: 230 time: 0.0311918
2026-05-09 14:07:10.760 9 INFO neutron.wsgi [None req-49b6d2f4-c5a1-4cc8-b1ff-771317a4c7fb ccdc0baed071487a85239d832b6e6379 a1d5122f05aa4d1695967ab314156feb - - default default] 10.0.0.184 "GET /v2.0/trunks/949c37d8-9e71-4c66-b743-f0f303b24fe3/tags/red HTTP/1.1" status: 204 len: 168 time: 0.0389647
2026-05-09 14:07:10.786 9 INFO neutron.api.v2.resource [None req-5378c6be-8233-48c5-919b-4f1c33721a9f ccdc0baed071487a85239d832b6e6379 a1d5122f05aa4d1695967ab314156feb - - default default] show failed (client error): The resource could not be found.
2026-05-09 14:07:10.787 9 INFO neutron.wsgi [None req-5378c6be-8233-48c5-919b-4f1c33721a9f ccdc0baed071487a85239d832b6e6379 a1d5122f05aa4d1695967ab314156feb - - default default] 10.0.0.184 "GET /v2.0/trunks/949c37d8-9e71-4c66-b743-f0f303b24fe3/tags/green HTTP/1.1" status: 404 len: 299 time: 0.0217319
2026-05-09 14:07:10.788 9 INFO neutron.db.ovn_revision_numbers_db [None req-510faa94-739a-41e7-8ac7-5d4f9408e706 7acb5b4ae20f4c639e6953fe0c18234c 10ecd7778cc4496eb449c4abf733729a - - default default] Successfully bumped revision number for resource fff91037-1066-4ee1-99e6-ec7c7fbdfde8 (type: ports) to 1
2026-05-09 14:07:10.794 10 INFO neutron.db.ovn_revision_numbers_db [None req-69427717-af26-4687-9a49-940a29f799c4 - - - - - -] Successfully bumped revision number for resource 678f0441-204c-41b1-adf4-920fc451e557 (type: router_ports) to 2
2026-05-09 14:07:10.810 9 INFO neutron.wsgi [None req-510faa94-739a-41e7-8ac7-5d4f9408e706 7acb5b4ae20f4c639e6953fe0c18234c 10ecd7778cc4496eb449c4abf733729a - - default default] 10.0.0.184 "POST /v2.0/ports HTTP/1.1" status: 201 len: 942 time: 0.4376237
2026-05-09 14:07:10.822 9 WARNING neutron_lib.context [None req-472fdaff-fc5f-48c1-a7a3-75aa6dba6fa6 7acb5b4ae20f4c639e6953fe0c18234c 10ecd7778cc4496eb449c4abf733729a - - default default] Method 'is_advsvc' is deprecated since 2023.2 release (neutron-lib 3.8.0) and will be removed once support for the old RBAC API policies will be removed from Neutron. Please use method 'is_service_role' instead.
2026-05-09 14:07:10.859 10 INFO neutron.wsgi [None req-d2337e1e-aec8-40eb-b4a3-be7a17f2cc6a ccdc0baed071487a85239d832b6e6379 a1d5122f05aa4d1695967ab314156feb - - default default] 10.0.0.184 "DELETE /v2.0/trunks/949c37d8-9e71-4c66-b743-f0f303b24fe3/tags/red HTTP/1.1" status: 204 len: 168 time: 0.0661635
2026-05-09 14:07:10.900 10 INFO neutron.wsgi [None req-fe469bcf-dc46-499f-8654-ad87b48ba43b ccdc0baed071487a85239d832b6e6379 a1d5122f05aa4d1695967ab314156feb - - default default] 10.0.0.184 "GET /v2.0/trunks/949c37d8-9e71-4c66-b743-f0f303b24fe3/tags HTTP/1.1" status: 200 len: 223 time: 0.0361798
2026-05-09 14:07:10.944 9 INFO neutron.api.v2.resource [None req-e80a5d2d-3b9d-44c1-8300-7e22f568f1d5 ccdc0baed071487a85239d832b6e6379 a1d5122f05aa4d1695967ab314156feb - - default default] delete failed (client error): The resource could not be found.
2026-05-09 14:07:10.946 9 INFO neutron.wsgi [None req-e80a5d2d-3b9d-44c1-8300-7e22f568f1d5 ccdc0baed071487a85239d832b6e6379 a1d5122f05aa4d1695967ab314156feb - - default default] 10.0.0.184 "DELETE /v2.0/trunks/949c37d8-9e71-4c66-b743-f0f303b24fe3/tags/green HTTP/1.1" status: 404 len: 299 time: 0.0329599
2026-05-09 14:07:11.001 10 INFO neutron.wsgi [None req-3099068a-987e-4906-8881-491089141add ccdc0baed071487a85239d832b6e6379 a1d5122f05aa4d1695967ab314156feb - - default default] 10.0.0.184 "DELETE /v2.0/trunks/949c37d8-9e71-4c66-b743-f0f303b24fe3/tags HTTP/1.1" status: 204 len: 168 time: 0.0509129
2026-05-09 14:07:11.014 9 INFO neutron.wsgi [None req-472fdaff-fc5f-48c1-a7a3-75aa6dba6fa6 7acb5b4ae20f4c639e6953fe0c18234c 10ecd7778cc4496eb449c4abf733729a - - default default] 10.0.0.184 "POST /v2.0/trunks HTTP/1.1" status: 201 len: 608 time: 0.1974204
2026-05-09 14:07:11.026 9 INFO neutron.wsgi [None req-cf70492f-d659-49b6-ac2a-c39eabb28b40 ccdc0baed071487a85239d832b6e6379 a1d5122f05aa4d1695967ab314156feb - - default default] 10.0.0.184 "GET /v2.0/trunks/949c37d8-9e71-4c66-b743-f0f303b24fe3/tags HTTP/1.1" status: 200 len: 205 time: 0.0213449
2026-05-09 14:07:11.056 9 INFO neutron.wsgi [None req-eb08dde9-38dc-4718-ba25-ef220274a354 ccdc0baed071487a85239d832b6e6379 a1d5122f05aa4d1695967ab314156feb - - default default] 10.0.0.184 "GET /v2.0/trunks/949c37d8-9e71-4c66-b743-f0f303b24fe3 HTTP/1.1" status: 200 len: 603 time: 0.0164769
2026-05-09 14:07:11.065 10 INFO neutron.wsgi [None req-031eefe2-7e16-4c26-8bfb-1bc2d4990aa3 7acb5b4ae20f4c639e6953fe0c18234c 10ecd7778cc4496eb449c4abf733729a - - default default] 10.0.0.184 "PUT /v2.0/trunks/2cbe6dff-afb7-4335-9b62-4c42ae79d625/tags HTTP/1.1" status: 200 len: 210 time: 0.0434172
2026-05-09 14:07:11.103 10 INFO neutron.wsgi [None req-dbc18f7a-e2e0-468e-acd9-b5ba3e69dab6 7acb5b4ae20f4c639e6953fe0c18234c 10ecd7778cc4496eb449c4abf733729a - - default default] 10.0.0.184 "PUT /v2.0/trunks/4e15db34-7893-4d88-841c-98e4f375478e/tags HTTP/1.1" status: 200 len: 218 time: 0.0332873
2026-05-09 14:07:11.156 9 INFO neutron.wsgi [None req-53152fb7-a303-4e52-95dc-67f09b027f5f 7acb5b4ae20f4c639e6953fe0c18234c 10ecd7778cc4496eb449c4abf733729a - - default default] 10.0.0.184 "PUT /v2.0/trunks/c60e5d8a-cc2a-469b-9797-99fa1cb2d6a0/tags HTTP/1.1" status: 200 len: 227 time: 0.0489409
2026-05-09 14:07:11.163 9 INFO neutron.wsgi [None req-4550048c-430e-45b6-a4dd-bfef3c877aa1 ccdc0baed071487a85239d832b6e6379 a1d5122f05aa4d1695967ab314156feb - - default default] 10.0.0.184 "GET /v2.0/ports/0842d337-2043-4f3d-af1c-b8b557c3ca78 HTTP/1.1" status: 200 len: 1020 time: 0.1038282
2026-05-09 14:07:11.215 10 INFO neutron.wsgi [None req-558b2a79-a52d-40f0-ad8b-0a9470283a5f 7acb5b4ae20f4c639e6953fe0c18234c 10ecd7778cc4496eb449c4abf733729a - - default default] 10.0.0.184 "PUT /v2.0/trunks/be19921d-34d7-44b0-8e0c-fdb0d7271a97/tags HTTP/1.1" status: 200 len: 212 time: 0.0550511
2026-05-09 14:07:11.240 10 INFO neutron.wsgi [None req-20c6d1bc-7e7f-4691-a9a0-c07d1c6c0052 7acb5b4ae20f4c639e6953fe0c18234c 10ecd7778cc4496eb449c4abf733729a - - default default] 10.0.0.184 "GET /v2.0/trunks?tags=red HTTP/1.1" status: 200 len: 1447 time: 0.0210440
2026-05-09 14:07:11.249 9 INFO neutron.wsgi [None req-e8f5cb7e-16aa-478f-b07f-cf59fd7682ff ccdc0baed071487a85239d832b6e6379 a1d5122f05aa4d1695967ab314156feb - - default default] 10.0.0.184 "DELETE /v2.0/trunks/949c37d8-9e71-4c66-b743-f0f303b24fe3 HTTP/1.1" status: 204 len: 168 time: 0.0809736
2026-05-09 14:07:11.267 9 INFO neutron.wsgi [None req-8b835b44-db60-4ecc-9451-1c061af66177 7acb5b4ae20f4c639e6953fe0c18234c 10ecd7778cc4496eb449c4abf733729a - - default default] 10.0.0.184 "GET /v2.0/trunks?tags=red%2Cblue HTTP/1.1" status: 200 len: 1041 time: 0.0225799
2026-05-09 14:07:11.289 9 INFO neutron.wsgi [None req-1923f34c-d1f3-4e8a-bf5a-6c9cbbeeef20 7acb5b4ae20f4c639e6953fe0c18234c 10ecd7778cc4496eb449c4abf733729a - - default default] 10.0.0.184 "GET /v2.0/trunks?tags-any=blue HTTP/1.1" status: 200 len: 1041 time: 0.0181124
2026-05-09 14:07:11.312 9 INFO neutron.wsgi [None req-6836f212-2b9d-4f51-a8c9-63263c21fa2a 7acb5b4ae20f4c639e6953fe0c18234c 10ecd7778cc4496eb449c4abf733729a - - default default] 10.0.0.184 "GET /v2.0/trunks?tags-any=red%2Cblue HTTP/1.1" status: 200 len: 1447 time: 0.0196190
2026-05-09 14:07:11.336 9 INFO neutron.wsgi [None req-74971cb9-7b4c-44b4-8db7-5a9eb7ce62bc 7acb5b4ae20f4c639e6953fe0c18234c 10ecd7778cc4496eb449c4abf733729a - - default default] 10.0.0.184 "GET /v2.0/trunks?not-tags=red HTTP/1.1" status: 200 len: 1013 time: 0.0203321
2026-05-09 14:07:11.337 10 WARNING neutron.scheduler.dhcp_agent_scheduler [None req-fe54dade-f888-4aa9-8916-46ea9c31e84a 1229be69b8c44898828698b1c8969bd5 6e816f6c0fc8484d99429a2d89928899 - - default default] No more DHCP agents
2026-05-09 14:07:11.344 10 WARNING neutron.api.rpc.agentnotifiers.dhcp_rpc_agent_api [None req-fe54dade-f888-4aa9-8916-46ea9c31e84a 1229be69b8c44898828698b1c8969bd5 6e816f6c0fc8484d99429a2d89928899 - - default default] Unable to schedule network 88a5eee2-2137-4b22-b187-07bd4577b1c0: no agents available; will retry on subsequent port and subnet creation events.
2026-05-09 14:07:11.391 10 INFO neutron.wsgi [None req-b28fc1b6-bd67-4fa8-a66a-c9f8cfc20827 7acb5b4ae20f4c639e6953fe0c18234c 10ecd7778cc4496eb449c4abf733729a - - default default] 10.0.0.184 "GET /v2.0/trunks?not-tags=red%2Cblue HTTP/1.1" status: 200 len: 1419 time: 0.0509450
2026-05-09 14:07:11.417 9 INFO neutron.wsgi [req-011b3fde-7c3c-4aa0-b143-f5edea144466 req-9b0140cf-fdf8-45a6-9886-d2e9dd522042 7481447b76464c98b47dd0b892cbe325 9f463f90f4f04e52a229975edc824e3f - - 55ab48c9f52240d1b556d00c1ae2d508 55ab48c9f52240d1b556d00c1ae2d508] 199.204.45.240 "GET /v2.0/ports?device_id=fc159167-e1ba-4bc2-846e-5ee38c8d9698&fields=binding%3Ahost_id&fields=binding%3Avif_type HTTP/1.1" status: 200 len: 265 time: 0.0507889
2026-05-09 14:07:11.433 10 INFO neutron.wsgi [None req-d7fa1ca4-0ed3-4791-9136-15b18c1f6965 7acb5b4ae20f4c639e6953fe0c18234c 10ecd7778cc4496eb449c4abf733729a - - default default] 10.0.0.184 "GET /v2.0/trunks?not-tags-any=blue HTTP/1.1" status: 200 len: 1419 time: 0.0356698
2026-05-09 14:07:11.467 9 INFO neutron.wsgi [None req-85519879-7d29-4fa4-ac30-631bf78abbe8 7acb5b4ae20f4c639e6953fe0c18234c 10ecd7778cc4496eb449c4abf733729a - - default default] 10.0.0.184 "GET /v2.0/trunks?not-tags-any=red%2Cblue HTTP/1.1" status: 200 len: 1013 time: 0.0294385
2026-05-09 14:07:11.492 9 INFO neutron.wsgi [req-011b3fde-7c3c-4aa0-b143-f5edea144466 req-c410e97e-8e25-42b5-a863-09076250159d 7481447b76464c98b47dd0b892cbe325 9f463f90f4f04e52a229975edc824e3f - - 55ab48c9f52240d1b556d00c1ae2d508 55ab48c9f52240d1b556d00c1ae2d508] 199.204.45.240 "GET /v2.0/ports?tenant_id=ee6843b5d0d949d88f2c7009fdc3cc32&device_id=fc159167-e1ba-4bc2-846e-5ee38c8d9698 HTTP/1.1" status: 200 len: 1413 time: 0.0386879
2026-05-09 14:07:11.519 10 INFO neutron.wsgi [None req-e93dbbf6-2d6f-47f3-ac4c-8ec8c30ba283 7acb5b4ae20f4c639e6953fe0c18234c 10ecd7778cc4496eb449c4abf733729a - - default default] 10.0.0.184 "GET /v2.0/trunks/2cbe6dff-afb7-4335-9b62-4c42ae79d625 HTTP/1.1" status: 200 len: 608 time: 0.0404160
2026-05-09 14:07:11.599 9 INFO neutron.wsgi [req-011b3fde-7c3c-4aa0-b143-f5edea144466 req-625f6b4c-7bdd-41a5-8f68-2eea8f577dbc 7481447b76464c98b47dd0b892cbe325 9f463f90f4f04e52a229975edc824e3f - - 55ab48c9f52240d1b556d00c1ae2d508 55ab48c9f52240d1b556d00c1ae2d508] 199.204.45.240 "GET /v2.0/networks?id=99a3ec72-7c72-4747-b5f0-edcc1af2b06f HTTP/1.1" status: 200 len: 959 time: 0.0875921
2026-05-09 14:07:11.600 10 INFO neutron.db.ovn_revision_numbers_db [None req-fe54dade-f888-4aa9-8916-46ea9c31e84a 1229be69b8c44898828698b1c8969bd5 6e816f6c0fc8484d99429a2d89928899 - - default default] Successfully bumped revision number for resource d4a06ded-a986-4248-bcf2-bf2d369d8d20 (type: ports) to 1
2026-05-09 14:07:11.642 9 INFO neutron.wsgi [req-011b3fde-7c3c-4aa0-b143-f5edea144466 req-d225a54a-cc85-4a5f-b6aa-a54538036965 7481447b76464c98b47dd0b892cbe325 9f463f90f4f04e52a229975edc824e3f - - 55ab48c9f52240d1b556d00c1ae2d508 55ab48c9f52240d1b556d00c1ae2d508] 199.204.45.240 "GET /v2.0/floatingips?fixed_ip_address=10.100.0.12&port_id=cfe7eca7-0f43-4810-918f-10a65c0d7162 HTTP/1.1" status: 200 len: 217 time: 0.0366001
2026-05-09 14:07:11.658 10 INFO neutron.wsgi [None req-0575c6a8-a221-4905-bf45-ac73fa233e43 ccdc0baed071487a85239d832b6e6379 a1d5122f05aa4d1695967ab314156feb - - default default] 10.0.0.184 "DELETE /v2.0/ports/0842d337-2043-4f3d-af1c-b8b557c3ca78 HTTP/1.1" status: 204 len: 168 time: 0.4048016
2026-05-09 14:07:11.671 9 INFO neutron.wsgi [None req-92beaa5f-626f-4a9d-909b-2f764d1949c2 7acb5b4ae20f4c639e6953fe0c18234c 10ecd7778cc4496eb449c4abf733729a - - default default] 10.0.0.184 "GET /v2.0/ports/1a03feb9-c2e5-46af-8060-6d5fad04a0c8 HTTP/1.1" status: 200 len: 1020 time: 0.1465089
2026-05-09 14:07:11.699 9 INFO neutron.wsgi [req-011b3fde-7c3c-4aa0-b143-f5edea144466 req-c8030bf3-0f77-4c64-8946-1a17ca3296f0 7481447b76464c98b47dd0b892cbe325 9f463f90f4f04e52a229975edc824e3f - - 55ab48c9f52240d1b556d00c1ae2d508 55ab48c9f52240d1b556d00c1ae2d508] 199.204.45.240 "GET /v2.0/subnets?id=938faa2c-1a4c-435b-af3c-e6982b7bffd0 HTTP/1.1" status: 200 len: 853 time: 0.0468619
2026-05-09 14:07:11.739 9 INFO neutron.wsgi [req-011b3fde-7c3c-4aa0-b143-f5edea144466 req-80b30824-7c8d-49d1-bccb-5a3338719632 7481447b76464c98b47dd0b892cbe325 9f463f90f4f04e52a229975edc824e3f - - 55ab48c9f52240d1b556d00c1ae2d508 55ab48c9f52240d1b556d00c1ae2d508] 199.204.45.240 "GET /v2.0/ports?network_id=99a3ec72-7c72-4747-b5f0-edcc1af2b06f&device_owner=network%3Adhcp HTTP/1.1" status: 200 len: 210 time: 0.0311882
2026-05-09 14:07:11.793 9 INFO neutron.wsgi [None req-34ad4a75-be0b-4583-be19-5c08dc5dfb05 7acb5b4ae20f4c639e6953fe0c18234c 10ecd7778cc4496eb449c4abf733729a - - default default] 10.0.0.184 "DELETE /v2.0/trunks/2cbe6dff-afb7-4335-9b62-4c42ae79d625 HTTP/1.1" status: 204 len: 168 time: 0.1161275
2026-05-09 14:07:11.816 9 INFO neutron.wsgi [None req-b1188204-2b49-45de-98f8-f76b13e5e544 7acb5b4ae20f4c639e6953fe0c18234c 10ecd7778cc4496eb449c4abf733729a - - default default] 10.0.0.184 "GET /v2.0/trunks/4e15db34-7893-4d88-841c-98e4f375478e HTTP/1.1" status: 200 len: 616 time: 0.0191855
2026-05-09 14:07:11.832 9 INFO neutron.wsgi [req-011b3fde-7c3c-4aa0-b143-f5edea144466 req-8ce2fa9e-be44-4a59-8a8d-642c7688d8fb 7481447b76464c98b47dd0b892cbe325 9f463f90f4f04e52a229975edc824e3f - - 55ab48c9f52240d1b556d00c1ae2d508 55ab48c9f52240d1b556d00c1ae2d508] 199.204.45.240 "GET /v2.0/networks/99a3ec72-7c72-4747-b5f0-edcc1af2b06f?fields=segments HTTP/1.1" status: 200 len: 212 time: 0.0844109
2026-05-09 14:07:11.900 9 INFO neutron.wsgi [req-011b3fde-7c3c-4aa0-b143-f5edea144466 req-90092fad-c718-4959-91e6-d6969fb45b81 7481447b76464c98b47dd0b892cbe325 9f463f90f4f04e52a229975edc824e3f - - 55ab48c9f52240d1b556d00c1ae2d508 55ab48c9f52240d1b556d00c1ae2d508] 199.204.45.240 "GET /v2.0/networks/99a3ec72-7c72-4747-b5f0-edcc1af2b06f?fields=provider%3Aphysical_network&fields=provider%3Anetwork_type HTTP/1.1" status: 200 len: 277 time: 0.0616586
2026-05-09 14:07:11.959 10 INFO neutron.wsgi [None req-fb049a5b-ed06-43dd-8141-3ae2894502b2 7acb5b4ae20f4c639e6953fe0c18234c 10ecd7778cc4496eb449c4abf733729a - - default default] 10.0.0.184 "GET /v2.0/ports/f5ccad0c-1630-4cbc-bead-b59be833bfc6 HTTP/1.1" status: 200 len: 1020 time: 0.1378109
2026-05-09 14:07:12.018 9 WARNING neutron.plugins.ml2.drivers.ovn.mech_driver.ovsdb.ovn_client [None req-2b62d2f3-948b-40ce-92b0-cd56d01da0a3 - - - - - -] No hosting information found for port d685f85e-691b-4fe7-acc9-2e3400fb32e9: RuntimeError: No hosting information found for port d685f85e-691b-4fe7-acc9-2e3400fb32e9
2026-05-09 14:07:12.063 9 INFO neutron.wsgi [None req-4cb65e88-b5dc-4329-8efa-f656fbca09d1 7acb5b4ae20f4c639e6953fe0c18234c 10ecd7778cc4496eb449c4abf733729a - - default default] 10.0.0.184 "DELETE /v2.0/trunks/4e15db34-7893-4d88-841c-98e4f375478e HTTP/1.1" status: 204 len: 168 time: 0.0981479
2026-05-09 14:07:12.084 9 INFO neutron.wsgi [None req-597b8ca3-54cd-4a64-935b-de483c9ae623 7acb5b4ae20f4c639e6953fe0c18234c 10ecd7778cc4496eb449c4abf733729a - - default default] 10.0.0.184 "GET /v2.0/trunks/c60e5d8a-cc2a-469b-9797-99fa1cb2d6a0 HTTP/1.1" status: 200 len: 625 time: 0.0170329
2026-05-09 14:07:12.183 9 INFO neutron.wsgi [None req-0fbc2204-5c90-468d-a324-4c810101ee4f 7acb5b4ae20f4c639e6953fe0c18234c 10ecd7778cc4496eb449c4abf733729a - - default default] 10.0.0.184 "GET /v2.0/ports/179c086f-1e57-448a-bd8f-491536a65313 HTTP/1.1" status: 200 len: 1020 time: 0.0940249
2026-05-09 14:07:12.193 10 INFO neutron.services.segments.plugin [-] Segment e81428bf-0503-4bf1-b43a-e5fc6d59e45b resource provider aggregate not found
2026-05-09 14:07:12.201 10 INFO neutron.services.segments.plugin [-] Segment e81428bf-0503-4bf1-b43a-e5fc6d59e45b resource provider aggregate not found
2026-05-09 14:07:12.219 10 INFO neutron.services.segments.plugin [-] Segment e81428bf-0503-4bf1-b43a-e5fc6d59e45b resource provider not found; error: Placement Client Error (4xx): {"errors": [{"status": 404, "title": "Not Found", "detail": "The resource could not be found.\n\n No resource provider with uuid e81428bf-0503-4bf1-b43a-e5fc6d59e45b found for delete ", "request_id": "req-2c23f9e2-da28-43f1-9f8d-31af87849e1d"}]}
2026-05-09 14:07:12.220 10 INFO neutron.services.segments.plugin [-] Segment e81428bf-0503-4bf1-b43a-e5fc6d59e45b resource provider not found; error: Placement Client Error (4xx): {"errors": [{"status": 404, "title": "Not Found", "detail": "The resource could not be found.\n\n No resource provider with uuid e81428bf-0503-4bf1-b43a-e5fc6d59e45b found for delete ", "request_id": "req-75bdc592-e5d5-499a-8da5-5dbf95b4173a"}]}
2026-05-09 14:07:12.251 10 INFO neutron.wsgi [None req-1fef0c7e-7b73-421a-9376-43193febe893 ccdc0baed071487a85239d832b6e6379 a1d5122f05aa4d1695967ab314156feb - - default default] 10.0.0.184 "DELETE /v2.0/networks/65814de1-758a-4bf3-b2c7-1efa32f57e67 HTTP/1.1" status: 204 len: 168 time: 0.5867343
2026-05-09 14:07:12.306 10 INFO neutron.wsgi [None req-9f44c782-4a4c-45b2-9619-0a25fdfcc0b1 7acb5b4ae20f4c639e6953fe0c18234c 10ecd7778cc4496eb449c4abf733729a - - default default] 10.0.0.184 "DELETE /v2.0/trunks/c60e5d8a-cc2a-469b-9797-99fa1cb2d6a0 HTTP/1.1" status: 204 len: 168 time: 0.1185687
2026-05-09 14:07:12.336 9 INFO neutron.wsgi [None req-159b5714-7953-4e37-80fc-72a69e66c3bf 7acb5b4ae20f4c639e6953fe0c18234c 10ecd7778cc4496eb449c4abf733729a - - default default] 10.0.0.184 "GET /v2.0/trunks/be19921d-34d7-44b0-8e0c-fdb0d7271a97 HTTP/1.1" status: 200 len: 610 time: 0.0246770
2026-05-09 14:07:12.441 9 INFO neutron.wsgi [None req-dbbd2e69-0e1d-4149-a17e-b709826c1793 7acb5b4ae20f4c639e6953fe0c18234c 10ecd7778cc4496eb449c4abf733729a - - default default] 10.0.0.184 "GET /v2.0/ports/452a9630-37c2-40cc-8de4-c41e8063cab8 HTTP/1.1" status: 200 len: 1020 time: 0.1005750
2026-05-09 14:07:12.481 10 ERROR ovsdbapp.backend.ovs_idl.command [None req-fe54dade-f888-4aa9-8916-46ea9c31e84a 1229be69b8c44898828698b1c8969bd5 6e816f6c0fc8484d99429a2d89928899 - - default default] Error executing command (DbGetCommand): ovsdbapp.backend.ovs_idl.idlutils.RowNotFound: Cannot find Logical_Router_Port with name=lrp-d4a06ded-a986-4248-bcf2-bf2d369d8d20
2026-05-09 14:07:12.481 10 ERROR ovsdbapp.backend.ovs_idl.command
Traceback (most recent call last):
2026-05-09 14:07:12.481 10 ERROR ovsdbapp.backend.ovs_idl.command
File "/var/lib/openstack/lib/python3.10/site-packages/ovsdbapp/backend/ovs_idl/command.py", line 47, in execute
2026-05-09 14:07:12.481 10 ERROR ovsdbapp.backend.ovs_idl.command self.run_idl(None)
2026-05-09 14:07:12.481 10 ERROR ovsdbapp.backend.ovs_idl.command
File "/var/lib/openstack/lib/python3.10/site-packages/ovsdbapp/backend/ovs_idl/command.py", line 235, in run_idl
2026-05-09 14:07:12.481 10 ERROR ovsdbapp.backend.ovs_idl.command record = self.api.lookup(self.table, self.record)
2026-05-09 14:07:12.481 10 ERROR ovsdbapp.backend.ovs_idl.command
File "/var/lib/openstack/lib/python3.10/site-packages/ovsdbapp/backend/ovs_idl/__init__.py", line 184, in lookup
2026-05-09 14:07:12.481 10 ERROR ovsdbapp.backend.ovs_idl.command return self._lookup(table, record)
2026-05-09 14:07:12.481 10 ERROR ovsdbapp.backend.ovs_idl.command
