2026-05-09 13:30:07.238 10 INFO neutron.db.segments_db [None req-8f4481cc-266c-46fa-bcc5-b87fef1cc443 753280bc916d47ae887db1fab82e6bd2 eee0c6a25d6a4e0380da27db6e0b54a5 - - default default] Added segment 41b7ce9d-42e1-4e26-a4fa-31b3dd80ed71 of type flat for network f7910759-c9cf-4aaf-a551-e509a0e2d158
2026-05-09 13:30:07.431 10 INFO neutron.db.ovn_revision_numbers_db [None req-8f4481cc-266c-46fa-bcc5-b87fef1cc443 753280bc916d47ae887db1fab82e6bd2 eee0c6a25d6a4e0380da27db6e0b54a5 - - default default] Successfully bumped revision number for resource f7910759-c9cf-4aaf-a551-e509a0e2d158 (type: networks) to 1
2026-05-09 13:30:07.629 15 WARNING neutron.plugins.ml2.drivers.ovn.mech_driver.ovsdb.ovn_db_sync [None req-6768bb61-5631-42aa-b345-c2d3bc2b5c78 - - - - - -] New host instance found in OVN SB DB, but not in Neutron. Add its SegmentHostMapping in Neutron
2026-05-09 13:30:07.675 10 WARNING neutron.scheduler.dhcp_agent_scheduler [None req-8f4481cc-266c-46fa-bcc5-b87fef1cc443 753280bc916d47ae887db1fab82e6bd2 eee0c6a25d6a4e0380da27db6e0b54a5 - - default default] No more DHCP agents
2026-05-09 13:30:07.678 10 WARNING neutron.api.rpc.agentnotifiers.dhcp_rpc_agent_api [None req-8f4481cc-266c-46fa-bcc5-b87fef1cc443 753280bc916d47ae887db1fab82e6bd2 eee0c6a25d6a4e0380da27db6e0b54a5 - - default default] Unable to schedule network f7910759-c9cf-4aaf-a551-e509a0e2d158: no agents available; will retry on subsequent port and subnet creation events.
2026-05-09 13:30:07.804 10 INFO neutron.db.ovn_revision_numbers_db [None req-8f4481cc-266c-46fa-bcc5-b87fef1cc443 753280bc916d47ae887db1fab82e6bd2 eee0c6a25d6a4e0380da27db6e0b54a5 - - default default] Successfully bumped revision number for resource 20190706-8451-4cfe-8b4f-c1f82d672b14 (type: ports) to 1
2026-05-09 13:30:07.829 10 INFO neutron.wsgi [None req-8f4481cc-266c-46fa-bcc5-b87fef1cc443 753280bc916d47ae887db1fab82e6bd2 eee0c6a25d6a4e0380da27db6e0b54a5 - - default default] 199.204.45.240,10.0.0.12 "POST /v2.0/networks HTTP/1.1" status: 201 len: 886 time: 0.9551616
2026-05-09 13:30:07.979 15 INFO neutron.plugins.ml2.drivers.ovn.mech_driver.ovsdb.extensions.qos [None req-5f5a631b-78c9-492f-aa06-b0f31ac973ba - - - - - -] Starting OVNClientQosExtension
2026-05-09 13:30:08.004 15 INFO neutron.plugins.ml2.drivers.ovn.mech_driver.ovsdb.extensions.qos [None req-5f5a631b-78c9-492f-aa06-b0f31ac973ba - - - - - -] Starting OVNClientQosExtension
2026-05-09 13:30:08.912 10 INFO neutron.pecan_wsgi.hooks.translation [None req-361e2a52-a245-4ded-bd2b-93747754e92d 753280bc916d47ae887db1fab82e6bd2 eee0c6a25d6a4e0380da27db6e0b54a5 - - default default] GET failed (client error): The resource could not be found.
2026-05-09 13:30:08.914 10 INFO neutron.wsgi [None req-361e2a52-a245-4ded-bd2b-93747754e92d 753280bc916d47ae887db1fab82e6bd2 eee0c6a25d6a4e0380da27db6e0b54a5 - - default default] 199.204.45.240,10.0.0.12 "GET /v2.0/networks/public HTTP/1.1" status: 404 len: 290 time: 0.0425854
2026-05-09 13:30:08.969 10 INFO neutron.wsgi [None req-5720b5e1-088a-4aa0-a834-386eafe64331 753280bc916d47ae887db1fab82e6bd2 eee0c6a25d6a4e0380da27db6e0b54a5 - - default default] 199.204.45.240,10.0.0.12 "GET /v2.0/networks?name=public HTTP/1.1" status: 200 len: 890 time: 0.0524597
2026-05-09 13:30:08.997 10 INFO neutron.pecan_wsgi.hooks.translation [None req-b02a121a-a9be-430f-bd7d-f16b738c89a5 753280bc916d47ae887db1fab82e6bd2 eee0c6a25d6a4e0380da27db6e0b54a5 - - default default] GET failed (client error): The resource could not be found.
2026-05-09 13:30:09.000 10 INFO neutron.wsgi [None req-b02a121a-a9be-430f-bd7d-f16b738c89a5 753280bc916d47ae887db1fab82e6bd2 eee0c6a25d6a4e0380da27db6e0b54a5 - - default default] 199.204.45.240,10.0.0.12 "GET /v2.0/subnets/public-subnet?network_id=f7910759-c9cf-4aaf-a551-e509a0e2d158 HTTP/1.1" status: 404 len: 295 time: 0.0226665
2026-05-09 13:30:09.022 10 INFO neutron.wsgi [None req-5f733009-8e2c-4cc5-b709-1246937be08f 753280bc916d47ae887db1fab82e6bd2 eee0c6a25d6a4e0380da27db6e0b54a5 - - default default] 199.204.45.240,10.0.0.12 "GET /v2.0/subnets?name=public-subnet&network_id=f7910759-c9cf-4aaf-a551-e509a0e2d158 HTTP/1.1" status: 200 len: 188 time: 0.0186169
2026-05-09 13:30:09.279 10 WARNING neutron.scheduler.dhcp_agent_scheduler [None req-4cf7e395-e1a2-4563-ad87-eb33d2d7796e 753280bc916d47ae887db1fab82e6bd2 eee0c6a25d6a4e0380da27db6e0b54a5 - - default default] No more DHCP agents
2026-05-09 13:30:09.281 10 WARNING neutron.api.rpc.agentnotifiers.dhcp_rpc_agent_api [None req-4cf7e395-e1a2-4563-ad87-eb33d2d7796e 753280bc916d47ae887db1fab82e6bd2 eee0c6a25d6a4e0380da27db6e0b54a5 - - default default] Unable to schedule network f7910759-c9cf-4aaf-a551-e509a0e2d158: no agents available; will retry on subsequent port and subnet creation events.
2026-05-09 13:30:09.907 10 INFO neutron.db.ovn_revision_numbers_db [None req-4cf7e395-e1a2-4563-ad87-eb33d2d7796e 753280bc916d47ae887db1fab82e6bd2 eee0c6a25d6a4e0380da27db6e0b54a5 - - default default] Successfully bumped revision number for resource 20190706-8451-4cfe-8b4f-c1f82d672b14 (type: ports) to 2
2026-05-09 13:30:09.956 10 INFO neutron.db.ovn_revision_numbers_db [None req-4cf7e395-e1a2-4563-ad87-eb33d2d7796e 753280bc916d47ae887db1fab82e6bd2 eee0c6a25d6a4e0380da27db6e0b54a5 - - default default] Successfully bumped revision number for resource 963ee9fb-5f99-4f83-957e-bd8644801063 (type: subnets) to 0
2026-05-09 13:30:09.971 10 INFO neutron.wsgi [None req-4cf7e395-e1a2-4563-ad87-eb33d2d7796e 753280bc916d47ae887db1fab82e6bd2 eee0c6a25d6a4e0380da27db6e0b54a5 - - default default] 199.204.45.240,10.0.0.12 "POST /v2.0/subnets HTTP/1.1" status: 201 len: 821 time: 0.9436765
2026-05-09 13:30:19.889 9 INFO neutron.wsgi [-] 10.0.0.12 "GET / HTTP/1.1" status: 200 len: 246 time: 0.0044940
2026-05-09 13:30:34.885 9 INFO neutron.wsgi [-] 10.0.0.12 "GET / HTTP/1.1" status: 200 len: 246 time: 0.0016053
2026-05-09 13:30:49.887 10 INFO neutron.wsgi [-] 10.0.0.12 "GET / HTTP/1.1" status: 200 len: 246 time: 0.0026174
2026-05-09 13:31:04.886 10 INFO neutron.wsgi [-] 10.0.0.12 "GET / HTTP/1.1" status: 200 len: 246 time: 0.0016601
2026-05-09 13:31:04.888 9 INFO neutron.wsgi [-] 10.0.0.12 "GET / HTTP/1.1" status: 200 len: 246 time: 0.0022535
2026-05-09 13:31:19.887 10 INFO neutron.wsgi [-] 10.0.0.12 "GET / HTTP/1.1" status: 200 len: 246 time: 0.0028358
2026-05-09 13:31:19.890 10 INFO neutron.wsgi [-] 10.0.0.12 "GET / HTTP/1.1" status: 200 len: 246 time: 0.0020792
2026-05-09 13:31:34.886 10 INFO neutron.wsgi [-] 10.0.0.12 "GET / HTTP/1.1" status: 200 len: 246 time: 0.0015774
2026-05-09 13:31:34.888 9 INFO neutron.wsgi [-] 10.0.0.12 "GET / HTTP/1.1" status: 200 len: 246 time: 0.0030320
2026-05-09 13:31:49.887 10 INFO neutron.wsgi [-] 10.0.0.12 "GET / HTTP/1.1" status: 200 len: 246 time: 0.0027707
2026-05-09 13:31:49.890 10 INFO neutron.wsgi [-] 10.0.0.12 "GET / HTTP/1.1" status: 200 len: 246 time: 0.0021060
2026-05-09 13:32:04.886 9 INFO neutron.wsgi [-] 10.0.0.12 "GET / HTTP/1.1" status: 200 len: 246 time: 0.0024197
2026-05-09 13:32:04.888 10 INFO neutron.wsgi [-] 10.0.0.12 "GET / HTTP/1.1" status: 200 len: 246 time: 0.0038090
2026-05-09 13:32:19.887 9 INFO neutron.wsgi [-] 10.0.0.12 "GET / HTTP/1.1" status: 200 len: 246 time: 0.0026662
2026-05-09 13:32:19.891 9 INFO neutron.wsgi [-] 10.0.0.12 "GET / HTTP/1.1" status: 200 len: 246 time: 0.0022626
2026-05-09 13:32:34.886 9 INFO neutron.wsgi [-] 10.0.0.12 "GET / HTTP/1.1" status: 200 len: 246 time: 0.0022404
2026-05-09 13:32:34.886 10 INFO neutron.wsgi [-] 10.0.0.12 "GET / HTTP/1.1" status: 200 len: 246 time: 0.0023386
2026-05-09 13:32:49.892 9 INFO neutron.wsgi [-] 10.0.0.12 "GET / HTTP/1.1" status: 200 len: 246 time: 0.0083902
2026-05-09 13:32:49.894 9 INFO neutron.wsgi [-] 10.0.0.12 "GET / HTTP/1.1" status: 200 len: 246 time: 0.0008879
2026-05-09 13:33:04.886 9 INFO neutron.wsgi [-] 10.0.0.12 "GET / HTTP/1.1" status: 200 len: 246 time: 0.0022128
2026-05-09 13:33:04.887 10 INFO neutron.wsgi [-] 10.0.0.12 "GET / HTTP/1.1" status: 200 len: 246 time: 0.0034523
2026-05-09 13:33:19.887 10 INFO neutron.wsgi [-] 10.0.0.12 "GET / HTTP/1.1" status: 200 len: 246 time: 0.0023692
2026-05-09 13:33:19.890 10 INFO neutron.wsgi [-] 10.0.0.12 "GET / HTTP/1.1" status: 200 len: 246 time: 0.0020406
2026-05-09 13:33:34.885 10 INFO neutron.wsgi [-] 10.0.0.12 "GET / HTTP/1.1" status: 200 len: 246 time: 0.0012660
2026-05-09 13:33:34.887 9 INFO neutron.wsgi [-] 10.0.0.12 "GET / HTTP/1.1" status: 200 len: 246 time: 0.0025296
2026-05-09 13:33:49.886 9 INFO neutron.wsgi [-] 10.0.0.12 "GET / HTTP/1.1" status: 200 len: 246 time: 0.0021529
2026-05-09 13:33:49.887 10 INFO neutron.wsgi [-] 10.0.0.12 "GET / HTTP/1.1" status: 200 len: 246 time: 0.0030529
2026-05-09 13:34:04.888 10 INFO neutron.wsgi [-] 10.0.0.12 "GET / HTTP/1.1" status: 200 len: 246 time: 0.0033197
2026-05-09 13:34:04.888 9 INFO neutron.wsgi [-] 10.0.0.12 "GET / HTTP/1.1" status: 200 len: 246 time: 0.0033169
2026-05-09 13:34:19.886 10 INFO neutron.wsgi [-] 10.0.0.12 "GET / HTTP/1.1" status: 200 len: 246 time: 0.0023828
2026-05-09 13:34:19.889 10 INFO neutron.wsgi [-] 10.0.0.12 "GET / HTTP/1.1" status: 200 len: 246 time: 0.0026000
2026-05-09 13:34:34.886 9 INFO neutron.wsgi [-] 10.0.0.12 "GET / HTTP/1.1" status: 200 len: 246 time: 0.0022433
2026-05-09 13:34:34.889 9 INFO neutron.wsgi [-] 10.0.0.12 "GET / HTTP/1.1" status: 200 len: 246 time: 0.0019591 /var/lib/openstack/lib/python3.10/site-packages/pycadf/identifier.py:71: UserWarning: Invalid uuid: unknown. To ensure interoperability, identifiers should be a valid uuid. warnings.warn(('Invalid uuid: %s. To ensure interoperability, '
2026-05-09 13:34:45.183 9 INFO neutron.pecan_wsgi.hooks.translation [None req-d8af089f-11ca-472d-9ac8-a26051436019 753280bc916d47ae887db1fab82e6bd2 eee0c6a25d6a4e0380da27db6e0b54a5 - - default default] GET failed (client error): The resource could not be found.
2026-05-09 13:34:45.185 9 INFO neutron.wsgi [None req-d8af089f-11ca-472d-9ac8-a26051436019 753280bc916d47ae887db1fab82e6bd2 eee0c6a25d6a4e0380da27db6e0b54a5 - - default default] 199.204.45.240,10.0.0.12 "GET /v2.0/networks/lb-mgmt-net HTTP/1.1" status: 404 len: 295 time: 0.6264408
2026-05-09 13:34:45.213 9 INFO neutron.wsgi [None req-2d3831f7-b275-4b1c-bf87-fb74102f2839 753280bc916d47ae887db1fab82e6bd2 eee0c6a25d6a4e0380da27db6e0b54a5 - - default default] 199.204.45.240,10.0.0.12 "GET /v2.0/networks?name=lb-mgmt-net HTTP/1.1" status: 200 len: 189 time: 0.0239077
2026-05-09 13:34:45.357 9 WARNING oslo_policy.policy [None req-af847ec1-3570-4ee0-a147-457353cb983b 753280bc916d47ae887db1fab82e6bd2 eee0c6a25d6a4e0380da27db6e0b54a5 - - default default] Policies ['get_subnets_tags'] reference a rule that is not defined.
2026-05-09 13:34:45.446 9 INFO neutron.db.segments_db [None req-af847ec1-3570-4ee0-a147-457353cb983b 753280bc916d47ae887db1fab82e6bd2 eee0c6a25d6a4e0380da27db6e0b54a5 - - default default] Added segment 5f1bffc2-a2e9-4de7-bfdf-07aac2967011 of type geneve for network 497414bb-5d65-4afb-abba-43b8fe0951cb
2026-05-09 13:34:45.550 9 INFO neutron.plugins.ml2.drivers.ovn.mech_driver.ovsdb.extensions.qos [None req-af847ec1-3570-4ee0-a147-457353cb983b 753280bc916d47ae887db1fab82e6bd2 eee0c6a25d6a4e0380da27db6e0b54a5 - - default default] Starting OVNClientQosExtension
2026-05-09 13:34:45.551 9 INFO neutron.plugins.ml2.drivers.ovn.mech_driver.ovsdb.extensions.placement [None req-af847ec1-3570-4ee0-a147-457353cb983b 753280bc916d47ae887db1fab82e6bd2 eee0c6a25d6a4e0380da27db6e0b54a5 - - default default] Starting OVNClientPlacementExtension
2026-05-09 13:34:45.682 9 INFO neutron.db.ovn_revision_numbers_db [None req-af847ec1-3570-4ee0-a147-457353cb983b 753280bc916d47ae887db1fab82e6bd2 eee0c6a25d6a4e0380da27db6e0b54a5 - - default default] Successfully bumped revision number for resource 497414bb-5d65-4afb-abba-43b8fe0951cb (type: networks) to 1
2026-05-09 13:34:45.897 9 WARNING neutron.scheduler.dhcp_agent_scheduler [None req-af847ec1-3570-4ee0-a147-457353cb983b 753280bc916d47ae887db1fab82e6bd2 eee0c6a25d6a4e0380da27db6e0b54a5 - - default default] No more DHCP agents
2026-05-09 13:34:45.899 9 WARNING neutron.api.rpc.agentnotifiers.dhcp_rpc_agent_api [None req-af847ec1-3570-4ee0-a147-457353cb983b 753280bc916d47ae887db1fab82e6bd2 eee0c6a25d6a4e0380da27db6e0b54a5 - - default default] Unable to schedule network 497414bb-5d65-4afb-abba-43b8fe0951cb: no agents available; will retry on subsequent port and subnet creation events.
2026-05-09 13:34:46.000 9 INFO neutron.db.ovn_revision_numbers_db [None req-af847ec1-3570-4ee0-a147-457353cb983b 753280bc916d47ae887db1fab82e6bd2 eee0c6a25d6a4e0380da27db6e0b54a5 - - default default] Successfully bumped revision number for resource 9d6f997c-9db9-40f5-a993-2f15a5984fa4 (type: ports) to 1
2026-05-09 13:34:46.026 9 INFO neutron.wsgi [None req-af847ec1-3570-4ee0-a147-457353cb983b 753280bc916d47ae887db1fab82e6bd2 eee0c6a25d6a4e0380da27db6e0b54a5 - - default default] 199.204.45.240,10.0.0.12 "POST /v2.0/networks HTTP/1.1" status: 201 len: 890 time: 0.8048179
2026-05-09 13:34:46.973 9 INFO neutron.pecan_wsgi.hooks.translation [None req-646dd014-e286-4081-8120-89f05f24dc30 753280bc916d47ae887db1fab82e6bd2 eee0c6a25d6a4e0380da27db6e0b54a5 - - default default] GET failed (client error): The resource could not be found.
2026-05-09 13:34:46.974 9 INFO neutron.wsgi [None req-646dd014-e286-4081-8120-89f05f24dc30 753280bc916d47ae887db1fab82e6bd2 eee0c6a25d6a4e0380da27db6e0b54a5 - - default default] 199.204.45.240,10.0.0.12 "GET /v2.0/networks/lb-mgmt-net HTTP/1.1" status: 404 len: 295 time: 0.0455616
2026-05-09 13:34:47.042 9 INFO neutron.wsgi [None req-a723448d-f255-42c5-bb9b-62a0362b6ef9 753280bc916d47ae887db1fab82e6bd2 eee0c6a25d6a4e0380da27db6e0b54a5 - - default default] 199.204.45.240,10.0.0.12 "GET /v2.0/networks?name=lb-mgmt-net HTTP/1.1" status: 200 len: 875 time: 0.0638320
2026-05-09 13:34:47.074 9 INFO neutron.pecan_wsgi.hooks.translation [None req-46d873fb-b877-4af0-961d-eaf95afe6f8f 753280bc916d47ae887db1fab82e6bd2 eee0c6a25d6a4e0380da27db6e0b54a5 - - default default] GET failed (client error): The resource could not be found.
2026-05-09 13:34:47.076 9 INFO neutron.wsgi [None req-46d873fb-b877-4af0-961d-eaf95afe6f8f 753280bc916d47ae887db1fab82e6bd2 eee0c6a25d6a4e0380da27db6e0b54a5 - - default default] 199.204.45.240,10.0.0.12 "GET /v2.0/subnets/lb-mgmt-subnet?network_id=497414bb-5d65-4afb-abba-43b8fe0951cb HTTP/1.1" status: 404 len: 296 time: 0.0246959
2026-05-09 13:34:47.102 9 INFO neutron.wsgi [None req-117459fb-c88f-4fe3-b4fa-5a6ec7d63e7b 753280bc916d47ae887db1fab82e6bd2 eee0c6a25d6a4e0380da27db6e0b54a5 - - default default] 199.204.45.240,10.0.0.12 "GET /v2.0/subnets?name=lb-mgmt-subnet&network_id=497414bb-5d65-4afb-abba-43b8fe0951cb HTTP/1.1" status: 200 len: 188 time: 0.0216904
2026-05-09 13:34:47.282 9 WARNING neutron.scheduler.dhcp_agent_scheduler [None req-d2b5960a-2118-4807-9ceb-4b14b3f9236c 753280bc916d47ae887db1fab82e6bd2 eee0c6a25d6a4e0380da27db6e0b54a5 - - default default] No more DHCP agents
2026-05-09 13:34:47.283 9 WARNING neutron.api.rpc.agentnotifiers.dhcp_rpc_agent_api [None req-d2b5960a-2118-4807-9ceb-4b14b3f9236c 753280bc916d47ae887db1fab82e6bd2 eee0c6a25d6a4e0380da27db6e0b54a5 - - default default] Unable to schedule network 497414bb-5d65-4afb-abba-43b8fe0951cb: no agents available; will retry on subsequent port and subnet creation events.
2026-05-09 13:34:47.909 9 INFO neutron.db.ovn_revision_numbers_db [None req-d2b5960a-2118-4807-9ceb-4b14b3f9236c 753280bc916d47ae887db1fab82e6bd2 eee0c6a25d6a4e0380da27db6e0b54a5 - - default default] Successfully bumped revision number for resource 9d6f997c-9db9-40f5-a993-2f15a5984fa4 (type: ports) to 2
2026-05-09 13:34:47.954 9 INFO neutron.db.ovn_revision_numbers_db [None req-d2b5960a-2118-4807-9ceb-4b14b3f9236c 753280bc916d47ae887db1fab82e6bd2 eee0c6a25d6a4e0380da27db6e0b54a5 - - default default] Successfully bumped revision number for resource 5671c422-da39-42cc-8acd-c49b9f7bb48b (type: subnets) to 0
2026-05-09 13:34:47.977 9 INFO neutron.wsgi [None req-d2b5960a-2118-4807-9ceb-4b14b3f9236c 753280bc916d47ae887db1fab82e6bd2 eee0c6a25d6a4e0380da27db6e0b54a5 - - default default] 199.204.45.240,10.0.0.12 "POST /v2.0/subnets HTTP/1.1" status: 201 len: 807 time: 0.8689325
2026-05-09 13:34:49.100 9 INFO neutron.api.v2.resource [None req-61a8fc3c-4699-4844-9ac3-1816fee64808 753280bc916d47ae887db1fab82e6bd2 eee0c6a25d6a4e0380da27db6e0b54a5 - - default default] show failed (client error): The resource could not be found.
2026-05-09 13:34:49.102 9 INFO neutron.wsgi [None req-61a8fc3c-4699-4844-9ac3-1816fee64808 753280bc916d47ae887db1fab82e6bd2 eee0c6a25d6a4e0380da27db6e0b54a5 - - default default] 199.204.45.240,10.0.0.12 "GET /v2.0/security-groups/lb-health-mgr-sec-grp HTTP/1.1" status: 404 len: 313 time: 0.0479395
2026-05-09 13:34:49.135 9 INFO neutron.wsgi [None req-8465ec2c-6619-41a9-9d65-e3eb67739c70 753280bc916d47ae887db1fab82e6bd2 eee0c6a25d6a4e0380da27db6e0b54a5 - - default default] 199.204.45.240,10.0.0.12 "GET /v2.0/security-groups?name=lb-health-mgr-sec-grp HTTP/1.1" status: 200 len: 197 time: 0.0300541
2026-05-09 13:34:49.289 9 INFO neutron.db.ovn_revision_numbers_db [None req-bfc56153-30e5-4663-bb11-569f1e762b65 753280bc916d47ae887db1fab82e6bd2 eee0c6a25d6a4e0380da27db6e0b54a5 - - default default] Successfully bumped revision number for resource 7d3c4a88-41f5-4924-9f2e-f60bfda03c29 (type: security_groups) to 1
2026-05-09 13:34:49.306 9 INFO neutron.db.ovn_revision_numbers_db [None req-bfc56153-30e5-4663-bb11-569f1e762b65 753280bc916d47ae887db1fab82e6bd2 eee0c6a25d6a4e0380da27db6e0b54a5 - - default default] Successfully bumped revision number for resource 68259a69-6bfd-44fd-ae4d-8487e7f12422 (type: security_group_rules) to 0
2026-05-09 13:34:49.319 9 INFO neutron.db.ovn_revision_numbers_db [None req-bfc56153-30e5-4663-bb11-569f1e762b65 753280bc916d47ae887db1fab82e6bd2 eee0c6a25d6a4e0380da27db6e0b54a5 - - default default] Successfully bumped revision number for resource cb789b07-fb4c-4eee-82dd-21da3477c9a4 (type: security_group_rules) to 0
2026-05-09 13:34:49.340 9 INFO neutron.wsgi [None req-bfc56153-30e5-4663-bb11-569f1e762b65 753280bc916d47ae887db1fab82e6bd2 eee0c6a25d6a4e0380da27db6e0b54a5 - - default default] 199.204.45.240,10.0.0.12 "POST /v2.0/security-groups HTTP/1.1" status: 201 len: 1797 time: 0.1999536
2026-05-09 13:34:49.887 10 INFO neutron.wsgi [-] 10.0.0.12 "GET / HTTP/1.1" status: 200 len: 246 time: 0.0024540
2026-05-09 13:34:49.888 9 INFO neutron.wsgi [-] 10.0.0.12 "GET / HTTP/1.1" status: 200 len: 246 time: 0.0033476
2026-05-09 13:34:50.475 9 INFO neutron.wsgi [None req-4592303e-c0f2-4dd8-9c2d-7a9167069bcb 753280bc916d47ae887db1fab82e6bd2 eee0c6a25d6a4e0380da27db6e0b54a5 - - default default] 199.204.45.240,10.0.0.12 "GET /v2.0/security-groups/7d3c4a88-41f5-4924-9f2e-f60bfda03c29 HTTP/1.1" status: 200 len: 1792 time: 0.0617127
2026-05-09 13:34:50.523 9 INFO neutron.wsgi [None req-f570ce68-dfdf-4b4c-b77b-9090890d52f6 753280bc916d47ae887db1fab82e6bd2 eee0c6a25d6a4e0380da27db6e0b54a5 - - default default] 199.204.45.240,10.0.0.12 "GET /v2.0/security-groups/7d3c4a88-41f5-4924-9f2e-f60bfda03c29 HTTP/1.1" status: 200 len: 1792 time: 0.0401809
2026-05-09 13:34:50.563 9 INFO neutron.wsgi [None req-227a1d33-c08a-4a4e-ae96-24a48342c826 753280bc916d47ae887db1fab82e6bd2 eee0c6a25d6a4e0380da27db6e0b54a5 - - default default] 199.204.45.240,10.0.0.12 "GET /v2.0/security-groups/7d3c4a88-41f5-4924-9f2e-f60bfda03c29 HTTP/1.1" status: 200 len: 1792 time: 0.0315137
2026-05-09 13:34:50.698 9 INFO neutron.db.ovn_revision_numbers_db [None req-a913c1a1-f0a6-4989-8598-3bf1ba0dc685 753280bc916d47ae887db1fab82e6bd2 eee0c6a25d6a4e0380da27db6e0b54a5 - - default default] Successfully bumped revision number for resource 968e18f6-d109-48e8-aeab-7cdf22aebfc7 (type: security_group_rules) to 0
2026-05-09 13:34:50.728 9 INFO neutron.wsgi [None req-a913c1a1-f0a6-4989-8598-3bf1ba0dc685 753280bc916d47ae887db1fab82e6bd2 eee0c6a25d6a4e0380da27db6e0b54a5 - - default default] 199.204.45.240,10.0.0.12 "POST /v2.0/security-group-rules HTTP/1.1" status: 201 len: 781 time: 0.1564460
2026-05-09 13:34:51.593 10 INFO neutron.wsgi [None req-e74ae6c1-4f3e-40a3-9cb2-5469776caf60 753280bc916d47ae887db1fab82e6bd2 eee0c6a25d6a4e0380da27db6e0b54a5 - - default default] 199.204.45.240,10.0.0.12 "GET /v2.0/security-groups/7d3c4a88-41f5-4924-9f2e-f60bfda03c29 HTTP/1.1" status: 200 len: 2406 time: 0.0861664
2026-05-09 13:34:51.626 10 INFO neutron.wsgi [None req-5c1b73bc-6170-45c7-a67c-64ffa6d68940 753280bc916d47ae887db1fab82e6bd2 eee0c6a25d6a4e0380da27db6e0b54a5 - - default default] 199.204.45.240,10.0.0.12 "GET /v2.0/security-groups/7d3c4a88-41f5-4924-9f2e-f60bfda03c29 HTTP/1.1" status: 200 len: 2406 time: 0.0285642
2026-05-09 13:34:51.655 10 INFO neutron.wsgi [None req-214f504e-c767-4cfa-b141-b4bfb3acb120 753280bc916d47ae887db1fab82e6bd2 eee0c6a25d6a4e0380da27db6e0b54a5 - - default default] 199.204.45.240,10.0.0.12 "GET /v2.0/security-groups/7d3c4a88-41f5-4924-9f2e-f60bfda03c29 HTTP/1.1" status: 200 len: 2406 time: 0.0241778
2026-05-09 13:34:51.777 10 INFO neutron.db.ovn_revision_numbers_db [None req-3a3fb68f-8bee-46e1-96e3-092c1d86c746 753280bc916d47ae887db1fab82e6bd2 eee0c6a25d6a4e0380da27db6e0b54a5 - - default default] Successfully bumped revision number for resource 420a2bac-2bf0-49d1-b384-772a30282f7d (type: security_group_rules) to 0
2026-05-09 13:34:51.806 10 INFO neutron.wsgi [None req-3a3fb68f-8bee-46e1-96e3-092c1d86c746 753280bc916d47ae887db1fab82e6bd2 eee0c6a25d6a4e0380da27db6e0b54a5 - - default default] 199.204.45.240,10.0.0.12 "POST /v2.0/security-group-rules HTTP/1.1" status: 201 len: 783 time: 0.1465576
2026-05-09 13:34:52.659 10 INFO neutron.wsgi [None req-27380ae1-b1cb-4e4b-a2d5-be040542dc68 753280bc916d47ae887db1fab82e6bd2 eee0c6a25d6a4e0380da27db6e0b54a5 - - default default] 199.204.45.240,10.0.0.12 "GET /v2.0/security-groups/7d3c4a88-41f5-4924-9f2e-f60bfda03c29 HTTP/1.1" status: 200 len: 3022 time: 0.0639257
2026-05-09 13:34:52.695 10 INFO neutron.wsgi [None req-fb06d5ed-356b-4c20-b044-9f47f242c372 753280bc916d47ae887db1fab82e6bd2 eee0c6a25d6a4e0380da27db6e0b54a5 - - default default] 199.204.45.240,10.0.0.12 "GET /v2.0/security-groups/7d3c4a88-41f5-4924-9f2e-f60bfda03c29 HTTP/1.1" status: 200 len: 3022 time: 0.0291247
2026-05-09 13:34:52.733 10 INFO neutron.wsgi [None req-104bbc2e-daf5-41f3-a3a9-e37736045ac2 753280bc916d47ae887db1fab82e6bd2 eee0c6a25d6a4e0380da27db6e0b54a5 - - default default] 199.204.45.240,10.0.0.12 "GET /v2.0/security-groups/7d3c4a88-41f5-4924-9f2e-f60bfda03c29 HTTP/1.1" status: 200 len: 3022 time: 0.0306664
2026-05-09 13:34:52.886 10 INFO neutron.db.ovn_revision_numbers_db [None req-ba46be13-d8e9-4525-aa03-64539ea6c339 753280bc916d47ae887db1fab82e6bd2 eee0c6a25d6a4e0380da27db6e0b54a5 - - default default] Successfully bumped revision number for resource 5ca396be-e430-41a3-b518-ce36bb62b0c1 (type: security_group_rules) to 0
2026-05-09 13:34:52.942 10 INFO neutron.wsgi [None req-ba46be13-d8e9-4525-aa03-64539ea6c339 753280bc916d47ae887db1fab82e6bd2 eee0c6a25d6a4e0380da27db6e0b54a5 - - default default] 199.204.45.240,10.0.0.12 "POST /v2.0/security-group-rules HTTP/1.1" status: 201 len: 783 time: 0.2025342
2026-05-09 13:34:53.787 9 INFO neutron.wsgi [None req-0c721c1c-2d2c-4c24-8824-5a9c51f160f6 753280bc916d47ae887db1fab82e6bd2 eee0c6a25d6a4e0380da27db6e0b54a5 - - default default] 199.204.45.240,10.0.0.12 "GET /v2.0/security-groups/7d3c4a88-41f5-4924-9f2e-f60bfda03c29 HTTP/1.1" status: 200 len: 3638 time: 0.0621562
2026-05-09 13:34:53.830 9 INFO neutron.wsgi [None req-e78fb33f-f5e9-49bf-9ab4-ba36896ac061 753280bc916d47ae887db1fab82e6bd2 eee0c6a25d6a4e0380da27db6e0b54a5 - - default default] 199.204.45.240,10.0.0.12 "GET /v2.0/security-groups/7d3c4a88-41f5-4924-9f2e-f60bfda03c29 HTTP/1.1" status: 200 len: 3638 time: 0.0356226
2026-05-09 13:34:53.876 9 INFO neutron.wsgi [None req-35e08223-7948-43ef-ad79-77a4b19c064d 753280bc916d47ae887db1fab82e6bd2 eee0c6a25d6a4e0380da27db6e0b54a5 - - default default] 199.204.45.240,10.0.0.12 "GET /v2.0/security-groups/7d3c4a88-41f5-4924-9f2e-f60bfda03c29 HTTP/1.1" status: 200 len: 3638 time: 0.0359526
2026-05-09 13:34:54.023 9 INFO neutron.db.ovn_revision_numbers_db [None req-674dbb0b-cba1-4665-8951-c0580fca727a 753280bc916d47ae887db1fab82e6bd2 eee0c6a25d6a4e0380da27db6e0b54a5 - - default default] Successfully bumped revision number for resource a6593794-93ed-4c58-9006-7bf547ae32e4 (type: security_group_rules) to 0
2026-05-09 13:34:54.047 9 INFO neutron.wsgi [None req-674dbb0b-cba1-4665-8951-c0580fca727a 753280bc916d47ae887db1fab82e6bd2 eee0c6a25d6a4e0380da27db6e0b54a5 - - default default] 199.204.45.240,10.0.0.12 "POST /v2.0/security-group-rules HTTP/1.1" status: 201 len: 783 time: 0.1632361
2026-05-09 13:34:54.995 10 INFO neutron.wsgi [None req-752d4359-3bae-45b2-8be1-bcbc5d3abc66 753280bc916d47ae887db1fab82e6bd2 eee0c6a25d6a4e0380da27db6e0b54a5 - - default default] 199.204.45.240,10.0.0.12 "GET /v2.0/security-groups/7d3c4a88-41f5-4924-9f2e-f60bfda03c29 HTTP/1.1" status: 200 len: 4254 time: 0.0677841
2026-05-09 13:34:55.035 10 INFO neutron.wsgi [None req-052e551d-2781-49c3-876f-e1e597435b69 753280bc916d47ae887db1fab82e6bd2 eee0c6a25d6a4e0380da27db6e0b54a5 - - default default] 199.204.45.240,10.0.0.12 "GET /v2.0/security-groups/7d3c4a88-41f5-4924-9f2e-f60bfda03c29 HTTP/1.1" status: 200 len: 4254 time: 0.0328746
2026-05-09 13:34:55.073 10 INFO neutron.wsgi [None req-3c56eabc-98c2-44bc-b2b5-bb7cfe6c6069 753280bc916d47ae887db1fab82e6bd2 eee0c6a25d6a4e0380da27db6e0b54a5 - - default default] 199.204.45.240,10.0.0.12 "GET /v2.0/security-groups/7d3c4a88-41f5-4924-9f2e-f60bfda03c29 HTTP/1.1" status: 200 len: 4254 time: 0.0316687
2026-05-09 13:34:55.223 10 INFO neutron.db.ovn_revision_numbers_db [None req-959c7952-12d0-4733-8318-088b9e1a8679 753280bc916d47ae887db1fab82e6bd2 eee0c6a25d6a4e0380da27db6e0b54a5 - - default default] Successfully bumped revision number for resource e58b051a-3357-4816-8531-bd098573e55b (type: security_group_rules) to 0
2026-05-09 13:34:55.248 10 INFO neutron.wsgi [None req-959c7952-12d0-4733-8318-088b9e1a8679 753280bc916d47ae887db1fab82e6bd2 eee0c6a25d6a4e0380da27db6e0b54a5 - - default default] 199.204.45.240,10.0.0.12 "POST /v2.0/security-group-rules HTTP/1.1" status: 201 len: 783 time: 0.1695862
2026-05-09 13:34:56.456 9 INFO neutron.wsgi [None req-398f16f8-7e38-432c-a0ee-b0416eee1dbb 753280bc916d47ae887db1fab82e6bd2 eee0c6a25d6a4e0380da27db6e0b54a5 - - default default] 199.204.45.240,10.0.0.12 "GET /v2.0/networks/497414bb-5d65-4afb-abba-43b8fe0951cb HTTP/1.1" status: 200 len: 910 time: 0.0920672
2026-05-09 13:34:56.478 9 INFO neutron.pecan_wsgi.hooks.translation [None req-3d137490-1a84-4765-805e-2385f2c50180 753280bc916d47ae887db1fab82e6bd2 eee0c6a25d6a4e0380da27db6e0b54a5 - - default default] GET failed (client error): The resource could not be found.
2026-05-09 13:34:56.479 9 INFO neutron.wsgi [None req-3d137490-1a84-4765-805e-2385f2c50180 753280bc916d47ae887db1fab82e6bd2 eee0c6a25d6a4e0380da27db6e0b54a5 - - default default] 199.204.45.240,10.0.0.12 "GET /v2.0/ports/octavia-health-manager-port-instance?network_id=497414bb-5d65-4afb-abba-43b8fe0951cb HTTP/1.1" status: 404 len: 314 time: 0.0173752
2026-05-09 13:34:56.507 9 INFO neutron.wsgi [None req-9ecc7652-edc2-4410-be03-d7a5dcbaac67 753280bc916d47ae887db1fab82e6bd2 eee0c6a25d6a4e0380da27db6e0b54a5 - - default default] 199.204.45.240,10.0.0.12 "GET /v2.0/ports?name=octavia-health-manager-port-instance&network_id=497414bb-5d65-4afb-abba-43b8fe0951cb HTTP/1.1" status: 200 len: 186 time: 0.0262086
2026-05-09 13:34:56.542 9 INFO neutron.wsgi [None req-f5ed6c94-cd0e-4f64-88ab-d7ccbc6e9409 753280bc916d47ae887db1fab82e6bd2 eee0c6a25d6a4e0380da27db6e0b54a5 - - default default] 199.204.45.240,10.0.0.12 "GET /v2.0/security-groups/7d3c4a88-41f5-4924-9f2e-f60bfda03c29 HTTP/1.1" status: 200 len: 4870 time: 0.0328279
2026-05-09 13:34:56.827 9 WARNING neutron.scheduler.dhcp_agent_scheduler [None req-2fa1755d-e571-45aa-98d8-e5fb945d868b 753280bc916d47ae887db1fab82e6bd2 eee0c6a25d6a4e0380da27db6e0b54a5 - - default default] No more DHCP agents
2026-05-09 13:34:56.829 9 WARNING neutron.api.rpc.agentnotifiers.dhcp_rpc_agent_api [None req-2fa1755d-e571-45aa-98d8-e5fb945d868b 753280bc916d47ae887db1fab82e6bd2 eee0c6a25d6a4e0380da27db6e0b54a5 - - default default] Unable to schedule network 497414bb-5d65-4afb-abba-43b8fe0951cb: no agents available; will retry on subsequent port and subnet creation events.
2026-05-09 13:34:56.949 9 INFO neutron.db.ovn_revision_numbers_db [None req-2fa1755d-e571-45aa-98d8-e5fb945d868b 753280bc916d47ae887db1fab82e6bd2 eee0c6a25d6a4e0380da27db6e0b54a5 - - default default] Successfully bumped revision number for resource 31c3bfd6-436f-42a3-9099-c98e4ce52534 (type: ports) to 1
2026-05-09 13:34:56.971 9 INFO neutron.wsgi [None req-2fa1755d-e571-45aa-98d8-e5fb945d868b 753280bc916d47ae887db1fab82e6bd2 eee0c6a25d6a4e0380da27db6e0b54a5 - - default default] 199.204.45.240,10.0.0.12 "POST /v2.0/ports HTTP/1.1" status: 201 len: 1281 time: 0.4243519
2026-05-09 13:34:57.925 15 INFO neutron.db.ovn_revision_numbers_db [None req-ba44a8f4-b9a5-47c8-8aa3-ac4ee90ddd5b - - - - - -] Successfully bumped revision number for resource f7910759-c9cf-4aaf-a551-e509a0e2d158 (type: networks) to 2
2026-05-09 13:34:57.925 15 INFO neutron.plugins.ml2.drivers.ovn.mech_driver.ovsdb.maintenance [None req-ba44a8f4-b9a5-47c8-8aa3-ac4ee90ddd5b - - - - - -] Maintenance task: Synchronization completed (took 0.17 seconds)
2026-05-09 13:35:02.497 10 INFO neutron.pecan_wsgi.hooks.translation [None req-71c82496-e21d-4252-9c17-2ef730ff7648 753280bc916d47ae887db1fab82e6bd2 eee0c6a25d6a4e0380da27db6e0b54a5 - - default default] GET failed (client error): The resource could not be found.
2026-05-09 13:35:02.498 10 INFO neutron.wsgi [None req-71c82496-e21d-4252-9c17-2ef730ff7648 753280bc916d47ae887db1fab82e6bd2 eee0c6a25d6a4e0380da27db6e0b54a5 - - default default] 199.204.45.240,10.0.0.12 "GET /v2.0/ports/octavia-health-manager-port-instance HTTP/1.1" status: 404 len: 314 time: 0.0504770
2026-05-09 13:35:02.559 10 INFO neutron.wsgi [None req-12baaeee-c872-48a4-aff2-8d5e9672892d 753280bc916d47ae887db1fab82e6bd2 eee0c6a25d6a4e0380da27db6e0b54a5 - - default default] 199.204.45.240,10.0.0.12 "GET /v2.0/ports?name=octavia-health-manager-port-instance HTTP/1.1" status: 200 len: 1279 time: 0.0539713
2026-05-09 13:35:02.951 10 INFO neutron.db.ovn_revision_numbers_db [None req-8a38787e-c42e-464d-9dc3-4efa74e944c3 753280bc916d47ae887db1fab82e6bd2 eee0c6a25d6a4e0380da27db6e0b54a5 - - default default] Successfully bumped revision number for resource 31c3bfd6-436f-42a3-9099-c98e4ce52534 (type: ports) to 1
2026-05-09 13:35:03.243 10 INFO neutron.db.ovn_revision_numbers_db [None req-8a38787e-c42e-464d-9dc3-4efa74e944c3 753280bc916d47ae887db1fab82e6bd2 eee0c6a25d6a4e0380da27db6e0b54a5 - - default default] Successfully bumped revision number for resource 31c3bfd6-436f-42a3-9099-c98e4ce52534 (type: ports) to 2
2026-05-09 13:35:03.259 10 INFO neutron.wsgi [None req-8a38787e-c42e-464d-9dc3-4efa74e944c3 753280bc916d47ae887db1fab82e6bd2 eee0c6a25d6a4e0380da27db6e0b54a5 - - default default] 199.204.45.240,10.0.0.12 "PUT /v2.0/ports/31c3bfd6-436f-42a3-9099-c98e4ce52534 HTTP/1.1" status: 200 len: 1366 time: 0.6885402 /var/lib/openstack/lib/python3.10/site-packages/pycadf/identifier.py:71: UserWarning: Invalid uuid: unknown. To ensure interoperability, identifiers should be a valid uuid. warnings.warn(('Invalid uuid: %s. To ensure interoperability, '
2026-05-09 13:35:04.574 9 INFO neutron.wsgi [None req-f82234a0-439c-4f33-a2d7-e67cf9c130c4 753280bc916d47ae887db1fab82e6bd2 eee0c6a25d6a4e0380da27db6e0b54a5 - - default default] 199.204.45.240,10.0.0.12 "GET /v2.0/ports HTTP/1.1" status: 200 len: 3511 time: 0.0891833
2026-05-09 13:35:04.887 9 INFO neutron.wsgi [-] 10.0.0.12 "GET / HTTP/1.1" status: 200 len: 246 time: 0.0022602
2026-05-09 13:35:04.890 9 INFO neutron.wsgi [-] 10.0.0.12 "GET / HTTP/1.1" status: 200 len: 246 time: 0.0020490
2026-05-09 13:35:05.588 9 INFO neutron.api.v2.resource [None req-f4fa3dd4-0282-488c-b2d2-70d348a54ce3 753280bc916d47ae887db1fab82e6bd2 eee0c6a25d6a4e0380da27db6e0b54a5 - - default default] show failed (client error): The resource could not be found.
2026-05-09 13:35:05.590 9 INFO neutron.wsgi [None req-f4fa3dd4-0282-488c-b2d2-70d348a54ce3 753280bc916d47ae887db1fab82e6bd2 eee0c6a25d6a4e0380da27db6e0b54a5 - - default default] 199.204.45.240,10.0.0.12 "GET /v2.0/security-groups/lb-mgmt-sec-grp HTTP/1.1" status: 404 len: 307 time: 0.0423248
2026-05-09 13:35:05.618 9 INFO neutron.wsgi [None req-8789f557-1425-47e5-afcf-6a571e1e39c1 753280bc916d47ae887db1fab82e6bd2 eee0c6a25d6a4e0380da27db6e0b54a5 - - default default] 199.204.45.240,10.0.0.12 "GET /v2.0/security-groups?name=lb-mgmt-sec-grp HTTP/1.1" status: 200 len: 197 time: 0.0254638
2026-05-09 13:35:05.745 9 INFO neutron.db.ovn_revision_numbers_db [None req-bd3031e1-f539-4628-9321-743f8e1d7078 753280bc916d47ae887db1fab82e6bd2 eee0c6a25d6a4e0380da27db6e0b54a5 - - default default] Successfully bumped revision number for resource baabf151-5f3b-471c-8c83-ed23864d6a91 (type: security_groups) to 1
2026-05-09 13:35:05.761 9 INFO neutron.db.ovn_revision_numbers_db [None req-bd3031e1-f539-4628-9321-743f8e1d7078 753280bc916d47ae887db1fab82e6bd2 eee0c6a25d6a4e0380da27db6e0b54a5 - - default default] Successfully bumped revision number for resource 2dbb8b90-7892-48a8-b694-aea1b590fb72 (type: security_group_rules) to 0
2026-05-09 13:35:05.775 9 INFO neutron.db.ovn_revision_numbers_db [None req-bd3031e1-f539-4628-9321-743f8e1d7078 753280bc916d47ae887db1fab82e6bd2 eee0c6a25d6a4e0380da27db6e0b54a5 - - default default] Successfully bumped revision number for resource 54418b05-936c-48c0-92e8-7f2048dd98e5 (type: security_group_rules) to 0
2026-05-09 13:35:05.794 9 INFO neutron.wsgi [None req-bd3031e1-f539-4628-9321-743f8e1d7078 753280bc916d47ae887db1fab82e6bd2 eee0c6a25d6a4e0380da27db6e0b54a5 - - default default] 199.204.45.240,10.0.0.12 "POST /v2.0/security-groups HTTP/1.1" status: 201 len: 1791 time: 0.1706247
2026-05-09 13:35:06.743 9 INFO neutron.wsgi [None req-a769838c-181d-4216-a119-474378555fc7 753280bc916d47ae887db1fab82e6bd2 eee0c6a25d6a4e0380da27db6e0b54a5 - - default default] 199.204.45.240,10.0.0.12 "GET /v2.0/security-groups/baabf151-5f3b-471c-8c83-ed23864d6a91 HTTP/1.1" status: 200 len: 1786 time: 0.0679152
2026-05-09 13:35:06.782 9 INFO neutron.wsgi [None req-dd28baa7-4cf1-4fba-82ff-474053315c16 753280bc916d47ae887db1fab82e6bd2 eee0c6a25d6a4e0380da27db6e0b54a5 - - default default] 199.204.45.240,10.0.0.12 "GET /v2.0/security-groups/baabf151-5f3b-471c-8c83-ed23864d6a91 HTTP/1.1" status: 200 len: 1786 time: 0.0318956
2026-05-09 13:35:06.923 9 INFO neutron.wsgi [None req-281b6526-2e0f-4d34-9b9c-73d500130814 753280bc916d47ae887db1fab82e6bd2 eee0c6a25d6a4e0380da27db6e0b54a5 - - default default] 199.204.45.240,10.0.0.12 "GET /v2.0/security-groups/baabf151-5f3b-471c-8c83-ed23864d6a91 HTTP/1.1" status: 200 len: 1786 time: 0.1343260
2026-05-09 13:35:07.055 9 INFO neutron.db.ovn_revision_numbers_db [None req-7fc708a6-cd39-4932-93b4-8b5015ce8bcb 753280bc916d47ae887db1fab82e6bd2 eee0c6a25d6a4e0380da27db6e0b54a5 - - default default] Successfully bumped revision number for resource 43bc9e70-b8ac-4db3-8182-dcc878469881 (type: security_group_rules) to 0
2026-05-09 13:35:07.080 9 INFO neutron.wsgi [None req-7fc708a6-cd39-4932-93b4-8b5015ce8bcb 753280bc916d47ae887db1fab82e6bd2 eee0c6a25d6a4e0380da27db6e0b54a5 - - default default] 199.204.45.240,10.0.0.12 "POST /v2.0/security-group-rules HTTP/1.1" status: 201 len: 803 time: 0.1495194
2026-05-09 13:35:07.966 9 INFO neutron.wsgi [None req-8111e6fe-89ae-4845-9f0f-828235c330ac 753280bc916d47ae887db1fab82e6bd2 eee0c6a25d6a4e0380da27db6e0b54a5 - - default default] 199.204.45.240,10.0.0.12 "GET /v2.0/security-groups/baabf151-5f3b-471c-8c83-ed23864d6a91 HTTP/1.1" status: 200 len: 2422 time: 0.0611117
2026-05-09 13:35:08.000 9 INFO neutron.wsgi [None req-35057a8e-a915-4f94-92dc-a96bf09c4a0e 753280bc916d47ae887db1fab82e6bd2 eee0c6a25d6a4e0380da27db6e0b54a5 - - default default] 199.204.45.240,10.0.0.12 "GET /v2.0/security-groups/baabf151-5f3b-471c-8c83-ed23864d6a91 HTTP/1.1" status: 200 len: 2422 time: 0.0262210
2026-05-09 13:35:08.031 9 INFO neutron.wsgi [None req-6609b386-37df-40ef-ad3b-9c6d63db5777 753280bc916d47ae887db1fab82e6bd2 eee0c6a25d6a4e0380da27db6e0b54a5 - - default default] 199.204.45.240,10.0.0.12 "GET /v2.0/security-groups/baabf151-5f3b-471c-8c83-ed23864d6a91 HTTP/1.1" status: 200 len: 2422 time: 0.0244102
2026-05-09 13:35:08.178 9 INFO neutron.db.ovn_revision_numbers_db [None req-26a95956-f291-4ccb-93a9-de1f2e4cc699 753280bc916d47ae887db1fab82e6bd2 eee0c6a25d6a4e0380da27db6e0b54a5 - - default default] Successfully bumped revision number for resource e931c501-c970-4ec2-8201-5f115859551a (type: security_group_rules) to 0
2026-05-09 13:35:08.202 9 INFO neutron.wsgi [None req-26a95956-f291-4ccb-93a9-de1f2e4cc699 753280bc916d47ae887db1fab82e6bd2 eee0c6a25d6a4e0380da27db6e0b54a5 - - default default] 199.204.45.240,10.0.0.12 "POST /v2.0/security-group-rules HTTP/1.1" status: 201 len: 807 time: 0.1642394
2026-05-09 13:35:19.886 9 INFO neutron.wsgi [-] 10.0.0.12 "GET / HTTP/1.1" status: 200 len: 246 time: 0.0022669
2026-05-09 13:35:19.886 10 INFO neutron.wsgi [-] 10.0.0.12 "GET / HTTP/1.1" status: 200 len: 246 time: 0.0023596
2026-05-09 13:35:34.887 9 INFO neutron.wsgi [-] 10.0.0.12 "GET / HTTP/1.1" status: 200 len: 246 time: 0.0024669
2026-05-09 13:35:34.888 10 INFO neutron.wsgi [-] 10.0.0.12 "GET / HTTP/1.1" status: 200 len: 246 time: 0.0030744
2026-05-09 13:35:49.887 10 INFO neutron.wsgi [-] 10.0.0.12 "GET / HTTP/1.1" status: 200 len: 246 time: 0.0036290
2026-05-09 13:35:49.887 9 INFO neutron.wsgi [-] 10.0.0.12 "GET / HTTP/1.1" status: 200 len: 246 time: 0.0034022
2026-05-09 13:36:04.887 9 INFO neutron.wsgi [-] 10.0.0.12 "GET / HTTP/1.1" status: 200 len: 246 time: 0.0027337
2026-05-09 13:36:04.887 10 INFO neutron.wsgi [-] 10.0.0.12 "GET / HTTP/1.1" status: 200 len: 246 time: 0.0025229
2026-05-09 13:36:19.886 10 INFO neutron.wsgi [-] 10.0.0.12 "GET / HTTP/1.1" status: 200 len: 246 time: 0.0025518
2026-05-09 13:36:19.888 9 INFO neutron.wsgi [-] 10.0.0.12 "GET / HTTP/1.1" status: 200 len: 246 time: 0.0041740
2026-05-09 13:36:25.343 9 INFO neutron.wsgi [None req-e0090e99-358f-44bd-8808-c2dab760d750 753280bc916d47ae887db1fab82e6bd2 eee0c6a25d6a4e0380da27db6e0b54a5 - - default default] 199.204.45.240,10.0.0.12 "GET /v2.0/quotas/eee0c6a25d6a4e0380da27db6e0b54a5 HTTP/1.1" status: 200 len: 467 time: 0.0144641 /var/lib/openstack/lib/python3.10/site-packages/neutron/extensions/quotasv2.py:139: UserWarning: Neutron quota engine will require "--force" parameter to set a quota limit without checking the resource usage. warnings.warn('Neutron quota engine will require "--force" '
2026-05-09 13:36:25.736 9 INFO neutron.wsgi [None req-3c62ca11-8d7f-46e1-9468-7b15d94a0cbb 753280bc916d47ae887db1fab82e6bd2 eee0c6a25d6a4e0380da27db6e0b54a5 - - default default] 199.204.45.240,10.0.0.12 "PUT /v2.0/quotas/eee0c6a25d6a4e0380da27db6e0b54a5 HTTP/1.1" status: 200 len: 466 time: 0.0319719
2026-05-09 13:36:34.885 9 INFO neutron.wsgi [-] 10.0.0.12 "GET / HTTP/1.1" status: 200 len: 246 time: 0.0016460
2026-05-09 13:36:34.887 10 INFO neutron.wsgi [-] 10.0.0.12 "GET / HTTP/1.1" status: 200 len: 246 time: 0.0027971
2026-05-09 13:36:49.886 10 INFO neutron.wsgi [-] 10.0.0.12 "GET / HTTP/1.1" status: 200 len: 246 time: 0.0020709
2026-05-09 13:36:49.886 9 INFO neutron.wsgi [-] 10.0.0.12 "GET / HTTP/1.1" status: 200 len: 246 time: 0.0025454
2026-05-09 13:37:04.887 10 INFO neutron.wsgi [-] 10.0.0.12 "GET / HTTP/1.1" status: 200 len: 246 time: 0.0026824
2026-05-09 13:37:04.889 10 INFO neutron.wsgi [-] 10.0.0.12 "GET / HTTP/1.1" status: 200 len: 246 time: 0.0012250
2026-05-09 13:37:19.886 9 INFO neutron.wsgi [-] 10.0.0.12 "GET / HTTP/1.1" status: 200 len: 246 time: 0.0026588
2026-05-09 13:37:19.887 10 INFO neutron.wsgi [-] 10.0.0.12 "GET / HTTP/1.1" status: 200 len: 246 time: 0.0037510
2026-05-09 13:37:34.887 9 INFO neutron.wsgi [-] 10.0.0.12 "GET / HTTP/1.1" status: 200 len: 246 time: 0.0028160
2026-05-09 13:37:34.888 10 INFO neutron.wsgi [-] 10.0.0.12 "GET / HTTP/1.1" status: 200 len: 246 time: 0.0035119
2026-05-09 13:37:49.888 9 INFO neutron.wsgi [-] 10.0.0.12 "GET / HTTP/1.1" status: 200 len: 246 time: 0.0031350
2026-05-09 13:37:49.890 9 INFO neutron.wsgi [-] 10.0.0.12 "GET / HTTP/1.1" status: 200 len: 246 time: 0.0018616
2026-05-09 13:38:04.887 9 INFO neutron.wsgi [-] 10.0.0.12 "GET / HTTP/1.1" status: 200 len: 246 time: 0.0027778
2026-05-09 13:38:04.892 10 INFO neutron.wsgi [-] 10.0.0.12 "GET / HTTP/1.1" status: 200 len: 246 time: 0.0026922
2026-05-09 13:38:19.887 10 INFO neutron.wsgi [-] 10.0.0.12 "GET / HTTP/1.1" status: 200 len: 246 time: 0.0025895
2026-05-09 13:38:19.888 9 INFO neutron.wsgi [-] 10.0.0.12 "GET / HTTP/1.1" status: 200 len: 246 time: 0.0030661
2026-05-09 13:38:34.886 10 INFO neutron.wsgi [-] 10.0.0.12 "GET / HTTP/1.1" status: 200 len: 246 time: 0.0018263
2026-05-09 13:38:34.889 10 INFO neutron.wsgi [-] 10.0.0.12 "GET / HTTP/1.1" status: 200 len: 246 time: 0.0021665 /var/lib/openstack/lib/python3.10/site-packages/pycadf/identifier.py:71: UserWarning: Invalid uuid: neutron. To ensure interoperability, identifiers should be a valid uuid. warnings.warn(('Invalid uuid: %s. To ensure interoperability, '
2026-05-09 13:38:35.186 10 INFO neutron.pecan_wsgi.hooks.translation [None req-e51487c1-9508-4cd3-8995-ebdc980ae36b 753280bc916d47ae887db1fab82e6bd2 eee0c6a25d6a4e0380da27db6e0b54a5 - - default default] GET failed (client error): The resource could not be found.
2026-05-09 13:38:35.189 10 INFO neutron.wsgi [None req-e51487c1-9508-4cd3-8995-ebdc980ae36b 753280bc916d47ae887db1fab82e6bd2 eee0c6a25d6a4e0380da27db6e0b54a5 - - default default] 199.204.45.240 "GET /v2.0/ports/octavia-health-manager-port-instance HTTP/1.1" status: 404 len: 338 time: 0.2441330
2026-05-09 13:38:35.244 10 INFO neutron.wsgi [None req-1af4a13f-072d-4703-8ea4-8a9d71c7fa7a 753280bc916d47ae887db1fab82e6bd2 eee0c6a25d6a4e0380da27db6e0b54a5 - - default default] 199.204.45.240 "GET /v2.0/ports?name=octavia-health-manager-port-instance HTTP/1.1" status: 200 len: 1421 time: 0.0520093 /var/lib/openstack/lib/python3.10/site-packages/pycadf/identifier.py:71: UserWarning: Invalid uuid: neutron. To ensure interoperability, identifiers should be a valid uuid. warnings.warn(('Invalid uuid: %s. To ensure interoperability, '
2026-05-09 13:38:37.075 9 INFO neutron.pecan_wsgi.hooks.translation [None req-d140bf99-fae1-498f-877e-54d31a866872 753280bc916d47ae887db1fab82e6bd2 eee0c6a25d6a4e0380da27db6e0b54a5 - - default default] GET failed (client error): The resource could not be found.
2026-05-09 13:38:37.077 9 INFO neutron.wsgi [None req-d140bf99-fae1-498f-877e-54d31a866872 753280bc916d47ae887db1fab82e6bd2 eee0c6a25d6a4e0380da27db6e0b54a5 - - default default] 199.204.45.240 "GET /v2.0/ports/octavia-health-manager-port-instance HTTP/1.1" status: 404 len: 338 time: 0.0740216
2026-05-09 13:38:37.145 9 INFO neutron.wsgi [None req-e780bf3f-a238-4f02-864e-175c68fd32e0 753280bc916d47ae887db1fab82e6bd2 eee0c6a25d6a4e0380da27db6e0b54a5 - - default default] 199.204.45.240 "GET /v2.0/ports?name=octavia-health-manager-port-instance HTTP/1.1" status: 200 len: 1421 time: 0.0618799
2026-05-09 13:38:38.884 9 INFO neutron.plugins.ml2.drivers.ovn.mech_driver.mech_driver [-] OVN reports status up for port: 31c3bfd6-436f-42a3-9099-c98e4ce52534
2026-05-09 13:38:38.898 9 INFO neutron.plugins.ml2.plugin [None req-2b62d2f3-948b-40ce-92b0-cd56d01da0a3 - - - - - -] Attempt 1 to provision port 31c3bfd6-436f-42a3-9099-c98e4ce52534
2026-05-09 13:38:39.281 9 INFO neutron.db.ovn_revision_numbers_db [None req-2b62d2f3-948b-40ce-92b0-cd56d01da0a3 - - - - - -] Successfully bumped revision number for resource 31c3bfd6-436f-42a3-9099-c98e4ce52534 (type: ports) to 4
2026-05-09 13:38:49.887 10 INFO neutron.wsgi [-] 10.0.0.12 "GET / HTTP/1.1" status: 200 len: 246 time: 0.0024962
2026-05-09 13:38:49.888 9 INFO neutron.wsgi [-] 10.0.0.12 "GET / HTTP/1.1" status: 200 len: 246 time: 0.0039151
2026-05-09 13:39:04.886 9 INFO neutron.wsgi [-] 10.0.0.12 "GET / HTTP/1.1" status: 200 len: 246 time: 0.0017498
2026-05-09 13:39:04.887 10 INFO neutron.wsgi [-] 10.0.0.12 "GET / HTTP/1.1" status: 200 len: 246 time: 0.0024717
2026-05-09 13:39:19.887 10 INFO neutron.wsgi [-] 10.0.0.12 "GET / HTTP/1.1" status: 200 len: 246 time: 0.0033450
2026-05-09 13:39:19.887 9 INFO neutron.wsgi [-] 10.0.0.12 "GET / HTTP/1.1" status: 200 len: 246 time: 0.0037978
2026-05-09 13:39:34.885 9 INFO neutron.wsgi [-] 10.0.0.12 "GET / HTTP/1.1" status: 200 len: 246 time: 0.0019460
2026-05-09 13:39:34.886 10 INFO neutron.wsgi [-] 10.0.0.12 "GET / HTTP/1.1" status: 200 len: 246 time: 0.0022216
2026-05-09 13:39:49.887 9 INFO neutron.wsgi [-] 10.0.0.12 "GET / HTTP/1.1" status: 200 len: 246 time: 0.0029972
2026-05-09 13:39:49.887 10 INFO neutron.wsgi [-] 10.0.0.12 "GET / HTTP/1.1" status: 200 len: 246 time: 0.0030861
2026-05-09 13:39:57.897 15 INFO neutron.db.ovn_revision_numbers_db [None req-ba44a8f4-b9a5-47c8-8aa3-ac4ee90ddd5b - - - - - -] Successfully bumped revision number for resource 497414bb-5d65-4afb-abba-43b8fe0951cb (type: networks) to 2
2026-05-09 13:39:57.958 15 INFO neutron.db.ovn_revision_numbers_db [None req-ba44a8f4-b9a5-47c8-8aa3-ac4ee90ddd5b - - - - - -] Successfully bumped revision number for resource 7d3c4a88-41f5-4924-9f2e-f60bfda03c29 (type: security_groups) to 6
2026-05-09 13:39:58.002 15 INFO neutron.db.ovn_revision_numbers_db [None req-ba44a8f4-b9a5-47c8-8aa3-ac4ee90ddd5b - - - - - -] Successfully bumped revision number for resource baabf151-5f3b-471c-8c83-ed23864d6a91 (type: security_groups) to 3
2026-05-09 13:39:58.002 15 INFO neutron.plugins.ml2.drivers.ovn.mech_driver.ovsdb.maintenance [None req-ba44a8f4-b9a5-47c8-8aa3-ac4ee90ddd5b - - - - - -] Maintenance task: Synchronization completed (took 0.23 seconds)
2026-05-09 13:40:04.886 9 INFO neutron.wsgi [-] 10.0.0.12 "GET / HTTP/1.1" status: 200 len: 246 time: 0.0026221
2026-05-09 13:40:04.888 10 INFO neutron.wsgi [-] 10.0.0.12 "GET / HTTP/1.1" status: 200 len: 246 time: 0.0036302
2026-05-09 13:40:19.888 10 INFO neutron.wsgi [-] 10.0.0.12 "GET / HTTP/1.1" status: 200 len: 246 time: 0.0028312
2026-05-09 13:40:19.891 10 INFO neutron.wsgi [-] 10.0.0.12 "GET / HTTP/1.1" status: 200 len: 246 time: 0.0020659
2026-05-09 13:40:34.887 10 INFO neutron.wsgi [-] 10.0.0.12 "GET / HTTP/1.1" status: 200 len: 246 time: 0.0028718
2026-05-09 13:40:34.890 10 INFO neutron.wsgi [-] 10.0.0.12 "GET / HTTP/1.1" status: 200 len: 246 time: 0.0017149
2026-05-09 13:40:49.886 10 INFO neutron.wsgi [-] 10.0.0.12 "GET / HTTP/1.1" status: 200 len: 246 time: 0.0024409
2026-05-09 13:40:49.887 9 INFO neutron.wsgi [-] 10.0.0.12 "GET / HTTP/1.1" status: 200 len: 246 time: 0.0028620
2026-05-09 13:41:04.887 10 INFO neutron.wsgi [-] 10.0.0.12 "GET / HTTP/1.1" status: 200 len: 246 time: 0.0025933
2026-05-09 13:41:04.888 9 INFO neutron.wsgi [-] 10.0.0.12 "GET / HTTP/1.1" status: 200 len: 246 time: 0.0030010
2026-05-09 13:41:19.885 9 INFO neutron.wsgi [-] 10.0.0.12 "GET / HTTP/1.1" status: 200 len: 246 time: 0.0016718
2026-05-09 13:41:19.887 10 INFO neutron.wsgi [-] 10.0.0.12 "GET / HTTP/1.1" status: 200 len: 246 time: 0.0033185
2026-05-09 13:41:34.886 9 INFO neutron.wsgi [-] 10.0.0.12 "GET / HTTP/1.1" status: 200 len: 246 time: 0.0017478
2026-05-09 13:41:34.887 10 INFO neutron.wsgi [-] 10.0.0.12 "GET / HTTP/1.1" status: 200 len: 246 time: 0.0025086
2026-05-09 13:41:49.887 10 INFO neutron.wsgi [-] 10.0.0.12 "GET / HTTP/1.1" status: 200 len: 246 time: 0.0028310
2026-05-09 13:41:49.892 10 INFO neutron.wsgi [-] 10.0.0.12 "GET / HTTP/1.1" status: 200 len: 246 time: 0.0035028
2026-05-09 13:42:04.887 10 INFO neutron.wsgi [-] 10.0.0.12 "GET / HTTP/1.1" status: 200 len: 246 time: 0.0021324
2026-05-09 13:42:04.887 9 INFO neutron.wsgi [-] 10.0.0.12 "GET / HTTP/1.1" status: 200 len: 246 time: 0.0025859
2026-05-09 13:42:19.887 10 INFO neutron.wsgi [-] 10.0.0.12 "GET / HTTP/1.1" status: 200 len: 246 time: 0.0025847
2026-05-09 13:42:19.890 10 INFO neutron.wsgi [-] 10.0.0.12 "GET / HTTP/1.1" status: 200 len: 246 time: 0.0020797
2026-05-09 13:42:34.885 10 INFO neutron.wsgi [-] 10.0.0.12 "GET / HTTP/1.1" status: 200 len: 246 time: 0.0019186
2026-05-09 13:42:34.888 10 INFO neutron.wsgi [-] 10.0.0.12 "GET / HTTP/1.1" status: 200 len: 246 time: 0.0013421
2026-05-09 13:42:49.887 9 INFO neutron.wsgi [-] 10.0.0.12 "GET / HTTP/1.1" status: 200 len: 246 time: 0.0022953
2026-05-09 13:42:49.886 10 INFO neutron.wsgi [-] 10.0.0.12 "GET / HTTP/1.1" status: 200 len: 246 time: 0.0020094
2026-05-09 13:43:04.886 10 INFO neutron.wsgi [-] 10.0.0.12 "GET / HTTP/1.1" status: 200 len: 246 time: 0.0020621
2026-05-09 13:43:04.888 10 INFO neutron.wsgi [-] 10.0.0.12 "GET / HTTP/1.1" status: 200 len: 246 time: 0.0009515
2026-05-09 13:43:19.886 9 INFO neutron.wsgi [-] 10.0.0.12 "GET / HTTP/1.1" status: 200 len: 246 time: 0.0018404
2026-05-09 13:43:19.886 10 INFO neutron.wsgi [-] 10.0.0.12 "GET / HTTP/1.1" status: 200 len: 246 time: 0.0022762
2026-05-09 13:43:34.887 10 INFO neutron.wsgi [-] 10.0.0.12 "GET / HTTP/1.1" status: 200 len: 246 time: 0.0030744
2026-05-09 13:43:34.891 10 INFO neutron.wsgi [-] 10.0.0.12 "GET / HTTP/1.1" status: 200 len: 246 time: 0.0019448
2026-05-09 13:43:49.886 10 INFO neutron.wsgi [-] 10.0.0.12 "GET / HTTP/1.1" status: 200 len: 246 time: 0.0028253
2026-05-09 13:43:49.890 10 INFO neutron.wsgi [-] 10.0.0.12 "GET / HTTP/1.1" status: 200 len: 246 time: 0.0021036
2026-05-09 13:44:04.892 10 INFO neutron.wsgi [-] 10.0.0.12 "GET / HTTP/1.1" status: 200 len: 246 time: 0.0051076
2026-05-09 13:44:04.896 10 INFO neutron.wsgi [-] 10.0.0.12 "GET / HTTP/1.1" status: 200 len: 246 time: 0.0022850
2026-05-09 13:44:19.886 9 INFO neutron.wsgi [-] 10.0.0.12 "GET / HTTP/1.1" status: 200 len: 246 time: 0.0018628
