2026-05-09 14:03:42.982 10 INFO neutron.wsgi [req-99e0b445-929e-47b0-b7a1-99454675fab6 req-c5cc1684-91f1-4e74-ac95-dcbceaebfb59 497228ecb3364350a9fcb642f023e5ec e2d351c496af4cc5ae61b826abac8b15 - - default default] 10.0.0.117 "GET /v2.0/security-groups/9f45f057-3613-428e-9481-ec5c95c5a08a HTTP/1.1" status: 200 len: 1881 time: 0.0313110
2026-05-09 14:03:43.100 10 INFO neutron.wsgi [req-99e0b445-929e-47b0-b7a1-99454675fab6 req-ab871aeb-a06c-46ba-b9d0-796d3ab12625 497228ecb3364350a9fcb642f023e5ec e2d351c496af4cc5ae61b826abac8b15 - - default default] 10.0.0.117 "DELETE /v2.0/security-groups/9f45f057-3613-428e-9481-ec5c95c5a08a HTTP/1.1" status: 204 len: 173 time: 0.1107914
2026-05-09 14:03:43.154 10 INFO neutron.wsgi [req-769e0de3-c411-4912-9cd0-e7b994adf89f req-7ecd5afd-d2b5-4fb3-af87-9e9e521eec62 05d28036027446b2a5d326e469a5acfc 5bf4aa255a984908ad2de3120f20370a - - default default] 10.0.0.117 "GET /v2.0/ports?device_id=7e36c215-bbb7-4efa-90ac-3bd1ffbb3643 HTTP/1.1" status: 200 len: 210 time: 0.0321152
2026-05-09 14:03:43.164 10 INFO neutron.wsgi [req-44763995-30b8-4be5-88f4-cde6454db680 req-8d70e381-7c27-46b4-8ab1-9f50d331e113 1f9747c8b28143e9b1182a509bc595ae ab81573a54d0453f8750cdecb28a8abc - - default default] 10.0.0.117 "GET /v2.0/security-groups/cf3c3d0c-5161-4e76-a8e7-1d8b282e2645 HTTP/1.1" status: 200 len: 2511 time: 0.0478492
2026-05-09 14:03:43.177 10 WARNING neutron_lib.context [req-44763995-30b8-4be5-88f4-cde6454db680 req-40485bca-19de-4b21-afc3-01d5030b65e6 1f9747c8b28143e9b1182a509bc595ae ab81573a54d0453f8750cdecb28a8abc - - default default] Method 'is_advsvc' is deprecated since 2023.2 release (neutron-lib 3.8.0) and will be removed once support for the old RBAC API policies will be removed from Neutron. Please use method 'is_service_role' instead.
2026-05-09 14:03:43.214 10 INFO neutron.wsgi [req-80f8d799-3d5f-4956-b136-6dae71f74ab6 req-38a1087a-988c-4672-8deb-85ad67bdf55c ea5a5ad5a528436abf3246c9a93d29d0 1f6a697c4b6445a5ab5b580788427d71 - - default default] 10.0.0.117 "GET /v2.0/ports?device_id=0b982736-37dd-4dab-919f-f0bce6c7c0e0 HTTP/1.1" status: 200 len: 210 time: 0.0260668
2026-05-09 14:03:43.249 10 INFO neutron.api.v2.resource [req-a90738f5-649d-436a-af82-80f981320039 req-5e351d10-8f6c-4c22-af63-bf8cc6d372af 497228ecb3364350a9fcb642f023e5ec e2d351c496af4cc5ae61b826abac8b15 - - default default] show failed (client error): The resource could not be found.
2026-05-09 14:03:43.250 10 INFO neutron.wsgi [req-a90738f5-649d-436a-af82-80f981320039 req-5e351d10-8f6c-4c22-af63-bf8cc6d372af 497228ecb3364350a9fcb642f023e5ec e2d351c496af4cc5ae61b826abac8b15 - - default default] 10.0.0.117 "GET /v2.0/security-groups/9f45f057-3613-428e-9481-ec5c95c5a08a HTTP/1.1" status: 404 len: 352 time: 0.0136397
2026-05-09 14:03:43.301 10 INFO neutron.wsgi [req-fc7cf048-96c6-4cf8-a5aa-803b47c4c6d0 req-47f01f79-b1c6-4986-8999-c37bdc617702 497228ecb3364350a9fcb642f023e5ec e2d351c496af4cc5ae61b826abac8b15 - - default default] 10.0.0.117 "GET /v2.0/security-groups/37dffb9b-7bb7-4760-bc75-05d5afce14b9 HTTP/1.1" status: 200 len: 1880 time: 0.0316281
2026-05-09 14:03:43.353 10 INFO neutron.db.ovn_revision_numbers_db [req-44763995-30b8-4be5-88f4-cde6454db680 req-40485bca-19de-4b21-afc3-01d5030b65e6 1f9747c8b28143e9b1182a509bc595ae ab81573a54d0453f8750cdecb28a8abc - - default default] Successfully bumped revision number for resource a4bfd372-62f7-4460-b961-ee93807b7f05 (type: security_group_rules) to 0
2026-05-09 14:03:43.385 10 INFO neutron.wsgi [req-44763995-30b8-4be5-88f4-cde6454db680 req-40485bca-19de-4b21-afc3-01d5030b65e6 1f9747c8b28143e9b1182a509bc595ae ab81573a54d0453f8750cdecb28a8abc - - default default] 10.0.0.117 "POST /v2.0/security-group-rules HTTP/1.1" status: 201 len: 823 time: 0.2133214
2026-05-09 14:03:43.448 10 INFO neutron.wsgi [req-fc7cf048-96c6-4cf8-a5aa-803b47c4c6d0 req-b07ac4d5-3bb3-44b8-8487-67ce90d44eb7 497228ecb3364350a9fcb642f023e5ec e2d351c496af4cc5ae61b826abac8b15 - - default default] 10.0.0.117 "DELETE /v2.0/security-groups/37dffb9b-7bb7-4760-bc75-05d5afce14b9 HTTP/1.1" status: 204 len: 173 time: 0.1401725
2026-05-09 14:03:43.454 10 INFO neutron.wsgi [req-b0f50bae-74e7-4bef-8030-b29273b76324 req-41da17a6-4365-4620-96d5-0232fd5a8128 1f9747c8b28143e9b1182a509bc595ae ab81573a54d0453f8750cdecb28a8abc - - default default] 10.0.0.117 "GET /v2.0/security-groups/cf3c3d0c-5161-4e76-a8e7-1d8b282e2645 HTTP/1.1" status: 200 len: 3141 time: 0.0455494
2026-05-09 14:03:43.488 10 INFO neutron.api.v2.resource [req-de427c9a-afb8-4daf-bb72-fe984f2e5c8e req-53cc3016-2af2-4c51-8e4b-c1ad06eff66c 497228ecb3364350a9fcb642f023e5ec e2d351c496af4cc5ae61b826abac8b15 - - default default] show failed (client error): The resource could not be found.
2026-05-09 14:03:43.489 10 INFO neutron.wsgi [req-de427c9a-afb8-4daf-bb72-fe984f2e5c8e req-53cc3016-2af2-4c51-8e4b-c1ad06eff66c 497228ecb3364350a9fcb642f023e5ec e2d351c496af4cc5ae61b826abac8b15 - - default default] 10.0.0.117 "GET /v2.0/security-groups/37dffb9b-7bb7-4760-bc75-05d5afce14b9 HTTP/1.1" status: 404 len: 352 time: 0.0220325
2026-05-09 14:03:43.500 10 INFO neutron.wsgi [req-2d14c0d0-2931-4dff-a036-11574099b49b req-575fb533-b659-4d6d-a2eb-cc8ac5104eb5 1f9747c8b28143e9b1182a509bc595ae ab81573a54d0453f8750cdecb28a8abc - - default default] 10.0.0.117 "GET /v2.0/security-group-rules/a4bfd372-62f7-4460-b961-ee93807b7f05 HTTP/1.1" status: 200 len: 815 time: 0.0248473
2026-05-09 14:03:43.544 10 INFO neutron.wsgi [req-5d8c7766-00a5-4de4-9505-afe5d18c73aa req-bb62f840-f4fb-4ea8-8d55-ba968dba015c 497228ecb3364350a9fcb642f023e5ec e2d351c496af4cc5ae61b826abac8b15 - - default default] 10.0.0.117 "GET /v2.0/security-groups/11f10528-75aa-4117-b83e-ea1059bc5207 HTTP/1.1" status: 200 len: 1881 time: 0.0286233
2026-05-09 14:03:43.546 10 INFO neutron.wsgi [req-2d14c0d0-2931-4dff-a036-11574099b49b req-c1dc8474-3e5c-4312-bcc2-165ae4bb6041 1f9747c8b28143e9b1182a509bc595ae ab81573a54d0453f8750cdecb28a8abc - - default default] 10.0.0.117 "GET /v2.0/security-groups/cf3c3d0c-5161-4e76-a8e7-1d8b282e2645 HTTP/1.1" status: 200 len: 3141 time: 0.0383377
2026-05-09 14:03:43.702 10 INFO neutron.wsgi [req-5d8c7766-00a5-4de4-9505-afe5d18c73aa req-d5d7775c-5010-410d-8280-dfae80fc870f 497228ecb3364350a9fcb642f023e5ec e2d351c496af4cc5ae61b826abac8b15 - - default default] 10.0.0.117 "DELETE /v2.0/security-groups/11f10528-75aa-4117-b83e-ea1059bc5207 HTTP/1.1" status: 204 len: 173 time: 0.1487377
2026-05-09 14:03:43.730 10 INFO neutron.wsgi [req-2d14c0d0-2931-4dff-a036-11574099b49b req-44f1e970-6981-47e5-a1c6-8fe80d182d03 1f9747c8b28143e9b1182a509bc595ae ab81573a54d0453f8750cdecb28a8abc - - default default] 10.0.0.117 "DELETE /v2.0/security-group-rules/a4bfd372-62f7-4460-b961-ee93807b7f05 HTTP/1.1" status: 204 len: 173 time: 0.1767383
2026-05-09 14:03:43.741 10 INFO neutron.api.v2.resource [req-407150c9-c19c-4150-9ab0-3549e13d7848 req-634fd562-a69b-48df-a086-80155790f885 497228ecb3364350a9fcb642f023e5ec e2d351c496af4cc5ae61b826abac8b15 - - default default] show failed (client error): The resource could not be found.
2026-05-09 14:03:43.743 10 INFO neutron.wsgi [req-407150c9-c19c-4150-9ab0-3549e13d7848 req-634fd562-a69b-48df-a086-80155790f885 497228ecb3364350a9fcb642f023e5ec e2d351c496af4cc5ae61b826abac8b15 - - default default] 10.0.0.117 "GET /v2.0/security-groups/11f10528-75aa-4117-b83e-ea1059bc5207 HTTP/1.1" status: 404 len: 352 time: 0.0124600
2026-05-09 14:03:43.785 10 INFO neutron.wsgi [req-79a72618-e1a9-49b7-8357-e0cb8e9e5dc9 req-bc9a2069-f876-4966-8677-b956e6f6f72e 1f9747c8b28143e9b1182a509bc595ae ab81573a54d0453f8750cdecb28a8abc - - default default] 10.0.0.117 "GET /v2.0/security-groups/cf3c3d0c-5161-4e76-a8e7-1d8b282e2645 HTTP/1.1" status: 200 len: 2511 time: 0.0352304
2026-05-09 14:03:43.825 10 INFO neutron.wsgi [req-251dd6ad-03dc-4090-ad18-b92bbc3c2aa8 req-0f598f8a-a0ae-46c9-8505-08b97ebd40fc 497228ecb3364350a9fcb642f023e5ec e2d351c496af4cc5ae61b826abac8b15 - - default default] 10.0.0.117 "GET /v2.0/security-groups?tenant_id=e2d351c496af4cc5ae61b826abac8b15 HTTP/1.1" status: 200 len: 3121 time: 0.0584338
2026-05-09 14:03:43.866 10 INFO neutron.wsgi [req-251dd6ad-03dc-4090-ad18-b92bbc3c2aa8 req-33358309-dd0e-42c5-972a-d225b1e17c87 497228ecb3364350a9fcb642f023e5ec e2d351c496af4cc5ae61b826abac8b15 - - default default] 10.0.0.117 "GET /v2.0/security-groups/1fb04b1d-5005-42b5-884b-a20cafc0c46d HTTP/1.1" status: 200 len: 3118 time: 0.0348499
2026-05-09 14:03:43.909 10 INFO neutron.wsgi [req-251dd6ad-03dc-4090-ad18-b92bbc3c2aa8 req-7b415378-b44b-43bf-ad70-9d00d10856aa 497228ecb3364350a9fcb642f023e5ec e2d351c496af4cc5ae61b826abac8b15 - - default default] 10.0.0.117 "GET /v2.0/security-groups/1fb04b1d-5005-42b5-884b-a20cafc0c46d HTTP/1.1" status: 200 len: 3118 time: 0.0366595
2026-05-09 14:03:43.930 10 INFO neutron.wsgi [req-79a72618-e1a9-49b7-8357-e0cb8e9e5dc9 req-c4fb4932-8009-45fd-bad0-91475a69e230 1f9747c8b28143e9b1182a509bc595ae ab81573a54d0453f8750cdecb28a8abc - - default default] 10.0.0.117 "DELETE /v2.0/security-groups/cf3c3d0c-5161-4e76-a8e7-1d8b282e2645 HTTP/1.1" status: 204 len: 173 time: 0.1373541
2026-05-09 14:03:43.956 10 INFO neutron.api.v2.resource [req-0bf6001b-c803-4f44-89ba-69146732ca3e req-ad84e62d-bd32-490b-b8ed-57be583ab8af 497228ecb3364350a9fcb642f023e5ec e2d351c496af4cc5ae61b826abac8b15 - - default default] show failed (client error): The resource could not be found.
2026-05-09 14:03:43.957 10 INFO neutron.wsgi [req-0bf6001b-c803-4f44-89ba-69146732ca3e req-ad84e62d-bd32-490b-b8ed-57be583ab8af 497228ecb3364350a9fcb642f023e5ec e2d351c496af4cc5ae61b826abac8b15 - - default default] 10.0.0.117 "GET /v2.0/security-groups/11f10528-75aa-4117-b83e-ea1059bc5207 HTTP/1.1" status: 404 len: 352 time: 0.0154927
2026-05-09 14:03:43.980 10 INFO neutron.wsgi [req-a8839713-dfaa-42fd-9e45-c09b925c5d64 req-0431dea5-c1a0-44df-baf5-efe73a7350b9 1f9747c8b28143e9b1182a509bc595ae ab81573a54d0453f8750cdecb28a8abc - - default default] 10.0.0.117 "GET /v2.0/security-groups/b94fda4d-16e7-44f2-ba21-d49e3d68c53a HTTP/1.1" status: 200 len: 2510 time: 0.0308797
2026-05-09 14:03:44.006 10 INFO neutron.api.v2.resource [req-e14da575-d017-47f2-bb8b-a9e985eba790 req-22b37476-7b38-4f38-a344-72fd23e57590 497228ecb3364350a9fcb642f023e5ec e2d351c496af4cc5ae61b826abac8b15 - - default default] show failed (client error): The resource could not be found.
2026-05-09 14:03:44.008 10 INFO neutron.wsgi [req-e14da575-d017-47f2-bb8b-a9e985eba790 req-22b37476-7b38-4f38-a344-72fd23e57590 497228ecb3364350a9fcb642f023e5ec e2d351c496af4cc5ae61b826abac8b15 - - default default] 10.0.0.117 "GET /v2.0/security-groups/37dffb9b-7bb7-4760-bc75-05d5afce14b9 HTTP/1.1" status: 404 len: 352 time: 0.0267241
2026-05-09 14:03:44.038 10 INFO neutron.api.v2.resource [req-a24253c5-b0ea-4b6e-9867-b2c2992ed8b9 req-2e943b0c-671b-41b0-8ed7-0e19d56daf8e 497228ecb3364350a9fcb642f023e5ec e2d351c496af4cc5ae61b826abac8b15 - - default default] show failed (client error): The resource could not be found.
2026-05-09 14:03:44.040 10 INFO neutron.wsgi [req-a24253c5-b0ea-4b6e-9867-b2c2992ed8b9 req-2e943b0c-671b-41b0-8ed7-0e19d56daf8e 497228ecb3364350a9fcb642f023e5ec e2d351c496af4cc5ae61b826abac8b15 - - default default] 10.0.0.117 "GET /v2.0/security-groups/9f45f057-3613-428e-9481-ec5c95c5a08a HTTP/1.1" status: 404 len: 352 time: 0.0137367
2026-05-09 14:03:44.113 10 INFO neutron.wsgi [req-a8839713-dfaa-42fd-9e45-c09b925c5d64 req-8c9181f8-716b-458f-a8f2-bcc7da9e2109 1f9747c8b28143e9b1182a509bc595ae ab81573a54d0453f8750cdecb28a8abc - - default default] 10.0.0.117 "DELETE /v2.0/security-groups/b94fda4d-16e7-44f2-ba21-d49e3d68c53a HTTP/1.1" status: 204 len: 173 time: 0.1248972
2026-05-09 14:03:44.298 10 INFO neutron.wsgi [req-eacee344-1c54-40ed-b61f-08d00a2a6f5f req-ccb6b52d-289a-458f-98b1-1b5dc0ae71f2 05d28036027446b2a5d326e469a5acfc 5bf4aa255a984908ad2de3120f20370a - - default default] 10.0.0.117 "GET /v2.0/ports?device_id=7e36c215-bbb7-4efa-90ac-3bd1ffbb3643 HTTP/1.1" status: 200 len: 210 time: 0.0225010
2026-05-09 14:03:44.336 9 INFO neutron.wsgi [req-119f3337-5b1a-492a-a5be-d66978732c68 req-2721dea3-9f0e-4678-8862-06a59291c3c1 05d28036027446b2a5d326e469a5acfc 5bf4aa255a984908ad2de3120f20370a - - default default] 199.204.45.240 "GET /v2.0/networks?id=4f81dc99-1cc1-40ac-bc47-c2b3657765b9 HTTP/1.1" status: 200 len: 869 time: 0.2223234
2026-05-09 14:03:44.342 9 INFO neutron.wsgi [req-a570083b-7511-4334-99ec-24eaa05d0d8a req-cfcc1980-2d32-4556-9815-fc99fb0e6b79 ea5a5ad5a528436abf3246c9a93d29d0 1f6a697c4b6445a5ab5b580788427d71 - - default default] 199.204.45.240 "GET /v2.0/networks?id=fca5ba45-e845-4ecd-9274-f8c8985d5724 HTTP/1.1" status: 200 len: 873 time: 0.2283893
2026-05-09 14:03:44.374 10 INFO neutron.wsgi [req-ade58994-2c0b-467a-ba22-c1d60a8015ba req-d854509e-3f28-42ec-98b0-df53af673785 ea5a5ad5a528436abf3246c9a93d29d0 1f6a697c4b6445a5ab5b580788427d71 - - default default] 10.0.0.117 "GET /v2.0/ports?device_id=0b982736-37dd-4dab-919f-f0bce6c7c0e0 HTTP/1.1" status: 200 len: 210 time: 0.0385585
2026-05-09 14:03:44.592 9 INFO neutron.wsgi [req-119f3337-5b1a-492a-a5be-d66978732c68 req-40407496-8681-488f-9e0b-392c20263dd0 05d28036027446b2a5d326e469a5acfc 5bf4aa255a984908ad2de3120f20370a - - default default] 199.204.45.240 "GET /v2.0/security-groups?fields=id&fields=name&tenant_id=5bf4aa255a984908ad2de3120f20370a HTTP/1.1" status: 200 len: 380 time: 0.2234194
2026-05-09 14:03:44.597 9 INFO neutron.wsgi [req-a570083b-7511-4334-99ec-24eaa05d0d8a req-ac8e7ce5-e08b-4037-8f36-ed0bed05b9ac ea5a5ad5a528436abf3246c9a93d29d0 1f6a697c4b6445a5ab5b580788427d71 - - default default] 199.204.45.240 "GET /v2.0/security-groups?fields=id&fields=name&tenant_id=1f6a697c4b6445a5ab5b580788427d71 HTTP/1.1" status: 200 len: 380 time: 0.2281063
2026-05-09 14:03:44.602 9 WARNING neutron_lib.context [req-119f3337-5b1a-492a-a5be-d66978732c68 req-9ce9ebee-7399-4432-ae95-63a562caf9d2 05d28036027446b2a5d326e469a5acfc 5bf4aa255a984908ad2de3120f20370a - - default default] Method 'is_advsvc' is deprecated since 2023.2 release (neutron-lib 3.8.0) and will be removed once support for the old RBAC API policies will be removed from Neutron. Please use method 'is_service_role' instead.
2026-05-09 14:03:44.619 9 WARNING neutron_lib.context [req-a570083b-7511-4334-99ec-24eaa05d0d8a req-8ff8cd1d-98ec-423d-b9c3-e3ac3bde4baa ea5a5ad5a528436abf3246c9a93d29d0 1f6a697c4b6445a5ab5b580788427d71 - - default default] Method 'is_advsvc' is deprecated since 2023.2 release (neutron-lib 3.8.0) and will be removed once support for the old RBAC API policies will be removed from Neutron. Please use method 'is_service_role' instead.
2026-05-09 14:03:44.864 10 WARNING neutron.plugins.ml2.drivers.ovn.mech_driver.ovsdb.ovn_client [None req-69427717-af26-4687-9a49-940a29f799c4 - - - - - -] No hosting information found for port d9e186d4-2a61-47f4-b17e-596df0966739: RuntimeError: No hosting information found for port d9e186d4-2a61-47f4-b17e-596df0966739
2026-05-09 14:03:45.230 9 WARNING neutron.scheduler.dhcp_agent_scheduler [req-a570083b-7511-4334-99ec-24eaa05d0d8a req-8ff8cd1d-98ec-423d-b9c3-e3ac3bde4baa ea5a5ad5a528436abf3246c9a93d29d0 1f6a697c4b6445a5ab5b580788427d71 - - default default] No more DHCP agents
2026-05-09 14:03:45.231 9 WARNING neutron.scheduler.dhcp_agent_scheduler [req-119f3337-5b1a-492a-a5be-d66978732c68 req-9ce9ebee-7399-4432-ae95-63a562caf9d2 05d28036027446b2a5d326e469a5acfc 5bf4aa255a984908ad2de3120f20370a - - default default] No more DHCP agents
2026-05-09 14:03:45.233 9 WARNING neutron.api.rpc.agentnotifiers.dhcp_rpc_agent_api [req-a570083b-7511-4334-99ec-24eaa05d0d8a req-8ff8cd1d-98ec-423d-b9c3-e3ac3bde4baa ea5a5ad5a528436abf3246c9a93d29d0 1f6a697c4b6445a5ab5b580788427d71 - - default default] Unable to schedule network fca5ba45-e845-4ecd-9274-f8c8985d5724: no agents available; will retry on subsequent port and subnet creation events.
2026-05-09 14:03:45.238 9 WARNING neutron.api.rpc.agentnotifiers.dhcp_rpc_agent_api [req-119f3337-5b1a-492a-a5be-d66978732c68 req-9ce9ebee-7399-4432-ae95-63a562caf9d2 05d28036027446b2a5d326e469a5acfc 5bf4aa255a984908ad2de3120f20370a - - default default] Unable to schedule network 4f81dc99-1cc1-40ac-bc47-c2b3657765b9: no agents available; will retry on subsequent port and subnet creation events.
2026-05-09 14:03:45.423 10 INFO neutron.wsgi [req-c04c88ec-f721-4c10-81b1-c60b2b32605c req-e9054f7e-6156-424e-b61f-69ded81d4b1a 05d28036027446b2a5d326e469a5acfc 5bf4aa255a984908ad2de3120f20370a - - default default] 10.0.0.117 "GET /v2.0/ports?device_id=7e36c215-bbb7-4efa-90ac-3bd1ffbb3643 HTTP/1.1" status: 200 len: 1156 time: 0.0554688
2026-05-09 14:03:45.486 10 INFO neutron.wsgi [req-3c873736-7c59-4f10-a3c8-20faa195a46f req-874d325b-5cae-4530-946e-e4058c196d96 ea5a5ad5a528436abf3246c9a93d29d0 1f6a697c4b6445a5ab5b580788427d71 - - default default] 10.0.0.117 "GET /v2.0/ports?device_id=0b982736-37dd-4dab-919f-f0bce6c7c0e0 HTTP/1.1" status: 200 len: 1156 time: 0.0481648
2026-05-09 14:03:45.521 10 INFO neutron.wsgi [req-c04c88ec-f721-4c10-81b1-c60b2b32605c req-67ba43a2-7054-4f5f-83c7-884a6a61c872 05d28036027446b2a5d326e469a5acfc 5bf4aa255a984908ad2de3120f20370a - - default default] 10.0.0.117 "GET /v2.0/security-groups?id=736e69ac-297d-4c9a-8823-6be09ce01ca3&fields=id&fields=name HTTP/1.1" status: 200 len: 313 time: 0.0864830
2026-05-09 14:03:45.558 10 INFO neutron.wsgi [req-3c873736-7c59-4f10-a3c8-20faa195a46f req-a2faaf91-d5c5-4da9-ad74-071ce3a96c02 ea5a5ad5a528436abf3246c9a93d29d0 1f6a697c4b6445a5ab5b580788427d71 - - default default] 10.0.0.117 "GET /v2.0/security-groups?id=190a24be-210b-4de6-9a95-db0af5e6d27c&fields=id&fields=name HTTP/1.1" status: 200 len: 313 time: 0.0549867
2026-05-09 14:03:45.614 9 WARNING neutron.plugins.ml2.drivers.ovn.mech_driver.ovsdb.ovn_client [None req-2b62d2f3-948b-40ce-92b0-cd56d01da0a3 - - - - - -] No hosting information found for port 14ecb23f-9db8-4e6b-b82d-93c43130522c: RuntimeError: No hosting information found for port 14ecb23f-9db8-4e6b-b82d-93c43130522c
2026-05-09 14:03:45.614 9 INFO neutron.plugins.ml2.drivers.ovn.mech_driver.mech_driver [None req-2b62d2f3-948b-40ce-92b0-cd56d01da0a3 - - - - - -] OVN reports status up for port: fdbbb213-f4bd-4017-9680-8e9226885900
2026-05-09 14:03:45.658 9 INFO neutron.plugins.ml2.drivers.ovn.mech_driver.mech_driver [None req-2b62d2f3-948b-40ce-92b0-cd56d01da0a3 - - - - - -] OVN reports status up for port: 434adc19-ffcb-4d89-9286-60f0c8f7346a
2026-05-09 14:03:45.678 9 INFO neutron.db.ovn_revision_numbers_db [req-119f3337-5b1a-492a-a5be-d66978732c68 req-9ce9ebee-7399-4432-ae95-63a562caf9d2 05d28036027446b2a5d326e469a5acfc 5bf4aa255a984908ad2de3120f20370a - - default default] Successfully bumped revision number for resource a4d3ce64-9112-4168-ac5d-0f7a1414a206 (type: ports) to 1
2026-05-09 14:03:45.734 9 INFO neutron.wsgi [req-119f3337-5b1a-492a-a5be-d66978732c68 req-9ce9ebee-7399-4432-ae95-63a562caf9d2 05d28036027446b2a5d326e469a5acfc 5bf4aa255a984908ad2de3120f20370a - - default default] 199.204.45.240 "POST /v2.0/ports HTTP/1.1" status: 201 len: 1158 time: 1.1358743
2026-05-09 14:03:45.736 9 INFO neutron.db.ovn_revision_numbers_db [req-a570083b-7511-4334-99ec-24eaa05d0d8a req-8ff8cd1d-98ec-423d-b9c3-e3ac3bde4baa ea5a5ad5a528436abf3246c9a93d29d0 1f6a697c4b6445a5ab5b580788427d71 - - default default] Successfully bumped revision number for resource 0ed1ceb7-8d77-464e-ab3e-48823a6a4ddb (type: ports) to 1 /var/lib/openstack/lib/python3.10/site-packages/pycadf/identifier.py:71: UserWarning: Invalid uuid: neutron. To ensure interoperability, identifiers should be a valid uuid. warnings.warn(('Invalid uuid: %s. To ensure interoperability, '
2026-05-09 14:03:45.753 10 INFO neutron.wsgi [None req-18ee7378-fe73-442d-a1f9-76d202eec4a0 753280bc916d47ae887db1fab82e6bd2 eee0c6a25d6a4e0380da27db6e0b54a5 - - default default] 10.0.0.184 "PUT /v2.0/routers/f4e0116a-5fef-44e2-9f26-36293c1b63c6/remove_router_interface HTTP/1.1" status: 200 len: 503 time: 1.6312561
2026-05-09 14:03:45.754 9 INFO neutron.wsgi [req-119f3337-5b1a-492a-a5be-d66978732c68 req-db1c8f43-f6cb-4746-91aa-849cc3e5f151 05d28036027446b2a5d326e469a5acfc 5bf4aa255a984908ad2de3120f20370a - - default default] 199.204.45.240 "GET /v2.0/extensions HTTP/1.1" status: 200 len: 18683 time: 0.0116940
2026-05-09 14:03:45.812 9 INFO neutron.wsgi [req-a570083b-7511-4334-99ec-24eaa05d0d8a req-8ff8cd1d-98ec-423d-b9c3-e3ac3bde4baa ea5a5ad5a528436abf3246c9a93d29d0 1f6a697c4b6445a5ab5b580788427d71 - - default default] 199.204.45.240 "POST /v2.0/ports HTTP/1.1" status: 201 len: 1158 time: 1.2016435 /var/lib/openstack/lib/python3.10/site-packages/pycadf/identifier.py:71: UserWarning: Invalid uuid: neutron. To ensure interoperability, identifiers should be a valid uuid. warnings.warn(('Invalid uuid: %s. To ensure interoperability, '
2026-05-09 14:03:46.652 10 INFO neutron.wsgi [req-68215be1-c709-43cc-a1a4-ac01bd35cd09 req-d32f95dd-064c-41cc-9c0b-8c8bfdbc3a2d 05d28036027446b2a5d326e469a5acfc 5bf4aa255a984908ad2de3120f20370a - - default default] 10.0.0.117 "GET /v2.0/ports?device_id=7e36c215-bbb7-4efa-90ac-3bd1ffbb3643 HTTP/1.1" status: 200 len: 1156 time: 0.0629349
2026-05-09 14:03:46.684 10 INFO neutron.wsgi [req-92c6557e-c830-4b59-94d9-dc1d228ab723 req-34d7c733-668a-48a5-845c-93d21e9fbf17 ea5a5ad5a528436abf3246c9a93d29d0 1f6a697c4b6445a5ab5b580788427d71 - - default default] 10.0.0.117 "GET /v2.0/ports?device_id=0b982736-37dd-4dab-919f-f0bce6c7c0e0 HTTP/1.1" status: 200 len: 1156 time: 0.0512226
2026-05-09 14:03:46.721 10 INFO neutron.wsgi [req-68215be1-c709-43cc-a1a4-ac01bd35cd09 req-2bd95fdf-a59a-467d-b521-1a9f3757c1d5 05d28036027446b2a5d326e469a5acfc 5bf4aa255a984908ad2de3120f20370a - - default default] 10.0.0.117 "GET /v2.0/security-groups?id=736e69ac-297d-4c9a-8823-6be09ce01ca3&fields=id&fields=name HTTP/1.1" status: 200 len: 313 time: 0.0612850
2026-05-09 14:03:46.749 10 INFO neutron.wsgi [req-92c6557e-c830-4b59-94d9-dc1d228ab723 req-b4053e7c-e391-463b-b0b2-9cb4186a4d9e ea5a5ad5a528436abf3246c9a93d29d0 1f6a697c4b6445a5ab5b580788427d71 - - default default] 10.0.0.117 "GET /v2.0/security-groups?id=190a24be-210b-4de6-9a95-db0af5e6d27c&fields=id&fields=name HTTP/1.1" status: 200 len: 313 time: 0.0578141
2026-05-09 14:03:47.072 9 INFO neutron.wsgi [None req-d8b4a252-0b7c-4515-b2c0-f5fc5509088a 753280bc916d47ae887db1fab82e6bd2 eee0c6a25d6a4e0380da27db6e0b54a5 - - default default] 10.0.0.184 "PUT /v2.0/routers/ba5b5b30-d804-424e-b779-cb981d7964ab/remove_router_interface HTTP/1.1" status: 200 len: 503 time: 3.0240185
2026-05-09 14:03:47.169 9 INFO neutron.db.ovn_revision_numbers_db [req-119f3337-5b1a-492a-a5be-d66978732c68 req-e9a9d8e7-a901-49f2-aee1-7dd378527a46 7481447b76464c98b47dd0b892cbe325 9f463f90f4f04e52a229975edc824e3f - - 55ab48c9f52240d1b556d00c1ae2d508 55ab48c9f52240d1b556d00c1ae2d508] Successfully bumped revision number for resource a4d3ce64-9112-4168-ac5d-0f7a1414a206 (type: ports) to 2
2026-05-09 14:03:47.204 9 INFO neutron.db.ovn_revision_numbers_db [req-a570083b-7511-4334-99ec-24eaa05d0d8a req-27387139-71b5-4728-836c-b086d500490b 7481447b76464c98b47dd0b892cbe325 9f463f90f4f04e52a229975edc824e3f - - 55ab48c9f52240d1b556d00c1ae2d508 55ab48c9f52240d1b556d00c1ae2d508] Successfully bumped revision number for resource 0ed1ceb7-8d77-464e-ab3e-48823a6a4ddb (type: ports) to 2
2026-05-09 14:03:47.448 9 INFO neutron.wsgi [None req-cdbe9d34-6075-44c7-a94d-e9b3f155820d 753280bc916d47ae887db1fab82e6bd2 eee0c6a25d6a4e0380da27db6e0b54a5 - - default default] 10.0.0.184 "DELETE /v2.0/routers/f4e0116a-5fef-44e2-9f26-36293c1b63c6 HTTP/1.1" status: 204 len: 168 time: 1.6884272
2026-05-09 14:03:47.732 10 INFO neutron.wsgi [None req-e2b1f6e6-7b04-4dff-baae-36a0472fd708 753280bc916d47ae887db1fab82e6bd2 eee0c6a25d6a4e0380da27db6e0b54a5 - - default default] 10.0.0.184 "DELETE /v2.0/subnets/e7c86e6b-bbb8-440d-b408-b354a904e780 HTTP/1.1" status: 204 len: 168 time: 0.2777367
2026-05-09 14:03:47.790 9 INFO neutron.db.ovn_revision_numbers_db [req-119f3337-5b1a-492a-a5be-d66978732c68 req-e9a9d8e7-a901-49f2-aee1-7dd378527a46 7481447b76464c98b47dd0b892cbe325 9f463f90f4f04e52a229975edc824e3f - - 55ab48c9f52240d1b556d00c1ae2d508 55ab48c9f52240d1b556d00c1ae2d508] Successfully bumped revision number for resource a4d3ce64-9112-4168-ac5d-0f7a1414a206 (type: ports) to 2
2026-05-09 14:03:47.815 9 INFO neutron.wsgi [req-119f3337-5b1a-492a-a5be-d66978732c68 req-e9a9d8e7-a901-49f2-aee1-7dd378527a46 7481447b76464c98b47dd0b892cbe325 9f463f90f4f04e52a229975edc824e3f - - 55ab48c9f52240d1b556d00c1ae2d508 55ab48c9f52240d1b556d00c1ae2d508] 199.204.45.240 "PUT /v2.0/ports/a4d3ce64-9112-4168-ac5d-0f7a1414a206 HTTP/1.1" status: 200 len: 1376 time: 1.7387757
2026-05-09 14:03:47.824 9 INFO neutron.db.ovn_revision_numbers_db [req-a570083b-7511-4334-99ec-24eaa05d0d8a req-27387139-71b5-4728-836c-b086d500490b 7481447b76464c98b47dd0b892cbe325 9f463f90f4f04e52a229975edc824e3f - - 55ab48c9f52240d1b556d00c1ae2d508 55ab48c9f52240d1b556d00c1ae2d508] Successfully bumped revision number for resource 0ed1ceb7-8d77-464e-ab3e-48823a6a4ddb (type: ports) to 2
2026-05-09 14:03:47.845 9 INFO neutron.wsgi [req-a570083b-7511-4334-99ec-24eaa05d0d8a req-27387139-71b5-4728-836c-b086d500490b 7481447b76464c98b47dd0b892cbe325 9f463f90f4f04e52a229975edc824e3f - - 55ab48c9f52240d1b556d00c1ae2d508 55ab48c9f52240d1b556d00c1ae2d508] 199.204.45.240 "PUT /v2.0/ports/0ed1ceb7-8d77-464e-ab3e-48823a6a4ddb HTTP/1.1" status: 200 len: 1376 time: 1.7687383 /var/lib/openstack/lib/python3.10/site-packages/pycadf/identifier.py:71: UserWarning: Invalid uuid: neutron. To ensure interoperability, identifiers should be a valid uuid. warnings.warn(('Invalid uuid: %s. To ensure interoperability, '
2026-05-09 14:03:47.936 9 INFO neutron.wsgi [req-119f3337-5b1a-492a-a5be-d66978732c68 req-df865e4f-f261-4f6d-97f5-a8e776a1d793 7481447b76464c98b47dd0b892cbe325 9f463f90f4f04e52a229975edc824e3f - - 55ab48c9f52240d1b556d00c1ae2d508 55ab48c9f52240d1b556d00c1ae2d508] 199.204.45.240 "GET /v2.0/ports?tenant_id=5bf4aa255a984908ad2de3120f20370a&device_id=7e36c215-bbb7-4efa-90ac-3bd1ffbb3643 HTTP/1.1" status: 200 len: 1407 time: 0.0688298
2026-05-09 14:03:47.942 9 INFO neutron.wsgi [req-a570083b-7511-4334-99ec-24eaa05d0d8a req-b5e2df13-ca6f-4843-9a69-07019687128f 7481447b76464c98b47dd0b892cbe325 9f463f90f4f04e52a229975edc824e3f - - 55ab48c9f52240d1b556d00c1ae2d508 55ab48c9f52240d1b556d00c1ae2d508] 199.204.45.240 "GET /v2.0/ports?tenant_id=1f6a697c4b6445a5ab5b580788427d71&device_id=0b982736-37dd-4dab-919f-f0bce6c7c0e0 HTTP/1.1" status: 200 len: 1407 time: 0.0613394
2026-05-09 14:03:47.990 9 INFO neutron.wsgi [req-119f3337-5b1a-492a-a5be-d66978732c68 req-d1cadaa2-b0ac-4b89-be8a-3837fdcc50aa 7481447b76464c98b47dd0b892cbe325 9f463f90f4f04e52a229975edc824e3f - - 55ab48c9f52240d1b556d00c1ae2d508 55ab48c9f52240d1b556d00c1ae2d508] 199.204.45.240 "GET /v2.0/floatingips?fixed_ip_address=10.100.0.8&port_id=a4d3ce64-9112-4168-ac5d-0f7a1414a206 HTTP/1.1" status: 200 len: 217 time: 0.0423594
2026-05-09 14:03:47.992 9 INFO neutron.wsgi [req-a570083b-7511-4334-99ec-24eaa05d0d8a req-97a9e3ee-13be-449f-9c90-582e5237edad 7481447b76464c98b47dd0b892cbe325 9f463f90f4f04e52a229975edc824e3f - - 55ab48c9f52240d1b556d00c1ae2d508 55ab48c9f52240d1b556d00c1ae2d508] 199.204.45.240 "GET /v2.0/floatingips?fixed_ip_address=10.100.0.9&port_id=0ed1ceb7-8d77-464e-ab3e-48823a6a4ddb HTTP/1.1" status: 200 len: 217 time: 0.0434546
2026-05-09 14:03:48.048 9 INFO neutron.wsgi [req-119f3337-5b1a-492a-a5be-d66978732c68 req-94a79133-5d49-4dcc-be38-a96946531fbd 7481447b76464c98b47dd0b892cbe325 9f463f90f4f04e52a229975edc824e3f - - 55ab48c9f52240d1b556d00c1ae2d508 55ab48c9f52240d1b556d00c1ae2d508] 199.204.45.240 "GET /v2.0/subnets?id=b936315d-ef05-461d-8ef1-671ae49a2ef8 HTTP/1.1" status: 200 len: 863 time: 0.0444806
2026-05-09 14:03:48.051 9 INFO neutron.wsgi [req-a570083b-7511-4334-99ec-24eaa05d0d8a req-bfe8fa56-435e-4800-986f-7bbc3439ac10 7481447b76464c98b47dd0b892cbe325 9f463f90f4f04e52a229975edc824e3f - - 55ab48c9f52240d1b556d00c1ae2d508 55ab48c9f52240d1b556d00c1ae2d508] 199.204.45.240 "GET /v2.0/subnets?id=860727e3-e716-4a80-b3f6-79971601fb88 HTTP/1.1" status: 200 len: 867 time: 0.0454350
2026-05-09 14:03:48.097 9 INFO neutron.wsgi [req-a570083b-7511-4334-99ec-24eaa05d0d8a req-c91ddc20-c601-499f-99bd-678eb37b057c 7481447b76464c98b47dd0b892cbe325 9f463f90f4f04e52a229975edc824e3f - - 55ab48c9f52240d1b556d00c1ae2d508 55ab48c9f52240d1b556d00c1ae2d508] 199.204.45.240 "GET /v2.0/ports?network_id=fca5ba45-e845-4ecd-9274-f8c8985d5724&device_owner=network%3Adhcp HTTP/1.1" status: 200 len: 210 time: 0.0370569
2026-05-09 14:03:48.098 9 INFO neutron.wsgi [req-119f3337-5b1a-492a-a5be-d66978732c68 req-dfbf2713-f9d7-47d3-96b9-6e8acdd76a3d 7481447b76464c98b47dd0b892cbe325 9f463f90f4f04e52a229975edc824e3f - - 55ab48c9f52240d1b556d00c1ae2d508 55ab48c9f52240d1b556d00c1ae2d508] 199.204.45.240 "GET /v2.0/ports?network_id=4f81dc99-1cc1-40ac-bc47-c2b3657765b9&device_owner=network%3Adhcp HTTP/1.1" status: 200 len: 210 time: 0.0394139
2026-05-09 14:03:48.216 9 INFO neutron.wsgi [req-a570083b-7511-4334-99ec-24eaa05d0d8a req-a5a64a52-b5cf-4aba-b889-5cbf4242dbae 7481447b76464c98b47dd0b892cbe325 9f463f90f4f04e52a229975edc824e3f - - 55ab48c9f52240d1b556d00c1ae2d508 55ab48c9f52240d1b556d00c1ae2d508] 199.204.45.240 "GET /v2.0/networks/fca5ba45-e845-4ecd-9274-f8c8985d5724?fields=segments HTTP/1.1" status: 200 len: 212 time: 0.0802419
2026-05-09 14:03:48.224 9 INFO neutron.wsgi [req-119f3337-5b1a-492a-a5be-d66978732c68 req-9edc6ce7-de5d-47e5-903c-8aae7d05c79d 7481447b76464c98b47dd0b892cbe325 9f463f90f4f04e52a229975edc824e3f - - 55ab48c9f52240d1b556d00c1ae2d508 55ab48c9f52240d1b556d00c1ae2d508] 199.204.45.240 "GET /v2.0/networks/4f81dc99-1cc1-40ac-bc47-c2b3657765b9?fields=segments HTTP/1.1" status: 200 len: 212 time: 0.0908611
2026-05-09 14:03:48.229 10 INFO neutron.wsgi [req-6503d93c-8a90-4a77-890f-72de62ad4593 req-f88d557f-125d-4116-b685-75b8c05a2edd 05d28036027446b2a5d326e469a5acfc 5bf4aa255a984908ad2de3120f20370a - - default default] 10.0.0.117 "GET /v2.0/ports?device_id=7e36c215-bbb7-4efa-90ac-3bd1ffbb3643 HTTP/1.1" status: 200 len: 1168 time: 0.4416752
2026-05-09 14:03:48.246 10 INFO neutron.wsgi [req-83f1fe67-5591-4108-bb72-1731b61ba466 req-4f293818-f2f0-476a-928a-1393934faad1 ea5a5ad5a528436abf3246c9a93d29d0 1f6a697c4b6445a5ab5b580788427d71 - - default default] 10.0.0.117 "GET /v2.0/ports?device_id=0b982736-37dd-4dab-919f-f0bce6c7c0e0 HTTP/1.1" status: 200 len: 1168 time: 0.2658403
2026-05-09 14:03:48.299 9 INFO neutron.wsgi [req-a570083b-7511-4334-99ec-24eaa05d0d8a req-3554e450-d167-47eb-adf0-3a0caf05de89 7481447b76464c98b47dd0b892cbe325 9f463f90f4f04e52a229975edc824e3f - - 55ab48c9f52240d1b556d00c1ae2d508 55ab48c9f52240d1b556d00c1ae2d508] 199.204.45.240 "GET /v2.0/networks/fca5ba45-e845-4ecd-9274-f8c8985d5724?fields=provider%3Aphysical_network&fields=provider%3Anetwork_type HTTP/1.1" status: 200 len: 277 time: 0.0783830
2026-05-09 14:03:48.307 9 INFO neutron.wsgi [req-119f3337-5b1a-492a-a5be-d66978732c68 req-c80007e3-1e6e-4d75-9ac6-4539eb2c8f2c 7481447b76464c98b47dd0b892cbe325 9f463f90f4f04e52a229975edc824e3f - - 55ab48c9f52240d1b556d00c1ae2d508 55ab48c9f52240d1b556d00c1ae2d508] 199.204.45.240 "GET /v2.0/networks/4f81dc99-1cc1-40ac-bc47-c2b3657765b9?fields=provider%3Aphysical_network&fields=provider%3Anetwork_type HTTP/1.1" status: 200 len: 277 time: 0.0784965
2026-05-09 14:03:48.360 10 INFO neutron.wsgi [None req-2807498b-4bfd-46ec-b206-5b9af8e10e39 753280bc916d47ae887db1fab82e6bd2 eee0c6a25d6a4e0380da27db6e0b54a5 - - default default] 10.0.0.184 "DELETE /v2.0/routers/ba5b5b30-d804-424e-b779-cb981d7964ab HTTP/1.1" status: 204 len: 168 time: 1.2847550
2026-05-09 14:03:48.367 10 INFO neutron.wsgi [req-6503d93c-8a90-4a77-890f-72de62ad4593 req-04f0f2dd-a942-4818-963c-12a049608285 05d28036027446b2a5d326e469a5acfc 5bf4aa255a984908ad2de3120f20370a - - default default] 10.0.0.117 "GET /v2.0/security-groups?id=736e69ac-297d-4c9a-8823-6be09ce01ca3&fields=id&fields=name HTTP/1.1" status: 200 len: 313 time: 0.1283975
2026-05-09 14:03:48.373 10 INFO neutron.wsgi [req-83f1fe67-5591-4108-bb72-1731b61ba466 req-b3370a65-5abc-49b3-9912-c59c25be597d ea5a5ad5a528436abf3246c9a93d29d0 1f6a697c4b6445a5ab5b580788427d71 - - default default] 10.0.0.117 "GET /v2.0/security-groups?id=190a24be-210b-4de6-9a95-db0af5e6d27c&fields=id&fields=name HTTP/1.1" status: 200 len: 313 time: 0.1155570
2026-05-09 14:03:48.476 9 INFO neutron.notifiers.nova [-] Nova event matching ['req-ac7c5c7c-f21a-4fa9-b67f-6b87237867dd'] response: {'name': 'network-changed', 'server_uuid': '7e36c215-bbb7-4efa-90ac-3bd1ffbb3643', 'tag': 'a4d3ce64-9112-4168-ac5d-0f7a1414a206', 'status': 'completed', 'code': 200}
2026-05-09 14:03:48.573 9 INFO neutron.wsgi [None req-e192e08b-f18c-49d6-9684-7d30382044f7 753280bc916d47ae887db1fab82e6bd2 eee0c6a25d6a4e0380da27db6e0b54a5 - - default default] 10.0.0.184 "DELETE /v2.0/subnets/deae1417-7792-45d1-a12b-2fe467d6915e HTTP/1.1" status: 204 len: 168 time: 0.2039974
2026-05-09 14:03:48.584 9 INFO neutron.wsgi [req-50464977-cf57-4146-8454-724785f96dde req-f4342f92-1bf4-4280-99d8-92f545b3203b 7481447b76464c98b47dd0b892cbe325 9f463f90f4f04e52a229975edc824e3f - - 55ab48c9f52240d1b556d00c1ae2d508 55ab48c9f52240d1b556d00c1ae2d508] 199.204.45.240 "GET /v2.0/ports?tenant_id=5bf4aa255a984908ad2de3120f20370a&device_id=7e36c215-bbb7-4efa-90ac-3bd1ffbb3643 HTTP/1.1" status: 200 len: 1407 time: 0.0459516
2026-05-09 14:03:48.652 10 INFO neutron.wsgi [None req-12db9a6b-545a-4d5f-81df-20c303bdef50 753280bc916d47ae887db1fab82e6bd2 eee0c6a25d6a4e0380da27db6e0b54a5 - - default default] 10.0.0.184 "DELETE /v2.0/networks/17e82c8b-8bc7-4fc6-b638-46a57da5f1dd HTTP/1.1" status: 204 len: 168 time: 0.9144020
2026-05-09 14:03:48.672 9 INFO neutron.wsgi [req-50464977-cf57-4146-8454-724785f96dde req-40154660-05ca-4575-ad9a-51b288911712 7481447b76464c98b47dd0b892cbe325 9f463f90f4f04e52a229975edc824e3f - - 55ab48c9f52240d1b556d00c1ae2d508 55ab48c9f52240d1b556d00c1ae2d508] 199.204.45.240 "GET /v2.0/networks?id=4f81dc99-1cc1-40ac-bc47-c2b3657765b9 HTTP/1.1" status: 200 len: 968 time: 0.0618343
2026-05-09 14:03:48.706 9 INFO neutron.wsgi [req-50464977-cf57-4146-8454-724785f96dde req-c77e6e11-9032-490a-8878-a337cfb22614 7481447b76464c98b47dd0b892cbe325 9f463f90f4f04e52a229975edc824e3f - - 55ab48c9f52240d1b556d00c1ae2d508 55ab48c9f52240d1b556d00c1ae2d508] 199.204.45.240 "GET /v2.0/floatingips?fixed_ip_address=10.100.0.8&port_id=a4d3ce64-9112-4168-ac5d-0f7a1414a206 HTTP/1.1" status: 200 len: 217 time: 0.0273230
2026-05-09 14:03:48.748 9 INFO neutron.wsgi [req-50464977-cf57-4146-8454-724785f96dde req-c1d0952b-d525-4b79-b777-e3c32523e92a 7481447b76464c98b47dd0b892cbe325 9f463f90f4f04e52a229975edc824e3f - - 55ab48c9f52240d1b556d00c1ae2d508 55ab48c9f52240d1b556d00c1ae2d508] 199.204.45.240 "GET /v2.0/subnets?id=b936315d-ef05-461d-8ef1-671ae49a2ef8 HTTP/1.1" status: 200 len: 863 time: 0.0347183
2026-05-09 14:03:48.774 9 INFO neutron.wsgi [req-50464977-cf57-4146-8454-724785f96dde req-1788c63a-f58f-495e-b4a0-843acd6cb016 7481447b76464c98b47dd0b892cbe325 9f463f90f4f04e52a229975edc824e3f - - 55ab48c9f52240d1b556d00c1ae2d508 55ab48c9f52240d1b556d00c1ae2d508] 199.204.45.240 "GET /v2.0/ports?network_id=4f81dc99-1cc1-40ac-bc47-c2b3657765b9&device_owner=network%3Adhcp HTTP/1.1" status: 200 len: 210 time: 0.0210266
2026-05-09 14:03:48.849 9 INFO neutron.wsgi [req-50464977-cf57-4146-8454-724785f96dde req-8b8a7ffc-a797-4b94-9495-3b46e5f2c5df 7481447b76464c98b47dd0b892cbe325 9f463f90f4f04e52a229975edc824e3f - - 55ab48c9f52240d1b556d00c1ae2d508 55ab48c9f52240d1b556d00c1ae2d508] 199.204.45.240 "GET /v2.0/networks/4f81dc99-1cc1-40ac-bc47-c2b3657765b9?fields=segments HTTP/1.1" status: 200 len: 212 time: 0.0691962
2026-05-09 14:03:48.898 9 INFO neutron.wsgi [None req-f93b537a-4137-4c32-918d-2e1ee06ceb9a 753280bc916d47ae887db1fab82e6bd2 eee0c6a25d6a4e0380da27db6e0b54a5 - - default default] 10.0.0.184 "GET /v2.0/security-groups?tenant_id=ab81573a54d0453f8750cdecb28a8abc&name=default HTTP/1.1" status: 200 len: 3116 time: 0.0675714
2026-05-09 14:03:48.935 9 INFO neutron.wsgi [req-50464977-cf57-4146-8454-724785f96dde req-cd79cea2-9345-4e96-96fd-a0987a9e4a91 7481447b76464c98b47dd0b892cbe325 9f463f90f4f04e52a229975edc824e3f - - 55ab48c9f52240d1b556d00c1ae2d508 55ab48c9f52240d1b556d00c1ae2d508] 199.204.45.240 "GET /v2.0/networks/4f81dc99-1cc1-40ac-bc47-c2b3657765b9?fields=provider%3Aphysical_network&fields=provider%3Anetwork_type HTTP/1.1" status: 200 len: 277 time: 0.0788813
2026-05-09 14:03:48.966 10 INFO neutron.wsgi [None req-5800781b-30ae-4540-bb1e-87b935e0a80f 753280bc916d47ae887db1fab82e6bd2 eee0c6a25d6a4e0380da27db6e0b54a5 - - default default] 10.0.0.184 "DELETE /v2.0/networks/b42f67c6-856f-4852-9c27-50ba44b0a402 HTTP/1.1" status: 204 len: 168 time: 0.3882501
2026-05-09 14:03:49.096 10 INFO neutron.services.segments.plugin [-] Segment 7699dbb0-bc3d-4218-9102-41800d559c9c resource provider aggregate not found
2026-05-09 14:03:49.115 10 INFO neutron.services.segments.plugin [-] Segment 7699dbb0-bc3d-4218-9102-41800d559c9c resource provider not found; error: Placement Client Error (4xx): {"errors": [{"status": 404, "title": "Not Found", "detail": "The resource could not be found.\n\n No resource provider with uuid 7699dbb0-bc3d-4218-9102-41800d559c9c found for delete ", "request_id": "req-323a5cfa-f7a7-414b-b0a0-5f2b02d5a35b"}]}
2026-05-09 14:03:49.131 10 INFO neutron.services.segments.plugin [-] Segment 7699dbb0-bc3d-4218-9102-41800d559c9c resource provider aggregate not found
2026-05-09 14:03:49.151 10 INFO neutron.services.segments.plugin [-] Segment 7699dbb0-bc3d-4218-9102-41800d559c9c resource provider not found; error: Placement Client Error (4xx): {"errors": [{"status": 404, "title": "Not Found", "detail": "The resource could not be found.\n\n No resource provider with uuid 7699dbb0-bc3d-4218-9102-41800d559c9c found for delete ", "request_id": "req-08c6daf7-49a1-4e06-9105-6dd4ebc6e2d1"}]}
2026-05-09 14:03:49.175 9 INFO neutron.wsgi [None req-6be68192-c852-4dc9-8087-9fa9d05e0a97 753280bc916d47ae887db1fab82e6bd2 eee0c6a25d6a4e0380da27db6e0b54a5 - - default default] 10.0.0.184 "DELETE /v2.0/security-groups/0d0601d2-7d45-4b10-9ad9-a11606ecd07a HTTP/1.1" status: 204 len: 168 time: 0.2729383
2026-05-09 14:03:49.224 9 INFO neutron.wsgi [None req-3c3ea8db-6b96-41f6-b459-3a53ed57afd1 753280bc916d47ae887db1fab82e6bd2 eee0c6a25d6a4e0380da27db6e0b54a5 - - default default] 10.0.0.184 "GET /v2.0/security-groups?tenant_id=e2d351c496af4cc5ae61b826abac8b15&name=default HTTP/1.1" status: 200 len: 3116 time: 0.0346780
2026-05-09 14:03:49.468 9 INFO neutron.wsgi [None req-865f80ae-aa8d-40ce-abde-bf5b56314aa9 753280bc916d47ae887db1fab82e6bd2 eee0c6a25d6a4e0380da27db6e0b54a5 - - default default] 10.0.0.184 "DELETE /v2.0/security-groups/1fb04b1d-5005-42b5-884b-a20cafc0c46d HTTP/1.1" status: 204 len: 168 time: 0.2399011
2026-05-09 14:03:49.495 10 INFO neutron.wsgi [req-aa47a46f-077b-4bd3-adc9-54343d2d0bef req-7da82aa8-ae8e-423d-83ed-b912487b45c0 05d28036027446b2a5d326e469a5acfc 5bf4aa255a984908ad2de3120f20370a - - default default] 10.0.0.117 "GET /v2.0/ports?device_id=7e36c215-bbb7-4efa-90ac-3bd1ffbb3643 HTTP/1.1" status: 200 len: 1168 time: 0.0586510
2026-05-09 14:03:49.519 10 INFO neutron.wsgi [req-ce26eefd-5fd5-4013-9ba0-d87b48693054 req-41fc572a-6248-4d71-8fe7-feb4d286c70f ea5a5ad5a528436abf3246c9a93d29d0 1f6a697c4b6445a5ab5b580788427d71 - - default default] 10.0.0.117 "GET /v2.0/ports?device_id=0b982736-37dd-4dab-919f-f0bce6c7c0e0 HTTP/1.1" status: 200 len: 1168 time: 0.0531394
2026-05-09 14:03:49.555 10 INFO neutron.wsgi [req-aa47a46f-077b-4bd3-adc9-54343d2d0bef req-5a105bbd-3507-4183-ad06-609f2382c069 05d28036027446b2a5d326e469a5acfc 5bf4aa255a984908ad2de3120f20370a - - default default] 10.0.0.117 "GET /v2.0/security-groups?id=736e69ac-297d-4c9a-8823-6be09ce01ca3&fields=id&fields=name HTTP/1.1" status: 200 len: 313 time: 0.0489712
2026-05-09 14:03:49.571 10 INFO neutron.wsgi [req-ce26eefd-5fd5-4013-9ba0-d87b48693054 req-fc438043-5b3f-465d-a836-0b32ee4575db ea5a5ad5a528436abf3246c9a93d29d0 1f6a697c4b6445a5ab5b580788427d71 - - default default] 10.0.0.117 "GET /v2.0/security-groups?id=190a24be-210b-4de6-9a95-db0af5e6d27c&fields=id&fields=name HTTP/1.1" status: 200 len: 313 time: 0.0450923
2026-05-09 14:03:49.886 9 INFO neutron.wsgi [-] 10.0.0.12 "GET / HTTP/1.1" status: 200 len: 246 time: 0.0020299
2026-05-09 14:03:49.890 9 INFO neutron.wsgi [-] 10.0.0.12 "GET / HTTP/1.1" status: 200 len: 246 time: 0.0025525
2026-05-09 14:03:50.502 10 INFO neutron.plugins.ml2.drivers.ovn.mech_driver.mech_driver [None req-69427717-af26-4687-9a49-940a29f799c4 - - - - - -] OVN reports status up for port: a4d3ce64-9112-4168-ac5d-0f7a1414a206
2026-05-09 14:03:50.531 10 INFO neutron.plugins.ml2.plugin [None req-69427717-af26-4687-9a49-940a29f799c4 - - - - - -] Attempt 1 to provision port a4d3ce64-9112-4168-ac5d-0f7a1414a206
2026-05-09 14:03:50.588 9 INFO neutron.notifiers.nova [-] Nova event matching ['req-fee03a6d-e475-4006-b665-582ecf2a93e6'] response: {'name': 'network-changed', 'server_uuid': '0b982736-37dd-4dab-919f-f0bce6c7c0e0', 'tag': '0ed1ceb7-8d77-464e-ab3e-48823a6a4ddb', 'status': 'completed', 'code': 200}
2026-05-09 14:03:50.648 9 INFO neutron.wsgi [req-b9bbd93c-c842-4c2f-b6cc-dd428bb2f632 req-4622eef0-afc4-4888-82aa-edd061fc7b0a 7481447b76464c98b47dd0b892cbe325 9f463f90f4f04e52a229975edc824e3f - - 55ab48c9f52240d1b556d00c1ae2d508 55ab48c9f52240d1b556d00c1ae2d508] 199.204.45.240 "GET /v2.0/ports?tenant_id=1f6a697c4b6445a5ab5b580788427d71&device_id=0b982736-37dd-4dab-919f-f0bce6c7c0e0 HTTP/1.1" status: 200 len: 1407 time: 0.0385807
2026-05-09 14:03:50.703 10 INFO neutron.wsgi [req-42cdf297-cace-4c1c-b0a5-c7b97339637e req-e9ca8cdb-e20e-488d-bb41-eada770497fd ea5a5ad5a528436abf3246c9a93d29d0 1f6a697c4b6445a5ab5b580788427d71 - - default default] 10.0.0.117 "GET /v2.0/ports?device_id=0b982736-37dd-4dab-919f-f0bce6c7c0e0 HTTP/1.1" status: 200 len: 1168 time: 0.0594442
2026-05-09 14:03:50.709 10 INFO neutron.wsgi [req-033ade1a-6b1a-4d54-b59a-03058035d886 req-0123dc54-9252-4d58-8c08-84ba76436e2b 05d28036027446b2a5d326e469a5acfc 5bf4aa255a984908ad2de3120f20370a - - default default] 10.0.0.117 "GET /v2.0/ports?device_id=7e36c215-bbb7-4efa-90ac-3bd1ffbb3643 HTTP/1.1" status: 200 len: 1168 time: 0.0746558
2026-05-09 14:03:50.756 9 INFO neutron.wsgi [req-b9bbd93c-c842-4c2f-b6cc-dd428bb2f632 req-ab77695a-decc-41db-9123-abe9cbe26d1d 7481447b76464c98b47dd0b892cbe325 9f463f90f4f04e52a229975edc824e3f - - 55ab48c9f52240d1b556d00c1ae2d508 55ab48c9f52240d1b556d00c1ae2d508] 199.204.45.240 "GET /v2.0/networks?id=fca5ba45-e845-4ecd-9274-f8c8985d5724 HTTP/1.1" status: 200 len: 972 time: 0.1016643
2026-05-09 14:03:50.783 10 INFO neutron.wsgi [req-033ade1a-6b1a-4d54-b59a-03058035d886 req-71053503-3ab4-4dee-8848-a949fb856fc6 05d28036027446b2a5d326e469a5acfc 5bf4aa255a984908ad2de3120f20370a - - default default] 10.0.0.117 "GET /v2.0/security-groups?id=736e69ac-297d-4c9a-8823-6be09ce01ca3&fields=id&fields=name HTTP/1.1" status: 200 len: 313 time: 0.0680289
2026-05-09 14:03:50.794 9 INFO neutron.wsgi [req-b9bbd93c-c842-4c2f-b6cc-dd428bb2f632 req-24ca9d96-8956-44ce-adf6-5507576aa24d 7481447b76464c98b47dd0b892cbe325 9f463f90f4f04e52a229975edc824e3f - - 55ab48c9f52240d1b556d00c1ae2d508 55ab48c9f52240d1b556d00c1ae2d508] 199.204.45.240 "GET /v2.0/floatingips?fixed_ip_address=10.100.0.9&port_id=0ed1ceb7-8d77-464e-ab3e-48823a6a4ddb HTTP/1.1" status: 200 len: 217 time: 0.0296142
2026-05-09 14:03:50.795 10 INFO neutron.wsgi [req-42cdf297-cace-4c1c-b0a5-c7b97339637e req-61cdbfa5-629f-49ee-94eb-9f91b1fefb33 ea5a5ad5a528436abf3246c9a93d29d0 1f6a697c4b6445a5ab5b580788427d71 - - default default] 10.0.0.117 "GET /v2.0/security-groups?id=190a24be-210b-4de6-9a95-db0af5e6d27c&fields=id&fields=name HTTP/1.1" status: 200 len: 313 time: 0.0859456
2026-05-09 14:03:50.829 9 INFO neutron.wsgi [req-b9bbd93c-c842-4c2f-b6cc-dd428bb2f632 req-7c0e100d-ab8d-49bb-8547-6c9e8b3ac22f 7481447b76464c98b47dd0b892cbe325 9f463f90f4f04e52a229975edc824e3f - - 55ab48c9f52240d1b556d00c1ae2d508 55ab48c9f52240d1b556d00c1ae2d508] 199.204.45.240 "GET /v2.0/subnets?id=860727e3-e716-4a80-b3f6-79971601fb88 HTTP/1.1" status: 200 len: 867 time: 0.0283449
2026-05-09 14:03:50.864 9 INFO neutron.wsgi [req-b9bbd93c-c842-4c2f-b6cc-dd428bb2f632 req-895eebd2-7cac-4cb9-a963-d338b8368b37 7481447b76464c98b47dd0b892cbe325 9f463f90f4f04e52a229975edc824e3f - - 55ab48c9f52240d1b556d00c1ae2d508 55ab48c9f52240d1b556d00c1ae2d508] 199.204.45.240 "GET /v2.0/ports?network_id=fca5ba45-e845-4ecd-9274-f8c8985d5724&device_owner=network%3Adhcp HTTP/1.1" status: 200 len: 210 time: 0.0271802
2026-05-09 14:03:50.917 10 INFO neutron.db.ovn_revision_numbers_db [None req-69427717-af26-4687-9a49-940a29f799c4 - - - - - -] Successfully bumped revision number for resource a4d3ce64-9112-4168-ac5d-0f7a1414a206 (type: ports) to 4
2026-05-09 14:03:50.921 9 INFO neutron.wsgi [req-b9bbd93c-c842-4c2f-b6cc-dd428bb2f632 req-7fb6012d-4666-4763-ba7b-8aa3bc039b9f 7481447b76464c98b47dd0b892cbe325 9f463f90f4f04e52a229975edc824e3f - - 55ab48c9f52240d1b556d00c1ae2d508 55ab48c9f52240d1b556d00c1ae2d508] 199.204.45.240 "GET /v2.0/networks/fca5ba45-e845-4ecd-9274-f8c8985d5724?fields=segments HTTP/1.1" status: 200 len: 212 time: 0.0513282
2026-05-09 14:03:50.963 10 INFO neutron.plugins.ml2.drivers.ovn.mech_driver.mech_driver [None req-69427717-af26-4687-9a49-940a29f799c4 - - - - - -] OVN reports status up for port: 0ed1ceb7-8d77-464e-ab3e-48823a6a4ddb
2026-05-09 14:03:50.975 10 INFO neutron.plugins.ml2.plugin [None req-69427717-af26-4687-9a49-940a29f799c4 - - - - - -] Attempt 1 to provision port 0ed1ceb7-8d77-464e-ab3e-48823a6a4ddb
2026-05-09 14:03:50.995 9 INFO neutron.wsgi [req-b9bbd93c-c842-4c2f-b6cc-dd428bb2f632 req-10756aad-c34d-4fd1-b221-be0b3c54b4f1 7481447b76464c98b47dd0b892cbe325 9f463f90f4f04e52a229975edc824e3f - - 55ab48c9f52240d1b556d00c1ae2d508 55ab48c9f52240d1b556d00c1ae2d508] 199.204.45.240 "GET /v2.0/networks/fca5ba45-e845-4ecd-9274-f8c8985d5724?fields=provider%3Aphysical_network&fields=provider%3Anetwork_type HTTP/1.1" status: 200 len: 277 time: 0.0681634
2026-05-09 14:03:51.143 10 INFO neutron.services.segments.plugin [-] Segment 426d311d-c823-495c-9750-3851b4b36186 resource provider aggregate not found
2026-05-09 14:03:51.162 10 INFO neutron.services.segments.plugin [-] Segment 426d311d-c823-495c-9750-3851b4b36186 resource provider not found; error: Placement Client Error (4xx): {"errors": [{"status": 404, "title": "Not Found", "detail": "The resource could not be found.\n\n No resource provider with uuid 426d311d-c823-495c-9750-3851b4b36186 found for delete ", "request_id": "req-c335d63f-209e-4047-82fb-7822f3821825"}]}
2026-05-09 14:03:51.166 10 INFO neutron.notifiers.nova [-] Nova event matching ['req-352a1c97-ce05-43eb-937d-2ffcae6eb271'] response: {'server_uuid': '7e36c215-bbb7-4efa-90ac-3bd1ffbb3643', 'name': 'network-vif-plugged', 'status': 'completed', 'tag': 'a4d3ce64-9112-4168-ac5d-0f7a1414a206', 'code': 200}
2026-05-09 14:03:51.167 10 INFO neutron.services.segments.plugin [-] Segment 426d311d-c823-495c-9750-3851b4b36186 resource provider aggregate not found
2026-05-09 14:03:51.188 10 INFO neutron.services.segments.plugin [-] Segment 426d311d-c823-495c-9750-3851b4b36186 resource provider not found; error: Placement Client Error (4xx): {"errors": [{"status": 404, "title": "Not Found", "detail": "The resource could not be found.\n\n No resource provider with uuid 426d311d-c823-495c-9750-3851b4b36186 found for delete ", "request_id": "req-92a55885-5fb5-4bf1-9777-9d58ede8ebb8"}]} /var/lib/openstack/lib/python3.10/site-packages/pycadf/identifier.py:71: UserWarning: Invalid uuid: neutron. To ensure interoperability, identifiers should be a valid uuid. warnings.warn(('Invalid uuid: %s. To ensure interoperability, '
2026-05-09 14:03:51.385 10 INFO neutron.db.ovn_revision_numbers_db [None req-69427717-af26-4687-9a49-940a29f799c4 - - - - - -] Successfully bumped revision number for resource 0ed1ceb7-8d77-464e-ab3e-48823a6a4ddb (type: ports) to 4
2026-05-09 14:03:51.422 9 INFO neutron.wsgi [None req-8d6885aa-6812-4e9a-8a14-140d8317d84a 753280bc916d47ae887db1fab82e6bd2 eee0c6a25d6a4e0380da27db6e0b54a5 - - default default] 10.0.0.197 "GET /v2.0/ports HTTP/1.1" status: 200 len: 16186 time: 0.2860556
2026-05-09 14:03:51.530 10 INFO neutron.db.ovn_revision_numbers_db [None req-b7c3804f-a84e-46dc-b5b0-5075025fb0d1 753280bc916d47ae887db1fab82e6bd2 eee0c6a25d6a4e0380da27db6e0b54a5 - - default default] Successfully bumped revision number for resource 4d92aa0b-3b20-45d1-b04d-04bdb24ae5fc (type: security_groups) to 1
2026-05-09 14:03:51.545 10 INFO neutron.db.ovn_revision_numbers_db [None req-b7c3804f-a84e-46dc-b5b0-5075025fb0d1 753280bc916d47ae887db1fab82e6bd2 eee0c6a25d6a4e0380da27db6e0b54a5 - - default default] Successfully bumped revision number for resource 69c5b98a-8207-45e1-bdaa-9e9f0bb51bd6 (type: security_group_rules) to 0
2026-05-09 14:03:51.559 10 INFO neutron.db.ovn_revision_numbers_db [None req-b7c3804f-a84e-46dc-b5b0-5075025fb0d1 753280bc916d47ae887db1fab82e6bd2 eee0c6a25d6a4e0380da27db6e0b54a5 - - default default] Successfully bumped revision number for resource 6f16117a-d511-4c20-adc5-653ff4d792d2 (type: security_group_rules) to 0
2026-05-09 14:03:51.572 10 INFO neutron.db.ovn_revision_numbers_db [None req-b7c3804f-a84e-46dc-b5b0-5075025fb0d1 753280bc916d47ae887db1fab82e6bd2 eee0c6a25d6a4e0380da27db6e0b54a5 - - default default] Successfully bumped revision number for resource 88f64b00-d92f-4c89-859e-814aa1264dee (type: security_group_rules) to 0
2026-05-09 14:03:51.585 9 INFO neutron.wsgi [None req-d01c7d35-b5bd-4127-8886-9833884cde8e 753280bc916d47ae887db1fab82e6bd2 eee0c6a25d6a4e0380da27db6e0b54a5 - - default default] 10.0.0.197 "GET /v2.0/routers HTTP/1.1" status: 200 len: 2111 time: 0.1498163
