2026-05-09 14:06:33.979 9 WARNING neutron.api.rpc.agentnotifiers.dhcp_rpc_agent_api [req-2f7578a0-99f9-4ce4-9802-ded5f4c85e82 req-3f880625-d76a-481a-80b4-8d3a8055145d 9cc12ac33e42490ba95b359e25a76728 ee6843b5d0d949d88f2c7009fdc3cc32 - - default default] Unable to schedule network 99a3ec72-7c72-4747-b5f0-edcc1af2b06f: no agents available; will retry on subsequent port and subnet creation events.
2026-05-09 14:06:34.010 10 INFO neutron.db.ovn_revision_numbers_db [None req-6a4da52a-b6c6-4084-afa4-ac693b6fe050 753280bc916d47ae887db1fab82e6bd2 eee0c6a25d6a4e0380da27db6e0b54a5 - - default default] Successfully bumped revision number for resource c9a721d5-1252-439e-bdad-6a459a8e691d (type: security_groups) to 1
2026-05-09 14:06:34.018 9 WARNING neutron.plugins.ml2.drivers.ovn.mech_driver.ovsdb.ovn_client [None req-2b62d2f3-948b-40ce-92b0-cd56d01da0a3 - - - - - -] No hosting information found for port bce07064-a466-446d-8bce-3a388e1b8859: RuntimeError: No hosting information found for port bce07064-a466-446d-8bce-3a388e1b8859
2026-05-09 14:06:34.024 10 INFO neutron.db.ovn_revision_numbers_db [None req-6a4da52a-b6c6-4084-afa4-ac693b6fe050 753280bc916d47ae887db1fab82e6bd2 eee0c6a25d6a4e0380da27db6e0b54a5 - - default default] Successfully bumped revision number for resource 482af050-2326-455e-bb35-3141cacb2e91 (type: security_group_rules) to 0
2026-05-09 14:06:34.037 10 INFO neutron.db.ovn_revision_numbers_db [None req-6a4da52a-b6c6-4084-afa4-ac693b6fe050 753280bc916d47ae887db1fab82e6bd2 eee0c6a25d6a4e0380da27db6e0b54a5 - - default default] Successfully bumped revision number for resource 4dd3c64d-6059-4a21-862a-ddf6aa4465bf (type: security_group_rules) to 0
2026-05-09 14:06:34.055 10 INFO neutron.db.ovn_revision_numbers_db [None req-6a4da52a-b6c6-4084-afa4-ac693b6fe050 753280bc916d47ae887db1fab82e6bd2 eee0c6a25d6a4e0380da27db6e0b54a5 - - default default] Successfully bumped revision number for resource a23cb62e-6e64-4296-b076-818836e50cd2 (type: security_group_rules) to 0
2026-05-09 14:06:34.070 10 INFO neutron.db.ovn_revision_numbers_db [None req-6a4da52a-b6c6-4084-afa4-ac693b6fe050 753280bc916d47ae887db1fab82e6bd2 eee0c6a25d6a4e0380da27db6e0b54a5 - - default default] Successfully bumped revision number for resource b817de5e-da37-4d86-ac25-35c148c1a212 (type: security_group_rules) to 0
2026-05-09 14:06:34.091 10 INFO neutron.wsgi [None req-6a4da52a-b6c6-4084-afa4-ac693b6fe050 753280bc916d47ae887db1fab82e6bd2 eee0c6a25d6a4e0380da27db6e0b54a5 - - default default] 10.0.0.184 "GET /v2.0/security-groups?tenant_id=13a8d1dfb10149068e48113f0a8dd8f2&name=default HTTP/1.1" status: 200 len: 3120 time: 0.2083876
2026-05-09 14:06:34.241 10 INFO neutron.db.ovn_revision_numbers_db [None req-9f45e048-a143-4dc9-96ac-1994f63c9e7d 753280bc916d47ae887db1fab82e6bd2 eee0c6a25d6a4e0380da27db6e0b54a5 - - default default] Successfully bumped revision number for resource 1df78429-72cd-4a89-9dc1-c8d7ad121e92 (type: security_groups) to 1
2026-05-09 14:06:34.256 10 INFO neutron.db.ovn_revision_numbers_db [None req-9f45e048-a143-4dc9-96ac-1994f63c9e7d 753280bc916d47ae887db1fab82e6bd2 eee0c6a25d6a4e0380da27db6e0b54a5 - - default default] Successfully bumped revision number for resource 002201b7-370d-4e9d-84d0-23be9fc0453c (type: security_group_rules) to 0
2026-05-09 14:06:34.271 10 INFO neutron.db.ovn_revision_numbers_db [None req-9f45e048-a143-4dc9-96ac-1994f63c9e7d 753280bc916d47ae887db1fab82e6bd2 eee0c6a25d6a4e0380da27db6e0b54a5 - - default default] Successfully bumped revision number for resource 4a7a0716-c52e-46d7-b279-fdf146eba043 (type: security_group_rules) to 0
2026-05-09 14:06:34.283 10 INFO neutron.db.ovn_revision_numbers_db [None req-9f45e048-a143-4dc9-96ac-1994f63c9e7d 753280bc916d47ae887db1fab82e6bd2 eee0c6a25d6a4e0380da27db6e0b54a5 - - default default] Successfully bumped revision number for resource b0fdf7d2-87a5-431c-adf9-f75e06f3ff3d (type: security_group_rules) to 0
2026-05-09 14:06:34.295 10 INFO neutron.db.ovn_revision_numbers_db [None req-9f45e048-a143-4dc9-96ac-1994f63c9e7d 753280bc916d47ae887db1fab82e6bd2 eee0c6a25d6a4e0380da27db6e0b54a5 - - default default] Successfully bumped revision number for resource df679e90-c2cb-422f-b066-2ec6376d6379 (type: security_group_rules) to 0
2026-05-09 14:06:34.315 10 INFO neutron.wsgi [None req-9f45e048-a143-4dc9-96ac-1994f63c9e7d 753280bc916d47ae887db1fab82e6bd2 eee0c6a25d6a4e0380da27db6e0b54a5 - - default default] 10.0.0.184 "GET /v2.0/security-groups?tenant_id=ae39581a13744696a72ba353a44e8bdb&name=default HTTP/1.1" status: 200 len: 3120 time: 0.2189920
2026-05-09 14:06:34.320 10 INFO neutron.wsgi [None req-1df2e466-58d5-452e-8e7a-028e9631057e 753280bc916d47ae887db1fab82e6bd2 eee0c6a25d6a4e0380da27db6e0b54a5 - - default default] 10.0.0.184 "DELETE /v2.0/security-groups/c9a721d5-1252-439e-bdad-6a459a8e691d HTTP/1.1" status: 204 len: 168 time: 0.2242937 /var/lib/openstack/lib/python3.10/site-packages/pycadf/identifier.py:71: UserWarning: Invalid uuid: neutron. To ensure interoperability, identifiers should be a valid uuid. warnings.warn(('Invalid uuid: %s. To ensure interoperability, '
2026-05-09 14:06:34.437 9 INFO neutron.db.ovn_revision_numbers_db [req-2f7578a0-99f9-4ce4-9802-ded5f4c85e82 req-3f880625-d76a-481a-80b4-8d3a8055145d 9cc12ac33e42490ba95b359e25a76728 ee6843b5d0d949d88f2c7009fdc3cc32 - - default default] Successfully bumped revision number for resource cfe7eca7-0f43-4810-918f-10a65c0d7162 (type: ports) to 1
2026-05-09 14:06:34.469 9 INFO neutron.wsgi [req-2f7578a0-99f9-4ce4-9802-ded5f4c85e82 req-3f880625-d76a-481a-80b4-8d3a8055145d 9cc12ac33e42490ba95b359e25a76728 ee6843b5d0d949d88f2c7009fdc3cc32 - - default default] 199.204.45.240 "POST /v2.0/ports HTTP/1.1" status: 201 len: 1162 time: 0.8461702
2026-05-09 14:06:34.658 9 INFO neutron.wsgi [None req-86c4e10a-0afe-44bb-bdc2-7dbf67bb594b 753280bc916d47ae887db1fab82e6bd2 eee0c6a25d6a4e0380da27db6e0b54a5 - - default default] 10.0.0.184 "DELETE /v2.0/security-groups/1df78429-72cd-4a89-9dc1-c8d7ad121e92 HTTP/1.1" status: 204 len: 168 time: 0.3291152
2026-05-09 14:06:34.885 9 INFO neutron.wsgi [-] 10.0.0.12 "GET / HTTP/1.1" status: 200 len: 246 time: 0.0017431
2026-05-09 14:06:34.888 9 INFO neutron.wsgi [-] 10.0.0.12 "GET / HTTP/1.1" status: 200 len: 246 time: 0.0017619
2026-05-09 14:06:34.938 10 INFO neutron.wsgi [req-9a0492bf-e793-431e-aaa6-0d3f2b19fa19 req-252d1ed4-5d5e-48f5-8c5f-4ca7a01b7b1b 9cc12ac33e42490ba95b359e25a76728 ee6843b5d0d949d88f2c7009fdc3cc32 - - default default] 10.0.0.117 "GET /v2.0/ports?device_id=fc159167-e1ba-4bc2-846e-5ee38c8d9698 HTTP/1.1" status: 200 len: 1172 time: 0.0502644
2026-05-09 14:06:34.996 10 INFO neutron.wsgi [req-9a0492bf-e793-431e-aaa6-0d3f2b19fa19 req-0522e06a-bd8a-4639-8faa-3d23bb766e37 9cc12ac33e42490ba95b359e25a76728 ee6843b5d0d949d88f2c7009fdc3cc32 - - default default] 10.0.0.117 "GET /v2.0/security-groups?id=a800ce5f-6b71-489f-b9e4-d515e98c2a2e&fields=id&fields=name HTTP/1.1" status: 200 len: 313 time: 0.0493979
2026-05-09 14:06:35.012 9 INFO neutron.db.ovn_revision_numbers_db [req-2f7578a0-99f9-4ce4-9802-ded5f4c85e82 req-471b087e-7428-4f3c-a635-6588327c7cc1 7481447b76464c98b47dd0b892cbe325 9f463f90f4f04e52a229975edc824e3f - - 55ab48c9f52240d1b556d00c1ae2d508 55ab48c9f52240d1b556d00c1ae2d508] Successfully bumped revision number for resource cfe7eca7-0f43-4810-918f-10a65c0d7162 (type: ports) to 2
2026-05-09 14:06:35.212 10 INFO neutron.wsgi [None req-a52f157d-1055-4eca-98bf-bc1776f88ba0 a05946eaeda84cb3aa5b8c09223a36c7 6c852c1bb2564b8dada2aa8a90579678 - - default default] 10.0.0.76 "GET /v2.0/extensions HTTP/1.1" status: 200 len: 18683 time: 0.0077305
2026-05-09 14:06:35.227 9 INFO neutron.db.ovn_revision_numbers_db [req-2f7578a0-99f9-4ce4-9802-ded5f4c85e82 req-471b087e-7428-4f3c-a635-6588327c7cc1 7481447b76464c98b47dd0b892cbe325 9f463f90f4f04e52a229975edc824e3f - - 55ab48c9f52240d1b556d00c1ae2d508 55ab48c9f52240d1b556d00c1ae2d508] Successfully bumped revision number for resource cfe7eca7-0f43-4810-918f-10a65c0d7162 (type: ports) to 2
2026-05-09 14:06:35.244 9 INFO neutron.wsgi [req-2f7578a0-99f9-4ce4-9802-ded5f4c85e82 req-471b087e-7428-4f3c-a635-6588327c7cc1 7481447b76464c98b47dd0b892cbe325 9f463f90f4f04e52a229975edc824e3f - - 55ab48c9f52240d1b556d00c1ae2d508 55ab48c9f52240d1b556d00c1ae2d508] 199.204.45.240 "PUT /v2.0/ports/cfe7eca7-0f43-4810-918f-10a65c0d7162 HTTP/1.1" status: 200 len: 1380 time: 0.7646787
2026-05-09 14:06:35.286 9 INFO neutron.notifiers.nova [-] Nova event matching ['req-bdba5550-fac9-4ae2-9380-547d99c58ce4'] response: {'name': 'network-changed', 'server_uuid': 'fc159167-e1ba-4bc2-846e-5ee38c8d9698', 'tag': 'cfe7eca7-0f43-4810-918f-10a65c0d7162', 'status': 'completed', 'code': 200} /var/lib/openstack/lib/python3.10/site-packages/pycadf/identifier.py:71: UserWarning: Invalid uuid: neutron. To ensure interoperability, identifiers should be a valid uuid. warnings.warn(('Invalid uuid: %s. To ensure interoperability, '
2026-05-09 14:06:35.320 10 INFO neutron.wsgi [None req-cb5ec7a2-204b-481c-8c73-80d1e27b9aa4 a05946eaeda84cb3aa5b8c09223a36c7 6c852c1bb2564b8dada2aa8a90579678 - - default default] 10.0.0.76 "GET /v2.0/quotas/6c852c1bb2564b8dada2aa8a90579678/details HTTP/1.1" status: 200 len: 1046 time: 0.0963869
2026-05-09 14:06:35.358 9 INFO neutron.wsgi [req-2f7578a0-99f9-4ce4-9802-ded5f4c85e82 req-24d635a6-e0d9-4bcf-85a2-2598c1100236 7481447b76464c98b47dd0b892cbe325 9f463f90f4f04e52a229975edc824e3f - - 55ab48c9f52240d1b556d00c1ae2d508 55ab48c9f52240d1b556d00c1ae2d508] 199.204.45.240 "GET /v2.0/ports?tenant_id=ee6843b5d0d949d88f2c7009fdc3cc32&device_id=fc159167-e1ba-4bc2-846e-5ee38c8d9698 HTTP/1.1" status: 200 len: 1411 time: 0.0515771
2026-05-09 14:06:35.396 9 INFO neutron.wsgi [req-2f7578a0-99f9-4ce4-9802-ded5f4c85e82 req-a14833a8-aa0b-4844-ab89-c1cf4fff7d14 7481447b76464c98b47dd0b892cbe325 9f463f90f4f04e52a229975edc824e3f - - 55ab48c9f52240d1b556d00c1ae2d508 55ab48c9f52240d1b556d00c1ae2d508] 199.204.45.240 "GET /v2.0/floatingips?fixed_ip_address=10.100.0.12&port_id=cfe7eca7-0f43-4810-918f-10a65c0d7162 HTTP/1.1" status: 200 len: 217 time: 0.0303628
2026-05-09 14:06:35.435 9 INFO neutron.wsgi [req-2f7578a0-99f9-4ce4-9802-ded5f4c85e82 req-4fc24c25-20a6-4eba-9e0a-865ebfb699f3 7481447b76464c98b47dd0b892cbe325 9f463f90f4f04e52a229975edc824e3f - - 55ab48c9f52240d1b556d00c1ae2d508 55ab48c9f52240d1b556d00c1ae2d508] 199.204.45.240 "GET /v2.0/subnets?id=938faa2c-1a4c-435b-af3c-e6982b7bffd0 HTTP/1.1" status: 200 len: 853 time: 0.0324402
2026-05-09 14:06:35.472 9 INFO neutron.wsgi [req-2f7578a0-99f9-4ce4-9802-ded5f4c85e82 req-e085db9b-280a-48f5-b0ad-f5b7a80333ad 7481447b76464c98b47dd0b892cbe325 9f463f90f4f04e52a229975edc824e3f - - 55ab48c9f52240d1b556d00c1ae2d508 55ab48c9f52240d1b556d00c1ae2d508] 199.204.45.240 "GET /v2.0/ports?network_id=99a3ec72-7c72-4747-b5f0-edcc1af2b06f&device_owner=network%3Adhcp HTTP/1.1" status: 200 len: 210 time: 0.0316651
2026-05-09 14:06:35.544 9 INFO neutron.wsgi [req-2f7578a0-99f9-4ce4-9802-ded5f4c85e82 req-ddc7d9d0-db75-44d6-8730-11be731a3270 7481447b76464c98b47dd0b892cbe325 9f463f90f4f04e52a229975edc824e3f - - 55ab48c9f52240d1b556d00c1ae2d508 55ab48c9f52240d1b556d00c1ae2d508] 199.204.45.240 "GET /v2.0/networks/99a3ec72-7c72-4747-b5f0-edcc1af2b06f?fields=segments HTTP/1.1" status: 200 len: 212 time: 0.0624459
2026-05-09 14:06:35.611 9 INFO neutron.wsgi [req-2f7578a0-99f9-4ce4-9802-ded5f4c85e82 req-d5595615-bd26-4bc0-893c-a987a0ce5e92 7481447b76464c98b47dd0b892cbe325 9f463f90f4f04e52a229975edc824e3f - - 55ab48c9f52240d1b556d00c1ae2d508 55ab48c9f52240d1b556d00c1ae2d508] 199.204.45.240 "GET /v2.0/networks/99a3ec72-7c72-4747-b5f0-edcc1af2b06f?fields=provider%3Aphysical_network&fields=provider%3Anetwork_type HTTP/1.1" status: 200 len: 277 time: 0.0583751
2026-05-09 14:06:35.692 9 INFO neutron.wsgi [req-00887d0b-6f5a-48b9-9769-c7a08f8c6568 req-43dcd2f5-cfe8-44e6-8bb6-31b03c68331d 7481447b76464c98b47dd0b892cbe325 9f463f90f4f04e52a229975edc824e3f - - 55ab48c9f52240d1b556d00c1ae2d508 55ab48c9f52240d1b556d00c1ae2d508] 199.204.45.240 "GET /v2.0/ports?tenant_id=ee6843b5d0d949d88f2c7009fdc3cc32&device_id=fc159167-e1ba-4bc2-846e-5ee38c8d9698 HTTP/1.1" status: 200 len: 1411 time: 0.0379119
2026-05-09 14:06:35.782 9 INFO neutron.wsgi [req-00887d0b-6f5a-48b9-9769-c7a08f8c6568 req-4ac0d8a8-db8c-47a9-874b-da97dd1a4fad 7481447b76464c98b47dd0b892cbe325 9f463f90f4f04e52a229975edc824e3f - - 55ab48c9f52240d1b556d00c1ae2d508 55ab48c9f52240d1b556d00c1ae2d508] 199.204.45.240 "GET /v2.0/networks?id=99a3ec72-7c72-4747-b5f0-edcc1af2b06f HTTP/1.1" status: 200 len: 959 time: 0.0857689
2026-05-09 14:06:35.811 10 INFO neutron.plugins.ml2.drivers.ovn.mech_driver.mech_driver [None req-69427717-af26-4687-9a49-940a29f799c4 - - - - - -] OVN reports status up for port: cfe7eca7-0f43-4810-918f-10a65c0d7162
2026-05-09 14:06:35.826 9 INFO neutron.wsgi [req-00887d0b-6f5a-48b9-9769-c7a08f8c6568 req-904eb0b8-561a-48f9-a0ea-7ea390be113d 7481447b76464c98b47dd0b892cbe325 9f463f90f4f04e52a229975edc824e3f - - 55ab48c9f52240d1b556d00c1ae2d508 55ab48c9f52240d1b556d00c1ae2d508] 199.204.45.240 "GET /v2.0/floatingips?fixed_ip_address=10.100.0.12&port_id=cfe7eca7-0f43-4810-918f-10a65c0d7162 HTTP/1.1" status: 200 len: 217 time: 0.0356832
2026-05-09 14:06:35.844 10 INFO neutron.plugins.ml2.plugin [None req-69427717-af26-4687-9a49-940a29f799c4 - - - - - -] Attempt 1 to provision port cfe7eca7-0f43-4810-918f-10a65c0d7162
2026-05-09 14:06:35.876 9 INFO neutron.wsgi [req-00887d0b-6f5a-48b9-9769-c7a08f8c6568 req-ff644242-efb9-44d6-a034-cdad7009ce13 7481447b76464c98b47dd0b892cbe325 9f463f90f4f04e52a229975edc824e3f - - 55ab48c9f52240d1b556d00c1ae2d508 55ab48c9f52240d1b556d00c1ae2d508] 199.204.45.240 "GET /v2.0/subnets?id=938faa2c-1a4c-435b-af3c-e6982b7bffd0 HTTP/1.1" status: 200 len: 853 time: 0.0445406
2026-05-09 14:06:35.912 9 INFO neutron.wsgi [req-00887d0b-6f5a-48b9-9769-c7a08f8c6568 req-78d20125-acc0-4e20-bcc4-a847691d56db 7481447b76464c98b47dd0b892cbe325 9f463f90f4f04e52a229975edc824e3f - - 55ab48c9f52240d1b556d00c1ae2d508 55ab48c9f52240d1b556d00c1ae2d508] 199.204.45.240 "GET /v2.0/ports?network_id=99a3ec72-7c72-4747-b5f0-edcc1af2b06f&device_owner=network%3Adhcp HTTP/1.1" status: 200 len: 210 time: 0.0256338
2026-05-09 14:06:35.974 9 INFO neutron.wsgi [req-00887d0b-6f5a-48b9-9769-c7a08f8c6568 req-65e2921e-ecce-4819-b67d-4e1d51badfa1 7481447b76464c98b47dd0b892cbe325 9f463f90f4f04e52a229975edc824e3f - - 55ab48c9f52240d1b556d00c1ae2d508 55ab48c9f52240d1b556d00c1ae2d508] 199.204.45.240 "GET /v2.0/networks/99a3ec72-7c72-4747-b5f0-edcc1af2b06f?fields=segments HTTP/1.1" status: 200 len: 212 time: 0.0578520
2026-05-09 14:06:36.018 10 INFO neutron.notifiers.nova [-] Nova event matching ['req-52d53341-8c4f-4284-9ee6-45d50f07c8c8'] response: {'server_uuid': 'fc159167-e1ba-4bc2-846e-5ee38c8d9698', 'name': 'network-vif-plugged', 'status': 'completed', 'tag': 'cfe7eca7-0f43-4810-918f-10a65c0d7162', 'code': 200}
2026-05-09 14:06:36.046 9 INFO neutron.wsgi [req-00887d0b-6f5a-48b9-9769-c7a08f8c6568 req-ce4ba34b-c0b3-4d7f-a749-6e460f6ea8ff 7481447b76464c98b47dd0b892cbe325 9f463f90f4f04e52a229975edc824e3f - - 55ab48c9f52240d1b556d00c1ae2d508 55ab48c9f52240d1b556d00c1ae2d508] 199.204.45.240 "GET /v2.0/networks/99a3ec72-7c72-4747-b5f0-edcc1af2b06f?fields=provider%3Aphysical_network&fields=provider%3Anetwork_type HTTP/1.1" status: 200 len: 277 time: 0.0668659
2026-05-09 14:06:36.121 10 INFO neutron.wsgi [req-f2fe421a-4d18-4acd-a0b5-15a4ac06239c req-97218c8a-4eb7-4dfd-b6bd-3de6a6b280f2 9cc12ac33e42490ba95b359e25a76728 ee6843b5d0d949d88f2c7009fdc3cc32 - - default default] 10.0.0.117 "GET /v2.0/ports?device_id=fc159167-e1ba-4bc2-846e-5ee38c8d9698 HTTP/1.1" status: 200 len: 1174 time: 0.0465746
2026-05-09 14:06:36.164 10 INFO neutron.wsgi [req-f2fe421a-4d18-4acd-a0b5-15a4ac06239c req-55233bf4-80e4-45f0-adeb-f62766341e78 9cc12ac33e42490ba95b359e25a76728 ee6843b5d0d949d88f2c7009fdc3cc32 - - default default] 10.0.0.117 "GET /v2.0/security-groups?id=a800ce5f-6b71-489f-b9e4-d515e98c2a2e&fields=id&fields=name HTTP/1.1" status: 200 len: 313 time: 0.0368135
2026-05-09 14:06:36.225 10 INFO neutron.db.ovn_revision_numbers_db [None req-69427717-af26-4687-9a49-940a29f799c4 - - - - - -] Successfully bumped revision number for resource cfe7eca7-0f43-4810-918f-10a65c0d7162 (type: ports) to 4 /var/lib/openstack/lib/python3.10/site-packages/pycadf/identifier.py:71: UserWarning: Invalid uuid: neutron. To ensure interoperability, identifiers should be a valid uuid. warnings.warn(('Invalid uuid: %s. To ensure interoperability, '
2026-05-09 14:06:37.267 10 INFO neutron.wsgi [req-69ad6f40-a7e3-4e36-a456-7ff5c2d12b7f req-446b28cf-d71b-45d0-acf3-ee126228b3be 9cc12ac33e42490ba95b359e25a76728 ee6843b5d0d949d88f2c7009fdc3cc32 - - default default] 10.0.0.117 "GET /v2.0/ports?device_id=fc159167-e1ba-4bc2-846e-5ee38c8d9698 HTTP/1.1" status: 200 len: 1174 time: 0.0434315
2026-05-09 14:06:37.314 10 INFO neutron.wsgi [req-69ad6f40-a7e3-4e36-a456-7ff5c2d12b7f req-59c7e8b6-91a5-44b4-8755-070f8c1f551d 9cc12ac33e42490ba95b359e25a76728 ee6843b5d0d949d88f2c7009fdc3cc32 - - default default] 10.0.0.117 "GET /v2.0/security-groups?id=a800ce5f-6b71-489f-b9e4-d515e98c2a2e&fields=id&fields=name HTTP/1.1" status: 200 len: 313 time: 0.0408642
2026-05-09 14:06:37.420 10 INFO neutron.wsgi [req-08d7ddcc-6549-46ea-a427-6488e315dfb2 req-13703388-7cad-4bcb-ae48-3552b617ac09 9cc12ac33e42490ba95b359e25a76728 ee6843b5d0d949d88f2c7009fdc3cc32 - - default default] 10.0.0.117 "GET /v2.0/ports?device_id=fc159167-e1ba-4bc2-846e-5ee38c8d9698 HTTP/1.1" status: 200 len: 1174 time: 0.0462782
2026-05-09 14:06:37.469 10 INFO neutron.wsgi [req-08d7ddcc-6549-46ea-a427-6488e315dfb2 req-031fad28-81ad-4e21-ae35-5662dcecf0b0 9cc12ac33e42490ba95b359e25a76728 ee6843b5d0d949d88f2c7009fdc3cc32 - - default default] 10.0.0.117 "GET /v2.0/security-groups?id=a800ce5f-6b71-489f-b9e4-d515e98c2a2e&fields=id&fields=name HTTP/1.1" status: 200 len: 313 time: 0.0427136
2026-05-09 14:06:37.576 10 INFO neutron.wsgi [None req-dbd0f4a1-a94c-4a2f-8dba-3e58a98f6a33 7a07d8ec8be5455ca7fb410723cd761f 25a9b553393945bea47848867a123f0b - - default default] 10.0.0.184 "GET /v2.0/ports?device_id=fc159167-e1ba-4bc2-846e-5ee38c8d9698 HTTP/1.1" status: 200 len: 1408 time: 0.0796053
2026-05-09 14:06:37.586 10 WARNING neutron_lib.context [None req-96a3d975-c365-4e87-8da4-32f6fc126970 9cc12ac33e42490ba95b359e25a76728 ee6843b5d0d949d88f2c7009fdc3cc32 - - default default] Method 'is_advsvc' is deprecated since 2023.2 release (neutron-lib 3.8.0) and will be removed once support for the old RBAC API policies will be removed from Neutron. Please use method 'is_service_role' instead.
2026-05-09 14:06:37.814 10 WARNING neutron_lib.context [None req-5e951692-dcdb-43d0-80e6-3a2026c3b4c2 e85c0e84de8d4ba69f48a49f53ba7868 8d1c2998f4ca48ceacc70974d44d8e86 - - default default] Method 'is_advsvc' is deprecated since 2023.2 release (neutron-lib 3.8.0) and will be removed once support for the old RBAC API policies will be removed from Neutron. Please use method 'is_service_role' instead.
2026-05-09 14:06:37.895 10 WARNING neutron.scheduler.dhcp_agent_scheduler [None req-96a3d975-c365-4e87-8da4-32f6fc126970 9cc12ac33e42490ba95b359e25a76728 ee6843b5d0d949d88f2c7009fdc3cc32 - - default default] No more DHCP agents
2026-05-09 14:06:37.898 10 WARNING neutron.api.rpc.agentnotifiers.dhcp_rpc_agent_api [None req-96a3d975-c365-4e87-8da4-32f6fc126970 9cc12ac33e42490ba95b359e25a76728 ee6843b5d0d949d88f2c7009fdc3cc32 - - default default] Unable to schedule network f7910759-c9cf-4aaf-a551-e509a0e2d158: no agents available; will retry on subsequent port and subnet creation events.
2026-05-09 14:06:37.997 10 INFO neutron.db.ovn_revision_numbers_db [None req-5e951692-dcdb-43d0-80e6-3a2026c3b4c2 e85c0e84de8d4ba69f48a49f53ba7868 8d1c2998f4ca48ceacc70974d44d8e86 - - default default] Successfully bumped revision number for resource 350e54e9-8192-48bc-b775-80880c70cf2b (type: security_groups) to 1
2026-05-09 14:06:38.026 10 INFO neutron.db.ovn_revision_numbers_db [None req-5e951692-dcdb-43d0-80e6-3a2026c3b4c2 e85c0e84de8d4ba69f48a49f53ba7868 8d1c2998f4ca48ceacc70974d44d8e86 - - default default] Successfully bumped revision number for resource 2918ef58-39d7-4205-aa7c-ed5093c7d26d (type: security_group_rules) to 0
2026-05-09 14:06:38.056 9 INFO neutron.db.ovn_revision_numbers_db [None req-49d9080a-36d0-4d73-8ee0-5e4921e1d924 753280bc916d47ae887db1fab82e6bd2 eee0c6a25d6a4e0380da27db6e0b54a5 - - default default] Successfully bumped revision number for resource 304b0e56-f1fb-4571-a7cf-18a14e7fba20 (type: security_groups) to 1
2026-05-09 14:06:38.056 10 INFO neutron.notifiers.nova [-] Nova event matching ['req-93930521-c101-4879-b0d6-3ddf5fe1c100'] response: {'server_uuid': 'fc159167-e1ba-4bc2-846e-5ee38c8d9698', 'name': 'network-vif-plugged', 'status': 'completed', 'tag': 'cfe7eca7-0f43-4810-918f-10a65c0d7162', 'code': 200}
2026-05-09 14:06:38.068 10 INFO neutron.db.ovn_revision_numbers_db [None req-5e951692-dcdb-43d0-80e6-3a2026c3b4c2 e85c0e84de8d4ba69f48a49f53ba7868 8d1c2998f4ca48ceacc70974d44d8e86 - - default default] Successfully bumped revision number for resource 39ec54e2-0595-4763-9fa7-ccac8a8b58cb (type: security_group_rules) to 0
2026-05-09 14:06:38.071 9 INFO neutron.db.ovn_revision_numbers_db [None req-49d9080a-36d0-4d73-8ee0-5e4921e1d924 753280bc916d47ae887db1fab82e6bd2 eee0c6a25d6a4e0380da27db6e0b54a5 - - default default] Successfully bumped revision number for resource 4353f4ea-357b-4602-914e-9264fa5e77aa (type: security_group_rules) to 0
2026-05-09 14:06:38.086 9 INFO neutron.db.ovn_revision_numbers_db [None req-49d9080a-36d0-4d73-8ee0-5e4921e1d924 753280bc916d47ae887db1fab82e6bd2 eee0c6a25d6a4e0380da27db6e0b54a5 - - default default] Successfully bumped revision number for resource 8e33e521-d790-4c9c-a2c8-d9c60c98899b (type: security_group_rules) to 0
2026-05-09 14:06:38.104 9 INFO neutron.db.ovn_revision_numbers_db [None req-49d9080a-36d0-4d73-8ee0-5e4921e1d924 753280bc916d47ae887db1fab82e6bd2 eee0c6a25d6a4e0380da27db6e0b54a5 - - default default] Successfully bumped revision number for resource c74fbb79-da15-447b-b341-10361f9da59a (type: security_group_rules) to 0
2026-05-09 14:06:38.118 9 INFO neutron.db.ovn_revision_numbers_db [None req-49d9080a-36d0-4d73-8ee0-5e4921e1d924 753280bc916d47ae887db1fab82e6bd2 eee0c6a25d6a4e0380da27db6e0b54a5 - - default default] Successfully bumped revision number for resource f29aed3c-cf56-4958-9ae9-ac33cba9e00f (type: security_group_rules) to 0
2026-05-09 14:06:38.133 10 INFO neutron.db.ovn_revision_numbers_db [None req-5e951692-dcdb-43d0-80e6-3a2026c3b4c2 e85c0e84de8d4ba69f48a49f53ba7868 8d1c2998f4ca48ceacc70974d44d8e86 - - default default] Successfully bumped revision number for resource 88ea6b69-c12b-4756-800a-1e139c27d5a0 (type: security_group_rules) to 0
2026-05-09 14:06:38.137 9 INFO neutron.wsgi [None req-49d9080a-36d0-4d73-8ee0-5e4921e1d924 753280bc916d47ae887db1fab82e6bd2 eee0c6a25d6a4e0380da27db6e0b54a5 - - default default] 10.0.0.184 "GET /v2.0/security-groups?tenant_id=6c852c1bb2564b8dada2aa8a90579678&name=default HTTP/1.1" status: 200 len: 3120 time: 0.2498543
2026-05-09 14:06:38.191 10 INFO neutron.db.ovn_revision_numbers_db [None req-5e951692-dcdb-43d0-80e6-3a2026c3b4c2 e85c0e84de8d4ba69f48a49f53ba7868 8d1c2998f4ca48ceacc70974d44d8e86 - - default default] Successfully bumped revision number for resource 8cbe703f-05ca-472c-8397-cdd89e9c53a4 (type: security_group_rules) to 0
2026-05-09 14:06:38.262 10 INFO neutron.db.segments_db [None req-5e951692-dcdb-43d0-80e6-3a2026c3b4c2 e85c0e84de8d4ba69f48a49f53ba7868 8d1c2998f4ca48ceacc70974d44d8e86 - - default default] Added segment 8df21346-7d2d-4118-87d5-08f99819ee53 of type geneve for network e1720fa3-7a05-4c45-bf55-ff1968be263a
2026-05-09 14:06:38.514 10 INFO neutron.db.ovn_revision_numbers_db [None req-5e951692-dcdb-43d0-80e6-3a2026c3b4c2 e85c0e84de8d4ba69f48a49f53ba7868 8d1c2998f4ca48ceacc70974d44d8e86 - - default default] Successfully bumped revision number for resource e1720fa3-7a05-4c45-bf55-ff1968be263a (type: networks) to 1
2026-05-09 14:06:38.651 10 INFO neutron.wsgi [None req-719d59b2-8d5b-4898-ace3-1c2fb10011b9 753280bc916d47ae887db1fab82e6bd2 eee0c6a25d6a4e0380da27db6e0b54a5 - - default default] 10.0.0.184 "DELETE /v2.0/security-groups/304b0e56-f1fb-4571-a7cf-18a14e7fba20 HTTP/1.1" status: 204 len: 168 time: 0.5008461
2026-05-09 14:06:38.791 10 WARNING neutron.scheduler.dhcp_agent_scheduler [None req-5e951692-dcdb-43d0-80e6-3a2026c3b4c2 e85c0e84de8d4ba69f48a49f53ba7868 8d1c2998f4ca48ceacc70974d44d8e86 - - default default] No more DHCP agents
2026-05-09 14:06:38.796 10 WARNING neutron.api.rpc.agentnotifiers.dhcp_rpc_agent_api [None req-5e951692-dcdb-43d0-80e6-3a2026c3b4c2 e85c0e84de8d4ba69f48a49f53ba7868 8d1c2998f4ca48ceacc70974d44d8e86 - - default default] Unable to schedule network e1720fa3-7a05-4c45-bf55-ff1968be263a: no agents available; will retry on subsequent port and subnet creation events.
2026-05-09 14:06:38.913 10 INFO neutron.db.ovn_revision_numbers_db [None req-5e951692-dcdb-43d0-80e6-3a2026c3b4c2 e85c0e84de8d4ba69f48a49f53ba7868 8d1c2998f4ca48ceacc70974d44d8e86 - - default default] Successfully bumped revision number for resource ae6f5d9e-ba64-496e-9e7b-847a23343302 (type: ports) to 1
2026-05-09 14:06:38.941 10 INFO neutron.wsgi [None req-5e951692-dcdb-43d0-80e6-3a2026c3b4c2 e85c0e84de8d4ba69f48a49f53ba7868 8d1c2998f4ca48ceacc70974d44d8e86 - - default default] 10.0.0.184 "POST /v2.0/networks HTTP/1.1" status: 201 len: 831 time: 1.2759266
2026-05-09 14:06:38.958 9 WARNING neutron_lib.context [None req-227686ba-083b-4861-b723-2dd7e4a52819 e85c0e84de8d4ba69f48a49f53ba7868 8d1c2998f4ca48ceacc70974d44d8e86 - - default default] Method 'is_advsvc' is deprecated since 2023.2 release (neutron-lib 3.8.0) and will be removed once support for the old RBAC API policies will be removed from Neutron. Please use method 'is_service_role' instead.
2026-05-09 14:06:39.032 9 WARNING neutron_lib.context [None req-49c634cc-2a35-4529-8d63-ee7fac044db8 39203007cd584e3a84bc8e67eabe33aa 53569ec4240a4667a860389933bc48d1 - - default default] Method 'is_advsvc' is deprecated since 2023.2 release (neutron-lib 3.8.0) and will be removed once support for the old RBAC API policies will be removed from Neutron. Please use method 'is_service_role' instead.
2026-05-09 14:06:39.052 10 INFO neutron.db.ovn_revision_numbers_db [None req-96a3d975-c365-4e87-8da4-32f6fc126970 9cc12ac33e42490ba95b359e25a76728 ee6843b5d0d949d88f2c7009fdc3cc32 - - default default] Successfully bumped revision number for resource 53ea3984-89be-46ae-abc6-f92b12e9f027 (type: floatingips) to -1
2026-05-09 14:06:39.066 9 INFO neutron.db.segments_db [None req-227686ba-083b-4861-b723-2dd7e4a52819 e85c0e84de8d4ba69f48a49f53ba7868 8d1c2998f4ca48ceacc70974d44d8e86 - - default default] Added segment 4c13edce-26ac-4f83-bd86-cd22b8c5f4af of type geneve for network b50276e9-8add-4a85-a5cf-f7a77b3f463a
2026-05-09 14:06:39.192 10 INFO neutron.db.ovn_revision_numbers_db [None req-96a3d975-c365-4e87-8da4-32f6fc126970 9cc12ac33e42490ba95b359e25a76728 ee6843b5d0d949d88f2c7009fdc3cc32 - - default default] Successfully bumped revision number for resource 53ea3984-89be-46ae-abc6-f92b12e9f027 (type: floatingips) to 1
2026-05-09 14:06:39.192 10 INFO neutron.db.l3_db [None req-96a3d975-c365-4e87-8da4-32f6fc126970 9cc12ac33e42490ba95b359e25a76728 ee6843b5d0d949d88f2c7009fdc3cc32 - - default default] Floating IP 53ea3984-89be-46ae-abc6-f92b12e9f027 associated. External IP: 10.96.250.203, port: cfe7eca7-0f43-4810-918f-10a65c0d7162.
2026-05-09 14:06:39.237 10 INFO neutron.wsgi [None req-96a3d975-c365-4e87-8da4-32f6fc126970 9cc12ac33e42490ba95b359e25a76728 ee6843b5d0d949d88f2c7009fdc3cc32 - - default default] 10.0.0.184 "POST /v2.0/floatingips HTTP/1.1" status: 201 len: 1055 time: 1.6549206 /var/lib/openstack/lib/python3.10/site-packages/pycadf/identifier.py:71: UserWarning: Invalid uuid: neutron. To ensure interoperability, identifiers should be a valid uuid. warnings.warn(('Invalid uuid: %s. To ensure interoperability, '
2026-05-09 14:06:39.297 9 INFO neutron.db.ovn_revision_numbers_db [None req-227686ba-083b-4861-b723-2dd7e4a52819 e85c0e84de8d4ba69f48a49f53ba7868 8d1c2998f4ca48ceacc70974d44d8e86 - - default default] Successfully bumped revision number for resource b50276e9-8add-4a85-a5cf-f7a77b3f463a (type: networks) to 1
2026-05-09 14:06:39.313 9 INFO neutron.db.ovn_revision_numbers_db [None req-49c634cc-2a35-4529-8d63-ee7fac044db8 39203007cd584e3a84bc8e67eabe33aa 53569ec4240a4667a860389933bc48d1 - - default default] Successfully bumped revision number for resource 3e5bae20-aa0b-4ca8-a07d-6cd73ea62a96 (type: security_groups) to 1
2026-05-09 14:06:39.333 9 INFO neutron.db.ovn_revision_numbers_db [None req-49c634cc-2a35-4529-8d63-ee7fac044db8 39203007cd584e3a84bc8e67eabe33aa 53569ec4240a4667a860389933bc48d1 - - default default] Successfully bumped revision number for resource 68776491-b4aa-458e-8f88-0bb3fb43c97d (type: security_group_rules) to 0
2026-05-09 14:06:39.338 10 INFO neutron.wsgi [None req-81cb515f-e146-4db2-97c6-406b5a9547b0 9cc12ac33e42490ba95b359e25a76728 ee6843b5d0d949d88f2c7009fdc3cc32 - - default default] 10.0.0.184 "GET /v2.0/floatingips/53ea3984-89be-46ae-abc6-f92b12e9f027 HTTP/1.1" status: 200 len: 1052 time: 0.0926156
2026-05-09 14:06:39.357 9 INFO neutron.db.ovn_revision_numbers_db [None req-49c634cc-2a35-4529-8d63-ee7fac044db8 39203007cd584e3a84bc8e67eabe33aa 53569ec4240a4667a860389933bc48d1 - - default default] Successfully bumped revision number for resource 9732ab70-0a54-4fc7-ba2d-8ce0cea0ef4d (type: security_group_rules) to 0
2026-05-09 14:06:39.389 9 INFO neutron.db.ovn_revision_numbers_db [None req-49c634cc-2a35-4529-8d63-ee7fac044db8 39203007cd584e3a84bc8e67eabe33aa 53569ec4240a4667a860389933bc48d1 - - default default] Successfully bumped revision number for resource c7813044-721c-4f68-a03d-670e514987da (type: security_group_rules) to 0
2026-05-09 14:06:39.412 9 INFO neutron.db.ovn_revision_numbers_db [None req-49c634cc-2a35-4529-8d63-ee7fac044db8 39203007cd584e3a84bc8e67eabe33aa 53569ec4240a4667a860389933bc48d1 - - default default] Successfully bumped revision number for resource fd3667e0-d97c-4b4b-8c0b-f327c445c03d (type: security_group_rules) to 0
2026-05-09 14:06:39.476 9 INFO neutron.db.segments_db [None req-49c634cc-2a35-4529-8d63-ee7fac044db8 39203007cd584e3a84bc8e67eabe33aa 53569ec4240a4667a860389933bc48d1 - - default default] Added segment e941b956-57d6-425a-aaa6-71a0d7196dab of type geneve for network f02bdb59-f024-4dbf-8ab0-6b235a8756a2
2026-05-09 14:06:39.554 9 WARNING neutron.scheduler.dhcp_agent_scheduler [None req-227686ba-083b-4861-b723-2dd7e4a52819 e85c0e84de8d4ba69f48a49f53ba7868 8d1c2998f4ca48ceacc70974d44d8e86 - - default default] No more DHCP agents
2026-05-09 14:06:39.558 9 WARNING neutron.api.rpc.agentnotifiers.dhcp_rpc_agent_api [None req-227686ba-083b-4861-b723-2dd7e4a52819 e85c0e84de8d4ba69f48a49f53ba7868 8d1c2998f4ca48ceacc70974d44d8e86 - - default default] Unable to schedule network b50276e9-8add-4a85-a5cf-f7a77b3f463a: no agents available; will retry on subsequent port and subnet creation events.
2026-05-09 14:06:39.661 9 INFO neutron.db.ovn_revision_numbers_db [None req-49c634cc-2a35-4529-8d63-ee7fac044db8 39203007cd584e3a84bc8e67eabe33aa 53569ec4240a4667a860389933bc48d1 - - default default] Successfully bumped revision number for resource f02bdb59-f024-4dbf-8ab0-6b235a8756a2 (type: networks) to 1
2026-05-09 14:06:39.679 9 INFO neutron.db.ovn_revision_numbers_db [None req-227686ba-083b-4861-b723-2dd7e4a52819 e85c0e84de8d4ba69f48a49f53ba7868 8d1c2998f4ca48ceacc70974d44d8e86 - - default default] Successfully bumped revision number for resource 7fbb86c3-cb53-4a85-a368-917df2f452fb (type: ports) to 1
2026-05-09 14:06:39.710 9 INFO neutron.wsgi [None req-227686ba-083b-4861-b723-2dd7e4a52819 e85c0e84de8d4ba69f48a49f53ba7868 8d1c2998f4ca48ceacc70974d44d8e86 - - default default] 10.0.0.184 "POST /v2.0/networks HTTP/1.1" status: 201 len: 830 time: 0.7602744
2026-05-09 14:06:39.844 9 WARNING neutron.scheduler.dhcp_agent_scheduler [None req-49c634cc-2a35-4529-8d63-ee7fac044db8 39203007cd584e3a84bc8e67eabe33aa 53569ec4240a4667a860389933bc48d1 - - default default] No more DHCP agents
2026-05-09 14:06:39.846 9 WARNING neutron.api.rpc.agentnotifiers.dhcp_rpc_agent_api [None req-49c634cc-2a35-4529-8d63-ee7fac044db8 39203007cd584e3a84bc8e67eabe33aa 53569ec4240a4667a860389933bc48d1 - - default default] Unable to schedule network f02bdb59-f024-4dbf-8ab0-6b235a8756a2: no agents available; will retry on subsequent port and subnet creation events.
2026-05-09 14:06:39.926 9 INFO neutron.db.ovn_revision_numbers_db [None req-49c634cc-2a35-4529-8d63-ee7fac044db8 39203007cd584e3a84bc8e67eabe33aa 53569ec4240a4667a860389933bc48d1 - - default default] Successfully bumped revision number for resource 4e23a745-e896-44a5-b4a1-19f7c385b3f9 (type: ports) to 1
2026-05-09 14:06:39.955 9 INFO neutron.wsgi [None req-49c634cc-2a35-4529-8d63-ee7fac044db8 39203007cd584e3a84bc8e67eabe33aa 53569ec4240a4667a860389933bc48d1 - - default default] 10.0.0.184 "POST /v2.0/networks HTTP/1.1" status: 201 len: 830 time: 1.1037931
2026-05-09 14:06:39.967 9 WARNING neutron_lib.context [None req-991cd906-5ed4-4ca9-a0f1-3e8a3008f0f3 39203007cd584e3a84bc8e67eabe33aa 53569ec4240a4667a860389933bc48d1 - - default default] Method 'is_advsvc' is deprecated since 2023.2 release (neutron-lib 3.8.0) and will be removed once support for the old RBAC API policies will be removed from Neutron. Please use method 'is_service_role' instead.
2026-05-09 14:06:40.069 10 INFO neutron.wsgi [None req-10381a06-e93b-448b-81ee-68b27c643964 e85c0e84de8d4ba69f48a49f53ba7868 8d1c2998f4ca48ceacc70974d44d8e86 - - default default] 10.0.0.184 "PUT /v2.0/networks/e1720fa3-7a05-4c45-bf55-ff1968be263a/tags HTTP/1.1" status: 200 len: 218 time: 0.3536034
2026-05-09 14:06:40.102 10 INFO neutron.notifiers.nova [-] Nova event matching ['req-9005e1d2-f92c-445d-81a9-19fc02b060ae'] response: {'name': 'network-changed', 'server_uuid': 'fc159167-e1ba-4bc2-846e-5ee38c8d9698', 'tag': 'cfe7eca7-0f43-4810-918f-10a65c0d7162', 'status': 'completed', 'code': 200}
2026-05-09 14:06:40.114 10 INFO neutron.wsgi [None req-08b3e3f2-7cdb-4d16-ae7d-919be77b0d45 e85c0e84de8d4ba69f48a49f53ba7868 8d1c2998f4ca48ceacc70974d44d8e86 - - default default] 10.0.0.184 "GET /v2.0/networks/e1720fa3-7a05-4c45-bf55-ff1968be263a/tags HTTP/1.1" status: 200 len: 218 time: 0.0405238
2026-05-09 14:06:40.168 10 INFO neutron.wsgi [None req-11c21b73-b825-4295-9f21-b42b52c9444e e85c0e84de8d4ba69f48a49f53ba7868 8d1c2998f4ca48ceacc70974d44d8e86 - - default default] 10.0.0.184 "PUT /v2.0/networks/b50276e9-8add-4a85-a5cf-f7a77b3f463a/tags HTTP/1.1" status: 200 len: 210 time: 0.0488129
2026-05-09 14:06:40.215 10 INFO neutron.wsgi [None req-14424faf-ee41-4f2f-90d2-24d38a66ed94 e85c0e84de8d4ba69f48a49f53ba7868 8d1c2998f4ca48ceacc70974d44d8e86 - - default default] 10.0.0.184 "GET /v2.0/networks/b50276e9-8add-4a85-a5cf-f7a77b3f463a/tags HTTP/1.1" status: 200 len: 210 time: 0.0413597
2026-05-09 14:06:40.271 10 INFO neutron.wsgi [None req-3cf4b9cf-45da-4b8b-aeb1-8f15b731098d e85c0e84de8d4ba69f48a49f53ba7868 8d1c2998f4ca48ceacc70974d44d8e86 - - default default] 10.0.0.184 "PUT /v2.0/networks/b50276e9-8add-4a85-a5cf-f7a77b3f463a/tags HTTP/1.1" status: 200 len: 205 time: 0.0511968
2026-05-09 14:06:40.322 10 INFO neutron.wsgi [None req-5190b0a0-dc33-48fe-adf8-f33413e45d30 e85c0e84de8d4ba69f48a49f53ba7868 8d1c2998f4ca48ceacc70974d44d8e86 - - default default] 10.0.0.184 "GET /v2.0/networks/b50276e9-8add-4a85-a5cf-f7a77b3f463a/tags HTTP/1.1" status: 200 len: 205 time: 0.0460508
2026-05-09 14:06:40.348 9 INFO neutron.wsgi [req-d59c699d-f291-4944-88d8-f9146ebe6d7f req-2885ce79-9b3c-4e15-8274-526b1e1f7dec 7481447b76464c98b47dd0b892cbe325 9f463f90f4f04e52a229975edc824e3f - - 55ab48c9f52240d1b556d00c1ae2d508 55ab48c9f52240d1b556d00c1ae2d508] 199.204.45.240 "GET /v2.0/ports?tenant_id=ee6843b5d0d949d88f2c7009fdc3cc32&device_id=fc159167-e1ba-4bc2-846e-5ee38c8d9698 HTTP/1.1" status: 200 len: 1413 time: 0.2309158
2026-05-09 14:06:40.368 10 INFO neutron.wsgi [None req-0961f0f6-127c-4c6f-adc0-b85994c67382 e85c0e84de8d4ba69f48a49f53ba7868 8d1c2998f4ca48ceacc70974d44d8e86 - - default default] 10.0.0.184 "GET /v2.0/networks/e1720fa3-7a05-4c45-bf55-ff1968be263a/tags HTTP/1.1" status: 200 len: 218 time: 0.0407627
2026-05-09 14:06:40.398 9 WARNING neutron.scheduler.dhcp_agent_scheduler [None req-991cd906-5ed4-4ca9-a0f1-3e8a3008f0f3 39203007cd584e3a84bc8e67eabe33aa 53569ec4240a4667a860389933bc48d1 - - default default] No more DHCP agents
2026-05-09 14:06:40.403 9 WARNING neutron.api.rpc.agentnotifiers.dhcp_rpc_agent_api [None req-991cd906-5ed4-4ca9-a0f1-3e8a3008f0f3 39203007cd584e3a84bc8e67eabe33aa 53569ec4240a4667a860389933bc48d1 - - default default] Unable to schedule network f02bdb59-f024-4dbf-8ab0-6b235a8756a2: no agents available; will retry on subsequent port and subnet creation events.
2026-05-09 14:06:40.438 9 INFO neutron.wsgi [req-d59c699d-f291-4944-88d8-f9146ebe6d7f req-127fb4a6-5b88-442c-ac5d-28270dcb7ece 7481447b76464c98b47dd0b892cbe325 9f463f90f4f04e52a229975edc824e3f - - 55ab48c9f52240d1b556d00c1ae2d508 55ab48c9f52240d1b556d00c1ae2d508] 199.204.45.240 "GET /v2.0/networks?id=99a3ec72-7c72-4747-b5f0-edcc1af2b06f HTTP/1.1" status: 200 len: 959 time: 0.0826797
2026-05-09 14:06:40.507 9 INFO neutron.wsgi [req-d59c699d-f291-4944-88d8-f9146ebe6d7f req-e27438cb-1e05-45c1-b02c-ffbe97a1cb91 7481447b76464c98b47dd0b892cbe325 9f463f90f4f04e52a229975edc824e3f - - 55ab48c9f52240d1b556d00c1ae2d508 55ab48c9f52240d1b556d00c1ae2d508] 199.204.45.240 "GET /v2.0/floatingips?fixed_ip_address=10.100.0.12&port_id=cfe7eca7-0f43-4810-918f-10a65c0d7162 HTTP/1.1" status: 200 len: 1060 time: 0.0588665
2026-05-09 14:06:40.563 9 INFO neutron.wsgi [req-d59c699d-f291-4944-88d8-f9146ebe6d7f req-8429d532-e211-451f-b112-24ed0d66e8dd 7481447b76464c98b47dd0b892cbe325 9f463f90f4f04e52a229975edc824e3f - - 55ab48c9f52240d1b556d00c1ae2d508 55ab48c9f52240d1b556d00c1ae2d508] 199.204.45.240 "GET /v2.0/subnets?id=938faa2c-1a4c-435b-af3c-e6982b7bffd0 HTTP/1.1" status: 200 len: 853 time: 0.0442977
2026-05-09 14:06:40.591 9 INFO neutron.wsgi [req-d59c699d-f291-4944-88d8-f9146ebe6d7f req-91bdccb2-ada8-41d1-93d7-88e13830f076 7481447b76464c98b47dd0b892cbe325 9f463f90f4f04e52a229975edc824e3f - - 55ab48c9f52240d1b556d00c1ae2d508 55ab48c9f52240d1b556d00c1ae2d508] 199.204.45.240 "GET /v2.0/ports?network_id=99a3ec72-7c72-4747-b5f0-edcc1af2b06f&device_owner=network%3Adhcp HTTP/1.1" status: 200 len: 210 time: 0.0234942
2026-05-09 14:06:40.675 9 INFO neutron.wsgi [req-d59c699d-f291-4944-88d8-f9146ebe6d7f req-eb1f01b3-842d-426b-982d-8e7be8148dcf 7481447b76464c98b47dd0b892cbe325 9f463f90f4f04e52a229975edc824e3f - - 55ab48c9f52240d1b556d00c1ae2d508 55ab48c9f52240d1b556d00c1ae2d508] 199.204.45.240 "GET /v2.0/networks/99a3ec72-7c72-4747-b5f0-edcc1af2b06f?fields=segments HTTP/1.1" status: 200 len: 212 time: 0.0756121
2026-05-09 14:06:40.751 9 INFO neutron.wsgi [req-d59c699d-f291-4944-88d8-f9146ebe6d7f req-ad31ed54-c51b-415b-8a84-12b7f47d5bff 7481447b76464c98b47dd0b892cbe325 9f463f90f4f04e52a229975edc824e3f - - 55ab48c9f52240d1b556d00c1ae2d508 55ab48c9f52240d1b556d00c1ae2d508] 199.204.45.240 "GET /v2.0/networks/99a3ec72-7c72-4747-b5f0-edcc1af2b06f?fields=provider%3Aphysical_network&fields=provider%3Anetwork_type HTTP/1.1" status: 200 len: 277 time: 0.0674028
2026-05-09 14:06:40.795 10 INFO neutron.services.segments.plugin [-] Segment 8df21346-7d2d-4118-87d5-08f99819ee53 resource provider aggregate not found
2026-05-09 14:06:40.801 10 INFO neutron.services.segments.plugin [-] Segment 8df21346-7d2d-4118-87d5-08f99819ee53 resource provider aggregate not found
2026-05-09 14:06:40.815 10 INFO neutron.services.segments.plugin [-] Segment 8df21346-7d2d-4118-87d5-08f99819ee53 resource provider not found; error: Placement Client Error (4xx): {"errors": [{"status": 404, "title": "Not Found", "detail": "The resource could not be found.\n\n No resource provider with uuid 8df21346-7d2d-4118-87d5-08f99819ee53 found for delete ", "request_id": "req-f0e09e0f-6b66-4900-aa93-dbcb9a85d79e"}]}
2026-05-09 14:06:40.816 10 INFO neutron.services.segments.plugin [-] Segment 8df21346-7d2d-4118-87d5-08f99819ee53 resource provider not found; error: Placement Client Error (4xx): {"errors": [{"status": 404, "title": "Not Found", "detail": "The resource could not be found.\n\n No resource provider with uuid 8df21346-7d2d-4118-87d5-08f99819ee53 found for delete ", "request_id": "req-b101b172-a549-435f-ad9c-d033ff619e14"}]}
2026-05-09 14:06:40.839 10 INFO neutron.wsgi [None req-eec53dce-99ef-46ca-beee-88c0392e2653 e85c0e84de8d4ba69f48a49f53ba7868 8d1c2998f4ca48ceacc70974d44d8e86 - - default default] 10.0.0.184 "DELETE /v2.0/networks/e1720fa3-7a05-4c45-bf55-ff1968be263a HTTP/1.1" status: 204 len: 168 time: 0.4555483
2026-05-09 14:06:41.018 9 INFO neutron.db.ovn_revision_numbers_db [None req-991cd906-5ed4-4ca9-a0f1-3e8a3008f0f3 39203007cd584e3a84bc8e67eabe33aa 53569ec4240a4667a860389933bc48d1 - - default default] Successfully bumped revision number for resource 4e23a745-e896-44a5-b4a1-19f7c385b3f9 (type: ports) to 2
2026-05-09 14:06:41.062 9 INFO neutron.db.ovn_revision_numbers_db [None req-991cd906-5ed4-4ca9-a0f1-3e8a3008f0f3 39203007cd584e3a84bc8e67eabe33aa 53569ec4240a4667a860389933bc48d1 - - default default] Successfully bumped revision number for resource e88c62eb-099f-421a-a62e-19b5d9b04264 (type: subnets) to 0
2026-05-09 14:06:41.075 9 INFO neutron.wsgi [None req-991cd906-5ed4-4ca9-a0f1-3e8a3008f0f3 39203007cd584e3a84bc8e67eabe33aa 53569ec4240a4667a860389933bc48d1 - - default default] 10.0.0.184 "POST /v2.0/subnets HTTP/1.1" status: 201 len: 801 time: 1.1121063
2026-05-09 14:06:41.084 9 WARNING neutron_lib.context [None req-433cbd8e-afc6-41b8-9b90-86abf2c2cafc 39203007cd584e3a84bc8e67eabe33aa 53569ec4240a4667a860389933bc48d1 - - default default] Method 'is_advsvc' is deprecated since 2023.2 release (neutron-lib 3.8.0) and will be removed once support for the old RBAC API policies will be removed from Neutron. Please use method 'is_service_role' instead.
2026-05-09 14:06:41.175 9 INFO neutron.db.segments_db [None req-433cbd8e-afc6-41b8-9b90-86abf2c2cafc 39203007cd584e3a84bc8e67eabe33aa 53569ec4240a4667a860389933bc48d1 - - default default] Added segment 3c9d8144-e7ea-4ce4-b140-47bac8a3711f of type geneve for network b3bbf0a3-5e88-45b0-bc6f-fb608cb20696
2026-05-09 14:06:41.281 9 INFO neutron.services.segments.plugin [-] Segment 4c13edce-26ac-4f83-bd86-cd22b8c5f4af resource provider aggregate not found
2026-05-09 14:06:41.286 9 INFO neutron.services.segments.plugin [-] Segment 4c13edce-26ac-4f83-bd86-cd22b8c5f4af resource provider aggregate not found
2026-05-09 14:06:41.299 9 INFO neutron.services.segments.plugin [-] Segment 4c13edce-26ac-4f83-bd86-cd22b8c5f4af resource provider not found; error: Placement Client Error (4xx): {"errors": [{"status": 404, "title": "Not Found", "detail": "The resource could not be found.\n\n No resource provider with uuid 4c13edce-26ac-4f83-bd86-cd22b8c5f4af found for delete ", "request_id": "req-ee509686-2426-4236-8f80-2c79c80fb37b"}]}
2026-05-09 14:06:41.307 9 INFO neutron.services.segments.plugin [-] Segment 4c13edce-26ac-4f83-bd86-cd22b8c5f4af resource provider not found; error: Placement Client Error (4xx): {"errors": [{"status": 404, "title": "Not Found", "detail": "The resource could not be found.\n\n No resource provider with uuid 4c13edce-26ac-4f83-bd86-cd22b8c5f4af found for delete ", "request_id": "req-44d9e6e5-0274-4c0e-8ef1-06cb11a488b5"}]}
2026-05-09 14:06:41.335 9 INFO neutron.wsgi [None req-6ed9f850-4686-44f7-ad48-bf2f355a7986 e85c0e84de8d4ba69f48a49f53ba7868 8d1c2998f4ca48ceacc70974d44d8e86 - - default default] 10.0.0.184 "DELETE /v2.0/networks/b50276e9-8add-4a85-a5cf-f7a77b3f463a HTTP/1.1" status: 204 len: 168 time: 0.4898777
2026-05-09 14:06:41.353 9 INFO neutron.db.ovn_revision_numbers_db [None req-433cbd8e-afc6-41b8-9b90-86abf2c2cafc 39203007cd584e3a84bc8e67eabe33aa 53569ec4240a4667a860389933bc48d1 - - default default] Successfully bumped revision number for resource b3bbf0a3-5e88-45b0-bc6f-fb608cb20696 (type: networks) to 1
2026-05-09 14:06:41.542 9 WARNING neutron.scheduler.dhcp_agent_scheduler [None req-433cbd8e-afc6-41b8-9b90-86abf2c2cafc 39203007cd584e3a84bc8e67eabe33aa 53569ec4240a4667a860389933bc48d1 - - default default] No more DHCP agents
2026-05-09 14:06:41.544 9 WARNING neutron.api.rpc.agentnotifiers.dhcp_rpc_agent_api [None req-433cbd8e-afc6-41b8-9b90-86abf2c2cafc 39203007cd584e3a84bc8e67eabe33aa 53569ec4240a4667a860389933bc48d1 - - default default] Unable to schedule network b3bbf0a3-5e88-45b0-bc6f-fb608cb20696: no agents available; will retry on subsequent port and subnet creation events.
2026-05-09 14:06:41.624 9 INFO neutron.db.ovn_revision_numbers_db [None req-433cbd8e-afc6-41b8-9b90-86abf2c2cafc 39203007cd584e3a84bc8e67eabe33aa 53569ec4240a4667a860389933bc48d1 - - default default] Successfully bumped revision number for resource 5dfdcc0f-8c65-447c-8124-3ccb87cf0ec4 (type: ports) to 1
2026-05-09 14:06:41.648 9 INFO neutron.wsgi [None req-433cbd8e-afc6-41b8-9b90-86abf2c2cafc 39203007cd584e3a84bc8e67eabe33aa 53569ec4240a4667a860389933bc48d1 - - default default] 10.0.0.184 "POST /v2.0/networks HTTP/1.1" status: 201 len: 831 time: 0.5681469
2026-05-09 14:06:41.665 10 WARNING neutron_lib.context [None req-052acc67-7dc0-45c5-a78c-d2a30c12a67f 39203007cd584e3a84bc8e67eabe33aa 53569ec4240a4667a860389933bc48d1 - - default default] Method 'is_advsvc' is deprecated since 2023.2 release (neutron-lib 3.8.0) and will be removed once support for the old RBAC API policies will be removed from Neutron. Please use method 'is_service_role' instead.
2026-05-09 14:06:41.923 10 WARNING neutron.scheduler.dhcp_agent_scheduler [None req-052acc67-7dc0-45c5-a78c-d2a30c12a67f 39203007cd584e3a84bc8e67eabe33aa 53569ec4240a4667a860389933bc48d1 - - default default] No more DHCP agents
2026-05-09 14:06:41.926 10 WARNING neutron.api.rpc.agentnotifiers.dhcp_rpc_agent_api [None req-052acc67-7dc0-45c5-a78c-d2a30c12a67f 39203007cd584e3a84bc8e67eabe33aa 53569ec4240a4667a860389933bc48d1 - - default default] Unable to schedule network b3bbf0a3-5e88-45b0-bc6f-fb608cb20696: no agents available; will retry on subsequent port and subnet creation events.
2026-05-09 14:06:42.027 9 WARNING neutron_lib.context [None req-404fae38-b929-416b-acd8-ebc4f60f2404 e5746d5eb3de421bb2325ce943276227 c2b62e236bd24d68926c4025cec2db6c - - default default] Method 'is_advsvc' is deprecated since 2023.2 release (neutron-lib 3.8.0) and will be removed once support for the old RBAC API policies will be removed from Neutron. Please use method 'is_service_role' instead.
2026-05-09 14:06:42.100 10 INFO neutron.wsgi [None req-1f518476-47c7-41fc-bcc6-14ddbb969cf0 753280bc916d47ae887db1fab82e6bd2 eee0c6a25d6a4e0380da27db6e0b54a5 - - default default] 10.0.0.184 "GET /v2.0/security-groups?tenant_id=8d1c2998f4ca48ceacc70974d44d8e86&name=default HTTP/1.1" status: 200 len: 3120 time: 0.0917537
2026-05-09 14:06:42.313 9 WARNING neutron.scheduler.dhcp_agent_scheduler [None req-404fae38-b929-416b-acd8-ebc4f60f2404 e5746d5eb3de421bb2325ce943276227 c2b62e236bd24d68926c4025cec2db6c - - default default] No more DHCP agents
2026-05-09 14:06:42.314 9 WARNING neutron.api.rpc.agentnotifiers.dhcp_rpc_agent_api [None req-404fae38-b929-416b-acd8-ebc4f60f2404 e5746d5eb3de421bb2325ce943276227 c2b62e236bd24d68926c4025cec2db6c - - default default] Unable to schedule network f7910759-c9cf-4aaf-a551-e509a0e2d158: no agents available; will retry on subsequent port and subnet creation events.
2026-05-09 14:06:42.397 10 INFO neutron.wsgi [None req-9bd7fea3-2032-49e5-a7df-a6a248ac41a2 753280bc916d47ae887db1fab82e6bd2 eee0c6a25d6a4e0380da27db6e0b54a5 - - default default] 10.0.0.184 "DELETE /v2.0/security-groups/350e54e9-8192-48bc-b775-80880c70cf2b HTTP/1.1" status: 204 len: 168 time: 0.2920940
2026-05-09 14:06:42.510 10 INFO neutron.db.ovn_revision_numbers_db [None req-052acc67-7dc0-45c5-a78c-d2a30c12a67f 39203007cd584e3a84bc8e67eabe33aa 53569ec4240a4667a860389933bc48d1 - - default default] Successfully bumped revision number for resource 5dfdcc0f-8c65-447c-8124-3ccb87cf0ec4 (type: ports) to 2
2026-05-09 14:06:42.555 10 INFO neutron.db.ovn_revision_numbers_db [None req-052acc67-7dc0-45c5-a78c-d2a30c12a67f 39203007cd584e3a84bc8e67eabe33aa 53569ec4240a4667a860389933bc48d1 - - default default] Successfully bumped revision number for resource 037d3843-d5a1-48e9-88e5-3fbe8102bf29 (type: subnets) to 0
2026-05-09 14:06:42.569 10 INFO neutron.wsgi [None req-052acc67-7dc0-45c5-a78c-d2a30c12a67f 39203007cd584e3a84bc8e67eabe33aa 53569ec4240a4667a860389933bc48d1 - - default default] 10.0.0.184 "POST /v2.0/subnets HTTP/1.1" status: 201 len: 804 time: 0.9081767
2026-05-09 14:06:42.583 10 WARNING neutron_lib.context [None req-b6c0e543-9421-4ad6-94f6-b0722877bf1d 39203007cd584e3a84bc8e67eabe33aa 53569ec4240a4667a860389933bc48d1 - - default default] Method 'is_advsvc' is deprecated since 2023.2 release (neutron-lib 3.8.0) and will be removed once support for the old RBAC API policies will be removed from Neutron. Please use method 'is_service_role' instead.
2026-05-09 14:06:42.671 10 INFO neutron.db.segments_db [None req-b6c0e543-9421-4ad6-94f6-b0722877bf1d 39203007cd584e3a84bc8e67eabe33aa 53569ec4240a4667a860389933bc48d1 - - default default] Added segment c4666c86-e237-441d-bc70-2dffc9f82830 of type geneve for network 50138a62-563c-4fc4-8c4f-59d869b06207
2026-05-09 14:06:42.702 9 INFO neutron.wsgi [None req-404fae38-b929-416b-acd8-ebc4f60f2404 e5746d5eb3de421bb2325ce943276227 c2b62e236bd24d68926c4025cec2db6c - - default default] 10.0.0.184 "POST /v2.0/floatingips HTTP/1.1" status: 201 len: 751 time: 0.8562925
