2026-05-09 14:04:49.497 9 ERROR ovsdbapp.backend.ovs_idl.command record = self.api.lookup(self.table, self.record)
2026-05-09 14:04:49.497 9 ERROR ovsdbapp.backend.ovs_idl.command
File "/var/lib/openstack/lib/python3.10/site-packages/ovsdbapp/backend/ovs_idl/__init__.py", line 184, in lookup
2026-05-09 14:04:49.497 9 ERROR ovsdbapp.backend.ovs_idl.command return self._lookup(table, record)
2026-05-09 14:04:49.497 9 ERROR ovsdbapp.backend.ovs_idl.command
File "/var/lib/openstack/lib/python3.10/site-packages/ovsdbapp/backend/ovs_idl/__init__.py", line 235, in _lookup
2026-05-09 14:04:49.497 9 ERROR ovsdbapp.backend.ovs_idl.command row = idlutils.row_by_value(self, rl.table, rl.column, record)
2026-05-09 14:04:49.497 9 ERROR ovsdbapp.backend.ovs_idl.command
File "/var/lib/openstack/lib/python3.10/site-packages/ovsdbapp/backend/ovs_idl/idlutils.py", line 114, in row_by_value
2026-05-09 14:04:49.497 9 ERROR ovsdbapp.backend.ovs_idl.command raise RowNotFound(table=table, col=column, match=match)
2026-05-09 14:04:49.497 9 ERROR ovsdbapp.backend.ovs_idl.command ovsdbapp.backend.ovs_idl.idlutils.RowNotFound: Cannot find Logical_Router_Port with name=lrp-90c36518-c8f7-43c4-ae5b-55df767dcdb3
2026-05-09 14:04:49.497 9 ERROR ovsdbapp.backend.ovs_idl.command 
2026-05-09 14:04:49.497 9 ERROR neutron_lib.callbacks.manager [None req-dd59b4a7-e831-422b-afac-96d6f33f73a5 c3b9a77d1ed64fbfb5db052ac30ebf3c c0626fd3503a4e2f8ccff31424f1c54f - - default default] Error during notification for neutron.services.ovn_l3.plugin.OVNL3RouterPlugin._port_update-8766159168212 port, after_update: ovsdbapp.backend.ovs_idl.idlutils.RowNotFound: Cannot find Logical_Router_Port with name=lrp-90c36518-c8f7-43c4-ae5b-55df767dcdb3
2026-05-09 14:04:49.497 9 ERROR neutron_lib.callbacks.manager
Traceback (most recent call last):
2026-05-09 14:04:49.497 9 ERROR neutron_lib.callbacks.manager
File "/var/lib/openstack/lib/python3.10/site-packages/neutron_lib/callbacks/manager.py", line 189, in _notify_loop
2026-05-09 14:04:49.497 9 ERROR neutron_lib.callbacks.manager callback.method(resource, event, trigger, payload=payload)
2026-05-09 14:04:49.497 9 ERROR neutron_lib.callbacks.manager
File "/var/lib/openstack/lib/python3.10/site-packages/neutron/services/ovn_l3/plugin.py", line 391, in _port_update
2026-05-09 14:04:49.497 9 ERROR neutron_lib.callbacks.manager l3plugin._ovn_client.update_router_port(context,
2026-05-09 14:04:49.497 9 ERROR neutron_lib.callbacks.manager
File "/var/lib/openstack/lib/python3.10/site-packages/neutron/plugins/ml2/drivers/ovn/mech_driver/ovsdb/ovn_client.py", line 1878, in update_router_port
2026-05-09 14:04:49.497 9 ERROR neutron_lib.callbacks.manager self._update_lrouter_port(context, port, if_exists=if_exists,
2026-05-09 14:04:49.497 9 ERROR neutron_lib.callbacks.manager
File "/var/lib/openstack/lib/python3.10/site-packages/neutron/plugins/ml2/drivers/ovn/mech_driver/ovsdb/ovn_client.py", line 1855, in _update_lrouter_port
2026-05-09 14:04:49.497 9 ERROR neutron_lib.callbacks.manager external_ids = self._nb_idl.db_get(
2026-05-09 14:04:49.497 9 ERROR neutron_lib.callbacks.manager
File "/var/lib/openstack/lib/python3.10/site-packages/ovsdbapp/backend/ovs_idl/command.py", line 47, in execute
2026-05-09 14:04:49.497 9 ERROR neutron_lib.callbacks.manager self.run_idl(None)
2026-05-09 14:04:49.497 9 ERROR neutron_lib.callbacks.manager
File "/var/lib/openstack/lib/python3.10/site-packages/ovsdbapp/backend/ovs_idl/command.py", line 235, in run_idl
2026-05-09 14:04:49.497 9 ERROR neutron_lib.callbacks.manager record = self.api.lookup(self.table, self.record)
2026-05-09 14:04:49.497 9 ERROR neutron_lib.callbacks.manager
File "/var/lib/openstack/lib/python3.10/site-packages/ovsdbapp/backend/ovs_idl/__init__.py", line 184, in lookup
2026-05-09 14:04:49.497 9 ERROR neutron_lib.callbacks.manager return self._lookup(table, record)
2026-05-09 14:04:49.497 9 ERROR neutron_lib.callbacks.manager
File "/var/lib/openstack/lib/python3.10/site-packages/ovsdbapp/backend/ovs_idl/__init__.py", line 235, in _lookup
2026-05-09 14:04:49.497 9 ERROR neutron_lib.callbacks.manager row = idlutils.row_by_value(self, rl.table, rl.column, record)
2026-05-09 14:04:49.497 9 ERROR neutron_lib.callbacks.manager
File "/var/lib/openstack/lib/python3.10/site-packages/ovsdbapp/backend/ovs_idl/idlutils.py", line 114, in row_by_value
2026-05-09 14:04:49.497 9 ERROR neutron_lib.callbacks.manager raise RowNotFound(table=table, col=column, match=match)
2026-05-09 14:04:49.497 9 ERROR neutron_lib.callbacks.manager ovsdbapp.backend.ovs_idl.idlutils.RowNotFound: Cannot find Logical_Router_Port with name=lrp-90c36518-c8f7-43c4-ae5b-55df767dcdb3
2026-05-09 14:04:49.497 9 ERROR neutron_lib.callbacks.manager 
2026-05-09 14:04:49.689 9 INFO neutron.plugins.ml2.drivers.ovn.mech_driver.mech_driver [None req-2b62d2f3-948b-40ce-92b0-cd56d01da0a3 - - - - - -] OVN reports status up for port: 90c36518-c8f7-43c4-ae5b-55df767dcdb3
2026-05-09 14:04:49.703 9 INFO neutron.plugins.ml2.plugin [None req-2b62d2f3-948b-40ce-92b0-cd56d01da0a3 - - - - - -] Attempt 1 to provision port 90c36518-c8f7-43c4-ae5b-55df767dcdb3
2026-05-09 14:04:49.732 9 INFO neutron.db.ovn_revision_numbers_db [None req-dd59b4a7-e831-422b-afac-96d6f33f73a5 c3b9a77d1ed64fbfb5db052ac30ebf3c c0626fd3503a4e2f8ccff31424f1c54f - - default default] Successfully bumped revision number for resource 90c36518-c8f7-43c4-ae5b-55df767dcdb3 (type: ports) to 1
2026-05-09 14:04:49.871 9 WARNING neutron.scheduler.dhcp_agent_scheduler [None req-dd59b4a7-e831-422b-afac-96d6f33f73a5 c3b9a77d1ed64fbfb5db052ac30ebf3c c0626fd3503a4e2f8ccff31424f1c54f - - default default] No more DHCP agents
2026-05-09 14:04:49.875 9 WARNING neutron.api.rpc.agentnotifiers.dhcp_rpc_agent_api [None req-dd59b4a7-e831-422b-afac-96d6f33f73a5 c3b9a77d1ed64fbfb5db052ac30ebf3c c0626fd3503a4e2f8ccff31424f1c54f - - default default] Unable to schedule network dc42f8ce-16ca-4b0a-b901-743a5161e4d5: no agents available; will retry on subsequent port and subnet creation events.
2026-05-09 14:04:49.887 9 INFO neutron.wsgi [-] 10.0.0.12 "GET / HTTP/1.1" status: 200 len: 246 time: 0.0014770
2026-05-09 14:04:49.889 9 INFO neutron.wsgi [-] 10.0.0.12 "GET / HTTP/1.1" status: 200 len: 246 time: 0.0009482
2026-05-09 14:04:50.127 9 INFO neutron.db.ovn_revision_numbers_db [None req-dd59b4a7-e831-422b-afac-96d6f33f73a5 c3b9a77d1ed64fbfb5db052ac30ebf3c c0626fd3503a4e2f8ccff31424f1c54f - - default default] Successfully bumped revision number for resource 90c36518-c8f7-43c4-ae5b-55df767dcdb3 (type: router_ports) to 1
2026-05-09 14:04:50.132 9 INFO neutron.wsgi [None req-dd59b4a7-e831-422b-afac-96d6f33f73a5 c3b9a77d1ed64fbfb5db052ac30ebf3c c0626fd3503a4e2f8ccff31424f1c54f - - default default] 10.0.0.184 "PUT /v2.0/routers/7dafb87b-e88d-4210-ac45-df96f2a73cd2/add_router_interface HTTP/1.1" status: 200 len: 503 time: 2.2230115
2026-05-09 14:04:50.262 9 INFO neutron.db.ovn_revision_numbers_db [None req-2b62d2f3-948b-40ce-92b0-cd56d01da0a3 - - - - - -] Successfully bumped revision number for resource 90c36518-c8f7-43c4-ae5b-55df767dcdb3 (type: ports) to 2
2026-05-09 14:04:50.262 10 INFO neutron.wsgi [None req-f793fb55-58bf-425f-aa37-1a9b3e97b8d6 c3b9a77d1ed64fbfb5db052ac30ebf3c c0626fd3503a4e2f8ccff31424f1c54f - - default default] 10.0.0.184 "GET /v2.0/ports/90c36518-c8f7-43c4-ae5b-55df767dcdb3 HTTP/1.1" status: 200 len: 1137 time: 0.1251087
2026-05-09 14:04:50.318 10 INFO neutron.wsgi [None req-3795e0ba-7210-4b6a-a855-11dffad97899 c3b9a77d1ed64fbfb5db052ac30ebf3c c0626fd3503a4e2f8ccff31424f1c54f - - default default] 10.0.0.184 "GET /v2.0/ports/90c36518-c8f7-43c4-ae5b-55df767dcdb3 HTTP/1.1" status: 200 len: 1137 time: 0.0484626
2026-05-09 14:04:50.400 9 INFO neutron.db.ovn_revision_numbers_db [None req-2b62d2f3-948b-40ce-92b0-cd56d01da0a3 - - - - - -] Successfully bumped revision number for resource 90c36518-c8f7-43c4-ae5b-55df767dcdb3 (type: router_ports) to 2
2026-05-09 14:04:50.563 10 INFO neutron.wsgi [None req-267fab65-951a-4ad5-b522-f701a250af08 753280bc916d47ae887db1fab82e6bd2 eee0c6a25d6a4e0380da27db6e0b54a5 - - default default] 10.0.0.184 "PUT /v2.0/routers/89f85caf-2481-48d5-8c93-57f8f1ed270a/remove_router_interface HTTP/1.1" status: 200 len: 503 time: 1.3601654 /var/lib/openstack/lib/python3.10/site-packages/pycadf/identifier.py:71: UserWarning: Invalid uuid: neutron. To ensure interoperability, identifiers should be a valid uuid. warnings.warn(('Invalid uuid: %s. To ensure interoperability, '
2026-05-09 14:04:50.770 10 WARNING neutron_lib.context [None req-98756613-3079-4b65-9b43-130343cab1b4 21b76221a7da40318f49a663601d2ce1 d9e9af2dc3cb4905bf738bde861ab6ca - - default default] Method 'is_advsvc' is deprecated since 2023.2 release (neutron-lib 3.8.0) and will be removed once support for the old RBAC API policies will be removed from Neutron. Please use method 'is_service_role' instead.
2026-05-09 14:04:51.001 10 INFO neutron.db.ovn_revision_numbers_db [None req-98756613-3079-4b65-9b43-130343cab1b4 21b76221a7da40318f49a663601d2ce1 d9e9af2dc3cb4905bf738bde861ab6ca - - default default] Successfully bumped revision number for resource 9e0ce415-755a-4588-a7b9-d2717b2d435a (type: security_groups) to 1
2026-05-09 14:04:51.015 10 INFO neutron.db.ovn_revision_numbers_db [None req-98756613-3079-4b65-9b43-130343cab1b4 21b76221a7da40318f49a663601d2ce1 d9e9af2dc3cb4905bf738bde861ab6ca - - default default] Successfully bumped revision number for resource 04c95cf0-470e-4dbc-8ca1-ecdd15ba7db3 (type: security_group_rules) to 0
2026-05-09 14:04:51.264 9 INFO neutron.wsgi [None req-d4d59fc0-a871-4366-b97f-c1defe7a08fb 753280bc916d47ae887db1fab82e6bd2 eee0c6a25d6a4e0380da27db6e0b54a5 - - default default] 10.0.0.197 "GET /v2.0/agents HTTP/1.1" status: 200 len: 1390 time: 0.0841649
2026-05-09 14:04:51.283 10 INFO neutron.db.ovn_revision_numbers_db [None req-98756613-3079-4b65-9b43-130343cab1b4 21b76221a7da40318f49a663601d2ce1 d9e9af2dc3cb4905bf738bde861ab6ca - - default default] Successfully bumped revision number for resource 13c9d7d8-214a-4e48-b461-5a4270ea2f52 (type: security_group_rules) to 0
2026-05-09 14:04:51.287 9 INFO neutron.wsgi [None req-3edcd2ef-878e-4b5c-8f84-01c153488a52 753280bc916d47ae887db1fab82e6bd2 eee0c6a25d6a4e0380da27db6e0b54a5 - - default default] 10.0.0.197 "GET /v2.0/network-ip-availabilities HTTP/1.1" status: 200 len: 3070 time: 0.0218508
2026-05-09 14:04:51.314 10 INFO neutron.db.ovn_revision_numbers_db [None req-98756613-3079-4b65-9b43-130343cab1b4 21b76221a7da40318f49a663601d2ce1 d9e9af2dc3cb4905bf738bde861ab6ca - - default default] Successfully bumped revision number for resource a357703f-a73b-418b-85f4-e383cc4e7b34 (type: security_group_rules) to 0
2026-05-09 14:04:51.340 10 INFO neutron.db.ovn_revision_numbers_db [None req-98756613-3079-4b65-9b43-130343cab1b4 21b76221a7da40318f49a663601d2ce1 d9e9af2dc3cb4905bf738bde861ab6ca - - default default] Successfully bumped revision number for resource be6d815a-a0a9-4bbc-802c-f56d579a4de2 (type: security_group_rules) to 0
2026-05-09 14:04:51.349 9 INFO neutron.wsgi [None req-792ac496-a79f-4d1a-ac99-2f65cf997017 753280bc916d47ae887db1fab82e6bd2 eee0c6a25d6a4e0380da27db6e0b54a5 - - default default] 10.0.0.197 "GET /v2.0/subnets HTTP/1.1" status: 200 len: 3975 time: 0.0596673
2026-05-09 14:04:51.367 9 INFO neutron.wsgi [None req-110b853a-9064-44bf-baf3-903e85d2ea28 753280bc916d47ae887db1fab82e6bd2 eee0c6a25d6a4e0380da27db6e0b54a5 - - default default] 10.0.0.197 "GET /v2.0/subnetpools HTTP/1.1" status: 200 len: 193 time: 0.0147870
2026-05-09 14:04:51.389 10 INFO neutron.wsgi [None req-0628c47f-eea4-40d9-a4f5-becdce07d9b1 c3b9a77d1ed64fbfb5db052ac30ebf3c c0626fd3503a4e2f8ccff31424f1c54f - - default default] 10.0.0.184 "PUT /v2.0/routers/7dafb87b-e88d-4210-ac45-df96f2a73cd2/remove_router_interface HTTP/1.1" status: 200 len: 503 time: 1.0655208
2026-05-09 14:04:51.439 10 INFO neutron.db.segments_db [None req-98756613-3079-4b65-9b43-130343cab1b4 21b76221a7da40318f49a663601d2ce1 d9e9af2dc3cb4905bf738bde861ab6ca - - default default] Added segment 678c7ac8-c6a2-4cd8-863e-b2b0e1b6090c of type geneve for network 07fff10a-3507-49a1-9415-8bc14bcc3e28
2026-05-09 14:04:51.459 10 WARNING neutron.plugins.ml2.drivers.ovn.mech_driver.ovsdb.ovn_client [None req-69427717-af26-4687-9a49-940a29f799c4 - - - - - -] No hosting information found for port ce661c4d-a543-4a72-8b35-360d1e5ca330: RuntimeError: No hosting information found for port ce661c4d-a543-4a72-8b35-360d1e5ca330
2026-05-09 14:04:51.460 10 INFO neutron.plugins.ml2.drivers.ovn.mech_driver.mech_driver [None req-69427717-af26-4687-9a49-940a29f799c4 - - - - - -] OVN reports status down for port: 5d9274de-8897-4ed5-8991-0b2979f32b14
2026-05-09 14:04:51.473 10 INFO neutron.plugins.ml2.drivers.ovn.mech_driver.mech_driver [None req-69427717-af26-4687-9a49-940a29f799c4 - - - - - -] OVN reports status up for port: 018e9c88-0688-4a66-a1dd-0464f0e6fa1f
2026-05-09 14:04:51.479 9 INFO neutron.wsgi [None req-dfaaeced-69b2-45b8-a8e6-4af5aebd5a33 753280bc916d47ae887db1fab82e6bd2 eee0c6a25d6a4e0380da27db6e0b54a5 - - default default] 10.0.0.197 "GET /v2.0/ports HTTP/1.1" status: 200 len: 13777 time: 0.1103845
2026-05-09 14:04:51.483 10 INFO neutron.plugins.ml2.plugin [None req-69427717-af26-4687-9a49-940a29f799c4 - - - - - -] Attempt 1 to provision port 018e9c88-0688-4a66-a1dd-0464f0e6fa1f
2026-05-09 14:04:51.489 9 INFO neutron.wsgi [None req-cc525b02-6e57-4e0c-91a7-9ae3ac4eabd3 c3b9a77d1ed64fbfb5db052ac30ebf3c c0626fd3503a4e2f8ccff31424f1c54f - - default default] 10.0.0.184 "GET /v2.0/ports/018e9c88-0688-4a66-a1dd-0464f0e6fa1f HTTP/1.1" status: 200 len: 1135 time: 0.0929379
2026-05-09 14:04:51.616 9 INFO neutron.wsgi [None req-cd44556f-27f4-4964-af67-763df7d2b8a9 753280bc916d47ae887db1fab82e6bd2 eee0c6a25d6a4e0380da27db6e0b54a5 - - default default] 10.0.0.197 "GET /v2.0/networks HTTP/1.1" status: 200 len: 5362 time: 0.1245852
2026-05-09 14:04:51.640 10 INFO neutron.db.ovn_revision_numbers_db [None req-98756613-3079-4b65-9b43-130343cab1b4 21b76221a7da40318f49a663601d2ce1 d9e9af2dc3cb4905bf738bde861ab6ca - - default default] Successfully bumped revision number for resource 07fff10a-3507-49a1-9415-8bc14bcc3e28 (type: networks) to 1
2026-05-09 14:04:51.712 9 INFO neutron.wsgi [None req-427e12ce-fdd7-46a7-8698-146fc98c056d 753280bc916d47ae887db1fab82e6bd2 eee0c6a25d6a4e0380da27db6e0b54a5 - - default default] 10.0.0.197 "GET /v2.0/security-groups HTTP/1.1" status: 200 len: 32059 time: 0.0936418
2026-05-09 14:04:51.782 9 INFO neutron.wsgi [None req-a38e94c5-a4eb-4216-a5fd-ac66aabca71d 753280bc916d47ae887db1fab82e6bd2 eee0c6a25d6a4e0380da27db6e0b54a5 - - default default] 10.0.0.197 "GET /v2.0/subnets HTTP/1.1" status: 200 len: 3975 time: 0.0576138
2026-05-09 14:04:51.835 9 INFO neutron.wsgi [None req-c9492af2-6c11-4cd7-b597-9f194218c24f 753280bc916d47ae887db1fab82e6bd2 eee0c6a25d6a4e0380da27db6e0b54a5 - - default default] 10.0.0.197 "GET /v2.0/floatingips HTTP/1.1" status: 200 len: 730 time: 0.0421405
2026-05-09 14:04:51.882 10 WARNING neutron.scheduler.dhcp_agent_scheduler [None req-98756613-3079-4b65-9b43-130343cab1b4 21b76221a7da40318f49a663601d2ce1 d9e9af2dc3cb4905bf738bde861ab6ca - - default default] No more DHCP agents
2026-05-09 14:04:51.889 10 WARNING neutron.api.rpc.agentnotifiers.dhcp_rpc_agent_api [None req-98756613-3079-4b65-9b43-130343cab1b4 21b76221a7da40318f49a663601d2ce1 d9e9af2dc3cb4905bf738bde861ab6ca - - default default] Unable to schedule network 07fff10a-3507-49a1-9415-8bc14bcc3e28: no agents available; will retry on subsequent port and subnet creation events.
2026-05-09 14:04:51.903 9 INFO neutron.wsgi [None req-b342e9af-8c9d-456f-bbec-3892f1557e7b 753280bc916d47ae887db1fab82e6bd2 eee0c6a25d6a4e0380da27db6e0b54a5 - - default default] 10.0.0.184 "DELETE /v2.0/routers/89f85caf-2481-48d5-8c93-57f8f1ed270a HTTP/1.1" status: 204 len: 168 time: 1.3359022
2026-05-09 14:04:52.004 10 INFO neutron.db.ovn_revision_numbers_db [None req-98756613-3079-4b65-9b43-130343cab1b4 21b76221a7da40318f49a663601d2ce1 d9e9af2dc3cb4905bf738bde861ab6ca - - default default] Successfully bumped revision number for resource d045244f-7c98-4798-b2f2-26772dfd1a27 (type: ports) to 1
2026-05-09 14:04:52.045 10 INFO neutron.wsgi [None req-98756613-3079-4b65-9b43-130343cab1b4 21b76221a7da40318f49a663601d2ce1 d9e9af2dc3cb4905bf738bde861ab6ca - - default default] 10.0.0.184 "POST /v2.0/networks HTTP/1.1" status: 201 len: 848 time: 1.3921809 /var/lib/openstack/lib/python3.10/site-packages/pycadf/identifier.py:71: UserWarning: Invalid uuid: neutron. To ensure interoperability, identifiers should be a valid uuid. warnings.warn(('Invalid uuid: %s. To ensure interoperability, '
2026-05-09 14:04:52.057 10 WARNING neutron_lib.context [None req-b8ff2fca-8498-4416-8165-202af0482f0e 21b76221a7da40318f49a663601d2ce1 d9e9af2dc3cb4905bf738bde861ab6ca - - default default] Method 'is_advsvc' is deprecated since 2023.2 release (neutron-lib 3.8.0) and will be removed once support for the old RBAC API policies will be removed from Neutron. Please use method 'is_service_role' instead.
2026-05-09 14:04:52.108 10 INFO neutron.db.ovn_revision_numbers_db [None req-69427717-af26-4687-9a49-940a29f799c4 - - - - - -] Successfully bumped revision number for resource 018e9c88-0688-4a66-a1dd-0464f0e6fa1f (type: ports) to 2
2026-05-09 14:04:52.179 9 INFO neutron.wsgi [None req-1dba4475-3c06-42b3-8eaf-f0f656fe7c78 753280bc916d47ae887db1fab82e6bd2 eee0c6a25d6a4e0380da27db6e0b54a5 - - default default] 10.0.0.197 "GET /v2.0/routers HTTP/1.1" status: 200 len: 2382 time: 0.3321733
2026-05-09 14:04:52.198 9 INFO neutron.wsgi [None req-45230ccc-a003-4555-ae56-78f87cfeaf55 753280bc916d47ae887db1fab82e6bd2 eee0c6a25d6a4e0380da27db6e0b54a5 - - default default] 10.0.0.197 "GET /v2.0/agents?binary=ovn-controller HTTP/1.1" status: 200 len: 591 time: 0.0174551
2026-05-09 14:04:52.279 10 INFO neutron.db.ovn_revision_numbers_db [None req-69427717-af26-4687-9a49-940a29f799c4 - - - - - -] Successfully bumped revision number for resource 018e9c88-0688-4a66-a1dd-0464f0e6fa1f (type: router_ports) to 2
2026-05-09 14:04:52.336 9 INFO neutron.wsgi [None req-82c58e57-66b5-4c11-829b-b61078bab918 753280bc916d47ae887db1fab82e6bd2 eee0c6a25d6a4e0380da27db6e0b54a5 - - default default] 10.0.0.184 "DELETE /v2.0/subnets/e5ef6d05-65fc-4741-8298-8c601e915363 HTTP/1.1" status: 204 len: 168 time: 0.4263852
2026-05-09 14:04:52.383 10 WARNING neutron.scheduler.dhcp_agent_scheduler [None req-b8ff2fca-8498-4416-8165-202af0482f0e 21b76221a7da40318f49a663601d2ce1 d9e9af2dc3cb4905bf738bde861ab6ca - - default default] No more DHCP agents
2026-05-09 14:04:52.385 10 WARNING neutron.api.rpc.agentnotifiers.dhcp_rpc_agent_api [None req-b8ff2fca-8498-4416-8165-202af0482f0e 21b76221a7da40318f49a663601d2ce1 d9e9af2dc3cb4905bf738bde861ab6ca - - default default] Unable to schedule network 07fff10a-3507-49a1-9415-8bc14bcc3e28: no agents available; will retry on subsequent port and subnet creation events.
2026-05-09 14:04:52.475 10 INFO neutron.db.ovn_revision_numbers_db [None req-b8ff2fca-8498-4416-8165-202af0482f0e 21b76221a7da40318f49a663601d2ce1 d9e9af2dc3cb4905bf738bde861ab6ca - - default default] Successfully bumped revision number for resource e17f7aab-5180-4244-9cec-3b02c28da34b (type: ports) to 1 /var/lib/openstack/lib/python3.10/site-packages/pycadf/identifier.py:71: UserWarning: Invalid uuid: neutron. To ensure interoperability, identifiers should be a valid uuid. warnings.warn(('Invalid uuid: %s. To ensure interoperability, '
2026-05-09 14:04:52.507 10 INFO neutron.wsgi [None req-b8ff2fca-8498-4416-8165-202af0482f0e 21b76221a7da40318f49a663601d2ce1 d9e9af2dc3cb4905bf738bde861ab6ca - - default default] 10.0.0.184 "POST /v2.0/ports HTTP/1.1" status: 201 len: 978 time: 0.4549472
2026-05-09 14:04:52.520 9 WARNING neutron_lib.context [None req-8eef62e3-866b-4fd9-85bc-d6d8e2f7294e 21b76221a7da40318f49a663601d2ce1 d9e9af2dc3cb4905bf738bde861ab6ca - - default default] Method 'is_advsvc' is deprecated since 2023.2 release (neutron-lib 3.8.0) and will be removed once support for the old RBAC API policies will be removed from Neutron. Please use method 'is_service_role' instead.
2026-05-09 14:04:52.585 10 INFO neutron.wsgi [None req-b40392b2-45c9-44cd-8a51-e004f94f5b39 c3b9a77d1ed64fbfb5db052ac30ebf3c c0626fd3503a4e2f8ccff31424f1c54f - - default default] 10.0.0.184 "GET /v2.0/ports/018e9c88-0688-4a66-a1dd-0464f0e6fa1f HTTP/1.1" status: 200 len: 1137 time: 0.0888302
2026-05-09 14:04:52.660 9 INFO neutron.db.segments_db [None req-8eef62e3-866b-4fd9-85bc-d6d8e2f7294e 21b76221a7da40318f49a663601d2ce1 d9e9af2dc3cb4905bf738bde861ab6ca - - default default] Added segment 1a03d6e4-2e5d-4a99-bcb2-0ff2e5b31326 of type geneve for network 2a78994a-d104-4676-ae77-2cb449fa848a
2026-05-09 14:04:52.943 9 INFO neutron.services.segments.plugin [-] Segment 0f99ed02-2d7a-4d99-a392-ba402477b45f resource provider aggregate not found
2026-05-09 14:04:52.947 9 INFO neutron.services.segments.plugin [-] Segment 0f99ed02-2d7a-4d99-a392-ba402477b45f resource provider aggregate not found
2026-05-09 14:04:52.978 9 INFO neutron.services.segments.plugin [-] Segment 0f99ed02-2d7a-4d99-a392-ba402477b45f resource provider not found; error: Placement Client Error (4xx): {"errors": [{"status": 404, "title": "Not Found", "detail": "The resource could not be found.\n\n No resource provider with uuid 0f99ed02-2d7a-4d99-a392-ba402477b45f found for delete ", "request_id": "req-0cb6124a-c308-42d2-94c4-4d962c6fe9c5"}]}
2026-05-09 14:04:52.980 9 INFO neutron.services.segments.plugin [-] Segment 0f99ed02-2d7a-4d99-a392-ba402477b45f resource provider not found; error: Placement Client Error (4xx): {"errors": [{"status": 404, "title": "Not Found", "detail": "The resource could not be found.\n\n No resource provider with uuid 0f99ed02-2d7a-4d99-a392-ba402477b45f found for delete ", "request_id": "req-a9fd92ce-46c4-431c-aa6e-2e65d6a4aa38"}]}
2026-05-09 14:04:52.988 9 INFO neutron.db.ovn_revision_numbers_db [None req-8eef62e3-866b-4fd9-85bc-d6d8e2f7294e 21b76221a7da40318f49a663601d2ce1 d9e9af2dc3cb4905bf738bde861ab6ca - - default default] Successfully bumped revision number for resource 2a78994a-d104-4676-ae77-2cb449fa848a (type: networks) to 1
2026-05-09 14:04:53.028 9 INFO neutron.wsgi [None req-e439de5a-b4ec-4581-953a-8d8a23168201 753280bc916d47ae887db1fab82e6bd2 eee0c6a25d6a4e0380da27db6e0b54a5 - - default default] 10.0.0.184 "DELETE /v2.0/networks/64b7a497-77fc-4fdc-948f-12af28f46630 HTTP/1.1" status: 204 len: 168 time: 0.6856127
2026-05-09 14:04:53.186 10 INFO neutron.wsgi [None req-68ce355f-de54-4b68-9810-ec5752175e41 753280bc916d47ae887db1fab82e6bd2 eee0c6a25d6a4e0380da27db6e0b54a5 - - default default] 10.0.0.184 "GET /v2.0/security-groups?tenant_id=010dea3c2467440ba7da0b14a94e5ca2&name=default HTTP/1.1" status: 200 len: 3120 time: 0.0493548
2026-05-09 14:04:53.224 9 WARNING neutron.scheduler.dhcp_agent_scheduler [None req-8eef62e3-866b-4fd9-85bc-d6d8e2f7294e 21b76221a7da40318f49a663601d2ce1 d9e9af2dc3cb4905bf738bde861ab6ca - - default default] No more DHCP agents
2026-05-09 14:04:53.236 9 WARNING neutron.api.rpc.agentnotifiers.dhcp_rpc_agent_api [None req-8eef62e3-866b-4fd9-85bc-d6d8e2f7294e 21b76221a7da40318f49a663601d2ce1 d9e9af2dc3cb4905bf738bde861ab6ca - - default default] Unable to schedule network 2a78994a-d104-4676-ae77-2cb449fa848a: no agents available; will retry on subsequent port and subnet creation events.
2026-05-09 14:04:53.367 9 INFO neutron.db.ovn_revision_numbers_db [None req-8eef62e3-866b-4fd9-85bc-d6d8e2f7294e 21b76221a7da40318f49a663601d2ce1 d9e9af2dc3cb4905bf738bde861ab6ca - - default default] Successfully bumped revision number for resource a68dbc98-55fb-4376-94e5-e318677a7c16 (type: ports) to 1
2026-05-09 14:04:53.414 9 INFO neutron.wsgi [None req-8eef62e3-866b-4fd9-85bc-d6d8e2f7294e 21b76221a7da40318f49a663601d2ce1 d9e9af2dc3cb4905bf738bde861ab6ca - - default default] 10.0.0.184 "POST /v2.0/networks HTTP/1.1" status: 201 len: 835 time: 0.9003403
2026-05-09 14:04:53.426 9 WARNING neutron_lib.context [None req-15b94838-c2b5-454d-b9a7-68353eb85fe4 21b76221a7da40318f49a663601d2ce1 d9e9af2dc3cb4905bf738bde861ab6ca - - default default] Method 'is_advsvc' is deprecated since 2023.2 release (neutron-lib 3.8.0) and will be removed once support for the old RBAC API policies will be removed from Neutron. Please use method 'is_service_role' instead.
2026-05-09 14:04:53.436 10 INFO neutron.wsgi [None req-1f4e5b47-25d0-4a22-930c-51e410423c54 753280bc916d47ae887db1fab82e6bd2 eee0c6a25d6a4e0380da27db6e0b54a5 - - default default] 10.0.0.184 "DELETE /v2.0/security-groups/4d92aa0b-3b20-45d1-b04d-04bdb24ae5fc HTTP/1.1" status: 204 len: 168 time: 0.2475748
2026-05-09 14:04:53.458 10 INFO neutron.wsgi [req-42bb75f0-d996-4e1c-9671-970b634871f0 req-f0149947-b661-4578-9da0-826c01cc78b0 d9e8c8005a88478089a29e5f5cc2c616 f63b80c6ced446a6a8ff2a0f7287b0ab - - default default] 10.0.0.117 "GET /v2.0/security-groups?name=tempest-securitygroup--784515734&fields=id&tenant_id=f63b80c6ced446a6a8ff2a0f7287b0ab HTTP/1.1" status: 200 len: 267 time: 0.0572572
2026-05-09 14:04:53.533 10 INFO neutron.wsgi [req-42bb75f0-d996-4e1c-9671-970b634871f0 req-7ef1abe3-2431-41fd-b3a5-d170d3701ddd d9e8c8005a88478089a29e5f5cc2c616 f63b80c6ced446a6a8ff2a0f7287b0ab - - default default] 10.0.0.117 "GET /v2.0/networks?id=6310061b-90fb-4dca-a3c5-28f1dcece194 HTTP/1.1" status: 200 len: 879 time: 0.0688174
2026-05-09 14:04:53.549 10 INFO neutron.wsgi [req-42bb75f0-d996-4e1c-9671-970b634871f0 req-cc3c768b-0e59-4e0a-a869-608400472f7d d9e8c8005a88478089a29e5f5cc2c616 f63b80c6ced446a6a8ff2a0f7287b0ab - - default default] 10.0.0.117 "GET /v2.0/quotas/f63b80c6ced446a6a8ff2a0f7287b0ab HTTP/1.1" status: 200 len: 491 time: 0.0102000
2026-05-09 14:04:53.661 10 INFO neutron.wsgi [req-42bb75f0-d996-4e1c-9671-970b634871f0 req-a37db9ea-ef0b-4d9b-9815-72989b19e307 d9e8c8005a88478089a29e5f5cc2c616 f63b80c6ced446a6a8ff2a0f7287b0ab - - default default] 10.0.0.117 "GET /v2.0/ports?tenant_id=f63b80c6ced446a6a8ff2a0f7287b0ab&fields=id HTTP/1.1" status: 200 len: 302 time: 0.1043668
2026-05-09 14:04:53.674 9 INFO neutron.wsgi [None req-bfba72c2-47dd-4608-8813-7be7d496cdcd c3b9a77d1ed64fbfb5db052ac30ebf3c c0626fd3503a4e2f8ccff31424f1c54f - - default default] 10.0.0.184 "PUT /v2.0/routers/7dafb87b-e88d-4210-ac45-df96f2a73cd2/remove_router_interface HTTP/1.1" status: 200 len: 503 time: 1.0817575 /var/lib/openstack/lib/python3.10/site-packages/pycadf/identifier.py:71: UserWarning: Invalid uuid: neutron. To ensure interoperability, identifiers should be a valid uuid. warnings.warn(('Invalid uuid: %s. To ensure interoperability, '
2026-05-09 14:04:53.703 9 INFO neutron.wsgi [None req-b10f9cfa-b76a-477d-930b-3225989713cb c3b9a77d1ed64fbfb5db052ac30ebf3c c0626fd3503a4e2f8ccff31424f1c54f - - default default] 10.0.0.184 "GET /v2.0/ports?device_id=7dafb87b-e88d-4210-ac45-df96f2a73cd2 HTTP/1.1" status: 200 len: 205 time: 0.0252993
2026-05-09 14:04:53.727 10 INFO neutron.wsgi [req-42bb75f0-d996-4e1c-9671-970b634871f0 req-1fda271e-1b5a-459b-9ba9-6a61577baa08 7481447b76464c98b47dd0b892cbe325 9f463f90f4f04e52a229975edc824e3f - - 55ab48c9f52240d1b556d00c1ae2d508 55ab48c9f52240d1b556d00c1ae2d508] 10.0.0.117 "GET /v2.0/networks/6310061b-90fb-4dca-a3c5-28f1dcece194?fields=segments HTTP/1.1" status: 200 len: 212 time: 0.0545619
2026-05-09 14:04:53.792 10 INFO neutron.wsgi [req-42bb75f0-d996-4e1c-9671-970b634871f0 req-c3ce0084-4667-4d5b-8288-13ddf256535c 7481447b76464c98b47dd0b892cbe325 9f463f90f4f04e52a229975edc824e3f - - 55ab48c9f52240d1b556d00c1ae2d508 55ab48c9f52240d1b556d00c1ae2d508] 10.0.0.117 "GET /v2.0/networks/6310061b-90fb-4dca-a3c5-28f1dcece194?fields=provider%3Aphysical_network&fields=provider%3Anetwork_type HTTP/1.1" status: 200 len: 277 time: 0.0570395
2026-05-09 14:04:53.874 9 WARNING neutron.scheduler.dhcp_agent_scheduler [None req-15b94838-c2b5-454d-b9a7-68353eb85fe4 21b76221a7da40318f49a663601d2ce1 d9e9af2dc3cb4905bf738bde861ab6ca - - default default] No more DHCP agents
2026-05-09 14:04:53.887 9 WARNING neutron.api.rpc.agentnotifiers.dhcp_rpc_agent_api [None req-15b94838-c2b5-454d-b9a7-68353eb85fe4 21b76221a7da40318f49a663601d2ce1 d9e9af2dc3cb4905bf738bde861ab6ca - - default default] Unable to schedule network 2a78994a-d104-4676-ae77-2cb449fa848a: no agents available; will retry on subsequent port and subnet creation events.
2026-05-09 14:04:53.952 9 INFO neutron.db.ovn_revision_numbers_db [None req-15b94838-c2b5-454d-b9a7-68353eb85fe4 21b76221a7da40318f49a663601d2ce1 d9e9af2dc3cb4905bf738bde861ab6ca - - default default] Successfully bumped revision number for resource f8befd65-67c3-4d4a-846d-9b06db1bd9d1 (type: subnets) to 0
2026-05-09 14:04:53.969 9 INFO neutron.wsgi [None req-15b94838-c2b5-454d-b9a7-68353eb85fe4 21b76221a7da40318f49a663601d2ce1 d9e9af2dc3cb4905bf738bde861ab6ca - - default default] 10.0.0.184 "POST /v2.0/subnets HTTP/1.1" status: 201 len: 821 time: 0.5487349
2026-05-09 14:04:53.974 9 INFO neutron.wsgi [None req-f7ce79a2-1121-49a4-8140-771fc56eef35 c3b9a77d1ed64fbfb5db052ac30ebf3c c0626fd3503a4e2f8ccff31424f1c54f - - default default] 10.0.0.184 "DELETE /v2.0/routers/7dafb87b-e88d-4210-ac45-df96f2a73cd2 HTTP/1.1" status: 204 len: 168 time: 0.2651920
2026-05-09 14:04:53.979 10 WARNING neutron_lib.context [None req-7fd28bd8-4e9b-4ad0-880f-c2e6db5b9409 21b76221a7da40318f49a663601d2ce1 d9e9af2dc3cb4905bf738bde861ab6ca - - default default] Method 'is_advsvc' is deprecated since 2023.2 release (neutron-lib 3.8.0) and will be removed once support for the old RBAC API policies will be removed from Neutron. Please use method 'is_service_role' instead.
2026-05-09 14:04:54.086 10 INFO neutron.wsgi [req-b2c70af0-8c40-449d-9580-b767f347612b req-619322eb-0730-4585-8ee5-4b199978190b d9e8c8005a88478089a29e5f5cc2c616 f63b80c6ced446a6a8ff2a0f7287b0ab - - default default] 10.0.0.117 "GET /v2.0/ports?device_id=2f1f52b4-0f9d-4cf1-b5a4-d05c0b7edfd2 HTTP/1.1" status: 200 len: 210 time: 0.0266540
2026-05-09 14:04:54.221 9 INFO neutron.wsgi [None req-e7787208-338d-446e-b66e-9293bbd73788 c3b9a77d1ed64fbfb5db052ac30ebf3c c0626fd3503a4e2f8ccff31424f1c54f - - default default] 10.0.0.184 "DELETE /v2.0/subnets/c0b1726b-97bd-4f58-bf97-19411c17a4f0 HTTP/1.1" status: 204 len: 168 time: 0.2436652
2026-05-09 14:04:54.368 10 WARNING neutron.scheduler.dhcp_agent_scheduler [None req-7fd28bd8-4e9b-4ad0-880f-c2e6db5b9409 21b76221a7da40318f49a663601d2ce1 d9e9af2dc3cb4905bf738bde861ab6ca - - default default] No more DHCP agents
2026-05-09 14:04:54.373 10 WARNING neutron.api.rpc.agentnotifiers.dhcp_rpc_agent_api [None req-7fd28bd8-4e9b-4ad0-880f-c2e6db5b9409 21b76221a7da40318f49a663601d2ce1 d9e9af2dc3cb4905bf738bde861ab6ca - - default default] Unable to schedule network 2a78994a-d104-4676-ae77-2cb449fa848a: no agents available; will retry on subsequent port and subnet creation events.
2026-05-09 14:04:54.470 9 INFO neutron.wsgi [None req-3a70ad8f-9502-48b2-b0cc-34655dcfc62b c3b9a77d1ed64fbfb5db052ac30ebf3c c0626fd3503a4e2f8ccff31424f1c54f - - default default] 10.0.0.184 "DELETE /v2.0/subnets/3052731f-bce7-4f48-826f-6da9f7ba603f HTTP/1.1" status: 204 len: 168 time: 0.2420456
2026-05-09 14:04:54.485 10 INFO neutron.db.ovn_revision_numbers_db [None req-7fd28bd8-4e9b-4ad0-880f-c2e6db5b9409 21b76221a7da40318f49a663601d2ce1 d9e9af2dc3cb4905bf738bde861ab6ca - - default default] Successfully bumped revision number for resource ac02482e-bc91-4c00-9f7d-fbd22a93f80c (type: ports) to 1
2026-05-09 14:04:54.508 10 INFO neutron.wsgi [None req-7fd28bd8-4e9b-4ad0-880f-c2e6db5b9409 21b76221a7da40318f49a663601d2ce1 d9e9af2dc3cb4905bf738bde861ab6ca - - default default] 10.0.0.184 "POST /v2.0/ports HTTP/1.1" status: 201 len: 1164 time: 0.5351639 /var/lib/openstack/lib/python3.10/site-packages/pycadf/identifier.py:71: UserWarning: Invalid uuid: neutron. To ensure interoperability, identifiers should be a valid uuid. warnings.warn(('Invalid uuid: %s. To ensure interoperability, '
2026-05-09 14:04:54.864 10 INFO neutron.wsgi [None req-d1ac1925-da29-4c7f-b3e7-fd758f961fbe 21b76221a7da40318f49a663601d2ce1 d9e9af2dc3cb4905bf738bde861ab6ca - - default default] 10.0.0.184 "DELETE /v2.0/ports/ac02482e-bc91-4c00-9f7d-fbd22a93f80c HTTP/1.1" status: 204 len: 168 time: 0.3517194
2026-05-09 14:04:54.893 10 INFO neutron.pecan_wsgi.hooks.translation [None req-9c83bff6-3000-49c7-b81b-d8e2373114f5 21b76221a7da40318f49a663601d2ce1 d9e9af2dc3cb4905bf738bde861ab6ca - - default default] DELETE failed (client error): The resource could not be found.
2026-05-09 14:04:54.896 10 INFO neutron.wsgi [None req-9c83bff6-3000-49c7-b81b-d8e2373114f5 21b76221a7da40318f49a663601d2ce1 d9e9af2dc3cb4905bf738bde861ab6ca - - default default] 10.0.0.184 "DELETE /v2.0/ports/ac02482e-bc91-4c00-9f7d-fbd22a93f80c HTTP/1.1" status: 404 len: 333 time: 0.0278409
2026-05-09 14:04:54.923 10 INFO neutron.pecan_wsgi.hooks.translation [None req-1758409f-17fa-4118-82fc-d12021eaecad 21b76221a7da40318f49a663601d2ce1 d9e9af2dc3cb4905bf738bde861ab6ca - - default default] GET failed (client error): The resource could not be found.
2026-05-09 14:04:54.924 10 INFO neutron.wsgi [None req-1758409f-17fa-4118-82fc-d12021eaecad 21b76221a7da40318f49a663601d2ce1 d9e9af2dc3cb4905bf738bde861ab6ca - - default default] 10.0.0.184 "GET /v2.0/ports/ac02482e-bc91-4c00-9f7d-fbd22a93f80c HTTP/1.1" status: 404 len: 333 time: 0.0224559
2026-05-09 14:04:55.097 9 INFO neutron.services.segments.plugin [-] Segment 7050d085-0ea4-48f4-baaf-3b57870480f5 resource provider aggregate not found
2026-05-09 14:04:55.100 9 INFO neutron.services.segments.plugin [-] Segment 7050d085-0ea4-48f4-baaf-3b57870480f5 resource provider aggregate not found
2026-05-09 14:04:55.123 9 INFO neutron.services.segments.plugin [-] Segment 7050d085-0ea4-48f4-baaf-3b57870480f5 resource provider not found; error: Placement Client Error (4xx): {"errors": [{"status": 404, "title": "Not Found", "detail": "The resource could not be found.\n\n No resource provider with uuid 7050d085-0ea4-48f4-baaf-3b57870480f5 found for delete ", "request_id": "req-c7a79cf4-4bf4-4bb2-b6d5-e62da9ded896"}]}
2026-05-09 14:04:55.126 10 INFO neutron.wsgi [None req-44f6f26e-acdb-44f4-a0a7-56c9f66bf5b8 21b76221a7da40318f49a663601d2ce1 d9e9af2dc3cb4905bf738bde861ab6ca - - default default] 10.0.0.184 "DELETE /v2.0/subnets/f8befd65-67c3-4d4a-846d-9b06db1bd9d1 HTTP/1.1" status: 204 len: 168 time: 0.1935992
2026-05-09 14:04:55.127 9 INFO neutron.services.segments.plugin [-] Segment 7050d085-0ea4-48f4-baaf-3b57870480f5 resource provider not found; error: Placement Client Error (4xx): {"errors": [{"status": 404, "title": "Not Found", "detail": "The resource could not be found.\n\n No resource provider with uuid 7050d085-0ea4-48f4-baaf-3b57870480f5 found for delete ", "request_id": "req-7c9354f9-b9ce-415f-ab4f-cb3258233338"}]}
2026-05-09 14:04:55.155 9 INFO neutron.wsgi [None req-4a72d912-ebed-41d6-b200-fb3e1dcd2de1 c3b9a77d1ed64fbfb5db052ac30ebf3c c0626fd3503a4e2f8ccff31424f1c54f - - default default] 10.0.0.184 "DELETE /v2.0/networks/dc42f8ce-16ca-4b0a-b901-743a5161e4d5 HTTP/1.1" status: 204 len: 168 time: 0.6812711
2026-05-09 14:04:55.178 10 INFO neutron.wsgi [req-657f5595-8ba4-4332-b8c9-1458a7f524ea req-82b5da8b-bda2-4719-8e94-fc03a2879b8c d9e8c8005a88478089a29e5f5cc2c616 f63b80c6ced446a6a8ff2a0f7287b0ab - - default default] 10.0.0.117 "GET /v2.0/ports?device_id=2f1f52b4-0f9d-4cf1-b5a4-d05c0b7edfd2 HTTP/1.1" status: 200 len: 210 time: 0.0300074
2026-05-09 14:04:55.183 9 INFO neutron.wsgi [req-42bb75f0-d996-4e1c-9671-970b634871f0 req-b5916973-f897-40f2-9e51-5d790d662acb d9e8c8005a88478089a29e5f5cc2c616 f63b80c6ced446a6a8ff2a0f7287b0ab - - default default] 199.204.45.240 "GET /v2.0/networks?id=6310061b-90fb-4dca-a3c5-28f1dcece194 HTTP/1.1" status: 200 len: 879 time: 0.3649571
2026-05-09 14:04:55.247 9 INFO neutron.wsgi [req-42bb75f0-d996-4e1c-9671-970b634871f0 req-8017928e-08d7-43e5-84cc-52b7365f59e9 d9e8c8005a88478089a29e5f5cc2c616 f63b80c6ced446a6a8ff2a0f7287b0ab - - default default] 199.204.45.240 "GET /v2.0/security-groups?fields=id&fields=name&tenant_id=f63b80c6ced446a6a8ff2a0f7287b0ab HTTP/1.1" status: 200 len: 379 time: 0.0577855
2026-05-09 14:04:55.257 9 WARNING neutron_lib.context [req-42bb75f0-d996-4e1c-9671-970b634871f0 req-de0c87b9-9133-437e-adea-c7c7e07f8cb0 d9e8c8005a88478089a29e5f5cc2c616 f63b80c6ced446a6a8ff2a0f7287b0ab - - default default] Method 'is_advsvc' is deprecated since 2023.2 release (neutron-lib 3.8.0) and will be removed once support for the old RBAC API policies will be removed from Neutron. Please use method 'is_service_role' instead.
2026-05-09 14:04:55.547 10 INFO neutron.services.segments.plugin [-] Segment 701e44c1-92c1-4881-817d-ea7bd13b48d9 resource provider aggregate not found
2026-05-09 14:04:55.552 10 INFO neutron.services.segments.plugin [-] Segment 701e44c1-92c1-4881-817d-ea7bd13b48d9 resource provider aggregate not found
2026-05-09 14:04:55.559 10 INFO neutron.services.segments.plugin [-] Segment 701e44c1-92c1-4881-817d-ea7bd13b48d9 resource provider not found; error: Placement Client Error (4xx): {"errors": [{"status": 404, "title": "Not Found", "detail": "The resource could not be found.\n\n No resource provider with uuid 701e44c1-92c1-4881-817d-ea7bd13b48d9 found for delete ", "request_id": "req-9d946f50-63f3-4ad1-8ed9-6ea99fba41c4"}]}
2026-05-09 14:04:55.565 10 INFO neutron.services.segments.plugin [-] Segment 701e44c1-92c1-4881-817d-ea7bd13b48d9 resource provider not found; error: Placement Client Error (4xx): {"errors": [{"status": 404, "title": "Not Found", "detail": "The resource could not be found.\n\n No resource provider with uuid 701e44c1-92c1-4881-817d-ea7bd13b48d9 found for delete ", "request_id": "req-c66f8d95-e5b1-49d3-bbe0-aab7396dc0ea"}]}
2026-05-09 14:04:55.586 10 INFO neutron.wsgi [None req-6379f926-1375-4d51-9508-2990dea00e4a c3b9a77d1ed64fbfb5db052ac30ebf3c c0626fd3503a4e2f8ccff31424f1c54f - - default default] 10.0.0.184 "DELETE /v2.0/networks/79fd4b20-aacc-47a6-820c-92bf0764c82f HTTP/1.1" status: 204 len: 168 time: 0.4252889
2026-05-09 14:04:55.600 10 WARNING neutron_lib.context [None req-aa06ac75-e8e5-4d48-b608-e24817c2191f c3b9a77d1ed64fbfb5db052ac30ebf3c c0626fd3503a4e2f8ccff31424f1c54f - - default default] Method 'is_advsvc' is deprecated since 2023.2 release (neutron-lib 3.8.0) and will be removed once support for the old RBAC API policies will be removed from Neutron. Please use method 'is_service_role' instead.
2026-05-09 14:04:55.703 9 WARNING neutron.scheduler.dhcp_agent_scheduler [req-42bb75f0-d996-4e1c-9671-970b634871f0 req-de0c87b9-9133-437e-adea-c7c7e07f8cb0 d9e8c8005a88478089a29e5f5cc2c616 f63b80c6ced446a6a8ff2a0f7287b0ab - - default default] No more DHCP agents
2026-05-09 14:04:55.709 9 INFO neutron.wsgi [None req-96957da8-cc30-4484-8158-47028582b9f5 21b76221a7da40318f49a663601d2ce1 d9e9af2dc3cb4905bf738bde861ab6ca - - default default] 10.0.0.184 "DELETE /v2.0/networks/2a78994a-d104-4676-ae77-2cb449fa848a HTTP/1.1" status: 204 len: 168 time: 0.5764132
2026-05-09 14:04:55.711 9 WARNING neutron.api.rpc.agentnotifiers.dhcp_rpc_agent_api [req-42bb75f0-d996-4e1c-9671-970b634871f0 req-de0c87b9-9133-437e-adea-c7c7e07f8cb0 d9e8c8005a88478089a29e5f5cc2c616 f63b80c6ced446a6a8ff2a0f7287b0ab - - default default] Unable to schedule network 6310061b-90fb-4dca-a3c5-28f1dcece194: no agents available; will retry on subsequent port and subnet creation events.
2026-05-09 14:04:55.722 10 WARNING neutron_lib.context [None req-31c80280-9183-4c9c-9dea-b1a51e186aa1 21b76221a7da40318f49a663601d2ce1 d9e9af2dc3cb4905bf738bde861ab6ca - - default default] Method 'is_advsvc' is deprecated since 2023.2 release (neutron-lib 3.8.0) and will be removed once support for the old RBAC API policies will be removed from Neutron. Please use method 'is_service_role' instead.
2026-05-09 14:04:55.733 10 INFO neutron.db.segments_db [None req-aa06ac75-e8e5-4d48-b608-e24817c2191f c3b9a77d1ed64fbfb5db052ac30ebf3c c0626fd3503a4e2f8ccff31424f1c54f - - default default] Added segment 98343d3d-fc3e-4e76-9205-f603a0c14742 of type geneve for network 54a9a580-5863-405b-a01b-418c963ec4b5
2026-05-09 14:04:55.824 10 INFO neutron.db.segments_db [None req-31c80280-9183-4c9c-9dea-b1a51e186aa1 21b76221a7da40318f49a663601d2ce1 d9e9af2dc3cb4905bf738bde861ab6ca - - default default] Added segment 98d5ac7c-d49a-4c02-83dc-bd31d54852c5 of type geneve for network 08ef435b-1fff-4077-8889-9176420857f2
2026-05-09 14:04:55.909 9 INFO neutron.db.ovn_revision_numbers_db [req-42bb75f0-d996-4e1c-9671-970b634871f0 req-de0c87b9-9133-437e-adea-c7c7e07f8cb0 d9e8c8005a88478089a29e5f5cc2c616 f63b80c6ced446a6a8ff2a0f7287b0ab - - default default] Successfully bumped revision number for resource 2495741c-1664-4811-b658-fc913b0b2a78 (type: ports) to 1
2026-05-09 14:04:55.934 10 INFO neutron.db.ovn_revision_numbers_db [None req-aa06ac75-e8e5-4d48-b608-e24817c2191f c3b9a77d1ed64fbfb5db052ac30ebf3c c0626fd3503a4e2f8ccff31424f1c54f - - default default] Successfully bumped revision number for resource 54a9a580-5863-405b-a01b-418c963ec4b5 (type: networks) to 1
2026-05-09 14:04:55.956 9 INFO neutron.wsgi [req-42bb75f0-d996-4e1c-9671-970b634871f0 req-de0c87b9-9133-437e-adea-c7c7e07f8cb0 d9e8c8005a88478089a29e5f5cc2c616 f63b80c6ced446a6a8ff2a0f7287b0ab - - default default] 199.204.45.240 "POST /v2.0/ports HTTP/1.1" status: 201 len: 1162 time: 0.7041357 /var/lib/openstack/lib/python3.10/site-packages/pycadf/identifier.py:71: UserWarning: Invalid uuid: neutron. To ensure interoperability, identifiers should be a valid uuid. warnings.warn(('Invalid uuid: %s. To ensure interoperability, '
2026-05-09 14:04:56.039 10 INFO neutron.db.ovn_revision_numbers_db [None req-31c80280-9183-4c9c-9dea-b1a51e186aa1 21b76221a7da40318f49a663601d2ce1 d9e9af2dc3cb4905bf738bde861ab6ca - - default default] Successfully bumped revision number for resource 08ef435b-1fff-4077-8889-9176420857f2 (type: networks) to 1
2026-05-09 14:04:56.188 9 WARNING neutron.plugins.ml2.drivers.ovn.mech_driver.ovsdb.ovn_client [None req-2b62d2f3-948b-40ce-92b0-cd56d01da0a3 - - - - - -] No port found with ID 90c36518-c8f7-43c4-ae5b-55df767dcdb3: RuntimeError: No port found with ID 90c36518-c8f7-43c4-ae5b-55df767dcdb3
2026-05-09 14:04:56.219 10 WARNING neutron.scheduler.dhcp_agent_scheduler [None req-aa06ac75-e8e5-4d48-b608-e24817c2191f c3b9a77d1ed64fbfb5db052ac30ebf3c c0626fd3503a4e2f8ccff31424f1c54f - - default default] No more DHCP agents
2026-05-09 14:04:56.225 10 WARNING neutron.api.rpc.agentnotifiers.dhcp_rpc_agent_api [None req-aa06ac75-e8e5-4d48-b608-e24817c2191f c3b9a77d1ed64fbfb5db052ac30ebf3c c0626fd3503a4e2f8ccff31424f1c54f - - default default] Unable to schedule network 54a9a580-5863-405b-a01b-418c963ec4b5: no agents available; will retry on subsequent port and subnet creation events.
2026-05-09 14:04:56.478 9 INFO neutron.db.ovn_revision_numbers_db [req-42bb75f0-d996-4e1c-9671-970b634871f0 req-b6fb1694-9461-4f2e-9458-5d3969ea028f 7481447b76464c98b47dd0b892cbe325 9f463f90f4f04e52a229975edc824e3f - - 55ab48c9f52240d1b556d00c1ae2d508 55ab48c9f52240d1b556d00c1ae2d508] Successfully bumped revision number for resource 2495741c-1664-4811-b658-fc913b0b2a78 (type: ports) to 2
2026-05-09 14:04:56.547 10 INFO neutron.wsgi [req-e2095f99-2f29-413e-b1ec-5d79bd9fdb5f req-52fce054-03d1-4773-9a9a-66e572da7fec d9e8c8005a88478089a29e5f5cc2c616 f63b80c6ced446a6a8ff2a0f7287b0ab - - default default] 10.0.0.117 "GET /v2.0/ports?device_id=2f1f52b4-0f9d-4cf1-b5a4-d05c0b7edfd2 HTTP/1.1" status: 200 len: 1160 time: 0.3102179
2026-05-09 14:04:56.551 10 WARNING neutron.scheduler.dhcp_agent_scheduler [None req-31c80280-9183-4c9c-9dea-b1a51e186aa1 21b76221a7da40318f49a663601d2ce1 d9e9af2dc3cb4905bf738bde861ab6ca - - default default] No more DHCP agents
2026-05-09 14:04:56.554 10 WARNING neutron.api.rpc.agentnotifiers.dhcp_rpc_agent_api [None req-31c80280-9183-4c9c-9dea-b1a51e186aa1 21b76221a7da40318f49a663601d2ce1 d9e9af2dc3cb4905bf738bde861ab6ca - - default default] Unable to schedule network 08ef435b-1fff-4077-8889-9176420857f2: no agents available; will retry on subsequent port and subnet creation events.
2026-05-09 14:04:56.649 10 INFO neutron.wsgi [req-e2095f99-2f29-413e-b1ec-5d79bd9fdb5f req-9d200b85-d569-48ab-bf41-7a2d39f85fd4 d9e8c8005a88478089a29e5f5cc2c616 f63b80c6ced446a6a8ff2a0f7287b0ab - - default default] 10.0.0.117 "GET /v2.0/security-groups?id=286a742d-1469-425e-b9f8-d6f50cae22ef&fields=id&fields=name HTTP/1.1" status: 200 len: 312 time: 0.0919583
2026-05-09 14:04:56.671 10 INFO neutron.db.ovn_revision_numbers_db [None req-aa06ac75-e8e5-4d48-b608-e24817c2191f c3b9a77d1ed64fbfb5db052ac30ebf3c c0626fd3503a4e2f8ccff31424f1c54f - - default default] Successfully bumped revision number for resource 2ca08e77-fb5d-4f1d-a5b8-c99ad9410bdc (type: ports) to 1
2026-05-09 14:04:56.696 10 INFO neutron.wsgi [None req-aa06ac75-e8e5-4d48-b608-e24817c2191f c3b9a77d1ed64fbfb5db052ac30ebf3c c0626fd3503a4e2f8ccff31424f1c54f - - default default] 10.0.0.184 "POST /v2.0/networks HTTP/1.1" status: 201 len: 828 time: 1.1019773
2026-05-09 14:04:56.697 10 INFO neutron.db.ovn_revision_numbers_db [None req-31c80280-9183-4c9c-9dea-b1a51e186aa1 21b76221a7da40318f49a663601d2ce1 d9e9af2dc3cb4905bf738bde861ab6ca - - default default] Successfully bumped revision number for resource ce19d325-3f4b-4756-a7ff-629959749dba (type: ports) to 1
2026-05-09 14:04:56.706 10 WARNING neutron_lib.context [None req-bdc2b7de-e941-4ae3-becb-9f06abc79861 c3b9a77d1ed64fbfb5db052ac30ebf3c c0626fd3503a4e2f8ccff31424f1c54f - - default default] Method 'is_advsvc' is deprecated since 2023.2 release (neutron-lib 3.8.0) and will be removed once support for the old RBAC API policies will be removed from Neutron. Please use method 'is_service_role' instead.
2026-05-09 14:04:56.714 9 INFO neutron.db.ovn_revision_numbers_db [req-42bb75f0-d996-4e1c-9671-970b634871f0 req-b6fb1694-9461-4f2e-9458-5d3969ea028f 7481447b76464c98b47dd0b892cbe325 9f463f90f4f04e52a229975edc824e3f - - 55ab48c9f52240d1b556d00c1ae2d508 55ab48c9f52240d1b556d00c1ae2d508] Successfully bumped revision number for resource 2495741c-1664-4811-b658-fc913b0b2a78 (type: ports) to 2
2026-05-09 14:04:56.735 9 INFO neutron.wsgi [req-42bb75f0-d996-4e1c-9671-970b634871f0 req-b6fb1694-9461-4f2e-9458-5d3969ea028f 7481447b76464c98b47dd0b892cbe325 9f463f90f4f04e52a229975edc824e3f - - 55ab48c9f52240d1b556d00c1ae2d508 55ab48c9f52240d1b556d00c1ae2d508] 199.204.45.240 "PUT /v2.0/ports/2495741c-1664-4811-b658-fc913b0b2a78 HTTP/1.1" status: 200 len: 1380 time: 0.7738571
2026-05-09 14:04:56.739 10 INFO neutron.wsgi [None req-31c80280-9183-4c9c-9dea-b1a51e186aa1 21b76221a7da40318f49a663601d2ce1 d9e9af2dc3cb4905bf738bde861ab6ca - - default default] 10.0.0.184 "POST /v2.0/networks HTTP/1.1" status: 201 len: 835 time: 1.0227771
2026-05-09 14:04:56.750 10 WARNING neutron_lib.context [None req-1b39d95b-488f-47a5-a3f0-03e4338fb3e7 21b76221a7da40318f49a663601d2ce1 d9e9af2dc3cb4905bf738bde861ab6ca - - default default] Method 'is_advsvc' is deprecated since 2023.2 release (neutron-lib 3.8.0) and will be removed once support for the old RBAC API policies will be removed from Neutron. Please use method 'is_service_role' instead. /var/lib/openstack/lib/python3.10/site-packages/pycadf/identifier.py:71: UserWarning: Invalid uuid: neutron. To ensure interoperability, identifiers should be a valid uuid. warnings.warn(('Invalid uuid: %s. To ensure interoperability, '
2026-05-09 14:04:56.805 9 INFO neutron.notifiers.nova [-] Nova event matching ['req-ba214c5b-c324-4a12-b72f-2af6d9e1d05d'] response: {'name': 'network-changed', 'server_uuid': '2f1f52b4-0f9d-4cf1-b5a4-d05c0b7edfd2', 'tag': '2495741c-1664-4811-b658-fc913b0b2a78', 'status': 'completed', 'code': 200}
2026-05-09 14:04:56.842 9 INFO neutron.wsgi [req-42bb75f0-d996-4e1c-9671-970b634871f0 req-b153ab64-345a-42ee-8937-5b1137d9844a 7481447b76464c98b47dd0b892cbe325 9f463f90f4f04e52a229975edc824e3f - - 55ab48c9f52240d1b556d00c1ae2d508 55ab48c9f52240d1b556d00c1ae2d508] 199.204.45.240 "GET /v2.0/ports?tenant_id=f63b80c6ced446a6a8ff2a0f7287b0ab&device_id=2f1f52b4-0f9d-4cf1-b5a4-d05c0b7edfd2 HTTP/1.1" status: 200 len: 1411 time: 0.0561213
2026-05-09 14:04:56.878 9 INFO neutron.wsgi [req-42bb75f0-d996-4e1c-9671-970b634871f0 req-5a0dab64-89ec-4309-b48d-fae878fedbbf 7481447b76464c98b47dd0b892cbe325 9f463f90f4f04e52a229975edc824e3f - - 55ab48c9f52240d1b556d00c1ae2d508 55ab48c9f52240d1b556d00c1ae2d508] 199.204.45.240 "GET /v2.0/floatingips?fixed_ip_address=10.100.0.14&port_id=2495741c-1664-4811-b658-fc913b0b2a78 HTTP/1.1" status: 200 len: 217 time: 0.0272753
2026-05-09 14:04:56.915 9 INFO neutron.wsgi [req-42bb75f0-d996-4e1c-9671-970b634871f0 req-0c30a7ea-6469-44b4-9b90-978a39a7d3b9 7481447b76464c98b47dd0b892cbe325 9f463f90f4f04e52a229975edc824e3f - - 55ab48c9f52240d1b556d00c1ae2d508 55ab48c9f52240d1b556d00c1ae2d508] 199.204.45.240 "GET /v2.0/subnets?id=7f9729d6-f99f-4976-8d5e-c85124f5b1a5 HTTP/1.1" status: 200 len: 873 time: 0.0325146
2026-05-09 14:04:56.949 9 INFO neutron.wsgi [req-42bb75f0-d996-4e1c-9671-970b634871f0 req-d6b5c548-3d66-4e86-850e-9421c5bc4846 7481447b76464c98b47dd0b892cbe325 9f463f90f4f04e52a229975edc824e3f - - 55ab48c9f52240d1b556d00c1ae2d508 55ab48c9f52240d1b556d00c1ae2d508] 199.204.45.240 "GET /v2.0/ports?network_id=6310061b-90fb-4dca-a3c5-28f1dcece194&device_owner=network%3Adhcp HTTP/1.1" status: 200 len: 210 time: 0.0293689
2026-05-09 14:04:57.016 10 WARNING neutron.scheduler.dhcp_agent_scheduler [None req-bdc2b7de-e941-4ae3-becb-9f06abc79861 c3b9a77d1ed64fbfb5db052ac30ebf3c c0626fd3503a4e2f8ccff31424f1c54f - - default default] No more DHCP agents
2026-05-09 14:04:57.020 9 INFO neutron.wsgi [req-42bb75f0-d996-4e1c-9671-970b634871f0 req-87a8495e-159e-477f-87ea-d5364293c88f 7481447b76464c98b47dd0b892cbe325 9f463f90f4f04e52a229975edc824e3f - - 55ab48c9f52240d1b556d00c1ae2d508 55ab48c9f52240d1b556d00c1ae2d508] 199.204.45.240 "GET /v2.0/networks/6310061b-90fb-4dca-a3c5-28f1dcece194?fields=segments HTTP/1.1" status: 200 len: 212 time: 0.0638015
