2026-05-09 14:06:57.933 10 INFO neutron.db.ovn_revision_numbers_db [None req-be78b11c-a71d-4142-b86d-24c98b79302f 1229be69b8c44898828698b1c8969bd5 6e816f6c0fc8484d99429a2d89928899 - - default default] Successfully bumped revision number for resource d06d52f6-5687-424d-a440-9f97d89f67d5 (type: ports) to 1
2026-05-09 14:06:57.939 9 INFO neutron.wsgi [None req-cee84585-087e-4aa0-9b61-7bed678ee643 26033866afad407f83d375de4f240539 b3b02287903d4b748973e08781155990 - - default default] 10.0.0.184 "PUT /v2.0/subnetpools/6ee42dc3-dd59-46a3-a3aa-a911c97b6d0d/tags/red HTTP/1.1" status: 201 len: 201 time: 0.0498331
2026-05-09 14:06:57.956 9 INFO neutron.wsgi [req-640fb0d9-353a-459d-a16d-43b284b5049f req-aaaaa96f-92f1-420e-86c8-ccddfb8ebd5c 7481447b76464c98b47dd0b892cbe325 9f463f90f4f04e52a229975edc824e3f - - 55ab48c9f52240d1b556d00c1ae2d508 55ab48c9f52240d1b556d00c1ae2d508] 199.204.45.240 "GET /v2.0/ports?tenant_id=ee6843b5d0d949d88f2c7009fdc3cc32&device_id=53140cf9-a34a-43b5-8f85-4a8189364028 HTTP/1.1" status: 200 len: 1411 time: 0.0558052
2026-05-09 14:06:57.969 10 INFO neutron.wsgi [None req-be78b11c-a71d-4142-b86d-24c98b79302f 1229be69b8c44898828698b1c8969bd5 6e816f6c0fc8484d99429a2d89928899 - - default default] 10.0.0.184 "POST /v2.0/networks HTTP/1.1" status: 201 len: 836 time: 0.6603792
2026-05-09 14:06:57.978 10 WARNING neutron_lib.context [None req-5ca2b27b-960d-4702-8373-6e40fe77dcb7 1229be69b8c44898828698b1c8969bd5 6e816f6c0fc8484d99429a2d89928899 - - default default] Method 'is_advsvc' is deprecated since 2023.2 release (neutron-lib 3.8.0) and will be removed once support for the old RBAC API policies will be removed from Neutron. Please use method 'is_service_role' instead.
2026-05-09 14:06:58.005 9 INFO neutron.wsgi [None req-0f089783-d8e1-4607-a4ee-cd3ceb366915 26033866afad407f83d375de4f240539 b3b02287903d4b748973e08781155990 - - default default] 10.0.0.184 "GET /v2.0/subnetpools/6ee42dc3-dd59-46a3-a3aa-a911c97b6d0d/tags HTTP/1.1" status: 200 len: 227 time: 0.0601904
2026-05-09 14:06:58.035 9 INFO neutron.wsgi [req-640fb0d9-353a-459d-a16d-43b284b5049f req-7a7e6063-bb95-43fd-a25b-b41fbfd6c890 7481447b76464c98b47dd0b892cbe325 9f463f90f4f04e52a229975edc824e3f - - 55ab48c9f52240d1b556d00c1ae2d508 55ab48c9f52240d1b556d00c1ae2d508] 199.204.45.240 "GET /v2.0/networks?id=99a3ec72-7c72-4747-b5f0-edcc1af2b06f HTTP/1.1" status: 200 len: 959 time: 0.0676610
2026-05-09 14:06:58.052 10 INFO neutron.plugins.ml2.drivers.ovn.mech_driver.mech_driver [None req-69427717-af26-4687-9a49-940a29f799c4 - - - - - -] OVN reports status up for port: 11777e82-28c3-4e29-918d-74cb9d213f68
2026-05-09 14:06:58.070 9 INFO neutron.wsgi [req-640fb0d9-353a-459d-a16d-43b284b5049f req-89b776df-54de-4b2c-a0fe-4eac382c2406 7481447b76464c98b47dd0b892cbe325 9f463f90f4f04e52a229975edc824e3f - - 55ab48c9f52240d1b556d00c1ae2d508 55ab48c9f52240d1b556d00c1ae2d508] 199.204.45.240 "GET /v2.0/floatingips?fixed_ip_address=10.100.0.10&port_id=11777e82-28c3-4e29-918d-74cb9d213f68 HTTP/1.1" status: 200 len: 217 time: 0.0277061
2026-05-09 14:06:58.081 10 INFO neutron.wsgi [None req-edb7597f-d2f1-4a32-bb42-d767de1a68b4 26033866afad407f83d375de4f240539 b3b02287903d4b748973e08781155990 - - default default] 10.0.0.184 "PUT /v2.0/subnetpools/6ee42dc3-dd59-46a3-a3aa-a911c97b6d0d/tags/black.or.white HTTP/1.1" status: 201 len: 201 time: 0.0696297
2026-05-09 14:06:58.086 10 INFO neutron.plugins.ml2.plugin [None req-69427717-af26-4687-9a49-940a29f799c4 - - - - - -] Attempt 1 to provision port 11777e82-28c3-4e29-918d-74cb9d213f68
2026-05-09 14:06:58.118 9 INFO neutron.wsgi [None req-2c5f4211-5841-476c-81dc-9791da93e04c 26033866afad407f83d375de4f240539 b3b02287903d4b748973e08781155990 - - default default] 10.0.0.184 "GET /v2.0/subnetpools/6ee42dc3-dd59-46a3-a3aa-a911c97b6d0d/tags HTTP/1.1" status: 200 len: 245 time: 0.0268698
2026-05-09 14:06:58.122 9 INFO neutron.wsgi [req-640fb0d9-353a-459d-a16d-43b284b5049f req-7e809d9b-d669-466f-a7e7-459aeef71b0d 7481447b76464c98b47dd0b892cbe325 9f463f90f4f04e52a229975edc824e3f - - 55ab48c9f52240d1b556d00c1ae2d508 55ab48c9f52240d1b556d00c1ae2d508] 199.204.45.240 "GET /v2.0/subnets?id=938faa2c-1a4c-435b-af3c-e6982b7bffd0 HTTP/1.1" status: 200 len: 853 time: 0.0457783
2026-05-09 14:06:58.151 9 INFO neutron.wsgi [req-640fb0d9-353a-459d-a16d-43b284b5049f req-245bf790-4898-40b1-9768-f02febd00fb1 7481447b76464c98b47dd0b892cbe325 9f463f90f4f04e52a229975edc824e3f - - 55ab48c9f52240d1b556d00c1ae2d508 55ab48c9f52240d1b556d00c1ae2d508] 199.204.45.240 "GET /v2.0/ports?network_id=99a3ec72-7c72-4747-b5f0-edcc1af2b06f&device_owner=network%3Adhcp HTTP/1.1" status: 200 len: 210 time: 0.0232270
2026-05-09 14:06:58.199 9 INFO neutron.wsgi [None req-62a55119-0ab3-45b6-b6f3-4f6d177a3b4a 26033866afad407f83d375de4f240539 b3b02287903d4b748973e08781155990 - - default default] 10.0.0.184 "PUT /v2.0/subnetpools/6ee42dc3-dd59-46a3-a3aa-a911c97b6d0d/tags HTTP/1.1" status: 200 len: 230 time: 0.0755966
2026-05-09 14:06:58.227 9 INFO neutron.wsgi [req-640fb0d9-353a-459d-a16d-43b284b5049f req-0ab132ab-ead5-4827-9fca-8215106c3d56 7481447b76464c98b47dd0b892cbe325 9f463f90f4f04e52a229975edc824e3f - - 55ab48c9f52240d1b556d00c1ae2d508 55ab48c9f52240d1b556d00c1ae2d508] 199.204.45.240 "GET /v2.0/networks/99a3ec72-7c72-4747-b5f0-edcc1af2b06f?fields=segments HTTP/1.1" status: 200 len: 212 time: 0.0693882
2026-05-09 14:06:58.230 10 WARNING neutron_lib.context [None req-7a85cfc0-2bdc-4892-b4d9-3744cf3bedd4 7acb5b4ae20f4c639e6953fe0c18234c 10ecd7778cc4496eb449c4abf733729a - - default default] Method 'is_advsvc' is deprecated since 2023.2 release (neutron-lib 3.8.0) and will be removed once support for the old RBAC API policies will be removed from Neutron. Please use method 'is_service_role' instead.
2026-05-09 14:06:58.233 9 INFO neutron.wsgi [None req-ed6d73d5-b131-4ec4-87a8-0d9ac83263bd 26033866afad407f83d375de4f240539 b3b02287903d4b748973e08781155990 - - default default] 10.0.0.184 "GET /v2.0/subnetpools/6ee42dc3-dd59-46a3-a3aa-a911c97b6d0d/tags HTTP/1.1" status: 200 len: 230 time: 0.0276105
2026-05-09 14:06:58.293 9 INFO neutron.wsgi [req-640fb0d9-353a-459d-a16d-43b284b5049f req-f05ac43c-d04a-4eab-8ef5-fd727fa84138 7481447b76464c98b47dd0b892cbe325 9f463f90f4f04e52a229975edc824e3f - - 55ab48c9f52240d1b556d00c1ae2d508 55ab48c9f52240d1b556d00c1ae2d508] 199.204.45.240 "GET /v2.0/networks/99a3ec72-7c72-4747-b5f0-edcc1af2b06f?fields=provider%3Aphysical_network&fields=provider%3Anetwork_type HTTP/1.1" status: 200 len: 277 time: 0.0568271
2026-05-09 14:06:58.301 10 INFO neutron.wsgi [None req-86aca2c8-7d0b-4841-b1e8-ca1e79153337 26033866afad407f83d375de4f240539 b3b02287903d4b748973e08781155990 - - default default] 10.0.0.184 "GET /v2.0/subnetpools/6ee42dc3-dd59-46a3-a3aa-a911c97b6d0d/tags/red HTTP/1.1" status: 204 len: 168 time: 0.0583320
2026-05-09 14:06:58.326 10 INFO neutron.notifiers.nova [-] Nova event matching ['req-4a38fdce-75a7-47b7-bab0-9d3d4b352e4f'] response: {'server_uuid': '53140cf9-a34a-43b5-8f85-4a8189364028', 'name': 'network-vif-plugged', 'status': 'completed', 'tag': '11777e82-28c3-4e29-918d-74cb9d213f68', 'code': 200}
2026-05-09 14:06:58.340 9 INFO neutron.api.v2.resource [None req-7a54b97d-da6a-45ad-8485-62b6d961d17e 26033866afad407f83d375de4f240539 b3b02287903d4b748973e08781155990 - - default default] show failed (client error): The resource could not be found.
2026-05-09 14:06:58.341 9 INFO neutron.wsgi [None req-7a54b97d-da6a-45ad-8485-62b6d961d17e 26033866afad407f83d375de4f240539 b3b02287903d4b748973e08781155990 - - default default] 10.0.0.184 "GET /v2.0/subnetpools/6ee42dc3-dd59-46a3-a3aa-a911c97b6d0d/tags/green HTTP/1.1" status: 404 len: 299 time: 0.0340066
2026-05-09 14:06:58.457 10 WARNING neutron.scheduler.dhcp_agent_scheduler [None req-5ca2b27b-960d-4702-8373-6e40fe77dcb7 1229be69b8c44898828698b1c8969bd5 6e816f6c0fc8484d99429a2d89928899 - - default default] No more DHCP agents
2026-05-09 14:06:58.459 9 INFO neutron.wsgi [None req-0c46e357-f372-4aed-9b5a-cfb52539c5a4 26033866afad407f83d375de4f240539 b3b02287903d4b748973e08781155990 - - default default] 10.0.0.184 "DELETE /v2.0/subnetpools/6ee42dc3-dd59-46a3-a3aa-a911c97b6d0d/tags/red HTTP/1.1" status: 204 len: 168 time: 0.1110222
2026-05-09 14:06:58.463 10 WARNING neutron.api.rpc.agentnotifiers.dhcp_rpc_agent_api [None req-5ca2b27b-960d-4702-8373-6e40fe77dcb7 1229be69b8c44898828698b1c8969bd5 6e816f6c0fc8484d99429a2d89928899 - - default default] Unable to schedule network 88a5eee2-2137-4b22-b187-07bd4577b1c0: no agents available; will retry on subsequent port and subnet creation events.
2026-05-09 14:06:58.485 9 INFO neutron.wsgi [None req-f5c6f0ac-816d-4a88-b0ef-d5cc23150ca5 26033866afad407f83d375de4f240539 b3b02287903d4b748973e08781155990 - - default default] 10.0.0.184 "GET /v2.0/subnetpools/6ee42dc3-dd59-46a3-a3aa-a911c97b6d0d/tags HTTP/1.1" status: 200 len: 223 time: 0.0196881
2026-05-09 14:06:58.522 9 INFO neutron.api.v2.resource [None req-abb1f9f0-8813-44a0-af80-39abf95f3dd9 26033866afad407f83d375de4f240539 b3b02287903d4b748973e08781155990 - - default default] delete failed (client error): The resource could not be found.
2026-05-09 14:06:58.524 9 INFO neutron.wsgi [None req-abb1f9f0-8813-44a0-af80-39abf95f3dd9 26033866afad407f83d375de4f240539 b3b02287903d4b748973e08781155990 - - default default] 10.0.0.184 "DELETE /v2.0/subnetpools/6ee42dc3-dd59-46a3-a3aa-a911c97b6d0d/tags/green HTTP/1.1" status: 404 len: 299 time: 0.0338337
2026-05-09 14:06:58.563 10 INFO neutron.db.ovn_revision_numbers_db [None req-7a85cfc0-2bdc-4892-b4d9-3744cf3bedd4 7acb5b4ae20f4c639e6953fe0c18234c 10ecd7778cc4496eb449c4abf733729a - - default default] Successfully bumped revision number for resource b2aa43c0-8e84-4bf3-9b3b-80f0387c3b4b (type: security_groups) to 1
2026-05-09 14:06:58.656 9 INFO neutron.wsgi [None req-2a2ceb72-e75a-44ec-a3ce-e08ff83ff7ce 26033866afad407f83d375de4f240539 b3b02287903d4b748973e08781155990 - - default default] 10.0.0.184 "DELETE /v2.0/subnetpools/6ee42dc3-dd59-46a3-a3aa-a911c97b6d0d/tags HTTP/1.1" status: 204 len: 168 time: 0.1268382
2026-05-09 14:06:58.673 10 INFO neutron.db.ovn_revision_numbers_db [None req-7a85cfc0-2bdc-4892-b4d9-3744cf3bedd4 7acb5b4ae20f4c639e6953fe0c18234c 10ecd7778cc4496eb449c4abf733729a - - default default] Successfully bumped revision number for resource 9df4f45f-b3cf-4170-a12b-4d49a46e2ded (type: security_group_rules) to 0
2026-05-09 14:06:58.675 10 INFO neutron.db.ovn_revision_numbers_db [None req-69427717-af26-4687-9a49-940a29f799c4 - - - - - -] Successfully bumped revision number for resource 11777e82-28c3-4e29-918d-74cb9d213f68 (type: ports) to 4
2026-05-09 14:06:58.684 9 INFO neutron.wsgi [None req-3d8d38e3-dd6a-4a4f-ad94-4a586f5149ff 26033866afad407f83d375de4f240539 b3b02287903d4b748973e08781155990 - - default default] 10.0.0.184 "GET /v2.0/subnetpools/6ee42dc3-dd59-46a3-a3aa-a911c97b6d0d/tags HTTP/1.1" status: 200 len: 205 time: 0.0227916
2026-05-09 14:06:58.741 10 INFO neutron.db.ovn_revision_numbers_db [None req-7a85cfc0-2bdc-4892-b4d9-3744cf3bedd4 7acb5b4ae20f4c639e6953fe0c18234c 10ecd7778cc4496eb449c4abf733729a - - default default] Successfully bumped revision number for resource a9103afc-cc6a-4b7c-a287-2ee16b097ff7 (type: security_group_rules) to 0
2026-05-09 14:06:58.807 10 INFO neutron.db.ovn_revision_numbers_db [None req-7a85cfc0-2bdc-4892-b4d9-3744cf3bedd4 7acb5b4ae20f4c639e6953fe0c18234c 10ecd7778cc4496eb449c4abf733729a - - default default] Successfully bumped revision number for resource c7cb0931-884b-4d88-a37e-23fae4df7059 (type: security_group_rules) to 0
2026-05-09 14:06:58.814 9 INFO neutron.wsgi [None req-f6ef0d3a-e27b-46aa-a348-d3bd39b2861d 26033866afad407f83d375de4f240539 b3b02287903d4b748973e08781155990 - - default default] 10.0.0.184 "DELETE /v2.0/subnetpools/6ee42dc3-dd59-46a3-a3aa-a911c97b6d0d HTTP/1.1" status: 204 len: 168 time: 0.1216185 /var/lib/openstack/lib/python3.10/site-packages/pycadf/identifier.py:71: UserWarning: Invalid uuid: neutron. To ensure interoperability, identifiers should be a valid uuid. warnings.warn(('Invalid uuid: %s. To ensure interoperability, '
2026-05-09 14:06:58.870 10 INFO neutron.db.ovn_revision_numbers_db [None req-7a85cfc0-2bdc-4892-b4d9-3744cf3bedd4 7acb5b4ae20f4c639e6953fe0c18234c 10ecd7778cc4496eb449c4abf733729a - - default default] Successfully bumped revision number for resource e9392f3c-7452-4f1d-91a3-9199155282ca (type: security_group_rules) to 0
2026-05-09 14:06:58.929 10 INFO neutron.wsgi [req-d3b239fc-4d36-443f-8b1f-2f7af135a446 req-0e9544ca-d7e4-4996-bc2b-e6b866a05705 9cc12ac33e42490ba95b359e25a76728 ee6843b5d0d949d88f2c7009fdc3cc32 - - default default] 10.0.0.117 "GET /v2.0/ports?device_id=53140cf9-a34a-43b5-8f85-4a8189364028 HTTP/1.1" status: 200 len: 1174 time: 0.0782673
2026-05-09 14:06:58.969 10 INFO neutron.db.segments_db [None req-7a85cfc0-2bdc-4892-b4d9-3744cf3bedd4 7acb5b4ae20f4c639e6953fe0c18234c 10ecd7778cc4496eb449c4abf733729a - - default default] Added segment 7591c6f7-2864-4eb8-86a8-e30fd2f0d8cc of type geneve for network c22d0ccb-b0ba-4bcd-8808-863ac9a33c75
2026-05-09 14:06:59.008 10 INFO neutron.wsgi [req-d3b239fc-4d36-443f-8b1f-2f7af135a446 req-a7485ee7-c3f6-41df-a74e-cf15842bf0c5 9cc12ac33e42490ba95b359e25a76728 ee6843b5d0d949d88f2c7009fdc3cc32 - - default default] 10.0.0.117 "GET /v2.0/security-groups?id=73de946a-375b-445f-ac91-0ccc713dfc8e&fields=id&fields=name HTTP/1.1" status: 200 len: 312 time: 0.0751288
2026-05-09 14:06:59.326 10 INFO neutron.db.ovn_revision_numbers_db [None req-5ca2b27b-960d-4702-8373-6e40fe77dcb7 1229be69b8c44898828698b1c8969bd5 6e816f6c0fc8484d99429a2d89928899 - - default default] Successfully bumped revision number for resource d06d52f6-5687-424d-a440-9f97d89f67d5 (type: ports) to 2
2026-05-09 14:06:59.334 10 INFO neutron.db.ovn_revision_numbers_db [None req-7a85cfc0-2bdc-4892-b4d9-3744cf3bedd4 7acb5b4ae20f4c639e6953fe0c18234c 10ecd7778cc4496eb449c4abf733729a - - default default] Successfully bumped revision number for resource c22d0ccb-b0ba-4bcd-8808-863ac9a33c75 (type: networks) to 1
2026-05-09 14:06:59.437 10 INFO neutron.db.ovn_revision_numbers_db [None req-5ca2b27b-960d-4702-8373-6e40fe77dcb7 1229be69b8c44898828698b1c8969bd5 6e816f6c0fc8484d99429a2d89928899 - - default default] Successfully bumped revision number for resource 0d4e815b-ba6e-4feb-ba47-336147d73090 (type: subnets) to 0
2026-05-09 14:06:59.510 10 INFO neutron.wsgi [None req-5ca2b27b-960d-4702-8373-6e40fe77dcb7 1229be69b8c44898828698b1c8969bd5 6e816f6c0fc8484d99429a2d89928899 - - default default] 10.0.0.184 "POST /v2.0/subnets HTTP/1.1" status: 201 len: 831 time: 1.5363421
2026-05-09 14:06:59.521 9 WARNING neutron_lib.context [None req-59a0bf60-d537-4007-abe2-3e1f2c624844 1229be69b8c44898828698b1c8969bd5 6e816f6c0fc8484d99429a2d89928899 - - default default] Method 'is_advsvc' is deprecated since 2023.2 release (neutron-lib 3.8.0) and will be removed once support for the old RBAC API policies will be removed from Neutron. Please use method 'is_service_role' instead.
2026-05-09 14:06:59.596 10 WARNING neutron.scheduler.dhcp_agent_scheduler [None req-7a85cfc0-2bdc-4892-b4d9-3744cf3bedd4 7acb5b4ae20f4c639e6953fe0c18234c 10ecd7778cc4496eb449c4abf733729a - - default default] No more DHCP agents
2026-05-09 14:06:59.601 10 WARNING neutron.api.rpc.agentnotifiers.dhcp_rpc_agent_api [None req-7a85cfc0-2bdc-4892-b4d9-3744cf3bedd4 7acb5b4ae20f4c639e6953fe0c18234c 10ecd7778cc4496eb449c4abf733729a - - default default] Unable to schedule network c22d0ccb-b0ba-4bcd-8808-863ac9a33c75: no agents available; will retry on subsequent port and subnet creation events.
2026-05-09 14:06:59.713 10 INFO neutron.db.ovn_revision_numbers_db [None req-7a85cfc0-2bdc-4892-b4d9-3744cf3bedd4 7acb5b4ae20f4c639e6953fe0c18234c 10ecd7778cc4496eb449c4abf733729a - - default default] Successfully bumped revision number for resource f2da3b36-fc90-4567-a327-3557277fa1fb (type: ports) to 1
2026-05-09 14:06:59.799 10 INFO neutron.wsgi [None req-7a85cfc0-2bdc-4892-b4d9-3744cf3bedd4 7acb5b4ae20f4c639e6953fe0c18234c 10ecd7778cc4496eb449c4abf733729a - - default default] 10.0.0.184 "POST /v2.0/networks HTTP/1.1" status: 201 len: 831 time: 1.6174152
2026-05-09 14:06:59.811 10 WARNING neutron_lib.context [None req-2d6df731-9159-48ac-8d5c-e945b18fa980 7acb5b4ae20f4c639e6953fe0c18234c 10ecd7778cc4496eb449c4abf733729a - - default default] Method 'is_advsvc' is deprecated since 2023.2 release (neutron-lib 3.8.0) and will be removed once support for the old RBAC API policies will be removed from Neutron. Please use method 'is_service_role' instead.
2026-05-09 14:06:59.896 9 WARNING neutron.scheduler.dhcp_agent_scheduler [None req-59a0bf60-d537-4007-abe2-3e1f2c624844 1229be69b8c44898828698b1c8969bd5 6e816f6c0fc8484d99429a2d89928899 - - default default] No more DHCP agents
2026-05-09 14:06:59.899 9 WARNING neutron.api.rpc.agentnotifiers.dhcp_rpc_agent_api [None req-59a0bf60-d537-4007-abe2-3e1f2c624844 1229be69b8c44898828698b1c8969bd5 6e816f6c0fc8484d99429a2d89928899 - - default default] Unable to schedule network 88a5eee2-2137-4b22-b187-07bd4577b1c0: no agents available; will retry on subsequent port and subnet creation events.
2026-05-09 14:06:59.954 9 INFO neutron.db.ovn_revision_numbers_db [None req-59a0bf60-d537-4007-abe2-3e1f2c624844 1229be69b8c44898828698b1c8969bd5 6e816f6c0fc8484d99429a2d89928899 - - default default] Successfully bumped revision number for resource eed459fa-88ac-482e-af87-d69ac2eb8d42 (type: subnets) to 0
2026-05-09 14:07:00.005 9 INFO neutron.wsgi [None req-59a0bf60-d537-4007-abe2-3e1f2c624844 1229be69b8c44898828698b1c8969bd5 6e816f6c0fc8484d99429a2d89928899 - - default default] 10.0.0.184 "POST /v2.0/subnets HTTP/1.1" status: 201 len: 905 time: 0.4891467
2026-05-09 14:07:00.014 9 WARNING neutron_lib.context [None req-1b43d46b-42a7-4a38-b3d3-f8bebb19d4bf 1229be69b8c44898828698b1c8969bd5 6e816f6c0fc8484d99429a2d89928899 - - default default] Method 'is_advsvc' is deprecated since 2023.2 release (neutron-lib 3.8.0) and will be removed once support for the old RBAC API policies will be removed from Neutron. Please use method 'is_service_role' instead.
2026-05-09 14:07:00.216 10 WARNING neutron.scheduler.dhcp_agent_scheduler [None req-2d6df731-9159-48ac-8d5c-e945b18fa980 7acb5b4ae20f4c639e6953fe0c18234c 10ecd7778cc4496eb449c4abf733729a - - default default] No more DHCP agents
2026-05-09 14:07:00.218 10 WARNING neutron.api.rpc.agentnotifiers.dhcp_rpc_agent_api [None req-2d6df731-9159-48ac-8d5c-e945b18fa980 7acb5b4ae20f4c639e6953fe0c18234c 10ecd7778cc4496eb449c4abf733729a - - default default] Unable to schedule network c22d0ccb-b0ba-4bcd-8808-863ac9a33c75: no agents available; will retry on subsequent port and subnet creation events.
2026-05-09 14:07:00.254 9 INFO neutron.db.ovn_revision_numbers_db [None req-9c5c3fe8-96bf-4cea-bf03-d932cf9c1c3e 753280bc916d47ae887db1fab82e6bd2 eee0c6a25d6a4e0380da27db6e0b54a5 - - default default] Successfully bumped revision number for resource 671d21ac-1e85-4423-b846-41761e06d631 (type: security_groups) to 1
2026-05-09 14:07:00.270 10 INFO neutron.wsgi [req-7c4b64e3-3346-4b9b-80ef-0b559ea1bd26 req-427c5b23-e32d-4aeb-8158-4df097b2526b 9cc12ac33e42490ba95b359e25a76728 ee6843b5d0d949d88f2c7009fdc3cc32 - - default default] 10.0.0.117 "GET /v2.0/ports?device_id=53140cf9-a34a-43b5-8f85-4a8189364028 HTTP/1.1" status: 200 len: 1174 time: 0.1824214 /var/lib/openstack/lib/python3.10/site-packages/pycadf/identifier.py:71: UserWarning: Invalid uuid: neutron. To ensure interoperability, identifiers should be a valid uuid. warnings.warn(('Invalid uuid: %s. To ensure interoperability, '
2026-05-09 14:07:00.336 10 INFO neutron.wsgi [req-7c4b64e3-3346-4b9b-80ef-0b559ea1bd26 req-74888776-7551-4d01-9f3e-58a71a9bcffb 9cc12ac33e42490ba95b359e25a76728 ee6843b5d0d949d88f2c7009fdc3cc32 - - default default] 10.0.0.117 "GET /v2.0/security-groups?id=73de946a-375b-445f-ac91-0ccc713dfc8e&fields=id&fields=name HTTP/1.1" status: 200 len: 312 time: 0.0575504
2026-05-09 14:07:00.348 9 INFO neutron.db.ovn_revision_numbers_db [None req-9c5c3fe8-96bf-4cea-bf03-d932cf9c1c3e 753280bc916d47ae887db1fab82e6bd2 eee0c6a25d6a4e0380da27db6e0b54a5 - - default default] Successfully bumped revision number for resource 2cd5effd-b23c-4f9c-8610-b9742330d2e5 (type: security_group_rules) to 0
2026-05-09 14:07:00.357 10 INFO neutron.notifiers.nova [-] Nova event matching ['req-358163a3-d9b4-4602-9682-c058d783baa4'] response: {'server_uuid': '53140cf9-a34a-43b5-8f85-4a8189364028', 'name': 'network-vif-plugged', 'status': 'completed', 'tag': '11777e82-28c3-4e29-918d-74cb9d213f68', 'code': 200}
2026-05-09 14:07:00.441 10 INFO neutron.wsgi [req-780bb949-d305-4597-b8c4-42d573efa793 req-c07b8702-2529-4ac2-816a-74eb3ba8678d 9cc12ac33e42490ba95b359e25a76728 ee6843b5d0d949d88f2c7009fdc3cc32 - - default default] 10.0.0.117 "GET /v2.0/ports?device_id=53140cf9-a34a-43b5-8f85-4a8189364028 HTTP/1.1" status: 200 len: 1174 time: 0.0453792
2026-05-09 14:07:00.482 10 INFO neutron.db.ovn_revision_numbers_db [None req-2d6df731-9159-48ac-8d5c-e945b18fa980 7acb5b4ae20f4c639e6953fe0c18234c 10ecd7778cc4496eb449c4abf733729a - - default default] Successfully bumped revision number for resource 1a03feb9-c2e5-46af-8060-6d5fad04a0c8 (type: ports) to 1
2026-05-09 14:07:00.489 10 INFO neutron.wsgi [req-780bb949-d305-4597-b8c4-42d573efa793 req-f6036e98-c095-4d2e-9296-a1b46738ea6b 9cc12ac33e42490ba95b359e25a76728 ee6843b5d0d949d88f2c7009fdc3cc32 - - default default] 10.0.0.117 "GET /v2.0/security-groups?id=73de946a-375b-445f-ac91-0ccc713dfc8e&fields=id&fields=name HTTP/1.1" status: 200 len: 312 time: 0.0403495
2026-05-09 14:07:00.504 9 INFO neutron.db.ovn_revision_numbers_db [None req-9c5c3fe8-96bf-4cea-bf03-d932cf9c1c3e 753280bc916d47ae887db1fab82e6bd2 eee0c6a25d6a4e0380da27db6e0b54a5 - - default default] Successfully bumped revision number for resource 5e84adcc-cb37-4381-92fa-80715834ddb6 (type: security_group_rules) to 0
2026-05-09 14:07:00.615 10 INFO neutron.wsgi [None req-2d6df731-9159-48ac-8d5c-e945b18fa980 7acb5b4ae20f4c639e6953fe0c18234c 10ecd7778cc4496eb449c4abf733729a - - default default] 10.0.0.184 "POST /v2.0/ports HTTP/1.1" status: 201 len: 942 time: 0.8119707
2026-05-09 14:07:00.626 10 WARNING neutron_lib.context [None req-15cdc7a2-4e65-4870-9fd8-4c21405914da 7acb5b4ae20f4c639e6953fe0c18234c 10ecd7778cc4496eb449c4abf733729a - - default default] Method 'is_advsvc' is deprecated since 2023.2 release (neutron-lib 3.8.0) and will be removed once support for the old RBAC API policies will be removed from Neutron. Please use method 'is_service_role' instead.
2026-05-09 14:07:00.637 9 INFO neutron.db.ovn_revision_numbers_db [None req-9c5c3fe8-96bf-4cea-bf03-d932cf9c1c3e 753280bc916d47ae887db1fab82e6bd2 eee0c6a25d6a4e0380da27db6e0b54a5 - - default default] Successfully bumped revision number for resource ac29ee6d-62a4-4b71-bf47-ba236e5338d7 (type: security_group_rules) to 0
2026-05-09 14:07:00.683 10 INFO neutron.wsgi [None req-2fe1c7e7-1d03-4bbf-bfb5-6ce552107bf6 7a07d8ec8be5455ca7fb410723cd761f 25a9b553393945bea47848867a123f0b - - default default] 10.0.0.184 "GET /v2.0/ports?device_id=53140cf9-a34a-43b5-8f85-4a8189364028 HTTP/1.1" status: 200 len: 1408 time: 0.0523710
2026-05-09 14:07:00.698 9 INFO neutron.db.ovn_revision_numbers_db [None req-9c5c3fe8-96bf-4cea-bf03-d932cf9c1c3e 753280bc916d47ae887db1fab82e6bd2 eee0c6a25d6a4e0380da27db6e0b54a5 - - default default] Successfully bumped revision number for resource c3465227-a694-4cc9-b9be-2d344fbffe04 (type: security_group_rules) to 0
2026-05-09 14:07:00.733 9 INFO neutron.wsgi [None req-9c5c3fe8-96bf-4cea-bf03-d932cf9c1c3e 753280bc916d47ae887db1fab82e6bd2 eee0c6a25d6a4e0380da27db6e0b54a5 - - default default] 10.0.0.184 "GET /v2.0/security-groups?tenant_id=0ac7db107d6245efa3f0e9a14ba9f558&name=default HTTP/1.1" status: 200 len: 3120 time: 0.8777153
2026-05-09 14:07:00.864 9 WARNING neutron.scheduler.dhcp_agent_scheduler [None req-1b43d46b-42a7-4a38-b3d3-f8bebb19d4bf 1229be69b8c44898828698b1c8969bd5 6e816f6c0fc8484d99429a2d89928899 - - default default] No more DHCP agents
2026-05-09 14:07:00.867 9 WARNING neutron.api.rpc.agentnotifiers.dhcp_rpc_agent_api [None req-1b43d46b-42a7-4a38-b3d3-f8bebb19d4bf 1229be69b8c44898828698b1c8969bd5 6e816f6c0fc8484d99429a2d89928899 - - default default] Unable to schedule network f7910759-c9cf-4aaf-a551-e509a0e2d158: no agents available; will retry on subsequent port and subnet creation events.
2026-05-09 14:07:01.378 9 INFO neutron.db.ovn_revision_numbers_db [None req-1b43d46b-42a7-4a38-b3d3-f8bebb19d4bf 1229be69b8c44898828698b1c8969bd5 6e816f6c0fc8484d99429a2d89928899 - - default default] Successfully bumped revision number for resource b1869eff-2816-4c00-9039-0b4577e4745b (type: ports) to 1
2026-05-09 14:07:01.524 10 INFO neutron.wsgi [None req-15cdc7a2-4e65-4870-9fd8-4c21405914da 7acb5b4ae20f4c639e6953fe0c18234c 10ecd7778cc4496eb449c4abf733729a - - default default] 10.0.0.184 "POST /v2.0/trunks HTTP/1.1" status: 201 len: 608 time: 0.9033821
2026-05-09 14:07:01.535 9 WARNING neutron_lib.context [None req-d8c28d9c-fc0b-4204-a781-5409c942c65c 7acb5b4ae20f4c639e6953fe0c18234c 10ecd7778cc4496eb449c4abf733729a - - default default] Method 'is_advsvc' is deprecated since 2023.2 release (neutron-lib 3.8.0) and will be removed once support for the old RBAC API policies will be removed from Neutron. Please use method 'is_service_role' instead.
2026-05-09 14:07:01.606 9 INFO neutron.wsgi [None req-0dbfe8f9-b011-4413-8d6e-ad548b387ae0 753280bc916d47ae887db1fab82e6bd2 eee0c6a25d6a4e0380da27db6e0b54a5 - - default default] 10.0.0.184 "DELETE /v2.0/security-groups/671d21ac-1e85-4423-b846-41761e06d631 HTTP/1.1" status: 204 len: 168 time: 0.8678999
2026-05-09 14:07:01.625 10 INFO neutron.db.ovn_revision_numbers_db [None req-58477d8d-593f-4419-82a7-7a8f16c8ba7f 9cc12ac33e42490ba95b359e25a76728 ee6843b5d0d949d88f2c7009fdc3cc32 - - default default] Successfully bumped revision number for resource 53ea3984-89be-46ae-abc6-f92b12e9f027 (type: floatingips) to 4
2026-05-09 14:07:01.709 9 INFO neutron.db.segments_db [None req-d8c28d9c-fc0b-4204-a781-5409c942c65c 7acb5b4ae20f4c639e6953fe0c18234c 10ecd7778cc4496eb449c4abf733729a - - default default] Added segment dd97f844-adc5-41a9-a775-a90330250286 of type geneve for network 7baec814-2588-465b-b9eb-d262ceb65787
2026-05-09 14:07:02.047 10 INFO neutron.db.ovn_revision_numbers_db [None req-58477d8d-593f-4419-82a7-7a8f16c8ba7f 9cc12ac33e42490ba95b359e25a76728 ee6843b5d0d949d88f2c7009fdc3cc32 - - default default] Successfully bumped revision number for resource 53ea3984-89be-46ae-abc6-f92b12e9f027 (type: floatingips) to 5
2026-05-09 14:07:02.048 10 INFO neutron.db.l3_db [None req-58477d8d-593f-4419-82a7-7a8f16c8ba7f 9cc12ac33e42490ba95b359e25a76728 ee6843b5d0d949d88f2c7009fdc3cc32 - - default default] Floating IP 53ea3984-89be-46ae-abc6-f92b12e9f027 associated. External IP: 10.96.250.203, port: 11777e82-28c3-4e29-918d-74cb9d213f68. /var/lib/openstack/lib/python3.10/site-packages/pycadf/identifier.py:71: UserWarning: Invalid uuid: neutron. To ensure interoperability, identifiers should be a valid uuid. warnings.warn(('Invalid uuid: %s. To ensure interoperability, '
2026-05-09 14:07:02.085 10 INFO neutron.wsgi [None req-58477d8d-593f-4419-82a7-7a8f16c8ba7f 9cc12ac33e42490ba95b359e25a76728 ee6843b5d0d949d88f2c7009fdc3cc32 - - default default] 10.0.0.184 "PUT /v2.0/floatingips/53ea3984-89be-46ae-abc6-f92b12e9f027 HTTP/1.1" status: 200 len: 1050 time: 1.3953123
2026-05-09 14:07:02.144 10 INFO neutron.wsgi [None req-6dae78aa-c6ea-4921-871b-4194280a2395 9cc12ac33e42490ba95b359e25a76728 ee6843b5d0d949d88f2c7009fdc3cc32 - - default default] 10.0.0.184 "GET /v2.0/floatingips/53ea3984-89be-46ae-abc6-f92b12e9f027 HTTP/1.1" status: 200 len: 1052 time: 0.0518696
2026-05-09 14:07:02.180 9 INFO neutron.db.ovn_revision_numbers_db [None req-d8c28d9c-fc0b-4204-a781-5409c942c65c 7acb5b4ae20f4c639e6953fe0c18234c 10ecd7778cc4496eb449c4abf733729a - - default default] Successfully bumped revision number for resource 7baec814-2588-465b-b9eb-d262ceb65787 (type: networks) to 1
2026-05-09 14:07:02.226 10 INFO neutron.db.ovn_revision_numbers_db [None req-79e17f1a-10fe-4652-be2f-3e0744071838 753280bc916d47ae887db1fab82e6bd2 eee0c6a25d6a4e0380da27db6e0b54a5 - - default default] Successfully bumped revision number for resource 59899d38-b71c-4c41-b381-8b0f77294d64 (type: security_groups) to 1
2026-05-09 14:07:02.238 10 INFO neutron.db.ovn_revision_numbers_db [None req-79e17f1a-10fe-4652-be2f-3e0744071838 753280bc916d47ae887db1fab82e6bd2 eee0c6a25d6a4e0380da27db6e0b54a5 - - default default] Successfully bumped revision number for resource 4a716775-0992-4c1d-95d1-5889b9d998e1 (type: security_group_rules) to 0
2026-05-09 14:07:02.251 10 INFO neutron.db.ovn_revision_numbers_db [None req-79e17f1a-10fe-4652-be2f-3e0744071838 753280bc916d47ae887db1fab82e6bd2 eee0c6a25d6a4e0380da27db6e0b54a5 - - default default] Successfully bumped revision number for resource adf8f2ca-76c3-4dba-b9d0-002fed0cf0f8 (type: security_group_rules) to 0
2026-05-09 14:07:02.264 10 INFO neutron.db.ovn_revision_numbers_db [None req-79e17f1a-10fe-4652-be2f-3e0744071838 753280bc916d47ae887db1fab82e6bd2 eee0c6a25d6a4e0380da27db6e0b54a5 - - default default] Successfully bumped revision number for resource c7b26138-f535-4394-9a6c-fca0b8a46320 (type: security_group_rules) to 0
2026-05-09 14:07:02.278 10 INFO neutron.db.ovn_revision_numbers_db [None req-79e17f1a-10fe-4652-be2f-3e0744071838 753280bc916d47ae887db1fab82e6bd2 eee0c6a25d6a4e0380da27db6e0b54a5 - - default default] Successfully bumped revision number for resource e6bc9283-e4d7-4cdb-ba8f-e90139aa72c6 (type: security_group_rules) to 0
2026-05-09 14:07:02.302 10 INFO neutron.wsgi [None req-79e17f1a-10fe-4652-be2f-3e0744071838 753280bc916d47ae887db1fab82e6bd2 eee0c6a25d6a4e0380da27db6e0b54a5 - - default default] 10.0.0.184 "GET /v2.0/security-groups?tenant_id=b3b02287903d4b748973e08781155990&name=default HTTP/1.1" status: 200 len: 3120 time: 0.2318466
2026-05-09 14:07:02.318 9 INFO neutron.plugins.ml2.drivers.ovn.mech_driver.ovsdb.commands [None req-818a7e2e-62be-4a75-9208-b75ebe804d23 - - - - - -] Schedule LRP lrp-b1869eff-2816-4c00-9039-0b4577e4745b on gateway c9843b10-cff7-4fdd-b14a-52a57aef6c93 with priority 1
2026-05-09 14:07:02.328 9 INFO neutron.plugins.ml2.drivers.ovn.mech_driver.mech_driver [None req-2b62d2f3-948b-40ce-92b0-cd56d01da0a3 - - - - - -] OVN reports status up for port: b1869eff-2816-4c00-9039-0b4577e4745b
2026-05-09 14:07:02.350 9 INFO neutron.plugins.ml2.drivers.ovn.mech_driver.ovsdb.ovsdb_monitor [None req-bcee6c48-ce6a-43ab-84e0-5fb5cbae2333 - - - - - -] Router 18ebb4a3-f9fc-48d6-a7b4-fa0e099c7d78 is bound to host instance
2026-05-09 14:07:02.375 9 INFO neutron.plugins.ml2.plugin [None req-2b62d2f3-948b-40ce-92b0-cd56d01da0a3 - - - - - -] Attempt 1 to provision port b1869eff-2816-4c00-9039-0b4577e4745b
2026-05-09 14:07:02.416 10 INFO neutron.notifiers.nova [-] Nova event matching ['req-009de419-af4b-4951-a3ea-c960d50888b2'] response: {'name': 'network-changed', 'server_uuid': '53140cf9-a34a-43b5-8f85-4a8189364028', 'tag': '11777e82-28c3-4e29-918d-74cb9d213f68', 'status': 'completed', 'code': 200}
2026-05-09 14:07:02.445 9 INFO neutron.db.ovn_revision_numbers_db [None req-1b43d46b-42a7-4a38-b3d3-f8bebb19d4bf 1229be69b8c44898828698b1c8969bd5 6e816f6c0fc8484d99429a2d89928899 - - default default] Successfully bumped revision number for resource b1869eff-2816-4c00-9039-0b4577e4745b (type: router_ports) to 1
2026-05-09 14:07:02.535 10 INFO neutron.wsgi [None req-ce0c143d-17b9-4996-9652-14de6cab2621 753280bc916d47ae887db1fab82e6bd2 eee0c6a25d6a4e0380da27db6e0b54a5 - - default default] 10.0.0.184 "DELETE /v2.0/security-groups/59899d38-b71c-4c41-b381-8b0f77294d64 HTTP/1.1" status: 204 len: 168 time: 0.2271543
2026-05-09 14:07:02.568 9 INFO neutron.wsgi [req-e2fcdc81-2b6e-4a8f-a0a7-cdc8f470c972 req-ac6de28d-200f-4506-93ff-6becf0edc234 7481447b76464c98b47dd0b892cbe325 9f463f90f4f04e52a229975edc824e3f - - 55ab48c9f52240d1b556d00c1ae2d508 55ab48c9f52240d1b556d00c1ae2d508] 199.204.45.240 "GET /v2.0/ports?tenant_id=ee6843b5d0d949d88f2c7009fdc3cc32&device_id=53140cf9-a34a-43b5-8f85-4a8189364028 HTTP/1.1" status: 200 len: 1413 time: 0.1123199
2026-05-09 14:07:02.577 9 WARNING neutron.scheduler.dhcp_agent_scheduler [None req-d8c28d9c-fc0b-4204-a781-5409c942c65c 7acb5b4ae20f4c639e6953fe0c18234c 10ecd7778cc4496eb449c4abf733729a - - default default] No more DHCP agents
2026-05-09 14:07:02.596 9 WARNING neutron.api.rpc.agentnotifiers.dhcp_rpc_agent_api [None req-d8c28d9c-fc0b-4204-a781-5409c942c65c 7acb5b4ae20f4c639e6953fe0c18234c 10ecd7778cc4496eb449c4abf733729a - - default default] Unable to schedule network 7baec814-2588-465b-b9eb-d262ceb65787: no agents available; will retry on subsequent port and subnet creation events.
2026-05-09 14:07:02.716 9 INFO neutron.db.ovn_revision_numbers_db [None req-1b43d46b-42a7-4a38-b3d3-f8bebb19d4bf 1229be69b8c44898828698b1c8969bd5 6e816f6c0fc8484d99429a2d89928899 - - default default] Successfully bumped revision number for resource 18ebb4a3-f9fc-48d6-a7b4-fa0e099c7d78 (type: routers) to 2
2026-05-09 14:07:02.748 9 INFO neutron.wsgi [req-e2fcdc81-2b6e-4a8f-a0a7-cdc8f470c972 req-a6b07f28-daff-45ca-a079-aca3bc8f45d7 7481447b76464c98b47dd0b892cbe325 9f463f90f4f04e52a229975edc824e3f - - 55ab48c9f52240d1b556d00c1ae2d508 55ab48c9f52240d1b556d00c1ae2d508] 199.204.45.240 "GET /v2.0/networks?id=99a3ec72-7c72-4747-b5f0-edcc1af2b06f HTTP/1.1" status: 200 len: 959 time: 0.1748061
2026-05-09 14:07:02.754 9 INFO neutron.wsgi [None req-1b43d46b-42a7-4a38-b3d3-f8bebb19d4bf 1229be69b8c44898828698b1c8969bd5 6e816f6c0fc8484d99429a2d89928899 - - default default] 10.0.0.184 "POST /v2.0/routers HTTP/1.1" status: 201 len: 1144 time: 2.7449477
2026-05-09 14:07:03.071 9 INFO neutron.wsgi [req-e2fcdc81-2b6e-4a8f-a0a7-cdc8f470c972 req-7a936534-3786-4990-bf62-ca693ca7585d 7481447b76464c98b47dd0b892cbe325 9f463f90f4f04e52a229975edc824e3f - - 55ab48c9f52240d1b556d00c1ae2d508 55ab48c9f52240d1b556d00c1ae2d508] 199.204.45.240 "GET /v2.0/floatingips?fixed_ip_address=10.100.0.10&port_id=11777e82-28c3-4e29-918d-74cb9d213f68 HTTP/1.1" status: 200 len: 1060 time: 0.3129048
2026-05-09 14:07:03.077 9 INFO neutron.db.ovn_revision_numbers_db [None req-d8c28d9c-fc0b-4204-a781-5409c942c65c 7acb5b4ae20f4c639e6953fe0c18234c 10ecd7778cc4496eb449c4abf733729a - - default default] Successfully bumped revision number for resource e751105a-ed92-49ca-b06d-85ca06b71bca (type: ports) to 1
2026-05-09 14:07:03.123 9 INFO neutron.wsgi [req-e2fcdc81-2b6e-4a8f-a0a7-cdc8f470c972 req-01cc0f78-d9ca-4207-97ad-66b060adf55e 7481447b76464c98b47dd0b892cbe325 9f463f90f4f04e52a229975edc824e3f - - 55ab48c9f52240d1b556d00c1ae2d508 55ab48c9f52240d1b556d00c1ae2d508] 199.204.45.240 "GET /v2.0/subnets?id=938faa2c-1a4c-435b-af3c-e6982b7bffd0 HTTP/1.1" status: 200 len: 853 time: 0.0440381
2026-05-09 14:07:03.126 9 INFO neutron.wsgi [None req-d8c28d9c-fc0b-4204-a781-5409c942c65c 7acb5b4ae20f4c639e6953fe0c18234c 10ecd7778cc4496eb449c4abf733729a - - default default] 10.0.0.184 "POST /v2.0/networks HTTP/1.1" status: 201 len: 830 time: 1.5963969
2026-05-09 14:07:03.138 9 WARNING neutron_lib.context [None req-edec1888-8c69-448d-bf63-ae29bed3fa5e 7acb5b4ae20f4c639e6953fe0c18234c 10ecd7778cc4496eb449c4abf733729a - - default default] Method 'is_advsvc' is deprecated since 2023.2 release (neutron-lib 3.8.0) and will be removed once support for the old RBAC API policies will be removed from Neutron. Please use method 'is_service_role' instead.
2026-05-09 14:07:03.175 9 INFO neutron.wsgi [req-e2fcdc81-2b6e-4a8f-a0a7-cdc8f470c972 req-b50641c9-d87a-4684-ba93-113dab614bc3 7481447b76464c98b47dd0b892cbe325 9f463f90f4f04e52a229975edc824e3f - - 55ab48c9f52240d1b556d00c1ae2d508 55ab48c9f52240d1b556d00c1ae2d508] 199.204.45.240 "GET /v2.0/ports?network_id=99a3ec72-7c72-4747-b5f0-edcc1af2b06f&device_owner=network%3Adhcp HTTP/1.1" status: 200 len: 210 time: 0.0424876
2026-05-09 14:07:03.329 9 INFO neutron.wsgi [req-e2fcdc81-2b6e-4a8f-a0a7-cdc8f470c972 req-d229014d-13aa-48d7-af3d-67963e33cea2 7481447b76464c98b47dd0b892cbe325 9f463f90f4f04e52a229975edc824e3f - - 55ab48c9f52240d1b556d00c1ae2d508 55ab48c9f52240d1b556d00c1ae2d508] 199.204.45.240 "GET /v2.0/networks/99a3ec72-7c72-4747-b5f0-edcc1af2b06f?fields=segments HTTP/1.1" status: 200 len: 212 time: 0.1442020
2026-05-09 14:07:03.483 9 INFO neutron.wsgi [req-e2fcdc81-2b6e-4a8f-a0a7-cdc8f470c972 req-0826404b-4623-4b36-88dc-1f099e61995d 7481447b76464c98b47dd0b892cbe325 9f463f90f4f04e52a229975edc824e3f - - 55ab48c9f52240d1b556d00c1ae2d508 55ab48c9f52240d1b556d00c1ae2d508] 199.204.45.240 "GET /v2.0/networks/99a3ec72-7c72-4747-b5f0-edcc1af2b06f?fields=provider%3Aphysical_network&fields=provider%3Anetwork_type HTTP/1.1" status: 200 len: 277 time: 0.1458123
2026-05-09 14:07:03.627 9 WARNING neutron.scheduler.dhcp_agent_scheduler [None req-edec1888-8c69-448d-bf63-ae29bed3fa5e 7acb5b4ae20f4c639e6953fe0c18234c 10ecd7778cc4496eb449c4abf733729a - - default default] No more DHCP agents
2026-05-09 14:07:03.634 9 WARNING neutron.api.rpc.agentnotifiers.dhcp_rpc_agent_api [None req-edec1888-8c69-448d-bf63-ae29bed3fa5e 7acb5b4ae20f4c639e6953fe0c18234c 10ecd7778cc4496eb449c4abf733729a - - default default] Unable to schedule network 7baec814-2588-465b-b9eb-d262ceb65787: no agents available; will retry on subsequent port and subnet creation events.
2026-05-09 14:07:03.823 9 INFO neutron.db.ovn_revision_numbers_db [None req-edec1888-8c69-448d-bf63-ae29bed3fa5e 7acb5b4ae20f4c639e6953fe0c18234c 10ecd7778cc4496eb449c4abf733729a - - default default] Successfully bumped revision number for resource f5ccad0c-1630-4cbc-bead-b59be833bfc6 (type: ports) to 1
2026-05-09 14:07:03.877 9 INFO neutron.db.ovn_revision_numbers_db [None req-bcee6c48-ce6a-43ab-84e0-5fb5cbae2333 - - - - - -] Successfully bumped revision number for resource b1869eff-2816-4c00-9039-0b4577e4745b (type: ports) to 1
2026-05-09 14:07:04.122 9 INFO neutron.wsgi [None req-edec1888-8c69-448d-bf63-ae29bed3fa5e 7acb5b4ae20f4c639e6953fe0c18234c 10ecd7778cc4496eb449c4abf733729a - - default default] 10.0.0.184 "POST /v2.0/ports HTTP/1.1" status: 201 len: 942 time: 0.9901617 /var/lib/openstack/lib/python3.10/site-packages/pycadf/identifier.py:71: UserWarning: Invalid uuid: neutron. To ensure interoperability, identifiers should be a valid uuid. warnings.warn(('Invalid uuid: %s. To ensure interoperability, '
2026-05-09 14:07:04.132 9 WARNING neutron_lib.context [None req-201b9487-8f65-45f9-a933-1f5768775ee9 7acb5b4ae20f4c639e6953fe0c18234c 10ecd7778cc4496eb449c4abf733729a - - default default] Method 'is_advsvc' is deprecated since 2023.2 release (neutron-lib 3.8.0) and will be removed once support for the old RBAC API policies will be removed from Neutron. Please use method 'is_service_role' instead.
2026-05-09 14:07:04.144 10 WARNING neutron.scheduler.dhcp_agent_scheduler [None req-644d33ab-310e-4368-9ed3-233ac0feebe8 1229be69b8c44898828698b1c8969bd5 6e816f6c0fc8484d99429a2d89928899 - - default default] No more DHCP agents
2026-05-09 14:07:04.146 10 WARNING neutron.api.rpc.agentnotifiers.dhcp_rpc_agent_api [None req-644d33ab-310e-4368-9ed3-233ac0feebe8 1229be69b8c44898828698b1c8969bd5 6e816f6c0fc8484d99429a2d89928899 - - default default] Unable to schedule network 86314ddf-c1d8-43be-8fef-1e53579291a6: no agents available; will retry on subsequent port and subnet creation events.
2026-05-09 14:07:04.313 10 INFO neutron.db.ovn_revision_numbers_db [None req-644d33ab-310e-4368-9ed3-233ac0feebe8 1229be69b8c44898828698b1c8969bd5 6e816f6c0fc8484d99429a2d89928899 - - default default] Successfully bumped revision number for resource d685f85e-691b-4fe7-acc9-2e3400fb32e9 (type: ports) to 1
2026-05-09 14:07:04.827 9 INFO neutron.db.ovn_revision_numbers_db [None req-bcee6c48-ce6a-43ab-84e0-5fb5cbae2333 - - - - - -] Successfully bumped revision number for resource b1869eff-2816-4c00-9039-0b4577e4745b (type: router_ports) to 3
2026-05-09 14:07:04.886 9 INFO neutron.wsgi [-] 10.0.0.12 "GET / HTTP/1.1" status: 200 len: 246 time: 0.0021183
2026-05-09 14:07:04.888 9 INFO neutron.wsgi [-] 10.0.0.12 "GET / HTTP/1.1" status: 200 len: 246 time: 0.0010924
2026-05-09 14:07:05.078 9 INFO neutron.wsgi [None req-201b9487-8f65-45f9-a933-1f5768775ee9 7acb5b4ae20f4c639e6953fe0c18234c 10ecd7778cc4496eb449c4abf733729a - - default default] 10.0.0.184 "POST /v2.0/trunks HTTP/1.1" status: 201 len: 608 time: 0.9514239
2026-05-09 14:07:05.087 10 WARNING neutron_lib.context [None req-19d41e42-9aec-4149-9cea-9fda59ad9563 7acb5b4ae20f4c639e6953fe0c18234c 10ecd7778cc4496eb449c4abf733729a - - default default] Method 'is_advsvc' is deprecated since 2023.2 release (neutron-lib 3.8.0) and will be removed once support for the old RBAC API policies will be removed from Neutron. Please use method 'is_service_role' instead.
2026-05-09 14:07:05.189 9 INFO neutron.db.ovn_revision_numbers_db [None req-bcee6c48-ce6a-43ab-84e0-5fb5cbae2333 - - - - - -] Successfully bumped revision number for resource b1869eff-2816-4c00-9039-0b4577e4745b (type: ports) to 2
2026-05-09 14:07:05.308 10 ERROR ovsdbapp.backend.ovs_idl.command [None req-644d33ab-310e-4368-9ed3-233ac0feebe8 1229be69b8c44898828698b1c8969bd5 6e816f6c0fc8484d99429a2d89928899 - - default default] Error executing command (DbGetCommand): ovsdbapp.backend.ovs_idl.idlutils.RowNotFound: Cannot find Logical_Router_Port with name=lrp-d685f85e-691b-4fe7-acc9-2e3400fb32e9
2026-05-09 14:07:05.308 10 ERROR ovsdbapp.backend.ovs_idl.command
Traceback (most recent call last):
2026-05-09 14:07:05.308 10 ERROR ovsdbapp.backend.ovs_idl.command
File "/var/lib/openstack/lib/python3.10/site-packages/ovsdbapp/backend/ovs_idl/command.py", line 47, in execute
2026-05-09 14:07:05.308 10 ERROR ovsdbapp.backend.ovs_idl.command self.run_idl(None)
2026-05-09 14:07:05.308 10 ERROR ovsdbapp.backend.ovs_idl.command
File "/var/lib/openstack/lib/python3.10/site-packages/ovsdbapp/backend/ovs_idl/command.py", line 235, in run_idl
2026-05-09 14:07:05.308 10 ERROR ovsdbapp.backend.ovs_idl.command record = self.api.lookup(self.table, self.record)
2026-05-09 14:07:05.308 10 ERROR ovsdbapp.backend.ovs_idl.command
File "/var/lib/openstack/lib/python3.10/site-packages/ovsdbapp/backend/ovs_idl/__init__.py", line 184, in lookup
2026-05-09 14:07:05.308 10 ERROR ovsdbapp.backend.ovs_idl.command return self._lookup(table, record)
2026-05-09 14:07:05.308 10 ERROR ovsdbapp.backend.ovs_idl.command
File "/var/lib/openstack/lib/python3.10/site-packages/ovsdbapp/backend/ovs_idl/__init__.py", line 235, in _lookup
2026-05-09 14:07:05.308 10 ERROR ovsdbapp.backend.ovs_idl.command row = idlutils.row_by_value(self, rl.table, rl.column, record)
2026-05-09 14:07:05.308 10 ERROR ovsdbapp.backend.ovs_idl.command
File "/var/lib/openstack/lib/python3.10/site-packages/ovsdbapp/backend/ovs_idl/idlutils.py", line 114, in row_by_value
2026-05-09 14:07:05.308 10 ERROR ovsdbapp.backend.ovs_idl.command raise RowNotFound(table=table, col=column, match=match)
2026-05-09 14:07:05.308 10 ERROR ovsdbapp.backend.ovs_idl.command ovsdbapp.backend.ovs_idl.idlutils.RowNotFound: Cannot find Logical_Router_Port with name=lrp-d685f85e-691b-4fe7-acc9-2e3400fb32e9
2026-05-09 14:07:05.308 10 ERROR ovsdbapp.backend.ovs_idl.command 
2026-05-09 14:07:05.308 10 ERROR neutron_lib.callbacks.manager [None req-644d33ab-310e-4368-9ed3-233ac0feebe8 1229be69b8c44898828698b1c8969bd5 6e816f6c0fc8484d99429a2d89928899 - - default default] Error during notification for neutron.services.ovn_l3.plugin.OVNL3RouterPlugin._port_update-8766159168212 port, after_update: ovsdbapp.backend.ovs_idl.idlutils.RowNotFound: Cannot find Logical_Router_Port with name=lrp-d685f85e-691b-4fe7-acc9-2e3400fb32e9
2026-05-09 14:07:05.308 10 ERROR neutron_lib.callbacks.manager
Traceback (most recent call last):
2026-05-09 14:07:05.308 10 ERROR neutron_lib.callbacks.manager
File "/var/lib/openstack/lib/python3.10/site-packages/neutron_lib/callbacks/manager.py", line 189, in _notify_loop
2026-05-09 14:07:05.308 10 ERROR neutron_lib.callbacks.manager callback.method(resource, event, trigger, payload=payload)
2026-05-09 14:07:05.308 10 ERROR neutron_lib.callbacks.manager
File "/var/lib/openstack/lib/python3.10/site-packages/neutron/services/ovn_l3/plugin.py", line 391, in _port_update
2026-05-09 14:07:05.308 10 ERROR neutron_lib.callbacks.manager l3plugin._ovn_client.update_router_port(context,
2026-05-09 14:07:05.308 10 ERROR neutron_lib.callbacks.manager
File "/var/lib/openstack/lib/python3.10/site-packages/neutron/plugins/ml2/drivers/ovn/mech_driver/ovsdb/ovn_client.py", line 1878, in update_router_port
2026-05-09 14:07:05.308 10 ERROR neutron_lib.callbacks.manager self._update_lrouter_port(context, port, if_exists=if_exists,
2026-05-09 14:07:05.308 10 ERROR neutron_lib.callbacks.manager
File "/var/lib/openstack/lib/python3.10/site-packages/neutron/plugins/ml2/drivers/ovn/mech_driver/ovsdb/ovn_client.py", line 1855, in _update_lrouter_port
2026-05-09 14:07:05.308 10 ERROR neutron_lib.callbacks.manager external_ids = self._nb_idl.db_get(
2026-05-09 14:07:05.308 10 ERROR neutron_lib.callbacks.manager
File "/var/lib/openstack/lib/python3.10/site-packages/ovsdbapp/backend/ovs_idl/command.py", line 47, in execute
2026-05-09 14:07:05.308 10 ERROR neutron_lib.callbacks.manager self.run_idl(None)
2026-05-09 14:07:05.308 10 ERROR neutron_lib.callbacks.manager
File "/var/lib/openstack/lib/python3.10/site-packages/ovsdbapp/backend/ovs_idl/command.py", line 235, in run_idl
2026-05-09 14:07:05.308 10 ERROR neutron_lib.callbacks.manager record = self.api.lookup(self.table, self.record)
2026-05-09 14:07:05.308 10 ERROR neutron_lib.callbacks.manager
File "/var/lib/openstack/lib/python3.10/site-packages/ovsdbapp/backend/ovs_idl/__init__.py", line 184, in lookup
2026-05-09 14:07:05.308 10 ERROR neutron_lib.callbacks.manager return self._lookup(table, record)
2026-05-09 14:07:05.308 10 ERROR neutron_lib.callbacks.manager
File "/var/lib/openstack/lib/python3.10/site-packages/ovsdbapp/backend/ovs_idl/__init__.py", line 235, in _lookup
2026-05-09 14:07:05.308 10 ERROR neutron_lib.callbacks.manager row = idlutils.row_by_value(self, rl.table, rl.column, record)
2026-05-09 14:07:05.308 10 ERROR neutron_lib.callbacks.manager
File "/var/lib/openstack/lib/python3.10/site-packages/ovsdbapp/backend/ovs_idl/idlutils.py", line 114, in row_by_value
2026-05-09 14:07:05.308 10 ERROR neutron_lib.callbacks.manager raise RowNotFound(table=table, col=column, match=match)
2026-05-09 14:07:05.308 10 ERROR neutron_lib.callbacks.manager ovsdbapp.backend.ovs_idl.idlutils.RowNotFound: Cannot find Logical_Router_Port with name=lrp-d685f85e-691b-4fe7-acc9-2e3400fb32e9
2026-05-09 14:07:05.308 10 ERROR neutron_lib.callbacks.manager 
2026-05-09 14:07:05.331 10 INFO neutron.db.segments_db [None req-19d41e42-9aec-4149-9cea-9fda59ad9563 7acb5b4ae20f4c639e6953fe0c18234c 10ecd7778cc4496eb449c4abf733729a - - default default] Added segment 4ea4cb85-a6cf-444f-af7f-9a2b895f6706 of type geneve for network 4bf998fe-7116-4888-8604-3dcb8c445210
2026-05-09 14:07:05.616 10 INFO neutron.db.ovn_revision_numbers_db [None req-644d33ab-310e-4368-9ed3-233ac0feebe8 1229be69b8c44898828698b1c8969bd5 6e816f6c0fc8484d99429a2d89928899 - - default default] Successfully bumped revision number for resource d685f85e-691b-4fe7-acc9-2e3400fb32e9 (type: ports) to 1
2026-05-09 14:07:05.622 10 INFO neutron.db.ovn_revision_numbers_db [None req-19d41e42-9aec-4149-9cea-9fda59ad9563 7acb5b4ae20f4c639e6953fe0c18234c 10ecd7778cc4496eb449c4abf733729a - - default default] Successfully bumped revision number for resource 4bf998fe-7116-4888-8604-3dcb8c445210 (type: networks) to 1
2026-05-09 14:07:05.688 9 INFO neutron.plugins.ml2.drivers.ovn.mech_driver.mech_driver [None req-2b62d2f3-948b-40ce-92b0-cd56d01da0a3 - - - - - -] OVN reports status up for port: d685f85e-691b-4fe7-acc9-2e3400fb32e9
2026-05-09 14:07:05.697 9 INFO neutron.plugins.ml2.plugin [None req-2b62d2f3-948b-40ce-92b0-cd56d01da0a3 - - - - - -] Attempt 1 to provision port d685f85e-691b-4fe7-acc9-2e3400fb32e9
2026-05-09 14:07:05.924 10 WARNING neutron.scheduler.dhcp_agent_scheduler [None req-644d33ab-310e-4368-9ed3-233ac0feebe8 1229be69b8c44898828698b1c8969bd5 6e816f6c0fc8484d99429a2d89928899 - - default default] No more DHCP agents
2026-05-09 14:07:05.931 10 WARNING neutron.api.rpc.agentnotifiers.dhcp_rpc_agent_api [None req-644d33ab-310e-4368-9ed3-233ac0feebe8 1229be69b8c44898828698b1c8969bd5 6e816f6c0fc8484d99429a2d89928899 - - default default] Unable to schedule network 86314ddf-c1d8-43be-8fef-1e53579291a6: no agents available; will retry on subsequent port and subnet creation events.
2026-05-09 14:07:05.951 9 INFO neutron.db.ovn_revision_numbers_db [None req-bcee6c48-ce6a-43ab-84e0-5fb5cbae2333 - - - - - -] Successfully bumped revision number for resource b1869eff-2816-4c00-9039-0b4577e4745b (type: ports) to 4
2026-05-09 14:07:06.174 10 WARNING neutron.scheduler.dhcp_agent_scheduler [None req-19d41e42-9aec-4149-9cea-9fda59ad9563 7acb5b4ae20f4c639e6953fe0c18234c 10ecd7778cc4496eb449c4abf733729a - - default default] No more DHCP agents
2026-05-09 14:07:06.178 10 WARNING neutron.api.rpc.agentnotifiers.dhcp_rpc_agent_api [None req-19d41e42-9aec-4149-9cea-9fda59ad9563 7acb5b4ae20f4c639e6953fe0c18234c 10ecd7778cc4496eb449c4abf733729a - - default default] Unable to schedule network 4bf998fe-7116-4888-8604-3dcb8c445210: no agents available; will retry on subsequent port and subnet creation events.
2026-05-09 14:07:06.653 10 INFO neutron.db.ovn_revision_numbers_db [None req-19d41e42-9aec-4149-9cea-9fda59ad9563 7acb5b4ae20f4c639e6953fe0c18234c 10ecd7778cc4496eb449c4abf733729a - - default default] Successfully bumped revision number for resource 6dca0d41-7ff7-4051-b196-f8f525758b79 (type: ports) to 1
