2026-05-09 14:05:55.057 10 ERROR ovsdbapp.backend.ovs_idl.command
File "/var/lib/openstack/lib/python3.10/site-packages/ovsdbapp/backend/ovs_idl/command.py", line 47, in execute
2026-05-09 14:05:55.057 10 ERROR ovsdbapp.backend.ovs_idl.command self.run_idl(None)
2026-05-09 14:05:55.057 10 ERROR ovsdbapp.backend.ovs_idl.command
File "/var/lib/openstack/lib/python3.10/site-packages/ovsdbapp/backend/ovs_idl/command.py", line 235, in run_idl
2026-05-09 14:05:55.057 10 ERROR ovsdbapp.backend.ovs_idl.command record = self.api.lookup(self.table, self.record)
2026-05-09 14:05:55.057 10 ERROR ovsdbapp.backend.ovs_idl.command
File "/var/lib/openstack/lib/python3.10/site-packages/ovsdbapp/backend/ovs_idl/__init__.py", line 184, in lookup
2026-05-09 14:05:55.057 10 ERROR ovsdbapp.backend.ovs_idl.command return self._lookup(table, record)
2026-05-09 14:05:55.057 10 ERROR ovsdbapp.backend.ovs_idl.command
File "/var/lib/openstack/lib/python3.10/site-packages/ovsdbapp/backend/ovs_idl/__init__.py", line 235, in _lookup
2026-05-09 14:05:55.057 10 ERROR ovsdbapp.backend.ovs_idl.command row = idlutils.row_by_value(self, rl.table, rl.column, record)
2026-05-09 14:05:55.057 10 ERROR ovsdbapp.backend.ovs_idl.command
File "/var/lib/openstack/lib/python3.10/site-packages/ovsdbapp/backend/ovs_idl/idlutils.py", line 114, in row_by_value
2026-05-09 14:05:55.057 10 ERROR ovsdbapp.backend.ovs_idl.command raise RowNotFound(table=table, col=column, match=match)
2026-05-09 14:05:55.057 10 ERROR ovsdbapp.backend.ovs_idl.command ovsdbapp.backend.ovs_idl.idlutils.RowNotFound: Cannot find Logical_Router_Port with name=lrp-7e900d47-bf76-4e23-b423-7851bbd4fe7a
2026-05-09 14:05:55.057 10 ERROR ovsdbapp.backend.ovs_idl.command 
2026-05-09 14:05:55.058 10 ERROR neutron_lib.callbacks.manager [None req-69427717-af26-4687-9a49-940a29f799c4 - - - - - -] Error during notification for neutron.services.ovn_l3.plugin.OVNL3RouterPlugin._port_update-8766159168212 port, after_update: ovsdbapp.backend.ovs_idl.idlutils.RowNotFound: Cannot find Logical_Router_Port with name=lrp-7e900d47-bf76-4e23-b423-7851bbd4fe7a
2026-05-09 14:05:55.058 10 ERROR neutron_lib.callbacks.manager
Traceback (most recent call last):
2026-05-09 14:05:55.058 10 ERROR neutron_lib.callbacks.manager
File "/var/lib/openstack/lib/python3.10/site-packages/neutron_lib/callbacks/manager.py", line 189, in _notify_loop
2026-05-09 14:05:55.058 10 ERROR neutron_lib.callbacks.manager callback.method(resource, event, trigger, payload=payload)
2026-05-09 14:05:55.058 10 ERROR neutron_lib.callbacks.manager
File "/var/lib/openstack/lib/python3.10/site-packages/neutron/services/ovn_l3/plugin.py", line 391, in _port_update
2026-05-09 14:05:55.058 10 ERROR neutron_lib.callbacks.manager l3plugin._ovn_client.update_router_port(context,
2026-05-09 14:05:55.058 10 ERROR neutron_lib.callbacks.manager
File "/var/lib/openstack/lib/python3.10/site-packages/neutron/plugins/ml2/drivers/ovn/mech_driver/ovsdb/ovn_client.py", line 1878, in update_router_port
2026-05-09 14:05:55.058 10 ERROR neutron_lib.callbacks.manager self._update_lrouter_port(context, port, if_exists=if_exists,
2026-05-09 14:05:55.058 10 ERROR neutron_lib.callbacks.manager
File "/var/lib/openstack/lib/python3.10/site-packages/neutron/plugins/ml2/drivers/ovn/mech_driver/ovsdb/ovn_client.py", line 1855, in _update_lrouter_port
2026-05-09 14:05:55.058 10 ERROR neutron_lib.callbacks.manager external_ids = self._nb_idl.db_get(
2026-05-09 14:05:55.058 10 ERROR neutron_lib.callbacks.manager
File "/var/lib/openstack/lib/python3.10/site-packages/ovsdbapp/backend/ovs_idl/command.py", line 47, in execute
2026-05-09 14:05:55.058 10 ERROR neutron_lib.callbacks.manager self.run_idl(None)
2026-05-09 14:05:55.058 10 ERROR neutron_lib.callbacks.manager
File "/var/lib/openstack/lib/python3.10/site-packages/ovsdbapp/backend/ovs_idl/command.py", line 235, in run_idl
2026-05-09 14:05:55.058 10 ERROR neutron_lib.callbacks.manager record = self.api.lookup(self.table, self.record)
2026-05-09 14:05:55.058 10 ERROR neutron_lib.callbacks.manager
File "/var/lib/openstack/lib/python3.10/site-packages/ovsdbapp/backend/ovs_idl/__init__.py", line 184, in lookup
2026-05-09 14:05:55.058 10 ERROR neutron_lib.callbacks.manager return self._lookup(table, record)
2026-05-09 14:05:55.058 10 ERROR neutron_lib.callbacks.manager
File "/var/lib/openstack/lib/python3.10/site-packages/ovsdbapp/backend/ovs_idl/__init__.py", line 235, in _lookup
2026-05-09 14:05:55.058 10 ERROR neutron_lib.callbacks.manager row = idlutils.row_by_value(self, rl.table, rl.column, record)
2026-05-09 14:05:55.058 10 ERROR neutron_lib.callbacks.manager
File "/var/lib/openstack/lib/python3.10/site-packages/ovsdbapp/backend/ovs_idl/idlutils.py", line 114, in row_by_value
2026-05-09 14:05:55.058 10 ERROR neutron_lib.callbacks.manager raise RowNotFound(table=table, col=column, match=match)
2026-05-09 14:05:55.058 10 ERROR neutron_lib.callbacks.manager ovsdbapp.backend.ovs_idl.idlutils.RowNotFound: Cannot find Logical_Router_Port with name=lrp-7e900d47-bf76-4e23-b423-7851bbd4fe7a
2026-05-09 14:05:55.058 10 ERROR neutron_lib.callbacks.manager 
2026-05-09 14:05:55.169 10 ERROR ovsdbapp.backend.ovs_idl.command [None req-9703d4e2-0091-4d1a-a2b2-125823a9a178 f077e714497442989b313dc248fd38c8 4b9569e0567045c3819c887ec401ae20 - - default default] Error executing command (DbGetCommand): ovsdbapp.backend.ovs_idl.idlutils.RowNotFound: Cannot find Logical_Router_Port with name=lrp-7e900d47-bf76-4e23-b423-7851bbd4fe7a
2026-05-09 14:05:55.169 10 ERROR ovsdbapp.backend.ovs_idl.command
Traceback (most recent call last):
2026-05-09 14:05:55.169 10 ERROR ovsdbapp.backend.ovs_idl.command
File "/var/lib/openstack/lib/python3.10/site-packages/ovsdbapp/backend/ovs_idl/command.py", line 47, in execute
2026-05-09 14:05:55.169 10 ERROR ovsdbapp.backend.ovs_idl.command self.run_idl(None)
2026-05-09 14:05:55.169 10 ERROR ovsdbapp.backend.ovs_idl.command
File "/var/lib/openstack/lib/python3.10/site-packages/ovsdbapp/backend/ovs_idl/command.py", line 235, in run_idl
2026-05-09 14:05:55.169 10 ERROR ovsdbapp.backend.ovs_idl.command record = self.api.lookup(self.table, self.record)
2026-05-09 14:05:55.169 10 ERROR ovsdbapp.backend.ovs_idl.command
File "/var/lib/openstack/lib/python3.10/site-packages/ovsdbapp/backend/ovs_idl/__init__.py", line 184, in lookup
2026-05-09 14:05:55.169 10 ERROR ovsdbapp.backend.ovs_idl.command return self._lookup(table, record)
2026-05-09 14:05:55.169 10 ERROR ovsdbapp.backend.ovs_idl.command
File "/var/lib/openstack/lib/python3.10/site-packages/ovsdbapp/backend/ovs_idl/__init__.py", line 235, in _lookup
2026-05-09 14:05:55.169 10 ERROR ovsdbapp.backend.ovs_idl.command row = idlutils.row_by_value(self, rl.table, rl.column, record)
2026-05-09 14:05:55.169 10 ERROR ovsdbapp.backend.ovs_idl.command
File "/var/lib/openstack/lib/python3.10/site-packages/ovsdbapp/backend/ovs_idl/idlutils.py", line 114, in row_by_value
2026-05-09 14:05:55.169 10 ERROR ovsdbapp.backend.ovs_idl.command raise RowNotFound(table=table, col=column, match=match)
2026-05-09 14:05:55.169 10 ERROR ovsdbapp.backend.ovs_idl.command ovsdbapp.backend.ovs_idl.idlutils.RowNotFound: Cannot find Logical_Router_Port with name=lrp-7e900d47-bf76-4e23-b423-7851bbd4fe7a
2026-05-09 14:05:55.169 10 ERROR ovsdbapp.backend.ovs_idl.command 
2026-05-09 14:05:55.170 10 ERROR neutron_lib.callbacks.manager [None req-9703d4e2-0091-4d1a-a2b2-125823a9a178 f077e714497442989b313dc248fd38c8 4b9569e0567045c3819c887ec401ae20 - - default default] Error during notification for neutron.services.ovn_l3.plugin.OVNL3RouterPlugin._port_update-8766159168212 port, after_update: ovsdbapp.backend.ovs_idl.idlutils.RowNotFound: Cannot find Logical_Router_Port with name=lrp-7e900d47-bf76-4e23-b423-7851bbd4fe7a
2026-05-09 14:05:55.170 10 ERROR neutron_lib.callbacks.manager
Traceback (most recent call last):
2026-05-09 14:05:55.170 10 ERROR neutron_lib.callbacks.manager
File "/var/lib/openstack/lib/python3.10/site-packages/neutron_lib/callbacks/manager.py", line 189, in _notify_loop
2026-05-09 14:05:55.170 10 ERROR neutron_lib.callbacks.manager callback.method(resource, event, trigger, payload=payload)
2026-05-09 14:05:55.170 10 ERROR neutron_lib.callbacks.manager
File "/var/lib/openstack/lib/python3.10/site-packages/neutron/services/ovn_l3/plugin.py", line 391, in _port_update
2026-05-09 14:05:55.170 10 ERROR neutron_lib.callbacks.manager l3plugin._ovn_client.update_router_port(context,
2026-05-09 14:05:55.170 10 ERROR neutron_lib.callbacks.manager
File "/var/lib/openstack/lib/python3.10/site-packages/neutron/plugins/ml2/drivers/ovn/mech_driver/ovsdb/ovn_client.py", line 1878, in update_router_port
2026-05-09 14:05:55.170 10 ERROR neutron_lib.callbacks.manager self._update_lrouter_port(context, port, if_exists=if_exists,
2026-05-09 14:05:55.170 10 ERROR neutron_lib.callbacks.manager
File "/var/lib/openstack/lib/python3.10/site-packages/neutron/plugins/ml2/drivers/ovn/mech_driver/ovsdb/ovn_client.py", line 1855, in _update_lrouter_port
2026-05-09 14:05:55.170 10 ERROR neutron_lib.callbacks.manager external_ids = self._nb_idl.db_get(
2026-05-09 14:05:55.170 10 ERROR neutron_lib.callbacks.manager
File "/var/lib/openstack/lib/python3.10/site-packages/ovsdbapp/backend/ovs_idl/command.py", line 47, in execute
2026-05-09 14:05:55.170 10 ERROR neutron_lib.callbacks.manager self.run_idl(None)
2026-05-09 14:05:55.170 10 ERROR neutron_lib.callbacks.manager
File "/var/lib/openstack/lib/python3.10/site-packages/ovsdbapp/backend/ovs_idl/command.py", line 235, in run_idl
2026-05-09 14:05:55.170 10 ERROR neutron_lib.callbacks.manager record = self.api.lookup(self.table, self.record)
2026-05-09 14:05:55.170 10 ERROR neutron_lib.callbacks.manager
File "/var/lib/openstack/lib/python3.10/site-packages/ovsdbapp/backend/ovs_idl/__init__.py", line 184, in lookup
2026-05-09 14:05:55.170 10 ERROR neutron_lib.callbacks.manager return self._lookup(table, record)
2026-05-09 14:05:55.170 10 ERROR neutron_lib.callbacks.manager
File "/var/lib/openstack/lib/python3.10/site-packages/ovsdbapp/backend/ovs_idl/__init__.py", line 235, in _lookup
2026-05-09 14:05:55.170 10 ERROR neutron_lib.callbacks.manager row = idlutils.row_by_value(self, rl.table, rl.column, record)
2026-05-09 14:05:55.170 10 ERROR neutron_lib.callbacks.manager
File "/var/lib/openstack/lib/python3.10/site-packages/ovsdbapp/backend/ovs_idl/idlutils.py", line 114, in row_by_value
2026-05-09 14:05:55.170 10 ERROR neutron_lib.callbacks.manager raise RowNotFound(table=table, col=column, match=match)
2026-05-09 14:05:55.170 10 ERROR neutron_lib.callbacks.manager ovsdbapp.backend.ovs_idl.idlutils.RowNotFound: Cannot find Logical_Router_Port with name=lrp-7e900d47-bf76-4e23-b423-7851bbd4fe7a
2026-05-09 14:05:55.170 10 ERROR neutron_lib.callbacks.manager 
2026-05-09 14:05:55.213 9 INFO neutron.wsgi [None req-8657ab7f-5d2c-46af-b04d-cb7b14a310b5 0a86f48beaa34b278d459d3bbc4b62d0 6f104671e4f549ea9d6259ded38e96cf - - default default] 10.0.0.184 "GET /v2.0/floatingips?not-tags-any=blue HTTP/1.1" status: 200 len: 1838 time: 0.2695782 /var/lib/openstack/lib/python3.10/site-packages/pycadf/identifier.py:71: UserWarning: Invalid uuid: neutron. To ensure interoperability, identifiers should be a valid uuid. warnings.warn(('Invalid uuid: %s. To ensure interoperability, '
2026-05-09 14:05:55.370 9 WARNING neutron.scheduler.dhcp_agent_scheduler [None req-d4e31e3d-7b24-4c1e-a50d-d4172cfa2b24 f50bfb267c4f438393d19afb8ae8cad5 ea148da660f84ef9a158495503a65ca0 - - default default] No more DHCP agents
2026-05-09 14:05:55.373 9 WARNING neutron.api.rpc.agentnotifiers.dhcp_rpc_agent_api [None req-d4e31e3d-7b24-4c1e-a50d-d4172cfa2b24 f50bfb267c4f438393d19afb8ae8cad5 ea148da660f84ef9a158495503a65ca0 - - default default] Unable to schedule network d1433d7a-ed36-43a7-bdfe-110e60605ba4: no agents available; will retry on subsequent port and subnet creation events.
2026-05-09 14:05:55.470 9 INFO neutron.db.ovn_revision_numbers_db [None req-d4e31e3d-7b24-4c1e-a50d-d4172cfa2b24 f50bfb267c4f438393d19afb8ae8cad5 ea148da660f84ef9a158495503a65ca0 - - default default] Successfully bumped revision number for resource 049f3adc-fa4d-4b6e-87de-931e0ae76651 (type: ports) to 1
2026-05-09 14:05:55.508 10 INFO neutron.wsgi [None req-ca7996d7-ca62-411b-a83f-3fd69316c5e8 0a86f48beaa34b278d459d3bbc4b62d0 6f104671e4f549ea9d6259ded38e96cf - - default default] 10.0.0.184 "GET /v2.0/floatingips?not-tags-any=red%2Cblue HTTP/1.1" status: 200 len: 1295 time: 0.2899380
2026-05-09 14:05:55.509 9 INFO neutron.wsgi [None req-d4e31e3d-7b24-4c1e-a50d-d4172cfa2b24 f50bfb267c4f438393d19afb8ae8cad5 ea148da660f84ef9a158495503a65ca0 - - default default] 10.0.0.184 "POST /v2.0/networks HTTP/1.1" status: 201 len: 1445 time: 2.0783925
2026-05-09 14:05:55.642 9 INFO neutron.wsgi [None req-6747b441-0542-4407-956e-e73a22b40a86 f50bfb267c4f438393d19afb8ae8cad5 ea148da660f84ef9a158495503a65ca0 - - default default] 10.0.0.184 "GET /v2.0/networks HTTP/1.1" status: 200 len: 2051 time: 0.1272724
2026-05-09 14:05:55.667 10 INFO neutron.db.ovn_revision_numbers_db [None req-9703d4e2-0091-4d1a-a2b2-125823a9a178 f077e714497442989b313dc248fd38c8 4b9569e0567045c3819c887ec401ae20 - - default default] Successfully bumped revision number for resource 7e900d47-bf76-4e23-b423-7851bbd4fe7a (type: ports) to 3
2026-05-09 14:05:55.763 10 WARNING neutron.scheduler.dhcp_agent_scheduler [None req-9703d4e2-0091-4d1a-a2b2-125823a9a178 f077e714497442989b313dc248fd38c8 4b9569e0567045c3819c887ec401ae20 - - default default] No more DHCP agents
2026-05-09 14:05:55.764 10 WARNING neutron.api.rpc.agentnotifiers.dhcp_rpc_agent_api [None req-9703d4e2-0091-4d1a-a2b2-125823a9a178 f077e714497442989b313dc248fd38c8 4b9569e0567045c3819c887ec401ae20 - - default default] Unable to schedule network 0c59b4f2-b36b-4723-a62b-baccb1b40b08: no agents available; will retry on subsequent port and subnet creation events.
2026-05-09 14:05:55.948 10 INFO neutron.db.ovn_revision_numbers_db [None req-9703d4e2-0091-4d1a-a2b2-125823a9a178 f077e714497442989b313dc248fd38c8 4b9569e0567045c3819c887ec401ae20 - - default default] Successfully bumped revision number for resource 7e900d47-bf76-4e23-b423-7851bbd4fe7a (type: router_ports) to 3
2026-05-09 14:05:55.953 10 INFO neutron.wsgi [None req-9703d4e2-0091-4d1a-a2b2-125823a9a178 f077e714497442989b313dc248fd38c8 4b9569e0567045c3819c887ec401ae20 - - default default] 10.0.0.184 "PUT /v2.0/routers/510ad906-91dd-4666-b7f2-8cabaf80ecd1/add_router_interface HTTP/1.1" status: 200 len: 503 time: 2.5596132
2026-05-09 14:05:56.011 10 INFO neutron.wsgi [None req-116a4dcc-0c4f-42aa-9ccf-8edffb5df373 0a86f48beaa34b278d459d3bbc4b62d0 6f104671e4f549ea9d6259ded38e96cf - - default default] 10.0.0.184 "DELETE /v2.0/floatingips/7410900d-3438-475c-aecb-517048a0e9bc HTTP/1.1" status: 204 len: 168 time: 0.4924207
2026-05-09 14:05:56.013 9 INFO neutron.services.segments.plugin [-] Segment e879de85-1ee8-408a-a698-b974da73dca1 resource provider aggregate not found
2026-05-09 14:05:56.024 9 INFO neutron.services.segments.plugin [-] Segment e879de85-1ee8-408a-a698-b974da73dca1 resource provider aggregate not found
2026-05-09 14:05:56.027 9 INFO neutron.services.segments.plugin [-] Segment e879de85-1ee8-408a-a698-b974da73dca1 resource provider not found; error: Placement Client Error (4xx): {"errors": [{"status": 404, "title": "Not Found", "detail": "The resource could not be found.\n\n No resource provider with uuid e879de85-1ee8-408a-a698-b974da73dca1 found for delete ", "request_id": "req-3bbf1b33-216e-4bd2-a4a3-d9643dfff0fb"}]}
2026-05-09 14:05:56.036 9 INFO neutron.wsgi [None req-7c705682-6614-4d35-80d1-12c167d5a2c4 f50bfb267c4f438393d19afb8ae8cad5 ea148da660f84ef9a158495503a65ca0 - - default default] 10.0.0.184 "DELETE /v2.0/networks/fd8fc240-53a6-421c-b094-21c85cb54806 HTTP/1.1" status: 204 len: 168 time: 0.3885715
2026-05-09 14:05:56.049 9 INFO neutron.services.segments.plugin [-] Segment e879de85-1ee8-408a-a698-b974da73dca1 resource provider not found; error: Placement Client Error (4xx): {"errors": [{"status": 404, "title": "Not Found", "detail": "The resource could not be found.\n\n No resource provider with uuid e879de85-1ee8-408a-a698-b974da73dca1 found for delete ", "request_id": "req-a1f06b1e-0ff4-49c8-8d1d-4372a5e38c1e"}]}
2026-05-09 14:05:56.074 10 INFO neutron.wsgi [None req-475f920f-365f-451b-a321-388c6ece407d f077e714497442989b313dc248fd38c8 4b9569e0567045c3819c887ec401ae20 - - default default] 10.0.0.184 "GET /v2.0/ports/7e900d47-bf76-4e23-b423-7851bbd4fe7a HTTP/1.1" status: 200 len: 1221 time: 0.1178756
2026-05-09 14:05:56.285 10 INFO neutron.wsgi [None req-78137edc-7195-4993-9fdf-ba43a8cb55f9 0a86f48beaa34b278d459d3bbc4b62d0 6f104671e4f549ea9d6259ded38e96cf - - default default] 10.0.0.184 "DELETE /v2.0/floatingips/737b182e-2062-4230-92f6-8d66fa1b450f HTTP/1.1" status: 204 len: 168 time: 0.2658811 /var/lib/openstack/lib/python3.10/site-packages/pycadf/identifier.py:71: UserWarning: Invalid uuid: neutron. To ensure interoperability, identifiers should be a valid uuid. warnings.warn(('Invalid uuid: %s. To ensure interoperability, '
2026-05-09 14:05:56.392 9 WARNING neutron_lib.context [None req-d962e2e4-6ba7-4742-b6e5-f417354b073f a2cb467c8c494ca091c7aac5540db032 c4128f6450eb48019b10613f37ffa361 - - default default] Method 'is_advsvc' is deprecated since 2023.2 release (neutron-lib 3.8.0) and will be removed once support for the old RBAC API policies will be removed from Neutron. Please use method 'is_service_role' instead.
2026-05-09 14:05:56.603 10 INFO neutron.wsgi [None req-c00778b8-8870-4645-8b87-f5173895e2fc 0a86f48beaa34b278d459d3bbc4b62d0 6f104671e4f549ea9d6259ded38e96cf - - default default] 10.0.0.184 "DELETE /v2.0/floatingips/522ba8b3-c33f-4535-a77d-04ecb68abb3e HTTP/1.1" status: 204 len: 168 time: 0.3149419
2026-05-09 14:05:56.629 9 INFO neutron.wsgi [None req-7d8c235c-8848-4e0e-bf52-dfa237fcab6d f50bfb267c4f438393d19afb8ae8cad5 ea148da660f84ef9a158495503a65ca0 - - default default] 10.0.0.184 "DELETE /v2.0/networks/d1433d7a-ed36-43a7-bdfe-110e60605ba4 HTTP/1.1" status: 204 len: 168 time: 0.5872862
2026-05-09 14:05:56.671 9 INFO neutron.db.ovn_revision_numbers_db [None req-d962e2e4-6ba7-4742-b6e5-f417354b073f a2cb467c8c494ca091c7aac5540db032 c4128f6450eb48019b10613f37ffa361 - - default default] Successfully bumped revision number for resource 6e32094e-866c-4fc2-9591-853c8a1166f5 (type: security_groups) to 1
2026-05-09 14:05:56.694 9 INFO neutron.db.ovn_revision_numbers_db [None req-d962e2e4-6ba7-4742-b6e5-f417354b073f a2cb467c8c494ca091c7aac5540db032 c4128f6450eb48019b10613f37ffa361 - - default default] Successfully bumped revision number for resource 409cb45b-bc25-480e-b967-4c57cdcaa418 (type: security_group_rules) to 0
2026-05-09 14:05:56.714 9 INFO neutron.db.ovn_revision_numbers_db [None req-d962e2e4-6ba7-4742-b6e5-f417354b073f a2cb467c8c494ca091c7aac5540db032 c4128f6450eb48019b10613f37ffa361 - - default default] Successfully bumped revision number for resource 8238e4b8-f42b-4212-a108-e085d42ce9ed (type: security_group_rules) to 0
2026-05-09 14:05:56.728 9 INFO neutron.db.ovn_revision_numbers_db [None req-d962e2e4-6ba7-4742-b6e5-f417354b073f a2cb467c8c494ca091c7aac5540db032 c4128f6450eb48019b10613f37ffa361 - - default default] Successfully bumped revision number for resource aead0b19-1713-417d-8f35-48e291cec6d9 (type: security_group_rules) to 0
2026-05-09 14:05:56.738 10 INFO neutron.wsgi [None req-3c8d7331-2a49-439d-b609-ed8098e71855 f50bfb267c4f438393d19afb8ae8cad5 ea148da660f84ef9a158495503a65ca0 - - default default] 10.0.0.184 "GET /v2.0/networks HTTP/1.1" status: 200 len: 845 time: 0.1046946
2026-05-09 14:05:56.748 10 WARNING neutron_lib.context [None req-0af7fafb-c210-4328-a003-c76f20e002fb f50bfb267c4f438393d19afb8ae8cad5 ea148da660f84ef9a158495503a65ca0 - - default default] Method 'is_advsvc' is deprecated since 2023.2 release (neutron-lib 3.8.0) and will be removed once support for the old RBAC API policies will be removed from Neutron. Please use method 'is_service_role' instead.
2026-05-09 14:05:56.764 9 INFO neutron.db.ovn_revision_numbers_db [None req-d962e2e4-6ba7-4742-b6e5-f417354b073f a2cb467c8c494ca091c7aac5540db032 c4128f6450eb48019b10613f37ffa361 - - default default] Successfully bumped revision number for resource c8ac1992-6c70-4314-8639-7653f9c46e45 (type: security_group_rules) to 0
2026-05-09 14:05:56.820 9 INFO neutron.db.segments_db [None req-d962e2e4-6ba7-4742-b6e5-f417354b073f a2cb467c8c494ca091c7aac5540db032 c4128f6450eb48019b10613f37ffa361 - - default default] Added segment 6fa2e6bf-6a46-4ef0-9757-1741728de253 of type geneve for network b71b2d71-9a6b-4d7b-90ff-e8d06d2fbca2
2026-05-09 14:05:56.870 10 INFO neutron.db.segments_db [None req-0af7fafb-c210-4328-a003-c76f20e002fb f50bfb267c4f438393d19afb8ae8cad5 ea148da660f84ef9a158495503a65ca0 - - default default] Added segment b222c1f5-33c3-4241-b7a8-e21cac50a213 of type geneve for network e1963553-3792-4e52-aaa8-dd667c4b0a2f
2026-05-09 14:05:56.921 9 INFO neutron.wsgi [None req-41cbc3b2-3f83-45a4-a806-21c28d50eca5 f077e714497442989b313dc248fd38c8 4b9569e0567045c3819c887ec401ae20 - - default default] 10.0.0.184 "PUT /v2.0/routers/510ad906-91dd-4666-b7f2-8cabaf80ecd1/remove_router_interface HTTP/1.1" status: 200 len: 503 time: 0.8384364 /var/lib/openstack/lib/python3.10/site-packages/pycadf/identifier.py:71: UserWarning: Invalid uuid: neutron. To ensure interoperability, identifiers should be a valid uuid. warnings.warn(('Invalid uuid: %s. To ensure interoperability, '
2026-05-09 14:05:57.025 9 INFO neutron.api.v2.resource [None req-28b97ec3-258b-4dee-8733-6672fc46a7fd f077e714497442989b313dc248fd38c8 4b9569e0567045c3819c887ec401ae20 - - default default] remove_router_interface failed (client error): The resource could not be found.
2026-05-09 14:05:57.026 9 INFO neutron.wsgi [None req-28b97ec3-258b-4dee-8733-6672fc46a7fd f077e714497442989b313dc248fd38c8 4b9569e0567045c3819c887ec401ae20 - - default default] 10.0.0.184 "PUT /v2.0/routers/510ad906-91dd-4666-b7f2-8cabaf80ecd1/remove_router_interface HTTP/1.1" status: 404 len: 398 time: 0.0969913
2026-05-09 14:05:57.029 10 INFO neutron.db.ovn_revision_numbers_db [None req-0af7fafb-c210-4328-a003-c76f20e002fb f50bfb267c4f438393d19afb8ae8cad5 ea148da660f84ef9a158495503a65ca0 - - default default] Successfully bumped revision number for resource e1963553-3792-4e52-aaa8-dd667c4b0a2f (type: networks) to 1
2026-05-09 14:05:57.055 9 INFO neutron.db.ovn_revision_numbers_db [None req-d962e2e4-6ba7-4742-b6e5-f417354b073f a2cb467c8c494ca091c7aac5540db032 c4128f6450eb48019b10613f37ffa361 - - default default] Successfully bumped revision number for resource b71b2d71-9a6b-4d7b-90ff-e8d06d2fbca2 (type: networks) to 1
2026-05-09 14:05:57.057 9 INFO neutron.wsgi [None req-8ec1e5d4-5682-4672-8e28-12301737845c f077e714497442989b313dc248fd38c8 4b9569e0567045c3819c887ec401ae20 - - default default] 10.0.0.184 "GET /v2.0/ports?device_id=510ad906-91dd-4666-b7f2-8cabaf80ecd1 HTTP/1.1" status: 200 len: 205 time: 0.0264122
2026-05-09 14:05:57.097 10 INFO neutron.wsgi [None req-845c6266-4bb0-44ce-b968-77973452d22e 0a86f48beaa34b278d459d3bbc4b62d0 6f104671e4f549ea9d6259ded38e96cf - - default default] 10.0.0.184 "DELETE /v2.0/floatingips/1272c807-ef98-4e71-8b84-665f5b23fede HTTP/1.1" status: 204 len: 168 time: 0.4903014
2026-05-09 14:05:57.270 9 WARNING neutron.scheduler.dhcp_agent_scheduler [None req-d962e2e4-6ba7-4742-b6e5-f417354b073f a2cb467c8c494ca091c7aac5540db032 c4128f6450eb48019b10613f37ffa361 - - default default] No more DHCP agents
2026-05-09 14:05:57.281 9 WARNING neutron.api.rpc.agentnotifiers.dhcp_rpc_agent_api [None req-d962e2e4-6ba7-4742-b6e5-f417354b073f a2cb467c8c494ca091c7aac5540db032 c4128f6450eb48019b10613f37ffa361 - - default default] Unable to schedule network b71b2d71-9a6b-4d7b-90ff-e8d06d2fbca2: no agents available; will retry on subsequent port and subnet creation events.
2026-05-09 14:05:57.576 10 INFO neutron.wsgi [None req-31862729-d068-4930-b7fa-ce9e4f9777a0 f077e714497442989b313dc248fd38c8 4b9569e0567045c3819c887ec401ae20 - - default default] 10.0.0.184 "DELETE /v2.0/routers/510ad906-91dd-4666-b7f2-8cabaf80ecd1 HTTP/1.1" status: 204 len: 168 time: 0.5121987
2026-05-09 14:05:57.590 10 WARNING neutron.scheduler.dhcp_agent_scheduler [None req-0af7fafb-c210-4328-a003-c76f20e002fb f50bfb267c4f438393d19afb8ae8cad5 ea148da660f84ef9a158495503a65ca0 - - default default] No more DHCP agents
2026-05-09 14:05:57.601 10 WARNING neutron.api.rpc.agentnotifiers.dhcp_rpc_agent_api [None req-0af7fafb-c210-4328-a003-c76f20e002fb f50bfb267c4f438393d19afb8ae8cad5 ea148da660f84ef9a158495503a65ca0 - - default default] Unable to schedule network e1963553-3792-4e52-aaa8-dd667c4b0a2f: no agents available; will retry on subsequent port and subnet creation events.
2026-05-09 14:05:57.660 9 INFO neutron.db.ovn_revision_numbers_db [None req-d962e2e4-6ba7-4742-b6e5-f417354b073f a2cb467c8c494ca091c7aac5540db032 c4128f6450eb48019b10613f37ffa361 - - default default] Successfully bumped revision number for resource eb2860a8-fbb3-4295-84de-81a752264b9b (type: ports) to 1
2026-05-09 14:05:57.696 9 INFO neutron.wsgi [None req-d962e2e4-6ba7-4742-b6e5-f417354b073f a2cb467c8c494ca091c7aac5540db032 c4128f6450eb48019b10613f37ffa361 - - default default] 10.0.0.184 "POST /v2.0/networks HTTP/1.1" status: 201 len: 830 time: 1.4613676
2026-05-09 14:05:57.707 10 WARNING neutron_lib.context [None req-1610f1f8-adba-491d-ba4e-8fb203651fb0 a2cb467c8c494ca091c7aac5540db032 c4128f6450eb48019b10613f37ffa361 - - default default] Method 'is_advsvc' is deprecated since 2023.2 release (neutron-lib 3.8.0) and will be removed once support for the old RBAC API policies will be removed from Neutron. Please use method 'is_service_role' instead.
2026-05-09 14:05:57.751 10 INFO neutron.db.ovn_revision_numbers_db [None req-0af7fafb-c210-4328-a003-c76f20e002fb f50bfb267c4f438393d19afb8ae8cad5 ea148da660f84ef9a158495503a65ca0 - - default default] Successfully bumped revision number for resource 521d2e46-1f22-4d00-93cf-ade36b1c48ca (type: ports) to 1
2026-05-09 14:05:57.794 10 INFO neutron.wsgi [None req-0af7fafb-c210-4328-a003-c76f20e002fb f50bfb267c4f438393d19afb8ae8cad5 ea148da660f84ef9a158495503a65ca0 - - default default] 10.0.0.184 "POST /v2.0/networks HTTP/1.1" status: 201 len: 848 time: 1.0498350
2026-05-09 14:05:57.807 9 WARNING neutron_lib.context [None req-9c60a0b5-4d48-4ad6-ab59-bfd2af936fab f50bfb267c4f438393d19afb8ae8cad5 ea148da660f84ef9a158495503a65ca0 - - default default] Method 'is_advsvc' is deprecated since 2023.2 release (neutron-lib 3.8.0) and will be removed once support for the old RBAC API policies will be removed from Neutron. Please use method 'is_service_role' instead.
2026-05-09 14:05:57.828 10 INFO neutron.db.segments_db [None req-1610f1f8-adba-491d-ba4e-8fb203651fb0 a2cb467c8c494ca091c7aac5540db032 c4128f6450eb48019b10613f37ffa361 - - default default] Added segment e0596e10-efed-4bd7-94ca-73c0bcd22b00 of type geneve for network 70fa71f8-8f23-4593-886b-e98d549b2bb7
2026-05-09 14:05:57.830 9 INFO neutron.wsgi [None req-c078f0dd-d8da-46e3-a274-573f3061a2d0 0a86f48beaa34b278d459d3bbc4b62d0 6f104671e4f549ea9d6259ded38e96cf - - default default] 10.0.0.184 "DELETE /v2.0/floatingips/c8a339a3-7f04-4ab2-bbea-7185cc5ea6bf HTTP/1.1" status: 204 len: 168 time: 0.7256112
2026-05-09 14:05:57.853 10 INFO neutron.wsgi [None req-436aebd5-5176-40ea-84d2-2ef5138acbb3 f077e714497442989b313dc248fd38c8 4b9569e0567045c3819c887ec401ae20 - - default default] 10.0.0.184 "DELETE /v2.0/subnets/21f9a5fa-3364-406d-9e9d-ee75d3aa5d74 HTTP/1.1" status: 204 len: 168 time: 0.2640972
2026-05-09 14:05:57.909 9 INFO neutron.db.segments_db [None req-9c60a0b5-4d48-4ad6-ab59-bfd2af936fab f50bfb267c4f438393d19afb8ae8cad5 ea148da660f84ef9a158495503a65ca0 - - default default] Added segment 93f10968-8cd8-43c7-9d72-a0129bc2508e of type geneve for network 7f88ea9d-cdc7-4987-9985-c2b963cb8c80
2026-05-09 14:05:57.972 10 INFO neutron.db.ovn_revision_numbers_db [None req-1610f1f8-adba-491d-ba4e-8fb203651fb0 a2cb467c8c494ca091c7aac5540db032 c4128f6450eb48019b10613f37ffa361 - - default default] Successfully bumped revision number for resource 70fa71f8-8f23-4593-886b-e98d549b2bb7 (type: networks) to 1
2026-05-09 14:05:58.060 9 INFO neutron.services.segments.plugin [-] Segment dcd48e06-4846-4a65-8343-9bc913f86f0d resource provider aggregate not found
2026-05-09 14:05:58.073 9 INFO neutron.services.segments.plugin [-] Segment dcd48e06-4846-4a65-8343-9bc913f86f0d resource provider aggregate not found
2026-05-09 14:05:58.086 9 INFO neutron.services.segments.plugin [-] Segment dcd48e06-4846-4a65-8343-9bc913f86f0d resource provider not found; error: Placement Client Error (4xx): {"errors": [{"status": 404, "title": "Not Found", "detail": "The resource could not be found.\n\n No resource provider with uuid dcd48e06-4846-4a65-8343-9bc913f86f0d found for delete ", "request_id": "req-a5f63cfb-ad26-4acc-bd67-39c820d8e9f3"}]}
2026-05-09 14:05:58.089 9 INFO neutron.services.segments.plugin [-] Segment dcd48e06-4846-4a65-8343-9bc913f86f0d resource provider not found; error: Placement Client Error (4xx): {"errors": [{"status": 404, "title": "Not Found", "detail": "The resource could not be found.\n\n No resource provider with uuid dcd48e06-4846-4a65-8343-9bc913f86f0d found for delete ", "request_id": "req-d206b67b-11ce-4ce6-b963-7c8fe0de7923"}]}
2026-05-09 14:05:58.116 9 INFO neutron.db.ovn_revision_numbers_db [None req-9c60a0b5-4d48-4ad6-ab59-bfd2af936fab f50bfb267c4f438393d19afb8ae8cad5 ea148da660f84ef9a158495503a65ca0 - - default default] Successfully bumped revision number for resource 7f88ea9d-cdc7-4987-9985-c2b963cb8c80 (type: networks) to 1
2026-05-09 14:05:58.164 10 WARNING neutron.scheduler.dhcp_agent_scheduler [None req-1610f1f8-adba-491d-ba4e-8fb203651fb0 a2cb467c8c494ca091c7aac5540db032 c4128f6450eb48019b10613f37ffa361 - - default default] No more DHCP agents
2026-05-09 14:05:58.167 10 WARNING neutron.api.rpc.agentnotifiers.dhcp_rpc_agent_api [None req-1610f1f8-adba-491d-ba4e-8fb203651fb0 a2cb467c8c494ca091c7aac5540db032 c4128f6450eb48019b10613f37ffa361 - - default default] Unable to schedule network 70fa71f8-8f23-4593-886b-e98d549b2bb7: no agents available; will retry on subsequent port and subnet creation events.
2026-05-09 14:05:58.259 10 INFO neutron.db.ovn_revision_numbers_db [None req-1610f1f8-adba-491d-ba4e-8fb203651fb0 a2cb467c8c494ca091c7aac5540db032 c4128f6450eb48019b10613f37ffa361 - - default default] Successfully bumped revision number for resource 758e68dd-85bb-4827-af30-c9e000fda080 (type: ports) to 1
2026-05-09 14:05:58.281 10 INFO neutron.wsgi [None req-1610f1f8-adba-491d-ba4e-8fb203651fb0 a2cb467c8c494ca091c7aac5540db032 c4128f6450eb48019b10613f37ffa361 - - default default] 10.0.0.184 "POST /v2.0/networks HTTP/1.1" status: 201 len: 829 time: 0.5787392
2026-05-09 14:05:58.291 10 WARNING neutron_lib.context [None req-30a0ebd5-486f-4b1e-9fe8-d789c1fc039d a2cb467c8c494ca091c7aac5540db032 c4128f6450eb48019b10613f37ffa361 - - default default] Method 'is_advsvc' is deprecated since 2023.2 release (neutron-lib 3.8.0) and will be removed once support for the old RBAC API policies will be removed from Neutron. Please use method 'is_service_role' instead.
2026-05-09 14:05:58.365 9 WARNING neutron.scheduler.dhcp_agent_scheduler [None req-9c60a0b5-4d48-4ad6-ab59-bfd2af936fab f50bfb267c4f438393d19afb8ae8cad5 ea148da660f84ef9a158495503a65ca0 - - default default] No more DHCP agents
2026-05-09 14:05:58.376 9 WARNING neutron.api.rpc.agentnotifiers.dhcp_rpc_agent_api [None req-9c60a0b5-4d48-4ad6-ab59-bfd2af936fab f50bfb267c4f438393d19afb8ae8cad5 ea148da660f84ef9a158495503a65ca0 - - default default] Unable to schedule network 7f88ea9d-cdc7-4987-9985-c2b963cb8c80: no agents available; will retry on subsequent port and subnet creation events.
2026-05-09 14:05:58.391 10 INFO neutron.db.segments_db [None req-30a0ebd5-486f-4b1e-9fe8-d789c1fc039d a2cb467c8c494ca091c7aac5540db032 c4128f6450eb48019b10613f37ffa361 - - default default] Added segment 72890dc5-5d78-4a10-81ea-42115a64557d of type geneve for network f124fb97-a7b5-4f6c-a9d7-61254c13bed4
2026-05-09 14:05:58.426 9 INFO neutron.wsgi [None req-e5e133d8-e2b1-4f05-8a64-2c71a024fbcc f077e714497442989b313dc248fd38c8 4b9569e0567045c3819c887ec401ae20 - - default default] 10.0.0.184 "DELETE /v2.0/networks/0c59b4f2-b36b-4723-a62b-baccb1b40b08 HTTP/1.1" status: 204 len: 168 time: 0.5686629
2026-05-09 14:05:58.440 9 WARNING neutron_lib.context [None req-dd1f4df8-d180-4dd7-95f6-7ea234e8afda f077e714497442989b313dc248fd38c8 4b9569e0567045c3819c887ec401ae20 - - default default] Method 'is_advsvc' is deprecated since 2023.2 release (neutron-lib 3.8.0) and will be removed once support for the old RBAC API policies will be removed from Neutron. Please use method 'is_service_role' instead.
2026-05-09 14:05:58.483 9 INFO neutron.db.ovn_revision_numbers_db [None req-9c60a0b5-4d48-4ad6-ab59-bfd2af936fab f50bfb267c4f438393d19afb8ae8cad5 ea148da660f84ef9a158495503a65ca0 - - default default] Successfully bumped revision number for resource a155a697-9227-477d-9f6c-e732eb5384d5 (type: ports) to 1
2026-05-09 14:05:58.504 9 INFO neutron.wsgi [None req-9c60a0b5-4d48-4ad6-ab59-bfd2af936fab f50bfb267c4f438393d19afb8ae8cad5 ea148da660f84ef9a158495503a65ca0 - - default default] 10.0.0.184 "POST /v2.0/networks HTTP/1.1" status: 201 len: 848 time: 0.7046292
2026-05-09 14:05:58.522 9 WARNING neutron_lib.context [None req-4a547797-de79-4987-99de-957972250082 f50bfb267c4f438393d19afb8ae8cad5 ea148da660f84ef9a158495503a65ca0 - - default default] Method 'is_advsvc' is deprecated since 2023.2 release (neutron-lib 3.8.0) and will be removed once support for the old RBAC API policies will be removed from Neutron. Please use method 'is_service_role' instead.
2026-05-09 14:05:58.541 10 INFO neutron.db.ovn_revision_numbers_db [None req-30a0ebd5-486f-4b1e-9fe8-d789c1fc039d a2cb467c8c494ca091c7aac5540db032 c4128f6450eb48019b10613f37ffa361 - - default default] Successfully bumped revision number for resource f124fb97-a7b5-4f6c-a9d7-61254c13bed4 (type: networks) to 1
2026-05-09 14:05:58.550 9 INFO neutron.db.segments_db [None req-dd1f4df8-d180-4dd7-95f6-7ea234e8afda f077e714497442989b313dc248fd38c8 4b9569e0567045c3819c887ec401ae20 - - default default] Added segment e8f1d988-12e8-4200-9d7c-2c62286ab195 of type geneve for network 91fba713-3afc-4c77-8073-2c57d8c5c16b
2026-05-09 14:05:58.570 9 WARNING neutron_lib.context [None req-4a547797-de79-4987-99de-957972250082 f50bfb267c4f438393d19afb8ae8cad5 ea148da660f84ef9a158495503a65ca0 - - default default] Method 'is_advsvc' is deprecated since 2023.2 release (neutron-lib 3.8.0) and will be removed once support for the old RBAC API policies will be removed from Neutron. Please use method 'is_service_role' instead.
2026-05-09 14:05:58.726 9 INFO neutron.db.ovn_revision_numbers_db [None req-dd1f4df8-d180-4dd7-95f6-7ea234e8afda f077e714497442989b313dc248fd38c8 4b9569e0567045c3819c887ec401ae20 - - default default] Successfully bumped revision number for resource 91fba713-3afc-4c77-8073-2c57d8c5c16b (type: networks) to 1
2026-05-09 14:05:58.757 10 WARNING neutron.scheduler.dhcp_agent_scheduler [None req-30a0ebd5-486f-4b1e-9fe8-d789c1fc039d a2cb467c8c494ca091c7aac5540db032 c4128f6450eb48019b10613f37ffa361 - - default default] No more DHCP agents
2026-05-09 14:05:58.759 10 WARNING neutron.api.rpc.agentnotifiers.dhcp_rpc_agent_api [None req-30a0ebd5-486f-4b1e-9fe8-d789c1fc039d a2cb467c8c494ca091c7aac5540db032 c4128f6450eb48019b10613f37ffa361 - - default default] Unable to schedule network f124fb97-a7b5-4f6c-a9d7-61254c13bed4: no agents available; will retry on subsequent port and subnet creation events.
2026-05-09 14:05:58.860 10 INFO neutron.db.ovn_revision_numbers_db [None req-30a0ebd5-486f-4b1e-9fe8-d789c1fc039d a2cb467c8c494ca091c7aac5540db032 c4128f6450eb48019b10613f37ffa361 - - default default] Successfully bumped revision number for resource f07dae07-2e43-4a46-9d18-5585e368f560 (type: ports) to 1
2026-05-09 14:05:58.882 10 INFO neutron.wsgi [None req-30a0ebd5-486f-4b1e-9fe8-d789c1fc039d a2cb467c8c494ca091c7aac5540db032 c4128f6450eb48019b10613f37ffa361 - - default default] 10.0.0.184 "POST /v2.0/networks HTTP/1.1" status: 201 len: 831 time: 0.5960889
2026-05-09 14:05:58.892 10 WARNING neutron_lib.context [None req-04a70e28-9d51-46c6-98e7-b339f1b3d90a a2cb467c8c494ca091c7aac5540db032 c4128f6450eb48019b10613f37ffa361 - - default default] Method 'is_advsvc' is deprecated since 2023.2 release (neutron-lib 3.8.0) and will be removed once support for the old RBAC API policies will be removed from Neutron. Please use method 'is_service_role' instead.
2026-05-09 14:05:58.981 9 WARNING neutron.scheduler.dhcp_agent_scheduler [None req-dd1f4df8-d180-4dd7-95f6-7ea234e8afda f077e714497442989b313dc248fd38c8 4b9569e0567045c3819c887ec401ae20 - - default default] No more DHCP agents
2026-05-09 14:05:58.988 9 WARNING neutron.api.rpc.agentnotifiers.dhcp_rpc_agent_api [None req-dd1f4df8-d180-4dd7-95f6-7ea234e8afda f077e714497442989b313dc248fd38c8 4b9569e0567045c3819c887ec401ae20 - - default default] Unable to schedule network 91fba713-3afc-4c77-8073-2c57d8c5c16b: no agents available; will retry on subsequent port and subnet creation events.
2026-05-09 14:05:58.989 10 INFO neutron.db.segments_db [None req-04a70e28-9d51-46c6-98e7-b339f1b3d90a a2cb467c8c494ca091c7aac5540db032 c4128f6450eb48019b10613f37ffa361 - - default default] Added segment afae3146-9573-4443-81b7-ef3a83354431 of type geneve for network 2e7f32ca-b294-478e-ad18-54d7c844c577
2026-05-09 14:05:59.059 10 INFO neutron.db.ovn_revision_numbers_db [None req-efd44e29-52ad-403e-b67d-a12409b75578 753280bc916d47ae887db1fab82e6bd2 eee0c6a25d6a4e0380da27db6e0b54a5 - - default default] Successfully bumped revision number for resource 1c0e6ae7-1e12-4c6b-86b7-cbe2ca1de893 (type: security_groups) to 1
2026-05-09 14:05:59.082 10 INFO neutron.db.ovn_revision_numbers_db [None req-efd44e29-52ad-403e-b67d-a12409b75578 753280bc916d47ae887db1fab82e6bd2 eee0c6a25d6a4e0380da27db6e0b54a5 - - default default] Successfully bumped revision number for resource 0e28c379-51a6-422e-95ed-c598cb82ddda (type: security_group_rules) to 0
2026-05-09 14:05:59.092 9 INFO neutron.db.ovn_revision_numbers_db [None req-dd1f4df8-d180-4dd7-95f6-7ea234e8afda f077e714497442989b313dc248fd38c8 4b9569e0567045c3819c887ec401ae20 - - default default] Successfully bumped revision number for resource 9a73a91f-b65a-416b-98fd-d89b6ea944d3 (type: ports) to 1
2026-05-09 14:05:59.118 10 INFO neutron.db.ovn_revision_numbers_db [None req-efd44e29-52ad-403e-b67d-a12409b75578 753280bc916d47ae887db1fab82e6bd2 eee0c6a25d6a4e0380da27db6e0b54a5 - - default default] Successfully bumped revision number for resource 156b82eb-ce0e-4bd4-9278-fe5329d6f90a (type: security_group_rules) to 0
2026-05-09 14:05:59.123 9 INFO neutron.wsgi [None req-dd1f4df8-d180-4dd7-95f6-7ea234e8afda f077e714497442989b313dc248fd38c8 4b9569e0567045c3819c887ec401ae20 - - default default] 10.0.0.184 "POST /v2.0/networks HTTP/1.1" status: 201 len: 833 time: 0.6879039 /var/lib/openstack/lib/python3.10/site-packages/pycadf/identifier.py:71: UserWarning: Invalid uuid: neutron. To ensure interoperability, identifiers should be a valid uuid. warnings.warn(('Invalid uuid: %s. To ensure interoperability, '
2026-05-09 14:05:59.135 9 WARNING neutron_lib.context [None req-9d9d58ea-e3a7-4de3-bf47-f3df22d01013 f077e714497442989b313dc248fd38c8 4b9569e0567045c3819c887ec401ae20 - - default default] Method 'is_advsvc' is deprecated since 2023.2 release (neutron-lib 3.8.0) and will be removed once support for the old RBAC API policies will be removed from Neutron. Please use method 'is_service_role' instead.
2026-05-09 14:05:59.150 10 INFO neutron.db.ovn_revision_numbers_db [None req-efd44e29-52ad-403e-b67d-a12409b75578 753280bc916d47ae887db1fab82e6bd2 eee0c6a25d6a4e0380da27db6e0b54a5 - - default default] Successfully bumped revision number for resource 2fe82de8-59cf-4584-a13c-11f926f19229 (type: security_group_rules) to 0
2026-05-09 14:05:59.163 10 INFO neutron.db.ovn_revision_numbers_db [None req-04a70e28-9d51-46c6-98e7-b339f1b3d90a a2cb467c8c494ca091c7aac5540db032 c4128f6450eb48019b10613f37ffa361 - - default default] Successfully bumped revision number for resource 2e7f32ca-b294-478e-ad18-54d7c844c577 (type: networks) to 1
2026-05-09 14:05:59.174 10 INFO neutron.db.ovn_revision_numbers_db [None req-efd44e29-52ad-403e-b67d-a12409b75578 753280bc916d47ae887db1fab82e6bd2 eee0c6a25d6a4e0380da27db6e0b54a5 - - default default] Successfully bumped revision number for resource 8fce1a09-802c-460e-b4be-e5127d9cb687 (type: security_group_rules) to 0
2026-05-09 14:05:59.196 9 WARNING neutron.scheduler.dhcp_agent_scheduler [None req-4a547797-de79-4987-99de-957972250082 f50bfb267c4f438393d19afb8ae8cad5 ea148da660f84ef9a158495503a65ca0 - - default default] No more DHCP agents
2026-05-09 14:05:59.204 9 WARNING neutron.api.rpc.agentnotifiers.dhcp_rpc_agent_api [None req-4a547797-de79-4987-99de-957972250082 f50bfb267c4f438393d19afb8ae8cad5 ea148da660f84ef9a158495503a65ca0 - - default default] Unable to schedule network e1963553-3792-4e52-aaa8-dd667c4b0a2f: no agents available; will retry on subsequent port and subnet creation events.
2026-05-09 14:05:59.209 10 INFO neutron.wsgi [None req-efd44e29-52ad-403e-b67d-a12409b75578 753280bc916d47ae887db1fab82e6bd2 eee0c6a25d6a4e0380da27db6e0b54a5 - - default default] 10.0.0.184 "GET /v2.0/security-groups?tenant_id=89889743029f4eb386f3a1694ba71be5&name=default HTTP/1.1" status: 200 len: 3120 time: 0.5426300
2026-05-09 14:05:59.334 9 INFO neutron.db.ovn_revision_numbers_db [None req-4a547797-de79-4987-99de-957972250082 f50bfb267c4f438393d19afb8ae8cad5 ea148da660f84ef9a158495503a65ca0 - - default default] Successfully bumped revision number for resource a15c6327-f6c8-43cf-b0cc-ca1e02316bbc (type: ports) to 1
2026-05-09 14:05:59.376 9 WARNING neutron.scheduler.dhcp_agent_scheduler [None req-4a547797-de79-4987-99de-957972250082 f50bfb267c4f438393d19afb8ae8cad5 ea148da660f84ef9a158495503a65ca0 - - default default] No more DHCP agents
2026-05-09 14:05:59.379 9 WARNING neutron.api.rpc.agentnotifiers.dhcp_rpc_agent_api [None req-4a547797-de79-4987-99de-957972250082 f50bfb267c4f438393d19afb8ae8cad5 ea148da660f84ef9a158495503a65ca0 - - default default] Unable to schedule network 7f88ea9d-cdc7-4987-9985-c2b963cb8c80: no agents available; will retry on subsequent port and subnet creation events.
2026-05-09 14:05:59.402 10 WARNING neutron.scheduler.dhcp_agent_scheduler [None req-04a70e28-9d51-46c6-98e7-b339f1b3d90a a2cb467c8c494ca091c7aac5540db032 c4128f6450eb48019b10613f37ffa361 - - default default] No more DHCP agents
2026-05-09 14:05:59.405 10 WARNING neutron.api.rpc.agentnotifiers.dhcp_rpc_agent_api [None req-04a70e28-9d51-46c6-98e7-b339f1b3d90a a2cb467c8c494ca091c7aac5540db032 c4128f6450eb48019b10613f37ffa361 - - default default] Unable to schedule network 2e7f32ca-b294-478e-ad18-54d7c844c577: no agents available; will retry on subsequent port and subnet creation events.
2026-05-09 14:05:59.493 9 WARNING neutron.scheduler.dhcp_agent_scheduler [None req-9d9d58ea-e3a7-4de3-bf47-f3df22d01013 f077e714497442989b313dc248fd38c8 4b9569e0567045c3819c887ec401ae20 - - default default] No more DHCP agents
2026-05-09 14:05:59.496 9 WARNING neutron.api.rpc.agentnotifiers.dhcp_rpc_agent_api [None req-9d9d58ea-e3a7-4de3-bf47-f3df22d01013 f077e714497442989b313dc248fd38c8 4b9569e0567045c3819c887ec401ae20 - - default default] Unable to schedule network 91fba713-3afc-4c77-8073-2c57d8c5c16b: no agents available; will retry on subsequent port and subnet creation events.
2026-05-09 14:05:59.497 9 INFO neutron.db.ovn_revision_numbers_db [None req-4a547797-de79-4987-99de-957972250082 f50bfb267c4f438393d19afb8ae8cad5 ea148da660f84ef9a158495503a65ca0 - - default default] Successfully bumped revision number for resource ff18521b-4f9a-4c29-8d1e-e69e7903717c (type: ports) to 1
2026-05-09 14:05:59.508 10 INFO neutron.db.ovn_revision_numbers_db [None req-04a70e28-9d51-46c6-98e7-b339f1b3d90a a2cb467c8c494ca091c7aac5540db032 c4128f6450eb48019b10613f37ffa361 - - default default] Successfully bumped revision number for resource a22ae549-91e6-4e57-8478-8fb51c986f59 (type: ports) to 1
2026-05-09 14:05:59.530 10 INFO neutron.wsgi [None req-04a70e28-9d51-46c6-98e7-b339f1b3d90a a2cb467c8c494ca091c7aac5540db032 c4128f6450eb48019b10613f37ffa361 - - default default] 10.0.0.184 "POST /v2.0/networks HTTP/1.1" status: 201 len: 830 time: 0.6435611
2026-05-09 14:05:59.532 9 INFO neutron.wsgi [None req-4a547797-de79-4987-99de-957972250082 f50bfb267c4f438393d19afb8ae8cad5 ea148da660f84ef9a158495503a65ca0 - - default default] 10.0.0.184 "POST /v2.0/ports HTTP/1.1" status: 201 len: 1706 time: 1.0153134
2026-05-09 14:05:59.533 9 INFO neutron.db.ovn_revision_numbers_db [None req-9d9d58ea-e3a7-4de3-bf47-f3df22d01013 f077e714497442989b313dc248fd38c8 4b9569e0567045c3819c887ec401ae20 - - default default] Successfully bumped revision number for resource 5779bdca-9d2a-4bd3-9a03-757cdb05cfd1 (type: subnets) to 0
2026-05-09 14:05:59.536 10 INFO neutron.wsgi [None req-e1e1729b-d99a-4918-a8b1-21bd8fb4785c 753280bc916d47ae887db1fab82e6bd2 eee0c6a25d6a4e0380da27db6e0b54a5 - - default default] 10.0.0.184 "DELETE /v2.0/security-groups/1c0e6ae7-1e12-4c6b-86b7-cbe2ca1de893 HTTP/1.1" status: 204 len: 168 time: 0.3225155 /var/lib/openstack/lib/python3.10/site-packages/pycadf/identifier.py:71: UserWarning: Invalid uuid: neutron. To ensure interoperability, identifiers should be a valid uuid. warnings.warn(('Invalid uuid: %s. To ensure interoperability, '
2026-05-09 14:05:59.540 9 WARNING neutron_lib.context [None req-cc9fef06-bdcd-4aa7-a4d3-d23944564c93 a2cb467c8c494ca091c7aac5540db032 c4128f6450eb48019b10613f37ffa361 - - default default] Method 'is_advsvc' is deprecated since 2023.2 release (neutron-lib 3.8.0) and will be removed once support for the old RBAC API policies will be removed from Neutron. Please use method 'is_service_role' instead.
2026-05-09 14:05:59.554 9 INFO neutron.wsgi [None req-9d9d58ea-e3a7-4de3-bf47-f3df22d01013 f077e714497442989b313dc248fd38c8 4b9569e0567045c3819c887ec401ae20 - - default default] 10.0.0.184 "POST /v2.0/subnets HTTP/1.1" status: 201 len: 821 time: 0.4241471
2026-05-09 14:05:59.563 9 WARNING neutron_lib.context [None req-0821ad5d-5166-4088-aedf-64a6da7fb5f7 f077e714497442989b313dc248fd38c8 4b9569e0567045c3819c887ec401ae20 - - default default] Method 'is_advsvc' is deprecated since 2023.2 release (neutron-lib 3.8.0) and will be removed once support for the old RBAC API policies will be removed from Neutron. Please use method 'is_service_role' instead.
2026-05-09 14:05:59.596 10 WARNING neutron.plugins.ml2.drivers.ovn.mech_driver.ovsdb.ovn_client [None req-69427717-af26-4687-9a49-940a29f799c4 - - - - - -] No port found with ID 7e900d47-bf76-4e23-b423-7851bbd4fe7a: RuntimeError: No port found with ID 7e900d47-bf76-4e23-b423-7851bbd4fe7a
2026-05-09 14:05:59.634 9 INFO neutron.db.segments_db [None req-cc9fef06-bdcd-4aa7-a4d3-d23944564c93 a2cb467c8c494ca091c7aac5540db032 c4128f6450eb48019b10613f37ffa361 - - default default] Added segment 05cf36fb-377e-4a78-8046-a84240774beb of type geneve for network ddd47669-9593-46c7-bb97-a641f51ebee5
2026-05-09 14:05:59.663 10 INFO neutron.wsgi [None req-c3812f08-2cda-491f-acf0-017fc3e0ec15 f50bfb267c4f438393d19afb8ae8cad5 ea148da660f84ef9a158495503a65ca0 - - default default] 10.0.0.184 "GET /v2.0/ports HTTP/1.1" status: 200 len: 3213 time: 0.1258559
2026-05-09 14:05:59.690 9 INFO neutron.db.ovn_revision_numbers_db [None req-0821ad5d-5166-4088-aedf-64a6da7fb5f7 f077e714497442989b313dc248fd38c8 4b9569e0567045c3819c887ec401ae20 - - default default] Successfully bumped revision number for resource d5d0e6f1-2e1a-45dc-8a10-b7a9de2b84e6 (type: routers) to 1
2026-05-09 14:05:59.713 9 INFO neutron.wsgi [None req-0821ad5d-5166-4088-aedf-64a6da7fb5f7 f077e714497442989b313dc248fd38c8 4b9569e0567045c3819c887ec401ae20 - - default default] 10.0.0.184 "POST /v2.0/routers HTTP/1.1" status: 201 len: 806 time: 0.1535707
2026-05-09 14:05:59.838 10 INFO neutron.db.ovn_revision_numbers_db [None req-7744ba22-b93c-4515-86d9-692a93d79f23 753280bc916d47ae887db1fab82e6bd2 eee0c6a25d6a4e0380da27db6e0b54a5 - - default default] Successfully bumped revision number for resource 10a41ac1-7218-45c8-b6b9-9729f972466d (type: security_groups) to 1
2026-05-09 14:05:59.861 10 INFO neutron.db.ovn_revision_numbers_db [None req-7744ba22-b93c-4515-86d9-692a93d79f23 753280bc916d47ae887db1fab82e6bd2 eee0c6a25d6a4e0380da27db6e0b54a5 - - default default] Successfully bumped revision number for resource 9853f89a-d245-4367-b7fa-4c71c8716204 (type: security_group_rules) to 0
2026-05-09 14:05:59.876 10 INFO neutron.db.ovn_revision_numbers_db [None req-7744ba22-b93c-4515-86d9-692a93d79f23 753280bc916d47ae887db1fab82e6bd2 eee0c6a25d6a4e0380da27db6e0b54a5 - - default default] Successfully bumped revision number for resource a5b1ecbc-1365-42f9-933b-6c4081125212 (type: security_group_rules) to 0
2026-05-09 14:05:59.879 9 INFO neutron.db.ovn_revision_numbers_db [None req-cc9fef06-bdcd-4aa7-a4d3-d23944564c93 a2cb467c8c494ca091c7aac5540db032 c4128f6450eb48019b10613f37ffa361 - - default default] Successfully bumped revision number for resource ddd47669-9593-46c7-bb97-a641f51ebee5 (type: networks) to 1
2026-05-09 14:05:59.890 10 INFO neutron.db.ovn_revision_numbers_db [None req-7744ba22-b93c-4515-86d9-692a93d79f23 753280bc916d47ae887db1fab82e6bd2 eee0c6a25d6a4e0380da27db6e0b54a5 - - default default] Successfully bumped revision number for resource c9a20c9f-3bf2-4aa1-8a29-462694bb1926 (type: security_group_rules) to 0
