2026-05-09 14:03:17.359 10 INFO neutron.wsgi [None req-3fc2ce4e-f7bd-407c-82a9-1b7e3a577647 753280bc916d47ae887db1fab82e6bd2 eee0c6a25d6a4e0380da27db6e0b54a5 - - default default] 10.0.0.184 "GET /v2.0/subnetpools HTTP/1.1" status: 200 len: 212 time: 0.0097516
2026-05-09 14:03:19.885 10 INFO neutron.wsgi [-] 10.0.0.12 "GET / HTTP/1.1" status: 200 len: 246 time: 0.0017900
2026-05-09 14:03:19.886 9 INFO neutron.wsgi [-] 10.0.0.12 "GET / HTTP/1.1" status: 200 len: 246 time: 0.0026364
2026-05-09 14:03:28.304 10 INFO neutron.db.ovn_revision_numbers_db [None req-477f068b-979a-4d1f-8165-1f11f7844f53 753280bc916d47ae887db1fab82e6bd2 eee0c6a25d6a4e0380da27db6e0b54a5 - - default default] Successfully bumped revision number for resource 1fb04b1d-5005-42b5-884b-a20cafc0c46d (type: security_groups) to 1
2026-05-09 14:03:28.319 10 INFO neutron.db.ovn_revision_numbers_db [None req-477f068b-979a-4d1f-8165-1f11f7844f53 753280bc916d47ae887db1fab82e6bd2 eee0c6a25d6a4e0380da27db6e0b54a5 - - default default] Successfully bumped revision number for resource a29c0a78-c498-4906-afe4-710add58ab58 (type: security_group_rules) to 0
2026-05-09 14:03:28.324 9 INFO neutron.db.ovn_revision_numbers_db [None req-895e41a4-952d-4aea-a654-2709d5c8f0a7 753280bc916d47ae887db1fab82e6bd2 eee0c6a25d6a4e0380da27db6e0b54a5 - - default default] Successfully bumped revision number for resource e2880c19-a270-4503-8062-381b1d392704 (type: security_groups) to 1
2026-05-09 14:03:28.332 10 INFO neutron.db.ovn_revision_numbers_db [None req-477f068b-979a-4d1f-8165-1f11f7844f53 753280bc916d47ae887db1fab82e6bd2 eee0c6a25d6a4e0380da27db6e0b54a5 - - default default] Successfully bumped revision number for resource c8fd1f38-a670-4376-9b55-c56351a706b2 (type: security_group_rules) to 0
2026-05-09 14:03:28.348 9 INFO neutron.db.ovn_revision_numbers_db [None req-895e41a4-952d-4aea-a654-2709d5c8f0a7 753280bc916d47ae887db1fab82e6bd2 eee0c6a25d6a4e0380da27db6e0b54a5 - - default default] Successfully bumped revision number for resource 404f28db-7831-4f5a-a58d-d6110c0f11bb (type: security_group_rules) to 0
2026-05-09 14:03:28.352 10 INFO neutron.db.ovn_revision_numbers_db [None req-477f068b-979a-4d1f-8165-1f11f7844f53 753280bc916d47ae887db1fab82e6bd2 eee0c6a25d6a4e0380da27db6e0b54a5 - - default default] Successfully bumped revision number for resource d7aef942-b207-4894-8de4-dbcb0f4e41fb (type: security_group_rules) to 0
2026-05-09 14:03:28.360 10 INFO neutron.db.ovn_revision_numbers_db [None req-a1be306f-192c-4ce8-b541-7ed850b29613 753280bc916d47ae887db1fab82e6bd2 eee0c6a25d6a4e0380da27db6e0b54a5 - - default default] Successfully bumped revision number for resource 304fef94-27b6-4bba-869b-b91e8fabdb01 (type: security_groups) to 1
2026-05-09 14:03:28.362 9 INFO neutron.db.ovn_revision_numbers_db [None req-895e41a4-952d-4aea-a654-2709d5c8f0a7 753280bc916d47ae887db1fab82e6bd2 eee0c6a25d6a4e0380da27db6e0b54a5 - - default default] Successfully bumped revision number for resource 7cb266c8-87ea-4281-9a00-df2ffad426e1 (type: security_group_rules) to 0
2026-05-09 14:03:28.365 10 INFO neutron.db.ovn_revision_numbers_db [None req-477f068b-979a-4d1f-8165-1f11f7844f53 753280bc916d47ae887db1fab82e6bd2 eee0c6a25d6a4e0380da27db6e0b54a5 - - default default] Successfully bumped revision number for resource e8c4f055-47bf-41d7-bd45-1b7b51edcedb (type: security_group_rules) to 0
2026-05-09 14:03:28.375 10 INFO neutron.db.ovn_revision_numbers_db [None req-a1be306f-192c-4ce8-b541-7ed850b29613 753280bc916d47ae887db1fab82e6bd2 eee0c6a25d6a4e0380da27db6e0b54a5 - - default default] Successfully bumped revision number for resource 4cfb4b43-1007-414a-8624-f01e7ff9506a (type: security_group_rules) to 0
2026-05-09 14:03:28.392 10 INFO neutron.db.ovn_revision_numbers_db [None req-a1be306f-192c-4ce8-b541-7ed850b29613 753280bc916d47ae887db1fab82e6bd2 eee0c6a25d6a4e0380da27db6e0b54a5 - - default default] Successfully bumped revision number for resource 508acb6f-8980-405b-a39f-e975afcf2f3e (type: security_group_rules) to 0
2026-05-09 14:03:28.408 9 INFO neutron.db.ovn_revision_numbers_db [None req-895e41a4-952d-4aea-a654-2709d5c8f0a7 753280bc916d47ae887db1fab82e6bd2 eee0c6a25d6a4e0380da27db6e0b54a5 - - default default] Successfully bumped revision number for resource a05c7430-93a1-416f-bf9c-bb1678cc3457 (type: security_group_rules) to 0
2026-05-09 14:03:28.419 10 INFO neutron.db.ovn_revision_numbers_db [None req-a1be306f-192c-4ce8-b541-7ed850b29613 753280bc916d47ae887db1fab82e6bd2 eee0c6a25d6a4e0380da27db6e0b54a5 - - default default] Successfully bumped revision number for resource 5bf6ef16-8cde-4cae-84a4-9cb7b6d14a57 (type: security_group_rules) to 0
2026-05-09 14:03:28.423 9 INFO neutron.db.ovn_revision_numbers_db [None req-895e41a4-952d-4aea-a654-2709d5c8f0a7 753280bc916d47ae887db1fab82e6bd2 eee0c6a25d6a4e0380da27db6e0b54a5 - - default default] Successfully bumped revision number for resource fa88ce14-c0b6-4a71-897d-b916a6cbd00a (type: security_group_rules) to 0
2026-05-09 14:03:28.425 10 INFO neutron.db.segments_db [None req-477f068b-979a-4d1f-8165-1f11f7844f53 753280bc916d47ae887db1fab82e6bd2 eee0c6a25d6a4e0380da27db6e0b54a5 - - default default] Added segment 426d311d-c823-495c-9750-3851b4b36186 of type geneve for network b42f67c6-856f-4852-9c27-50ba44b0a402
2026-05-09 14:03:28.436 10 INFO neutron.db.ovn_revision_numbers_db [None req-a1be306f-192c-4ce8-b541-7ed850b29613 753280bc916d47ae887db1fab82e6bd2 eee0c6a25d6a4e0380da27db6e0b54a5 - - default default] Successfully bumped revision number for resource 60108872-2ddc-42a5-8a81-c9b66e1b4752 (type: security_group_rules) to 0
2026-05-09 14:03:28.477 9 INFO neutron.db.segments_db [None req-895e41a4-952d-4aea-a654-2709d5c8f0a7 753280bc916d47ae887db1fab82e6bd2 eee0c6a25d6a4e0380da27db6e0b54a5 - - default default] Added segment 7276606a-cb4f-409e-88d9-4e3f10073cd1 of type geneve for network fca5ba45-e845-4ecd-9274-f8c8985d5724
2026-05-09 14:03:28.494 10 INFO neutron.db.segments_db [None req-a1be306f-192c-4ce8-b541-7ed850b29613 753280bc916d47ae887db1fab82e6bd2 eee0c6a25d6a4e0380da27db6e0b54a5 - - default default] Added segment 1df7ee0b-4be0-4c7f-af96-4d53d21424f3 of type geneve for network 4f81dc99-1cc1-40ac-bc47-c2b3657765b9
2026-05-09 14:03:28.639 9 INFO neutron.db.ovn_revision_numbers_db [None req-895e41a4-952d-4aea-a654-2709d5c8f0a7 753280bc916d47ae887db1fab82e6bd2 eee0c6a25d6a4e0380da27db6e0b54a5 - - default default] Successfully bumped revision number for resource fca5ba45-e845-4ecd-9274-f8c8985d5724 (type: networks) to 1
2026-05-09 14:03:28.670 10 INFO neutron.db.ovn_revision_numbers_db [None req-477f068b-979a-4d1f-8165-1f11f7844f53 753280bc916d47ae887db1fab82e6bd2 eee0c6a25d6a4e0380da27db6e0b54a5 - - default default] Successfully bumped revision number for resource b42f67c6-856f-4852-9c27-50ba44b0a402 (type: networks) to 1
2026-05-09 14:03:28.759 10 INFO neutron.db.ovn_revision_numbers_db [None req-a1be306f-192c-4ce8-b541-7ed850b29613 753280bc916d47ae887db1fab82e6bd2 eee0c6a25d6a4e0380da27db6e0b54a5 - - default default] Successfully bumped revision number for resource 4f81dc99-1cc1-40ac-bc47-c2b3657765b9 (type: networks) to 1
2026-05-09 14:03:28.853 9 WARNING neutron.scheduler.dhcp_agent_scheduler [None req-895e41a4-952d-4aea-a654-2709d5c8f0a7 753280bc916d47ae887db1fab82e6bd2 eee0c6a25d6a4e0380da27db6e0b54a5 - - default default] No more DHCP agents
2026-05-09 14:03:28.854 9 WARNING neutron.api.rpc.agentnotifiers.dhcp_rpc_agent_api [None req-895e41a4-952d-4aea-a654-2709d5c8f0a7 753280bc916d47ae887db1fab82e6bd2 eee0c6a25d6a4e0380da27db6e0b54a5 - - default default] Unable to schedule network fca5ba45-e845-4ecd-9274-f8c8985d5724: no agents available; will retry on subsequent port and subnet creation events.
2026-05-09 14:03:28.929 9 INFO neutron.db.ovn_revision_numbers_db [None req-895e41a4-952d-4aea-a654-2709d5c8f0a7 753280bc916d47ae887db1fab82e6bd2 eee0c6a25d6a4e0380da27db6e0b54a5 - - default default] Successfully bumped revision number for resource f69d2235-5b45-4115-9a4f-9427fd47054a (type: ports) to 1
2026-05-09 14:03:28.951 9 INFO neutron.wsgi [None req-895e41a4-952d-4aea-a654-2709d5c8f0a7 753280bc916d47ae887db1fab82e6bd2 eee0c6a25d6a4e0380da27db6e0b54a5 - - default default] 10.0.0.184 "POST /v2.0/networks HTTP/1.1" status: 201 len: 944 time: 0.9286444
2026-05-09 14:03:28.996 10 WARNING neutron.scheduler.dhcp_agent_scheduler [None req-477f068b-979a-4d1f-8165-1f11f7844f53 753280bc916d47ae887db1fab82e6bd2 eee0c6a25d6a4e0380da27db6e0b54a5 - - default default] No more DHCP agents
2026-05-09 14:03:29.003 10 WARNING neutron.api.rpc.agentnotifiers.dhcp_rpc_agent_api [None req-477f068b-979a-4d1f-8165-1f11f7844f53 753280bc916d47ae887db1fab82e6bd2 eee0c6a25d6a4e0380da27db6e0b54a5 - - default default] Unable to schedule network b42f67c6-856f-4852-9c27-50ba44b0a402: no agents available; will retry on subsequent port and subnet creation events.
2026-05-09 14:03:29.059 10 WARNING neutron.scheduler.dhcp_agent_scheduler [None req-a1be306f-192c-4ce8-b541-7ed850b29613 753280bc916d47ae887db1fab82e6bd2 eee0c6a25d6a4e0380da27db6e0b54a5 - - default default] No more DHCP agents
2026-05-09 14:03:29.065 10 WARNING neutron.api.rpc.agentnotifiers.dhcp_rpc_agent_api [None req-a1be306f-192c-4ce8-b541-7ed850b29613 753280bc916d47ae887db1fab82e6bd2 eee0c6a25d6a4e0380da27db6e0b54a5 - - default default] Unable to schedule network 4f81dc99-1cc1-40ac-bc47-c2b3657765b9: no agents available; will retry on subsequent port and subnet creation events.
2026-05-09 14:03:29.112 10 INFO neutron.db.ovn_revision_numbers_db [None req-9a362db7-636b-4149-b646-9c04e5f1e85f 753280bc916d47ae887db1fab82e6bd2 eee0c6a25d6a4e0380da27db6e0b54a5 - - default default] Successfully bumped revision number for resource 6d895251-1061-48c7-9c6e-c3e5b4799cff (type: security_groups) to 1
2026-05-09 14:03:29.132 9 WARNING neutron.scheduler.dhcp_agent_scheduler [None req-7399cd57-f9c9-4bbc-8485-0562398d88fd 753280bc916d47ae887db1fab82e6bd2 eee0c6a25d6a4e0380da27db6e0b54a5 - - default default] No more DHCP agents
2026-05-09 14:03:29.133 10 INFO neutron.db.ovn_revision_numbers_db [None req-9a362db7-636b-4149-b646-9c04e5f1e85f 753280bc916d47ae887db1fab82e6bd2 eee0c6a25d6a4e0380da27db6e0b54a5 - - default default] Successfully bumped revision number for resource 4e9f3e03-ad05-4874-8132-2cb247f3fab8 (type: security_group_rules) to 0
2026-05-09 14:03:29.134 9 WARNING neutron.api.rpc.agentnotifiers.dhcp_rpc_agent_api [None req-7399cd57-f9c9-4bbc-8485-0562398d88fd 753280bc916d47ae887db1fab82e6bd2 eee0c6a25d6a4e0380da27db6e0b54a5 - - default default] Unable to schedule network fca5ba45-e845-4ecd-9274-f8c8985d5724: no agents available; will retry on subsequent port and subnet creation events.
2026-05-09 14:03:29.142 10 INFO neutron.db.ovn_revision_numbers_db [None req-477f068b-979a-4d1f-8165-1f11f7844f53 753280bc916d47ae887db1fab82e6bd2 eee0c6a25d6a4e0380da27db6e0b54a5 - - default default] Successfully bumped revision number for resource c1d6cecf-660d-4936-8787-cac822f0bda0 (type: ports) to 1
2026-05-09 14:03:29.165 10 INFO neutron.db.ovn_revision_numbers_db [None req-9a362db7-636b-4149-b646-9c04e5f1e85f 753280bc916d47ae887db1fab82e6bd2 eee0c6a25d6a4e0380da27db6e0b54a5 - - default default] Successfully bumped revision number for resource 66f0852d-c383-4aca-b05e-f38d25aa739f (type: security_group_rules) to 0
2026-05-09 14:03:29.178 10 INFO neutron.wsgi [None req-477f068b-979a-4d1f-8165-1f11f7844f53 753280bc916d47ae887db1fab82e6bd2 eee0c6a25d6a4e0380da27db6e0b54a5 - - default default] 10.0.0.184 "POST /v2.0/networks HTTP/1.1" status: 201 len: 946 time: 1.2076962
2026-05-09 14:03:29.185 10 INFO neutron.db.ovn_revision_numbers_db [None req-9a362db7-636b-4149-b646-9c04e5f1e85f 753280bc916d47ae887db1fab82e6bd2 eee0c6a25d6a4e0380da27db6e0b54a5 - - default default] Successfully bumped revision number for resource ed888552-c3ab-4c82-a31f-6a481316678a (type: security_group_rules) to 0
2026-05-09 14:03:29.190 10 INFO neutron.db.ovn_revision_numbers_db [None req-a1be306f-192c-4ce8-b541-7ed850b29613 753280bc916d47ae887db1fab82e6bd2 eee0c6a25d6a4e0380da27db6e0b54a5 - - default default] Successfully bumped revision number for resource 6256e5c9-4e5f-4955-a5ca-3d10d94ced5f (type: ports) to 1
2026-05-09 14:03:29.207 10 INFO neutron.db.ovn_revision_numbers_db [None req-9a362db7-636b-4149-b646-9c04e5f1e85f 753280bc916d47ae887db1fab82e6bd2 eee0c6a25d6a4e0380da27db6e0b54a5 - - default default] Successfully bumped revision number for resource ffa632a5-1676-435a-a599-8294f6a5e131 (type: security_group_rules) to 0
2026-05-09 14:03:29.216 10 INFO neutron.wsgi [None req-a1be306f-192c-4ce8-b541-7ed850b29613 753280bc916d47ae887db1fab82e6bd2 eee0c6a25d6a4e0380da27db6e0b54a5 - - default default] 10.0.0.184 "POST /v2.0/networks HTTP/1.1" status: 201 len: 940 time: 1.0884237
2026-05-09 14:03:29.233 10 INFO neutron.wsgi [None req-9a362db7-636b-4149-b646-9c04e5f1e85f 753280bc916d47ae887db1fab82e6bd2 eee0c6a25d6a4e0380da27db6e0b54a5 - - default default] 10.0.0.184 "GET /v2.0/security-groups?tenant_id=e1fe6d0b2cbf49cfac411930c7547cd5&name=default HTTP/1.1" status: 200 len: 3116 time: 0.5408342
2026-05-09 14:03:29.436 9 WARNING neutron.scheduler.dhcp_agent_scheduler [None req-fea1f3be-0714-4484-a644-5e3784eb904a 753280bc916d47ae887db1fab82e6bd2 eee0c6a25d6a4e0380da27db6e0b54a5 - - default default] No more DHCP agents
2026-05-09 14:03:29.440 9 WARNING neutron.api.rpc.agentnotifiers.dhcp_rpc_agent_api [None req-fea1f3be-0714-4484-a644-5e3784eb904a 753280bc916d47ae887db1fab82e6bd2 eee0c6a25d6a4e0380da27db6e0b54a5 - - default default] Unable to schedule network b42f67c6-856f-4852-9c27-50ba44b0a402: no agents available; will retry on subsequent port and subnet creation events.
2026-05-09 14:03:29.497 10 INFO neutron.wsgi [None req-22895544-c84c-4491-9be7-eed896699181 753280bc916d47ae887db1fab82e6bd2 eee0c6a25d6a4e0380da27db6e0b54a5 - - default default] 10.0.0.184 "DELETE /v2.0/security-groups/6d895251-1061-48c7-9c6e-c3e5b4799cff HTTP/1.1" status: 204 len: 168 time: 0.2588329
2026-05-09 14:03:29.535 9 WARNING neutron.scheduler.dhcp_agent_scheduler [None req-4223c757-a799-4d36-9361-c185ebc0409b 753280bc916d47ae887db1fab82e6bd2 eee0c6a25d6a4e0380da27db6e0b54a5 - - default default] No more DHCP agents
2026-05-09 14:03:29.540 9 WARNING neutron.api.rpc.agentnotifiers.dhcp_rpc_agent_api [None req-4223c757-a799-4d36-9361-c185ebc0409b 753280bc916d47ae887db1fab82e6bd2 eee0c6a25d6a4e0380da27db6e0b54a5 - - default default] Unable to schedule network 4f81dc99-1cc1-40ac-bc47-c2b3657765b9: no agents available; will retry on subsequent port and subnet creation events.
2026-05-09 14:03:30.044 9 INFO neutron.db.ovn_revision_numbers_db [None req-7399cd57-f9c9-4bbc-8485-0562398d88fd 753280bc916d47ae887db1fab82e6bd2 eee0c6a25d6a4e0380da27db6e0b54a5 - - default default] Successfully bumped revision number for resource f69d2235-5b45-4115-9a4f-9427fd47054a (type: ports) to 2
2026-05-09 14:03:30.121 9 INFO neutron.db.ovn_revision_numbers_db [None req-7399cd57-f9c9-4bbc-8485-0562398d88fd 753280bc916d47ae887db1fab82e6bd2 eee0c6a25d6a4e0380da27db6e0b54a5 - - default default] Successfully bumped revision number for resource 860727e3-e716-4a80-b3f6-79971601fb88 (type: subnets) to 0
2026-05-09 14:03:30.151 9 INFO neutron.wsgi [None req-7399cd57-f9c9-4bbc-8485-0562398d88fd 753280bc916d47ae887db1fab82e6bd2 eee0c6a25d6a4e0380da27db6e0b54a5 - - default default] 10.0.0.184 "POST /v2.0/subnets HTTP/1.1" status: 201 len: 864 time: 1.1942420
2026-05-09 14:03:30.307 9 INFO neutron.db.ovn_revision_numbers_db [None req-fea1f3be-0714-4484-a644-5e3784eb904a 753280bc916d47ae887db1fab82e6bd2 eee0c6a25d6a4e0380da27db6e0b54a5 - - default default] Successfully bumped revision number for resource c1d6cecf-660d-4936-8787-cac822f0bda0 (type: ports) to 2
2026-05-09 14:03:30.349 9 INFO neutron.db.ovn_revision_numbers_db [None req-fea1f3be-0714-4484-a644-5e3784eb904a 753280bc916d47ae887db1fab82e6bd2 eee0c6a25d6a4e0380da27db6e0b54a5 - - default default] Successfully bumped revision number for resource deae1417-7792-45d1-a12b-2fe467d6915e (type: subnets) to 0
2026-05-09 14:03:30.356 9 INFO neutron.db.ovn_revision_numbers_db [None req-4223c757-a799-4d36-9361-c185ebc0409b 753280bc916d47ae887db1fab82e6bd2 eee0c6a25d6a4e0380da27db6e0b54a5 - - default default] Successfully bumped revision number for resource 6256e5c9-4e5f-4955-a5ca-3d10d94ced5f (type: ports) to 2
2026-05-09 14:03:30.363 9 INFO neutron.wsgi [None req-fea1f3be-0714-4484-a644-5e3784eb904a 753280bc916d47ae887db1fab82e6bd2 eee0c6a25d6a4e0380da27db6e0b54a5 - - default default] 10.0.0.184 "POST /v2.0/subnets HTTP/1.1" status: 201 len: 866 time: 1.1760492
2026-05-09 14:03:30.384 9 INFO neutron.db.ovn_revision_numbers_db [None req-4223c757-a799-4d36-9361-c185ebc0409b 753280bc916d47ae887db1fab82e6bd2 eee0c6a25d6a4e0380da27db6e0b54a5 - - default default] Successfully bumped revision number for resource b936315d-ef05-461d-8ef1-671ae49a2ef8 (type: subnets) to 0
2026-05-09 14:03:30.397 9 INFO neutron.wsgi [None req-4223c757-a799-4d36-9361-c185ebc0409b 753280bc916d47ae887db1fab82e6bd2 eee0c6a25d6a4e0380da27db6e0b54a5 - - default default] 10.0.0.184 "POST /v2.0/subnets HTTP/1.1" status: 201 len: 860 time: 1.1745229
2026-05-09 14:03:31.007 10 WARNING neutron.scheduler.dhcp_agent_scheduler [None req-acb521cc-6606-4b72-b8d3-f50c022e058e 753280bc916d47ae887db1fab82e6bd2 eee0c6a25d6a4e0380da27db6e0b54a5 - - default default] No more DHCP agents
2026-05-09 14:03:31.012 10 WARNING neutron.api.rpc.agentnotifiers.dhcp_rpc_agent_api [None req-acb521cc-6606-4b72-b8d3-f50c022e058e 753280bc916d47ae887db1fab82e6bd2 eee0c6a25d6a4e0380da27db6e0b54a5 - - default default] Unable to schedule network f7910759-c9cf-4aaf-a551-e509a0e2d158: no agents available; will retry on subsequent port and subnet creation events.
2026-05-09 14:03:31.023 9 WARNING neutron.scheduler.dhcp_agent_scheduler [None req-0b3f4428-f39d-43af-be7d-0de3aff53abd 753280bc916d47ae887db1fab82e6bd2 eee0c6a25d6a4e0380da27db6e0b54a5 - - default default] No more DHCP agents
2026-05-09 14:03:31.025 9 WARNING neutron.api.rpc.agentnotifiers.dhcp_rpc_agent_api [None req-0b3f4428-f39d-43af-be7d-0de3aff53abd 753280bc916d47ae887db1fab82e6bd2 eee0c6a25d6a4e0380da27db6e0b54a5 - - default default] Unable to schedule network f7910759-c9cf-4aaf-a551-e509a0e2d158: no agents available; will retry on subsequent port and subnet creation events.
2026-05-09 14:03:31.120 10 WARNING neutron.scheduler.dhcp_agent_scheduler [None req-e55e4d85-3899-4f51-966e-b675f68022bc 753280bc916d47ae887db1fab82e6bd2 eee0c6a25d6a4e0380da27db6e0b54a5 - - default default] No more DHCP agents
2026-05-09 14:03:31.124 10 WARNING neutron.api.rpc.agentnotifiers.dhcp_rpc_agent_api [None req-e55e4d85-3899-4f51-966e-b675f68022bc 753280bc916d47ae887db1fab82e6bd2 eee0c6a25d6a4e0380da27db6e0b54a5 - - default default] Unable to schedule network f7910759-c9cf-4aaf-a551-e509a0e2d158: no agents available; will retry on subsequent port and subnet creation events.
2026-05-09 14:03:31.147 9 INFO neutron.db.ovn_revision_numbers_db [None req-0b3f4428-f39d-43af-be7d-0de3aff53abd 753280bc916d47ae887db1fab82e6bd2 eee0c6a25d6a4e0380da27db6e0b54a5 - - default default] Successfully bumped revision number for resource bef1d0c7-064d-4055-bc09-5f8ef0d3acbf (type: ports) to 1
2026-05-09 14:03:31.235 10 INFO neutron.db.ovn_revision_numbers_db [None req-acb521cc-6606-4b72-b8d3-f50c022e058e 753280bc916d47ae887db1fab82e6bd2 eee0c6a25d6a4e0380da27db6e0b54a5 - - default default] Successfully bumped revision number for resource 97742e30-cbca-4687-aeab-199efa80bc18 (type: ports) to 1
2026-05-09 14:03:31.417 10 INFO neutron.db.ovn_revision_numbers_db [None req-e55e4d85-3899-4f51-966e-b675f68022bc 753280bc916d47ae887db1fab82e6bd2 eee0c6a25d6a4e0380da27db6e0b54a5 - - default default] Successfully bumped revision number for resource f548df53-c1d2-468b-80cb-276ceeab7d71 (type: ports) to 1
2026-05-09 14:03:31.535 9 INFO neutron.plugins.ml2.drivers.ovn.mech_driver.ovsdb.extensions.qos [None req-0b3f4428-f39d-43af-be7d-0de3aff53abd 753280bc916d47ae887db1fab82e6bd2 eee0c6a25d6a4e0380da27db6e0b54a5 - - default default] Starting OVNClientQosExtension
2026-05-09 14:03:31.789 10 INFO neutron.plugins.ml2.drivers.ovn.mech_driver.ovsdb.extensions.qos [None req-acb521cc-6606-4b72-b8d3-f50c022e058e 753280bc916d47ae887db1fab82e6bd2 eee0c6a25d6a4e0380da27db6e0b54a5 - - default default] Starting OVNClientQosExtension
2026-05-09 14:03:31.829 10 INFO neutron.db.ovn_revision_numbers_db [None req-ac788f4a-c830-406c-969c-471430b3c90a 753280bc916d47ae887db1fab82e6bd2 eee0c6a25d6a4e0380da27db6e0b54a5 - - default default] Successfully bumped revision number for resource 0d0601d2-7d45-4b10-9ad9-a11606ecd07a (type: security_groups) to 1
2026-05-09 14:03:31.865 10 INFO neutron.db.ovn_revision_numbers_db [None req-ac788f4a-c830-406c-969c-471430b3c90a 753280bc916d47ae887db1fab82e6bd2 eee0c6a25d6a4e0380da27db6e0b54a5 - - default default] Successfully bumped revision number for resource 381e9d2c-d70c-4da3-b89b-c7c0fd39f4a7 (type: security_group_rules) to 0
2026-05-09 14:03:31.891 10 INFO neutron.db.ovn_revision_numbers_db [None req-ac788f4a-c830-406c-969c-471430b3c90a 753280bc916d47ae887db1fab82e6bd2 eee0c6a25d6a4e0380da27db6e0b54a5 - - default default] Successfully bumped revision number for resource a38eeb4f-71b3-461f-8b5e-c8c35ab70e7d (type: security_group_rules) to 0
2026-05-09 14:03:31.917 10 INFO neutron.db.ovn_revision_numbers_db [None req-ac788f4a-c830-406c-969c-471430b3c90a 753280bc916d47ae887db1fab82e6bd2 eee0c6a25d6a4e0380da27db6e0b54a5 - - default default] Successfully bumped revision number for resource aff91217-eff2-4c7c-8e17-2271c75cc1fb (type: security_group_rules) to 0
2026-05-09 14:03:31.965 9 INFO neutron.plugins.ml2.drivers.ovn.mech_driver.ovsdb.commands [None req-818a7e2e-62be-4a75-9208-b75ebe804d23 - - - - - -] Schedule LRP lrp-bef1d0c7-064d-4055-bc09-5f8ef0d3acbf on gateway c9843b10-cff7-4fdd-b14a-52a57aef6c93 with priority 1
2026-05-09 14:03:32.036 9 INFO neutron.db.ovn_revision_numbers_db [None req-0b3f4428-f39d-43af-be7d-0de3aff53abd 753280bc916d47ae887db1fab82e6bd2 eee0c6a25d6a4e0380da27db6e0b54a5 - - default default] Successfully bumped revision number for resource bef1d0c7-064d-4055-bc09-5f8ef0d3acbf (type: router_ports) to 1
2026-05-09 14:03:32.079 10 INFO neutron.plugins.ml2.drivers.ovn.mech_driver.ovsdb.ovsdb_monitor [-] Router c98ec0f4-b618-4b90-9743-5a498737b6b1 is bound to host instance
2026-05-09 14:03:32.094 10 INFO neutron.plugins.ml2.drivers.ovn.mech_driver.mech_driver [None req-69427717-af26-4687-9a49-940a29f799c4 - - - - - -] OVN reports status up for port: bef1d0c7-064d-4055-bc09-5f8ef0d3acbf
2026-05-09 14:03:32.098 10 INFO neutron.db.ovn_revision_numbers_db [None req-ac788f4a-c830-406c-969c-471430b3c90a 753280bc916d47ae887db1fab82e6bd2 eee0c6a25d6a4e0380da27db6e0b54a5 - - default default] Successfully bumped revision number for resource f599b8e8-3c62-4d76-a7d4-9836a9b8fbc9 (type: security_group_rules) to 0
2026-05-09 14:03:32.105 9 INFO neutron.db.ovn_revision_numbers_db [None req-0b3f4428-f39d-43af-be7d-0de3aff53abd 753280bc916d47ae887db1fab82e6bd2 eee0c6a25d6a4e0380da27db6e0b54a5 - - default default] Successfully bumped revision number for resource c98ec0f4-b618-4b90-9743-5a498737b6b1 (type: routers) to 2
2026-05-09 14:03:32.137 9 INFO neutron.wsgi [None req-0b3f4428-f39d-43af-be7d-0de3aff53abd 753280bc916d47ae887db1fab82e6bd2 eee0c6a25d6a4e0380da27db6e0b54a5 - - default default] 10.0.0.184 "POST /v2.0/routers HTTP/1.1" status: 201 len: 1162 time: 1.7359300
2026-05-09 14:03:32.170 10 INFO neutron.plugins.ml2.plugin [None req-69427717-af26-4687-9a49-940a29f799c4 - - - - - -] Attempt 1 to provision port bef1d0c7-064d-4055-bc09-5f8ef0d3acbf
2026-05-09 14:03:32.212 10 INFO neutron.db.segments_db [None req-ac788f4a-c830-406c-969c-471430b3c90a 753280bc916d47ae887db1fab82e6bd2 eee0c6a25d6a4e0380da27db6e0b54a5 - - default default] Added segment 7699dbb0-bc3d-4218-9102-41800d559c9c of type geneve for network 17e82c8b-8bc7-4fc6-b638-46a57da5f1dd
2026-05-09 14:03:32.618 10 INFO neutron.db.ovn_revision_numbers_db [None req-ac788f4a-c830-406c-969c-471430b3c90a 753280bc916d47ae887db1fab82e6bd2 eee0c6a25d6a4e0380da27db6e0b54a5 - - default default] Successfully bumped revision number for resource 17e82c8b-8bc7-4fc6-b638-46a57da5f1dd (type: networks) to 1
2026-05-09 14:03:32.719 9 WARNING neutron.scheduler.dhcp_agent_scheduler [None req-dd14ccd8-fb0d-42e9-99ae-8be8f3806a26 753280bc916d47ae887db1fab82e6bd2 eee0c6a25d6a4e0380da27db6e0b54a5 - - default default] No more DHCP agents
2026-05-09 14:03:32.720 9 WARNING neutron.api.rpc.agentnotifiers.dhcp_rpc_agent_api [None req-dd14ccd8-fb0d-42e9-99ae-8be8f3806a26 753280bc916d47ae887db1fab82e6bd2 eee0c6a25d6a4e0380da27db6e0b54a5 - - default default] Unable to schedule network 4f81dc99-1cc1-40ac-bc47-c2b3657765b9: no agents available; will retry on subsequent port and subnet creation events.
2026-05-09 14:03:32.810 10 INFO neutron.plugins.ml2.drivers.ovn.mech_driver.ovsdb.commands [None req-8761dc14-8a11-416d-94e9-631aeba88c02 - - - - - -] Schedule LRP lrp-97742e30-cbca-4687-aeab-199efa80bc18 on gateway c9843b10-cff7-4fdd-b14a-52a57aef6c93 with priority 1
2026-05-09 14:03:32.822 9 INFO neutron.plugins.ml2.drivers.ovn.mech_driver.mech_driver [None req-2b62d2f3-948b-40ce-92b0-cd56d01da0a3 - - - - - -] OVN reports status up for port: 97742e30-cbca-4687-aeab-199efa80bc18
2026-05-09 14:03:32.850 9 INFO neutron.plugins.ml2.drivers.ovn.mech_driver.ovsdb.ovsdb_monitor [-] Router f81c2f6e-e1b7-43b7-8c8f-41c70d1455ec is bound to host instance
2026-05-09 14:03:32.877 9 INFO neutron.plugins.ml2.plugin [None req-2b62d2f3-948b-40ce-92b0-cd56d01da0a3 - - - - - -] Attempt 1 to provision port 97742e30-cbca-4687-aeab-199efa80bc18
2026-05-09 14:03:32.904 9 INFO neutron.db.ovn_revision_numbers_db [None req-dd14ccd8-fb0d-42e9-99ae-8be8f3806a26 753280bc916d47ae887db1fab82e6bd2 eee0c6a25d6a4e0380da27db6e0b54a5 - - default default] Successfully bumped revision number for resource d9e186d4-2a61-47f4-b17e-596df0966739 (type: ports) to 1
2026-05-09 14:03:33.081 10 INFO neutron.db.ovn_revision_numbers_db [None req-acb521cc-6606-4b72-b8d3-f50c022e058e 753280bc916d47ae887db1fab82e6bd2 eee0c6a25d6a4e0380da27db6e0b54a5 - - default default] Successfully bumped revision number for resource 97742e30-cbca-4687-aeab-199efa80bc18 (type: router_ports) to 1
2026-05-09 14:03:33.123 10 INFO neutron.plugins.ml2.drivers.ovn.mech_driver.ovsdb.commands [None req-8761dc14-8a11-416d-94e9-631aeba88c02 - - - - - -] Schedule LRP lrp-f548df53-c1d2-468b-80cb-276ceeab7d71 on gateway c9843b10-cff7-4fdd-b14a-52a57aef6c93 with priority 1
2026-05-09 14:03:33.198 10 WARNING neutron.scheduler.dhcp_agent_scheduler [None req-ac788f4a-c830-406c-969c-471430b3c90a 753280bc916d47ae887db1fab82e6bd2 eee0c6a25d6a4e0380da27db6e0b54a5 - - default default] No more DHCP agents
2026-05-09 14:03:33.205 10 WARNING neutron.api.rpc.agentnotifiers.dhcp_rpc_agent_api [None req-ac788f4a-c830-406c-969c-471430b3c90a 753280bc916d47ae887db1fab82e6bd2 eee0c6a25d6a4e0380da27db6e0b54a5 - - default default] Unable to schedule network 17e82c8b-8bc7-4fc6-b638-46a57da5f1dd: no agents available; will retry on subsequent port and subnet creation events.
2026-05-09 14:03:33.240 10 INFO neutron.db.ovn_revision_numbers_db [None req-e55e4d85-3899-4f51-966e-b675f68022bc 753280bc916d47ae887db1fab82e6bd2 eee0c6a25d6a4e0380da27db6e0b54a5 - - default default] Successfully bumped revision number for resource f548df53-c1d2-468b-80cb-276ceeab7d71 (type: router_ports) to 1
2026-05-09 14:03:33.277 10 INFO neutron.db.ovn_revision_numbers_db [None req-acb521cc-6606-4b72-b8d3-f50c022e058e 753280bc916d47ae887db1fab82e6bd2 eee0c6a25d6a4e0380da27db6e0b54a5 - - default default] Successfully bumped revision number for resource f81c2f6e-e1b7-43b7-8c8f-41c70d1455ec (type: routers) to 2
2026-05-09 14:03:33.336 10 INFO neutron.wsgi [None req-acb521cc-6606-4b72-b8d3-f50c022e058e 753280bc916d47ae887db1fab82e6bd2 eee0c6a25d6a4e0380da27db6e0b54a5 - - default default] 10.0.0.184 "POST /v2.0/routers HTTP/1.1" status: 201 len: 1166 time: 3.1806910
2026-05-09 14:03:33.376 10 INFO neutron.db.ovn_revision_numbers_db [None req-ac788f4a-c830-406c-969c-471430b3c90a 753280bc916d47ae887db1fab82e6bd2 eee0c6a25d6a4e0380da27db6e0b54a5 - - default default] Successfully bumped revision number for resource 6dc55f55-48c3-4a2e-8085-989dd5d7c419 (type: ports) to 1
2026-05-09 14:03:33.382 10 INFO neutron.db.ovn_revision_numbers_db [None req-e55e4d85-3899-4f51-966e-b675f68022bc 753280bc916d47ae887db1fab82e6bd2 eee0c6a25d6a4e0380da27db6e0b54a5 - - default default] Successfully bumped revision number for resource ba5b5b30-d804-424e-b779-cb981d7964ab (type: routers) to 2
2026-05-09 14:03:33.418 10 INFO neutron.wsgi [None req-e55e4d85-3899-4f51-966e-b675f68022bc 753280bc916d47ae887db1fab82e6bd2 eee0c6a25d6a4e0380da27db6e0b54a5 - - default default] 10.0.0.184 "POST /v2.0/routers HTTP/1.1" status: 201 len: 1168 time: 3.0459640
2026-05-09 14:03:33.430 10 INFO neutron.wsgi [None req-ac788f4a-c830-406c-969c-471430b3c90a 753280bc916d47ae887db1fab82e6bd2 eee0c6a25d6a4e0380da27db6e0b54a5 - - default default] 10.0.0.184 "POST /v2.0/networks HTTP/1.1" status: 201 len: 950 time: 2.1676404
2026-05-09 14:03:33.622 10 WARNING neutron.scheduler.dhcp_agent_scheduler [None req-70c2a0b8-1115-482e-921a-88580a059026 753280bc916d47ae887db1fab82e6bd2 eee0c6a25d6a4e0380da27db6e0b54a5 - - default default] No more DHCP agents
2026-05-09 14:03:33.626 10 WARNING neutron.api.rpc.agentnotifiers.dhcp_rpc_agent_api [None req-70c2a0b8-1115-482e-921a-88580a059026 753280bc916d47ae887db1fab82e6bd2 eee0c6a25d6a4e0380da27db6e0b54a5 - - default default] Unable to schedule network 17e82c8b-8bc7-4fc6-b638-46a57da5f1dd: no agents available; will retry on subsequent port and subnet creation events.
2026-05-09 14:03:33.684 10 INFO neutron.db.ovn_revision_numbers_db [None req-f3bfbbaf-2641-4f09-800b-b65640d0ef09 - - - - - -] Successfully bumped revision number for resource bef1d0c7-064d-4055-bc09-5f8ef0d3acbf (type: ports) to 1
2026-05-09 14:03:34.153 9 ERROR ovsdbapp.backend.ovs_idl.command [None req-dd14ccd8-fb0d-42e9-99ae-8be8f3806a26 753280bc916d47ae887db1fab82e6bd2 eee0c6a25d6a4e0380da27db6e0b54a5 - - default default] Error executing command (DbGetCommand): ovsdbapp.backend.ovs_idl.idlutils.RowNotFound: Cannot find Logical_Router_Port with name=lrp-d9e186d4-2a61-47f4-b17e-596df0966739
2026-05-09 14:03:34.153 9 ERROR ovsdbapp.backend.ovs_idl.command
Traceback (most recent call last):
2026-05-09 14:03:34.153 9 ERROR ovsdbapp.backend.ovs_idl.command
File "/var/lib/openstack/lib/python3.10/site-packages/ovsdbapp/backend/ovs_idl/command.py", line 47, in execute
2026-05-09 14:03:34.153 9 ERROR ovsdbapp.backend.ovs_idl.command self.run_idl(None)
2026-05-09 14:03:34.153 9 ERROR ovsdbapp.backend.ovs_idl.command
File "/var/lib/openstack/lib/python3.10/site-packages/ovsdbapp/backend/ovs_idl/command.py", line 235, in run_idl
2026-05-09 14:03:34.153 9 ERROR ovsdbapp.backend.ovs_idl.command record = self.api.lookup(self.table, self.record)
2026-05-09 14:03:34.153 9 ERROR ovsdbapp.backend.ovs_idl.command
File "/var/lib/openstack/lib/python3.10/site-packages/ovsdbapp/backend/ovs_idl/__init__.py", line 184, in lookup
2026-05-09 14:03:34.153 9 ERROR ovsdbapp.backend.ovs_idl.command return self._lookup(table, record)
2026-05-09 14:03:34.153 9 ERROR ovsdbapp.backend.ovs_idl.command
File "/var/lib/openstack/lib/python3.10/site-packages/ovsdbapp/backend/ovs_idl/__init__.py", line 235, in _lookup
2026-05-09 14:03:34.153 9 ERROR ovsdbapp.backend.ovs_idl.command row = idlutils.row_by_value(self, rl.table, rl.column, record)
2026-05-09 14:03:34.153 9 ERROR ovsdbapp.backend.ovs_idl.command
File "/var/lib/openstack/lib/python3.10/site-packages/ovsdbapp/backend/ovs_idl/idlutils.py", line 114, in row_by_value
2026-05-09 14:03:34.153 9 ERROR ovsdbapp.backend.ovs_idl.command raise RowNotFound(table=table, col=column, match=match)
2026-05-09 14:03:34.153 9 ERROR ovsdbapp.backend.ovs_idl.command ovsdbapp.backend.ovs_idl.idlutils.RowNotFound: Cannot find Logical_Router_Port with name=lrp-d9e186d4-2a61-47f4-b17e-596df0966739
2026-05-09 14:03:34.153 9 ERROR ovsdbapp.backend.ovs_idl.command 
2026-05-09 14:03:34.154 9 ERROR neutron_lib.callbacks.manager [None req-dd14ccd8-fb0d-42e9-99ae-8be8f3806a26 753280bc916d47ae887db1fab82e6bd2 eee0c6a25d6a4e0380da27db6e0b54a5 - - default default] Error during notification for neutron.services.ovn_l3.plugin.OVNL3RouterPlugin._port_update-8766159168212 port, after_update: ovsdbapp.backend.ovs_idl.idlutils.RowNotFound: Cannot find Logical_Router_Port with name=lrp-d9e186d4-2a61-47f4-b17e-596df0966739
2026-05-09 14:03:34.154 9 ERROR neutron_lib.callbacks.manager
Traceback (most recent call last):
2026-05-09 14:03:34.154 9 ERROR neutron_lib.callbacks.manager
File "/var/lib/openstack/lib/python3.10/site-packages/neutron_lib/callbacks/manager.py", line 189, in _notify_loop
2026-05-09 14:03:34.154 9 ERROR neutron_lib.callbacks.manager callback.method(resource, event, trigger, payload=payload)
2026-05-09 14:03:34.154 9 ERROR neutron_lib.callbacks.manager
File "/var/lib/openstack/lib/python3.10/site-packages/neutron/services/ovn_l3/plugin.py", line 391, in _port_update
2026-05-09 14:03:34.154 9 ERROR neutron_lib.callbacks.manager l3plugin._ovn_client.update_router_port(context,
2026-05-09 14:03:34.154 9 ERROR neutron_lib.callbacks.manager
File "/var/lib/openstack/lib/python3.10/site-packages/neutron/plugins/ml2/drivers/ovn/mech_driver/ovsdb/ovn_client.py", line 1878, in update_router_port
2026-05-09 14:03:34.154 9 ERROR neutron_lib.callbacks.manager self._update_lrouter_port(context, port, if_exists=if_exists,
2026-05-09 14:03:34.154 9 ERROR neutron_lib.callbacks.manager
File "/var/lib/openstack/lib/python3.10/site-packages/neutron/plugins/ml2/drivers/ovn/mech_driver/ovsdb/ovn_client.py", line 1855, in _update_lrouter_port
2026-05-09 14:03:34.154 9 ERROR neutron_lib.callbacks.manager external_ids = self._nb_idl.db_get(
2026-05-09 14:03:34.154 9 ERROR neutron_lib.callbacks.manager
File "/var/lib/openstack/lib/python3.10/site-packages/ovsdbapp/backend/ovs_idl/command.py", line 47, in execute
2026-05-09 14:03:34.154 9 ERROR neutron_lib.callbacks.manager self.run_idl(None)
2026-05-09 14:03:34.154 9 ERROR neutron_lib.callbacks.manager
File "/var/lib/openstack/lib/python3.10/site-packages/ovsdbapp/backend/ovs_idl/command.py", line 235, in run_idl
2026-05-09 14:03:34.154 9 ERROR neutron_lib.callbacks.manager record = self.api.lookup(self.table, self.record)
2026-05-09 14:03:34.154 9 ERROR neutron_lib.callbacks.manager
File "/var/lib/openstack/lib/python3.10/site-packages/ovsdbapp/backend/ovs_idl/__init__.py", line 184, in lookup
2026-05-09 14:03:34.154 9 ERROR neutron_lib.callbacks.manager return self._lookup(table, record)
2026-05-09 14:03:34.154 9 ERROR neutron_lib.callbacks.manager
File "/var/lib/openstack/lib/python3.10/site-packages/ovsdbapp/backend/ovs_idl/__init__.py", line 235, in _lookup
2026-05-09 14:03:34.154 9 ERROR neutron_lib.callbacks.manager row = idlutils.row_by_value(self, rl.table, rl.column, record)
2026-05-09 14:03:34.154 9 ERROR neutron_lib.callbacks.manager
File "/var/lib/openstack/lib/python3.10/site-packages/ovsdbapp/backend/ovs_idl/idlutils.py", line 114, in row_by_value
2026-05-09 14:03:34.154 9 ERROR neutron_lib.callbacks.manager raise RowNotFound(table=table, col=column, match=match)
2026-05-09 14:03:34.154 9 ERROR neutron_lib.callbacks.manager ovsdbapp.backend.ovs_idl.idlutils.RowNotFound: Cannot find Logical_Router_Port with name=lrp-d9e186d4-2a61-47f4-b17e-596df0966739
2026-05-09 14:03:34.154 9 ERROR neutron_lib.callbacks.manager 
2026-05-09 14:03:34.293 10 INFO neutron.db.ovn_revision_numbers_db [None req-f3bfbbaf-2641-4f09-800b-b65640d0ef09 - - - - - -] Successfully bumped revision number for resource bef1d0c7-064d-4055-bc09-5f8ef0d3acbf (type: router_ports) to 3
2026-05-09 14:03:34.322 10 INFO neutron.db.ovn_revision_numbers_db [None req-70c2a0b8-1115-482e-921a-88580a059026 753280bc916d47ae887db1fab82e6bd2 eee0c6a25d6a4e0380da27db6e0b54a5 - - default default] Successfully bumped revision number for resource 6dc55f55-48c3-4a2e-8085-989dd5d7c419 (type: ports) to 2
2026-05-09 14:03:34.372 10 INFO neutron.db.ovn_revision_numbers_db [None req-70c2a0b8-1115-482e-921a-88580a059026 753280bc916d47ae887db1fab82e6bd2 eee0c6a25d6a4e0380da27db6e0b54a5 - - default default] Successfully bumped revision number for resource e7c86e6b-bbb8-440d-b408-b354a904e780 (type: subnets) to 0
2026-05-09 14:03:34.387 10 INFO neutron.wsgi [None req-70c2a0b8-1115-482e-921a-88580a059026 753280bc916d47ae887db1fab82e6bd2 eee0c6a25d6a4e0380da27db6e0b54a5 - - default default] 10.0.0.184 "POST /v2.0/subnets HTTP/1.1" status: 201 len: 870 time: 0.9521968
2026-05-09 14:03:34.452 9 INFO neutron.db.ovn_revision_numbers_db [None req-bcee6c48-ce6a-43ab-84e0-5fb5cbae2333 - - - - - -] Successfully bumped revision number for resource 97742e30-cbca-4687-aeab-199efa80bc18 (type: ports) to 1
2026-05-09 14:03:34.561 10 INFO neutron.db.ovn_revision_numbers_db [None req-f3bfbbaf-2641-4f09-800b-b65640d0ef09 - - - - - -] Successfully bumped revision number for resource bef1d0c7-064d-4055-bc09-5f8ef0d3acbf (type: ports) to 2
2026-05-09 14:03:34.732 9 WARNING neutron.scheduler.dhcp_agent_scheduler [None req-4b1695d7-5a86-444d-86e7-e98d05b7706b 753280bc916d47ae887db1fab82e6bd2 eee0c6a25d6a4e0380da27db6e0b54a5 - - default default] No more DHCP agents
2026-05-09 14:03:34.743 9 WARNING neutron.api.rpc.agentnotifiers.dhcp_rpc_agent_api [None req-4b1695d7-5a86-444d-86e7-e98d05b7706b 753280bc916d47ae887db1fab82e6bd2 eee0c6a25d6a4e0380da27db6e0b54a5 - - default default] Unable to schedule network fca5ba45-e845-4ecd-9274-f8c8985d5724: no agents available; will retry on subsequent port and subnet creation events.
2026-05-09 14:03:34.745 9 INFO neutron.db.ovn_revision_numbers_db [None req-dd14ccd8-fb0d-42e9-99ae-8be8f3806a26 753280bc916d47ae887db1fab82e6bd2 eee0c6a25d6a4e0380da27db6e0b54a5 - - default default] Successfully bumped revision number for resource d9e186d4-2a61-47f4-b17e-596df0966739 (type: ports) to 1
2026-05-09 14:03:34.808 9 WARNING neutron.scheduler.dhcp_agent_scheduler [None req-35394634-25a3-4439-a1eb-566ab4965cf2 753280bc916d47ae887db1fab82e6bd2 eee0c6a25d6a4e0380da27db6e0b54a5 - - default default] No more DHCP agents
2026-05-09 14:03:34.817 9 WARNING neutron.api.rpc.agentnotifiers.dhcp_rpc_agent_api [None req-35394634-25a3-4439-a1eb-566ab4965cf2 753280bc916d47ae887db1fab82e6bd2 eee0c6a25d6a4e0380da27db6e0b54a5 - - default default] Unable to schedule network b42f67c6-856f-4852-9c27-50ba44b0a402: no agents available; will retry on subsequent port and subnet creation events.
2026-05-09 14:03:34.893 10 INFO neutron.wsgi [-] 10.0.0.12 "GET / HTTP/1.1" status: 200 len: 246 time: 0.0014558
2026-05-09 14:03:34.894 10 INFO neutron.wsgi [-] 10.0.0.12 "GET / HTTP/1.1" status: 200 len: 246 time: 0.0008583
2026-05-09 14:03:34.983 9 WARNING neutron.scheduler.dhcp_agent_scheduler [None req-dd14ccd8-fb0d-42e9-99ae-8be8f3806a26 753280bc916d47ae887db1fab82e6bd2 eee0c6a25d6a4e0380da27db6e0b54a5 - - default default] No more DHCP agents
2026-05-09 14:03:34.990 9 WARNING neutron.api.rpc.agentnotifiers.dhcp_rpc_agent_api [None req-dd14ccd8-fb0d-42e9-99ae-8be8f3806a26 753280bc916d47ae887db1fab82e6bd2 eee0c6a25d6a4e0380da27db6e0b54a5 - - default default] Unable to schedule network 4f81dc99-1cc1-40ac-bc47-c2b3657765b9: no agents available; will retry on subsequent port and subnet creation events.
2026-05-09 14:03:35.115 10 INFO neutron.plugins.ml2.drivers.ovn.mech_driver.mech_driver [None req-69427717-af26-4687-9a49-940a29f799c4 - - - - - -] OVN reports status up for port: f548df53-c1d2-468b-80cb-276ceeab7d71
2026-05-09 14:03:35.133 9 INFO neutron.db.ovn_revision_numbers_db [None req-4b1695d7-5a86-444d-86e7-e98d05b7706b 753280bc916d47ae887db1fab82e6bd2 eee0c6a25d6a4e0380da27db6e0b54a5 - - default default] Successfully bumped revision number for resource 14ecb23f-9db8-4e6b-b82d-93c43130522c (type: ports) to 1
2026-05-09 14:03:35.133 10 WARNING neutron.scheduler.dhcp_agent_scheduler [None req-b1a8d5e4-bfbb-4c9b-aece-42a9fce3c597 753280bc916d47ae887db1fab82e6bd2 eee0c6a25d6a4e0380da27db6e0b54a5 - - default default] No more DHCP agents
2026-05-09 14:03:35.140 10 WARNING neutron.api.rpc.agentnotifiers.dhcp_rpc_agent_api [None req-b1a8d5e4-bfbb-4c9b-aece-42a9fce3c597 753280bc916d47ae887db1fab82e6bd2 eee0c6a25d6a4e0380da27db6e0b54a5 - - default default] Unable to schedule network f7910759-c9cf-4aaf-a551-e509a0e2d158: no agents available; will retry on subsequent port and subnet creation events.
2026-05-09 14:03:35.143 10 INFO neutron.plugins.ml2.plugin [None req-69427717-af26-4687-9a49-940a29f799c4 - - - - - -] Attempt 1 to provision port f548df53-c1d2-468b-80cb-276ceeab7d71
2026-05-09 14:03:35.198 9 INFO neutron.db.ovn_revision_numbers_db [None req-35394634-25a3-4439-a1eb-566ab4965cf2 753280bc916d47ae887db1fab82e6bd2 eee0c6a25d6a4e0380da27db6e0b54a5 - - default default] Successfully bumped revision number for resource fdbbb213-f4bd-4017-9680-8e9226885900 (type: ports) to 1
2026-05-09 14:03:35.253 10 INFO neutron.db.ovn_revision_numbers_db [None req-f3bfbbaf-2641-4f09-800b-b65640d0ef09 - - - - - -] Successfully bumped revision number for resource bef1d0c7-064d-4055-bc09-5f8ef0d3acbf (type: ports) to 4
2026-05-09 14:03:35.378 10 INFO neutron.db.ovn_revision_numbers_db [None req-b1a8d5e4-bfbb-4c9b-aece-42a9fce3c597 753280bc916d47ae887db1fab82e6bd2 eee0c6a25d6a4e0380da27db6e0b54a5 - - default default] Successfully bumped revision number for resource cae0cd1e-a7fb-47c9-b84a-9438cf87a501 (type: ports) to 1
2026-05-09 14:03:35.516 9 INFO neutron.db.ovn_revision_numbers_db [None req-bcee6c48-ce6a-43ab-84e0-5fb5cbae2333 - - - - - -] Successfully bumped revision number for resource 97742e30-cbca-4687-aeab-199efa80bc18 (type: router_ports) to 3
2026-05-09 14:03:35.628 10 INFO neutron.db.ovn_revision_numbers_db [None req-f3bfbbaf-2641-4f09-800b-b65640d0ef09 - - - - - -] Successfully bumped revision number for resource bef1d0c7-064d-4055-bc09-5f8ef0d3acbf (type: router_ports) to 4
2026-05-09 14:03:35.779 10 INFO neutron.plugins.ml2.drivers.ovn.mech_driver.ovsdb.ovsdb_monitor [None req-f3bfbbaf-2641-4f09-800b-b65640d0ef09 - - - - - -] Router ba5b5b30-d804-424e-b779-cb981d7964ab is bound to host instance
2026-05-09 14:03:36.035 9 INFO neutron.db.ovn_revision_numbers_db [None req-bcee6c48-ce6a-43ab-84e0-5fb5cbae2333 - - - - - -] Successfully bumped revision number for resource 97742e30-cbca-4687-aeab-199efa80bc18 (type: ports) to 2
2026-05-09 14:03:36.302 10 INFO neutron.plugins.ml2.drivers.ovn.mech_driver.ovsdb.commands [None req-8761dc14-8a11-416d-94e9-631aeba88c02 - - - - - -] Schedule LRP lrp-cae0cd1e-a7fb-47c9-b84a-9438cf87a501 on gateway c9843b10-cff7-4fdd-b14a-52a57aef6c93 with priority 1
2026-05-09 14:03:36.367 10 INFO neutron.db.ovn_revision_numbers_db [None req-b1a8d5e4-bfbb-4c9b-aece-42a9fce3c597 753280bc916d47ae887db1fab82e6bd2 eee0c6a25d6a4e0380da27db6e0b54a5 - - default default] Successfully bumped revision number for resource cae0cd1e-a7fb-47c9-b84a-9438cf87a501 (type: router_ports) to 1
2026-05-09 14:03:36.387 9 INFO neutron.plugins.ml2.drivers.ovn.mech_driver.mech_driver [None req-2b62d2f3-948b-40ce-92b0-cd56d01da0a3 - - - - - -] OVN reports status up for port: cae0cd1e-a7fb-47c9-b84a-9438cf87a501
2026-05-09 14:03:36.436 9 INFO neutron.plugins.ml2.plugin [None req-2b62d2f3-948b-40ce-92b0-cd56d01da0a3 - - - - - -] Attempt 1 to provision port cae0cd1e-a7fb-47c9-b84a-9438cf87a501
2026-05-09 14:03:36.458 10 INFO neutron.db.ovn_revision_numbers_db [None req-b1a8d5e4-bfbb-4c9b-aece-42a9fce3c597 753280bc916d47ae887db1fab82e6bd2 eee0c6a25d6a4e0380da27db6e0b54a5 - - default default] Successfully bumped revision number for resource f4e0116a-5fef-44e2-9f26-36293c1b63c6 (type: routers) to 2
2026-05-09 14:03:36.486 10 INFO neutron.wsgi [None req-b1a8d5e4-bfbb-4c9b-aece-42a9fce3c597 753280bc916d47ae887db1fab82e6bd2 eee0c6a25d6a4e0380da27db6e0b54a5 - - default default] 10.0.0.184 "POST /v2.0/routers HTTP/1.1" status: 201 len: 1172 time: 2.0951440
2026-05-09 14:03:36.710 9 ERROR ovsdbapp.backend.ovs_idl.command [None req-4b1695d7-5a86-444d-86e7-e98d05b7706b 753280bc916d47ae887db1fab82e6bd2 eee0c6a25d6a4e0380da27db6e0b54a5 - - default default] Error executing command (DbGetCommand): ovsdbapp.backend.ovs_idl.idlutils.RowNotFound: Cannot find Logical_Router_Port with name=lrp-14ecb23f-9db8-4e6b-b82d-93c43130522c
2026-05-09 14:03:36.710 9 ERROR ovsdbapp.backend.ovs_idl.command
Traceback (most recent call last):
2026-05-09 14:03:36.710 9 ERROR ovsdbapp.backend.ovs_idl.command
File "/var/lib/openstack/lib/python3.10/site-packages/ovsdbapp/backend/ovs_idl/command.py", line 47, in execute
2026-05-09 14:03:36.710 9 ERROR ovsdbapp.backend.ovs_idl.command self.run_idl(None)
2026-05-09 14:03:36.710 9 ERROR ovsdbapp.backend.ovs_idl.command
File "/var/lib/openstack/lib/python3.10/site-packages/ovsdbapp/backend/ovs_idl/command.py", line 235, in run_idl
2026-05-09 14:03:36.710 9 ERROR ovsdbapp.backend.ovs_idl.command record = self.api.lookup(self.table, self.record)
2026-05-09 14:03:36.710 9 ERROR ovsdbapp.backend.ovs_idl.command
File "/var/lib/openstack/lib/python3.10/site-packages/ovsdbapp/backend/ovs_idl/__init__.py", line 184, in lookup
2026-05-09 14:03:36.710 9 ERROR ovsdbapp.backend.ovs_idl.command return self._lookup(table, record)
2026-05-09 14:03:36.710 9 ERROR ovsdbapp.backend.ovs_idl.command
File "/var/lib/openstack/lib/python3.10/site-packages/ovsdbapp/backend/ovs_idl/__init__.py", line 235, in _lookup
2026-05-09 14:03:36.710 9 ERROR ovsdbapp.backend.ovs_idl.command row = idlutils.row_by_value(self, rl.table, rl.column, record)
2026-05-09 14:03:36.710 9 ERROR ovsdbapp.backend.ovs_idl.command
File "/var/lib/openstack/lib/python3.10/site-packages/ovsdbapp/backend/ovs_idl/idlutils.py", line 114, in row_by_value
2026-05-09 14:03:36.710 9 ERROR ovsdbapp.backend.ovs_idl.command raise RowNotFound(table=table, col=column, match=match)
2026-05-09 14:03:36.710 9 ERROR ovsdbapp.backend.ovs_idl.command ovsdbapp.backend.ovs_idl.idlutils.RowNotFound: Cannot find Logical_Router_Port with name=lrp-14ecb23f-9db8-4e6b-b82d-93c43130522c
2026-05-09 14:03:36.710 9 ERROR ovsdbapp.backend.ovs_idl.command 
2026-05-09 14:03:36.711 9 ERROR neutron_lib.callbacks.manager [None req-4b1695d7-5a86-444d-86e7-e98d05b7706b 753280bc916d47ae887db1fab82e6bd2 eee0c6a25d6a4e0380da27db6e0b54a5 - - default default] Error during notification for neutron.services.ovn_l3.plugin.OVNL3RouterPlugin._port_update-8766159168212 port, after_update: ovsdbapp.backend.ovs_idl.idlutils.RowNotFound: Cannot find Logical_Router_Port with name=lrp-14ecb23f-9db8-4e6b-b82d-93c43130522c
2026-05-09 14:03:36.711 9 ERROR neutron_lib.callbacks.manager
Traceback (most recent call last):
2026-05-09 14:03:36.711 9 ERROR neutron_lib.callbacks.manager
File "/var/lib/openstack/lib/python3.10/site-packages/neutron_lib/callbacks/manager.py", line 189, in _notify_loop
2026-05-09 14:03:36.711 9 ERROR neutron_lib.callbacks.manager callback.method(resource, event, trigger, payload=payload)
2026-05-09 14:03:36.711 9 ERROR neutron_lib.callbacks.manager
File "/var/lib/openstack/lib/python3.10/site-packages/neutron/services/ovn_l3/plugin.py", line 391, in _port_update
2026-05-09 14:03:36.711 9 ERROR neutron_lib.callbacks.manager l3plugin._ovn_client.update_router_port(context,
2026-05-09 14:03:36.711 9 ERROR neutron_lib.callbacks.manager
File "/var/lib/openstack/lib/python3.10/site-packages/neutron/plugins/ml2/drivers/ovn/mech_driver/ovsdb/ovn_client.py", line 1878, in update_router_port
2026-05-09 14:03:36.711 9 ERROR neutron_lib.callbacks.manager self._update_lrouter_port(context, port, if_exists=if_exists,
2026-05-09 14:03:36.711 9 ERROR neutron_lib.callbacks.manager
File "/var/lib/openstack/lib/python3.10/site-packages/neutron/plugins/ml2/drivers/ovn/mech_driver/ovsdb/ovn_client.py", line 1855, in _update_lrouter_port
2026-05-09 14:03:36.711 9 ERROR neutron_lib.callbacks.manager external_ids = self._nb_idl.db_get(
2026-05-09 14:03:36.711 9 ERROR neutron_lib.callbacks.manager
File "/var/lib/openstack/lib/python3.10/site-packages/ovsdbapp/backend/ovs_idl/command.py", line 47, in execute
2026-05-09 14:03:36.711 9 ERROR neutron_lib.callbacks.manager self.run_idl(None)
2026-05-09 14:03:36.711 9 ERROR neutron_lib.callbacks.manager
File "/var/lib/openstack/lib/python3.10/site-packages/ovsdbapp/backend/ovs_idl/command.py", line 235, in run_idl
2026-05-09 14:03:36.711 9 ERROR neutron_lib.callbacks.manager record = self.api.lookup(self.table, self.record)
2026-05-09 14:03:36.711 9 ERROR neutron_lib.callbacks.manager
File "/var/lib/openstack/lib/python3.10/site-packages/ovsdbapp/backend/ovs_idl/__init__.py", line 184, in lookup
2026-05-09 14:03:36.711 9 ERROR neutron_lib.callbacks.manager return self._lookup(table, record)
2026-05-09 14:03:36.711 9 ERROR neutron_lib.callbacks.manager
File "/var/lib/openstack/lib/python3.10/site-packages/ovsdbapp/backend/ovs_idl/__init__.py", line 235, in _lookup
2026-05-09 14:03:36.711 9 ERROR neutron_lib.callbacks.manager row = idlutils.row_by_value(self, rl.table, rl.column, record)
2026-05-09 14:03:36.711 9 ERROR neutron_lib.callbacks.manager
File "/var/lib/openstack/lib/python3.10/site-packages/ovsdbapp/backend/ovs_idl/idlutils.py", line 114, in row_by_value
2026-05-09 14:03:36.711 9 ERROR neutron_lib.callbacks.manager raise RowNotFound(table=table, col=column, match=match)
2026-05-09 14:03:36.711 9 ERROR neutron_lib.callbacks.manager ovsdbapp.backend.ovs_idl.idlutils.RowNotFound: Cannot find Logical_Router_Port with name=lrp-14ecb23f-9db8-4e6b-b82d-93c43130522c
2026-05-09 14:03:36.711 9 ERROR neutron_lib.callbacks.manager 
