2026-05-09 14:07:46.096 7 INFO placement.requestlog [req-193b46f8-f1a3-41f7-852a-bcea7ed6454a req-4849a3aa-eaeb-48ca-9181-ddd147945c9a 9f9049c36f134c939edb9ad5833518a7 9f463f90f4f04e52a229975edc824e3f - - 55ab48c9f52240d1b556d00c1ae2d508 55ab48c9f52240d1b556d00c1ae2d508] 199.204.45.240 "GET /allocations/4ea41c4b-c8c5-4440-8f4c-9eefbcf291bc" status: 200 len: 258 microversion: 1.28 [pid: 7|app: 0|req: 517/1023] 199.204.45.240 () {34 vars in 863 bytes} [Sat May 9 14:07:46 2026] GET /allocations/4ea41c4b-c8c5-4440-8f4c-9eefbcf291bc => generated 258 bytes in 15 msecs (HTTP/1.1 200) 8 headers in 296 bytes (1 switches on core 0)
2026-05-09 14:07:46.124 8 INFO placement.requestlog [req-193b46f8-f1a3-41f7-852a-bcea7ed6454a req-232dcde4-10f8-4310-9735-678bd04b3c99 9f9049c36f134c939edb9ad5833518a7 9f463f90f4f04e52a229975edc824e3f - - 55ab48c9f52240d1b556d00c1ae2d508 55ab48c9f52240d1b556d00c1ae2d508] 199.204.45.240 "GET /allocations/36350563-f1ae-4890-92cb-503904bbda97" status: 200 len: 258 microversion: 1.28 [pid: 8|app: 0|req: 507/1024] 199.204.45.240 () {34 vars in 863 bytes} [Sat May 9 14:07:46 2026] GET /allocations/36350563-f1ae-4890-92cb-503904bbda97 => generated 258 bytes in 19 msecs (HTTP/1.1 200) 8 headers in 296 bytes (1 switches on core 0)
2026-05-09 14:07:46.145 7 INFO placement.requestlog [req-193b46f8-f1a3-41f7-852a-bcea7ed6454a req-d5442b08-fa63-4984-bc9e-0972ca2880fd 9f9049c36f134c939edb9ad5833518a7 9f463f90f4f04e52a229975edc824e3f - - 55ab48c9f52240d1b556d00c1ae2d508 55ab48c9f52240d1b556d00c1ae2d508] 199.204.45.240 "GET /allocations/536d687d-d5b6-4939-b92a-f2822fc5370c" status: 200 len: 258 microversion: 1.28 [pid: 7|app: 0|req: 518/1025] 199.204.45.240 () {34 vars in 863 bytes} [Sat May 9 14:07:46 2026] GET /allocations/536d687d-d5b6-4939-b92a-f2822fc5370c => generated 258 bytes in 13 msecs (HTTP/1.1 200) 8 headers in 296 bytes (1 switches on core 0)
2026-05-09 14:07:49.348 7 INFO placement.requestlog [None req-4fa5a1cd-9887-4cd1-b708-d13715d43baa - - - - - -] 10.0.0.12 "GET /" status: 200 len: 136 microversion: 1.0
2026-05-09 14:07:49.349 8 INFO placement.requestlog [None req-497ab66d-c855-43ba-8070-50ea0a766c25 - - - - - -] 10.0.0.12 "GET /" status: 200 len: 136 microversion: 1.0
2026-05-09 14:07:59.348 8 INFO placement.requestlog [None req-365be43e-44a1-48f1-92a0-8b9275e2d0dc - - - - - -] 10.0.0.12 "GET /" status: 200 len: 136 microversion: 1.0
2026-05-09 14:07:59.348 7 INFO placement.requestlog [None req-1a12e767-d323-435b-aa9d-269982492826 - - - - - -] 10.0.0.12 "GET /" status: 200 len: 136 microversion: 1.0
2026-05-09 14:08:01.771 8 INFO placement.requestlog [req-3ca762de-77c4-44f0-ba1a-14373582038b req-ef2d6492-3e96-4a3d-91ab-b2ef64f35757 9f9049c36f134c939edb9ad5833518a7 9f463f90f4f04e52a229975edc824e3f - - 55ab48c9f52240d1b556d00c1ae2d508 55ab48c9f52240d1b556d00c1ae2d508] 10.0.0.107 "GET /allocation_candidates?limit=1000&resources=MEMORY_MB%3A2048%2CVCPU%3A2&root_required=%21COMPUTE_STATUS_DISABLED" status: 200 len: 2207 microversion: 1.36 [pid: 8|app: 0|req: 510/1030] 10.0.0.107 () {34 vars in 986 bytes} [Sat May 9 14:08:01 2026] GET /allocation_candidates?limit=1000&resources=MEMORY_MB%3A2048%2CVCPU%3A2&root_required=%21COMPUTE_STATUS_DISABLED => generated 2207 bytes in 48 msecs (HTTP/1.1 200) 8 headers in 297 bytes (1 switches on core 0)
2026-05-09 14:08:01.809 7 INFO placement.requestlog [req-3ca762de-77c4-44f0-ba1a-14373582038b req-fd227390-9070-4872-8f34-d337566d6b65 9f9049c36f134c939edb9ad5833518a7 9f463f90f4f04e52a229975edc824e3f - - 55ab48c9f52240d1b556d00c1ae2d508 55ab48c9f52240d1b556d00c1ae2d508] 10.0.0.107 "GET /allocations/e4751122-8586-4c5b-af84-c98a5e410600" status: 200 len: 19 microversion: 1.28 [pid: 7|app: 0|req: 521/1031] 10.0.0.107 () {34 vars in 861 bytes} [Sat May 9 14:08:01 2026] GET /allocations/e4751122-8586-4c5b-af84-c98a5e410600 => generated 19 bytes in 11 msecs (HTTP/1.1 200) 8 headers in 295 bytes (1 switches on core 0)
2026-05-09 14:08:01.882 8 INFO placement.requestlog [req-3ca762de-77c4-44f0-ba1a-14373582038b req-680cd44e-c5be-4b6a-966d-fd1e54dfaa9e 9f9049c36f134c939edb9ad5833518a7 9f463f90f4f04e52a229975edc824e3f - - 55ab48c9f52240d1b556d00c1ae2d508 55ab48c9f52240d1b556d00c1ae2d508] 10.0.0.107 "PUT /allocations/e4751122-8586-4c5b-af84-c98a5e410600" status: 204 len: 0 microversion: 1.36 [pid: 8|app: 0|req: 511/1032] 10.0.0.107 () {38 vars in 914 bytes} [Sat May 9 14:08:01 2026] PUT /allocations/e4751122-8586-4c5b-af84-c98a5e410600 => generated 0 bytes in 64 msecs (HTTP/1.1 204) 5 headers in 199 bytes (1 switches on core 0)
2026-05-09 14:08:02.181 7 INFO placement.requestlog [req-3ca762de-77c4-44f0-ba1a-14373582038b req-1b49eaf7-d09d-4403-bf32-4a7c0ca26061 9f9049c36f134c939edb9ad5833518a7 9f463f90f4f04e52a229975edc824e3f - - 55ab48c9f52240d1b556d00c1ae2d508 55ab48c9f52240d1b556d00c1ae2d508] 199.204.45.240 "GET /allocations/e4751122-8586-4c5b-af84-c98a5e410600" status: 200 len: 245 microversion: 1.28 [pid: 7|app: 0|req: 522/1033] 199.204.45.240 () {34 vars in 863 bytes} [Sat May 9 14:08:02 2026] GET /allocations/e4751122-8586-4c5b-af84-c98a5e410600 => generated 245 bytes in 17 msecs (HTTP/1.1 200) 8 headers in 296 bytes (1 switches on core 0)
2026-05-09 14:08:02.347 8 INFO placement.requestlog [req-3ca762de-77c4-44f0-ba1a-14373582038b req-5fd026ff-755b-473d-883d-0d3483ff52e4 9f9049c36f134c939edb9ad5833518a7 9f463f90f4f04e52a229975edc824e3f - - 55ab48c9f52240d1b556d00c1ae2d508 55ab48c9f52240d1b556d00c1ae2d508] 199.204.45.240 "GET /resource_providers/07ad6780-b960-48ff-b64a-7e30c74488f2/allocations" status: 200 len: 440 microversion: 1.0 [pid: 8|app: 0|req: 512/1034] 199.204.45.240 () {32 vars in 857 bytes} [Sat May 9 14:08:02 2026] GET /resource_providers/07ad6780-b960-48ff-b64a-7e30c74488f2/allocations => generated 440 bytes in 39 msecs (HTTP/1.1 200) 6 headers in 224 bytes (1 switches on core 0)
2026-05-09 14:08:02.368 7 INFO placement.requestlog [req-3ca762de-77c4-44f0-ba1a-14373582038b req-17617fd5-f1f9-4daf-8f94-b0b360e636b8 9f9049c36f134c939edb9ad5833518a7 9f463f90f4f04e52a229975edc824e3f - - 55ab48c9f52240d1b556d00c1ae2d508 55ab48c9f52240d1b556d00c1ae2d508] 199.204.45.240 "GET /allocations/4ea41c4b-c8c5-4440-8f4c-9eefbcf291bc" status: 200 len: 258 microversion: 1.28 [pid: 7|app: 0|req: 523/1035] 199.204.45.240 () {34 vars in 863 bytes} [Sat May 9 14:08:02 2026] GET /allocations/4ea41c4b-c8c5-4440-8f4c-9eefbcf291bc => generated 258 bytes in 15 msecs (HTTP/1.1 200) 8 headers in 296 bytes (1 switches on core 0)
2026-05-09 14:08:02.402 8 INFO placement.requestlog [req-3ca762de-77c4-44f0-ba1a-14373582038b req-8bd9e6aa-3a39-4270-8eb4-401d00d5d31b 9f9049c36f134c939edb9ad5833518a7 9f463f90f4f04e52a229975edc824e3f - - 55ab48c9f52240d1b556d00c1ae2d508 55ab48c9f52240d1b556d00c1ae2d508] 199.204.45.240 "GET /allocations/e4751122-8586-4c5b-af84-c98a5e410600" status: 200 len: 245 microversion: 1.28 [pid: 8|app: 0|req: 513/1036] 199.204.45.240 () {34 vars in 863 bytes} [Sat May 9 14:08:02 2026] GET /allocations/e4751122-8586-4c5b-af84-c98a5e410600 => generated 245 bytes in 24 msecs (HTTP/1.1 200) 8 headers in 296 bytes (1 switches on core 0)
2026-05-09 14:08:02.426 7 INFO placement.requestlog [req-3ca762de-77c4-44f0-ba1a-14373582038b req-9b709134-9e73-4cb9-81ed-a0604e5551ff 9f9049c36f134c939edb9ad5833518a7 9f463f90f4f04e52a229975edc824e3f - - 55ab48c9f52240d1b556d00c1ae2d508 55ab48c9f52240d1b556d00c1ae2d508] 199.204.45.240 "GET /allocations/36350563-f1ae-4890-92cb-503904bbda97" status: 200 len: 258 microversion: 1.28 [pid: 7|app: 0|req: 524/1037] 199.204.45.240 () {34 vars in 863 bytes} [Sat May 9 14:08:02 2026] GET /allocations/36350563-f1ae-4890-92cb-503904bbda97 => generated 258 bytes in 16 msecs (HTTP/1.1 200) 8 headers in 296 bytes (1 switches on core 0)
2026-05-09 14:08:02.452 8 INFO placement.requestlog [req-3ca762de-77c4-44f0-ba1a-14373582038b req-1fb8ddcc-7b0a-4e8a-a4f4-9d40e222ec42 9f9049c36f134c939edb9ad5833518a7 9f463f90f4f04e52a229975edc824e3f - - 55ab48c9f52240d1b556d00c1ae2d508 55ab48c9f52240d1b556d00c1ae2d508] 199.204.45.240 "GET /allocations/536d687d-d5b6-4939-b92a-f2822fc5370c" status: 200 len: 258 microversion: 1.28 [pid: 8|app: 0|req: 514/1038] 199.204.45.240 () {34 vars in 863 bytes} [Sat May 9 14:08:02 2026] GET /allocations/536d687d-d5b6-4939-b92a-f2822fc5370c => generated 258 bytes in 17 msecs (HTTP/1.1 200) 8 headers in 296 bytes (1 switches on core 0)
2026-05-09 14:08:03.603 8 INFO placement.requestlog [None req-ddb0dc3e-0d2e-4d05-8e1f-0ae606d29945 7481447b76464c98b47dd0b892cbe325 9f463f90f4f04e52a229975edc824e3f - - 55ab48c9f52240d1b556d00c1ae2d508 55ab48c9f52240d1b556d00c1ae2d508] 10.0.0.11 "GET /resource_providers/44c2f7d0-f559-42e0-8d39-c4fdee8b14f5/aggregates" status: 404 len: 235 microversion: 1.1 [pid: 8|app: 0|req: 515/1039] 10.0.0.11 () {32 vars in 824 bytes} [Sat May 9 14:08:03 2026] GET /resource_providers/44c2f7d0-f559-42e0-8d39-c4fdee8b14f5/aggregates => generated 235 bytes in 22 msecs (HTTP/1.1 404) 5 headers in 202 bytes (1 switches on core 0)
2026-05-09 14:08:03.605 7 INFO placement.requestlog [None req-86b74740-b155-4968-bade-04c69905590d 7481447b76464c98b47dd0b892cbe325 9f463f90f4f04e52a229975edc824e3f - - 55ab48c9f52240d1b556d00c1ae2d508 55ab48c9f52240d1b556d00c1ae2d508] 10.0.0.11 "GET /resource_providers/44c2f7d0-f559-42e0-8d39-c4fdee8b14f5/aggregates" status: 404 len: 235 microversion: 1.1 [pid: 7|app: 0|req: 525/1040] 10.0.0.11 () {32 vars in 824 bytes} [Sat May 9 14:08:03 2026] GET /resource_providers/44c2f7d0-f559-42e0-8d39-c4fdee8b14f5/aggregates => generated 235 bytes in 24 msecs (HTTP/1.1 404) 5 headers in 202 bytes (1 switches on core 0)
2026-05-09 14:08:03.625 7 INFO placement.requestlog [None req-a5398cff-913b-4dea-8cc7-9fffce36fcb8 7481447b76464c98b47dd0b892cbe325 9f463f90f4f04e52a229975edc824e3f - - 55ab48c9f52240d1b556d00c1ae2d508 55ab48c9f52240d1b556d00c1ae2d508] 10.0.0.11 "DELETE /resource_providers/44c2f7d0-f559-42e0-8d39-c4fdee8b14f5" status: 404 len: 246 microversion: 1.1 [pid: 7|app: 0|req: 526/1041] 10.0.0.11 () {34 vars in 824 bytes} [Sat May 9 14:08:03 2026] DELETE /resource_providers/44c2f7d0-f559-42e0-8d39-c4fdee8b14f5 => generated 246 bytes in 11 msecs (HTTP/1.1 404) 6 headers in 231 bytes (1 switches on core 0)
2026-05-09 14:08:03.629 8 INFO placement.requestlog [None req-67944136-361f-464f-88d0-800d730ff305 7481447b76464c98b47dd0b892cbe325 9f463f90f4f04e52a229975edc824e3f - - 55ab48c9f52240d1b556d00c1ae2d508 55ab48c9f52240d1b556d00c1ae2d508] 10.0.0.11 "DELETE /resource_providers/44c2f7d0-f559-42e0-8d39-c4fdee8b14f5" status: 404 len: 246 microversion: 1.1 [pid: 8|app: 0|req: 516/1042] 10.0.0.11 () {34 vars in 824 bytes} [Sat May 9 14:08:03 2026] DELETE /resource_providers/44c2f7d0-f559-42e0-8d39-c4fdee8b14f5 => generated 246 bytes in 15 msecs (HTTP/1.1 404) 6 headers in 231 bytes (1 switches on core 0)
2026-05-09 14:08:09.348 7 INFO placement.requestlog [None req-f7b7f14b-0f06-4ca8-98f1-6f0599197082 - - - - - -] 10.0.0.12 "GET /" status: 200 len: 136 microversion: 1.0
2026-05-09 14:08:09.348 8 INFO placement.requestlog [None req-72d44d0e-7673-4c3c-a339-080797902527 - - - - - -] 10.0.0.12 "GET /" status: 200 len: 136 microversion: 1.0
2026-05-09 14:08:17.686 8 INFO placement.requestlog [req-e77c29ec-eaba-4eeb-ae19-6b09a8cb257a req-12d512c0-6d36-4a38-988f-d797ae9695cf 9f9049c36f134c939edb9ad5833518a7 9f463f90f4f04e52a229975edc824e3f - - 55ab48c9f52240d1b556d00c1ae2d508 55ab48c9f52240d1b556d00c1ae2d508] 199.204.45.240 "GET /resource_providers/07ad6780-b960-48ff-b64a-7e30c74488f2/allocations" status: 200 len: 440 microversion: 1.0 [pid: 8|app: 0|req: 518/1045] 199.204.45.240 () {32 vars in 857 bytes} [Sat May 9 14:08:17 2026] GET /resource_providers/07ad6780-b960-48ff-b64a-7e30c74488f2/allocations => generated 440 bytes in 16 msecs (HTTP/1.1 200) 6 headers in 224 bytes (1 switches on core 0)
2026-05-09 14:08:17.714 7 INFO placement.requestlog [req-e77c29ec-eaba-4eeb-ae19-6b09a8cb257a req-c18455a1-4a58-41ab-833d-1f2c868a4809 9f9049c36f134c939edb9ad5833518a7 9f463f90f4f04e52a229975edc824e3f - - 55ab48c9f52240d1b556d00c1ae2d508 55ab48c9f52240d1b556d00c1ae2d508] 199.204.45.240 "GET /resource_providers/07ad6780-b960-48ff-b64a-7e30c74488f2/allocations" status: 200 len: 440 microversion: 1.0 [pid: 7|app: 0|req: 528/1046] 199.204.45.240 () {32 vars in 857 bytes} [Sat May 9 14:08:17 2026] GET /resource_providers/07ad6780-b960-48ff-b64a-7e30c74488f2/allocations => generated 440 bytes in 19 msecs (HTTP/1.1 200) 6 headers in 224 bytes (1 switches on core 0)
2026-05-09 14:08:17.738 8 INFO placement.requestlog [req-e77c29ec-eaba-4eeb-ae19-6b09a8cb257a req-103c99d4-3586-4e99-b8b8-cfeed1733172 9f9049c36f134c939edb9ad5833518a7 9f463f90f4f04e52a229975edc824e3f - - 55ab48c9f52240d1b556d00c1ae2d508 55ab48c9f52240d1b556d00c1ae2d508] 199.204.45.240 "GET /allocations/4ea41c4b-c8c5-4440-8f4c-9eefbcf291bc" status: 200 len: 258 microversion: 1.28 [pid: 8|app: 0|req: 519/1047] 199.204.45.240 () {34 vars in 863 bytes} [Sat May 9 14:08:17 2026] GET /allocations/4ea41c4b-c8c5-4440-8f4c-9eefbcf291bc => generated 258 bytes in 17 msecs (HTTP/1.1 200) 8 headers in 296 bytes (1 switches on core 0)
2026-05-09 14:08:17.760 7 INFO placement.requestlog [req-e77c29ec-eaba-4eeb-ae19-6b09a8cb257a req-cf0c9868-9469-4495-9e2b-e26bba4f06b0 9f9049c36f134c939edb9ad5833518a7 9f463f90f4f04e52a229975edc824e3f - - 55ab48c9f52240d1b556d00c1ae2d508 55ab48c9f52240d1b556d00c1ae2d508] 199.204.45.240 "GET /allocations/e4751122-8586-4c5b-af84-c98a5e410600" status: 200 len: 245 microversion: 1.28 [pid: 7|app: 0|req: 529/1048] 199.204.45.240 () {34 vars in 863 bytes} [Sat May 9 14:08:17 2026] GET /allocations/e4751122-8586-4c5b-af84-c98a5e410600 => generated 245 bytes in 15 msecs (HTTP/1.1 200) 8 headers in 296 bytes (1 switches on core 0)
2026-05-09 14:08:17.784 8 INFO placement.requestlog [req-e77c29ec-eaba-4eeb-ae19-6b09a8cb257a req-16c6ec98-70f6-4fa2-a939-de54a04844fa 9f9049c36f134c939edb9ad5833518a7 9f463f90f4f04e52a229975edc824e3f - - 55ab48c9f52240d1b556d00c1ae2d508 55ab48c9f52240d1b556d00c1ae2d508] 199.204.45.240 "GET /allocations/36350563-f1ae-4890-92cb-503904bbda97" status: 200 len: 258 microversion: 1.28 [pid: 8|app: 0|req: 520/1049] 199.204.45.240 () {34 vars in 863 bytes} [Sat May 9 14:08:17 2026] GET /allocations/36350563-f1ae-4890-92cb-503904bbda97 => generated 258 bytes in 16 msecs (HTTP/1.1 200) 8 headers in 296 bytes (1 switches on core 0)
2026-05-09 14:08:17.812 7 INFO placement.requestlog [req-e77c29ec-eaba-4eeb-ae19-6b09a8cb257a req-3276d710-4902-4b3d-bfa7-275733b11461 9f9049c36f134c939edb9ad5833518a7 9f463f90f4f04e52a229975edc824e3f - - 55ab48c9f52240d1b556d00c1ae2d508 55ab48c9f52240d1b556d00c1ae2d508] 199.204.45.240 "GET /allocations/536d687d-d5b6-4939-b92a-f2822fc5370c" status: 200 len: 258 microversion: 1.28 [pid: 7|app: 0|req: 530/1050] 199.204.45.240 () {34 vars in 863 bytes} [Sat May 9 14:08:17 2026] GET /allocations/536d687d-d5b6-4939-b92a-f2822fc5370c => generated 258 bytes in 22 msecs (HTTP/1.1 200) 8 headers in 296 bytes (1 switches on core 0)
2026-05-09 14:08:19.347 8 INFO placement.requestlog [None req-40c3d060-51cd-47f0-9138-f2eff710b82b - - - - - -] 10.0.0.12 "GET /" status: 200 len: 136 microversion: 1.0
2026-05-09 14:08:19.349 7 INFO placement.requestlog [None req-2e511db3-8eb9-4a4e-9519-b25141e90c77 - - - - - -] 10.0.0.12 "GET /" status: 200 len: 136 microversion: 1.0
2026-05-09 14:08:20.931 8 INFO placement.requestlog [req-797dcfc4-47e5-49e6-96b1-4209c9f7606f req-9dfcdd1d-4f1d-4b21-8825-8bbbdf12da70 9f9049c36f134c939edb9ad5833518a7 9f463f90f4f04e52a229975edc824e3f - - 55ab48c9f52240d1b556d00c1ae2d508 55ab48c9f52240d1b556d00c1ae2d508] 199.204.45.240 "GET /resource_providers/07ad6780-b960-48ff-b64a-7e30c74488f2/allocations" status: 200 len: 440 microversion: 1.0 [pid: 8|app: 0|req: 522/1053] 199.204.45.240 () {32 vars in 857 bytes} [Sat May 9 14:08:20 2026] GET /resource_providers/07ad6780-b960-48ff-b64a-7e30c74488f2/allocations => generated 440 bytes in 19 msecs (HTTP/1.1 200) 6 headers in 224 bytes (1 switches on core 0)
2026-05-09 14:08:20.957 7 INFO placement.requestlog [req-797dcfc4-47e5-49e6-96b1-4209c9f7606f req-6777a2ba-57e3-4d08-8955-3c49ac37952a 9f9049c36f134c939edb9ad5833518a7 9f463f90f4f04e52a229975edc824e3f - - 55ab48c9f52240d1b556d00c1ae2d508 55ab48c9f52240d1b556d00c1ae2d508] 199.204.45.240 "GET /allocations/4ea41c4b-c8c5-4440-8f4c-9eefbcf291bc" status: 200 len: 258 microversion: 1.28 [pid: 7|app: 0|req: 532/1054] 199.204.45.240 () {34 vars in 863 bytes} [Sat May 9 14:08:20 2026] GET /allocations/4ea41c4b-c8c5-4440-8f4c-9eefbcf291bc => generated 258 bytes in 19 msecs (HTTP/1.1 200) 8 headers in 296 bytes (1 switches on core 0)
2026-05-09 14:08:20.979 8 INFO placement.requestlog [req-797dcfc4-47e5-49e6-96b1-4209c9f7606f req-ff30c051-ebd0-495b-b8de-c75566954d45 9f9049c36f134c939edb9ad5833518a7 9f463f90f4f04e52a229975edc824e3f - - 55ab48c9f52240d1b556d00c1ae2d508 55ab48c9f52240d1b556d00c1ae2d508] 199.204.45.240 "GET /allocations/e4751122-8586-4c5b-af84-c98a5e410600" status: 200 len: 245 microversion: 1.28 [pid: 8|app: 0|req: 523/1055] 199.204.45.240 () {34 vars in 863 bytes} [Sat May 9 14:08:20 2026] GET /allocations/e4751122-8586-4c5b-af84-c98a5e410600 => generated 245 bytes in 14 msecs (HTTP/1.1 200) 8 headers in 296 bytes (1 switches on core 0)
2026-05-09 14:08:20.999 7 INFO placement.requestlog [req-797dcfc4-47e5-49e6-96b1-4209c9f7606f req-5d878abd-117c-4ad5-9b65-12c9d0b0bdab 9f9049c36f134c939edb9ad5833518a7 9f463f90f4f04e52a229975edc824e3f - - 55ab48c9f52240d1b556d00c1ae2d508 55ab48c9f52240d1b556d00c1ae2d508] 199.204.45.240 "GET /allocations/36350563-f1ae-4890-92cb-503904bbda97" status: 200 len: 258 microversion: 1.28 [pid: 7|app: 0|req: 533/1056] 199.204.45.240 () {34 vars in 863 bytes} [Sat May 9 14:08:20 2026] GET /allocations/36350563-f1ae-4890-92cb-503904bbda97 => generated 258 bytes in 14 msecs (HTTP/1.1 200) 8 headers in 296 bytes (1 switches on core 0)
2026-05-09 14:08:21.021 8 INFO placement.requestlog [req-797dcfc4-47e5-49e6-96b1-4209c9f7606f req-bce4be98-03cc-402f-ab07-6b4302568357 9f9049c36f134c939edb9ad5833518a7 9f463f90f4f04e52a229975edc824e3f - - 55ab48c9f52240d1b556d00c1ae2d508 55ab48c9f52240d1b556d00c1ae2d508] 199.204.45.240 "GET /allocations/536d687d-d5b6-4939-b92a-f2822fc5370c" status: 200 len: 258 microversion: 1.28 [pid: 8|app: 0|req: 524/1057] 199.204.45.240 () {34 vars in 863 bytes} [Sat May 9 14:08:21 2026] GET /allocations/536d687d-d5b6-4939-b92a-f2822fc5370c => generated 258 bytes in 18 msecs (HTTP/1.1 200) 8 headers in 296 bytes (1 switches on core 0)
2026-05-09 14:08:21.133 7 INFO placement.requestlog [req-797dcfc4-47e5-49e6-96b1-4209c9f7606f req-9fde2319-496d-4b20-89ee-c340cf4d22a7 9f9049c36f134c939edb9ad5833518a7 9f463f90f4f04e52a229975edc824e3f - - 55ab48c9f52240d1b556d00c1ae2d508 55ab48c9f52240d1b556d00c1ae2d508] 199.204.45.240 "DELETE /allocations/4ea41c4b-c8c5-4440-8f4c-9eefbcf291bc" status: 204 len: 0 microversion: 1.0 [pid: 7|app: 0|req: 534/1058] 199.204.45.240 () {34 vars in 841 bytes} [Sat May 9 14:08:21 2026] DELETE /allocations/4ea41c4b-c8c5-4440-8f4c-9eefbcf291bc => generated 0 bytes in 53 msecs (HTTP/1.1 204) 5 headers in 198 bytes (1 switches on core 0)
2026-05-09 14:08:25.019 8 INFO placement.requestlog [None req-cf4f3340-9b4d-45e6-a19c-09d804ccd876 7481447b76464c98b47dd0b892cbe325 9f463f90f4f04e52a229975edc824e3f - - 55ab48c9f52240d1b556d00c1ae2d508 55ab48c9f52240d1b556d00c1ae2d508] 10.0.0.11 "GET /resource_providers/14b4d98d-8b72-4398-b2a7-59246207f6f6/aggregates" status: 404 len: 235 microversion: 1.1 [pid: 8|app: 0|req: 525/1059] 10.0.0.11 () {32 vars in 824 bytes} [Sat May 9 14:08:25 2026] GET /resource_providers/14b4d98d-8b72-4398-b2a7-59246207f6f6/aggregates => generated 235 bytes in 12 msecs (HTTP/1.1 404) 5 headers in 202 bytes (1 switches on core 0)
2026-05-09 14:08:25.026 7 INFO placement.requestlog [None req-fb82dd56-73bf-4c1b-af44-cf70effcee86 7481447b76464c98b47dd0b892cbe325 9f463f90f4f04e52a229975edc824e3f - - 55ab48c9f52240d1b556d00c1ae2d508 55ab48c9f52240d1b556d00c1ae2d508] 10.0.0.11 "GET /resource_providers/14b4d98d-8b72-4398-b2a7-59246207f6f6/aggregates" status: 404 len: 235 microversion: 1.1 [pid: 7|app: 0|req: 535/1060] 10.0.0.11 () {32 vars in 824 bytes} [Sat May 9 14:08:25 2026] GET /resource_providers/14b4d98d-8b72-4398-b2a7-59246207f6f6/aggregates => generated 235 bytes in 18 msecs (HTTP/1.1 404) 5 headers in 202 bytes (1 switches on core 0)
2026-05-09 14:08:25.046 7 INFO placement.requestlog [None req-2a7b22b3-83b4-4f63-9a5c-0ffec286f972 7481447b76464c98b47dd0b892cbe325 9f463f90f4f04e52a229975edc824e3f - - 55ab48c9f52240d1b556d00c1ae2d508 55ab48c9f52240d1b556d00c1ae2d508] 10.0.0.11 "DELETE /resource_providers/14b4d98d-8b72-4398-b2a7-59246207f6f6" status: 404 len: 246 microversion: 1.1 [pid: 7|app: 0|req: 536/1061] 10.0.0.11 () {34 vars in 824 bytes} [Sat May 9 14:08:25 2026] DELETE /resource_providers/14b4d98d-8b72-4398-b2a7-59246207f6f6 => generated 246 bytes in 12 msecs (HTTP/1.1 404) 6 headers in 231 bytes (1 switches on core 0)
2026-05-09 14:08:25.049 8 INFO placement.requestlog [None req-5b01cfb1-e715-4f53-b18c-64fc851a459f 7481447b76464c98b47dd0b892cbe325 9f463f90f4f04e52a229975edc824e3f - - 55ab48c9f52240d1b556d00c1ae2d508 55ab48c9f52240d1b556d00c1ae2d508] 10.0.0.11 "DELETE /resource_providers/14b4d98d-8b72-4398-b2a7-59246207f6f6" status: 404 len: 246 microversion: 1.1 [pid: 8|app: 0|req: 526/1062] 10.0.0.11 () {34 vars in 824 bytes} [Sat May 9 14:08:25 2026] DELETE /resource_providers/14b4d98d-8b72-4398-b2a7-59246207f6f6 => generated 246 bytes in 16 msecs (HTTP/1.1 404) 6 headers in 231 bytes (1 switches on core 0)
2026-05-09 14:08:26.727 7 INFO placement.requestlog [None req-3c92c6ee-acd1-4662-9ea4-283c6a8da65e 7481447b76464c98b47dd0b892cbe325 9f463f90f4f04e52a229975edc824e3f - - 55ab48c9f52240d1b556d00c1ae2d508 55ab48c9f52240d1b556d00c1ae2d508] 10.0.0.11 "GET /resource_providers/06dfa258-4eb9-47fa-9e28-47b26a3f624e/aggregates" status: 404 len: 235 microversion: 1.1 [pid: 7|app: 0|req: 537/1063] 10.0.0.11 () {32 vars in 824 bytes} [Sat May 9 14:08:26 2026] GET /resource_providers/06dfa258-4eb9-47fa-9e28-47b26a3f624e/aggregates => generated 235 bytes in 10 msecs (HTTP/1.1 404) 5 headers in 202 bytes (1 switches on core 0)
2026-05-09 14:08:26.739 8 INFO placement.requestlog [None req-a828b3d6-cac6-4895-99c4-5514b675420d 7481447b76464c98b47dd0b892cbe325 9f463f90f4f04e52a229975edc824e3f - - 55ab48c9f52240d1b556d00c1ae2d508 55ab48c9f52240d1b556d00c1ae2d508] 10.0.0.11 "GET /resource_providers/06dfa258-4eb9-47fa-9e28-47b26a3f624e/aggregates" status: 404 len: 235 microversion: 1.1 [pid: 8|app: 0|req: 527/1064] 10.0.0.11 () {32 vars in 824 bytes} [Sat May 9 14:08:26 2026] GET /resource_providers/06dfa258-4eb9-47fa-9e28-47b26a3f624e/aggregates => generated 235 bytes in 20 msecs (HTTP/1.1 404) 5 headers in 202 bytes (1 switches on core 0)
2026-05-09 14:08:26.746 7 INFO placement.requestlog [None req-fe7b4100-4ae2-4ec3-8a79-56e8a14bc18c 7481447b76464c98b47dd0b892cbe325 9f463f90f4f04e52a229975edc824e3f - - 55ab48c9f52240d1b556d00c1ae2d508 55ab48c9f52240d1b556d00c1ae2d508] 10.0.0.11 "DELETE /resource_providers/06dfa258-4eb9-47fa-9e28-47b26a3f624e" status: 404 len: 246 microversion: 1.1 [pid: 7|app: 0|req: 538/1065] 10.0.0.11 () {34 vars in 824 bytes} [Sat May 9 14:08:26 2026] DELETE /resource_providers/06dfa258-4eb9-47fa-9e28-47b26a3f624e => generated 246 bytes in 13 msecs (HTTP/1.1 404) 6 headers in 231 bytes (1 switches on core 0)
2026-05-09 14:08:26.761 8 INFO placement.requestlog [None req-6a7b20ab-8c92-475e-be10-4c8690227ae6 7481447b76464c98b47dd0b892cbe325 9f463f90f4f04e52a229975edc824e3f - - 55ab48c9f52240d1b556d00c1ae2d508 55ab48c9f52240d1b556d00c1ae2d508] 10.0.0.11 "DELETE /resource_providers/06dfa258-4eb9-47fa-9e28-47b26a3f624e" status: 404 len: 246 microversion: 1.1 [pid: 8|app: 0|req: 528/1066] 10.0.0.11 () {34 vars in 824 bytes} [Sat May 9 14:08:26 2026] DELETE /resource_providers/06dfa258-4eb9-47fa-9e28-47b26a3f624e => generated 246 bytes in 13 msecs (HTTP/1.1 404) 6 headers in 231 bytes (1 switches on core 0)
2026-05-09 14:08:29.347 7 INFO placement.requestlog [None req-93102110-94da-4ffa-b9c2-37a303e868a2 - - - - - -] 10.0.0.12 "GET /" status: 200 len: 136 microversion: 1.0
2026-05-09 14:08:29.348 8 INFO placement.requestlog [None req-34c4f924-cbd4-4a89-ae60-9ba94bdf2849 - - - - - -] 10.0.0.12 "GET /" status: 200 len: 136 microversion: 1.0
2026-05-09 14:08:30.084 8 INFO placement.requestlog [None req-4eef4519-3bbb-48f8-856a-564faf0975b1 7481447b76464c98b47dd0b892cbe325 9f463f90f4f04e52a229975edc824e3f - - 55ab48c9f52240d1b556d00c1ae2d508 55ab48c9f52240d1b556d00c1ae2d508] 10.0.0.11 "GET /resource_providers/60f30552-bbca-4fe3-929d-aab3f0b3fc3e/aggregates" status: 404 len: 235 microversion: 1.1 [pid: 8|app: 0|req: 530/1069] 10.0.0.11 () {32 vars in 824 bytes} [Sat May 9 14:08:30 2026] GET /resource_providers/60f30552-bbca-4fe3-929d-aab3f0b3fc3e/aggregates => generated 235 bytes in 15 msecs (HTTP/1.1 404) 5 headers in 202 bytes (1 switches on core 0)
2026-05-09 14:08:30.090 7 INFO placement.requestlog [None req-d1260c87-f51f-4a35-aaf9-86758964445c 7481447b76464c98b47dd0b892cbe325 9f463f90f4f04e52a229975edc824e3f - - 55ab48c9f52240d1b556d00c1ae2d508 55ab48c9f52240d1b556d00c1ae2d508] 10.0.0.11 "GET /resource_providers/60f30552-bbca-4fe3-929d-aab3f0b3fc3e/aggregates" status: 404 len: 235 microversion: 1.1 [pid: 7|app: 0|req: 540/1070] 10.0.0.11 () {32 vars in 824 bytes} [Sat May 9 14:08:30 2026] GET /resource_providers/60f30552-bbca-4fe3-929d-aab3f0b3fc3e/aggregates => generated 235 bytes in 21 msecs (HTTP/1.1 404) 5 headers in 202 bytes (1 switches on core 0)
2026-05-09 14:08:30.102 8 INFO placement.requestlog [None req-83495111-c4c1-4a41-9f72-4ce5415f2365 7481447b76464c98b47dd0b892cbe325 9f463f90f4f04e52a229975edc824e3f - - 55ab48c9f52240d1b556d00c1ae2d508 55ab48c9f52240d1b556d00c1ae2d508] 10.0.0.11 "DELETE /resource_providers/60f30552-bbca-4fe3-929d-aab3f0b3fc3e" status: 404 len: 246 microversion: 1.1 [pid: 8|app: 0|req: 531/1071] 10.0.0.11 () {34 vars in 824 bytes} [Sat May 9 14:08:30 2026] DELETE /resource_providers/60f30552-bbca-4fe3-929d-aab3f0b3fc3e => generated 246 bytes in 11 msecs (HTTP/1.1 404) 6 headers in 231 bytes (1 switches on core 0)
2026-05-09 14:08:30.110 7 INFO placement.requestlog [None req-09b65aa7-4cef-440c-8598-6bb4304e809d 7481447b76464c98b47dd0b892cbe325 9f463f90f4f04e52a229975edc824e3f - - 55ab48c9f52240d1b556d00c1ae2d508 55ab48c9f52240d1b556d00c1ae2d508] 10.0.0.11 "DELETE /resource_providers/60f30552-bbca-4fe3-929d-aab3f0b3fc3e" status: 404 len: 246 microversion: 1.1 [pid: 7|app: 0|req: 541/1072] 10.0.0.11 () {34 vars in 824 bytes} [Sat May 9 14:08:30 2026] DELETE /resource_providers/60f30552-bbca-4fe3-929d-aab3f0b3fc3e => generated 246 bytes in 13 msecs (HTTP/1.1 404) 6 headers in 231 bytes (1 switches on core 0)
2026-05-09 14:08:30.391 8 INFO placement.requestlog [None req-1f3237fe-a899-4b10-b055-a9126f2bad65 7481447b76464c98b47dd0b892cbe325 9f463f90f4f04e52a229975edc824e3f - - 55ab48c9f52240d1b556d00c1ae2d508 55ab48c9f52240d1b556d00c1ae2d508] 10.0.0.11 "GET /resource_providers/f1f9cd3a-67a3-4756-9af2-2dc3fa64d365/aggregates" status: 404 len: 235 microversion: 1.1
2026-05-09 14:08:30.392 7 INFO placement.requestlog [None req-268ce027-881a-4509-8958-82a04e983104 7481447b76464c98b47dd0b892cbe325 9f463f90f4f04e52a229975edc824e3f - - 55ab48c9f52240d1b556d00c1ae2d508 55ab48c9f52240d1b556d00c1ae2d508] 10.0.0.11 "GET /resource_providers/f1f9cd3a-67a3-4756-9af2-2dc3fa64d365/aggregates" status: 404 len: 235 microversion: 1.1 [pid: 8|app: 0|req: 532/1073] 10.0.0.11 () {32 vars in 824 bytes} [Sat May 9 14:08:30 2026] GET /resource_providers/f1f9cd3a-67a3-4756-9af2-2dc3fa64d365/aggregates => generated 235 bytes in 12 msecs (HTTP/1.1 404) 5 headers in 202 bytes (1 switches on core 0) [pid: 7|app: 0|req: 542/1074] 10.0.0.11 () {32 vars in 824 bytes} [Sat May 9 14:08:30 2026] GET /resource_providers/f1f9cd3a-67a3-4756-9af2-2dc3fa64d365/aggregates => generated 235 bytes in 12 msecs (HTTP/1.1 404) 5 headers in 202 bytes (1 switches on core 0)
2026-05-09 14:08:30.423 7 INFO placement.requestlog [None req-6a9a4b43-3940-4c63-9cd9-919e50f60dc7 7481447b76464c98b47dd0b892cbe325 9f463f90f4f04e52a229975edc824e3f - - 55ab48c9f52240d1b556d00c1ae2d508 55ab48c9f52240d1b556d00c1ae2d508] 10.0.0.11 "DELETE /resource_providers/f1f9cd3a-67a3-4756-9af2-2dc3fa64d365" status: 404 len: 246 microversion: 1.1 [pid: 7|app: 0|req: 543/1075] 10.0.0.11 () {34 vars in 824 bytes} [Sat May 9 14:08:30 2026] DELETE /resource_providers/f1f9cd3a-67a3-4756-9af2-2dc3fa64d365 => generated 246 bytes in 12 msecs (HTTP/1.1 404) 6 headers in 231 bytes (1 switches on core 0)
2026-05-09 14:08:30.425 8 INFO placement.requestlog [None req-1efa0c47-0f47-4735-87c5-a1cbb90304d1 7481447b76464c98b47dd0b892cbe325 9f463f90f4f04e52a229975edc824e3f - - 55ab48c9f52240d1b556d00c1ae2d508 55ab48c9f52240d1b556d00c1ae2d508] 10.0.0.11 "DELETE /resource_providers/f1f9cd3a-67a3-4756-9af2-2dc3fa64d365" status: 404 len: 246 microversion: 1.1 [pid: 8|app: 0|req: 533/1076] 10.0.0.11 () {34 vars in 824 bytes} [Sat May 9 14:08:30 2026] DELETE /resource_providers/f1f9cd3a-67a3-4756-9af2-2dc3fa64d365 => generated 246 bytes in 13 msecs (HTTP/1.1 404) 6 headers in 231 bytes (1 switches on core 0)
2026-05-09 14:08:35.576 7 INFO placement.requestlog [None req-bb1a0dde-78a8-4a91-90bc-7263519d62bc 7481447b76464c98b47dd0b892cbe325 9f463f90f4f04e52a229975edc824e3f - - 55ab48c9f52240d1b556d00c1ae2d508 55ab48c9f52240d1b556d00c1ae2d508] 10.0.0.11 "GET /resource_providers/439d5346-6d14-4a98-bbf6-accbd7d79171/aggregates" status: 404 len: 235 microversion: 1.1 [pid: 7|app: 0|req: 544/1077] 10.0.0.11 () {32 vars in 824 bytes} [Sat May 9 14:08:35 2026] GET /resource_providers/439d5346-6d14-4a98-bbf6-accbd7d79171/aggregates => generated 235 bytes in 17 msecs (HTTP/1.1 404) 5 headers in 202 bytes (1 switches on core 0)
2026-05-09 14:08:35.578 8 INFO placement.requestlog [None req-938e38b0-ef9a-4e5a-b116-eb8ca0cddd09 7481447b76464c98b47dd0b892cbe325 9f463f90f4f04e52a229975edc824e3f - - 55ab48c9f52240d1b556d00c1ae2d508 55ab48c9f52240d1b556d00c1ae2d508] 10.0.0.11 "GET /resource_providers/439d5346-6d14-4a98-bbf6-accbd7d79171/aggregates" status: 404 len: 235 microversion: 1.1 [pid: 8|app: 0|req: 534/1078] 10.0.0.11 () {32 vars in 824 bytes} [Sat May 9 14:08:35 2026] GET /resource_providers/439d5346-6d14-4a98-bbf6-accbd7d79171/aggregates => generated 235 bytes in 11 msecs (HTTP/1.1 404) 5 headers in 202 bytes (1 switches on core 0)
2026-05-09 14:08:35.600 8 INFO placement.requestlog [None req-997d17d6-740d-4b98-bbf9-bd0fa7ad71b2 7481447b76464c98b47dd0b892cbe325 9f463f90f4f04e52a229975edc824e3f - - 55ab48c9f52240d1b556d00c1ae2d508 55ab48c9f52240d1b556d00c1ae2d508] 10.0.0.11 "DELETE /resource_providers/439d5346-6d14-4a98-bbf6-accbd7d79171" status: 404 len: 246 microversion: 1.1
2026-05-09 14:08:35.600 7 INFO placement.requestlog [None req-3edcfc93-6ae1-44cf-aa03-79510e0bfb34 7481447b76464c98b47dd0b892cbe325 9f463f90f4f04e52a229975edc824e3f - - 55ab48c9f52240d1b556d00c1ae2d508 55ab48c9f52240d1b556d00c1ae2d508] 10.0.0.11 "DELETE /resource_providers/439d5346-6d14-4a98-bbf6-accbd7d79171" status: 404 len: 246 microversion: 1.1 [pid: 7|app: 0|req: 545/1080] 10.0.0.11 () {34 vars in 824 bytes} [Sat May 9 14:08:35 2026] DELETE /resource_providers/439d5346-6d14-4a98-bbf6-accbd7d79171 => generated 246 bytes in 16 msecs (HTTP/1.1 404) 6 headers in 231 bytes (1 switches on core 0) [pid: 8|app: 0|req: 535/1080] 10.0.0.11 () {34 vars in 824 bytes} [Sat May 9 14:08:35 2026] DELETE /resource_providers/439d5346-6d14-4a98-bbf6-accbd7d79171 => generated 246 bytes in 15 msecs (HTTP/1.1 404) 6 headers in 231 bytes (1 switches on core 0)
2026-05-09 14:08:37.892 8 INFO placement.requestlog [None req-bccc39e0-c7c0-4ce4-95b3-0f71d454a266 7481447b76464c98b47dd0b892cbe325 9f463f90f4f04e52a229975edc824e3f - - 55ab48c9f52240d1b556d00c1ae2d508 55ab48c9f52240d1b556d00c1ae2d508] 10.0.0.11 "GET /resource_providers/ce27018d-0812-4c53-baac-39e3c6b43080/aggregates" status: 404 len: 235 microversion: 1.1 [pid: 8|app: 0|req: 536/1081] 10.0.0.11 () {32 vars in 824 bytes} [Sat May 9 14:08:37 2026] GET /resource_providers/ce27018d-0812-4c53-baac-39e3c6b43080/aggregates => generated 235 bytes in 16 msecs (HTTP/1.1 404) 5 headers in 202 bytes (1 switches on core 0)
2026-05-09 14:08:37.906 7 INFO placement.requestlog [None req-7868c8bd-182c-4358-bd7c-1377cca52687 7481447b76464c98b47dd0b892cbe325 9f463f90f4f04e52a229975edc824e3f - - 55ab48c9f52240d1b556d00c1ae2d508 55ab48c9f52240d1b556d00c1ae2d508] 10.0.0.11 "GET /resource_providers/ce27018d-0812-4c53-baac-39e3c6b43080/aggregates" status: 404 len: 235 microversion: 1.1 [pid: 7|app: 0|req: 546/1082] 10.0.0.11 () {32 vars in 824 bytes} [Sat May 9 14:08:37 2026] GET /resource_providers/ce27018d-0812-4c53-baac-39e3c6b43080/aggregates => generated 235 bytes in 17 msecs (HTTP/1.1 404) 5 headers in 202 bytes (1 switches on core 0)
2026-05-09 14:08:37.917 8 INFO placement.requestlog [None req-20fc484c-94d1-4b7d-a345-92e3eb0c1653 7481447b76464c98b47dd0b892cbe325 9f463f90f4f04e52a229975edc824e3f - - 55ab48c9f52240d1b556d00c1ae2d508 55ab48c9f52240d1b556d00c1ae2d508] 10.0.0.11 "DELETE /resource_providers/ce27018d-0812-4c53-baac-39e3c6b43080" status: 404 len: 246 microversion: 1.1 [pid: 8|app: 0|req: 537/1083] 10.0.0.11 () {34 vars in 824 bytes} [Sat May 9 14:08:37 2026] DELETE /resource_providers/ce27018d-0812-4c53-baac-39e3c6b43080 => generated 246 bytes in 17 msecs (HTTP/1.1 404) 6 headers in 231 bytes (1 switches on core 0)
2026-05-09 14:08:37.927 7 INFO placement.requestlog [None req-6932db66-8366-4ddd-bf47-7b70647f520c 7481447b76464c98b47dd0b892cbe325 9f463f90f4f04e52a229975edc824e3f - - 55ab48c9f52240d1b556d00c1ae2d508 55ab48c9f52240d1b556d00c1ae2d508] 10.0.0.11 "DELETE /resource_providers/ce27018d-0812-4c53-baac-39e3c6b43080" status: 404 len: 246 microversion: 1.1 [pid: 7|app: 0|req: 547/1084] 10.0.0.11 () {34 vars in 824 bytes} [Sat May 9 14:08:37 2026] DELETE /resource_providers/ce27018d-0812-4c53-baac-39e3c6b43080 => generated 246 bytes in 15 msecs (HTTP/1.1 404) 6 headers in 231 bytes (1 switches on core 0)
2026-05-09 14:08:39.348 8 INFO placement.requestlog [None req-08b8eb21-eaa1-471b-b19b-bc089d315a63 - - - - - -] 10.0.0.12 "GET /" status: 200 len: 136 microversion: 1.0
2026-05-09 14:08:39.350 7 INFO placement.requestlog [None req-450ca2bf-011b-4c7c-8b68-a2e5d8e3d30b - - - - - -] 10.0.0.12 "GET /" status: 200 len: 136 microversion: 1.0
2026-05-09 14:08:40.468 8 INFO placement.requestlog [None req-c6314e1c-1095-4ddd-bdb7-ff5330276ed0 7481447b76464c98b47dd0b892cbe325 9f463f90f4f04e52a229975edc824e3f - - 55ab48c9f52240d1b556d00c1ae2d508 55ab48c9f52240d1b556d00c1ae2d508] 10.0.0.11 "GET /resource_providers/96e80252-1279-48c1-83d3-5978d697aff7/aggregates" status: 404 len: 235 microversion: 1.1 [pid: 8|app: 0|req: 539/1087] 10.0.0.11 () {32 vars in 824 bytes} [Sat May 9 14:08:40 2026] GET /resource_providers/96e80252-1279-48c1-83d3-5978d697aff7/aggregates => generated 235 bytes in 19 msecs (HTTP/1.1 404) 5 headers in 202 bytes (1 switches on core 0)
2026-05-09 14:08:40.469 7 INFO placement.requestlog [None req-257c5bb7-6f51-417b-9108-d5dc709832a8 7481447b76464c98b47dd0b892cbe325 9f463f90f4f04e52a229975edc824e3f - - 55ab48c9f52240d1b556d00c1ae2d508 55ab48c9f52240d1b556d00c1ae2d508] 10.0.0.11 "GET /resource_providers/96e80252-1279-48c1-83d3-5978d697aff7/aggregates" status: 404 len: 235 microversion: 1.1 [pid: 7|app: 0|req: 549/1088] 10.0.0.11 () {32 vars in 824 bytes} [Sat May 9 14:08:40 2026] GET /resource_providers/96e80252-1279-48c1-83d3-5978d697aff7/aggregates => generated 235 bytes in 16 msecs (HTTP/1.1 404) 5 headers in 202 bytes (1 switches on core 0)
2026-05-09 14:08:40.493 8 INFO placement.requestlog [None req-5ceab210-3d5e-4de5-bee5-138fef8f881d 7481447b76464c98b47dd0b892cbe325 9f463f90f4f04e52a229975edc824e3f - - 55ab48c9f52240d1b556d00c1ae2d508 55ab48c9f52240d1b556d00c1ae2d508] 10.0.0.11 "DELETE /resource_providers/96e80252-1279-48c1-83d3-5978d697aff7" status: 404 len: 246 microversion: 1.1 [pid: 8|app: 0|req: 540/1089] 10.0.0.11 () {34 vars in 824 bytes} [Sat May 9 14:08:40 2026] DELETE /resource_providers/96e80252-1279-48c1-83d3-5978d697aff7 => generated 246 bytes in 14 msecs (HTTP/1.1 404) 6 headers in 231 bytes (1 switches on core 0)
2026-05-09 14:08:40.496 7 INFO placement.requestlog [None req-8a9e6d99-5f2e-4bf4-8c3e-0b186a27485e 7481447b76464c98b47dd0b892cbe325 9f463f90f4f04e52a229975edc824e3f - - 55ab48c9f52240d1b556d00c1ae2d508 55ab48c9f52240d1b556d00c1ae2d508] 10.0.0.11 "DELETE /resource_providers/96e80252-1279-48c1-83d3-5978d697aff7" status: 404 len: 246 microversion: 1.1 [pid: 7|app: 0|req: 550/1090] 10.0.0.11 () {34 vars in 824 bytes} [Sat May 9 14:08:40 2026] DELETE /resource_providers/96e80252-1279-48c1-83d3-5978d697aff7 => generated 246 bytes in 15 msecs (HTTP/1.1 404) 6 headers in 231 bytes (1 switches on core 0)
2026-05-09 14:08:44.038 7 INFO placement.requestlog [None req-d751f4ad-e1a0-4e9a-94eb-aed481ad11a0 7481447b76464c98b47dd0b892cbe325 9f463f90f4f04e52a229975edc824e3f - - 55ab48c9f52240d1b556d00c1ae2d508 55ab48c9f52240d1b556d00c1ae2d508] 10.0.0.11 "GET /resource_providers/d3852317-3b0c-4ef7-9e3c-00612bf280dd/aggregates" status: 404 len: 235 microversion: 1.1 [pid: 7|app: 0|req: 551/1091] 10.0.0.11 () {32 vars in 824 bytes} [Sat May 9 14:08:44 2026] GET /resource_providers/d3852317-3b0c-4ef7-9e3c-00612bf280dd/aggregates => generated 235 bytes in 11 msecs (HTTP/1.1 404) 5 headers in 202 bytes (1 switches on core 0)
2026-05-09 14:08:44.041 8 INFO placement.requestlog [None req-789429cc-eb56-4628-b8ee-ed1cfaf3e544 7481447b76464c98b47dd0b892cbe325 9f463f90f4f04e52a229975edc824e3f - - 55ab48c9f52240d1b556d00c1ae2d508 55ab48c9f52240d1b556d00c1ae2d508] 10.0.0.11 "GET /resource_providers/d3852317-3b0c-4ef7-9e3c-00612bf280dd/aggregates" status: 404 len: 235 microversion: 1.1 [pid: 8|app: 0|req: 541/1092] 10.0.0.11 () {32 vars in 824 bytes} [Sat May 9 14:08:44 2026] GET /resource_providers/d3852317-3b0c-4ef7-9e3c-00612bf280dd/aggregates => generated 235 bytes in 14 msecs (HTTP/1.1 404) 5 headers in 202 bytes (1 switches on core 0)
2026-05-09 14:08:44.068 7 INFO placement.requestlog [None req-812435a4-3b9e-427b-ba06-b5cd53a456bb 7481447b76464c98b47dd0b892cbe325 9f463f90f4f04e52a229975edc824e3f - - 55ab48c9f52240d1b556d00c1ae2d508 55ab48c9f52240d1b556d00c1ae2d508] 10.0.0.11 "DELETE /resource_providers/d3852317-3b0c-4ef7-9e3c-00612bf280dd" status: 404 len: 246 microversion: 1.1 [pid: 7|app: 0|req: 552/1093] 10.0.0.11 () {34 vars in 824 bytes} [Sat May 9 14:08:44 2026] DELETE /resource_providers/d3852317-3b0c-4ef7-9e3c-00612bf280dd => generated 246 bytes in 11 msecs (HTTP/1.1 404) 6 headers in 231 bytes (1 switches on core 0)
2026-05-09 14:08:44.074 8 INFO placement.requestlog [None req-72020483-eaff-436e-ad3f-09b8efcd78fa 7481447b76464c98b47dd0b892cbe325 9f463f90f4f04e52a229975edc824e3f - - 55ab48c9f52240d1b556d00c1ae2d508 55ab48c9f52240d1b556d00c1ae2d508] 10.0.0.11 "DELETE /resource_providers/d3852317-3b0c-4ef7-9e3c-00612bf280dd" status: 404 len: 246 microversion: 1.1 [pid: 8|app: 0|req: 542/1094] 10.0.0.11 () {34 vars in 824 bytes} [Sat May 9 14:08:44 2026] DELETE /resource_providers/d3852317-3b0c-4ef7-9e3c-00612bf280dd => generated 246 bytes in 15 msecs (HTTP/1.1 404) 6 headers in 231 bytes (1 switches on core 0)
2026-05-09 14:08:46.582 7 INFO placement.requestlog [None req-8996af6b-1d66-42dc-ab27-af8f772181d8 7481447b76464c98b47dd0b892cbe325 9f463f90f4f04e52a229975edc824e3f - - 55ab48c9f52240d1b556d00c1ae2d508 55ab48c9f52240d1b556d00c1ae2d508] 10.0.0.11 "GET /resource_providers/692a11ec-c41c-4f75-8cbc-e30b1bfc25ab/aggregates" status: 404 len: 235 microversion: 1.1
2026-05-09 14:08:46.582 8 INFO placement.requestlog [None req-bfa474c5-366e-4419-b160-a06193d77152 7481447b76464c98b47dd0b892cbe325 9f463f90f4f04e52a229975edc824e3f - - 55ab48c9f52240d1b556d00c1ae2d508 55ab48c9f52240d1b556d00c1ae2d508] 10.0.0.11 "GET /resource_providers/692a11ec-c41c-4f75-8cbc-e30b1bfc25ab/aggregates" status: 404 len: 235 microversion: 1.1 [pid: 7|app: 0|req: 553/1095] 10.0.0.11 () {32 vars in 824 bytes} [Sat May 9 14:08:46 2026] GET /resource_providers/692a11ec-c41c-4f75-8cbc-e30b1bfc25ab/aggregates => generated 235 bytes in 12 msecs (HTTP/1.1 404) 5 headers in 202 bytes (1 switches on core 0) [pid: 8|app: 0|req: 543/1096] 10.0.0.11 () {32 vars in 824 bytes} [Sat May 9 14:08:46 2026] GET /resource_providers/692a11ec-c41c-4f75-8cbc-e30b1bfc25ab/aggregates => generated 235 bytes in 13 msecs (HTTP/1.1 404) 5 headers in 202 bytes (1 switches on core 0)
2026-05-09 14:08:46.597 8 INFO placement.requestlog [None req-e3c9aa24-876b-4219-b838-3627aab97831 7481447b76464c98b47dd0b892cbe325 9f463f90f4f04e52a229975edc824e3f - - 55ab48c9f52240d1b556d00c1ae2d508 55ab48c9f52240d1b556d00c1ae2d508] 10.0.0.11 "DELETE /resource_providers/692a11ec-c41c-4f75-8cbc-e30b1bfc25ab" status: 404 len: 246 microversion: 1.1
2026-05-09 14:08:46.597 7 INFO placement.requestlog [None req-43fa0100-aade-4f7f-9afe-8e58045c64fb 7481447b76464c98b47dd0b892cbe325 9f463f90f4f04e52a229975edc824e3f - - 55ab48c9f52240d1b556d00c1ae2d508 55ab48c9f52240d1b556d00c1ae2d508] 10.0.0.11 "DELETE /resource_providers/692a11ec-c41c-4f75-8cbc-e30b1bfc25ab" status: 404 len: 246 microversion: 1.1 [pid: 8|app: 0|req: 544/1097] 10.0.0.11 () {34 vars in 824 bytes} [Sat May 9 14:08:46 2026] DELETE /resource_providers/692a11ec-c41c-4f75-8cbc-e30b1bfc25ab => generated 246 bytes in 8 msecs (HTTP/1.1 404) 6 headers in 231 bytes (1 switches on core 0) [pid: 7|app: 0|req: 554/1098] 10.0.0.11 () {34 vars in 824 bytes} [Sat May 9 14:08:46 2026] DELETE /resource_providers/692a11ec-c41c-4f75-8cbc-e30b1bfc25ab => generated 246 bytes in 8 msecs (HTTP/1.1 404) 6 headers in 231 bytes (1 switches on core 0)
2026-05-09 14:08:47.005 7 INFO placement.requestlog [None req-6f4493dc-3e37-4f16-abea-603ae0d83c2a 7481447b76464c98b47dd0b892cbe325 9f463f90f4f04e52a229975edc824e3f - - 55ab48c9f52240d1b556d00c1ae2d508 55ab48c9f52240d1b556d00c1ae2d508] 10.0.0.11 "GET /resource_providers/530a089b-8297-42ee-990a-374bbc2cb839/aggregates" status: 404 len: 235 microversion: 1.1 [pid: 7|app: 0|req: 555/1099] 10.0.0.11 () {32 vars in 824 bytes} [Sat May 9 14:08:46 2026] GET /resource_providers/530a089b-8297-42ee-990a-374bbc2cb839/aggregates => generated 235 bytes in 10 msecs (HTTP/1.1 404) 5 headers in 202 bytes (1 switches on core 0)
2026-05-09 14:08:47.006 8 INFO placement.requestlog [None req-1e184b1b-0517-44f6-b04a-b74f51245d34 7481447b76464c98b47dd0b892cbe325 9f463f90f4f04e52a229975edc824e3f - - 55ab48c9f52240d1b556d00c1ae2d508 55ab48c9f52240d1b556d00c1ae2d508] 10.0.0.11 "GET /resource_providers/530a089b-8297-42ee-990a-374bbc2cb839/aggregates" status: 404 len: 235 microversion: 1.1 [pid: 8|app: 0|req: 545/1100] 10.0.0.11 () {32 vars in 824 bytes} [Sat May 9 14:08:46 2026] GET /resource_providers/530a089b-8297-42ee-990a-374bbc2cb839/aggregates => generated 235 bytes in 11 msecs (HTTP/1.1 404) 5 headers in 202 bytes (1 switches on core 0)
2026-05-09 14:08:47.023 7 INFO placement.requestlog [None req-354fc3d0-ae71-4ae8-8cad-a2e41a0097e7 7481447b76464c98b47dd0b892cbe325 9f463f90f4f04e52a229975edc824e3f - - 55ab48c9f52240d1b556d00c1ae2d508 55ab48c9f52240d1b556d00c1ae2d508] 10.0.0.11 "DELETE /resource_providers/530a089b-8297-42ee-990a-374bbc2cb839" status: 404 len: 246 microversion: 1.1 [pid: 7|app: 0|req: 556/1101] 10.0.0.11 () {34 vars in 824 bytes} [Sat May 9 14:08:47 2026] DELETE /resource_providers/530a089b-8297-42ee-990a-374bbc2cb839 => generated 246 bytes in 7 msecs (HTTP/1.1 404) 6 headers in 231 bytes (1 switches on core 0)
2026-05-09 14:08:47.023 8 INFO placement.requestlog [None req-4f4c4c33-eb37-4353-9a11-c48aad67bca4 7481447b76464c98b47dd0b892cbe325 9f463f90f4f04e52a229975edc824e3f - - 55ab48c9f52240d1b556d00c1ae2d508 55ab48c9f52240d1b556d00c1ae2d508] 10.0.0.11 "DELETE /resource_providers/530a089b-8297-42ee-990a-374bbc2cb839" status: 404 len: 246 microversion: 1.1 [pid: 8|app: 0|req: 546/1102] 10.0.0.11 () {34 vars in 824 bytes} [Sat May 9 14:08:47 2026] DELETE /resource_providers/530a089b-8297-42ee-990a-374bbc2cb839 => generated 246 bytes in 8 msecs (HTTP/1.1 404) 6 headers in 231 bytes (1 switches on core 0)
2026-05-09 14:08:48.864 7 INFO placement.requestlog [None req-8ac942ab-a403-48f1-b4e5-b0aa88b26e43 7481447b76464c98b47dd0b892cbe325 9f463f90f4f04e52a229975edc824e3f - - 55ab48c9f52240d1b556d00c1ae2d508 55ab48c9f52240d1b556d00c1ae2d508] 10.0.0.11 "GET /resource_providers/cf64a5c4-5b4a-4cdd-9174-379f7b2a587e/aggregates" status: 404 len: 235 microversion: 1.1 [pid: 7|app: 0|req: 557/1103] 10.0.0.11 () {32 vars in 824 bytes} [Sat May 9 14:08:48 2026] GET /resource_providers/cf64a5c4-5b4a-4cdd-9174-379f7b2a587e/aggregates => generated 235 bytes in 253 msecs (HTTP/1.1 404) 5 headers in 202 bytes (1 switches on core 0)
2026-05-09 14:08:48.880 8 INFO placement.requestlog [None req-11720aa2-cded-43b7-9856-e99b89dd2006 7481447b76464c98b47dd0b892cbe325 9f463f90f4f04e52a229975edc824e3f - - 55ab48c9f52240d1b556d00c1ae2d508 55ab48c9f52240d1b556d00c1ae2d508] 10.0.0.11 "GET /resource_providers/cf64a5c4-5b4a-4cdd-9174-379f7b2a587e/aggregates" status: 404 len: 235 microversion: 1.1 [pid: 8|app: 0|req: 547/1104] 10.0.0.11 () {32 vars in 824 bytes} [Sat May 9 14:08:48 2026] GET /resource_providers/cf64a5c4-5b4a-4cdd-9174-379f7b2a587e/aggregates => generated 235 bytes in 269 msecs (HTTP/1.1 404) 5 headers in 202 bytes (1 switches on core 0)
2026-05-09 14:08:48.881 7 INFO placement.requestlog [None req-28865fa8-69fb-4afa-a257-1446b51a44bb 7481447b76464c98b47dd0b892cbe325 9f463f90f4f04e52a229975edc824e3f - - 55ab48c9f52240d1b556d00c1ae2d508 55ab48c9f52240d1b556d00c1ae2d508] 10.0.0.11 "DELETE /resource_providers/cf64a5c4-5b4a-4cdd-9174-379f7b2a587e" status: 404 len: 246 microversion: 1.1 [pid: 7|app: 0|req: 558/1105] 10.0.0.11 () {34 vars in 824 bytes} [Sat May 9 14:08:48 2026] DELETE /resource_providers/cf64a5c4-5b4a-4cdd-9174-379f7b2a587e => generated 246 bytes in 8 msecs (HTTP/1.1 404) 6 headers in 231 bytes (1 switches on core 0)
2026-05-09 14:08:48.901 8 INFO placement.requestlog [None req-ec5c7eef-3c51-400b-841b-00866f633751 7481447b76464c98b47dd0b892cbe325 9f463f90f4f04e52a229975edc824e3f - - 55ab48c9f52240d1b556d00c1ae2d508 55ab48c9f52240d1b556d00c1ae2d508] 10.0.0.11 "DELETE /resource_providers/cf64a5c4-5b4a-4cdd-9174-379f7b2a587e" status: 404 len: 246 microversion: 1.1 [pid: 8|app: 0|req: 548/1106] 10.0.0.11 () {34 vars in 824 bytes} [Sat May 9 14:08:48 2026] DELETE /resource_providers/cf64a5c4-5b4a-4cdd-9174-379f7b2a587e => generated 246 bytes in 13 msecs (HTTP/1.1 404) 6 headers in 231 bytes (1 switches on core 0)
2026-05-09 14:08:49.349 7 INFO placement.requestlog [None req-b05ee56d-46bf-4cb1-a93a-8ba5a586d858 - - - - - -] 10.0.0.12 "GET /" status: 200 len: 136 microversion: 1.0
2026-05-09 14:08:49.350 8 INFO placement.requestlog [None req-f27898d9-70a1-451e-ac00-1a2285597cfb - - - - - -] 10.0.0.12 "GET /" status: 200 len: 136 microversion: 1.0
2026-05-09 14:08:53.587 8 INFO placement.requestlog [None req-09366ce8-86f2-4049-bd48-537092ef0bb4 7481447b76464c98b47dd0b892cbe325 9f463f90f4f04e52a229975edc824e3f - - 55ab48c9f52240d1b556d00c1ae2d508 55ab48c9f52240d1b556d00c1ae2d508] 10.0.0.11 "GET /resource_providers/3946af26-3be8-40c0-863d-4c72194e7c95/aggregates" status: 404 len: 235 microversion: 1.1 [pid: 8|app: 0|req: 550/1109] 10.0.0.11 () {32 vars in 824 bytes} [Sat May 9 14:08:53 2026] GET /resource_providers/3946af26-3be8-40c0-863d-4c72194e7c95/aggregates => generated 235 bytes in 11 msecs (HTTP/1.1 404) 5 headers in 202 bytes (1 switches on core 0)
2026-05-09 14:08:53.595 7 INFO placement.requestlog [None req-ea7f4f19-882b-4d77-a5c1-2d986bc8a2cb 7481447b76464c98b47dd0b892cbe325 9f463f90f4f04e52a229975edc824e3f - - 55ab48c9f52240d1b556d00c1ae2d508 55ab48c9f52240d1b556d00c1ae2d508] 10.0.0.11 "GET /resource_providers/3946af26-3be8-40c0-863d-4c72194e7c95/aggregates" status: 404 len: 235 microversion: 1.1 [pid: 7|app: 0|req: 560/1110] 10.0.0.11 () {32 vars in 824 bytes} [Sat May 9 14:08:53 2026] GET /resource_providers/3946af26-3be8-40c0-863d-4c72194e7c95/aggregates => generated 235 bytes in 13 msecs (HTTP/1.1 404) 5 headers in 202 bytes (1 switches on core 0)
2026-05-09 14:08:53.610 8 INFO placement.requestlog [None req-c6f94028-1583-409f-ae5e-3f5942228055 7481447b76464c98b47dd0b892cbe325 9f463f90f4f04e52a229975edc824e3f - - 55ab48c9f52240d1b556d00c1ae2d508 55ab48c9f52240d1b556d00c1ae2d508] 10.0.0.11 "DELETE /resource_providers/3946af26-3be8-40c0-863d-4c72194e7c95" status: 404 len: 246 microversion: 1.1 [pid: 8|app: 0|req: 551/1111] 10.0.0.11 () {34 vars in 824 bytes} [Sat May 9 14:08:53 2026] DELETE /resource_providers/3946af26-3be8-40c0-863d-4c72194e7c95 => generated 246 bytes in 14 msecs (HTTP/1.1 404) 6 headers in 231 bytes (1 switches on core 0)
2026-05-09 14:08:53.624 7 INFO placement.requestlog [None req-32a9c5ba-266e-4897-9f4f-6360ab7f3893 7481447b76464c98b47dd0b892cbe325 9f463f90f4f04e52a229975edc824e3f - - 55ab48c9f52240d1b556d00c1ae2d508 55ab48c9f52240d1b556d00c1ae2d508] 10.0.0.11 "DELETE /resource_providers/3946af26-3be8-40c0-863d-4c72194e7c95" status: 404 len: 246 microversion: 1.1 [pid: 7|app: 0|req: 561/1112] 10.0.0.11 () {34 vars in 824 bytes} [Sat May 9 14:08:53 2026] DELETE /resource_providers/3946af26-3be8-40c0-863d-4c72194e7c95 => generated 246 bytes in 15 msecs (HTTP/1.1 404) 6 headers in 231 bytes (1 switches on core 0)
2026-05-09 14:08:59.348 7 INFO placement.requestlog [None req-73dcd050-5659-414d-9764-150931ad13d2 - - - - - -] 10.0.0.12 "GET /" status: 200 len: 136 microversion: 1.0
2026-05-09 14:08:59.348 8 INFO placement.requestlog [None req-7a2e3e62-3a6c-43eb-8a27-b8f25eaa12c7 - - - - - -] 10.0.0.12 "GET /" status: 200 len: 136 microversion: 1.0
