2026-05-06 02:28:50.690 8 INFO neutron_taas.services.taas.tap_mirror_plugin [None req-e443e773-2f94-4364-b21c-ecae1309933c 819b4768721041809b78b3a1bdab9e79 cdb4214e629b42c7941e67e36f2d564a - - default default] Tap Mirror: Handle Delete Port: af22bd6e-2cd8-4f07-a580-2015f08a532e
2026-05-06 02:28:50.707 7 INFO neutron_taas.services.taas.taas_plugin [None req-1e648c97-2595-4ddc-b81b-f9cbcd4d40c0 570c925fddea4f70bda0548964a52046 27b76edd891b475483b2a1a709ebd206 - - default default] TaaS: Handle Delete Port: e65b213d-24c3-459a-a20f-9bd38a0b951b
2026-05-06 02:28:50.710 7 INFO neutron_taas.services.taas.tap_mirror_plugin [None req-1e648c97-2595-4ddc-b81b-f9cbcd4d40c0 570c925fddea4f70bda0548964a52046 27b76edd891b475483b2a1a709ebd206 - - default default] Tap Mirror: Handle Delete Port: e65b213d-24c3-459a-a20f-9bd38a0b951b
2026-05-06 02:28:50.729 8 INFO neutron.db.ovn_revision_numbers_db [None req-52af6ec1-8477-4a79-abf5-f5f8880f8368 - - - - - -] Successfully bumped revision number for resource 08ae6b81-7375-4f5f-81bf-fdd56e24a02c (type: router_ports) to 2
2026-05-06 02:28:50.919 7 INFO neutron.services.segments.plugin [-] Segment 5a4132bb-f960-4281-98e9-6bb9fdfb1ac5 resource provider aggregate not found
2026-05-06 02:28:50.919 8 INFO neutron.plugins.ml2.drivers.ovn.mech_driver.mech_driver [None req-52af6ec1-8477-4a79-abf5-f5f8880f8368 - - - - - -] OVN reports status down for port: c6ba8720-b9e5-47b5-a400-d0b20d730d82
2026-05-06 02:28:50.922 7 INFO neutron.services.segments.plugin [-] Segment 5a4132bb-f960-4281-98e9-6bb9fdfb1ac5 resource provider aggregate not found
2026-05-06 02:28:50.938 7 INFO neutron.services.segments.plugin [-] Segment 5a4132bb-f960-4281-98e9-6bb9fdfb1ac5 resource provider not found; error: Placement Client Error (4xx): {"errors": [{"status": 404, "title": "Not Found", "detail": "The resource could not be found.\n\n No resource provider with uuid 5a4132bb-f960-4281-98e9-6bb9fdfb1ac5 found for delete ", "request_id": "req-68bf6fc1-f8e9-4c09-b767-c027f8d9e04c"}]}
2026-05-06 02:28:50.942 7 INFO neutron.services.segments.plugin [-] Segment 5a4132bb-f960-4281-98e9-6bb9fdfb1ac5 resource provider not found; error: Placement Client Error (4xx): {"errors": [{"status": 404, "title": "Not Found", "detail": "The resource could not be found.\n\n No resource provider with uuid 5a4132bb-f960-4281-98e9-6bb9fdfb1ac5 found for delete ", "request_id": "req-4cb893c6-47f5-49f4-8fea-6a987c321355"}]} [pid: 7|app: 0|req: 511/988] 10.0.0.225 () {32 vars in 726 bytes} [Wed May 6 02:28:50 2026] DELETE /v2.0/networks/97f4a0a6-bbee-463a-b44e-84f5d71c5247 => generated 0 bytes in 398 msecs (HTTP/1.1 204) 3 headers in 131 bytes (1 switches on core 0)
2026-05-06 02:28:51.100 8 INFO neutron.plugins.ml2.drivers.ovn.mech_driver.mech_driver [None req-52af6ec1-8477-4a79-abf5-f5f8880f8368 - - - - - -] OVN reports status down for port: 61ce7c40-712a-46b7-8dd8-358aa6499435 [pid: 7|app: 0|req: 512/989] 10.0.0.225 () {32 vars in 740 bytes} [Wed May 6 02:28:50 2026] DELETE /v2.0/security-groups/95deb51e-a9c5-422e-b97b-19ff234aecd0 => generated 0 bytes in 356 msecs (HTTP/1.1 204) 2 headers in 112 bytes (1 switches on core 0)
2026-05-06 02:28:51.340 8 INFO neutron.plugins.ml2.drivers.ovn.mech_driver.mech_driver [None req-52af6ec1-8477-4a79-abf5-f5f8880f8368 - - - - - -] OVN reports status down for port: ff5791b4-7df5-4cf9-87cb-75cd2da1373c [pid: 7|app: 0|req: 513/990] 10.0.0.25 () {34 vars in 989 bytes} [Wed May 6 02:28:51 2026] GET /v2.0/ports?device_id=d4962f2c-af0a-4d58-b555-d640d24647db => generated 12 bytes in 15 msecs (HTTP/1.1 200) 4 headers in 156 bytes (1 switches on core 0)
2026-05-06 02:28:51.365 8 INFO neutron.plugins.ml2.drivers.ovn.mech_driver.mech_driver [None req-52af6ec1-8477-4a79-abf5-f5f8880f8368 - - - - - -] OVN reports status down for port: cd09494c-bf09-4e64-b5b9-ea9a35ddf7cc
2026-05-06 02:28:51.383 8 INFO neutron.plugins.ml2.drivers.ovn.mech_driver.mech_driver [None req-52af6ec1-8477-4a79-abf5-f5f8880f8368 - - - - - -] OVN reports status down for port: 23f9fcf9-7734-41a2-9bf1-13f910754061
2026-05-06 02:28:51.574 8 INFO neutron.plugins.ml2.drivers.ovn.mech_driver.mech_driver [None req-52af6ec1-8477-4a79-abf5-f5f8880f8368 - - - - - -] OVN reports status down for port: e65b213d-24c3-459a-a20f-9bd38a0b951b [pid: 8|app: 0|req: 478/991] 10.0.0.225 () {32 vars in 724 bytes} [Wed May 6 02:28:50 2026] DELETE /v2.0/routers/1a006a6d-c782-4ae1-bee6-9c29dd971f52 => generated 0 bytes in 1353 msecs (HTTP/1.1 204) 2 headers in 112 bytes (1 switches on core 0) /var/lib/openstack/lib/python3.12/site-packages/pycadf/identifier.py:70: UserWarning: Invalid uuid: neutron. To ensure interoperability, identifiers should be a valid uuid. warnings.warn(('Invalid uuid: %s. To ensure interoperability, '
2026-05-06 02:28:51.752 8 INFO neutron.db.ovn_revision_numbers_db [None req-70ab475a-5ec9-4b01-9290-b6c7b545ed23 819b4768721041809b78b3a1bdab9e79 cdb4214e629b42c7941e67e36f2d564a - - default default] Successfully bumped revision number for resource c2cc7d62-c79f-43ee-9106-ec43cc97fb3b (type: security_groups) to 1
2026-05-06 02:28:51.771 8 INFO neutron.db.ovn_revision_numbers_db [None req-70ab475a-5ec9-4b01-9290-b6c7b545ed23 819b4768721041809b78b3a1bdab9e79 cdb4214e629b42c7941e67e36f2d564a - - default default] Successfully bumped revision number for resource 361b342b-cfda-48ef-9ed8-b07188e8e12f (type: security_group_rules) to 0
2026-05-06 02:28:51.782 8 INFO neutron.db.ovn_revision_numbers_db [None req-70ab475a-5ec9-4b01-9290-b6c7b545ed23 819b4768721041809b78b3a1bdab9e79 cdb4214e629b42c7941e67e36f2d564a - - default default] Successfully bumped revision number for resource 79e75bcd-8e89-482f-8f11-4c776b6a47a6 (type: security_group_rules) to 0
2026-05-06 02:28:51.794 8 INFO neutron.db.ovn_revision_numbers_db [None req-70ab475a-5ec9-4b01-9290-b6c7b545ed23 819b4768721041809b78b3a1bdab9e79 cdb4214e629b42c7941e67e36f2d564a - - default default] Successfully bumped revision number for resource a852da6d-9762-48c2-928d-152eb6e73d06 (type: security_group_rules) to 0
2026-05-06 02:28:51.804 8 INFO neutron.db.ovn_revision_numbers_db [None req-70ab475a-5ec9-4b01-9290-b6c7b545ed23 819b4768721041809b78b3a1bdab9e79 cdb4214e629b42c7941e67e36f2d564a - - default default] Successfully bumped revision number for resource d1501fc1-caf8-4770-93d3-254e76495564 (type: security_group_rules) to 0 [pid: 8|app: 0|req: 479/992] 10.0.0.225 () {32 vars in 774 bytes} [Wed May 6 02:28:51 2026] GET /v2.0/security-groups?tenant_id=a4e15a55488746bba1a8d05d4077a1b7&name=default => generated 2925 bytes in 241 msecs (HTTP/1.1 200) 4 headers in 158 bytes (1 switches on core 0)
2026-05-06 02:28:51.940 7 INFO neutron_taas.services.taas.taas_plugin [None req-8b5ae28b-a665-45ab-b318-f7dd2740bbe3 570c925fddea4f70bda0548964a52046 27b76edd891b475483b2a1a709ebd206 - - default default] TaaS: Handle Delete Port: 23f9fcf9-7734-41a2-9bf1-13f910754061
2026-05-06 02:28:51.944 7 INFO neutron_taas.services.taas.tap_mirror_plugin [None req-8b5ae28b-a665-45ab-b318-f7dd2740bbe3 570c925fddea4f70bda0548964a52046 27b76edd891b475483b2a1a709ebd206 - - default default] Tap Mirror: Handle Delete Port: 23f9fcf9-7734-41a2-9bf1-13f910754061 [pid: 8|app: 0|req: 480/993] 10.0.0.225 () {32 vars in 724 bytes} [Wed May 6 02:28:51 2026] DELETE /v2.0/subnets/740032ad-823f-4253-85d5-5dc781cf151a => generated 0 bytes in 156 msecs (HTTP/1.1 204) 3 headers in 131 bytes (1 switches on core 0) [pid: 8|app: 0|req: 481/994] 199.19.213.73 () {34 vars in 985 bytes} [Wed May 6 02:28:51 2026] GET /v2.0/networks?id=3a36d5ec-3c06-42ab-a847-d680576f0121 => generated 670 bytes in 46 msecs (HTTP/1.1 200) 4 headers in 157 bytes (1 switches on core 0) [pid: 7|app: 0|req: 514/995] 10.0.0.225 () {32 vars in 726 bytes} [Wed May 6 02:28:51 2026] DELETE /v2.0/networks/b05a9b03-a02a-4cb1-b78b-83960848a806 => generated 0 bytes in 859 msecs (HTTP/1.1 204) 3 headers in 131 bytes (1 switches on core 0) [pid: 8|app: 0|req: 482/996] 10.0.0.225 () {32 vars in 740 bytes} [Wed May 6 02:28:52 2026] DELETE /v2.0/security-groups/c2cc7d62-c79f-43ee-9106-ec43cc97fb3b => generated 0 bytes in 421 msecs (HTTP/1.1 204) 2 headers in 112 bytes (1 switches on core 0)
2026-05-06 02:28:52.463 7 INFO neutron_taas.services.taas.taas_plugin [None req-8ccb97db-2f34-4346-bfe2-9d8df04caa89 819b4768721041809b78b3a1bdab9e79 cdb4214e629b42c7941e67e36f2d564a - - default default] TaaS: Handle Delete Port: 685214ab-9f51-45f5-8772-6792d890fdbc
2026-05-06 02:28:52.466 7 INFO neutron_taas.services.taas.tap_mirror_plugin [None req-8ccb97db-2f34-4346-bfe2-9d8df04caa89 819b4768721041809b78b3a1bdab9e79 cdb4214e629b42c7941e67e36f2d564a - - default default] Tap Mirror: Handle Delete Port: 685214ab-9f51-45f5-8772-6792d890fdbc [pid: 8|app: 0|req: 483/997] 199.19.213.73 () {34 vars in 1049 bytes} [Wed May 6 02:28:52 2026] GET /v2.0/security-groups?fields=id&fields=name&tenant_id=aabf4992acb34a5b9fd4d801224e0862 => generated 181 bytes in 39 msecs (HTTP/1.1 200) 4 headers in 157 bytes (1 switches on core 0) [pid: 7|app: 0|req: 515/998] 10.0.0.225 () {32 vars in 726 bytes} [Wed May 6 02:28:52 2026] DELETE /v2.0/networks/baf3dabc-26df-4811-9d9c-746d75581bac => generated 0 bytes in 482 msecs (HTTP/1.1 204) 3 headers in 131 bytes (1 switches on core 0)
2026-05-06 02:28:52.689 8 INFO neutron_taas.services.taas.taas_plugin [None req-556d9a26-8164-49d1-bb46-1510d198bf01 570c925fddea4f70bda0548964a52046 27b76edd891b475483b2a1a709ebd206 - - default default] TaaS: Handle Delete Port: 61ce7c40-712a-46b7-8dd8-358aa6499435
2026-05-06 02:28:52.697 8 INFO neutron_taas.services.taas.tap_mirror_plugin [None req-556d9a26-8164-49d1-bb46-1510d198bf01 570c925fddea4f70bda0548964a52046 27b76edd891b475483b2a1a709ebd206 - - default default] Tap Mirror: Handle Delete Port: 61ce7c40-712a-46b7-8dd8-358aa6499435 [pid: 7|app: 0|req: 516/999] 10.0.0.25 () {34 vars in 989 bytes} [Wed May 6 02:28:52 2026] GET /v2.0/ports?device_id=d4962f2c-af0a-4d58-b555-d640d24647db => generated 12 bytes in 19 msecs (HTTP/1.1 200) 4 headers in 156 bytes (1 switches on core 0)
2026-05-06 02:28:52.901 8 INFO neutron.services.segments.plugin [-] Segment fdb8fa30-d138-456c-8e67-5a4cbd2356bc resource provider aggregate not found
2026-05-06 02:28:52.909 8 INFO neutron.services.segments.plugin [-] Segment fdb8fa30-d138-456c-8e67-5a4cbd2356bc resource provider aggregate not found
2026-05-06 02:28:52.924 8 INFO neutron.services.segments.plugin [-] Segment fdb8fa30-d138-456c-8e67-5a4cbd2356bc resource provider not found; error: Placement Client Error (4xx): {"errors": [{"status": 404, "title": "Not Found", "detail": "The resource could not be found.\n\n No resource provider with uuid fdb8fa30-d138-456c-8e67-5a4cbd2356bc found for delete ", "request_id": "req-bdf3b512-cf83-45f2-844c-80fd7c973dbe"}]}
2026-05-06 02:28:52.930 8 INFO neutron.services.segments.plugin [-] Segment fdb8fa30-d138-456c-8e67-5a4cbd2356bc resource provider not found; error: Placement Client Error (4xx): {"errors": [{"status": 404, "title": "Not Found", "detail": "The resource could not be found.\n\n No resource provider with uuid fdb8fa30-d138-456c-8e67-5a4cbd2356bc found for delete ", "request_id": "req-5ce9c354-e3a1-4bf2-9c77-c19f85924098"}]} [pid: 8|app: 0|req: 484/1000] 10.0.0.225 () {32 vars in 726 bytes} [Wed May 6 02:28:52 2026] DELETE /v2.0/networks/ed40cbd1-bb1c-4f22-9536-e207cc4277a8 => generated 0 bytes in 456 msecs (HTTP/1.1 204) 3 headers in 131 bytes (1 switches on core 0)
2026-05-06 02:28:52.969 7 INFO neutron.services.segments.plugin [-] Segment 0e053529-f943-4fa8-b19e-3b7d986e2631 resource provider aggregate not found
2026-05-06 02:28:52.974 7 INFO neutron.services.segments.plugin [-] Segment 0e053529-f943-4fa8-b19e-3b7d986e2631 resource provider aggregate not found [pid: 8|app: 0|req: 485/1001] 10.0.0.225 () {32 vars in 774 bytes} [Wed May 6 02:28:52 2026] GET /v2.0/security-groups?tenant_id=5a919d67ae174fec9b4edab75e3a3fd6&name=default => generated 2921 bytes in 27 msecs (HTTP/1.1 200) 4 headers in 158 bytes (1 switches on core 0)
2026-05-06 02:28:52.994 7 INFO neutron.services.segments.plugin [-] Segment 0e053529-f943-4fa8-b19e-3b7d986e2631 resource provider not found; error: Placement Client Error (4xx): {"errors": [{"status": 404, "title": "Not Found", "detail": "The resource could not be found.\n\n No resource provider with uuid 0e053529-f943-4fa8-b19e-3b7d986e2631 found for delete ", "request_id": "req-7dd738a6-191c-43f1-b81e-ceba334aeeee"}]}
2026-05-06 02:28:53.000 7 INFO neutron.services.segments.plugin [-] Segment 0e053529-f943-4fa8-b19e-3b7d986e2631 resource provider not found; error: Placement Client Error (4xx): {"errors": [{"status": 404, "title": "Not Found", "detail": "The resource could not be found.\n\n No resource provider with uuid 0e053529-f943-4fa8-b19e-3b7d986e2631 found for delete ", "request_id": "req-6d15b5bf-7b30-47e7-99f0-ad44f694bdff"}]}
2026-05-06 02:28:53.013 7 INFO neutron.services.segments.plugin [-] Segment 18fc7d0f-b6c5-4f05-8a60-41dbcef60e60 resource provider aggregate not found
2026-05-06 02:28:53.025 7 INFO neutron.services.segments.plugin [-] Segment 18fc7d0f-b6c5-4f05-8a60-41dbcef60e60 resource provider aggregate not found
2026-05-06 02:28:53.041 7 INFO neutron.services.segments.plugin [-] Segment 18fc7d0f-b6c5-4f05-8a60-41dbcef60e60 resource provider not found; error: Placement Client Error (4xx): {"errors": [{"status": 404, "title": "Not Found", "detail": "The resource could not be found.\n\n No resource provider with uuid 18fc7d0f-b6c5-4f05-8a60-41dbcef60e60 found for delete ", "request_id": "req-e6938a7f-e55b-419e-9320-730e89bfdefe"}]}
2026-05-06 02:28:53.049 7 INFO neutron.services.segments.plugin [-] Segment 18fc7d0f-b6c5-4f05-8a60-41dbcef60e60 resource provider not found; error: Placement Client Error (4xx): {"errors": [{"status": 404, "title": "Not Found", "detail": "The resource could not be found.\n\n No resource provider with uuid 18fc7d0f-b6c5-4f05-8a60-41dbcef60e60 found for delete ", "request_id": "req-18c68794-9b9f-4a8f-ba7f-8101fd7dc919"}]}
2026-05-06 02:28:53.097 7 WARNING neutron.scheduler.dhcp_agent_scheduler [req-d1679f05-8e2c-4ea4-91ca-2ca9388c3855 req-4260762e-4b81-4c80-8acf-d699c3b1f9eb 27f076404edf4d33848fb9044602f3dd aabf4992acb34a5b9fd4d801224e0862 - - default default] No more DHCP agents
2026-05-06 02:28:53.098 7 WARNING neutron.api.rpc.agentnotifiers.dhcp_rpc_agent_api [req-d1679f05-8e2c-4ea4-91ca-2ca9388c3855 req-4260762e-4b81-4c80-8acf-d699c3b1f9eb 27f076404edf4d33848fb9044602f3dd aabf4992acb34a5b9fd4d801224e0862 - - default default] Unable to schedule network 3a36d5ec-3c06-42ab-a847-d680576f0121: no agents available; will retry on subsequent port and subnet creation events.
2026-05-06 02:28:53.109 8 INFO neutron_taas.services.taas.taas_plugin [None req-1795f0e0-de30-4b86-a293-370ddfc64a5e 570c925fddea4f70bda0548964a52046 27b76edd891b475483b2a1a709ebd206 - - default default] TaaS: Handle Delete Port: c6ba8720-b9e5-47b5-a400-d0b20d730d82
2026-05-06 02:28:53.111 8 INFO neutron_taas.services.taas.tap_mirror_plugin [None req-1795f0e0-de30-4b86-a293-370ddfc64a5e 570c925fddea4f70bda0548964a52046 27b76edd891b475483b2a1a709ebd206 - - default default] Tap Mirror: Handle Delete Port: c6ba8720-b9e5-47b5-a400-d0b20d730d82
2026-05-06 02:28:53.234 8 INFO neutron.plugins.ml2.drivers.ovn.mech_driver.mech_driver [None req-52af6ec1-8477-4a79-abf5-f5f8880f8368 - - - - - -] OVN reports status down for port: 638420f2-d5f6-4dcf-b34d-b0d7e45849e0
2026-05-06 02:28:53.273 7 INFO neutron.db.ovn_revision_numbers_db [req-d1679f05-8e2c-4ea4-91ca-2ca9388c3855 req-4260762e-4b81-4c80-8acf-d699c3b1f9eb 27f076404edf4d33848fb9044602f3dd aabf4992acb34a5b9fd4d801224e0862 - - default default] Successfully bumped revision number for resource 638420f2-d5f6-4dcf-b34d-b0d7e45849e0 (type: ports) to 1 [pid: 7|app: 0|req: 517/1002] 199.19.213.73 () {38 vars in 954 bytes} [Wed May 6 02:28:52 2026] POST /v2.0/ports => generated 958 bytes in 652 msecs (HTTP/1.1 201) 4 headers in 162 bytes (1 switches on core 0) /var/lib/openstack/lib/python3.12/site-packages/pycadf/identifier.py:70: UserWarning: Invalid uuid: neutron. To ensure interoperability, identifiers should be a valid uuid. warnings.warn(('Invalid uuid: %s. To ensure interoperability, ' [pid: 8|app: 0|req: 486/1003] 10.0.0.225 () {32 vars in 726 bytes} [Wed May 6 02:28:52 2026] DELETE /v2.0/networks/9fc40b5f-ae8b-493b-981b-39b4c049ccd7 => generated 0 bytes in 489 msecs (HTTP/1.1 204) 3 headers in 131 bytes (1 switches on core 0) [pid: 7|app: 0|req: 518/1004] 10.0.0.225 () {32 vars in 740 bytes} [Wed May 6 02:28:53 2026] DELETE /v2.0/security-groups/524471dc-9e2d-4e72-a069-b57c3cb95210 => generated 0 bytes in 306 msecs (HTTP/1.1 204) 2 headers in 112 bytes (1 switches on core 0) [pid: 7|app: 0|req: 519/1005] 10.0.0.25 () {34 vars in 989 bytes} [Wed May 6 02:28:53 2026] GET /v2.0/ports?device_id=d4962f2c-af0a-4d58-b555-d640d24647db => generated 973 bytes in 37 msecs (HTTP/1.1 200) 4 headers in 157 bytes (1 switches on core 0) [pid: 7|app: 0|req: 520/1006] 10.0.0.25 () {34 vars in 1039 bytes} [Wed May 6 02:28:53 2026] GET /v2.0/security-groups?id=92250b2a-b79c-4ab1-b418-009116b2abec&fields=id&fields=name => generated 114 bytes in 54 msecs (HTTP/1.1 200) 4 headers in 157 bytes (1 switches on core 0)
2026-05-06 02:28:53.903 8 INFO neutron.db.ovn_revision_numbers_db [req-d1679f05-8e2c-4ea4-91ca-2ca9388c3855 req-2fa997ff-4035-4942-bbb0-d989e4ecdcdb bde55041ce464b3f89788ce5155d225e f3832d781ccc43ccad084f4ddfe1fbbe - - da5a680fed3e449e919f2a5f688efca4 da5a680fed3e449e919f2a5f688efca4] Successfully bumped revision number for resource 638420f2-d5f6-4dcf-b34d-b0d7e45849e0 (type: ports) to 2
2026-05-06 02:28:54.119 8 INFO neutron.db.ovn_revision_numbers_db [req-d1679f05-8e2c-4ea4-91ca-2ca9388c3855 req-2fa997ff-4035-4942-bbb0-d989e4ecdcdb bde55041ce464b3f89788ce5155d225e f3832d781ccc43ccad084f4ddfe1fbbe - - da5a680fed3e449e919f2a5f688efca4 da5a680fed3e449e919f2a5f688efca4] Successfully bumped revision number for resource 638420f2-d5f6-4dcf-b34d-b0d7e45849e0 (type: ports) to 4 [pid: 8|app: 0|req: 487/1007] 199.19.213.73 () {38 vars in 1027 bytes} [Wed May 6 02:28:53 2026] PUT /v2.0/ports/638420f2-d5f6-4dcf-b34d-b0d7e45849e0 => generated 1208 bytes in 667 msecs (HTTP/1.1 200) 4 headers in 158 bytes (1 switches on core 0) [pid: 7|app: 0|req: 521/1008] 10.0.0.225 () {32 vars in 774 bytes} [Wed May 6 02:28:53 2026] GET /v2.0/security-groups?tenant_id=27b76edd891b475483b2a1a709ebd206&name=default => generated 2925 bytes in 257 msecs (HTTP/1.1 200) 4 headers in 158 bytes (1 switches on core 0)
2026-05-06 02:28:54.180 8 INFO neutron.notifiers.nova [-] Nova event matching ['req-e9994c4f-cd6e-42bf-839f-0b3ccc7fb830'] response: {'name': 'network-changed', 'server_uuid': 'd4962f2c-af0a-4d58-b555-d640d24647db', 'tag': '638420f2-d5f6-4dcf-b34d-b0d7e45849e0', 'status': 'completed', 'code': 200} /var/lib/openstack/lib/python3.12/site-packages/pycadf/identifier.py:70: UserWarning: Invalid uuid: neutron. To ensure interoperability, identifiers should be a valid uuid. warnings.warn(('Invalid uuid: %s. To ensure interoperability, ' [pid: 8|app: 0|req: 488/1009] 10.0.0.225 () {32 vars in 740 bytes} [Wed May 6 02:28:54 2026] DELETE /v2.0/security-groups/64ea1971-08c7-4686-a097-91e58554b930 => generated 0 bytes in 278 msecs (HTTP/1.1 204) 2 headers in 112 bytes (1 switches on core 0) [pid: 7|app: 0|req: 522/1010] 199.19.213.73 () {34 vars in 1079 bytes} [Wed May 6 02:28:54 2026] GET /v2.0/ports?tenant_id=aabf4992acb34a5b9fd4d801224e0862&device_id=d4962f2c-af0a-4d58-b555-d640d24647db => generated 1211 bytes in 38 msecs (HTTP/1.1 200) 4 headers in 158 bytes (1 switches on core 0) [pid: 8|app: 0|req: 489/1011] 199.19.213.73 () {34 vars in 1017 bytes} [Wed May 6 02:28:54 2026] GET /v2.0/networks?tenant_id=aabf4992acb34a5b9fd4d801224e0862&shared=False => generated 769 bytes in 46 msecs (HTTP/1.1 200) 4 headers in 157 bytes (1 switches on core 0) [pid: 7|app: 0|req: 523/1012] 199.19.213.73 () {34 vars in 929 bytes} [Wed May 6 02:28:54 2026] GET /v2.0/networks?shared=True => generated 753 bytes in 58 msecs (HTTP/1.1 200) 4 headers in 157 bytes (1 switches on core 0)
2026-05-06 02:28:54.943 8 INFO neutron.services.segments.plugin [-] Segment e9e04a3f-966a-40ba-a836-501f32ea0e1d resource provider aggregate not found
2026-05-06 02:28:54.949 8 INFO neutron.services.segments.plugin [-] Segment e9e04a3f-966a-40ba-a836-501f32ea0e1d resource provider aggregate not found
2026-05-06 02:28:54.967 8 INFO neutron.services.segments.plugin [-] Segment e9e04a3f-966a-40ba-a836-501f32ea0e1d resource provider not found; error: Placement Client Error (4xx): {"errors": [{"status": 404, "title": "Not Found", "detail": "The resource could not be found.\n\n No resource provider with uuid e9e04a3f-966a-40ba-a836-501f32ea0e1d found for delete ", "request_id": "req-4f37f2a2-a3aa-4810-b56b-51a61f0e8cc6"}]}
2026-05-06 02:28:54.980 8 INFO neutron.services.segments.plugin [-] Segment e9e04a3f-966a-40ba-a836-501f32ea0e1d resource provider not found; error: Placement Client Error (4xx): {"errors": [{"status": 404, "title": "Not Found", "detail": "The resource could not be found.\n\n No resource provider with uuid e9e04a3f-966a-40ba-a836-501f32ea0e1d found for delete ", "request_id": "req-7eb851cf-c197-4fe4-960e-4d6daca83a16"}]} [pid: 8|app: 0|req: 490/1013] 10.0.0.25 () {34 vars in 989 bytes} [Wed May 6 02:28:54 2026] GET /v2.0/ports?device_id=d4962f2c-af0a-4d58-b555-d640d24647db => generated 973 bytes in 92 msecs (HTTP/1.1 200) 4 headers in 157 bytes (1 switches on core 0) [pid: 7|app: 0|req: 524/1014] 10.0.0.25 () {34 vars in 1039 bytes} [Wed May 6 02:28:55 2026] GET /v2.0/security-groups?id=92250b2a-b79c-4ab1-b418-009116b2abec&fields=id&fields=name => generated 114 bytes in 34 msecs (HTTP/1.1 200) 4 headers in 157 bytes (1 switches on core 0)
2026-05-06 02:28:55.611 8 INFO neutron.db.ovn_revision_numbers_db [None req-d8d8fe0e-b632-4bd0-abd7-cb702516aa79 819b4768721041809b78b3a1bdab9e79 cdb4214e629b42c7941e67e36f2d564a - - default default] Successfully bumped revision number for resource 9fccf236-4948-401c-a2d2-c3da509d9311 (type: security_groups) to 1
2026-05-06 02:28:55.621 8 INFO neutron.db.ovn_revision_numbers_db [None req-d8d8fe0e-b632-4bd0-abd7-cb702516aa79 819b4768721041809b78b3a1bdab9e79 cdb4214e629b42c7941e67e36f2d564a - - default default] Successfully bumped revision number for resource 5cf17a23-ae80-4bd1-9539-cce136e135a6 (type: security_group_rules) to 0
2026-05-06 02:28:55.632 8 INFO neutron.db.ovn_revision_numbers_db [None req-d8d8fe0e-b632-4bd0-abd7-cb702516aa79 819b4768721041809b78b3a1bdab9e79 cdb4214e629b42c7941e67e36f2d564a - - default default] Successfully bumped revision number for resource 6a9f7ec6-0aa1-4293-87de-a38ac0da553d (type: security_group_rules) to 0
2026-05-06 02:28:55.643 8 INFO neutron.db.ovn_revision_numbers_db [None req-d8d8fe0e-b632-4bd0-abd7-cb702516aa79 819b4768721041809b78b3a1bdab9e79 cdb4214e629b42c7941e67e36f2d564a - - default default] Successfully bumped revision number for resource cbd01dab-3f6a-4487-b1e1-1ef81d6c4d6a (type: security_group_rules) to 0
2026-05-06 02:28:55.655 8 INFO neutron.db.ovn_revision_numbers_db [None req-d8d8fe0e-b632-4bd0-abd7-cb702516aa79 819b4768721041809b78b3a1bdab9e79 cdb4214e629b42c7941e67e36f2d564a - - default default] Successfully bumped revision number for resource e7e2981d-4db8-4df5-a3a3-d4d7d53d6f2f (type: security_group_rules) to 0
2026-05-06 02:28:55.730 8 INFO neutron.db.segments_db [None req-d8d8fe0e-b632-4bd0-abd7-cb702516aa79 819b4768721041809b78b3a1bdab9e79 cdb4214e629b42c7941e67e36f2d564a - - default default] Added segment ea1b8ec5-9695-492e-9226-502227976b1c of type geneve for network d6221e58-e9e7-4ed1-a6a6-44d730df2b8a
2026-05-06 02:28:55.861 8 INFO neutron.db.ovn_revision_numbers_db [None req-d8d8fe0e-b632-4bd0-abd7-cb702516aa79 819b4768721041809b78b3a1bdab9e79 cdb4214e629b42c7941e67e36f2d564a - - default default] Successfully bumped revision number for resource d6221e58-e9e7-4ed1-a6a6-44d730df2b8a (type: networks) to 1
2026-05-06 02:28:56.052 7 INFO neutron.db.ovn_revision_numbers_db [None req-27453e98-6b97-4e97-aa6d-f005e96e0cf9 819b4768721041809b78b3a1bdab9e79 cdb4214e629b42c7941e67e36f2d564a - - default default] Successfully bumped revision number for resource 13dfd016-7b15-4064-8f91-5a5a747d5e53 (type: security_groups) to 1
2026-05-06 02:28:56.057 8 WARNING neutron.scheduler.dhcp_agent_scheduler [None req-d8d8fe0e-b632-4bd0-abd7-cb702516aa79 819b4768721041809b78b3a1bdab9e79 cdb4214e629b42c7941e67e36f2d564a - - default default] No more DHCP agents
2026-05-06 02:28:56.060 8 WARNING neutron.api.rpc.agentnotifiers.dhcp_rpc_agent_api [None req-d8d8fe0e-b632-4bd0-abd7-cb702516aa79 819b4768721041809b78b3a1bdab9e79 cdb4214e629b42c7941e67e36f2d564a - - default default] Unable to schedule network d6221e58-e9e7-4ed1-a6a6-44d730df2b8a: no agents available; will retry on subsequent port and subnet creation events.
2026-05-06 02:28:56.063 7 INFO neutron.db.ovn_revision_numbers_db [None req-27453e98-6b97-4e97-aa6d-f005e96e0cf9 819b4768721041809b78b3a1bdab9e79 cdb4214e629b42c7941e67e36f2d564a - - default default] Successfully bumped revision number for resource 0cd2c102-a898-4f68-9a14-210fec131223 (type: security_group_rules) to 0
2026-05-06 02:28:56.079 7 INFO neutron.db.ovn_revision_numbers_db [None req-27453e98-6b97-4e97-aa6d-f005e96e0cf9 819b4768721041809b78b3a1bdab9e79 cdb4214e629b42c7941e67e36f2d564a - - default default] Successfully bumped revision number for resource 3b084a79-d9f1-424d-b742-871613645673 (type: security_group_rules) to 0
2026-05-06 02:28:56.091 7 INFO neutron.db.ovn_revision_numbers_db [None req-27453e98-6b97-4e97-aa6d-f005e96e0cf9 819b4768721041809b78b3a1bdab9e79 cdb4214e629b42c7941e67e36f2d564a - - default default] Successfully bumped revision number for resource 84345b40-2bbd-4b3c-81b0-38173ae39ed6 (type: security_group_rules) to 0
2026-05-06 02:28:56.103 7 INFO neutron.db.ovn_revision_numbers_db [None req-27453e98-6b97-4e97-aa6d-f005e96e0cf9 819b4768721041809b78b3a1bdab9e79 cdb4214e629b42c7941e67e36f2d564a - - default default] Successfully bumped revision number for resource a657529e-5a67-47c6-9df1-fa797cfae0ac (type: security_group_rules) to 0
2026-05-06 02:28:56.149 8 INFO neutron.plugins.ml2.drivers.ovn.mech_driver.mech_driver [None req-52af6ec1-8477-4a79-abf5-f5f8880f8368 - - - - - -] OVN reports status down for port: 692267b4-70aa-43ea-b10e-d5fdefdf0694 [pid: 7|app: 0|req: 525/1015] 10.0.0.225 () {32 vars in 774 bytes} [Wed May 6 02:28:55 2026] GET /v2.0/security-groups?tenant_id=4ef83855b136448f8a56d4c4692a3588&name=default => generated 2925 bytes in 405 msecs (HTTP/1.1 200) 4 headers in 158 bytes (1 switches on core 0)
2026-05-06 02:28:56.212 8 INFO neutron.db.ovn_revision_numbers_db [None req-d8d8fe0e-b632-4bd0-abd7-cb702516aa79 819b4768721041809b78b3a1bdab9e79 cdb4214e629b42c7941e67e36f2d564a - - default default] Successfully bumped revision number for resource 692267b4-70aa-43ea-b10e-d5fdefdf0694 (type: ports) to 1 [pid: 7|app: 0|req: 528/1018] 199.19.213.73 () {34 vars in 1079 bytes} [Wed May 6 02:28:56 2026] GET /v2.0/ports?tenant_id=aabf4992acb34a5b9fd4d801224e0862&device_id=d4962f2c-af0a-4d58-b555-d640d24647db => generated 1211 bytes in 48 msecs (HTTP/1.1 200) 4 headers in 158 bytes (1 switches on core 0) [pid: 8|app: 0|req: 491/1019] 10.0.0.225 () {34 vars in 671 bytes} [Wed May 6 02:28:55 2026] POST /v2.0/networks => generated 745 bytes in 978 msecs (HTTP/1.1 201) 4 headers in 162 bytes (1 switches on core 0) [pid: 8|app: 0|req: 492/1020] 10.0.0.25 () {34 vars in 989 bytes} [Wed May 6 02:28:56 2026] GET /v2.0/ports?device_id=d4962f2c-af0a-4d58-b555-d640d24647db => generated 973 bytes in 44 msecs (HTTP/1.1 200) 4 headers in 157 bytes (1 switches on core 0)
2026-05-06 02:28:56.617 7 INFO neutron.db.ovn_revision_numbers_db [None req-617aaae2-3f01-421f-84ac-d608d857a293 c32572d04bb648fbb030a86812ae142e abb3057f023f43879d8391495bf106a9 - - default default] Successfully bumped revision number for resource 2602e117-b7bc-4b97-a29e-e57d3461ff94 (type: security_groups) to 1
2026-05-06 02:28:56.631 7 INFO neutron.db.ovn_revision_numbers_db [None req-617aaae2-3f01-421f-84ac-d608d857a293 c32572d04bb648fbb030a86812ae142e abb3057f023f43879d8391495bf106a9 - - default default] Successfully bumped revision number for resource 504f0cdf-6b1d-4c68-9bb7-7c27fb39d276 (type: security_group_rules) to 0
2026-05-06 02:28:56.650 7 INFO neutron.db.ovn_revision_numbers_db [None req-617aaae2-3f01-421f-84ac-d608d857a293 c32572d04bb648fbb030a86812ae142e abb3057f023f43879d8391495bf106a9 - - default default] Successfully bumped revision number for resource 5b759bbd-4f14-470b-ba96-4296254e65c8 (type: security_group_rules) to 0
2026-05-06 02:28:56.663 7 INFO neutron.db.ovn_revision_numbers_db [None req-617aaae2-3f01-421f-84ac-d608d857a293 c32572d04bb648fbb030a86812ae142e abb3057f023f43879d8391495bf106a9 - - default default] Successfully bumped revision number for resource 69dcbaa1-4e01-4f2b-828d-4c9d7f2ae4a6 (type: security_group_rules) to 0
2026-05-06 02:28:56.676 7 INFO neutron.db.ovn_revision_numbers_db [None req-617aaae2-3f01-421f-84ac-d608d857a293 c32572d04bb648fbb030a86812ae142e abb3057f023f43879d8391495bf106a9 - - default default] Successfully bumped revision number for resource aec286e0-e348-4ba3-8313-4f7dbb55f60b (type: security_group_rules) to 0 [pid: 8|app: 0|req: 493/1021] 10.0.0.225 () {32 vars in 740 bytes} [Wed May 6 02:28:56 2026] DELETE /v2.0/security-groups/13dfd016-7b15-4064-8f91-5a5a747d5e53 => generated 0 bytes in 382 msecs (HTTP/1.1 204) 2 headers in 112 bytes (1 switches on core 0) [pid: 8|app: 0|req: 494/1022] 199.19.213.73 () {34 vars in 1059 bytes} [Wed May 6 02:28:56 2026] GET /v2.0/floatingips?fixed_ip_address=10.100.0.12&port_id=638420f2-d5f6-4dcf-b34d-b0d7e45849e0 => generated 19 bytes in 15 msecs (HTTP/1.1 200) 4 headers in 156 bytes (1 switches on core 0)
2026-05-06 02:28:56.773 7 INFO neutron.db.segments_db [None req-617aaae2-3f01-421f-84ac-d608d857a293 c32572d04bb648fbb030a86812ae142e abb3057f023f43879d8391495bf106a9 - - default default] Added segment 225c3cbf-4b2d-4244-a7ad-f8bf31fdec9d of type geneve for network c224e691-1d7e-4661-9fbd-82524a23532f
2026-05-06 02:28:56.847 8 WARNING neutron.scheduler.dhcp_agent_scheduler [None req-fd749695-75a0-4f5e-8831-c9bdd4d9cd47 819b4768721041809b78b3a1bdab9e79 cdb4214e629b42c7941e67e36f2d564a - - default default] No more DHCP agents
2026-05-06 02:28:56.848 8 WARNING neutron.api.rpc.agentnotifiers.dhcp_rpc_agent_api [None req-fd749695-75a0-4f5e-8831-c9bdd4d9cd47 819b4768721041809b78b3a1bdab9e79 cdb4214e629b42c7941e67e36f2d564a - - default default] Unable to schedule network d6221e58-e9e7-4ed1-a6a6-44d730df2b8a: no agents available; will retry on subsequent port and subnet creation events.
2026-05-06 02:28:56.871 7 INFO neutron.db.segments_db [None req-617aaae2-3f01-421f-84ac-d608d857a293 c32572d04bb648fbb030a86812ae142e abb3057f023f43879d8391495bf106a9 - - default default] Added segment b5e618fd-27ac-4e24-bf1c-28340352ade2 of type geneve for network 3f5694dc-dc40-40f3-9e9a-526ebfb4cdde
2026-05-06 02:28:57.010 7 INFO neutron.db.ovn_revision_numbers_db [None req-617aaae2-3f01-421f-84ac-d608d857a293 c32572d04bb648fbb030a86812ae142e abb3057f023f43879d8391495bf106a9 - - default default] Successfully bumped revision number for resource c224e691-1d7e-4661-9fbd-82524a23532f (type: networks) to 1
2026-05-06 02:28:57.175 7 WARNING neutron.scheduler.dhcp_agent_scheduler [None req-617aaae2-3f01-421f-84ac-d608d857a293 c32572d04bb648fbb030a86812ae142e abb3057f023f43879d8391495bf106a9 - - default default] No more DHCP agents
2026-05-06 02:28:57.180 7 WARNING neutron.api.rpc.agentnotifiers.dhcp_rpc_agent_api [None req-617aaae2-3f01-421f-84ac-d608d857a293 c32572d04bb648fbb030a86812ae142e abb3057f023f43879d8391495bf106a9 - - default default] Unable to schedule network c224e691-1d7e-4661-9fbd-82524a23532f: no agents available; will retry on subsequent port and subnet creation events.
2026-05-06 02:28:57.278 8 INFO neutron.plugins.ml2.drivers.ovn.mech_driver.mech_driver [None req-52af6ec1-8477-4a79-abf5-f5f8880f8368 - - - - - -] OVN reports status down for port: bf5234fe-5ce3-4e65-b12c-bb630ac28b58
2026-05-06 02:28:57.304 7 INFO neutron.db.ovn_revision_numbers_db [None req-617aaae2-3f01-421f-84ac-d608d857a293 c32572d04bb648fbb030a86812ae142e abb3057f023f43879d8391495bf106a9 - - default default] Successfully bumped revision number for resource bf5234fe-5ce3-4e65-b12c-bb630ac28b58 (type: ports) to 1
2026-05-06 02:28:57.399 7 INFO neutron.db.ovn_revision_numbers_db [None req-617aaae2-3f01-421f-84ac-d608d857a293 c32572d04bb648fbb030a86812ae142e abb3057f023f43879d8391495bf106a9 - - default default] Successfully bumped revision number for resource 3f5694dc-dc40-40f3-9e9a-526ebfb4cdde (type: networks) to 1
2026-05-06 02:28:57.487 8 INFO neutron.db.ovn_revision_numbers_db [None req-cacdafe4-3b5d-454e-ac2f-0af3effd42be - - - - - -] Successfully bumped revision number for resource 692267b4-70aa-43ea-b10e-d5fdefdf0694 (type: ports) to 2
2026-05-06 02:28:57.520 8 INFO neutron.db.ovn_revision_numbers_db [None req-cacdafe4-3b5d-454e-ac2f-0af3effd42be - - - - - -] Successfully bumped revision number for resource d997a799-797c-4618-971b-82ad460fd50e (type: subnets) to 0 [pid: 8|app: 0|req: 495/1023] 10.0.0.225 () {34 vars in 669 bytes} [Wed May 6 02:28:56 2026] POST /v2.0/subnets => generated 689 bytes in 837 msecs (HTTP/1.1 201) 4 headers in 162 bytes (1 switches on core 0) [pid: 8|app: 0|req: 496/1024] 10.0.0.25 () {34 vars in 1039 bytes} [Wed May 6 02:28:57 2026] GET /v2.0/security-groups?id=92250b2a-b79c-4ab1-b418-009116b2abec&fields=id&fields=name => generated 114 bytes in 32 msecs (HTTP/1.1 200) 4 headers in 157 bytes (1 switches on core 0)
2026-05-06 02:28:57.577 7 WARNING neutron.scheduler.dhcp_agent_scheduler [None req-617aaae2-3f01-421f-84ac-d608d857a293 c32572d04bb648fbb030a86812ae142e abb3057f023f43879d8391495bf106a9 - - default default] No more DHCP agents
2026-05-06 02:28:57.578 7 WARNING neutron.api.rpc.agentnotifiers.dhcp_rpc_agent_api [None req-617aaae2-3f01-421f-84ac-d608d857a293 c32572d04bb648fbb030a86812ae142e abb3057f023f43879d8391495bf106a9 - - default default] Unable to schedule network 3f5694dc-dc40-40f3-9e9a-526ebfb4cdde: no agents available; will retry on subsequent port and subnet creation events. [pid: 8|app: 0|req: 497/1025] 199.19.213.73 () {34 vars in 983 bytes} [Wed May 6 02:28:57 2026] GET /v2.0/subnets?id=3b138a12-6e64-422d-a996-cc0b7925bf02 => generated 688 bytes in 28 msecs (HTTP/1.1 200) 4 headers in 157 bytes (1 switches on core 0)
2026-05-06 02:28:57.665 8 INFO neutron.plugins.ml2.drivers.ovn.mech_driver.mech_driver [None req-52af6ec1-8477-4a79-abf5-f5f8880f8368 - - - - - -] OVN reports status down for port: b7ba2084-9010-4170-a9e6-7cca81c899d2
2026-05-06 02:28:57.682 7 INFO neutron.db.ovn_revision_numbers_db [None req-617aaae2-3f01-421f-84ac-d608d857a293 c32572d04bb648fbb030a86812ae142e abb3057f023f43879d8391495bf106a9 - - default default] Successfully bumped revision number for resource b7ba2084-9010-4170-a9e6-7cca81c899d2 (type: ports) to 1 [pid: 7|app: 0|req: 529/1026] 10.0.0.225 () {34 vars in 670 bytes} [Wed May 6 02:28:56 2026] POST /v2.0/networks => generated 1245 bytes in 1496 msecs (HTTP/1.1 201) 4 headers in 163 bytes (1 switches on core 0) [pid: 7|app: 0|req: 530/1027] 199.19.213.73 () {34 vars in 1051 bytes} [Wed May 6 02:28:57 2026] GET /v2.0/ports?network_id=3a36d5ec-3c06-42ab-a847-d680576f0121&device_owner=network%3Adhcp => generated 12 bytes in 18 msecs (HTTP/1.1 200) 4 headers in 156 bytes (1 switches on core 0) [pid: 7|app: 0|req: 531/1028] 10.0.0.225 () {32 vars in 649 bytes} [Wed May 6 02:28:57 2026] GET /v2.0/networks => generated 1856 bytes in 53 msecs (HTTP/1.1 200) 4 headers in 158 bytes (1 switches on core 0) [pid: 7|app: 0|req: 532/1029] 199.19.213.73 () {34 vars in 1011 bytes} [Wed May 6 02:28:57 2026] GET /v2.0/networks/3a36d5ec-3c06-42ab-a847-d680576f0121?fields=segments => generated 14 bytes in 36 msecs (HTTP/1.1 200) 4 headers in 156 bytes (1 switches on core 0)
2026-05-06 02:28:57.942 7 INFO neutron_taas.services.taas.taas_plugin [None req-26ad3227-7749-4102-ad32-b9a8c43a57dd c32572d04bb648fbb030a86812ae142e abb3057f023f43879d8391495bf106a9 - - default default] TaaS: Handle Delete Port: bf5234fe-5ce3-4e65-b12c-bb630ac28b58
2026-05-06 02:28:57.944 7 INFO neutron_taas.services.taas.tap_mirror_plugin [None req-26ad3227-7749-4102-ad32-b9a8c43a57dd c32572d04bb648fbb030a86812ae142e abb3057f023f43879d8391495bf106a9 - - default default] Tap Mirror: Handle Delete Port: bf5234fe-5ce3-4e65-b12c-bb630ac28b58
2026-05-06 02:28:58.102 8 WARNING neutron.scheduler.dhcp_agent_scheduler [None req-ac18f716-3181-47da-9a81-1bfeac5a25d4 819b4768721041809b78b3a1bdab9e79 cdb4214e629b42c7941e67e36f2d564a - - default default] No more DHCP agents
2026-05-06 02:28:58.103 8 WARNING neutron.api.rpc.agentnotifiers.dhcp_rpc_agent_api [None req-ac18f716-3181-47da-9a81-1bfeac5a25d4 819b4768721041809b78b3a1bdab9e79 cdb4214e629b42c7941e67e36f2d564a - - default default] Unable to schedule network f4357043-d970-4280-958b-c97a738c71fb: no agents available; will retry on subsequent port and subnet creation events.
2026-05-06 02:28:58.170 7 INFO neutron.services.segments.plugin [-] Segment 225c3cbf-4b2d-4244-a7ad-f8bf31fdec9d resource provider aggregate not found
2026-05-06 02:28:58.174 7 INFO neutron.services.segments.plugin [-] Segment 225c3cbf-4b2d-4244-a7ad-f8bf31fdec9d resource provider aggregate not found
2026-05-06 02:28:58.200 7 INFO neutron.services.segments.plugin [-] Segment 225c3cbf-4b2d-4244-a7ad-f8bf31fdec9d resource provider not found; error: Placement Client Error (4xx): {"errors": [{"status": 404, "title": "Not Found", "detail": "The resource could not be found.\n\n No resource provider with uuid 225c3cbf-4b2d-4244-a7ad-f8bf31fdec9d found for delete ", "request_id": "req-ae2c0384-a0cf-470f-9489-1cc27231d511"}]}
2026-05-06 02:28:58.203 7 INFO neutron.services.segments.plugin [-] Segment 225c3cbf-4b2d-4244-a7ad-f8bf31fdec9d resource provider not found; error: Placement Client Error (4xx): {"errors": [{"status": 404, "title": "Not Found", "detail": "The resource could not be found.\n\n No resource provider with uuid 225c3cbf-4b2d-4244-a7ad-f8bf31fdec9d found for delete ", "request_id": "req-1d7cce0f-af37-4fa5-8e4f-0c65041e5b4a"}]}
2026-05-06 02:28:58.226 8 INFO neutron.plugins.ml2.drivers.ovn.mech_driver.mech_driver [None req-52af6ec1-8477-4a79-abf5-f5f8880f8368 - - - - - -] OVN reports status down for port: f561bd83-f2d3-49b3-8c36-670caafeb92f [pid: 7|app: 0|req: 533/1030] 10.0.0.225 () {32 vars in 726 bytes} [Wed May 6 02:28:57 2026] DELETE /v2.0/networks/c224e691-1d7e-4661-9fbd-82524a23532f => generated 0 bytes in 469 msecs (HTTP/1.1 204) 3 headers in 131 bytes (1 switches on core 0)
2026-05-06 02:28:58.294 8 INFO neutron.db.ovn_revision_numbers_db [None req-ac18f716-3181-47da-9a81-1bfeac5a25d4 819b4768721041809b78b3a1bdab9e79 cdb4214e629b42c7941e67e36f2d564a - - default default] Successfully bumped revision number for resource f561bd83-f2d3-49b3-8c36-670caafeb92f (type: ports) to 1 [pid: 7|app: 0|req: 534/1031] 199.19.213.73 () {34 vars in 1111 bytes} [Wed May 6 02:28:58 2026] GET /v2.0/networks/3a36d5ec-3c06-42ab-a847-d680576f0121?fields=provider%3Aphysical_network&fields=provider%3Anetwork_type => generated 79 bytes in 40 msecs (HTTP/1.1 200) 4 headers in 156 bytes (1 switches on core 0)
2026-05-06 02:28:58.447 7 INFO neutron_taas.services.taas.taas_plugin [None req-51db1b27-6add-4382-b6c2-26fc0b9b726c c32572d04bb648fbb030a86812ae142e abb3057f023f43879d8391495bf106a9 - - default default] TaaS: Handle Delete Port: b7ba2084-9010-4170-a9e6-7cca81c899d2
2026-05-06 02:28:58.449 7 INFO neutron_taas.services.taas.tap_mirror_plugin [None req-51db1b27-6add-4382-b6c2-26fc0b9b726c c32572d04bb648fbb030a86812ae142e abb3057f023f43879d8391495bf106a9 - - default default] Tap Mirror: Handle Delete Port: b7ba2084-9010-4170-a9e6-7cca81c899d2 [pid: 7|app: 0|req: 535/1032] 10.0.0.225 () {32 vars in 726 bytes} [Wed May 6 02:28:58 2026] DELETE /v2.0/networks/3f5694dc-dc40-40f3-9e9a-526ebfb4cdde => generated 0 bytes in 408 msecs (HTTP/1.1 204) 3 headers in 131 bytes (1 switches on core 0)
2026-05-06 02:28:58.868 8 INFO neutron.plugins.ml2.drivers.ovn.mech_driver.ovsdb.commands [None req-5846e486-46c8-432e-ac5d-f65bc36b2cec - - - - - -] Schedule LRP lrp-f561bd83-f2d3-49b3-8c36-670caafeb92f on gateway cae95d5d-78ef-42ac-b670-933a99afcea1 with priority 1
2026-05-06 02:28:58.967 8 INFO neutron.plugins.ml2.drivers.ovn.mech_driver.ovsdb.ovsdb_monitor [None req-3a08bc30-1fbb-4830-adf4-15b0f9460e8b - - - - - -] Router fbaefe98-d416-4cb8-afb8-e192d239865a is bound to host instance
2026-05-06 02:28:58.976 8 INFO neutron.plugins.ml2.drivers.ovn.mech_driver.mech_driver [None req-52af6ec1-8477-4a79-abf5-f5f8880f8368 - - - - - -] OVN reports status up for port: f561bd83-f2d3-49b3-8c36-670caafeb92f
2026-05-06 02:28:59.030 8 INFO neutron.plugins.ml2.plugin [None req-52af6ec1-8477-4a79-abf5-f5f8880f8368 - - - - - -] Attempt 1 to provision port f561bd83-f2d3-49b3-8c36-670caafeb92f
2026-05-06 02:28:59.070 8 INFO neutron.db.ovn_revision_numbers_db [None req-ac18f716-3181-47da-9a81-1bfeac5a25d4 819b4768721041809b78b3a1bdab9e79 cdb4214e629b42c7941e67e36f2d564a - - default default] Successfully bumped revision number for resource f561bd83-f2d3-49b3-8c36-670caafeb92f (type: router_ports) to 1
2026-05-06 02:28:59.177 7 INFO neutron.db.ovn_revision_numbers_db [None req-c78ef575-30ad-44d3-b349-f39ba7e95601 819b4768721041809b78b3a1bdab9e79 cdb4214e629b42c7941e67e36f2d564a - - default default] Successfully bumped revision number for resource 604dfd13-ea2a-4103-8dfc-bbd8fa1b0ef4 (type: security_groups) to 1
2026-05-06 02:28:59.187 7 INFO neutron.db.ovn_revision_numbers_db [None req-c78ef575-30ad-44d3-b349-f39ba7e95601 819b4768721041809b78b3a1bdab9e79 cdb4214e629b42c7941e67e36f2d564a - - default default] Successfully bumped revision number for resource 8376b9cf-d85f-43d3-b331-29d909c02fe5 (type: security_group_rules) to 0
2026-05-06 02:28:59.198 7 INFO neutron.db.ovn_revision_numbers_db [None req-c78ef575-30ad-44d3-b349-f39ba7e95601 819b4768721041809b78b3a1bdab9e79 cdb4214e629b42c7941e67e36f2d564a - - default default] Successfully bumped revision number for resource 8f42b287-c770-45b7-9bb1-4eec90b9edb8 (type: security_group_rules) to 0
2026-05-06 02:28:59.208 7 INFO neutron.db.ovn_revision_numbers_db [None req-c78ef575-30ad-44d3-b349-f39ba7e95601 819b4768721041809b78b3a1bdab9e79 cdb4214e629b42c7941e67e36f2d564a - - default default] Successfully bumped revision number for resource a789977c-053f-4bad-a0fe-c675045c4439 (type: security_group_rules) to 0
2026-05-06 02:28:59.220 7 INFO neutron.db.ovn_revision_numbers_db [None req-c78ef575-30ad-44d3-b349-f39ba7e95601 819b4768721041809b78b3a1bdab9e79 cdb4214e629b42c7941e67e36f2d564a - - default default] Successfully bumped revision number for resource ec016ea2-48ee-4217-84f2-cc586474f667 (type: security_group_rules) to 0
2026-05-06 02:28:59.256 8 INFO neutron.db.ovn_revision_numbers_db [None req-ac18f716-3181-47da-9a81-1bfeac5a25d4 819b4768721041809b78b3a1bdab9e79 cdb4214e629b42c7941e67e36f2d564a - - default default] Successfully bumped revision number for resource fbaefe98-d416-4cb8-afb8-e192d239865a (type: routers) to 2
2026-05-06 02:28:59.285 7 INFO neutron.db.segments_db [None req-c78ef575-30ad-44d3-b349-f39ba7e95601 819b4768721041809b78b3a1bdab9e79 cdb4214e629b42c7941e67e36f2d564a - - default default] Added segment 11be203c-1740-4eca-86c3-241f1701acdd of type geneve for network 43f57d0a-7924-4e8b-baa7-38604657b157 [pid: 8|app: 0|req: 498/1033] 10.0.0.225 () {34 vars in 669 bytes} [Wed May 6 02:28:57 2026] POST /v2.0/routers => generated 967 bytes in 1696 msecs (HTTP/1.1 201) 4 headers in 162 bytes (1 switches on core 0) [pid: 8|app: 0|req: 499/1034] 10.0.0.25 () {34 vars in 989 bytes} [Wed May 6 02:28:59 2026] GET /v2.0/ports?device_id=d4962f2c-af0a-4d58-b555-d640d24647db => generated 973 bytes in 96 msecs (HTTP/1.1 200) 4 headers in 157 bytes (1 switches on core 0)
2026-05-06 02:28:59.399 7 INFO neutron.db.ovn_revision_numbers_db [None req-c78ef575-30ad-44d3-b349-f39ba7e95601 819b4768721041809b78b3a1bdab9e79 cdb4214e629b42c7941e67e36f2d564a - - default default] Successfully bumped revision number for resource 43f57d0a-7924-4e8b-baa7-38604657b157 (type: networks) to 1 [pid: 8|app: 0|req: 500/1035] 10.0.0.225 () {32 vars in 649 bytes} [Wed May 6 02:28:59 2026] GET /v2.0/networks => generated 651 bytes in 106 msecs (HTTP/1.1 200) 4 headers in 157 bytes (1 switches on core 0)
2026-05-06 02:28:59.535 7 WARNING neutron.scheduler.dhcp_agent_scheduler [None req-c78ef575-30ad-44d3-b349-f39ba7e95601 819b4768721041809b78b3a1bdab9e79 cdb4214e629b42c7941e67e36f2d564a - - default default] No more DHCP agents
2026-05-06 02:28:59.537 7 WARNING neutron.api.rpc.agentnotifiers.dhcp_rpc_agent_api [None req-c78ef575-30ad-44d3-b349-f39ba7e95601 819b4768721041809b78b3a1bdab9e79 cdb4214e629b42c7941e67e36f2d564a - - default default] Unable to schedule network 43f57d0a-7924-4e8b-baa7-38604657b157: no agents available; will retry on subsequent port and subnet creation events.
2026-05-06 02:28:59.647 7 INFO neutron.db.ovn_revision_numbers_db [None req-c78ef575-30ad-44d3-b349-f39ba7e95601 819b4768721041809b78b3a1bdab9e79 cdb4214e629b42c7941e67e36f2d564a - - default default] Successfully bumped revision number for resource 7154ea43-7946-434f-9ea1-ae0c0041f9b0 (type: ports) to 1 [pid: 7|app: 0|req: 536/1036] 10.0.0.225 () {34 vars in 671 bytes} [Wed May 6 02:28:58 2026] POST /v2.0/networks => generated 743 bytes in 933 msecs (HTTP/1.1 201) 4 headers in 162 bytes (1 switches on core 0) [pid: 8|app: 0|req: 501/1037] 10.0.0.103 () {28 vars in 579 bytes} [Wed May 6 02:28:59 2026] GET /v2.0/ports => generated 13520 bytes in 296 msecs (HTTP/1.1 200) 4 headers in 159 bytes (1 switches on core 0) [pid: 8|app: 0|req: 502/1038] 10.0.0.25 () {34 vars in 1039 bytes} [Wed May 6 02:28:59 2026] GET /v2.0/security-groups?id=92250b2a-b79c-4ab1-b418-009116b2abec&fields=id&fields=name => generated 114 bytes in 58 msecs (HTTP/1.1 200) 4 headers in 157 bytes (1 switches on core 0)
2026-05-06 02:28:59.993 8 INFO neutron.db.segments_db [None req-db508bc6-3d54-4d72-be09-e2921e113804 c32572d04bb648fbb030a86812ae142e abb3057f023f43879d8391495bf106a9 - - default default] Added segment 96ccf4f8-24bb-4f2e-9e7b-56bec36bb97e of type geneve for network 34a13e40-5a87-4a16-9d06-0c3084c1453d
2026-05-06 02:29:00.088 7 WARNING neutron.scheduler.dhcp_agent_scheduler [None req-1d98b7a7-031f-456e-bff6-47b67cece2e5 819b4768721041809b78b3a1bdab9e79 cdb4214e629b42c7941e67e36f2d564a - - default default] No more DHCP agents
2026-05-06 02:29:00.089 7 WARNING neutron.api.rpc.agentnotifiers.dhcp_rpc_agent_api [None req-1d98b7a7-031f-456e-bff6-47b67cece2e5 819b4768721041809b78b3a1bdab9e79 cdb4214e629b42c7941e67e36f2d564a - - default default] Unable to schedule network d6221e58-e9e7-4ed1-a6a6-44d730df2b8a: no agents available; will retry on subsequent port and subnet creation events.
2026-05-06 02:29:00.226 7 INFO neutron.services.segments.plugin [-] Segment b5e618fd-27ac-4e24-bf1c-28340352ade2 resource provider aggregate not found
2026-05-06 02:29:00.232 7 INFO neutron.services.segments.plugin [-] Segment b5e618fd-27ac-4e24-bf1c-28340352ade2 resource provider aggregate not found
2026-05-06 02:29:00.240 7 INFO neutron.services.segments.plugin [-] Segment b5e618fd-27ac-4e24-bf1c-28340352ade2 resource provider not found; error: Placement Client Error (4xx): {"errors": [{"status": 404, "title": "Not Found", "detail": "The resource could not be found.\n\n No resource provider with uuid b5e618fd-27ac-4e24-bf1c-28340352ade2 found for delete ", "request_id": "req-dafd5845-c489-45f2-b29a-b3c5ad34e407"}]}
2026-05-06 02:29:00.248 7 INFO neutron.services.segments.plugin [-] Segment b5e618fd-27ac-4e24-bf1c-28340352ade2 resource provider not found; error: Placement Client Error (4xx): {"errors": [{"status": 404, "title": "Not Found", "detail": "The resource could not be found.\n\n No resource provider with uuid b5e618fd-27ac-4e24-bf1c-28340352ade2 found for delete ", "request_id": "req-157789d5-9916-4b4f-9b97-535a3696ce08"}]}
2026-05-06 02:29:00.260 8 INFO neutron.db.ovn_revision_numbers_db [None req-db508bc6-3d54-4d72-be09-e2921e113804 c32572d04bb648fbb030a86812ae142e abb3057f023f43879d8391495bf106a9 - - default default] Successfully bumped revision number for resource 34a13e40-5a87-4a16-9d06-0c3084c1453d (type: networks) to 1
2026-05-06 02:29:00.288 7 INFO neutron.db.ovn_revision_numbers_db [None req-1d98b7a7-031f-456e-bff6-47b67cece2e5 819b4768721041809b78b3a1bdab9e79 cdb4214e629b42c7941e67e36f2d564a - - default default] Successfully bumped revision number for resource b9b89ec7-b0cc-4dc7-aa59-0de8da7f5275 (type: ports) to 1
2026-05-06 02:29:00.588 8 WARNING neutron.scheduler.dhcp_agent_scheduler [None req-db508bc6-3d54-4d72-be09-e2921e113804 c32572d04bb648fbb030a86812ae142e abb3057f023f43879d8391495bf106a9 - - default default] No more DHCP agents
2026-05-06 02:29:00.591 8 WARNING neutron.api.rpc.agentnotifiers.dhcp_rpc_agent_api [None req-db508bc6-3d54-4d72-be09-e2921e113804 c32572d04bb648fbb030a86812ae142e abb3057f023f43879d8391495bf106a9 - - default default] Unable to schedule network 34a13e40-5a87-4a16-9d06-0c3084c1453d: no agents available; will retry on subsequent port and subnet creation events.
2026-05-06 02:29:00.757 8 INFO neutron.db.ovn_revision_numbers_db [None req-db508bc6-3d54-4d72-be09-e2921e113804 c32572d04bb648fbb030a86812ae142e abb3057f023f43879d8391495bf106a9 - - default default] Successfully bumped revision number for resource 7c77ccea-4b07-4691-ace9-56eaa4466664 (type: ports) to 1
