2026-05-06 02:29:20.579 8 INFO neutron.plugins.ml2.plugin [None req-110329bb-5c89-4723-9e9c-e96001cbc48b - - - - - -] Attempt 1 to provision port 2376bfbf-3806-436a-9c32-7ece2dba7fcb
2026-05-06 02:29:20.597 7 INFO neutron.db.ovn_revision_numbers_db [None req-0b8aa5b5-3fb5-48b1-84f5-2102a93815bb 7ce7d2c89cc0439e8ba4674f3fcb6792 2742780b8bad4d52926bbd451529a41f - - default default] Successfully bumped revision number for resource c9e27d05-f1af-4e18-b6ab-a3ec7f673595 (type: floatingips) to 2
2026-05-06 02:29:20.597 7 INFO neutron.db.l3_db [None req-0b8aa5b5-3fb5-48b1-84f5-2102a93815bb 7ce7d2c89cc0439e8ba4674f3fcb6792 2742780b8bad4d52926bbd451529a41f - - default default] Floating IP c9e27d05-f1af-4e18-b6ab-a3ec7f673595 associated. External IP: 10.96.250.210, port: 09b5f464-6b99-4ac1-a438-32c0ec89b0d8. [pid: 7|app: 0|req: 622/1208] 10.0.0.225 () {34 vars in 749 bytes} [Wed May 6 02:29:19 2026] PUT /v2.0/floatingips/c9e27d05-f1af-4e18-b6ab-a3ec7f673595 => generated 856 bytes in 724 msecs (HTTP/1.1 200) 4 headers in 157 bytes (1 switches on core 0)
2026-05-06 02:29:20.683 7 INFO neutron.notifiers.nova [-] Nova event matching ['req-4065535e-b883-44fc-a69e-7ea36bbf9544'] response: {'name': 'network-changed', 'server_uuid': 'b689900e-590c-4c72-b804-2e973d9af8d0', 'tag': '09b5f464-6b99-4ac1-a438-32c0ec89b0d8', 'status': 'completed', 'code': 200} [pid: 7|app: 0|req: 623/1209] 10.0.0.25 () {34 vars in 989 bytes} [Wed May 6 02:29:20 2026] GET /v2.0/ports?device_id=1a8f83a2-5a95-4d1f-ae2b-77c9fe36f625 => generated 969 bytes in 142 msecs (HTTP/1.1 200) 4 headers in 157 bytes (1 switches on core 0)
2026-05-06 02:29:20.781 8 INFO neutron.notifiers.nova [-] Nova event matching ['req-7725dd84-58f7-42a2-81a2-c6046d160761'] response: {'server_uuid': '1a8f83a2-5a95-4d1f-ae2b-77c9fe36f625', 'name': 'network-vif-plugged', 'status': 'completed', 'tag': '2376bfbf-3806-436a-9c32-7ece2dba7fcb', 'code': 200} [pid: 7|app: 0|req: 624/1210] 10.0.0.25 () {34 vars in 1039 bytes} [Wed May 6 02:29:20 2026] GET /v2.0/security-groups?id=604dfd13-ea2a-4103-8dfc-bbd8fa1b0ef4&fields=id&fields=name => generated 88 bytes in 37 msecs (HTTP/1.1 200) 4 headers in 156 bytes (1 switches on core 0)
2026-05-06 02:29:21.070 8 INFO neutron.db.ovn_revision_numbers_db [None req-110329bb-5c89-4723-9e9c-e96001cbc48b - - - - - -] Successfully bumped revision number for resource 2376bfbf-3806-436a-9c32-7ece2dba7fcb (type: ports) to 5 [pid: 7|app: 0|req: 625/1211] 199.19.213.73 () {34 vars in 1079 bytes} [Wed May 6 02:29:21 2026] GET /v2.0/ports?tenant_id=2742780b8bad4d52926bbd451529a41f&device_id=b689900e-590c-4c72-b804-2e973d9af8d0 => generated 1213 bytes in 63 msecs (HTTP/1.1 200) 4 headers in 158 bytes (1 switches on core 0) [pid: 7|app: 0|req: 626/1212] 199.19.213.73 () {34 vars in 985 bytes} [Wed May 6 02:29:21 2026] GET /v2.0/networks?id=d6221e58-e9e7-4ed1-a6a6-44d730df2b8a => generated 773 bytes in 51 msecs (HTTP/1.1 200) 4 headers in 157 bytes (1 switches on core 0) [pid: 7|app: 0|req: 627/1213] 199.19.213.73 () {34 vars in 1059 bytes} [Wed May 6 02:29:21 2026] GET /v2.0/floatingips?fixed_ip_address=10.100.0.10&port_id=09b5f464-6b99-4ac1-a438-32c0ec89b0d8 => generated 861 bytes in 37 msecs (HTTP/1.1 200) 4 headers in 157 bytes (1 switches on core 0) [pid: 7|app: 0|req: 628/1214] 199.19.213.73 () {34 vars in 983 bytes} [Wed May 6 02:29:21 2026] GET /v2.0/subnets?id=d997a799-797c-4618-971b-82ad460fd50e => generated 692 bytes in 46 msecs (HTTP/1.1 200) 4 headers in 157 bytes (1 switches on core 0) [pid: 8|app: 0|req: 587/1215] 10.0.0.225 () {34 vars in 789 bytes} [Wed May 6 02:29:19 2026] PUT /v2.0/routers/f96b2380-7724-41ae-8c6c-712debac5c07/remove_router_interface => generated 309 bytes in 1435 msecs (HTTP/1.1 200) 4 headers in 157 bytes (1 switches on core 0) [pid: 7|app: 0|req: 629/1216] 199.19.213.73 () {34 vars in 1051 bytes} [Wed May 6 02:29:21 2026] GET /v2.0/ports?network_id=d6221e58-e9e7-4ed1-a6a6-44d730df2b8a&device_owner=network%3Adhcp => generated 12 bytes in 33 msecs (HTTP/1.1 200) 4 headers in 156 bytes (1 switches on core 0) /var/lib/openstack/lib/python3.12/site-packages/pycadf/identifier.py:70: UserWarning: Invalid uuid: neutron. To ensure interoperability, identifiers should be a valid uuid. warnings.warn(('Invalid uuid: %s. To ensure interoperability, ' [pid: 7|app: 0|req: 630/1217] 199.19.213.73 () {34 vars in 1011 bytes} [Wed May 6 02:29:21 2026] GET /v2.0/networks/d6221e58-e9e7-4ed1-a6a6-44d730df2b8a?fields=segments => generated 14 bytes in 37 msecs (HTTP/1.1 200) 4 headers in 156 bytes (1 switches on core 0) [pid: 7|app: 0|req: 631/1218] 199.19.213.73 () {34 vars in 1111 bytes} [Wed May 6 02:29:21 2026] GET /v2.0/networks/d6221e58-e9e7-4ed1-a6a6-44d730df2b8a?fields=provider%3Aphysical_network&fields=provider%3Anetwork_type => generated 79 bytes in 44 msecs (HTTP/1.1 200) 4 headers in 156 bytes (1 switches on core 0)
2026-05-06 02:29:21.760 8 INFO neutron_taas.services.taas.taas_plugin [None req-a0cc60da-90ac-4bf5-a1f5-3daca3e7b6a1 819b4768721041809b78b3a1bdab9e79 cdb4214e629b42c7941e67e36f2d564a - - default default] TaaS: Handle Delete Port: 4e9a76da-f696-4c85-a97d-20240dfe5a43
2026-05-06 02:29:21.770 8 INFO neutron_taas.services.taas.tap_mirror_plugin [None req-a0cc60da-90ac-4bf5-a1f5-3daca3e7b6a1 819b4768721041809b78b3a1bdab9e79 cdb4214e629b42c7941e67e36f2d564a - - default default] Tap Mirror: Handle Delete Port: 4e9a76da-f696-4c85-a97d-20240dfe5a43
2026-05-06 02:29:22.023 7 INFO neutron.db.ovn_revision_numbers_db [None req-9141629f-b6ea-4b34-85dd-bd19fb67f054 285eca9626364048b968b3aae773386f aa501e3432584721b51871e349a0dc27 - - default default] Successfully bumped revision number for resource 4e927f4b-f50a-437f-bfd2-945069143f88 (type: security_groups) to 1
2026-05-06 02:29:22.059 7 INFO neutron.db.ovn_revision_numbers_db [None req-9141629f-b6ea-4b34-85dd-bd19fb67f054 285eca9626364048b968b3aae773386f aa501e3432584721b51871e349a0dc27 - - default default] Successfully bumped revision number for resource 8541b694-6a08-4187-88b9-8c794f7e3809 (type: security_group_rules) to 0
2026-05-06 02:29:22.087 7 INFO neutron.db.ovn_revision_numbers_db [None req-9141629f-b6ea-4b34-85dd-bd19fb67f054 285eca9626364048b968b3aae773386f aa501e3432584721b51871e349a0dc27 - - default default] Successfully bumped revision number for resource a51c589c-f2a7-418a-b51a-733593f88231 (type: security_group_rules) to 0
2026-05-06 02:29:22.101 7 INFO neutron.db.ovn_revision_numbers_db [None req-9141629f-b6ea-4b34-85dd-bd19fb67f054 285eca9626364048b968b3aae773386f aa501e3432584721b51871e349a0dc27 - - default default] Successfully bumped revision number for resource a6dafc72-23af-45b6-9f74-fdfdf6c9be8b (type: security_group_rules) to 0
2026-05-06 02:29:22.111 7 INFO neutron.db.ovn_revision_numbers_db [None req-9141629f-b6ea-4b34-85dd-bd19fb67f054 285eca9626364048b968b3aae773386f aa501e3432584721b51871e349a0dc27 - - default default] Successfully bumped revision number for resource ab5104ce-6fd6-4272-86c2-5d4c10cce1a7 (type: security_group_rules) to 0
2026-05-06 02:29:22.185 7 INFO neutron.db.segments_db [None req-9141629f-b6ea-4b34-85dd-bd19fb67f054 285eca9626364048b968b3aae773386f aa501e3432584721b51871e349a0dc27 - - default default] Added segment 14ca9a8b-aebd-4c35-9e46-cc5c07b0ce5d of type geneve for network 6a1c0c15-99f8-4f48-8c3f-8c0e98bcf7d3 [pid: 8|app: 0|req: 588/1219] 10.0.0.225 () {32 vars in 724 bytes} [Wed May 6 02:29:21 2026] DELETE /v2.0/routers/f96b2380-7724-41ae-8c6c-712debac5c07 => generated 0 bytes in 855 msecs (HTTP/1.1 204) 2 headers in 112 bytes (1 switches on core 0) [pid: 8|app: 0|req: 589/1220] 10.0.0.25 () {34 vars in 989 bytes} [Wed May 6 02:29:22 2026] GET /v2.0/ports?device_id=1a8f83a2-5a95-4d1f-ae2b-77c9fe36f625 => generated 971 bytes in 105 msecs (HTTP/1.1 200) 4 headers in 157 bytes (1 switches on core 0)
2026-05-06 02:29:22.419 7 INFO neutron.db.ovn_revision_numbers_db [None req-9141629f-b6ea-4b34-85dd-bd19fb67f054 285eca9626364048b968b3aae773386f aa501e3432584721b51871e349a0dc27 - - default default] Successfully bumped revision number for resource 6a1c0c15-99f8-4f48-8c3f-8c0e98bcf7d3 (type: networks) to 1 [pid: 8|app: 0|req: 590/1221] 10.0.0.225 () {32 vars in 724 bytes} [Wed May 6 02:29:22 2026] DELETE /v2.0/subnets/3b138a12-6e64-422d-a996-cc0b7925bf02 => generated 0 bytes in 163 msecs (HTTP/1.1 204) 3 headers in 131 bytes (1 switches on core 0) [pid: 8|app: 0|req: 591/1222] 10.0.0.25 () {34 vars in 1039 bytes} [Wed May 6 02:29:22 2026] GET /v2.0/security-groups?id=604dfd13-ea2a-4103-8dfc-bbd8fa1b0ef4&fields=id&fields=name => generated 88 bytes in 29 msecs (HTTP/1.1 200) 4 headers in 156 bytes (1 switches on core 0)
2026-05-06 02:29:22.621 7 WARNING neutron.scheduler.dhcp_agent_scheduler [None req-9141629f-b6ea-4b34-85dd-bd19fb67f054 285eca9626364048b968b3aae773386f aa501e3432584721b51871e349a0dc27 - - default default] No more DHCP agents
2026-05-06 02:29:22.624 7 WARNING neutron.api.rpc.agentnotifiers.dhcp_rpc_agent_api [None req-9141629f-b6ea-4b34-85dd-bd19fb67f054 285eca9626364048b968b3aae773386f aa501e3432584721b51871e349a0dc27 - - default default] Unable to schedule network 6a1c0c15-99f8-4f48-8c3f-8c0e98bcf7d3: no agents available; will retry on subsequent port and subnet creation events.
2026-05-06 02:29:22.728 7 INFO neutron.db.ovn_revision_numbers_db [None req-9141629f-b6ea-4b34-85dd-bd19fb67f054 285eca9626364048b968b3aae773386f aa501e3432584721b51871e349a0dc27 - - default default] Successfully bumped revision number for resource 6e9c72e9-d9e2-42b9-bfa6-4a9fee3aab44 (type: ports) to 1
2026-05-06 02:29:22.734 8 INFO neutron.plugins.ml2.drivers.ovn.mech_driver.mech_driver [None req-f3ede0ff-55e1-4b2a-946f-66e829572dce - - - - - -] OVN reports status down for port: 6e9c72e9-d9e2-42b9-bfa6-4a9fee3aab44 [pid: 7|app: 0|req: 632/1223] 10.0.0.225 () {34 vars in 670 bytes} [Wed May 6 02:29:21 2026] POST /v2.0/networks => generated 648 bytes in 1068 msecs (HTTP/1.1 201) 4 headers in 162 bytes (1 switches on core 0)
2026-05-06 02:29:22.755 8 INFO neutron_taas.services.taas.taas_plugin [None req-f54751d0-b8b4-4784-8727-47590cba989f 819b4768721041809b78b3a1bdab9e79 cdb4214e629b42c7941e67e36f2d564a - - default default] TaaS: Handle Delete Port: 93f4ad6b-aa6b-43fa-a876-614c7358b995
2026-05-06 02:29:22.772 8 INFO neutron_taas.services.taas.tap_mirror_plugin [None req-f54751d0-b8b4-4784-8727-47590cba989f 819b4768721041809b78b3a1bdab9e79 cdb4214e629b42c7941e67e36f2d564a - - default default] Tap Mirror: Handle Delete Port: 93f4ad6b-aa6b-43fa-a876-614c7358b995
2026-05-06 02:29:22.835 8 INFO neutron.notifiers.nova [-] Nova event matching ['req-aaa7b110-3f53-4304-ac8f-31a549e200fd'] response: {'server_uuid': '1a8f83a2-5a95-4d1f-ae2b-77c9fe36f625', 'name': 'network-vif-plugged', 'status': 'completed', 'tag': '2376bfbf-3806-436a-9c32-7ece2dba7fcb', 'code': 200}
2026-05-06 02:29:23.012 8 INFO neutron.services.segments.plugin [-] Segment e9fec570-e42e-4793-8b08-5b0e765a0eee resource provider aggregate not found
2026-05-06 02:29:23.014 8 INFO neutron.services.segments.plugin [-] Segment e9fec570-e42e-4793-8b08-5b0e765a0eee resource provider aggregate not found
2026-05-06 02:29:23.032 8 INFO neutron.services.segments.plugin [-] Segment e9fec570-e42e-4793-8b08-5b0e765a0eee resource provider not found; error: Placement Client Error (4xx): {"errors": [{"status": 404, "title": "Not Found", "detail": "The resource could not be found.\n\n No resource provider with uuid e9fec570-e42e-4793-8b08-5b0e765a0eee found for delete ", "request_id": "req-c6bdbebe-97ab-48d5-a225-26fdc9f39c9a"}]}
2026-05-06 02:29:23.034 7 WARNING neutron.scheduler.dhcp_agent_scheduler [None req-4fd3357c-8f44-4b00-8695-0004e3534484 285eca9626364048b968b3aae773386f aa501e3432584721b51871e349a0dc27 - - default default] No more DHCP agents
2026-05-06 02:29:23.036 8 INFO neutron.services.segments.plugin [-] Segment e9fec570-e42e-4793-8b08-5b0e765a0eee resource provider not found; error: Placement Client Error (4xx): {"errors": [{"status": 404, "title": "Not Found", "detail": "The resource could not be found.\n\n No resource provider with uuid e9fec570-e42e-4793-8b08-5b0e765a0eee found for delete ", "request_id": "req-7c84835e-22fe-414d-90f4-39c1beee85dd"}]}
2026-05-06 02:29:23.037 7 WARNING neutron.api.rpc.agentnotifiers.dhcp_rpc_agent_api [None req-4fd3357c-8f44-4b00-8695-0004e3534484 285eca9626364048b968b3aae773386f aa501e3432584721b51871e349a0dc27 - - default default] Unable to schedule network 6a1c0c15-99f8-4f48-8c3f-8c0e98bcf7d3: no agents available; will retry on subsequent port and subnet creation events. [pid: 8|app: 0|req: 592/1224] 10.0.0.225 () {32 vars in 726 bytes} [Wed May 6 02:29:22 2026] DELETE /v2.0/networks/3a36d5ec-3c06-42ab-a847-d680576f0121 => generated 0 bytes in 475 msecs (HTTP/1.1 204) 3 headers in 131 bytes (1 switches on core 0)
2026-05-06 02:29:23.122 8 INFO neutron.plugins.ml2.drivers.ovn.mech_driver.mech_driver [None req-f3ede0ff-55e1-4b2a-946f-66e829572dce - - - - - -] OVN reports status down for port: 25fd7a06-5eaf-4dbb-96ef-177d23a0a18e
2026-05-06 02:29:23.196 7 INFO neutron.db.ovn_revision_numbers_db [None req-4fd3357c-8f44-4b00-8695-0004e3534484 285eca9626364048b968b3aae773386f aa501e3432584721b51871e349a0dc27 - - default default] Successfully bumped revision number for resource 25fd7a06-5eaf-4dbb-96ef-177d23a0a18e (type: ports) to 1 [pid: 8|app: 0|req: 593/1225] 10.0.0.225 () {32 vars in 774 bytes} [Wed May 6 02:29:23 2026] GET /v2.0/security-groups?tenant_id=aabf4992acb34a5b9fd4d801224e0862&name=default => generated 2925 bytes in 32 msecs (HTTP/1.1 200) 4 headers in 158 bytes (1 switches on core 0) [pid: 7|app: 0|req: 633/1226] 10.0.0.225 () {34 vars in 665 bytes} [Wed May 6 02:29:22 2026] POST /v2.0/ports => generated 779 bytes in 496 msecs (HTTP/1.1 201) 4 headers in 162 bytes (1 switches on core 0) /var/lib/openstack/lib/python3.12/site-packages/pycadf/identifier.py:70: UserWarning: Invalid uuid: neutron. To ensure interoperability, identifiers should be a valid uuid. warnings.warn(('Invalid uuid: %s. To ensure interoperability, '
2026-05-06 02:29:23.341 7 INFO neutron.db.segments_db [None req-a2044470-080e-4718-927d-8f086f4e1c20 285eca9626364048b968b3aae773386f aa501e3432584721b51871e349a0dc27 - - default default] Added segment a949f3c1-656e-4ad4-9ed3-92a0542f8eaf of type geneve for network b1f48378-e246-4d98-9a58-6d70a521f67e
2026-05-06 02:29:23.521 7 INFO neutron.db.ovn_revision_numbers_db [None req-a2044470-080e-4718-927d-8f086f4e1c20 285eca9626364048b968b3aae773386f aa501e3432584721b51871e349a0dc27 - - default default] Successfully bumped revision number for resource b1f48378-e246-4d98-9a58-6d70a521f67e (type: networks) to 1 [pid: 8|app: 0|req: 594/1227] 10.0.0.225 () {32 vars in 740 bytes} [Wed May 6 02:29:23 2026] DELETE /v2.0/security-groups/75ab320a-6076-4132-9e5e-814dc482639e => generated 0 bytes in 278 msecs (HTTP/1.1 204) 2 headers in 112 bytes (1 switches on core 0) [pid: 8|app: 0|req: 595/1228] 10.0.0.25 () {34 vars in 989 bytes} [Wed May 6 02:29:23 2026] GET /v2.0/ports?device_id=1a8f83a2-5a95-4d1f-ae2b-77c9fe36f625 => generated 971 bytes in 45 msecs (HTTP/1.1 200) 4 headers in 157 bytes (1 switches on core 0)
2026-05-06 02:29:23.718 7 WARNING neutron.scheduler.dhcp_agent_scheduler [None req-a2044470-080e-4718-927d-8f086f4e1c20 285eca9626364048b968b3aae773386f aa501e3432584721b51871e349a0dc27 - - default default] No more DHCP agents
2026-05-06 02:29:23.721 7 WARNING neutron.api.rpc.agentnotifiers.dhcp_rpc_agent_api [None req-a2044470-080e-4718-927d-8f086f4e1c20 285eca9626364048b968b3aae773386f aa501e3432584721b51871e349a0dc27 - - default default] Unable to schedule network b1f48378-e246-4d98-9a58-6d70a521f67e: no agents available; will retry on subsequent port and subnet creation events. [pid: 8|app: 0|req: 596/1229] 10.0.0.25 () {34 vars in 1039 bytes} [Wed May 6 02:29:23 2026] GET /v2.0/security-groups?id=604dfd13-ea2a-4103-8dfc-bbd8fa1b0ef4&fields=id&fields=name => generated 88 bytes in 29 msecs (HTTP/1.1 200) 4 headers in 156 bytes (1 switches on core 0)
2026-05-06 02:29:23.794 8 INFO neutron.plugins.ml2.drivers.ovn.mech_driver.mech_driver [None req-f3ede0ff-55e1-4b2a-946f-66e829572dce - - - - - -] OVN reports status down for port: 086312e7-e063-4cd6-8141-3e04cf37bc76
2026-05-06 02:29:23.853 7 INFO neutron.db.ovn_revision_numbers_db [None req-a2044470-080e-4718-927d-8f086f4e1c20 285eca9626364048b968b3aae773386f aa501e3432584721b51871e349a0dc27 - - default default] Successfully bumped revision number for resource 086312e7-e063-4cd6-8141-3e04cf37bc76 (type: ports) to 1 [pid: 7|app: 0|req: 634/1230] 10.0.0.225 () {34 vars in 670 bytes} [Wed May 6 02:29:23 2026] POST /v2.0/networks => generated 636 bytes in 646 msecs (HTTP/1.1 201) 4 headers in 162 bytes (1 switches on core 0)
2026-05-06 02:29:24.100 8 WARNING neutron.scheduler.dhcp_agent_scheduler [None req-b177e11e-2853-41df-8e9d-d451b2aa0d61 285eca9626364048b968b3aae773386f aa501e3432584721b51871e349a0dc27 - - default default] No more DHCP agents
2026-05-06 02:29:24.102 8 WARNING neutron.api.rpc.agentnotifiers.dhcp_rpc_agent_api [None req-b177e11e-2853-41df-8e9d-d451b2aa0d61 285eca9626364048b968b3aae773386f aa501e3432584721b51871e349a0dc27 - - default default] Unable to schedule network b1f48378-e246-4d98-9a58-6d70a521f67e: no agents available; will retry on subsequent port and subnet creation events.
2026-05-06 02:29:24.138 8 INFO neutron.db.ovn_revision_numbers_db [None req-b177e11e-2853-41df-8e9d-d451b2aa0d61 285eca9626364048b968b3aae773386f aa501e3432584721b51871e349a0dc27 - - default default] Successfully bumped revision number for resource 6b05e0a2-3d11-4f4e-8a58-385b5b918c68 (type: subnets) to 0 [pid: 8|app: 0|req: 597/1231] 10.0.0.225 () {34 vars in 669 bytes} [Wed May 6 02:29:23 2026] POST /v2.0/subnets => generated 646 bytes in 246 msecs (HTTP/1.1 201) 4 headers in 162 bytes (1 switches on core 0)
2026-05-06 02:29:24.452 7 WARNING neutron.scheduler.dhcp_agent_scheduler [None req-5ae315be-0ad5-4f5f-8f92-6fcb1f457a1d 285eca9626364048b968b3aae773386f aa501e3432584721b51871e349a0dc27 - - default default] No more DHCP agents
2026-05-06 02:29:24.454 7 WARNING neutron.api.rpc.agentnotifiers.dhcp_rpc_agent_api [None req-5ae315be-0ad5-4f5f-8f92-6fcb1f457a1d 285eca9626364048b968b3aae773386f aa501e3432584721b51871e349a0dc27 - - default default] Unable to schedule network b1f48378-e246-4d98-9a58-6d70a521f67e: no agents available; will retry on subsequent port and subnet creation events.
2026-05-06 02:29:24.547 8 INFO neutron.plugins.ml2.drivers.ovn.mech_driver.mech_driver [None req-f3ede0ff-55e1-4b2a-946f-66e829572dce - - - - - -] OVN reports status down for port: 3a48dd52-f02a-4832-b6c0-98afaf06614e
2026-05-06 02:29:24.633 7 INFO neutron.db.ovn_revision_numbers_db [None req-5ae315be-0ad5-4f5f-8f92-6fcb1f457a1d 285eca9626364048b968b3aae773386f aa501e3432584721b51871e349a0dc27 - - default default] Successfully bumped revision number for resource 3a48dd52-f02a-4832-b6c0-98afaf06614e (type: ports) to 1 [pid: 7|app: 0|req: 635/1232] 10.0.0.225 () {34 vars in 665 bytes} [Wed May 6 02:29:24 2026] POST /v2.0/ports => generated 966 bytes in 536 msecs (HTTP/1.1 201) 4 headers in 162 bytes (1 switches on core 0)
2026-05-06 02:29:24.809 8 INFO neutron_taas.services.taas.taas_plugin [None req-7dda6fa9-f4dd-439b-85ec-0d4b4c871de1 285eca9626364048b968b3aae773386f aa501e3432584721b51871e349a0dc27 - - default default] TaaS: Handle Delete Port: 3a48dd52-f02a-4832-b6c0-98afaf06614e
2026-05-06 02:29:24.811 8 INFO neutron_taas.services.taas.tap_mirror_plugin [None req-7dda6fa9-f4dd-439b-85ec-0d4b4c871de1 285eca9626364048b968b3aae773386f aa501e3432584721b51871e349a0dc27 - - default default] Tap Mirror: Handle Delete Port: 3a48dd52-f02a-4832-b6c0-98afaf06614e [pid: 8|app: 0|req: 598/1233] 10.0.0.225 () {32 vars in 720 bytes} [Wed May 6 02:29:24 2026] DELETE /v2.0/ports/3a48dd52-f02a-4832-b6c0-98afaf06614e => generated 0 bytes in 292 msecs (HTTP/1.1 204) 3 headers in 131 bytes (1 switches on core 0) /var/lib/openstack/lib/python3.12/site-packages/pycadf/identifier.py:70: UserWarning: Invalid uuid: neutron. To ensure interoperability, identifiers should be a valid uuid. warnings.warn(('Invalid uuid: %s. To ensure interoperability, '
2026-05-06 02:29:25.016 7 INFO neutron.pecan_wsgi.hooks.translation [None req-eb6ddbe9-f741-4cbb-b5d6-67f8d0dfedaa 285eca9626364048b968b3aae773386f aa501e3432584721b51871e349a0dc27 - - default default] DELETE failed (client error): The resource could not be found. [pid: 7|app: 0|req: 636/1234] 10.0.0.225 () {32 vars in 720 bytes} [Wed May 6 02:29:24 2026] DELETE /v2.0/ports/3a48dd52-f02a-4832-b6c0-98afaf06614e => generated 132 bytes in 20 msecs (HTTP/1.1 404) 4 headers in 164 bytes (1 switches on core 0)
2026-05-06 02:29:25.041 8 INFO neutron.pecan_wsgi.hooks.translation [None req-08c45ffb-67a7-4de2-ae67-2a75afdea928 285eca9626364048b968b3aae773386f aa501e3432584721b51871e349a0dc27 - - default default] GET failed (client error): The resource could not be found. [pid: 8|app: 0|req: 599/1235] 10.0.0.225 () {32 vars in 717 bytes} [Wed May 6 02:29:25 2026] GET /v2.0/ports/3a48dd52-f02a-4832-b6c0-98afaf06614e => generated 132 bytes in 19 msecs (HTTP/1.1 404) 4 headers in 164 bytes (1 switches on core 0) [pid: 8|app: 0|req: 600/1236] 10.0.0.25 () {34 vars in 989 bytes} [Wed May 6 02:29:25 2026] GET /v2.0/ports?device_id=1a8f83a2-5a95-4d1f-ae2b-77c9fe36f625 => generated 971 bytes in 49 msecs (HTTP/1.1 200) 4 headers in 157 bytes (1 switches on core 0) [pid: 7|app: 0|req: 637/1237] 10.0.0.225 () {32 vars in 724 bytes} [Wed May 6 02:29:25 2026] DELETE /v2.0/subnets/6b05e0a2-3d11-4f4e-8a58-385b5b918c68 => generated 0 bytes in 165 msecs (HTTP/1.1 204) 3 headers in 131 bytes (1 switches on core 0) [pid: 8|app: 0|req: 601/1238] 10.0.0.25 () {34 vars in 1039 bytes} [Wed May 6 02:29:25 2026] GET /v2.0/security-groups?id=604dfd13-ea2a-4103-8dfc-bbd8fa1b0ef4&fields=id&fields=name => generated 88 bytes in 42 msecs (HTTP/1.1 200) 4 headers in 156 bytes (1 switches on core 0)
2026-05-06 02:29:25.341 7 INFO neutron_taas.services.taas.taas_plugin [None req-7748f400-b0c0-42c9-9ee5-1e47bad68e52 285eca9626364048b968b3aae773386f aa501e3432584721b51871e349a0dc27 - - default default] TaaS: Handle Delete Port: 086312e7-e063-4cd6-8141-3e04cf37bc76
2026-05-06 02:29:25.344 7 INFO neutron_taas.services.taas.tap_mirror_plugin [None req-7748f400-b0c0-42c9-9ee5-1e47bad68e52 285eca9626364048b968b3aae773386f aa501e3432584721b51871e349a0dc27 - - default default] Tap Mirror: Handle Delete Port: 086312e7-e063-4cd6-8141-3e04cf37bc76
2026-05-06 02:29:25.544 7 INFO neutron.services.segments.plugin [-] Segment a949f3c1-656e-4ad4-9ed3-92a0542f8eaf resource provider aggregate not found
2026-05-06 02:29:25.548 7 INFO neutron.services.segments.plugin [-] Segment a949f3c1-656e-4ad4-9ed3-92a0542f8eaf resource provider aggregate not found
2026-05-06 02:29:25.568 7 INFO neutron.services.segments.plugin [-] Segment a949f3c1-656e-4ad4-9ed3-92a0542f8eaf resource provider not found; error: Placement Client Error (4xx): {"errors": [{"status": 404, "title": "Not Found", "detail": "The resource could not be found.\n\n No resource provider with uuid a949f3c1-656e-4ad4-9ed3-92a0542f8eaf found for delete ", "request_id": "req-21656efb-92f7-4c54-8fd3-160acd293da4"}]}
2026-05-06 02:29:25.570 7 INFO neutron.services.segments.plugin [-] Segment a949f3c1-656e-4ad4-9ed3-92a0542f8eaf resource provider not found; error: Placement Client Error (4xx): {"errors": [{"status": 404, "title": "Not Found", "detail": "The resource could not be found.\n\n No resource provider with uuid a949f3c1-656e-4ad4-9ed3-92a0542f8eaf found for delete ", "request_id": "req-0b57547b-f838-41e6-8453-dbe3e71cb319"}]}
2026-05-06 02:29:25.616 8 INFO neutron.db.ovn_revision_numbers_db [None req-f3b12e2e-1f95-45a6-ba2e-1493d3ab27e2 819b4768721041809b78b3a1bdab9e79 cdb4214e629b42c7941e67e36f2d564a - - default default] Successfully bumped revision number for resource 4e6ed5fb-afd2-4f24-9040-712055292974 (type: security_groups) to 1
2026-05-06 02:29:25.639 8 INFO neutron.db.ovn_revision_numbers_db [None req-f3b12e2e-1f95-45a6-ba2e-1493d3ab27e2 819b4768721041809b78b3a1bdab9e79 cdb4214e629b42c7941e67e36f2d564a - - default default] Successfully bumped revision number for resource 9465cc1f-99a7-47cd-b09b-3eaf08955558 (type: security_group_rules) to 0
2026-05-06 02:29:25.654 8 INFO neutron.db.ovn_revision_numbers_db [None req-f3b12e2e-1f95-45a6-ba2e-1493d3ab27e2 819b4768721041809b78b3a1bdab9e79 cdb4214e629b42c7941e67e36f2d564a - - default default] Successfully bumped revision number for resource b8f0f213-7236-4483-8b20-0d9bd7a26519 (type: security_group_rules) to 0 [pid: 7|app: 0|req: 638/1239] 10.0.0.225 () {32 vars in 726 bytes} [Wed May 6 02:29:25 2026] DELETE /v2.0/networks/b1f48378-e246-4d98-9a58-6d70a521f67e => generated 0 bytes in 431 msecs (HTTP/1.1 204) 3 headers in 131 bytes (1 switches on core 0)
2026-05-06 02:29:25.669 8 INFO neutron.db.ovn_revision_numbers_db [None req-f3b12e2e-1f95-45a6-ba2e-1493d3ab27e2 819b4768721041809b78b3a1bdab9e79 cdb4214e629b42c7941e67e36f2d564a - - default default] Successfully bumped revision number for resource c37f65ef-bdd2-4483-8227-b0c0cee9f504 (type: security_group_rules) to 0
2026-05-06 02:29:25.684 8 INFO neutron.db.ovn_revision_numbers_db [None req-f3b12e2e-1f95-45a6-ba2e-1493d3ab27e2 819b4768721041809b78b3a1bdab9e79 cdb4214e629b42c7941e67e36f2d564a - - default default] Successfully bumped revision number for resource ec4035cc-4fec-4765-b477-fbfd74423f52 (type: security_group_rules) to 0
2026-05-06 02:29:25.758 8 INFO neutron.db.segments_db [None req-f3b12e2e-1f95-45a6-ba2e-1493d3ab27e2 819b4768721041809b78b3a1bdab9e79 cdb4214e629b42c7941e67e36f2d564a - - default default] Added segment 83c35c5c-675d-498a-a2f1-6278804c0f2e of type geneve for network a805157c-94b7-4623-83fa-a5c50970062f
2026-05-06 02:29:25.762 7 INFO neutron.db.segments_db [None req-3f7540eb-c211-408a-a2c3-f76d272f9f4b 285eca9626364048b968b3aae773386f aa501e3432584721b51871e349a0dc27 - - default default] Added segment 4ba44405-1208-4eb4-b89f-f56d592d217a of type geneve for network 844bf316-2104-474d-aea7-01d294de1c2c
2026-05-06 02:29:25.890 7 INFO neutron.db.ovn_revision_numbers_db [None req-3f7540eb-c211-408a-a2c3-f76d272f9f4b 285eca9626364048b968b3aae773386f aa501e3432584721b51871e349a0dc27 - - default default] Successfully bumped revision number for resource 844bf316-2104-474d-aea7-01d294de1c2c (type: networks) to 1
2026-05-06 02:29:25.899 8 INFO neutron.db.ovn_revision_numbers_db [None req-f3b12e2e-1f95-45a6-ba2e-1493d3ab27e2 819b4768721041809b78b3a1bdab9e79 cdb4214e629b42c7941e67e36f2d564a - - default default] Successfully bumped revision number for resource a805157c-94b7-4623-83fa-a5c50970062f (type: networks) to 1
2026-05-06 02:29:26.036 8 WARNING neutron.scheduler.dhcp_agent_scheduler [None req-f3b12e2e-1f95-45a6-ba2e-1493d3ab27e2 819b4768721041809b78b3a1bdab9e79 cdb4214e629b42c7941e67e36f2d564a - - default default] No more DHCP agents
2026-05-06 02:29:26.037 8 WARNING neutron.api.rpc.agentnotifiers.dhcp_rpc_agent_api [None req-f3b12e2e-1f95-45a6-ba2e-1493d3ab27e2 819b4768721041809b78b3a1bdab9e79 cdb4214e629b42c7941e67e36f2d564a - - default default] Unable to schedule network a805157c-94b7-4623-83fa-a5c50970062f: no agents available; will retry on subsequent port and subnet creation events.
2026-05-06 02:29:26.083 7 WARNING neutron.scheduler.dhcp_agent_scheduler [None req-3f7540eb-c211-408a-a2c3-f76d272f9f4b 285eca9626364048b968b3aae773386f aa501e3432584721b51871e349a0dc27 - - default default] No more DHCP agents
2026-05-06 02:29:26.091 7 WARNING neutron.api.rpc.agentnotifiers.dhcp_rpc_agent_api [None req-3f7540eb-c211-408a-a2c3-f76d272f9f4b 285eca9626364048b968b3aae773386f aa501e3432584721b51871e349a0dc27 - - default default] Unable to schedule network 844bf316-2104-474d-aea7-01d294de1c2c: no agents available; will retry on subsequent port and subnet creation events.
2026-05-06 02:29:26.101 8 INFO neutron.plugins.ml2.drivers.ovn.mech_driver.mech_driver [None req-f3ede0ff-55e1-4b2a-946f-66e829572dce - - - - - -] OVN reports status down for port: 2caabcb2-2532-4e9c-a124-daff30a9e984
2026-05-06 02:29:26.161 8 INFO neutron.db.ovn_revision_numbers_db [None req-f3b12e2e-1f95-45a6-ba2e-1493d3ab27e2 819b4768721041809b78b3a1bdab9e79 cdb4214e629b42c7941e67e36f2d564a - - default default] Successfully bumped revision number for resource 2caabcb2-2532-4e9c-a124-daff30a9e984 (type: ports) to 1 [pid: 8|app: 0|req: 602/1240] 10.0.0.225 () {34 vars in 671 bytes} [Wed May 6 02:29:25 2026] POST /v2.0/networks => generated 746 bytes in 968 msecs (HTTP/1.1 201) 4 headers in 162 bytes (1 switches on core 0)
2026-05-06 02:29:26.238 7 INFO neutron.db.ovn_revision_numbers_db [None req-3f7540eb-c211-408a-a2c3-f76d272f9f4b 285eca9626364048b968b3aae773386f aa501e3432584721b51871e349a0dc27 - - default default] Successfully bumped revision number for resource b19a9c87-f469-4d38-9a92-d54467b222b2 (type: ports) to 1 [pid: 7|app: 0|req: 639/1243] 10.0.0.225 () {34 vars in 670 bytes} [Wed May 6 02:29:25 2026] POST /v2.0/networks => generated 636 bytes in 599 msecs (HTTP/1.1 201) 4 headers in 162 bytes (1 switches on core 0)
2026-05-06 02:29:26.366 8 INFO neutron.plugins.ml2.drivers.ovn.mech_driver.mech_driver [None req-f3ede0ff-55e1-4b2a-946f-66e829572dce - - - - - -] OVN reports status down for port: b19a9c87-f469-4d38-9a92-d54467b222b2
2026-05-06 02:29:26.474 8 INFO neutron.plugins.ml2.drivers.ovn.mech_driver.mech_driver [None req-f3ede0ff-55e1-4b2a-946f-66e829572dce - - - - - -] OVN reports status down for port: 2376bfbf-3806-436a-9c32-7ece2dba7fcb
2026-05-06 02:29:26.481 7 WARNING neutron.scheduler.dhcp_agent_scheduler [None req-168fc81c-2ef4-49b7-afaf-3ba7c019b22e 285eca9626364048b968b3aae773386f aa501e3432584721b51871e349a0dc27 - - default default] No more DHCP agents
2026-05-06 02:29:26.483 7 WARNING neutron.api.rpc.agentnotifiers.dhcp_rpc_agent_api [None req-168fc81c-2ef4-49b7-afaf-3ba7c019b22e 285eca9626364048b968b3aae773386f aa501e3432584721b51871e349a0dc27 - - default default] Unable to schedule network 844bf316-2104-474d-aea7-01d294de1c2c: no agents available; will retry on subsequent port and subnet creation events.
2026-05-06 02:29:26.487 8 WARNING neutron.scheduler.dhcp_agent_scheduler [None req-b4d785f6-27d3-4498-b8c7-87a694a01e1d 819b4768721041809b78b3a1bdab9e79 cdb4214e629b42c7941e67e36f2d564a - - default default] No more DHCP agents
2026-05-06 02:29:26.492 8 WARNING neutron.api.rpc.agentnotifiers.dhcp_rpc_agent_api [None req-b4d785f6-27d3-4498-b8c7-87a694a01e1d 819b4768721041809b78b3a1bdab9e79 cdb4214e629b42c7941e67e36f2d564a - - default default] Unable to schedule network a805157c-94b7-4623-83fa-a5c50970062f: no agents available; will retry on subsequent port and subnet creation events.
2026-05-06 02:29:26.519 7 INFO neutron.db.ovn_revision_numbers_db [None req-168fc81c-2ef4-49b7-afaf-3ba7c019b22e 285eca9626364048b968b3aae773386f aa501e3432584721b51871e349a0dc27 - - default default] Successfully bumped revision number for resource 3b9fa224-2741-4116-a5ef-6933cff82e78 (type: subnets) to 0 [pid: 7|app: 0|req: 640/1244] 10.0.0.225 () {34 vars in 669 bytes} [Wed May 6 02:29:26 2026] POST /v2.0/subnets => generated 646 bytes in 265 msecs (HTTP/1.1 201) 4 headers in 162 bytes (1 switches on core 0) [pid: 7|app: 0|req: 641/1245] 10.0.0.25 () {34 vars in 989 bytes} [Wed May 6 02:29:26 2026] GET /v2.0/ports?device_id=1a8f83a2-5a95-4d1f-ae2b-77c9fe36f625 => generated 971 bytes in 78 msecs (HTTP/1.1 200) 4 headers in 157 bytes (1 switches on core 0)
2026-05-06 02:29:26.682 8 INFO neutron.notifiers.nova [-] Nova event matching ['req-3d991617-23ee-4389-869b-8d60bb46f99a'] response: {'server_uuid': '1a8f83a2-5a95-4d1f-ae2b-77c9fe36f625', 'name': 'network-vif-unplugged', 'status': 'completed', 'tag': '2376bfbf-3806-436a-9c32-7ece2dba7fcb', 'code': 200}
2026-05-06 02:29:26.815 7 WARNING neutron.scheduler.dhcp_agent_scheduler [None req-b1d5f9f1-1c66-48bf-a266-4ff3e88d3467 285eca9626364048b968b3aae773386f aa501e3432584721b51871e349a0dc27 - - default default] No more DHCP agents
2026-05-06 02:29:26.817 7 WARNING neutron.api.rpc.agentnotifiers.dhcp_rpc_agent_api [None req-b1d5f9f1-1c66-48bf-a266-4ff3e88d3467 285eca9626364048b968b3aae773386f aa501e3432584721b51871e349a0dc27 - - default default] Unable to schedule network 844bf316-2104-474d-aea7-01d294de1c2c: no agents available; will retry on subsequent port and subnet creation events.
2026-05-06 02:29:26.961 8 INFO neutron.db.ovn_revision_numbers_db [None req-f3ede0ff-55e1-4b2a-946f-66e829572dce - - - - - -] Successfully bumped revision number for resource 2376bfbf-3806-436a-9c32-7ece2dba7fcb (type: ports) to 6
2026-05-06 02:29:27.003 7 INFO neutron.db.ovn_revision_numbers_db [None req-b1d5f9f1-1c66-48bf-a266-4ff3e88d3467 285eca9626364048b968b3aae773386f aa501e3432584721b51871e349a0dc27 - - default default] Successfully bumped revision number for resource bf962dd5-9fc1-405a-a647-1d2d0f8a157c (type: ports) to 1 [pid: 7|app: 0|req: 642/1246] 10.0.0.225 () {34 vars in 665 bytes} [Wed May 6 02:29:26 2026] POST /v2.0/ports => generated 928 bytes in 416 msecs (HTTP/1.1 201) 4 headers in 162 bytes (1 switches on core 0)
2026-05-06 02:29:27.086 8 INFO neutron.plugins.ml2.drivers.ovn.mech_driver.mech_driver [None req-5e891d0a-173a-40b8-8859-1fec49cd007a - - - - - -] OVN reports status down for port: bf962dd5-9fc1-405a-a647-1d2d0f8a157c [pid: 7|app: 0|req: 643/1247] 10.0.0.25 () {34 vars in 1039 bytes} [Wed May 6 02:29:27 2026] GET /v2.0/security-groups?id=604dfd13-ea2a-4103-8dfc-bbd8fa1b0ef4&fields=id&fields=name => generated 88 bytes in 62 msecs (HTTP/1.1 200) 4 headers in 156 bytes (1 switches on core 0)
2026-05-06 02:29:27.215 7 INFO neutron_taas.services.taas.taas_plugin [None req-dd57cd78-8c8e-496a-a103-8ab587373d9b 285eca9626364048b968b3aae773386f aa501e3432584721b51871e349a0dc27 - - default default] TaaS: Handle Delete Port: bf962dd5-9fc1-405a-a647-1d2d0f8a157c
2026-05-06 02:29:27.221 7 INFO neutron_taas.services.taas.tap_mirror_plugin [None req-dd57cd78-8c8e-496a-a103-8ab587373d9b 285eca9626364048b968b3aae773386f aa501e3432584721b51871e349a0dc27 - - default default] Tap Mirror: Handle Delete Port: bf962dd5-9fc1-405a-a647-1d2d0f8a157c
2026-05-06 02:29:27.281 8 INFO neutron.db.ovn_revision_numbers_db [None req-0225a81c-bc9f-4577-958c-2a729391d1dd - - - - - -] Successfully bumped revision number for resource 2caabcb2-2532-4e9c-a124-daff30a9e984 (type: ports) to 2
2026-05-06 02:29:27.318 8 INFO neutron.db.ovn_revision_numbers_db [None req-0225a81c-bc9f-4577-958c-2a729391d1dd - - - - - -] Successfully bumped revision number for resource e2c72a2e-1bf8-48b6-94df-5493347d023a (type: subnets) to 0 [pid: 8|app: 0|req: 605/1248] 10.0.0.225 () {34 vars in 669 bytes} [Wed May 6 02:29:26 2026] POST /v2.0/subnets => generated 690 bytes in 1109 msecs (HTTP/1.1 201) 4 headers in 162 bytes (1 switches on core 0) /var/lib/openstack/lib/python3.12/site-packages/pycadf/identifier.py:70: UserWarning: Invalid uuid: neutron. To ensure interoperability, identifiers should be a valid uuid. warnings.warn(('Invalid uuid: %s. To ensure interoperability, ' [pid: 7|app: 0|req: 644/1249] 10.0.0.225 () {32 vars in 720 bytes} [Wed May 6 02:29:27 2026] DELETE /v2.0/ports/bf962dd5-9fc1-405a-a647-1d2d0f8a157c => generated 0 bytes in 307 msecs (HTTP/1.1 204) 3 headers in 131 bytes (1 switches on core 0) [pid: 7|app: 0|req: 645/1250] 199.19.213.73 () {34 vars in 993 bytes} [Wed May 6 02:29:27 2026] GET /v2.0/ports?device_id=1a8f83a2-5a95-4d1f-ae2b-77c9fe36f625 => generated 969 bytes in 48 msecs (HTTP/1.1 200) 4 headers in 157 bytes (1 switches on core 0)
2026-05-06 02:29:27.464 7 INFO neutron.pecan_wsgi.hooks.translation [None req-9853e4b9-0a4f-45f3-a6a6-e83fd2df0d54 285eca9626364048b968b3aae773386f aa501e3432584721b51871e349a0dc27 - - default default] GET failed (client error): The resource could not be found. [pid: 7|app: 0|req: 646/1251] 10.0.0.225 () {32 vars in 717 bytes} [Wed May 6 02:29:27 2026] GET /v2.0/ports/bf962dd5-9fc1-405a-a647-1d2d0f8a157c => generated 132 bytes in 16 msecs (HTTP/1.1 404) 4 headers in 164 bytes (1 switches on core 0)
2026-05-06 02:29:27.594 7 INFO neutron_taas.services.taas.taas_plugin [req-075ec444-65c3-46e5-9fdd-ace450151898 req-0d61dc68-5316-4841-8444-79d96aaf7cdf 5d3b7bd6d8a34255a88e48217e78078d 8c9d1181d60c4a77b4955b497646931a - - default default] TaaS: Handle Delete Port: 2376bfbf-3806-436a-9c32-7ece2dba7fcb
2026-05-06 02:29:27.597 7 INFO neutron_taas.services.taas.tap_mirror_plugin [req-075ec444-65c3-46e5-9fdd-ace450151898 req-0d61dc68-5316-4841-8444-79d96aaf7cdf 5d3b7bd6d8a34255a88e48217e78078d 8c9d1181d60c4a77b4955b497646931a - - default default] Tap Mirror: Handle Delete Port: 2376bfbf-3806-436a-9c32-7ece2dba7fcb [pid: 7|app: 0|req: 647/1252] 199.19.213.73 () {36 vars in 996 bytes} [Wed May 6 02:29:27 2026] DELETE /v2.0/ports/2376bfbf-3806-436a-9c32-7ece2dba7fcb => generated 0 bytes in 300 msecs (HTTP/1.1 204) 3 headers in 131 bytes (1 switches on core 0)
2026-05-06 02:29:27.797 7 INFO neutron.notifiers.nova [-] Nova event matching ['req-df00b773-51f6-4145-9e27-60c038ba9b6c'] response: {'server_uuid': '1a8f83a2-5a95-4d1f-ae2b-77c9fe36f625', 'name': 'network-vif-deleted', 'tag': '2376bfbf-3806-436a-9c32-7ece2dba7fcb', 'status': 'completed', 'code': 200}
2026-05-06 02:29:27.846 8 WARNING neutron.scheduler.dhcp_agent_scheduler [None req-67a6865e-0ea9-42b4-81a8-349ddb8d39d9 819b4768721041809b78b3a1bdab9e79 cdb4214e629b42c7941e67e36f2d564a - - default default] No more DHCP agents
2026-05-06 02:29:27.847 8 WARNING neutron.api.rpc.agentnotifiers.dhcp_rpc_agent_api [None req-67a6865e-0ea9-42b4-81a8-349ddb8d39d9 819b4768721041809b78b3a1bdab9e79 cdb4214e629b42c7941e67e36f2d564a - - default default] Unable to schedule network f4357043-d970-4280-958b-c97a738c71fb: no agents available; will retry on subsequent port and subnet creation events. [pid: 7|app: 0|req: 648/1253] 10.0.0.225 () {32 vars in 724 bytes} [Wed May 6 02:29:27 2026] DELETE /v2.0/subnets/3b9fa224-2741-4116-a5ef-6933cff82e78 => generated 0 bytes in 166 msecs (HTTP/1.1 204) 3 headers in 131 bytes (1 switches on core 0)
2026-05-06 02:29:27.991 8 INFO neutron.plugins.ml2.drivers.ovn.mech_driver.mech_driver [None req-5e891d0a-173a-40b8-8859-1fec49cd007a - - - - - -] OVN reports status down for port: 48f039ee-9b7e-4552-a3d5-11229fba07bd
2026-05-06 02:29:28.051 8 INFO neutron.db.ovn_revision_numbers_db [None req-67a6865e-0ea9-42b4-81a8-349ddb8d39d9 819b4768721041809b78b3a1bdab9e79 cdb4214e629b42c7941e67e36f2d564a - - default default] Successfully bumped revision number for resource 48f039ee-9b7e-4552-a3d5-11229fba07bd (type: ports) to 1
2026-05-06 02:29:28.106 7 INFO neutron_taas.services.taas.taas_plugin [None req-1a709f7b-c9fe-402e-a541-0e049038fef5 285eca9626364048b968b3aae773386f aa501e3432584721b51871e349a0dc27 - - default default] TaaS: Handle Delete Port: b19a9c87-f469-4d38-9a92-d54467b222b2
2026-05-06 02:29:28.109 7 INFO neutron_taas.services.taas.tap_mirror_plugin [None req-1a709f7b-c9fe-402e-a541-0e049038fef5 285eca9626364048b968b3aae773386f aa501e3432584721b51871e349a0dc27 - - default default] Tap Mirror: Handle Delete Port: b19a9c87-f469-4d38-9a92-d54467b222b2
2026-05-06 02:29:28.303 7 INFO neutron.services.segments.plugin [-] Segment 4ba44405-1208-4eb4-b89f-f56d592d217a resource provider aggregate not found
2026-05-06 02:29:28.309 7 INFO neutron.services.segments.plugin [-] Segment 4ba44405-1208-4eb4-b89f-f56d592d217a resource provider aggregate not found
2026-05-06 02:29:28.321 7 INFO neutron.services.segments.plugin [-] Segment 4ba44405-1208-4eb4-b89f-f56d592d217a resource provider not found; error: Placement Client Error (4xx): {"errors": [{"status": 404, "title": "Not Found", "detail": "The resource could not be found.\n\n No resource provider with uuid 4ba44405-1208-4eb4-b89f-f56d592d217a found for delete ", "request_id": "req-bebae83f-1b72-40b1-8dca-1fbf45a3eef0"}]}
2026-05-06 02:29:28.333 7 INFO neutron.services.segments.plugin [-] Segment 4ba44405-1208-4eb4-b89f-f56d592d217a resource provider not found; error: Placement Client Error (4xx): {"errors": [{"status": 404, "title": "Not Found", "detail": "The resource could not be found.\n\n No resource provider with uuid 4ba44405-1208-4eb4-b89f-f56d592d217a found for delete ", "request_id": "req-819ac123-51f1-40a8-83ac-927b802ea9cf"}]} [pid: 7|app: 0|req: 649/1254] 10.0.0.225 () {32 vars in 726 bytes} [Wed May 6 02:29:27 2026] DELETE /v2.0/networks/844bf316-2104-474d-aea7-01d294de1c2c => generated 0 bytes in 438 msecs (HTTP/1.1 204) 3 headers in 131 bytes (1 switches on core 0) [pid: 7|app: 0|req: 650/1255] 10.0.0.25 () {34 vars in 989 bytes} [Wed May 6 02:29:28 2026] GET /v2.0/ports?device_id=1a8f83a2-5a95-4d1f-ae2b-77c9fe36f625 => generated 12 bytes in 24 msecs (HTTP/1.1 200) 4 headers in 156 bytes (1 switches on core 0)
2026-05-06 02:29:28.610 7 WARNING neutron.scheduler.dhcp_agent_scheduler [None req-7fd0279f-b421-4d74-b000-9fb8bba67ef8 285eca9626364048b968b3aae773386f aa501e3432584721b51871e349a0dc27 - - default default] No more DHCP agents
2026-05-06 02:29:28.611 7 WARNING neutron.api.rpc.agentnotifiers.dhcp_rpc_agent_api [None req-7fd0279f-b421-4d74-b000-9fb8bba67ef8 285eca9626364048b968b3aae773386f aa501e3432584721b51871e349a0dc27 - - default default] Unable to schedule network 6a1c0c15-99f8-4f48-8c3f-8c0e98bcf7d3: no agents available; will retry on subsequent port and subnet creation events.
2026-05-06 02:29:28.748 8 INFO neutron.plugins.ml2.drivers.ovn.mech_driver.mech_driver [None req-5e891d0a-173a-40b8-8859-1fec49cd007a - - - - - -] OVN reports status down for port: 5efb5a15-dc62-43a8-9f99-b49fdefa137e
2026-05-06 02:29:28.751 8 INFO neutron.notifiers.nova [-] Nova event matching ['req-6c490eeb-6d57-4704-9459-94ccc7989888'] response: {'server_uuid': '1a8f83a2-5a95-4d1f-ae2b-77c9fe36f625', 'name': 'network-vif-unplugged', 'status': 'completed', 'tag': '2376bfbf-3806-436a-9c32-7ece2dba7fcb', 'code': 200}
2026-05-06 02:29:28.760 7 INFO neutron.db.ovn_revision_numbers_db [None req-7fd0279f-b421-4d74-b000-9fb8bba67ef8 285eca9626364048b968b3aae773386f aa501e3432584721b51871e349a0dc27 - - default default] Successfully bumped revision number for resource 5efb5a15-dc62-43a8-9f99-b49fdefa137e (type: ports) to 1
2026-05-06 02:29:28.786 8 INFO neutron.plugins.ml2.drivers.ovn.mech_driver.ovsdb.commands [None req-5846e486-46c8-432e-ac5d-f65bc36b2cec - - - - - -] Schedule LRP lrp-48f039ee-9b7e-4552-a3d5-11229fba07bd on gateway cae95d5d-78ef-42ac-b670-933a99afcea1 with priority 1 [pid: 7|app: 0|req: 651/1256] 10.0.0.225 () {34 vars in 665 bytes} [Wed May 6 02:29:28 2026] POST /v2.0/ports => generated 779 bytes in 445 msecs (HTTP/1.1 201) 4 headers in 162 bytes (1 switches on core 0) /var/lib/openstack/lib/python3.12/site-packages/pycadf/identifier.py:70: UserWarning: Invalid uuid: neutron. To ensure interoperability, identifiers should be a valid uuid. warnings.warn(('Invalid uuid: %s. To ensure interoperability, '
2026-05-06 02:29:28.945 8 INFO neutron.plugins.ml2.drivers.ovn.mech_driver.ovsdb.ovsdb_monitor [None req-9117b1bc-327d-4da6-a525-693720ef33e5 - - - - - -] Router 1a0e88ab-c637-4afc-a5ce-7d7eaa3a3a56 is bound to host instance
2026-05-06 02:29:28.949 8 INFO neutron.db.ovn_revision_numbers_db [None req-67a6865e-0ea9-42b4-81a8-349ddb8d39d9 819b4768721041809b78b3a1bdab9e79 cdb4214e629b42c7941e67e36f2d564a - - default default] Successfully bumped revision number for resource 48f039ee-9b7e-4552-a3d5-11229fba07bd (type: router_ports) to 1
2026-05-06 02:29:29.144 7 INFO neutron.db.ovn_revision_numbers_db [None req-594ff0da-37f8-455c-811f-4da491e6fec7 285eca9626364048b968b3aae773386f aa501e3432584721b51871e349a0dc27 - - default default] Successfully bumped revision number for resource 5efb5a15-dc62-43a8-9f99-b49fdefa137e (type: ports) to 2
2026-05-06 02:29:29.160 8 INFO neutron.db.ovn_revision_numbers_db [None req-67a6865e-0ea9-42b4-81a8-349ddb8d39d9 819b4768721041809b78b3a1bdab9e79 cdb4214e629b42c7941e67e36f2d564a - - default default] Successfully bumped revision number for resource 1a0e88ab-c637-4afc-a5ce-7d7eaa3a3a56 (type: routers) to 2 [pid: 7|app: 0|req: 652/1257] 10.0.0.225 () {34 vars in 737 bytes} [Wed May 6 02:29:28 2026] PUT /v2.0/ports/5efb5a15-dc62-43a8-9f99-b49fdefa137e => generated 752 bytes in 311 msecs (HTTP/1.1 200) 4 headers in 157 bytes (1 switches on core 0) /var/lib/openstack/lib/python3.12/site-packages/pycadf/identifier.py:70: UserWarning: Invalid uuid: neutron. To ensure interoperability, identifiers should be a valid uuid. warnings.warn(('Invalid uuid: %s. To ensure interoperability, '
2026-05-06 02:29:29.194 8 INFO neutron.plugins.ml2.drivers.ovn.mech_driver.mech_driver [None req-5e891d0a-173a-40b8-8859-1fec49cd007a - - - - - -] OVN reports status up for port: 48f039ee-9b7e-4552-a3d5-11229fba07bd [pid: 8|app: 0|req: 606/1258] 10.0.0.225 () {34 vars in 669 bytes} [Wed May 6 02:29:27 2026] POST /v2.0/routers => generated 968 bytes in 1861 msecs (HTTP/1.1 201) 4 headers in 162 bytes (1 switches on core 0)
2026-05-06 02:29:29.239 8 INFO neutron.plugins.ml2.plugin [None req-5e891d0a-173a-40b8-8859-1fec49cd007a - - - - - -] Attempt 1 to provision port 48f039ee-9b7e-4552-a3d5-11229fba07bd
2026-05-06 02:29:29.276 7 INFO neutron_taas.services.taas.taas_plugin [None req-0adddd41-0639-440d-9be8-fd4a2e6f06bb 285eca9626364048b968b3aae773386f aa501e3432584721b51871e349a0dc27 - - default default] TaaS: Handle Delete Port: 5efb5a15-dc62-43a8-9f99-b49fdefa137e
2026-05-06 02:29:29.279 7 INFO neutron_taas.services.taas.tap_mirror_plugin [None req-0adddd41-0639-440d-9be8-fd4a2e6f06bb 285eca9626364048b968b3aae773386f aa501e3432584721b51871e349a0dc27 - - default default] Tap Mirror: Handle Delete Port: 5efb5a15-dc62-43a8-9f99-b49fdefa137e [pid: 7|app: 0|req: 653/1259] 10.0.0.225 () {32 vars in 720 bytes} [Wed May 6 02:29:29 2026] DELETE /v2.0/ports/5efb5a15-dc62-43a8-9f99-b49fdefa137e => generated 0 bytes in 263 msecs (HTTP/1.1 204) 3 headers in 131 bytes (1 switches on core 0) [pid: 7|app: 0|req: 654/1260] 10.0.0.225 () {32 vars in 643 bytes} [Wed May 6 02:29:29 2026] GET /v2.0/ports => generated 1538 bytes in 41 msecs (HTTP/1.1 200) 4 headers in 158 bytes (1 switches on core 0) [pid: 7|app: 0|req: 655/1261] 10.0.0.25 () {34 vars in 989 bytes} [Wed May 6 02:29:29 2026] GET /v2.0/ports?device_id=1a8f83a2-5a95-4d1f-ae2b-77c9fe36f625 => generated 12 bytes in 16 msecs (HTTP/1.1 200) 4 headers in 156 bytes (1 switches on core 0)
2026-05-06 02:29:29.503 7 INFO neutron.pecan_wsgi.hooks.translation [None req-35a233e5-1e71-4532-b0bc-3ecac4aa1d4d 285eca9626364048b968b3aae773386f aa501e3432584721b51871e349a0dc27 - - default default] GET failed (client error): The resource could not be found. [pid: 7|app: 0|req: 656/1262] 10.0.0.225 () {32 vars in 717 bytes} [Wed May 6 02:29:29 2026] GET /v2.0/ports/5efb5a15-dc62-43a8-9f99-b49fdefa137e => generated 132 bytes in 12 msecs (HTTP/1.1 404) 4 headers in 164 bytes (1 switches on core 0) [pid: 7|app: 0|req: 657/1263] 10.0.0.225 () {32 vars in 643 bytes} [Wed May 6 02:29:29 2026] GET /v2.0/ports => generated 1538 bytes in 39 msecs (HTTP/1.1 200) 4 headers in 158 bytes (1 switches on core 0) [pid: 7|app: 0|req: 658/1264] 10.0.0.225 () {32 vars in 717 bytes} [Wed May 6 02:29:29 2026] GET /v2.0/ports/25fd7a06-5eaf-4dbb-96ef-177d23a0a18e => generated 779 bytes in 36 msecs (HTTP/1.1 200) 4 headers in 157 bytes (1 switches on core 0)
2026-05-06 02:29:29.609 7 INFO neutron.pecan_wsgi.hooks.translation [None req-2c48a99a-df5c-4eb0-9d2f-4187a28cc009 285eca9626364048b968b3aae773386f aa501e3432584721b51871e349a0dc27 - - default default] DELETE failed (client error): The resource could not be found. [pid: 7|app: 0|req: 659/1265] 10.0.0.225 () {32 vars in 720 bytes} [Wed May 6 02:29:29 2026] DELETE /v2.0/ports/bf962dd5-9fc1-405a-a647-1d2d0f8a157c => generated 132 bytes in 16 msecs (HTTP/1.1 404) 4 headers in 164 bytes (1 switches on core 0)
2026-05-06 02:29:29.625 7 INFO neutron.pecan_wsgi.hooks.translation [None req-86bfee3b-f60e-4090-961b-000fd65cf575 285eca9626364048b968b3aae773386f aa501e3432584721b51871e349a0dc27 - - default default] DELETE failed (client error): The resource could not be found. [pid: 7|app: 0|req: 660/1266] 10.0.0.225 () {32 vars in 724 bytes} [Wed May 6 02:29:29 2026] DELETE /v2.0/subnets/3b9fa224-2741-4116-a5ef-6933cff82e78 => generated 136 bytes in 13 msecs (HTTP/1.1 404) 4 headers in 164 bytes (1 switches on core 0)
2026-05-06 02:29:29.642 7 INFO neutron.pecan_wsgi.hooks.translation [None req-05b51f82-51a1-4a77-a906-2358743606ae 285eca9626364048b968b3aae773386f aa501e3432584721b51871e349a0dc27 - - default default] DELETE failed (client error): The resource could not be found. [pid: 7|app: 0|req: 661/1267] 10.0.0.225 () {32 vars in 724 bytes} [Wed May 6 02:29:29 2026] DELETE /v2.0/subnets/6b05e0a2-3d11-4f4e-8a58-385b5b918c68 => generated 136 bytes in 13 msecs (HTTP/1.1 404) 4 headers in 164 bytes (1 switches on core 0)
2026-05-06 02:29:29.757 7 INFO neutron_taas.services.taas.taas_plugin [None req-1df80987-92f4-46b2-bb43-567943ffd127 285eca9626364048b968b3aae773386f aa501e3432584721b51871e349a0dc27 - - default default] TaaS: Handle Delete Port: 25fd7a06-5eaf-4dbb-96ef-177d23a0a18e
2026-05-06 02:29:29.759 7 INFO neutron_taas.services.taas.tap_mirror_plugin [None req-1df80987-92f4-46b2-bb43-567943ffd127 285eca9626364048b968b3aae773386f aa501e3432584721b51871e349a0dc27 - - default default] Tap Mirror: Handle Delete Port: 25fd7a06-5eaf-4dbb-96ef-177d23a0a18e [pid: 7|app: 0|req: 662/1268] 10.0.0.225 () {32 vars in 720 bytes} [Wed May 6 02:29:29 2026] DELETE /v2.0/ports/25fd7a06-5eaf-4dbb-96ef-177d23a0a18e => generated 0 bytes in 239 msecs (HTTP/1.1 204) 3 headers in 131 bytes (1 switches on core 0)
