May 09 07:27:14.359601 np0000173010 devstack@n-api-meta.service[108426]: DEBUG nova.api.openstack.wsgi_app [None req-e5532395-7483-4c26-a16b-d90677a26ece None None] oslo_limit.insecure = False {{(pid=108426) log_opt_values /opt/stack/data/venv/lib/python3.12/site-packages/oslo_config/cfg.py:3006}}
May 09 07:27:14.359732 np0000173010 devstack@n-api-meta.service[108426]: DEBUG nova.api.openstack.wsgi_app [None req-e5532395-7483-4c26-a16b-d90677a26ece None None] oslo_limit.keyfile = None {{(pid=108426) log_opt_values /opt/stack/data/venv/lib/python3.12/site-packages/oslo_config/cfg.py:3006}}
May 09 07:27:14.359860 np0000173010 devstack@n-api-meta.service[108426]: DEBUG nova.api.openstack.wsgi_app [None req-e5532395-7483-4c26-a16b-d90677a26ece None None] oslo_limit.max_version = None {{(pid=108426) log_opt_values /opt/stack/data/venv/lib/python3.12/site-packages/oslo_config/cfg.py:3006}}
May 09 07:27:14.359994 np0000173010 devstack@n-api-meta.service[108426]: DEBUG nova.api.openstack.wsgi_app [None req-e5532395-7483-4c26-a16b-d90677a26ece None None] oslo_limit.min_version = None {{(pid=108426) log_opt_values /opt/stack/data/venv/lib/python3.12/site-packages/oslo_config/cfg.py:3006}}
May 09 07:27:14.360149 np0000173010 devstack@n-api-meta.service[108426]: DEBUG nova.api.openstack.wsgi_app [None req-e5532395-7483-4c26-a16b-d90677a26ece None None] oslo_limit.region_name = None {{(pid=108426) log_opt_values /opt/stack/data/venv/lib/python3.12/site-packages/oslo_config/cfg.py:3006}}
May 09 07:27:14.360277 np0000173010 devstack@n-api-meta.service[108426]: DEBUG nova.api.openstack.wsgi_app [None req-e5532395-7483-4c26-a16b-d90677a26ece None None] oslo_limit.retriable_status_codes = None {{(pid=108426) log_opt_values /opt/stack/data/venv/lib/python3.12/site-packages/oslo_config/cfg.py:3006}}
May 09 07:27:14.360424 np0000173010 devstack@n-api-meta.service[108426]: DEBUG nova.api.openstack.wsgi_app [None req-e5532395-7483-4c26-a16b-d90677a26ece None None] oslo_limit.service_name = None {{(pid=108426) log_opt_values /opt/stack/data/venv/lib/python3.12/site-packages/oslo_config/cfg.py:3006}}
May 09 07:27:14.360544 np0000173010 devstack@n-api-meta.service[108426]: DEBUG nova.api.openstack.wsgi_app [None req-e5532395-7483-4c26-a16b-d90677a26ece None None] oslo_limit.service_type = None {{(pid=108426) log_opt_values /opt/stack/data/venv/lib/python3.12/site-packages/oslo_config/cfg.py:3006}}
May 09 07:27:14.360669 np0000173010 devstack@n-api-meta.service[108426]: DEBUG nova.api.openstack.wsgi_app [None req-e5532395-7483-4c26-a16b-d90677a26ece None None] oslo_limit.split_loggers = False {{(pid=108426) log_opt_values /opt/stack/data/venv/lib/python3.12/site-packages/oslo_config/cfg.py:3006}}
May 09 07:27:14.360792 np0000173010 devstack@n-api-meta.service[108426]: DEBUG nova.api.openstack.wsgi_app [None req-e5532395-7483-4c26-a16b-d90677a26ece None None] oslo_limit.status_code_retries = None {{(pid=108426) log_opt_values /opt/stack/data/venv/lib/python3.12/site-packages/oslo_config/cfg.py:3006}}
May 09 07:27:14.360914 np0000173010 devstack@n-api-meta.service[108426]: DEBUG nova.api.openstack.wsgi_app [None req-e5532395-7483-4c26-a16b-d90677a26ece None None] oslo_limit.status_code_retry_delay = None {{(pid=108426) log_opt_values /opt/stack/data/venv/lib/python3.12/site-packages/oslo_config/cfg.py:3006}}
May 09 07:27:14.361037 np0000173010 devstack@n-api-meta.service[108426]: DEBUG nova.api.openstack.wsgi_app [None req-e5532395-7483-4c26-a16b-d90677a26ece None None] oslo_limit.timeout = None {{(pid=108426) log_opt_values /opt/stack/data/venv/lib/python3.12/site-packages/oslo_config/cfg.py:3006}}
May 09 07:27:14.361210 np0000173010 devstack@n-api-meta.service[108426]: DEBUG nova.api.openstack.wsgi_app [None req-e5532395-7483-4c26-a16b-d90677a26ece None None] oslo_limit.valid_interfaces = None {{(pid=108426) log_opt_values /opt/stack/data/venv/lib/python3.12/site-packages/oslo_config/cfg.py:3006}}
May 09 07:27:14.361343 np0000173010 devstack@n-api-meta.service[108426]: DEBUG nova.api.openstack.wsgi_app [None req-e5532395-7483-4c26-a16b-d90677a26ece None None] oslo_limit.version = None {{(pid=108426) log_opt_values /opt/stack/data/venv/lib/python3.12/site-packages/oslo_config/cfg.py:3006}}
May 09 07:27:14.361503 np0000173010 devstack@n-api-meta.service[108426]: DEBUG nova.api.openstack.wsgi_app [None req-e5532395-7483-4c26-a16b-d90677a26ece None None] oslo_messaging_rabbit.amqp_auto_delete = False {{(pid=108426) log_opt_values /opt/stack/data/venv/lib/python3.12/site-packages/oslo_config/cfg.py:3006}}
May 09 07:27:14.361628 np0000173010 devstack@n-api-meta.service[108426]: DEBUG nova.api.openstack.wsgi_app [None req-e5532395-7483-4c26-a16b-d90677a26ece None None] oslo_messaging_rabbit.amqp_durable_queues = False {{(pid=108426) log_opt_values /opt/stack/data/venv/lib/python3.12/site-packages/oslo_config/cfg.py:3006}}
May 09 07:27:14.361755 np0000173010 devstack@n-api-meta.service[108426]: DEBUG nova.api.openstack.wsgi_app [None req-e5532395-7483-4c26-a16b-d90677a26ece None None] oslo_messaging_rabbit.conn_pool_min_size = 2 {{(pid=108426) log_opt_values /opt/stack/data/venv/lib/python3.12/site-packages/oslo_config/cfg.py:3006}}
May 09 07:27:14.361886 np0000173010 devstack@n-api-meta.service[108426]: DEBUG nova.api.openstack.wsgi_app [None req-e5532395-7483-4c26-a16b-d90677a26ece None None] oslo_messaging_rabbit.conn_pool_ttl = 1200 {{(pid=108426) log_opt_values /opt/stack/data/venv/lib/python3.12/site-packages/oslo_config/cfg.py:3006}}
May 09 07:27:14.362013 np0000173010 devstack@n-api-meta.service[108426]: DEBUG nova.api.openstack.wsgi_app [None req-e5532395-7483-4c26-a16b-d90677a26ece None None] oslo_messaging_rabbit.direct_mandatory_flag = True {{(pid=108426) log_opt_values /opt/stack/data/venv/lib/python3.12/site-packages/oslo_config/cfg.py:3006}}
May 09 07:27:14.362149 np0000173010 devstack@n-api-meta.service[108426]: DEBUG nova.api.openstack.wsgi_app [None req-e5532395-7483-4c26-a16b-d90677a26ece None None] oslo_messaging_rabbit.enable_cancel_on_failover = False {{(pid=108426) log_opt_values /opt/stack/data/venv/lib/python3.12/site-packages/oslo_config/cfg.py:3006}}
May 09 07:27:14.362341 np0000173010 devstack@n-api-meta.service[108426]: DEBUG nova.api.openstack.wsgi_app [None req-e5532395-7483-4c26-a16b-d90677a26ece None None] oslo_messaging_rabbit.heartbeat_in_pthread = False {{(pid=108426) log_opt_values /opt/stack/data/venv/lib/python3.12/site-packages/oslo_config/cfg.py:3006}}
May 09 07:27:14.362488 np0000173010 devstack@n-api-meta.service[108426]: DEBUG nova.api.openstack.wsgi_app [None req-e5532395-7483-4c26-a16b-d90677a26ece None None] oslo_messaging_rabbit.heartbeat_rate = 3 {{(pid=108426) log_opt_values /opt/stack/data/venv/lib/python3.12/site-packages/oslo_config/cfg.py:3006}}
May 09 07:27:14.362613 np0000173010 devstack@n-api-meta.service[108426]: DEBUG nova.api.openstack.wsgi_app [None req-e5532395-7483-4c26-a16b-d90677a26ece None None] oslo_messaging_rabbit.heartbeat_timeout_threshold = 60 {{(pid=108426) log_opt_values /opt/stack/data/venv/lib/python3.12/site-packages/oslo_config/cfg.py:3006}}
May 09 07:27:14.362745 np0000173010 devstack@n-api-meta.service[108426]: DEBUG nova.api.openstack.wsgi_app [None req-e5532395-7483-4c26-a16b-d90677a26ece None None] oslo_messaging_rabbit.hostname = np0000173010 {{(pid=108426) log_opt_values /opt/stack/data/venv/lib/python3.12/site-packages/oslo_config/cfg.py:3006}}
May 09 07:27:14.362868 np0000173010 devstack@n-api-meta.service[108426]: DEBUG nova.api.openstack.wsgi_app [None req-e5532395-7483-4c26-a16b-d90677a26ece None None] oslo_messaging_rabbit.kombu_compression = None {{(pid=108426) log_opt_values /opt/stack/data/venv/lib/python3.12/site-packages/oslo_config/cfg.py:3006}}
May 09 07:27:14.362999 np0000173010 devstack@n-api-meta.service[108426]: DEBUG nova.api.openstack.wsgi_app [None req-e5532395-7483-4c26-a16b-d90677a26ece None None] oslo_messaging_rabbit.kombu_failover_strategy = round-robin {{(pid=108426) log_opt_values /opt/stack/data/venv/lib/python3.12/site-packages/oslo_config/cfg.py:3006}}
May 09 07:27:14.363128 np0000173010 devstack@n-api-meta.service[108426]: DEBUG nova.api.openstack.wsgi_app [None req-e5532395-7483-4c26-a16b-d90677a26ece None None] oslo_messaging_rabbit.kombu_missing_consumer_retry_timeout = 60 {{(pid=108426) log_opt_values /opt/stack/data/venv/lib/python3.12/site-packages/oslo_config/cfg.py:3006}}
May 09 07:27:14.363268 np0000173010 devstack@n-api-meta.service[108426]: DEBUG nova.api.openstack.wsgi_app [None req-e5532395-7483-4c26-a16b-d90677a26ece None None] oslo_messaging_rabbit.kombu_reconnect_delay = 1.0 {{(pid=108426) log_opt_values /opt/stack/data/venv/lib/python3.12/site-packages/oslo_config/cfg.py:3006}}
May 09 07:27:14.363436 np0000173010 devstack@n-api-meta.service[108426]: DEBUG nova.api.openstack.wsgi_app [None req-e5532395-7483-4c26-a16b-d90677a26ece None None] oslo_messaging_rabbit.kombu_reconnect_splay = 0.0 {{(pid=108426) log_opt_values /opt/stack/data/venv/lib/python3.12/site-packages/oslo_config/cfg.py:3006}}
May 09 07:27:14.363613 np0000173010 devstack@n-api-meta.service[108426]: DEBUG nova.api.openstack.wsgi_app [None req-e5532395-7483-4c26-a16b-d90677a26ece None None] oslo_messaging_rabbit.processname = uwsgi {{(pid=108426) log_opt_values /opt/stack/data/venv/lib/python3.12/site-packages/oslo_config/cfg.py:3006}}
May 09 07:27:14.363745 np0000173010 devstack@n-api-meta.service[108426]: DEBUG nova.api.openstack.wsgi_app [None req-e5532395-7483-4c26-a16b-d90677a26ece None None] oslo_messaging_rabbit.rabbit_ha_queues = False {{(pid=108426) log_opt_values /opt/stack/data/venv/lib/python3.12/site-packages/oslo_config/cfg.py:3006}}
May 09 07:27:14.363878 np0000173010 devstack@n-api-meta.service[108426]: DEBUG nova.api.openstack.wsgi_app [None req-e5532395-7483-4c26-a16b-d90677a26ece None None] oslo_messaging_rabbit.rabbit_interval_max = 30 {{(pid=108426) log_opt_values /opt/stack/data/venv/lib/python3.12/site-packages/oslo_config/cfg.py:3006}}
May 09 07:27:14.364051 np0000173010 devstack@n-api-meta.service[108426]: DEBUG nova.api.openstack.wsgi_app [None req-e5532395-7483-4c26-a16b-d90677a26ece None None] oslo_messaging_rabbit.rabbit_login_method = AMQPLAIN {{(pid=108426) log_opt_values /opt/stack/data/venv/lib/python3.12/site-packages/oslo_config/cfg.py:3006}}
May 09 07:27:14.364181 np0000173010 devstack@n-api-meta.service[108426]: DEBUG nova.api.openstack.wsgi_app [None req-e5532395-7483-4c26-a16b-d90677a26ece None None] oslo_messaging_rabbit.rabbit_qos_prefetch_count = 0 {{(pid=108426) log_opt_values /opt/stack/data/venv/lib/python3.12/site-packages/oslo_config/cfg.py:3006}}
May 09 07:27:14.364341 np0000173010 devstack@n-api-meta.service[108426]: DEBUG nova.api.openstack.wsgi_app [None req-e5532395-7483-4c26-a16b-d90677a26ece None None] oslo_messaging_rabbit.rabbit_quorum_delivery_limit = 0 {{(pid=108426) log_opt_values /opt/stack/data/venv/lib/python3.12/site-packages/oslo_config/cfg.py:3006}}
May 09 07:27:14.364495 np0000173010 devstack@n-api-meta.service[108426]: DEBUG nova.api.openstack.wsgi_app [None req-e5532395-7483-4c26-a16b-d90677a26ece None None] oslo_messaging_rabbit.rabbit_quorum_max_memory_bytes = 0 {{(pid=108426) log_opt_values /opt/stack/data/venv/lib/python3.12/site-packages/oslo_config/cfg.py:3006}}
May 09 07:27:14.364664 np0000173010 devstack@n-api-meta.service[108426]: DEBUG nova.api.openstack.wsgi_app [None req-e5532395-7483-4c26-a16b-d90677a26ece None None] oslo_messaging_rabbit.rabbit_quorum_max_memory_length = 0 {{(pid=108426) log_opt_values /opt/stack/data/venv/lib/python3.12/site-packages/oslo_config/cfg.py:3006}}
May 09 07:27:14.364810 np0000173010 devstack@n-api-meta.service[108426]: DEBUG nova.api.openstack.wsgi_app [None req-e5532395-7483-4c26-a16b-d90677a26ece None None] oslo_messaging_rabbit.rabbit_quorum_queue = False {{(pid=108426) log_opt_values /opt/stack/data/venv/lib/python3.12/site-packages/oslo_config/cfg.py:3006}}
May 09 07:27:14.364938 np0000173010 devstack@n-api-meta.service[108426]: DEBUG nova.api.openstack.wsgi_app [None req-e5532395-7483-4c26-a16b-d90677a26ece None None] oslo_messaging_rabbit.rabbit_retry_backoff = 2 {{(pid=108426) log_opt_values /opt/stack/data/venv/lib/python3.12/site-packages/oslo_config/cfg.py:3006}}
May 09 07:27:14.365062 np0000173010 devstack@n-api-meta.service[108426]: DEBUG nova.api.openstack.wsgi_app [None req-e5532395-7483-4c26-a16b-d90677a26ece None None] oslo_messaging_rabbit.rabbit_retry_interval = 1 {{(pid=108426) log_opt_values /opt/stack/data/venv/lib/python3.12/site-packages/oslo_config/cfg.py:3006}}
May 09 07:27:14.365186 np0000173010 devstack@n-api-meta.service[108426]: DEBUG nova.api.openstack.wsgi_app [None req-e5532395-7483-4c26-a16b-d90677a26ece None None] oslo_messaging_rabbit.rabbit_stream_fanout = False {{(pid=108426) log_opt_values /opt/stack/data/venv/lib/python3.12/site-packages/oslo_config/cfg.py:3006}}
May 09 07:27:14.365313 np0000173010 devstack@n-api-meta.service[108426]: DEBUG nova.api.openstack.wsgi_app [None req-e5532395-7483-4c26-a16b-d90677a26ece None None] oslo_messaging_rabbit.rabbit_transient_queues_ttl = 1800 {{(pid=108426) log_opt_values /opt/stack/data/venv/lib/python3.12/site-packages/oslo_config/cfg.py:3006}}
May 09 07:27:14.365522 np0000173010 devstack@n-api-meta.service[108426]: DEBUG nova.api.openstack.wsgi_app [None req-e5532395-7483-4c26-a16b-d90677a26ece None None] oslo_messaging_rabbit.rabbit_transient_quorum_queue = False {{(pid=108426) log_opt_values /opt/stack/data/venv/lib/python3.12/site-packages/oslo_config/cfg.py:3006}}
May 09 07:27:14.365655 np0000173010 devstack@n-api-meta.service[108426]: DEBUG nova.api.openstack.wsgi_app [None req-e5532395-7483-4c26-a16b-d90677a26ece None None] oslo_messaging_rabbit.rpc_conn_pool_size = 30 {{(pid=108426) log_opt_values /opt/stack/data/venv/lib/python3.12/site-packages/oslo_config/cfg.py:3006}}
May 09 07:27:14.365782 np0000173010 devstack@n-api-meta.service[108426]: DEBUG nova.api.openstack.wsgi_app [None req-e5532395-7483-4c26-a16b-d90677a26ece None None] oslo_messaging_rabbit.ssl = False {{(pid=108426) log_opt_values /opt/stack/data/venv/lib/python3.12/site-packages/oslo_config/cfg.py:3006}}
May 09 07:27:14.365913 np0000173010 devstack@n-api-meta.service[108426]: DEBUG nova.api.openstack.wsgi_app [None req-e5532395-7483-4c26-a16b-d90677a26ece None None] oslo_messaging_rabbit.ssl_ca_file = {{(pid=108426) log_opt_values /opt/stack/data/venv/lib/python3.12/site-packages/oslo_config/cfg.py:3006}}
May 09 07:27:14.366042 np0000173010 devstack@n-api-meta.service[108426]: DEBUG nova.api.openstack.wsgi_app [None req-e5532395-7483-4c26-a16b-d90677a26ece None None] oslo_messaging_rabbit.ssl_cert_file = {{(pid=108426) log_opt_values /opt/stack/data/venv/lib/python3.12/site-packages/oslo_config/cfg.py:3006}}
May 09 07:27:14.366166 np0000173010 devstack@n-api-meta.service[108426]: DEBUG nova.api.openstack.wsgi_app [None req-e5532395-7483-4c26-a16b-d90677a26ece None None] oslo_messaging_rabbit.ssl_enforce_fips_mode = False {{(pid=108426) log_opt_values /opt/stack/data/venv/lib/python3.12/site-packages/oslo_config/cfg.py:3006}}
May 09 07:27:14.366320 np0000173010 devstack@n-api-meta.service[108426]: DEBUG nova.api.openstack.wsgi_app [None req-e5532395-7483-4c26-a16b-d90677a26ece None None] oslo_messaging_rabbit.ssl_key_file = {{(pid=108426) log_opt_values /opt/stack/data/venv/lib/python3.12/site-packages/oslo_config/cfg.py:3006}}
May 09 07:27:14.366501 np0000173010 devstack@n-api-meta.service[108426]: DEBUG nova.api.openstack.wsgi_app [None req-e5532395-7483-4c26-a16b-d90677a26ece None None] oslo_messaging_rabbit.ssl_version = {{(pid=108426) log_opt_values /opt/stack/data/venv/lib/python3.12/site-packages/oslo_config/cfg.py:3006}}
May 09 07:27:14.366657 np0000173010 devstack@n-api-meta.service[108426]: DEBUG nova.api.openstack.wsgi_app [None req-e5532395-7483-4c26-a16b-d90677a26ece None None] oslo_messaging_rabbit.use_queue_manager = False {{(pid=108426) log_opt_values /opt/stack/data/venv/lib/python3.12/site-packages/oslo_config/cfg.py:3006}}
May 09 07:27:14.366802 np0000173010 devstack@n-api-meta.service[108426]: DEBUG nova.api.openstack.wsgi_app [None req-e5532395-7483-4c26-a16b-d90677a26ece None None] oslo_messaging_notifications.driver = ['messagingv2'] {{(pid=108426) log_opt_values /opt/stack/data/venv/lib/python3.12/site-packages/oslo_config/cfg.py:3006}}
May 09 07:27:14.366932 np0000173010 devstack@n-api-meta.service[108426]: DEBUG nova.api.openstack.wsgi_app [None req-e5532395-7483-4c26-a16b-d90677a26ece None None] oslo_messaging_notifications.retry = -1 {{(pid=108426) log_opt_values /opt/stack/data/venv/lib/python3.12/site-packages/oslo_config/cfg.py:3006}}
May 09 07:27:14.367066 np0000173010 devstack@n-api-meta.service[108426]: DEBUG nova.api.openstack.wsgi_app [None req-e5532395-7483-4c26-a16b-d90677a26ece None None] oslo_messaging_notifications.topics = ['notifications'] {{(pid=108426) log_opt_values /opt/stack/data/venv/lib/python3.12/site-packages/oslo_config/cfg.py:3006}}
May 09 07:27:14.367196 np0000173010 devstack@n-api-meta.service[108426]: DEBUG nova.api.openstack.wsgi_app [None req-e5532395-7483-4c26-a16b-d90677a26ece None None] oslo_messaging_notifications.transport_url = **** {{(pid=108426) log_opt_values /opt/stack/data/venv/lib/python3.12/site-packages/oslo_config/cfg.py:3006}}
May 09 07:27:14.367324 np0000173010 devstack@n-api-meta.service[108426]: DEBUG nova.api.openstack.wsgi_app [None req-e5532395-7483-4c26-a16b-d90677a26ece None None] oslo_reports.file_event_handler = None {{(pid=108426) log_opt_values /opt/stack/data/venv/lib/python3.12/site-packages/oslo_config/cfg.py:3006}}
May 09 07:27:14.367512 np0000173010 devstack@n-api-meta.service[108426]: DEBUG nova.api.openstack.wsgi_app [None req-e5532395-7483-4c26-a16b-d90677a26ece None None] oslo_reports.file_event_handler_interval = 1 {{(pid=108426) log_opt_values /opt/stack/data/venv/lib/python3.12/site-packages/oslo_config/cfg.py:3006}}
May 09 07:27:14.367645 np0000173010 devstack@n-api-meta.service[108426]: DEBUG nova.api.openstack.wsgi_app [None req-e5532395-7483-4c26-a16b-d90677a26ece None None] oslo_reports.log_dir = None {{(pid=108426) log_opt_values /opt/stack/data/venv/lib/python3.12/site-packages/oslo_config/cfg.py:3006}}
May 09 07:27:14.367747 np0000173010 devstack@n-api-meta.service[108426]: DEBUG nova.api.openstack.wsgi_app [None req-e5532395-7483-4c26-a16b-d90677a26ece None None] ******************************************************************************** {{(pid=108426) log_opt_values /opt/stack/data/venv/lib/python3.12/site-packages/oslo_config/cfg.py:3013}}
May 09 07:27:14.367840 np0000173010 devstack@n-api-meta.service[108426]: WSGI app 0 (mountpoint='') ready in 3 seconds on interpreter 0x7b0d410a3668 pid: 108426 (default app)
May 09 07:27:23.692114 np0000173010 devstack@n-api-meta.service[108425]: DEBUG dbcounter [-] [108425] Writing DB stats nova_api:SELECT=1 {{(pid=108425) stat_writer /opt/stack/data/venv/lib/python3.12/site-packages/dbcounter.py:115}}
May 09 07:27:23.729755 np0000173010 devstack@n-api-meta.service[108428]: DEBUG dbcounter [-] [108428] Writing DB stats nova_api:SELECT=1 {{(pid=108428) stat_writer /opt/stack/data/venv/lib/python3.12/site-packages/dbcounter.py:115}}
May 09 07:27:23.735415 np0000173010 devstack@n-api-meta.service[108426]: DEBUG dbcounter [-] [108426] Writing DB stats nova_api:SELECT=1 {{(pid=108426) stat_writer /opt/stack/data/venv/lib/python3.12/site-packages/dbcounter.py:115}}
May 09 07:27:23.765351 np0000173010 devstack@n-api-meta.service[108427]: DEBUG dbcounter [-] [108427] Writing DB stats nova_api:SELECT=1 {{(pid=108427) stat_writer /opt/stack/data/venv/lib/python3.12/site-packages/dbcounter.py:115}}
May 09 07:27:23.849372 np0000173010 devstack@n-api-meta.service[108425]: DEBUG dbcounter [-] [108425] Writing DB stats nova_cell0:SELECT=1 {{(pid=108425) stat_writer /opt/stack/data/venv/lib/python3.12/site-packages/dbcounter.py:115}}
May 09 07:27:23.851416 np0000173010 devstack@n-api-meta.service[108425]: DEBUG dbcounter [-] [108425] Writing DB stats nova_cell1:SELECT=1 {{(pid=108425) stat_writer /opt/stack/data/venv/lib/python3.12/site-packages/dbcounter.py:115}}
May 09 07:27:23.854778 np0000173010 devstack@n-api-meta.service[108428]: DEBUG dbcounter [-] [108428] Writing DB stats nova_cell0:SELECT=1 {{(pid=108428) stat_writer /opt/stack/data/venv/lib/python3.12/site-packages/dbcounter.py:115}}
May 09 07:27:23.855918 np0000173010 devstack@n-api-meta.service[108428]: DEBUG dbcounter [-] [108428] Writing DB stats nova_cell1:SELECT=1 {{(pid=108428) stat_writer /opt/stack/data/venv/lib/python3.12/site-packages/dbcounter.py:115}}
May 09 07:27:23.886001 np0000173010 devstack@n-api-meta.service[108425]: DEBUG dbcounter [-] [108425] Writing DB stats nova_cell0:SELECT=2,nova_cell0:INSERT=1 {{(pid=108425) stat_writer /opt/stack/data/venv/lib/python3.12/site-packages/dbcounter.py:115}}
May 09 07:27:23.889299 np0000173010 devstack@n-api-meta.service[108426]: DEBUG dbcounter [-] [108426] Writing DB stats nova_cell0:SELECT=1 {{(pid=108426) stat_writer /opt/stack/data/venv/lib/python3.12/site-packages/dbcounter.py:115}}
May 09 07:27:23.889899 np0000173010 devstack@n-api-meta.service[108426]: DEBUG dbcounter [-] [108426] Writing DB stats nova_cell1:SELECT=1 {{(pid=108426) stat_writer /opt/stack/data/venv/lib/python3.12/site-packages/dbcounter.py:115}}
May 09 07:27:23.890730 np0000173010 devstack@n-api-meta.service[108428]: DEBUG dbcounter [-] [108428] Writing DB stats nova_cell0:SELECT=2,nova_cell0:INSERT=1 {{(pid=108428) stat_writer /opt/stack/data/venv/lib/python3.12/site-packages/dbcounter.py:115}}
May 09 07:27:23.899087 np0000173010 devstack@n-api-meta.service[108427]: DEBUG dbcounter [-] [108427] Writing DB stats nova_cell0:SELECT=1 {{(pid=108427) stat_writer /opt/stack/data/venv/lib/python3.12/site-packages/dbcounter.py:115}}
May 09 07:27:23.903615 np0000173010 devstack@n-api-meta.service[108427]: DEBUG dbcounter [-] [108427] Writing DB stats nova_cell1:SELECT=1 {{(pid=108427) stat_writer /opt/stack/data/venv/lib/python3.12/site-packages/dbcounter.py:115}}
May 09 07:27:23.931602 np0000173010 devstack@n-api-meta.service[108427]: DEBUG dbcounter [-] [108427] Writing DB stats nova_cell0:SELECT=2,nova_cell0:INSERT=1 {{(pid=108427) stat_writer /opt/stack/data/venv/lib/python3.12/site-packages/dbcounter.py:115}}
May 09 07:27:23.936984 np0000173010 devstack@n-api-meta.service[108426]: DEBUG dbcounter [-] [108426] Writing DB stats nova_cell0:SELECT=2,nova_cell0:INSERT=1 {{(pid=108426) stat_writer /opt/stack/data/venv/lib/python3.12/site-packages/dbcounter.py:115}}
May 09 07:39:27.640962 np0000173010 devstack@n-api-meta.service[108425]: DEBUG nova.api.metadata.handler [None req-b1bdc224-9c2d-4b64-b1f0-0c2784c29814 None None] Metadata request headers: {'Host': '199.19.213.14:8775', 'User-Agent': 'python-requests/2.33.1', 'Accept-Encoding': 'gzip, deflate', 'Accept': '*/*', 'Connection': 'keep-alive', 'X-Forwarded-For': '192.168.24.64', 'X-Instance-Id': '85fa4631-61a1-4cd6-b1c2-7c3c535ae0e5', 'X-Tenant-Id': '21116b8daa544c02b6f5ef572d80fae4', 'X-Instance-Id-Signature': '151705298d574e65fb8b69e01f82b25f517bc03d710c93c38cd5e0d9a5f6e306'} {{(pid=108425) __call__ /opt/stack/nova/nova/api/metadata/handler.py:109}}
May 09 07:39:27.655115 np0000173010 devstack@n-api-meta.service[108425]: DEBUG oslo_concurrency.lockutils [None req-f37fa261-a77f-46ef-b678-326ac959d2fb None None] Acquiring lock "bfd6b2ce-4a59-433b-b04b-e7b896ca25c4" by "nova.context.set_target_cell..get_or_set_cached_cell_and_set_connections" {{(pid=108425) inner /opt/stack/data/venv/lib/python3.12/site-packages/oslo_concurrency/lockutils.py:506}}
May 09 07:39:27.655278 np0000173010 devstack@n-api-meta.service[108425]: DEBUG oslo_concurrency.lockutils [None req-f37fa261-a77f-46ef-b678-326ac959d2fb None None] Lock "bfd6b2ce-4a59-433b-b04b-e7b896ca25c4" acquired by "nova.context.set_target_cell..get_or_set_cached_cell_and_set_connections" :: waited 0.000s {{(pid=108425) inner /opt/stack/data/venv/lib/python3.12/site-packages/oslo_concurrency/lockutils.py:519}}
May 09 07:39:27.655471 np0000173010 devstack@n-api-meta.service[108425]: DEBUG oslo_concurrency.lockutils [None req-f37fa261-a77f-46ef-b678-326ac959d2fb None None] Lock "bfd6b2ce-4a59-433b-b04b-e7b896ca25c4" "released" by "nova.context.set_target_cell..get_or_set_cached_cell_and_set_connections" :: held 0.000s {{(pid=108425) inner /opt/stack/data/venv/lib/python3.12/site-packages/oslo_concurrency/lockutils.py:538}}
May 09 07:39:27.722555 np0000173010 devstack@n-api-meta.service[108425]: WARNING neutronclient.v2_0.client [None req-f37fa261-a77f-46ef-b678-326ac959d2fb None None] The python binding code in neutronclient is deprecated in favor of OpenstackSDK, please use that as this will be removed in a future release.
May 09 07:39:28.186686 np0000173010 devstack@n-api-meta.service[108425]: [pid: 108425|app: 0|req: 1/1] 199.19.213.14 () {40 vars in 639 bytes} [Sat May 9 07:39:27 2026] GET /openstack => generated 116 bytes in 547 msecs (HTTP/1.1 200) 3 headers in 100 bytes (1 switches on core 0)
May 09 07:39:28.206921 np0000173010 devstack@n-api-meta.service[108428]: DEBUG nova.api.metadata.handler [None req-edfdf263-8ea4-4429-92de-722aaa144994 None None] Metadata request headers: {'Host': '199.19.213.14:8775', 'User-Agent': 'python-requests/2.33.1', 'Accept-Encoding': 'gzip, deflate', 'Accept': '*/*', 'Connection': 'keep-alive', 'X-Forwarded-For': '192.168.24.64', 'X-Instance-Id': '85fa4631-61a1-4cd6-b1c2-7c3c535ae0e5', 'X-Tenant-Id': '21116b8daa544c02b6f5ef572d80fae4', 'X-Instance-Id-Signature': '151705298d574e65fb8b69e01f82b25f517bc03d710c93c38cd5e0d9a5f6e306'} {{(pid=108428) __call__ /opt/stack/nova/nova/api/metadata/handler.py:109}}
May 09 07:39:28.212627 np0000173010 devstack@n-api-meta.service[108428]: DEBUG nova.api.metadata.handler [None req-edfdf263-8ea4-4429-92de-722aaa144994 None None] Using cached metadata for instance 85fa4631-61a1-4cd6-b1c2-7c3c535ae0e5 {{(pid=108428) get_metadata_by_instance_id /opt/stack/nova/nova/api/metadata/handler.py:84}}
May 09 07:39:28.213221 np0000173010 devstack@n-api-meta.service[108428]: [pid: 108428|app: 0|req: 1/2] 199.19.213.14 () {40 vars in 639 bytes} [Sat May 9 07:39:28 2026] GET /openstack => generated 116 bytes in 8 msecs (HTTP/1.1 200) 3 headers in 100 bytes (1 switches on core 0)
May 09 07:39:28.224689 np0000173010 devstack@n-api-meta.service[108427]: DEBUG nova.api.metadata.handler [None req-4a6faf24-89ba-4b52-bbed-67345cbcd7ba None None] Metadata request headers: {'Host': '199.19.213.14:8775', 'User-Agent': 'python-requests/2.33.1', 'Accept-Encoding': 'gzip, deflate', 'Accept': '*/*', 'Connection': 'keep-alive', 'X-Forwarded-For': '192.168.24.64', 'X-Instance-Id': '85fa4631-61a1-4cd6-b1c2-7c3c535ae0e5', 'X-Tenant-Id': '21116b8daa544c02b6f5ef572d80fae4', 'X-Instance-Id-Signature': '151705298d574e65fb8b69e01f82b25f517bc03d710c93c38cd5e0d9a5f6e306'} {{(pid=108427) __call__ /opt/stack/nova/nova/api/metadata/handler.py:109}}
May 09 07:39:28.229845 np0000173010 devstack@n-api-meta.service[108427]: DEBUG nova.api.metadata.handler [None req-4a6faf24-89ba-4b52-bbed-67345cbcd7ba None None] Using cached metadata for instance 85fa4631-61a1-4cd6-b1c2-7c3c535ae0e5 {{(pid=108427) get_metadata_by_instance_id /opt/stack/nova/nova/api/metadata/handler.py:84}}
May 09 07:39:28.230587 np0000173010 devstack@n-api-meta.service[108427]: [pid: 108427|app: 0|req: 1/3] 199.19.213.14 () {40 vars in 691 bytes} [Sat May 9 07:39:28 2026] GET /openstack/2018-08-27/meta_data.json => generated 946 bytes in 7 msecs (HTTP/1.1 200) 3 headers in 91 bytes (1 switches on core 0)
May 09 07:39:28.240929 np0000173010 devstack@n-api-meta.service[108426]: DEBUG nova.api.metadata.handler [None req-e5532395-7483-4c26-a16b-d90677a26ece None None] Metadata request headers: {'Host': '199.19.213.14:8775', 'User-Agent': 'python-requests/2.33.1', 'Accept-Encoding': 'gzip, deflate', 'Accept': '*/*', 'Connection': 'keep-alive', 'X-Forwarded-For': '192.168.24.64', 'X-Instance-Id': '85fa4631-61a1-4cd6-b1c2-7c3c535ae0e5', 'X-Tenant-Id': '21116b8daa544c02b6f5ef572d80fae4', 'X-Instance-Id-Signature': '151705298d574e65fb8b69e01f82b25f517bc03d710c93c38cd5e0d9a5f6e306'} {{(pid=108426) __call__ /opt/stack/nova/nova/api/metadata/handler.py:109}}
May 09 07:39:28.247245 np0000173010 devstack@n-api-meta.service[108426]: DEBUG nova.api.metadata.handler [None req-e5532395-7483-4c26-a16b-d90677a26ece None None] Using cached metadata for instance 85fa4631-61a1-4cd6-b1c2-7c3c535ae0e5 {{(pid=108426) get_metadata_by_instance_id /opt/stack/nova/nova/api/metadata/handler.py:84}}
May 09 07:39:28.247823 np0000173010 devstack@n-api-meta.service[108426]: [pid: 108426|app: 0|req: 1/4] 199.19.213.14 () {40 vars in 681 bytes} [Sat May 9 07:39:28 2026] GET /openstack/2018-08-27/user_data => generated 26428 bytes in 8 msecs (HTTP/1.1 200) 3 headers in 102 bytes (1 switches on core 0)
May 09 07:39:28.260255 np0000173010 devstack@n-api-meta.service[108425]: DEBUG nova.api.metadata.handler [None req-f37fa261-a77f-46ef-b678-326ac959d2fb None None] Metadata request headers: {'Host': '199.19.213.14:8775', 'User-Agent': 'python-requests/2.33.1', 'Accept-Encoding': 'gzip, deflate', 'Accept': '*/*', 'Connection': 'keep-alive', 'X-Forwarded-For': '192.168.24.64', 'X-Instance-Id': '85fa4631-61a1-4cd6-b1c2-7c3c535ae0e5', 'X-Tenant-Id': '21116b8daa544c02b6f5ef572d80fae4', 'X-Instance-Id-Signature': '151705298d574e65fb8b69e01f82b25f517bc03d710c93c38cd5e0d9a5f6e306'} {{(pid=108425) __call__ /opt/stack/nova/nova/api/metadata/handler.py:109}}
May 09 07:39:28.263958 np0000173010 devstack@n-api-meta.service[108425]: DEBUG nova.api.metadata.handler [None req-f37fa261-a77f-46ef-b678-326ac959d2fb None None] Using cached metadata for instance 85fa4631-61a1-4cd6-b1c2-7c3c535ae0e5 {{(pid=108425) get_metadata_by_instance_id /opt/stack/nova/nova/api/metadata/handler.py:84}}
May 09 07:39:28.264908 np0000173010 devstack@n-api-meta.service[108425]: [pid: 108425|app: 0|req: 2/5] 199.19.213.14 () {40 vars in 696 bytes} [Sat May 9 07:39:28 2026] GET /openstack/2018-08-27/vendor_data.json => generated 2 bytes in 6 msecs (HTTP/1.1 200) 3 headers in 89 bytes (1 switches on core 0)
May 09 07:39:28.274873 np0000173010 devstack@n-api-meta.service[108428]: DEBUG nova.api.metadata.handler [None req-edfdf263-8ea4-4429-92de-722aaa144994 None None] Metadata request headers: {'Host': '199.19.213.14:8775', 'User-Agent': 'python-requests/2.33.1', 'Accept-Encoding': 'gzip, deflate', 'Accept': '*/*', 'Connection': 'keep-alive', 'X-Forwarded-For': '192.168.24.64', 'X-Instance-Id': '85fa4631-61a1-4cd6-b1c2-7c3c535ae0e5', 'X-Tenant-Id': '21116b8daa544c02b6f5ef572d80fae4', 'X-Instance-Id-Signature': '151705298d574e65fb8b69e01f82b25f517bc03d710c93c38cd5e0d9a5f6e306'} {{(pid=108428) __call__ /opt/stack/nova/nova/api/metadata/handler.py:109}}
May 09 07:39:28.278429 np0000173010 devstack@n-api-meta.service[108428]: DEBUG nova.api.metadata.handler [None req-edfdf263-8ea4-4429-92de-722aaa144994 None None] Using cached metadata for instance 85fa4631-61a1-4cd6-b1c2-7c3c535ae0e5 {{(pid=108428) get_metadata_by_instance_id /opt/stack/nova/nova/api/metadata/handler.py:84}}
May 09 07:39:28.279734 np0000173010 devstack@n-api-meta.service[108428]: [pid: 108428|app: 0|req: 2/6] 199.19.213.14 () {40 vars in 698 bytes} [Sat May 9 07:39:28 2026] GET /openstack/2018-08-27/vendor_data2.json => generated 14 bytes in 6 msecs (HTTP/1.1 200) 3 headers in 90 bytes (1 switches on core 0)
May 09 07:39:28.289131 np0000173010 devstack@n-api-meta.service[108427]: DEBUG nova.api.metadata.handler [None req-4a6faf24-89ba-4b52-bbed-67345cbcd7ba None None] Metadata request headers: {'Host': '199.19.213.14:8775', 'User-Agent': 'python-requests/2.33.1', 'Accept-Encoding': 'gzip, deflate', 'Accept': '*/*', 'Connection': 'keep-alive', 'X-Forwarded-For': '192.168.24.64', 'X-Instance-Id': '85fa4631-61a1-4cd6-b1c2-7c3c535ae0e5', 'X-Tenant-Id': '21116b8daa544c02b6f5ef572d80fae4', 'X-Instance-Id-Signature': '151705298d574e65fb8b69e01f82b25f517bc03d710c93c38cd5e0d9a5f6e306'} {{(pid=108427) __call__ /opt/stack/nova/nova/api/metadata/handler.py:109}}
May 09 07:39:28.292198 np0000173010 devstack@n-api-meta.service[108427]: DEBUG nova.api.metadata.handler [None req-4a6faf24-89ba-4b52-bbed-67345cbcd7ba None None] Using cached metadata for instance 85fa4631-61a1-4cd6-b1c2-7c3c535ae0e5 {{(pid=108427) get_metadata_by_instance_id /opt/stack/nova/nova/api/metadata/handler.py:84}}
May 09 07:39:28.292960 np0000173010 devstack@n-api-meta.service[108427]: [pid: 108427|app: 0|req: 2/7] 199.19.213.14 () {40 vars in 698 bytes} [Sat May 9 07:39:28 2026] GET /openstack/2018-08-27/network_data.json => generated 348 bytes in 4 msecs (HTTP/1.1 200) 3 headers in 100 bytes (1 switches on core 0)
May 09 07:39:28.301920 np0000173010 devstack@n-api-meta.service[108426]: DEBUG nova.api.metadata.handler [None req-e5532395-7483-4c26-a16b-d90677a26ece None None] Metadata request headers: {'Host': '199.19.213.14:8775', 'User-Agent': 'python-requests/2.33.1', 'Accept-Encoding': 'gzip, deflate', 'Accept': '*/*', 'Connection': 'keep-alive', 'X-Forwarded-For': '192.168.24.64', 'X-Instance-Id': '85fa4631-61a1-4cd6-b1c2-7c3c535ae0e5', 'X-Tenant-Id': '21116b8daa544c02b6f5ef572d80fae4', 'X-Instance-Id-Signature': '151705298d574e65fb8b69e01f82b25f517bc03d710c93c38cd5e0d9a5f6e306'} {{(pid=108426) __call__ /opt/stack/nova/nova/api/metadata/handler.py:109}}
May 09 07:39:28.305741 np0000173010 devstack@n-api-meta.service[108426]: DEBUG nova.api.metadata.handler [None req-e5532395-7483-4c26-a16b-d90677a26ece None None] Using cached metadata for instance 85fa4631-61a1-4cd6-b1c2-7c3c535ae0e5 {{(pid=108426) get_metadata_by_instance_id /opt/stack/nova/nova/api/metadata/handler.py:84}}
May 09 07:39:28.306979 np0000173010 devstack@n-api-meta.service[108426]: [pid: 108426|app: 0|req: 2/8] 199.19.213.14 () {40 vars in 656 bytes} [Sat May 9 07:39:28 2026] GET /latest/meta-data/ => generated 210 bytes in 6 msecs (HTTP/1.1 200) 3 headers in 100 bytes (1 switches on core 0)
May 09 07:39:28.315583 np0000173010 devstack@n-api-meta.service[108425]: DEBUG nova.api.metadata.handler [None req-f37fa261-a77f-46ef-b678-326ac959d2fb None None] Metadata request headers: {'Host': '199.19.213.14:8775', 'User-Agent': 'python-requests/2.33.1', 'Accept-Encoding': 'gzip, deflate', 'Accept': '*/*', 'Connection': 'keep-alive', 'X-Forwarded-For': '192.168.24.64', 'X-Instance-Id': '85fa4631-61a1-4cd6-b1c2-7c3c535ae0e5', 'X-Tenant-Id': '21116b8daa544c02b6f5ef572d80fae4', 'X-Instance-Id-Signature': '151705298d574e65fb8b69e01f82b25f517bc03d710c93c38cd5e0d9a5f6e306'} {{(pid=108425) __call__ /opt/stack/nova/nova/api/metadata/handler.py:109}}
May 09 07:39:28.318654 np0000173010 devstack@n-api-meta.service[108425]: DEBUG nova.api.metadata.handler [None req-f37fa261-a77f-46ef-b678-326ac959d2fb None None] Using cached metadata for instance 85fa4631-61a1-4cd6-b1c2-7c3c535ae0e5 {{(pid=108425) get_metadata_by_instance_id /opt/stack/nova/nova/api/metadata/handler.py:84}}
May 09 07:39:28.319724 np0000173010 devstack@n-api-meta.service[108425]: [pid: 108425|app: 0|req: 3/9] 199.19.213.14 () {40 vars in 698 bytes} [Sat May 9 07:39:28 2026] GET /latest/meta-data/block-device-mapping/ => generated 8 bytes in 5 msecs (HTTP/1.1 200) 3 headers in 98 bytes (1 switches on core 0)
May 09 07:39:28.334901 np0000173010 devstack@n-api-meta.service[108428]: DEBUG nova.api.metadata.handler [None req-edfdf263-8ea4-4429-92de-722aaa144994 None None] Metadata request headers: {'Host': '199.19.213.14:8775', 'User-Agent': 'python-requests/2.33.1', 'Accept-Encoding': 'gzip, deflate', 'Accept': '*/*', 'Connection': 'keep-alive', 'X-Forwarded-For': '192.168.24.64', 'X-Instance-Id': '85fa4631-61a1-4cd6-b1c2-7c3c535ae0e5', 'X-Tenant-Id': '21116b8daa544c02b6f5ef572d80fae4', 'X-Instance-Id-Signature': '151705298d574e65fb8b69e01f82b25f517bc03d710c93c38cd5e0d9a5f6e306'} {{(pid=108428) __call__ /opt/stack/nova/nova/api/metadata/handler.py:109}}
May 09 07:39:28.337649 np0000173010 devstack@n-api-meta.service[108428]: DEBUG nova.api.metadata.handler [None req-edfdf263-8ea4-4429-92de-722aaa144994 None None] Using cached metadata for instance 85fa4631-61a1-4cd6-b1c2-7c3c535ae0e5 {{(pid=108428) get_metadata_by_instance_id /opt/stack/nova/nova/api/metadata/handler.py:84}}
May 09 07:39:28.338441 np0000173010 devstack@n-api-meta.service[108428]: [pid: 108428|app: 0|req: 3/10] 199.19.213.14 () {40 vars in 704 bytes} [Sat May 9 07:39:28 2026] GET /latest/meta-data/block-device-mapping/ami => generated 3 bytes in 4 msecs (HTTP/1.1 200) 3 headers in 98 bytes (1 switches on core 0)
May 09 07:39:28.348036 np0000173010 devstack@n-api-meta.service[108427]: DEBUG nova.api.metadata.handler [None req-4a6faf24-89ba-4b52-bbed-67345cbcd7ba None None] Metadata request headers: {'Host': '199.19.213.14:8775', 'User-Agent': 'python-requests/2.33.1', 'Accept-Encoding': 'gzip, deflate', 'Accept': '*/*', 'Connection': 'keep-alive', 'X-Forwarded-For': '192.168.24.64', 'X-Instance-Id': '85fa4631-61a1-4cd6-b1c2-7c3c535ae0e5', 'X-Tenant-Id': '21116b8daa544c02b6f5ef572d80fae4', 'X-Instance-Id-Signature': '151705298d574e65fb8b69e01f82b25f517bc03d710c93c38cd5e0d9a5f6e306'} {{(pid=108427) __call__ /opt/stack/nova/nova/api/metadata/handler.py:109}}
May 09 07:39:28.349896 np0000173010 devstack@n-api-meta.service[108427]: DEBUG nova.api.metadata.handler [None req-4a6faf24-89ba-4b52-bbed-67345cbcd7ba None None] Using cached metadata for instance 85fa4631-61a1-4cd6-b1c2-7c3c535ae0e5 {{(pid=108427) get_metadata_by_instance_id /opt/stack/nova/nova/api/metadata/handler.py:84}}
May 09 07:39:28.350455 np0000173010 devstack@n-api-meta.service[108427]: [pid: 108427|app: 0|req: 3/11] 199.19.213.14 () {40 vars in 706 bytes} [Sat May 9 07:39:28 2026] GET /latest/meta-data/block-device-mapping/root => generated 8 bytes in 3 msecs (HTTP/1.1 200) 3 headers in 98 bytes (1 switches on core 0)
May 09 07:39:28.364405 np0000173010 devstack@n-api-meta.service[108426]: DEBUG nova.api.metadata.handler [None req-e5532395-7483-4c26-a16b-d90677a26ece None None] Metadata request headers: {'Host': '199.19.213.14:8775', 'User-Agent': 'python-requests/2.33.1', 'Accept-Encoding': 'gzip, deflate', 'Accept': '*/*', 'Connection': 'keep-alive', 'X-Forwarded-For': '192.168.24.64', 'X-Instance-Id': '85fa4631-61a1-4cd6-b1c2-7c3c535ae0e5', 'X-Tenant-Id': '21116b8daa544c02b6f5ef572d80fae4', 'X-Instance-Id-Signature': '151705298d574e65fb8b69e01f82b25f517bc03d710c93c38cd5e0d9a5f6e306'} {{(pid=108426) __call__ /opt/stack/nova/nova/api/metadata/handler.py:109}}
May 09 07:39:28.364405 np0000173010 devstack@n-api-meta.service[108426]: DEBUG nova.api.metadata.handler [None req-e5532395-7483-4c26-a16b-d90677a26ece None None] Using cached metadata for instance 85fa4631-61a1-4cd6-b1c2-7c3c535ae0e5 {{(pid=108426) get_metadata_by_instance_id /opt/stack/nova/nova/api/metadata/handler.py:84}}
May 09 07:39:28.364405 np0000173010 devstack@n-api-meta.service[108426]: [pid: 108426|app: 0|req: 3/12] 199.19.213.14 () {40 vars in 676 bytes} [Sat May 9 07:39:28 2026] GET /latest/meta-data/placement/ => generated 17 bytes in 3 msecs (HTTP/1.1 200) 3 headers in 99 bytes (1 switches on core 0)
May 09 07:39:28.373732 np0000173010 devstack@n-api-meta.service[108425]: DEBUG nova.api.metadata.handler [None req-f37fa261-a77f-46ef-b678-326ac959d2fb None None] Metadata request headers: {'Host': '199.19.213.14:8775', 'User-Agent': 'python-requests/2.33.1', 'Accept-Encoding': 'gzip, deflate', 'Accept': '*/*', 'Connection': 'keep-alive', 'X-Forwarded-For': '192.168.24.64', 'X-Instance-Id': '85fa4631-61a1-4cd6-b1c2-7c3c535ae0e5', 'X-Tenant-Id': '21116b8daa544c02b6f5ef572d80fae4', 'X-Instance-Id-Signature': '151705298d574e65fb8b69e01f82b25f517bc03d710c93c38cd5e0d9a5f6e306'} {{(pid=108425) __call__ /opt/stack/nova/nova/api/metadata/handler.py:109}}
May 09 07:39:28.377136 np0000173010 devstack@n-api-meta.service[108425]: DEBUG nova.api.metadata.handler [None req-f37fa261-a77f-46ef-b678-326ac959d2fb None None] Using cached metadata for instance 85fa4631-61a1-4cd6-b1c2-7c3c535ae0e5 {{(pid=108425) get_metadata_by_instance_id /opt/stack/nova/nova/api/metadata/handler.py:84}}
May 09 07:39:28.377879 np0000173010 devstack@n-api-meta.service[108425]: [pid: 108425|app: 0|req: 4/13] 199.19.213.14 () {40 vars in 710 bytes} [Sat May 9 07:39:28 2026] GET /latest/meta-data/placement/availability-zone => generated 4 bytes in 5 msecs (HTTP/1.1 200) 3 headers in 98 bytes (1 switches on core 0)
May 09 07:39:28.388663 np0000173010 devstack@n-api-meta.service[108428]: DEBUG nova.api.metadata.handler [None req-edfdf263-8ea4-4429-92de-722aaa144994 None None] Metadata request headers: {'Host': '199.19.213.14:8775', 'User-Agent': 'python-requests/2.33.1', 'Accept-Encoding': 'gzip, deflate', 'Accept': '*/*', 'Connection': 'keep-alive', 'X-Forwarded-For': '192.168.24.64', 'X-Instance-Id': '85fa4631-61a1-4cd6-b1c2-7c3c535ae0e5', 'X-Tenant-Id': '21116b8daa544c02b6f5ef572d80fae4', 'X-Instance-Id-Signature': '151705298d574e65fb8b69e01f82b25f517bc03d710c93c38cd5e0d9a5f6e306'} {{(pid=108428) __call__ /opt/stack/nova/nova/api/metadata/handler.py:109}}
May 09 07:39:28.390081 np0000173010 devstack@n-api-meta.service[108428]: DEBUG nova.api.metadata.handler [None req-edfdf263-8ea4-4429-92de-722aaa144994 None None] Using cached metadata for instance 85fa4631-61a1-4cd6-b1c2-7c3c535ae0e5 {{(pid=108428) get_metadata_by_instance_id /opt/stack/nova/nova/api/metadata/handler.py:84}}
May 09 07:39:28.390893 np0000173010 devstack@n-api-meta.service[108428]: [pid: 108428|app: 0|req: 4/14] 199.19.213.14 () {40 vars in 668 bytes} [Sat May 9 07:39:28 2026] GET /latest/meta-data/ami-id => generated 12 bytes in 5 msecs (HTTP/1.1 200) 3 headers in 99 bytes (1 switches on core 0)
May 09 07:39:28.398470 np0000173010 devstack@n-api-meta.service[108427]: DEBUG nova.api.metadata.handler [None req-4a6faf24-89ba-4b52-bbed-67345cbcd7ba None None] Metadata request headers: {'Host': '199.19.213.14:8775', 'User-Agent': 'python-requests/2.33.1', 'Accept-Encoding': 'gzip, deflate', 'Accept': '*/*', 'Connection': 'keep-alive', 'X-Forwarded-For': '192.168.24.64', 'X-Instance-Id': '85fa4631-61a1-4cd6-b1c2-7c3c535ae0e5', 'X-Tenant-Id': '21116b8daa544c02b6f5ef572d80fae4', 'X-Instance-Id-Signature': '151705298d574e65fb8b69e01f82b25f517bc03d710c93c38cd5e0d9a5f6e306'} {{(pid=108427) __call__ /opt/stack/nova/nova/api/metadata/handler.py:109}}
May 09 07:39:28.400470 np0000173010 devstack@n-api-meta.service[108427]: DEBUG nova.api.metadata.handler [None req-4a6faf24-89ba-4b52-bbed-67345cbcd7ba None None] Using cached metadata for instance 85fa4631-61a1-4cd6-b1c2-7c3c535ae0e5 {{(pid=108427) get_metadata_by_instance_id /opt/stack/nova/nova/api/metadata/handler.py:84}}
May 09 07:39:28.400903 np0000173010 devstack@n-api-meta.service[108427]: [pid: 108427|app: 0|req: 4/15] 199.19.213.14 () {40 vars in 688 bytes} [Sat May 9 07:39:28 2026] GET /latest/meta-data/ami-launch-index => generated 1 bytes in 4 msecs (HTTP/1.1 200) 3 headers in 98 bytes (1 switches on core 0)
May 09 07:39:28.409435 np0000173010 devstack@n-api-meta.service[108426]: DEBUG nova.api.metadata.handler [None req-e5532395-7483-4c26-a16b-d90677a26ece None None] Metadata request headers: {'Host': '199.19.213.14:8775', 'User-Agent': 'python-requests/2.33.1', 'Accept-Encoding': 'gzip, deflate', 'Accept': '*/*', 'Connection': 'keep-alive', 'X-Forwarded-For': '192.168.24.64', 'X-Instance-Id': '85fa4631-61a1-4cd6-b1c2-7c3c535ae0e5', 'X-Tenant-Id': '21116b8daa544c02b6f5ef572d80fae4', 'X-Instance-Id-Signature': '151705298d574e65fb8b69e01f82b25f517bc03d710c93c38cd5e0d9a5f6e306'} {{(pid=108426) __call__ /opt/stack/nova/nova/api/metadata/handler.py:109}}
May 09 07:39:28.411553 np0000173010 devstack@n-api-meta.service[108426]: DEBUG nova.api.metadata.handler [None req-e5532395-7483-4c26-a16b-d90677a26ece None None] Using cached metadata for instance 85fa4631-61a1-4cd6-b1c2-7c3c535ae0e5 {{(pid=108426) get_metadata_by_instance_id /opt/stack/nova/nova/api/metadata/handler.py:84}}
May 09 07:39:28.411970 np0000173010 devstack@n-api-meta.service[108426]: [pid: 108426|app: 0|req: 4/16] 199.19.213.14 () {40 vars in 690 bytes} [Sat May 9 07:39:28 2026] GET /latest/meta-data/ami-manifest-path => generated 5 bytes in 3 msecs (HTTP/1.1 200) 3 headers in 98 bytes (1 switches on core 0)
May 09 07:39:28.419986 np0000173010 devstack@n-api-meta.service[108425]: DEBUG nova.api.metadata.handler [None req-f37fa261-a77f-46ef-b678-326ac959d2fb None None] Metadata request headers: {'Host': '199.19.213.14:8775', 'User-Agent': 'python-requests/2.33.1', 'Accept-Encoding': 'gzip, deflate', 'Accept': '*/*', 'Connection': 'keep-alive', 'X-Forwarded-For': '192.168.24.64', 'X-Instance-Id': '85fa4631-61a1-4cd6-b1c2-7c3c535ae0e5', 'X-Tenant-Id': '21116b8daa544c02b6f5ef572d80fae4', 'X-Instance-Id-Signature': '151705298d574e65fb8b69e01f82b25f517bc03d710c93c38cd5e0d9a5f6e306'} {{(pid=108425) __call__ /opt/stack/nova/nova/api/metadata/handler.py:109}}
May 09 07:39:28.423217 np0000173010 devstack@n-api-meta.service[108425]: DEBUG nova.api.metadata.handler [None req-f37fa261-a77f-46ef-b678-326ac959d2fb None None] Using cached metadata for instance 85fa4631-61a1-4cd6-b1c2-7c3c535ae0e5 {{(pid=108425) get_metadata_by_instance_id /opt/stack/nova/nova/api/metadata/handler.py:84}}
May 09 07:39:28.423987 np0000173010 devstack@n-api-meta.service[108425]: [pid: 108425|app: 0|req: 5/17] 199.19.213.14 () {40 vars in 672 bytes} [Sat May 9 07:39:28 2026] GET /latest/meta-data/hostname => generated 32 bytes in 5 msecs (HTTP/1.1 200) 3 headers in 99 bytes (1 switches on core 0)
May 09 07:39:28.433549 np0000173010 devstack@n-api-meta.service[108428]: DEBUG nova.api.metadata.handler [None req-edfdf263-8ea4-4429-92de-722aaa144994 None None] Metadata request headers: {'Host': '199.19.213.14:8775', 'User-Agent': 'python-requests/2.33.1', 'Accept-Encoding': 'gzip, deflate', 'Accept': '*/*', 'Connection': 'keep-alive', 'X-Forwarded-For': '192.168.24.64', 'X-Instance-Id': '85fa4631-61a1-4cd6-b1c2-7c3c535ae0e5', 'X-Tenant-Id': '21116b8daa544c02b6f5ef572d80fae4', 'X-Instance-Id-Signature': '151705298d574e65fb8b69e01f82b25f517bc03d710c93c38cd5e0d9a5f6e306'} {{(pid=108428) __call__ /opt/stack/nova/nova/api/metadata/handler.py:109}}
May 09 07:39:28.437905 np0000173010 devstack@n-api-meta.service[108428]: DEBUG nova.api.metadata.handler [None req-edfdf263-8ea4-4429-92de-722aaa144994 None None] Using cached metadata for instance 85fa4631-61a1-4cd6-b1c2-7c3c535ae0e5 {{(pid=108428) get_metadata_by_instance_id /opt/stack/nova/nova/api/metadata/handler.py:84}}
May 09 07:39:28.439238 np0000173010 devstack@n-api-meta.service[108428]: [pid: 108428|app: 0|req: 5/18] 199.19.213.14 () {40 vars in 686 bytes} [Sat May 9 07:39:28 2026] GET /latest/meta-data/instance-action => generated 4 bytes in 7 msecs (HTTP/1.1 200) 3 headers in 98 bytes (1 switches on core 0)
May 09 07:39:28.448464 np0000173010 devstack@n-api-meta.service[108427]: DEBUG nova.api.metadata.handler [None req-4a6faf24-89ba-4b52-bbed-67345cbcd7ba None None] Metadata request headers: {'Host': '199.19.213.14:8775', 'User-Agent': 'python-requests/2.33.1', 'Accept-Encoding': 'gzip, deflate', 'Accept': '*/*', 'Connection': 'keep-alive', 'X-Forwarded-For': '192.168.24.64', 'X-Instance-Id': '85fa4631-61a1-4cd6-b1c2-7c3c535ae0e5', 'X-Tenant-Id': '21116b8daa544c02b6f5ef572d80fae4', 'X-Instance-Id-Signature': '151705298d574e65fb8b69e01f82b25f517bc03d710c93c38cd5e0d9a5f6e306'} {{(pid=108427) __call__ /opt/stack/nova/nova/api/metadata/handler.py:109}}
May 09 07:39:28.451295 np0000173010 devstack@n-api-meta.service[108427]: DEBUG nova.api.metadata.handler [None req-4a6faf24-89ba-4b52-bbed-67345cbcd7ba None None] Using cached metadata for instance 85fa4631-61a1-4cd6-b1c2-7c3c535ae0e5 {{(pid=108427) get_metadata_by_instance_id /opt/stack/nova/nova/api/metadata/handler.py:84}}
May 09 07:39:28.451910 np0000173010 devstack@n-api-meta.service[108427]: [pid: 108427|app: 0|req: 5/19] 199.19.213.14 () {40 vars in 678 bytes} [Sat May 9 07:39:28 2026] GET /latest/meta-data/instance-id => generated 10 bytes in 4 msecs (HTTP/1.1 200) 3 headers in 99 bytes (1 switches on core 0)
May 09 07:39:28.461417 np0000173010 devstack@n-api-meta.service[108426]: DEBUG nova.api.metadata.handler [None req-e5532395-7483-4c26-a16b-d90677a26ece None None] Metadata request headers: {'Host': '199.19.213.14:8775', 'User-Agent': 'python-requests/2.33.1', 'Accept-Encoding': 'gzip, deflate', 'Accept': '*/*', 'Connection': 'keep-alive', 'X-Forwarded-For': '192.168.24.64', 'X-Instance-Id': '85fa4631-61a1-4cd6-b1c2-7c3c535ae0e5', 'X-Tenant-Id': '21116b8daa544c02b6f5ef572d80fae4', 'X-Instance-Id-Signature': '151705298d574e65fb8b69e01f82b25f517bc03d710c93c38cd5e0d9a5f6e306'} {{(pid=108426) __call__ /opt/stack/nova/nova/api/metadata/handler.py:109}}
May 09 07:39:28.464225 np0000173010 devstack@n-api-meta.service[108426]: DEBUG nova.api.metadata.handler [None req-e5532395-7483-4c26-a16b-d90677a26ece None None] Using cached metadata for instance 85fa4631-61a1-4cd6-b1c2-7c3c535ae0e5 {{(pid=108426) get_metadata_by_instance_id /opt/stack/nova/nova/api/metadata/handler.py:84}}
May 09 07:39:28.464677 np0000173010 devstack@n-api-meta.service[108426]: [pid: 108426|app: 0|req: 5/20] 199.19.213.14 () {40 vars in 682 bytes} [Sat May 9 07:39:28 2026] GET /latest/meta-data/instance-type => generated 8 bytes in 3 msecs (HTTP/1.1 200) 3 headers in 98 bytes (1 switches on core 0)
