May 20 05:25:34.688504 np0000175273 systemd[1]: Starting devstack@n-api-meta.service - Devstack devstack@n-api-meta.service...
May 20 05:25:34.699843 np0000175273 devstack@n-api-meta.service[107971]: [uWSGI] getting INI configuration from /etc/nova/nova-metadata-uwsgi.ini
May 20 05:25:34.702573 np0000175273 devstack@n-api-meta.service[107971]: *** Starting uWSGI 2.0.24-debian (64bit) on [Wed May 20 05:25:34 2026] ***
May 20 05:25:34.702573 np0000175273 devstack@n-api-meta.service[107971]: compiled with version: 13.2.0 on 17 April 2024 16:23:48
May 20 05:25:34.702573 np0000175273 devstack@n-api-meta.service[107971]: os: Linux-6.8.0-111-generic #111-Ubuntu SMP PREEMPT_DYNAMIC Sat Apr 11 23:16:02 UTC 2026
May 20 05:25:34.702573 np0000175273 devstack@n-api-meta.service[107971]: nodename: np0000175273
May 20 05:25:34.702573 np0000175273 devstack@n-api-meta.service[107971]: machine: x86_64
May 20 05:25:34.702573 np0000175273 devstack@n-api-meta.service[107971]: clock source: unix
May 20 05:25:34.702573 np0000175273 devstack@n-api-meta.service[107971]: pcre jit disabled
May 20 05:25:34.702573 np0000175273 devstack@n-api-meta.service[107971]: detected number of CPU cores: 16
May 20 05:25:34.702573 np0000175273 devstack@n-api-meta.service[107971]: current working directory: /
May 20 05:25:34.702573 np0000175273 devstack@n-api-meta.service[107971]: detected binary path: /usr/bin/uwsgi-core
May 20 05:25:34.702573 np0000175273 devstack@n-api-meta.service[107971]: your processes number limit is 256917
May 20 05:25:34.702573 np0000175273 devstack@n-api-meta.service[107971]: your memory page size is 4096 bytes
May 20 05:25:34.702573 np0000175273 devstack@n-api-meta.service[107971]: detected max file descriptor number: 2048
May 20 05:25:34.702573 np0000175273 devstack@n-api-meta.service[107971]: lock engine: pthread robust mutexes
May 20 05:25:34.703383 np0000175273 devstack@n-api-meta.service[107971]: thunder lock: enabled
May 20 05:25:34.703383 np0000175273 devstack@n-api-meta.service[107971]: uWSGI http bound on 0.0.0.0:8775 fd 5
May 20 05:25:34.703383 np0000175273 devstack@n-api-meta.service[107971]: uwsgi socket 0 bound to TCP address 127.0.0.1:39081 (port auto-assigned) fd 4
May 20 05:25:34.703383 np0000175273 devstack@n-api-meta.service[107971]: Python version: 3.12.3 (main, Mar 23 2026, 19:04:32) [GCC 13.3.0]
May 20 05:25:34.703383 np0000175273 devstack@n-api-meta.service[107971]: PEP 405 virtualenv detected: /opt/stack/data/venv
May 20 05:25:34.703383 np0000175273 devstack@n-api-meta.service[107971]: Set PythonHome to /opt/stack/data/venv
May 20 05:25:34.737429 np0000175273 devstack@n-api-meta.service[107971]: Python main interpreter initialized at 0x7fd7026a3668
May 20 05:25:34.737429 np0000175273 devstack@n-api-meta.service[107971]: python threads support enabled
May 20 05:25:34.737429 np0000175273 devstack@n-api-meta.service[107971]: your server socket listen backlog is limited to 100 connections
May 20 05:25:34.737429 np0000175273 devstack@n-api-meta.service[107971]: your mercy for graceful operations on workers is 80 seconds
May 20 05:25:34.737952 np0000175273 devstack@n-api-meta.service[107971]: mapped 671795 bytes (656 KB) for 4 cores
May 20 05:25:34.738111 np0000175273 devstack@n-api-meta.service[107971]: *** Operational MODE: preforking ***
May 20 05:25:34.738275 np0000175273 devstack@n-api-meta.service[107971]: *** uWSGI is running in multiple interpreter mode ***
May 20 05:25:34.738275 np0000175273 devstack@n-api-meta.service[107971]: spawned uWSGI master process (pid: 107971)
May 20 05:25:34.738408 np0000175273 systemd[1]: Started devstack@n-api-meta.service - Devstack devstack@n-api-meta.service.
May 20 05:25:34.739101 np0000175273 devstack@n-api-meta.service[107971]: spawned uWSGI worker 1 (pid: 107972, cores: 1)
May 20 05:25:34.739626 np0000175273 devstack@n-api-meta.service[107971]: spawned uWSGI worker 2 (pid: 107973, cores: 1)
May 20 05:25:34.740084 np0000175273 devstack@n-api-meta.service[107971]: spawned uWSGI worker 3 (pid: 107974, cores: 1)
May 20 05:25:34.740899 np0000175273 devstack@n-api-meta.service[107971]: spawned uWSGI worker 4 (pid: 107975, cores: 1)
May 20 05:25:34.741042 np0000175273 devstack@n-api-meta.service[107971]: spawned uWSGI http 1 (pid: 107976)
May 20 05:25:34.741042 np0000175273 devstack@n-api-meta.service[107971]: running "unix_signal:15 gracefully_kill_them_all" (master-start)...
May 20 05:25:36.430938 np0000175273 devstack@n-api-meta.service[107975]: INFO dbcounter [None req-c23a6363-6cc4-4243-a699-456c5d2e638a None None] Registered counter for database nova_api
May 20 05:25:36.448241 np0000175273 devstack@n-api-meta.service[107972]: INFO dbcounter [None req-dac34d6c-faef-4355-9170-9aaa95d5bb20 None None] Registered counter for database nova_api
May 20 05:25:36.448690 np0000175273 devstack@n-api-meta.service[107975]: DEBUG oslo_db.sqlalchemy.engines [None req-c23a6363-6cc4-4243-a699-456c5d2e638a None None] MySQL server mode set to STRICT_TRANS_TABLES,STRICT_ALL_TABLES,NO_ZERO_IN_DATE,NO_ZERO_DATE,ERROR_FOR_DIVISION_BY_ZERO,TRADITIONAL,NO_ENGINE_SUBSTITUTION {{(pid=107975) _check_effective_sql_mode /opt/stack/data/venv/lib/python3.12/site-packages/oslo_db/sqlalchemy/engines.py:325}}
May 20 05:25:36.465544 np0000175273 devstack@n-api-meta.service[107972]: DEBUG oslo_db.sqlalchemy.engines [None req-dac34d6c-faef-4355-9170-9aaa95d5bb20 None None] MySQL server mode set to STRICT_TRANS_TABLES,STRICT_ALL_TABLES,NO_ZERO_IN_DATE,NO_ZERO_DATE,ERROR_FOR_DIVISION_BY_ZERO,TRADITIONAL,NO_ENGINE_SUBSTITUTION {{(pid=107972) _check_effective_sql_mode /opt/stack/data/venv/lib/python3.12/site-packages/oslo_db/sqlalchemy/engines.py:325}}
May 20 05:25:36.470802 np0000175273 devstack@n-api-meta.service[107973]: INFO dbcounter [None req-8b7a5cb7-def0-4de9-bf3b-01fc7514e4e1 None None] Registered counter for database nova_api
May 20 05:25:36.482266 np0000175273 devstack@n-api-meta.service[107975]: DEBUG dbcounter [-] [107975] Writer thread running {{(pid=107975) stat_writer /opt/stack/data/venv/lib/python3.12/site-packages/dbcounter.py:102}}
May 20 05:25:36.486315 np0000175273 devstack@n-api-meta.service[107975]: DEBUG nova.context [None req-c23a6363-6cc4-4243-a699-456c5d2e638a None None] Found 2 cells: 00000000-0000-0000-0000-000000000000(cell0),4bc1f98f-d404-4a11-accb-be01e6af32be(cell1) {{(pid=107975) load_cells /opt/stack/nova/nova/context.py:509}}
May 20 05:25:36.486315 np0000175273 devstack@n-api-meta.service[107975]: INFO nova.utils [None req-c23a6363-6cc4-4243-a699-456c5d2e638a None None] The cell worker thread pool MainProcess.cell_worker is initialized
May 20 05:25:36.486559 np0000175273 devstack@n-api-meta.service[107975]: DEBUG oslo_concurrency.lockutils [None req-c23a6363-6cc4-4243-a699-456c5d2e638a None None] Acquiring lock "00000000-0000-0000-0000-000000000000" by "nova.context.set_target_cell..get_or_set_cached_cell_and_set_connections" {{(pid=107975) inner /opt/stack/data/venv/lib/python3.12/site-packages/oslo_concurrency/lockutils.py:511}}
May 20 05:25:36.486559 np0000175273 devstack@n-api-meta.service[107975]: DEBUG oslo_concurrency.lockutils [None req-c23a6363-6cc4-4243-a699-456c5d2e638a None None] Lock "00000000-0000-0000-0000-000000000000" acquired by "nova.context.set_target_cell..get_or_set_cached_cell_and_set_connections" :: waited 0.000s {{(pid=107975) inner /opt/stack/data/venv/lib/python3.12/site-packages/oslo_concurrency/lockutils.py:524}}
May 20 05:25:36.486926 np0000175273 devstack@n-api-meta.service[107975]: DEBUG oslo_concurrency.lockutils [None req-c23a6363-6cc4-4243-a699-456c5d2e638a None None] Lock "00000000-0000-0000-0000-000000000000" "released" by "nova.context.set_target_cell..get_or_set_cached_cell_and_set_connections" :: held 0.000s {{(pid=107975) inner /opt/stack/data/venv/lib/python3.12/site-packages/oslo_concurrency/lockutils.py:543}}
May 20 05:25:36.487675 np0000175273 devstack@n-api-meta.service[107975]: DEBUG oslo_concurrency.lockutils [None req-c23a6363-6cc4-4243-a699-456c5d2e638a None None] Acquiring lock "4bc1f98f-d404-4a11-accb-be01e6af32be" by "nova.context.set_target_cell..get_or_set_cached_cell_and_set_connections" {{(pid=107975) inner /opt/stack/data/venv/lib/python3.12/site-packages/oslo_concurrency/lockutils.py:511}}
May 20 05:25:36.487786 np0000175273 devstack@n-api-meta.service[107975]: DEBUG oslo_concurrency.lockutils [None req-c23a6363-6cc4-4243-a699-456c5d2e638a None None] Lock "4bc1f98f-d404-4a11-accb-be01e6af32be" acquired by "nova.context.set_target_cell..get_or_set_cached_cell_and_set_connections" :: waited 0.000s {{(pid=107975) inner /opt/stack/data/venv/lib/python3.12/site-packages/oslo_concurrency/lockutils.py:524}}
May 20 05:25:36.487870 np0000175273 devstack@n-api-meta.service[107973]: DEBUG oslo_db.sqlalchemy.engines [None req-8b7a5cb7-def0-4de9-bf3b-01fc7514e4e1 None None] MySQL server mode set to STRICT_TRANS_TABLES,STRICT_ALL_TABLES,NO_ZERO_IN_DATE,NO_ZERO_DATE,ERROR_FOR_DIVISION_BY_ZERO,TRADITIONAL,NO_ENGINE_SUBSTITUTION {{(pid=107973) _check_effective_sql_mode /opt/stack/data/venv/lib/python3.12/site-packages/oslo_db/sqlalchemy/engines.py:325}}
May 20 05:25:36.488635 np0000175273 devstack@n-api-meta.service[107975]: DEBUG oslo_concurrency.lockutils [None req-c23a6363-6cc4-4243-a699-456c5d2e638a None None] Lock "4bc1f98f-d404-4a11-accb-be01e6af32be" "released" by "nova.context.set_target_cell..get_or_set_cached_cell_and_set_connections" :: held 0.001s {{(pid=107975) inner /opt/stack/data/venv/lib/python3.12/site-packages/oslo_concurrency/lockutils.py:543}}
May 20 05:25:36.491932 np0000175273 devstack@n-api-meta.service[107975]: INFO dbcounter [None req-c23a6363-6cc4-4243-a699-456c5d2e638a None None] Registered counter for database nova_cell0
May 20 05:25:36.496675 np0000175273 devstack@n-api-meta.service[107975]: INFO dbcounter [None req-c23a6363-6cc4-4243-a699-456c5d2e638a None None] Registered counter for database nova_cell1
May 20 05:25:36.501472 np0000175273 devstack@n-api-meta.service[107972]: DEBUG dbcounter [-] [107972] Writer thread running {{(pid=107972) stat_writer /opt/stack/data/venv/lib/python3.12/site-packages/dbcounter.py:102}}
May 20 05:25:36.502793 np0000175273 devstack@n-api-meta.service[107974]: INFO dbcounter [None req-d8151dbf-b389-4503-92a1-8d8a80d67054 None None] Registered counter for database nova_api
May 20 05:25:36.504293 np0000175273 devstack@n-api-meta.service[107972]: DEBUG nova.context [None req-dac34d6c-faef-4355-9170-9aaa95d5bb20 None None] Found 2 cells: 00000000-0000-0000-0000-000000000000(cell0),4bc1f98f-d404-4a11-accb-be01e6af32be(cell1) {{(pid=107972) load_cells /opt/stack/nova/nova/context.py:509}}
May 20 05:25:36.504579 np0000175273 devstack@n-api-meta.service[107972]: INFO nova.utils [None req-dac34d6c-faef-4355-9170-9aaa95d5bb20 None None] The cell worker thread pool MainProcess.cell_worker is initialized
May 20 05:25:36.506864 np0000175273 devstack@n-api-meta.service[107972]: DEBUG oslo_concurrency.lockutils [None req-dac34d6c-faef-4355-9170-9aaa95d5bb20 None None] Acquiring lock "00000000-0000-0000-0000-000000000000" by "nova.context.set_target_cell..get_or_set_cached_cell_and_set_connections" {{(pid=107972) inner /opt/stack/data/venv/lib/python3.12/site-packages/oslo_concurrency/lockutils.py:511}}
May 20 05:25:36.507017 np0000175273 devstack@n-api-meta.service[107975]: DEBUG oslo_db.sqlalchemy.engines [None req-c23a6363-6cc4-4243-a699-456c5d2e638a None None] MySQL server mode set to STRICT_TRANS_TABLES,STRICT_ALL_TABLES,NO_ZERO_IN_DATE,NO_ZERO_DATE,ERROR_FOR_DIVISION_BY_ZERO,TRADITIONAL,NO_ENGINE_SUBSTITUTION {{(pid=107975) _check_effective_sql_mode /opt/stack/data/venv/lib/python3.12/site-packages/oslo_db/sqlalchemy/engines.py:325}}
May 20 05:25:36.507109 np0000175273 devstack@n-api-meta.service[107972]: DEBUG oslo_concurrency.lockutils [None req-dac34d6c-faef-4355-9170-9aaa95d5bb20 None None] Lock "00000000-0000-0000-0000-000000000000" acquired by "nova.context.set_target_cell..get_or_set_cached_cell_and_set_connections" :: waited 0.000s {{(pid=107972) inner /opt/stack/data/venv/lib/python3.12/site-packages/oslo_concurrency/lockutils.py:524}}
May 20 05:25:36.507566 np0000175273 devstack@n-api-meta.service[107972]: DEBUG oslo_concurrency.lockutils [None req-dac34d6c-faef-4355-9170-9aaa95d5bb20 None None] Lock "00000000-0000-0000-0000-000000000000" "released" by "nova.context.set_target_cell..get_or_set_cached_cell_and_set_connections" :: held 0.000s {{(pid=107972) inner /opt/stack/data/venv/lib/python3.12/site-packages/oslo_concurrency/lockutils.py:543}}
May 20 05:25:36.508472 np0000175273 devstack@n-api-meta.service[107972]: DEBUG oslo_concurrency.lockutils [None req-dac34d6c-faef-4355-9170-9aaa95d5bb20 None None] Acquiring lock "4bc1f98f-d404-4a11-accb-be01e6af32be" by "nova.context.set_target_cell..get_or_set_cached_cell_and_set_connections" {{(pid=107972) inner /opt/stack/data/venv/lib/python3.12/site-packages/oslo_concurrency/lockutils.py:511}}
May 20 05:25:36.508640 np0000175273 devstack@n-api-meta.service[107972]: DEBUG oslo_concurrency.lockutils [None req-dac34d6c-faef-4355-9170-9aaa95d5bb20 None None] Lock "4bc1f98f-d404-4a11-accb-be01e6af32be" acquired by "nova.context.set_target_cell..get_or_set_cached_cell_and_set_connections" :: waited 0.000s {{(pid=107972) inner /opt/stack/data/venv/lib/python3.12/site-packages/oslo_concurrency/lockutils.py:524}}
May 20 05:25:36.509709 np0000175273 devstack@n-api-meta.service[107972]: DEBUG oslo_concurrency.lockutils [None req-dac34d6c-faef-4355-9170-9aaa95d5bb20 None None] Lock "4bc1f98f-d404-4a11-accb-be01e6af32be" "released" by "nova.context.set_target_cell..get_or_set_cached_cell_and_set_connections" :: held 0.001s {{(pid=107972) inner /opt/stack/data/venv/lib/python3.12/site-packages/oslo_concurrency/lockutils.py:543}}
May 20 05:25:36.511343 np0000175273 devstack@n-api-meta.service[107975]: DEBUG oslo_db.sqlalchemy.engines [None req-c23a6363-6cc4-4243-a699-456c5d2e638a None None] MySQL server mode set to STRICT_TRANS_TABLES,STRICT_ALL_TABLES,NO_ZERO_IN_DATE,NO_ZERO_DATE,ERROR_FOR_DIVISION_BY_ZERO,TRADITIONAL,NO_ENGINE_SUBSTITUTION {{(pid=107975) _check_effective_sql_mode /opt/stack/data/venv/lib/python3.12/site-packages/oslo_db/sqlalchemy/engines.py:325}}
May 20 05:25:36.512511 np0000175273 devstack@n-api-meta.service[107972]: INFO dbcounter [None req-dac34d6c-faef-4355-9170-9aaa95d5bb20 None None] Registered counter for database nova_cell0
May 20 05:25:36.516567 np0000175273 devstack@n-api-meta.service[107972]: INFO dbcounter [None req-dac34d6c-faef-4355-9170-9aaa95d5bb20 None None] Registered counter for database nova_cell1
May 20 05:25:36.520243 np0000175273 devstack@n-api-meta.service[107974]: DEBUG oslo_db.sqlalchemy.engines [None req-d8151dbf-b389-4503-92a1-8d8a80d67054 None None] MySQL server mode set to STRICT_TRANS_TABLES,STRICT_ALL_TABLES,NO_ZERO_IN_DATE,NO_ZERO_DATE,ERROR_FOR_DIVISION_BY_ZERO,TRADITIONAL,NO_ENGINE_SUBSTITUTION {{(pid=107974) _check_effective_sql_mode /opt/stack/data/venv/lib/python3.12/site-packages/oslo_db/sqlalchemy/engines.py:325}}
May 20 05:25:36.523291 np0000175273 devstack@n-api-meta.service[107973]: DEBUG dbcounter [-] [107973] Writer thread running {{(pid=107973) stat_writer /opt/stack/data/venv/lib/python3.12/site-packages/dbcounter.py:102}}
May 20 05:25:36.525287 np0000175273 devstack@n-api-meta.service[107973]: DEBUG nova.context [None req-8b7a5cb7-def0-4de9-bf3b-01fc7514e4e1 None None] Found 2 cells: 00000000-0000-0000-0000-000000000000(cell0),4bc1f98f-d404-4a11-accb-be01e6af32be(cell1) {{(pid=107973) load_cells /opt/stack/nova/nova/context.py:509}}
May 20 05:25:36.525509 np0000175273 devstack@n-api-meta.service[107973]: INFO nova.utils [None req-8b7a5cb7-def0-4de9-bf3b-01fc7514e4e1 None None] The cell worker thread pool MainProcess.cell_worker is initialized
May 20 05:25:36.527268 np0000175273 devstack@n-api-meta.service[107973]: DEBUG oslo_concurrency.lockutils [None req-8b7a5cb7-def0-4de9-bf3b-01fc7514e4e1 None None] Acquiring lock "00000000-0000-0000-0000-000000000000" by "nova.context.set_target_cell..get_or_set_cached_cell_and_set_connections" {{(pid=107973) inner /opt/stack/data/venv/lib/python3.12/site-packages/oslo_concurrency/lockutils.py:511}}
May 20 05:25:36.527432 np0000175273 devstack@n-api-meta.service[107973]: DEBUG oslo_concurrency.lockutils [None req-8b7a5cb7-def0-4de9-bf3b-01fc7514e4e1 None None] Lock "00000000-0000-0000-0000-000000000000" acquired by "nova.context.set_target_cell..get_or_set_cached_cell_and_set_connections" :: waited 0.000s {{(pid=107973) inner /opt/stack/data/venv/lib/python3.12/site-packages/oslo_concurrency/lockutils.py:524}}
May 20 05:25:36.527790 np0000175273 devstack@n-api-meta.service[107973]: DEBUG oslo_concurrency.lockutils [None req-8b7a5cb7-def0-4de9-bf3b-01fc7514e4e1 None None] Lock "00000000-0000-0000-0000-000000000000" "released" by "nova.context.set_target_cell..get_or_set_cached_cell_and_set_connections" :: held 0.000s {{(pid=107973) inner /opt/stack/data/venv/lib/python3.12/site-packages/oslo_concurrency/lockutils.py:543}}
May 20 05:25:36.528549 np0000175273 devstack@n-api-meta.service[107973]: DEBUG oslo_concurrency.lockutils [None req-8b7a5cb7-def0-4de9-bf3b-01fc7514e4e1 None None] Acquiring lock "4bc1f98f-d404-4a11-accb-be01e6af32be" by "nova.context.set_target_cell..get_or_set_cached_cell_and_set_connections" {{(pid=107973) inner /opt/stack/data/venv/lib/python3.12/site-packages/oslo_concurrency/lockutils.py:511}}
May 20 05:25:36.528753 np0000175273 devstack@n-api-meta.service[107973]: DEBUG oslo_concurrency.lockutils [None req-8b7a5cb7-def0-4de9-bf3b-01fc7514e4e1 None None] Lock "4bc1f98f-d404-4a11-accb-be01e6af32be" acquired by "nova.context.set_target_cell..get_or_set_cached_cell_and_set_connections" :: waited 0.000s {{(pid=107973) inner /opt/stack/data/venv/lib/python3.12/site-packages/oslo_concurrency/lockutils.py:524}}
May 20 05:25:36.529883 np0000175273 devstack@n-api-meta.service[107973]: DEBUG oslo_concurrency.lockutils [None req-8b7a5cb7-def0-4de9-bf3b-01fc7514e4e1 None None] Lock "4bc1f98f-d404-4a11-accb-be01e6af32be" "released" by "nova.context.set_target_cell..get_or_set_cached_cell_and_set_connections" :: held 0.001s {{(pid=107973) inner /opt/stack/data/venv/lib/python3.12/site-packages/oslo_concurrency/lockutils.py:543}}
May 20 05:25:36.534019 np0000175273 devstack@n-api-meta.service[107973]: INFO dbcounter [None req-8b7a5cb7-def0-4de9-bf3b-01fc7514e4e1 None None] Registered counter for database nova_cell0
May 20 05:25:36.534103 np0000175273 devstack@n-api-meta.service[107972]: DEBUG oslo_db.sqlalchemy.engines [None req-dac34d6c-faef-4355-9170-9aaa95d5bb20 None None] MySQL server mode set to STRICT_TRANS_TABLES,STRICT_ALL_TABLES,NO_ZERO_IN_DATE,NO_ZERO_DATE,ERROR_FOR_DIVISION_BY_ZERO,TRADITIONAL,NO_ENGINE_SUBSTITUTION {{(pid=107972) _check_effective_sql_mode /opt/stack/data/venv/lib/python3.12/site-packages/oslo_db/sqlalchemy/engines.py:325}}
May 20 05:25:36.535795 np0000175273 devstack@n-api-meta.service[107972]: DEBUG oslo_db.sqlalchemy.engines [None req-dac34d6c-faef-4355-9170-9aaa95d5bb20 None None] MySQL server mode set to STRICT_TRANS_TABLES,STRICT_ALL_TABLES,NO_ZERO_IN_DATE,NO_ZERO_DATE,ERROR_FOR_DIVISION_BY_ZERO,TRADITIONAL,NO_ENGINE_SUBSTITUTION {{(pid=107972) _check_effective_sql_mode /opt/stack/data/venv/lib/python3.12/site-packages/oslo_db/sqlalchemy/engines.py:325}}
May 20 05:25:36.537663 np0000175273 devstack@n-api-meta.service[107973]: INFO dbcounter [None req-8b7a5cb7-def0-4de9-bf3b-01fc7514e4e1 None None] Registered counter for database nova_cell1
May 20 05:25:36.549670 np0000175273 devstack@n-api-meta.service[107973]: DEBUG oslo_db.sqlalchemy.engines [None req-8b7a5cb7-def0-4de9-bf3b-01fc7514e4e1 None None] MySQL server mode set to STRICT_TRANS_TABLES,STRICT_ALL_TABLES,NO_ZERO_IN_DATE,NO_ZERO_DATE,ERROR_FOR_DIVISION_BY_ZERO,TRADITIONAL,NO_ENGINE_SUBSTITUTION {{(pid=107973) _check_effective_sql_mode /opt/stack/data/venv/lib/python3.12/site-packages/oslo_db/sqlalchemy/engines.py:325}}
May 20 05:25:36.554934 np0000175273 devstack@n-api-meta.service[107974]: DEBUG dbcounter [-] [107974] Writer thread running {{(pid=107974) stat_writer /opt/stack/data/venv/lib/python3.12/site-packages/dbcounter.py:102}}
May 20 05:25:36.555568 np0000175273 devstack@n-api-meta.service[107973]: DEBUG oslo_db.sqlalchemy.engines [None req-8b7a5cb7-def0-4de9-bf3b-01fc7514e4e1 None None] MySQL server mode set to STRICT_TRANS_TABLES,STRICT_ALL_TABLES,NO_ZERO_IN_DATE,NO_ZERO_DATE,ERROR_FOR_DIVISION_BY_ZERO,TRADITIONAL,NO_ENGINE_SUBSTITUTION {{(pid=107973) _check_effective_sql_mode /opt/stack/data/venv/lib/python3.12/site-packages/oslo_db/sqlalchemy/engines.py:325}}
May 20 05:25:36.557454 np0000175273 devstack@n-api-meta.service[107974]: DEBUG nova.context [None req-d8151dbf-b389-4503-92a1-8d8a80d67054 None None] Found 2 cells: 00000000-0000-0000-0000-000000000000(cell0),4bc1f98f-d404-4a11-accb-be01e6af32be(cell1) {{(pid=107974) load_cells /opt/stack/nova/nova/context.py:509}}
May 20 05:25:36.557668 np0000175273 devstack@n-api-meta.service[107974]: INFO nova.utils [None req-d8151dbf-b389-4503-92a1-8d8a80d67054 None None] The cell worker thread pool MainProcess.cell_worker is initialized
May 20 05:25:36.559405 np0000175273 devstack@n-api-meta.service[107974]: DEBUG oslo_concurrency.lockutils [None req-d8151dbf-b389-4503-92a1-8d8a80d67054 None None] Acquiring lock "00000000-0000-0000-0000-000000000000" by "nova.context.set_target_cell..get_or_set_cached_cell_and_set_connections" {{(pid=107974) inner /opt/stack/data/venv/lib/python3.12/site-packages/oslo_concurrency/lockutils.py:511}}
May 20 05:25:36.559556 np0000175273 devstack@n-api-meta.service[107974]: DEBUG oslo_concurrency.lockutils [None req-d8151dbf-b389-4503-92a1-8d8a80d67054 None None] Lock "00000000-0000-0000-0000-000000000000" acquired by "nova.context.set_target_cell..get_or_set_cached_cell_and_set_connections" :: waited 0.000s {{(pid=107974) inner /opt/stack/data/venv/lib/python3.12/site-packages/oslo_concurrency/lockutils.py:524}}
May 20 05:25:36.559895 np0000175273 devstack@n-api-meta.service[107974]: DEBUG oslo_concurrency.lockutils [None req-d8151dbf-b389-4503-92a1-8d8a80d67054 None None] Lock "00000000-0000-0000-0000-000000000000" "released" by "nova.context.set_target_cell..get_or_set_cached_cell_and_set_connections" :: held 0.000s {{(pid=107974) inner /opt/stack/data/venv/lib/python3.12/site-packages/oslo_concurrency/lockutils.py:543}}
May 20 05:25:36.560647 np0000175273 devstack@n-api-meta.service[107974]: DEBUG oslo_concurrency.lockutils [None req-d8151dbf-b389-4503-92a1-8d8a80d67054 None None] Acquiring lock "4bc1f98f-d404-4a11-accb-be01e6af32be" by "nova.context.set_target_cell..get_or_set_cached_cell_and_set_connections" {{(pid=107974) inner /opt/stack/data/venv/lib/python3.12/site-packages/oslo_concurrency/lockutils.py:511}}
May 20 05:25:36.560788 np0000175273 devstack@n-api-meta.service[107974]: DEBUG oslo_concurrency.lockutils [None req-d8151dbf-b389-4503-92a1-8d8a80d67054 None None] Lock "4bc1f98f-d404-4a11-accb-be01e6af32be" acquired by "nova.context.set_target_cell..get_or_set_cached_cell_and_set_connections" :: waited 0.000s {{(pid=107974) inner /opt/stack/data/venv/lib/python3.12/site-packages/oslo_concurrency/lockutils.py:524}}
May 20 05:25:36.561640 np0000175273 devstack@n-api-meta.service[107974]: DEBUG oslo_concurrency.lockutils [None req-d8151dbf-b389-4503-92a1-8d8a80d67054 None None] Lock "4bc1f98f-d404-4a11-accb-be01e6af32be" "released" by "nova.context.set_target_cell..get_or_set_cached_cell_and_set_connections" :: held 0.001s {{(pid=107974) inner /opt/stack/data/venv/lib/python3.12/site-packages/oslo_concurrency/lockutils.py:543}}
May 20 05:25:36.564874 np0000175273 devstack@n-api-meta.service[107974]: INFO dbcounter [None req-d8151dbf-b389-4503-92a1-8d8a80d67054 None None] Registered counter for database nova_cell0
May 20 05:25:36.570476 np0000175273 devstack@n-api-meta.service[107974]: INFO dbcounter [None req-d8151dbf-b389-4503-92a1-8d8a80d67054 None None] Registered counter for database nova_cell1
May 20 05:25:36.579371 np0000175273 devstack@n-api-meta.service[107974]: DEBUG oslo_db.sqlalchemy.engines [None req-d8151dbf-b389-4503-92a1-8d8a80d67054 None None] MySQL server mode set to STRICT_TRANS_TABLES,STRICT_ALL_TABLES,NO_ZERO_IN_DATE,NO_ZERO_DATE,ERROR_FOR_DIVISION_BY_ZERO,TRADITIONAL,NO_ENGINE_SUBSTITUTION {{(pid=107974) _check_effective_sql_mode /opt/stack/data/venv/lib/python3.12/site-packages/oslo_db/sqlalchemy/engines.py:325}}
May 20 05:25:36.594016 np0000175273 devstack@n-api-meta.service[107974]: DEBUG oslo_db.sqlalchemy.engines [None req-d8151dbf-b389-4503-92a1-8d8a80d67054 None None] MySQL server mode set to STRICT_TRANS_TABLES,STRICT_ALL_TABLES,NO_ZERO_IN_DATE,NO_ZERO_DATE,ERROR_FOR_DIVISION_BY_ZERO,TRADITIONAL,NO_ENGINE_SUBSTITUTION {{(pid=107974) _check_effective_sql_mode /opt/stack/data/venv/lib/python3.12/site-packages/oslo_db/sqlalchemy/engines.py:325}}
May 20 05:25:36.612863 np0000175273 devstack@n-api-meta.service[107975]: DEBUG dbcounter [-] [107975] Writer thread running {{(pid=107975) stat_writer /opt/stack/data/venv/lib/python3.12/site-packages/dbcounter.py:102}}
May 20 05:25:36.613503 np0000175273 devstack@n-api-meta.service[107975]: DEBUG dbcounter [-] [107975] Writer thread running {{(pid=107975) stat_writer /opt/stack/data/venv/lib/python3.12/site-packages/dbcounter.py:102}}
May 20 05:25:36.620764 np0000175273 devstack@n-api-meta.service[107975]: INFO dbcounter [None req-c23a6363-6cc4-4243-a699-456c5d2e638a None None] Registered counter for database nova_cell0
May 20 05:25:36.634477 np0000175273 devstack@n-api-meta.service[107972]: DEBUG dbcounter [-] [107972] Writer thread running {{(pid=107972) stat_writer /opt/stack/data/venv/lib/python3.12/site-packages/dbcounter.py:102}}
May 20 05:25:36.634957 np0000175273 devstack@n-api-meta.service[107975]: DEBUG oslo_db.sqlalchemy.engines [None req-c23a6363-6cc4-4243-a699-456c5d2e638a None None] MySQL server mode set to STRICT_TRANS_TABLES,STRICT_ALL_TABLES,NO_ZERO_IN_DATE,NO_ZERO_DATE,ERROR_FOR_DIVISION_BY_ZERO,TRADITIONAL,NO_ENGINE_SUBSTITUTION {{(pid=107975) _check_effective_sql_mode /opt/stack/data/venv/lib/python3.12/site-packages/oslo_db/sqlalchemy/engines.py:325}}
May 20 05:25:36.635100 np0000175273 devstack@n-api-meta.service[107972]: DEBUG dbcounter [-] [107972] Writer thread running {{(pid=107972) stat_writer /opt/stack/data/venv/lib/python3.12/site-packages/dbcounter.py:102}}
May 20 05:25:36.640640 np0000175273 devstack@n-api-meta.service[107972]: INFO dbcounter [None req-dac34d6c-faef-4355-9170-9aaa95d5bb20 None None] Registered counter for database nova_cell0
May 20 05:25:36.645230 np0000175273 devstack@n-api-meta.service[107975]: DEBUG dbcounter [-] [107975] Writer thread running {{(pid=107975) stat_writer /opt/stack/data/venv/lib/python3.12/site-packages/dbcounter.py:102}}
May 20 05:25:36.652622 np0000175273 devstack@n-api-meta.service[107972]: DEBUG oslo_db.sqlalchemy.engines [None req-dac34d6c-faef-4355-9170-9aaa95d5bb20 None None] MySQL server mode set to STRICT_TRANS_TABLES,STRICT_ALL_TABLES,NO_ZERO_IN_DATE,NO_ZERO_DATE,ERROR_FOR_DIVISION_BY_ZERO,TRADITIONAL,NO_ENGINE_SUBSTITUTION {{(pid=107972) _check_effective_sql_mode /opt/stack/data/venv/lib/python3.12/site-packages/oslo_db/sqlalchemy/engines.py:325}}
May 20 05:25:36.659512 np0000175273 devstack@n-api-meta.service[107972]: DEBUG dbcounter [-] [107972] Writer thread running {{(pid=107972) stat_writer /opt/stack/data/venv/lib/python3.12/site-packages/dbcounter.py:102}}
May 20 05:25:36.667917 np0000175273 devstack@n-api-meta.service[107974]: DEBUG dbcounter [-] [107974] Writer thread running {{(pid=107974) stat_writer /opt/stack/data/venv/lib/python3.12/site-packages/dbcounter.py:102}}
May 20 05:25:36.668507 np0000175273 devstack@n-api-meta.service[107973]: DEBUG dbcounter [-] [107973] Writer thread running {{(pid=107973) stat_writer /opt/stack/data/venv/lib/python3.12/site-packages/dbcounter.py:102}}
May 20 05:25:36.672107 np0000175273 devstack@n-api-meta.service[107973]: DEBUG dbcounter [-] [107973] Writer thread running {{(pid=107973) stat_writer /opt/stack/data/venv/lib/python3.12/site-packages/dbcounter.py:102}}
May 20 05:25:36.673553 np0000175273 devstack@n-api-meta.service[107974]: DEBUG dbcounter [-] [107974] Writer thread running {{(pid=107974) stat_writer /opt/stack/data/venv/lib/python3.12/site-packages/dbcounter.py:102}}
May 20 05:25:36.676938 np0000175273 devstack@n-api-meta.service[107974]: INFO dbcounter [None req-d8151dbf-b389-4503-92a1-8d8a80d67054 None None] Registered counter for database nova_cell0
May 20 05:25:36.677607 np0000175273 devstack@n-api-meta.service[107973]: INFO dbcounter [None req-8b7a5cb7-def0-4de9-bf3b-01fc7514e4e1 None None] Registered counter for database nova_cell0
May 20 05:25:36.687977 np0000175273 devstack@n-api-meta.service[107974]: DEBUG oslo_db.sqlalchemy.engines [None req-d8151dbf-b389-4503-92a1-8d8a80d67054 None None] MySQL server mode set to STRICT_TRANS_TABLES,STRICT_ALL_TABLES,NO_ZERO_IN_DATE,NO_ZERO_DATE,ERROR_FOR_DIVISION_BY_ZERO,TRADITIONAL,NO_ENGINE_SUBSTITUTION {{(pid=107974) _check_effective_sql_mode /opt/stack/data/venv/lib/python3.12/site-packages/oslo_db/sqlalchemy/engines.py:325}}
May 20 05:25:36.693238 np0000175273 devstack@n-api-meta.service[107975]: WARNING nova.api.metadata.handler [None req-c23a6363-6cc4-4243-a699-456c5d2e638a None None] metadata_proxy_shared_secret is not configured, the metadata information returned by the proxy cannot be trusted
May 20 05:25:36.694786 np0000175273 devstack@n-api-meta.service[107973]: DEBUG oslo_db.sqlalchemy.engines [None req-8b7a5cb7-def0-4de9-bf3b-01fc7514e4e1 None None] MySQL server mode set to STRICT_TRANS_TABLES,STRICT_ALL_TABLES,NO_ZERO_IN_DATE,NO_ZERO_DATE,ERROR_FOR_DIVISION_BY_ZERO,TRADITIONAL,NO_ENGINE_SUBSTITUTION {{(pid=107973) _check_effective_sql_mode /opt/stack/data/venv/lib/python3.12/site-packages/oslo_db/sqlalchemy/engines.py:325}}
May 20 05:25:36.695285 np0000175273 devstack@n-api-meta.service[107974]: DEBUG dbcounter [-] [107974] Writer thread running {{(pid=107974) stat_writer /opt/stack/data/venv/lib/python3.12/site-packages/dbcounter.py:102}}
May 20 05:25:36.695600 np0000175273 devstack@n-api-meta.service[107975]: DEBUG nova.api.openstack.wsgi_app [None req-c23a6363-6cc4-4243-a699-456c5d2e638a None None] ******************************************************************************** {{(pid=107975) log_opt_values /opt/stack/data/venv/lib/python3.12/site-packages/oslo_config/cfg.py:3229}}
May 20 05:25:36.695692 np0000175273 devstack@n-api-meta.service[107975]: DEBUG nova.api.openstack.wsgi_app [None req-c23a6363-6cc4-4243-a699-456c5d2e638a None None] Configuration options gathered from: {{(pid=107975) log_opt_values /opt/stack/data/venv/lib/python3.12/site-packages/oslo_config/cfg.py:3230}}
May 20 05:25:36.695972 np0000175273 devstack@n-api-meta.service[107975]: DEBUG nova.api.openstack.wsgi_app [None req-c23a6363-6cc4-4243-a699-456c5d2e638a None None] command line args: [] {{(pid=107975) log_opt_values /opt/stack/data/venv/lib/python3.12/site-packages/oslo_config/cfg.py:3231}}
May 20 05:25:36.695972 np0000175273 devstack@n-api-meta.service[107975]: DEBUG nova.api.openstack.wsgi_app [None req-c23a6363-6cc4-4243-a699-456c5d2e638a None None] config files: ['/etc/nova/api-paste.ini', '/etc/nova/nova.conf'] {{(pid=107975) log_opt_values /opt/stack/data/venv/lib/python3.12/site-packages/oslo_config/cfg.py:3232}}
May 20 05:25:36.696180 np0000175273 devstack@n-api-meta.service[107975]: DEBUG nova.api.openstack.wsgi_app [None req-c23a6363-6cc4-4243-a699-456c5d2e638a None None] ================================================================================ {{(pid=107975) log_opt_values /opt/stack/data/venv/lib/python3.12/site-packages/oslo_config/cfg.py:3237}}
May 20 05:25:36.696245 np0000175273 devstack@n-api-meta.service[107975]: DEBUG nova.api.openstack.wsgi_app [None req-c23a6363-6cc4-4243-a699-456c5d2e638a None None] allow_resize_to_same_host = True {{(pid=107975) log_opt_values /opt/stack/data/venv/lib/python3.12/site-packages/oslo_config/cfg.py:3245}}
May 20 05:25:36.696410 np0000175273 devstack@n-api-meta.service[107975]: DEBUG nova.api.openstack.wsgi_app [None req-c23a6363-6cc4-4243-a699-456c5d2e638a None None] arq_binding_timeout = 300 {{(pid=107975) log_opt_values /opt/stack/data/venv/lib/python3.12/site-packages/oslo_config/cfg.py:3245}}
May 20 05:25:36.696615 np0000175273 devstack@n-api-meta.service[107975]: DEBUG nova.api.openstack.wsgi_app [None req-c23a6363-6cc4-4243-a699-456c5d2e638a None None] block_device_allocate_retries = 60 {{(pid=107975) log_opt_values /opt/stack/data/venv/lib/python3.12/site-packages/oslo_config/cfg.py:3245}}
May 20 05:25:36.696678 np0000175273 devstack@n-api-meta.service[107975]: DEBUG nova.api.openstack.wsgi_app [None req-c23a6363-6cc4-4243-a699-456c5d2e638a None None] block_device_allocate_retries_interval = 3 {{(pid=107975) log_opt_values /opt/stack/data/venv/lib/python3.12/site-packages/oslo_config/cfg.py:3245}}
May 20 05:25:36.696774 np0000175273 devstack@n-api-meta.service[107975]: DEBUG nova.api.openstack.wsgi_app [None req-c23a6363-6cc4-4243-a699-456c5d2e638a None None] cell_worker_thread_pool_size = 5 {{(pid=107975) log_opt_values /opt/stack/data/venv/lib/python3.12/site-packages/oslo_config/cfg.py:3245}}
May 20 05:25:36.696918 np0000175273 devstack@n-api-meta.service[107975]: DEBUG nova.api.openstack.wsgi_app [None req-c23a6363-6cc4-4243-a699-456c5d2e638a None None] cert = self.pem {{(pid=107975) log_opt_values /opt/stack/data/venv/lib/python3.12/site-packages/oslo_config/cfg.py:3245}}
May 20 05:25:36.697076 np0000175273 devstack@n-api-meta.service[107975]: DEBUG nova.api.openstack.wsgi_app [None req-c23a6363-6cc4-4243-a699-456c5d2e638a None None] compute_driver = libvirt.LibvirtDriver {{(pid=107975) log_opt_values /opt/stack/data/venv/lib/python3.12/site-packages/oslo_config/cfg.py:3245}}
May 20 05:25:36.697198 np0000175273 devstack@n-api-meta.service[107975]: DEBUG nova.api.openstack.wsgi_app [None req-c23a6363-6cc4-4243-a699-456c5d2e638a None None] compute_monitors = [] {{(pid=107975) log_opt_values /opt/stack/data/venv/lib/python3.12/site-packages/oslo_config/cfg.py:3245}}
May 20 05:25:36.697327 np0000175273 devstack@n-api-meta.service[107975]: DEBUG nova.api.openstack.wsgi_app [None req-c23a6363-6cc4-4243-a699-456c5d2e638a None None] config_dir = [] {{(pid=107975) log_opt_values /opt/stack/data/venv/lib/python3.12/site-packages/oslo_config/cfg.py:3245}}
May 20 05:25:36.697463 np0000175273 devstack@n-api-meta.service[107975]: DEBUG nova.api.openstack.wsgi_app [None req-c23a6363-6cc4-4243-a699-456c5d2e638a None None] config_drive_format = iso9660 {{(pid=107975) log_opt_values /opt/stack/data/venv/lib/python3.12/site-packages/oslo_config/cfg.py:3245}}
May 20 05:25:36.697568 np0000175273 devstack@n-api-meta.service[107975]: DEBUG nova.api.openstack.wsgi_app [None req-c23a6363-6cc4-4243-a699-456c5d2e638a None None] config_file = ['/etc/nova/api-paste.ini', '/etc/nova/nova.conf'] {{(pid=107975) log_opt_values /opt/stack/data/venv/lib/python3.12/site-packages/oslo_config/cfg.py:3245}}
May 20 05:25:36.697696 np0000175273 devstack@n-api-meta.service[107975]: DEBUG nova.api.openstack.wsgi_app [None req-c23a6363-6cc4-4243-a699-456c5d2e638a None None] config_source = [] {{(pid=107975) log_opt_values /opt/stack/data/venv/lib/python3.12/site-packages/oslo_config/cfg.py:3245}}
May 20 05:25:36.697829 np0000175273 devstack@n-api-meta.service[107975]: DEBUG nova.api.openstack.wsgi_app [None req-c23a6363-6cc4-4243-a699-456c5d2e638a None None] console_host = np0000175273 {{(pid=107975) log_opt_values /opt/stack/data/venv/lib/python3.12/site-packages/oslo_config/cfg.py:3245}}
May 20 05:25:36.698018 np0000175273 devstack@n-api-meta.service[107975]: DEBUG nova.api.openstack.wsgi_app [None req-c23a6363-6cc4-4243-a699-456c5d2e638a None None] control_exchange = nova {{(pid=107975) log_opt_values /opt/stack/data/venv/lib/python3.12/site-packages/oslo_config/cfg.py:3245}}
May 20 05:25:36.698150 np0000175273 devstack@n-api-meta.service[107975]: DEBUG nova.api.openstack.wsgi_app [None req-c23a6363-6cc4-4243-a699-456c5d2e638a None None] cpu_allocation_ratio = None {{(pid=107975) log_opt_values /opt/stack/data/venv/lib/python3.12/site-packages/oslo_config/cfg.py:3245}}
May 20 05:25:36.698275 np0000175273 devstack@n-api-meta.service[107975]: DEBUG nova.api.openstack.wsgi_app [None req-c23a6363-6cc4-4243-a699-456c5d2e638a None None] daemon = False {{(pid=107975) log_opt_values /opt/stack/data/venv/lib/python3.12/site-packages/oslo_config/cfg.py:3245}}
May 20 05:25:36.698412 np0000175273 devstack@n-api-meta.service[107975]: DEBUG nova.api.openstack.wsgi_app [None req-c23a6363-6cc4-4243-a699-456c5d2e638a None None] debug = True {{(pid=107975) log_opt_values /opt/stack/data/venv/lib/python3.12/site-packages/oslo_config/cfg.py:3245}}
May 20 05:25:36.698535 np0000175273 devstack@n-api-meta.service[107975]: DEBUG nova.api.openstack.wsgi_app [None req-c23a6363-6cc4-4243-a699-456c5d2e638a None None] default_access_ip_network_name = None {{(pid=107975) log_opt_values /opt/stack/data/venv/lib/python3.12/site-packages/oslo_config/cfg.py:3245}}
May 20 05:25:36.698664 np0000175273 devstack@n-api-meta.service[107975]: DEBUG nova.api.openstack.wsgi_app [None req-c23a6363-6cc4-4243-a699-456c5d2e638a None None] default_availability_zone = nova {{(pid=107975) log_opt_values /opt/stack/data/venv/lib/python3.12/site-packages/oslo_config/cfg.py:3245}}
May 20 05:25:36.698795 np0000175273 devstack@n-api-meta.service[107975]: DEBUG nova.api.openstack.wsgi_app [None req-c23a6363-6cc4-4243-a699-456c5d2e638a None None] default_ephemeral_format = ext4 {{(pid=107975) log_opt_values /opt/stack/data/venv/lib/python3.12/site-packages/oslo_config/cfg.py:3245}}
May 20 05:25:36.698921 np0000175273 devstack@n-api-meta.service[107975]: DEBUG nova.api.openstack.wsgi_app [None req-c23a6363-6cc4-4243-a699-456c5d2e638a None None] default_green_pool_size = 1000 {{(pid=107975) log_opt_values /opt/stack/data/venv/lib/python3.12/site-packages/oslo_config/cfg.py:3245}}
May 20 05:25:36.699173 np0000175273 devstack@n-api-meta.service[107975]: DEBUG nova.api.openstack.wsgi_app [None req-c23a6363-6cc4-4243-a699-456c5d2e638a None None] default_log_levels = ['amqp=WARN', 'boto=WARN', 'sqlalchemy=WARN', 'suds=INFO', 'oslo.messaging=INFO', 'oslo_messaging=INFO', 'iso8601=WARN', 'requests.packages.urllib3.connectionpool=WARN', 'urllib3.connectionpool=WARN', 'websocket=WARN', 'requests.packages.urllib3.util.retry=WARN', 'urllib3.util.retry=WARN', 'keystonemiddleware=WARN', 'routes.middleware=WARN', 'stevedore=WARN', 'taskflow=WARN', 'keystoneauth=WARN', 'oslo.cache=INFO', 'oslo_policy=INFO', 'dogpile.core.dogpile=INFO', 'glanceclient=WARN', 'oslo.privsep.daemon=INFO'] {{(pid=107975) log_opt_values /opt/stack/data/venv/lib/python3.12/site-packages/oslo_config/cfg.py:3245}}
May 20 05:25:36.699326 np0000175273 devstack@n-api-meta.service[107975]: DEBUG nova.api.openstack.wsgi_app [None req-c23a6363-6cc4-4243-a699-456c5d2e638a None None] default_schedule_zone = None {{(pid=107975) log_opt_values /opt/stack/data/venv/lib/python3.12/site-packages/oslo_config/cfg.py:3245}}
May 20 05:25:36.699389 np0000175273 devstack@n-api-meta.service[107975]: DEBUG nova.api.openstack.wsgi_app [None req-c23a6363-6cc4-4243-a699-456c5d2e638a None None] default_thread_pool_size = 10 {{(pid=107975) log_opt_values /opt/stack/data/venv/lib/python3.12/site-packages/oslo_config/cfg.py:3245}}
May 20 05:25:36.699523 np0000175273 devstack@n-api-meta.service[107975]: DEBUG nova.api.openstack.wsgi_app [None req-c23a6363-6cc4-4243-a699-456c5d2e638a None None] disk_allocation_ratio = None {{(pid=107975) log_opt_values /opt/stack/data/venv/lib/python3.12/site-packages/oslo_config/cfg.py:3245}}
May 20 05:25:36.699645 np0000175273 devstack@n-api-meta.service[107975]: DEBUG nova.api.openstack.wsgi_app [None req-c23a6363-6cc4-4243-a699-456c5d2e638a None None] enable_new_services = True {{(pid=107975) log_opt_values /opt/stack/data/venv/lib/python3.12/site-packages/oslo_config/cfg.py:3245}}
May 20 05:25:36.699769 np0000175273 devstack@n-api-meta.service[107975]: DEBUG nova.api.openstack.wsgi_app [None req-c23a6363-6cc4-4243-a699-456c5d2e638a None None] flat_injected = False {{(pid=107975) log_opt_values /opt/stack/data/venv/lib/python3.12/site-packages/oslo_config/cfg.py:3245}}
May 20 05:25:36.699893 np0000175273 devstack@n-api-meta.service[107975]: DEBUG nova.api.openstack.wsgi_app [None req-c23a6363-6cc4-4243-a699-456c5d2e638a None None] force_config_drive = False {{(pid=107975) log_opt_values /opt/stack/data/venv/lib/python3.12/site-packages/oslo_config/cfg.py:3245}}
May 20 05:25:36.700031 np0000175273 devstack@n-api-meta.service[107975]: DEBUG nova.api.openstack.wsgi_app [None req-c23a6363-6cc4-4243-a699-456c5d2e638a None None] force_raw_images = True {{(pid=107975) log_opt_values /opt/stack/data/venv/lib/python3.12/site-packages/oslo_config/cfg.py:3245}}
May 20 05:25:36.700176 np0000175273 devstack@n-api-meta.service[107975]: DEBUG nova.api.openstack.wsgi_app [None req-c23a6363-6cc4-4243-a699-456c5d2e638a None None] graceful_shutdown_timeout = 5 {{(pid=107975) log_opt_values /opt/stack/data/venv/lib/python3.12/site-packages/oslo_config/cfg.py:3245}}
May 20 05:25:36.700303 np0000175273 devstack@n-api-meta.service[107975]: DEBUG nova.api.openstack.wsgi_app [None req-c23a6363-6cc4-4243-a699-456c5d2e638a None None] heal_instance_info_cache_interval = -1 {{(pid=107975) log_opt_values /opt/stack/data/venv/lib/python3.12/site-packages/oslo_config/cfg.py:3245}}
May 20 05:25:36.700471 np0000175273 devstack@n-api-meta.service[107975]: DEBUG nova.api.openstack.wsgi_app [None req-c23a6363-6cc4-4243-a699-456c5d2e638a None None] host = np0000175273 {{(pid=107975) log_opt_values /opt/stack/data/venv/lib/python3.12/site-packages/oslo_config/cfg.py:3245}}
May 20 05:25:36.700604 np0000175273 devstack@n-api-meta.service[107975]: DEBUG nova.api.openstack.wsgi_app [None req-c23a6363-6cc4-4243-a699-456c5d2e638a None None] initial_cpu_allocation_ratio = 4.0 {{(pid=107975) log_opt_values /opt/stack/data/venv/lib/python3.12/site-packages/oslo_config/cfg.py:3245}}
May 20 05:25:36.700733 np0000175273 devstack@n-api-meta.service[107975]: DEBUG nova.api.openstack.wsgi_app [None req-c23a6363-6cc4-4243-a699-456c5d2e638a None None] initial_disk_allocation_ratio = 1.0 {{(pid=107975) log_opt_values /opt/stack/data/venv/lib/python3.12/site-packages/oslo_config/cfg.py:3245}}
May 20 05:25:36.700859 np0000175273 devstack@n-api-meta.service[107975]: DEBUG nova.api.openstack.wsgi_app [None req-c23a6363-6cc4-4243-a699-456c5d2e638a None None] initial_ram_allocation_ratio = 1.0 {{(pid=107975) log_opt_values /opt/stack/data/venv/lib/python3.12/site-packages/oslo_config/cfg.py:3245}}
May 20 05:25:36.701055 np0000175273 devstack@n-api-meta.service[107975]: DEBUG nova.api.openstack.wsgi_app [None req-c23a6363-6cc4-4243-a699-456c5d2e638a None None] injected_network_template = /opt/stack/nova/nova/virt/interfaces.template {{(pid=107975) log_opt_values /opt/stack/data/venv/lib/python3.12/site-packages/oslo_config/cfg.py:3245}}
May 20 05:25:36.701184 np0000175273 devstack@n-api-meta.service[107975]: DEBUG nova.api.openstack.wsgi_app [None req-c23a6363-6cc4-4243-a699-456c5d2e638a None None] instance_build_timeout = 0 {{(pid=107975) log_opt_values /opt/stack/data/venv/lib/python3.12/site-packages/oslo_config/cfg.py:3245}}
May 20 05:25:36.701312 np0000175273 devstack@n-api-meta.service[107975]: DEBUG nova.api.openstack.wsgi_app [None req-c23a6363-6cc4-4243-a699-456c5d2e638a None None] instance_delete_interval = 300 {{(pid=107975) log_opt_values /opt/stack/data/venv/lib/python3.12/site-packages/oslo_config/cfg.py:3245}}
May 20 05:25:36.701446 np0000175273 devstack@n-api-meta.service[107975]: DEBUG nova.api.openstack.wsgi_app [None req-c23a6363-6cc4-4243-a699-456c5d2e638a None None] instance_format = [instance: %(uuid)s] {{(pid=107975) log_opt_values /opt/stack/data/venv/lib/python3.12/site-packages/oslo_config/cfg.py:3245}}
May 20 05:25:36.701580 np0000175273 devstack@n-api-meta.service[107975]: DEBUG nova.api.openstack.wsgi_app [None req-c23a6363-6cc4-4243-a699-456c5d2e638a None None] instance_name_template = instance-%08x {{(pid=107975) log_opt_values /opt/stack/data/venv/lib/python3.12/site-packages/oslo_config/cfg.py:3245}}
May 20 05:25:36.701704 np0000175273 devstack@n-api-meta.service[107975]: DEBUG nova.api.openstack.wsgi_app [None req-c23a6363-6cc4-4243-a699-456c5d2e638a None None] instance_usage_audit = False {{(pid=107975) log_opt_values /opt/stack/data/venv/lib/python3.12/site-packages/oslo_config/cfg.py:3245}}
May 20 05:25:36.701865 np0000175273 devstack@n-api-meta.service[107975]: DEBUG nova.api.openstack.wsgi_app [None req-c23a6363-6cc4-4243-a699-456c5d2e638a None None] instance_usage_audit_period = month {{(pid=107975) log_opt_values /opt/stack/data/venv/lib/python3.12/site-packages/oslo_config/cfg.py:3245}}
May 20 05:25:36.701983 np0000175273 devstack@n-api-meta.service[107975]: DEBUG nova.api.openstack.wsgi_app [None req-c23a6363-6cc4-4243-a699-456c5d2e638a None None] instance_uuid_format = [instance: %(uuid)s] {{(pid=107975) log_opt_values /opt/stack/data/venv/lib/python3.12/site-packages/oslo_config/cfg.py:3245}}
May 20 05:25:36.702137 np0000175273 devstack@n-api-meta.service[107975]: DEBUG nova.api.openstack.wsgi_app [None req-c23a6363-6cc4-4243-a699-456c5d2e638a None None] instances_path = /opt/stack/data/nova/instances {{(pid=107975) log_opt_values /opt/stack/data/venv/lib/python3.12/site-packages/oslo_config/cfg.py:3245}}
May 20 05:25:36.702268 np0000175273 devstack@n-api-meta.service[107975]: DEBUG nova.api.openstack.wsgi_app [None req-c23a6363-6cc4-4243-a699-456c5d2e638a None None] internal_service_availability_zone = internal {{(pid=107975) log_opt_values /opt/stack/data/venv/lib/python3.12/site-packages/oslo_config/cfg.py:3245}}
May 20 05:25:36.702391 np0000175273 devstack@n-api-meta.service[107975]: DEBUG nova.api.openstack.wsgi_app [None req-c23a6363-6cc4-4243-a699-456c5d2e638a None None] key = None {{(pid=107975) log_opt_values /opt/stack/data/venv/lib/python3.12/site-packages/oslo_config/cfg.py:3245}}
May 20 05:25:36.702516 np0000175273 devstack@n-api-meta.service[107975]: DEBUG nova.api.openstack.wsgi_app [None req-c23a6363-6cc4-4243-a699-456c5d2e638a None None] live_migration_retry_count = 30 {{(pid=107975) log_opt_values /opt/stack/data/venv/lib/python3.12/site-packages/oslo_config/cfg.py:3245}}
May 20 05:25:36.702650 np0000175273 devstack@n-api-meta.service[107975]: DEBUG nova.api.openstack.wsgi_app [None req-c23a6363-6cc4-4243-a699-456c5d2e638a None None] log_color = False {{(pid=107975) log_opt_values /opt/stack/data/venv/lib/python3.12/site-packages/oslo_config/cfg.py:3245}}
May 20 05:25:36.702786 np0000175273 devstack@n-api-meta.service[107975]: DEBUG nova.api.openstack.wsgi_app [None req-c23a6363-6cc4-4243-a699-456c5d2e638a None None] log_config_append = None {{(pid=107975) log_opt_values /opt/stack/data/venv/lib/python3.12/site-packages/oslo_config/cfg.py:3245}}
May 20 05:25:36.702919 np0000175273 devstack@n-api-meta.service[107975]: DEBUG nova.api.openstack.wsgi_app [None req-c23a6363-6cc4-4243-a699-456c5d2e638a None None] log_date_format = %Y-%m-%d %H:%M:%S {{(pid=107975) log_opt_values /opt/stack/data/venv/lib/python3.12/site-packages/oslo_config/cfg.py:3245}}
May 20 05:25:36.703081 np0000175273 devstack@n-api-meta.service[107975]: DEBUG nova.api.openstack.wsgi_app [None req-c23a6363-6cc4-4243-a699-456c5d2e638a None None] log_dir = None {{(pid=107975) log_opt_values /opt/stack/data/venv/lib/python3.12/site-packages/oslo_config/cfg.py:3245}}
May 20 05:25:36.703210 np0000175273 devstack@n-api-meta.service[107975]: DEBUG nova.api.openstack.wsgi_app [None req-c23a6363-6cc4-4243-a699-456c5d2e638a None None] log_file = None {{(pid=107975) log_opt_values /opt/stack/data/venv/lib/python3.12/site-packages/oslo_config/cfg.py:3245}}
May 20 05:25:36.703310 np0000175273 devstack@n-api-meta.service[107975]: DEBUG nova.api.openstack.wsgi_app [None req-c23a6363-6cc4-4243-a699-456c5d2e638a None None] log_options = True {{(pid=107975) log_opt_values /opt/stack/data/venv/lib/python3.12/site-packages/oslo_config/cfg.py:3245}}
May 20 05:25:36.703437 np0000175273 devstack@n-api-meta.service[107975]: DEBUG nova.api.openstack.wsgi_app [None req-c23a6363-6cc4-4243-a699-456c5d2e638a None None] log_rotate_interval = 1 {{(pid=107975) log_opt_values /opt/stack/data/venv/lib/python3.12/site-packages/oslo_config/cfg.py:3245}}
May 20 05:25:36.703569 np0000175273 devstack@n-api-meta.service[107975]: DEBUG nova.api.openstack.wsgi_app [None req-c23a6363-6cc4-4243-a699-456c5d2e638a None None] log_rotate_interval_type = days {{(pid=107975) log_opt_values /opt/stack/data/venv/lib/python3.12/site-packages/oslo_config/cfg.py:3245}}
May 20 05:25:36.703701 np0000175273 devstack@n-api-meta.service[107975]: DEBUG nova.api.openstack.wsgi_app [None req-c23a6363-6cc4-4243-a699-456c5d2e638a None None] log_rotation_type = none {{(pid=107975) log_opt_values /opt/stack/data/venv/lib/python3.12/site-packages/oslo_config/cfg.py:3245}}
May 20 05:25:36.703799 np0000175273 devstack@n-api-meta.service[107975]: DEBUG nova.api.openstack.wsgi_app [None req-c23a6363-6cc4-4243-a699-456c5d2e638a None None] logging_context_format_string = %(color)s%(levelname)s %(name)s [%(global_request_id)s %(request_id)s %(project_name)s %(user_name)s%(color)s] %(instance)s%(color)s%(message)s {{(pid=107975) log_opt_values /opt/stack/data/venv/lib/python3.12/site-packages/oslo_config/cfg.py:3245}}
May 20 05:25:36.703896 np0000175273 devstack@n-api-meta.service[107975]: DEBUG nova.api.openstack.wsgi_app [None req-c23a6363-6cc4-4243-a699-456c5d2e638a None None] logging_debug_format_suffix = {{(pid=%(process)d) %(funcName)s %(pathname)s:%(lineno)d}} {{(pid=107975) log_opt_values /opt/stack/data/venv/lib/python3.12/site-packages/oslo_config/cfg.py:3245}}
