May 12 19:07:05.984560 np0000173799 devstack@neutron-api.service[103096]: DEBUG neutron.api.extensions [None req-e10bc5b9-b2c7-44d4-ac07-70bb37da2e33 None None] Loading extension file: network_ip_availability.py {{(pid=103096) _load_all_extensions_from_path /opt/stack/neutron/neutron/api/extensions.py:449}}
May 12 19:07:05.985518 np0000173799 devstack@neutron-api.service[103096]: DEBUG neutron.api.extensions [None req-e10bc5b9-b2c7-44d4-ac07-70bb37da2e33 None None] Ext name="Network IP Availability" alias="network-ip-availability" description="Provides IP availability data for each network and subnet." updated="2015-09-24T00:00:00-00:00" {{(pid=103096) _check_extension /opt/stack/neutron/neutron/api/extensions.py:415}}
May 12 19:07:05.985718 np0000173799 devstack@neutron-api.service[103098]: DEBUG neutron.manager [None req-638708f4-4ae5-44ce-865f-045b96b9e42d None None] Successfully loaded network-ip-availability plugin. Description: Provides IP availability data for each network and subnet. {{(pid=103098) _create_and_add_service_plugin /opt/stack/neutron/neutron/manager.py:239}}
May 12 19:07:05.985718 np0000173799 devstack@neutron-api.service[103098]: INFO neutron.manager [None req-638708f4-4ae5-44ce-865f-045b96b9e42d None None] Loading Plugin: flavors
May 12 19:07:05.985789 np0000173799 devstack@neutron-api.service[103096]: INFO neutron.api.extensions [None req-e10bc5b9-b2c7-44d4-ac07-70bb37da2e33 None None] Loaded extension: network-ip-availability
May 12 19:07:05.985789 np0000173799 devstack@neutron-api.service[103096]: DEBUG neutron.api.extensions [None req-e10bc5b9-b2c7-44d4-ac07-70bb37da2e33 None None] Loading extension file: network_ip_availability_details.py {{(pid=103096) _load_all_extensions_from_path /opt/stack/neutron/neutron/api/extensions.py:449}}
May 12 19:07:05.985789 np0000173799 devstack@neutron-api.service[103096]: DEBUG neutron.api.extensions [None req-e10bc5b9-b2c7-44d4-ac07-70bb37da2e33 None None] Ext name="Network IP Availability Details Extension" alias="network-ip-availability-details" description="Add ip_availability_details attribute to network-ip-availabilities resource." updated="2025-10-31T00:00:00-00:00" {{(pid=103096) _check_extension /opt/stack/neutron/neutron/api/extensions.py:415}}
May 12 19:07:05.985789 np0000173799 devstack@neutron-api.service[103096]: INFO neutron.api.extensions [None req-e10bc5b9-b2c7-44d4-ac07-70bb37da2e33 None None] Loaded extension: network-ip-availability-details
May 12 19:07:05.985789 np0000173799 devstack@neutron-api.service[103096]: DEBUG neutron.api.extensions [None req-e10bc5b9-b2c7-44d4-ac07-70bb37da2e33 None None] Loading extension file: network_segment_range.py {{(pid=103096) _load_all_extensions_from_path /opt/stack/neutron/neutron/api/extensions.py:449}}
May 12 19:07:05.985970 np0000173799 devstack@neutron-api.service[103096]: DEBUG neutron.api.extensions [None req-e10bc5b9-b2c7-44d4-ac07-70bb37da2e33 None None] Ext name="Neutron Network Segment Range" alias="network-segment-range" description="Provides support for the network segment range management" updated="2018-11-29T00:00:00-00:00" {{(pid=103096) _check_extension /opt/stack/neutron/neutron/api/extensions.py:415}}
May 12 19:07:05.986072 np0000173799 devstack@neutron-api.service[103098]: DEBUG neutron.manager [None req-638708f4-4ae5-44ce-865f-045b96b9e42d None None] Successfully loaded FLAVORS plugin. Description: Neutron Flavors and Service Profiles manager plugin {{(pid=103098) _create_and_add_service_plugin /opt/stack/neutron/neutron/manager.py:239}}
May 12 19:07:05.986072 np0000173799 devstack@neutron-api.service[103098]: INFO neutron.manager [None req-638708f4-4ae5-44ce-865f-045b96b9e42d None None] Loading Plugin: revisions
May 12 19:07:05.986155 np0000173799 devstack@neutron-api.service[103096]: INFO neutron.api.extensions [None req-e10bc5b9-b2c7-44d4-ac07-70bb37da2e33 None None] Extension network-segment-range not supported by any of loaded plugins
May 12 19:07:05.986155 np0000173799 devstack@neutron-api.service[103096]: DEBUG neutron.api.extensions [None req-e10bc5b9-b2c7-44d4-ac07-70bb37da2e33 None None] Loading extension file: pagination.py {{(pid=103096) _load_all_extensions_from_path /opt/stack/neutron/neutron/api/extensions.py:449}}
May 12 19:07:05.986419 np0000173799 devstack@neutron-api.service[103096]: DEBUG neutron.api.extensions [None req-e10bc5b9-b2c7-44d4-ac07-70bb37da2e33 None None] Ext name="Pagination support" alias="pagination" description="Extension that indicates that pagination is enabled." updated="2016-06-12T00:00:00-00:00" {{(pid=103096) _check_extension /opt/stack/neutron/neutron/api/extensions.py:415}}
May 12 19:07:05.986419 np0000173799 devstack@neutron-api.service[103096]: INFO neutron.api.extensions [None req-e10bc5b9-b2c7-44d4-ac07-70bb37da2e33 None None] Loaded extension: pagination
May 12 19:07:05.986569 np0000173799 devstack@neutron-api.service[103096]: DEBUG neutron.api.extensions [None req-e10bc5b9-b2c7-44d4-ac07-70bb37da2e33 None None] Loading extension file: port_device_profile.py {{(pid=103096) _load_all_extensions_from_path /opt/stack/neutron/neutron/api/extensions.py:449}}
May 12 19:07:05.986765 np0000173799 devstack@neutron-api.service[103096]: DEBUG neutron.api.extensions [None req-e10bc5b9-b2c7-44d4-ac07-70bb37da2e33 None None] Ext name="Port device profile" alias="port-device-profile" description="Expose the port device profile (Cyborg)" updated="2020-12-17T10:00:00-00:00" {{(pid=103096) _check_extension /opt/stack/neutron/neutron/api/extensions.py:415}}
May 12 19:07:05.986908 np0000173799 devstack@neutron-api.service[103096]: INFO neutron.api.extensions [None req-e10bc5b9-b2c7-44d4-ac07-70bb37da2e33 None None] Loaded extension: port-device-profile
May 12 19:07:05.987104 np0000173799 devstack@neutron-api.service[103096]: DEBUG neutron.api.extensions [None req-e10bc5b9-b2c7-44d4-ac07-70bb37da2e33 None None] Loading extension file: port_hardware_offload_type.py {{(pid=103096) _load_all_extensions_from_path /opt/stack/neutron/neutron/api/extensions.py:449}}
May 12 19:07:05.987249 np0000173799 devstack@neutron-api.service[103098]: DEBUG neutron.manager [None req-638708f4-4ae5-44ce-865f-045b96b9e42d None None] Successfully loaded revision_plugin plugin. Description: Adds revision numbers to resources. {{(pid=103098) _create_and_add_service_plugin /opt/stack/neutron/neutron/manager.py:239}}
May 12 19:07:05.987249 np0000173799 devstack@neutron-api.service[103098]: DEBUG oslo_concurrency.lockutils [None req-638708f4-4ae5-44ce-865f-045b96b9e42d None None] Lock "manager" "released" by "neutron.manager.NeutronManager._create_instance" :: held 5.013s {{(pid=103098) inner /opt/stack/data/venv/lib/python3.12/site-packages/oslo_concurrency/lockutils.py:538}}
May 12 19:07:05.987507 np0000173799 devstack@neutron-api.service[103096]: DEBUG neutron.api.extensions [None req-e10bc5b9-b2c7-44d4-ac07-70bb37da2e33 None None] Ext name="Port hardware offload" alias="port-hardware-offload-type" description="Expose port hardware offload extension" updated="2023-05-09T10:00:00-00:00" {{(pid=103096) _check_extension /opt/stack/neutron/neutron/api/extensions.py:415}}
May 12 19:07:05.987507 np0000173799 devstack@neutron-api.service[103096]: INFO neutron.api.extensions [None req-e10bc5b9-b2c7-44d4-ac07-70bb37da2e33 None None] Extension port-hardware-offload-type not supported by any of loaded plugins
May 12 19:07:05.987851 np0000173799 devstack@neutron-api.service[103098]: DEBUG neutron.api.extensions [None req-638708f4-4ae5-44ce-865f-045b96b9e42d None None] get_extension_paths = OrderedDict({'/opt/stack/neutron/neutron/extensions': 1}) {{(pid=103098) get_extensions_path /opt/stack/neutron/neutron/api/extensions.py:640}}
May 12 19:07:05.987924 np0000173799 devstack@neutron-api.service[103096]: DEBUG neutron.api.extensions [None req-e10bc5b9-b2c7-44d4-ac07-70bb37da2e33 None None] Loading extension file: port_hint_ovs_tx_steering.py {{(pid=103096) _load_all_extensions_from_path /opt/stack/neutron/neutron/api/extensions.py:449}}
May 12 19:07:05.988154 np0000173799 devstack@neutron-api.service[103098]: INFO neutron.api.extensions [None req-638708f4-4ae5-44ce-865f-045b96b9e42d None None] Initializing extension manager.
May 12 19:07:05.988372 np0000173799 devstack@neutron-api.service[103096]: DEBUG neutron.api.extensions [None req-e10bc5b9-b2c7-44d4-ac07-70bb37da2e33 None None] Ext name="Port hint: Open vSwitch Tx steering" alias="port-hint-ovs-tx-steering" description="Enable Port hint: Open vSwitch Tx steering" updated="2023-01-01T00:00:00-00:00" {{(pid=103096) _check_extension /opt/stack/neutron/neutron/api/extensions.py:415}}
May 12 19:07:05.988602 np0000173799 devstack@neutron-api.service[103098]: DEBUG neutron.api.extensions [None req-638708f4-4ae5-44ce-865f-045b96b9e42d None None] Loading extension file: __init__.py {{(pid=103098) _load_all_extensions_from_path /opt/stack/neutron/neutron/api/extensions.py:449}}
May 12 19:07:05.988863 np0000173799 devstack@neutron-api.service[103096]: INFO neutron.api.extensions [None req-e10bc5b9-b2c7-44d4-ac07-70bb37da2e33 None None] Extension port-hint-ovs-tx-steering not supported by any of loaded plugins
May 12 19:07:05.989044 np0000173799 devstack@neutron-api.service[103098]: DEBUG neutron.api.extensions [None req-638708f4-4ae5-44ce-865f-045b96b9e42d None None] Loading extension file: __pycache__ {{(pid=103098) _load_all_extensions_from_path /opt/stack/neutron/neutron/api/extensions.py:449}}
May 12 19:07:05.989157 np0000173799 devstack@neutron-api.service[103096]: DEBUG neutron.api.extensions [None req-e10bc5b9-b2c7-44d4-ac07-70bb37da2e33 None None] Loading extension file: port_hints.py {{(pid=103096) _load_all_extensions_from_path /opt/stack/neutron/neutron/api/extensions.py:449}}
May 12 19:07:05.989199 np0000173799 devstack@neutron-api.service[103098]: DEBUG neutron.api.extensions [None req-638708f4-4ae5-44ce-865f-045b96b9e42d None None] Loading extension file: address_group.py {{(pid=103098) _load_all_extensions_from_path /opt/stack/neutron/neutron/api/extensions.py:449}}
May 12 19:07:05.989272 np0000173799 devstack@neutron-api.service[103096]: DEBUG neutron.api.extensions [None req-e10bc5b9-b2c7-44d4-ac07-70bb37da2e33 None None] Ext name="Port hints" alias="port-hints" description="Backend specific port hints to allow backend specific tuning" updated="2023-01-01T00:00:00-00:00" {{(pid=103096) _check_extension /opt/stack/neutron/neutron/api/extensions.py:415}}
May 12 19:07:05.989272 np0000173799 devstack@neutron-api.service[103096]: INFO neutron.api.extensions [None req-e10bc5b9-b2c7-44d4-ac07-70bb37da2e33 None None] Extension port-hints not supported by any of loaded plugins
May 12 19:07:05.989385 np0000173799 devstack@neutron-api.service[103098]: DEBUG neutron.api.extensions [None req-638708f4-4ae5-44ce-865f-045b96b9e42d None None] Ext name="Address group" alias="address-group" description="Support address group" updated="2020-07-15T10:00:00-00:00" {{(pid=103098) _check_extension /opt/stack/neutron/neutron/api/extensions.py:415}}
May 12 19:07:05.993579 np0000173799 devstack@neutron-api.service[103096]: DEBUG neutron.api.extensions [None req-e10bc5b9-b2c7-44d4-ac07-70bb37da2e33 None None] Loading extension file: port_mac_address_override.py {{(pid=103096) _load_all_extensions_from_path /opt/stack/neutron/neutron/api/extensions.py:449}}
May 12 19:07:05.993971 np0000173799 devstack@neutron-api.service[103098]: INFO neutron.api.extensions [None req-638708f4-4ae5-44ce-865f-045b96b9e42d None None] Loaded extension: address-group
May 12 19:07:05.994301 np0000173799 devstack@neutron-api.service[103096]: DEBUG neutron.api.extensions [None req-e10bc5b9-b2c7-44d4-ac07-70bb37da2e33 None None] Ext name="Neutron Port MAC address override" alias="port-mac-override" description="Allow overriding the MAC address of a direct-physical Port via the active binding profile" updated="2022-03-18T10:00:00-00:00" {{(pid=103096) _check_extension /opt/stack/neutron/neutron/api/extensions.py:415}}
May 12 19:07:05.994660 np0000173799 devstack@neutron-api.service[103098]: DEBUG neutron.api.extensions [None req-638708f4-4ae5-44ce-865f-045b96b9e42d None None] Loading extension file: address_scope.py {{(pid=103098) _load_all_extensions_from_path /opt/stack/neutron/neutron/api/extensions.py:449}}
May 12 19:07:05.994974 np0000173799 devstack@neutron-api.service[103096]: INFO neutron.api.extensions [None req-e10bc5b9-b2c7-44d4-ac07-70bb37da2e33 None None] Extension port-mac-override not supported by any of loaded plugins
May 12 19:07:05.994974 np0000173799 devstack@neutron-api.service[103096]: DEBUG neutron.api.extensions [None req-e10bc5b9-b2c7-44d4-ac07-70bb37da2e33 None None] Loading extension file: port_mac_address_regenerate.py {{(pid=103096) _load_all_extensions_from_path /opt/stack/neutron/neutron/api/extensions.py:449}}
May 12 19:07:05.995254 np0000173799 devstack@neutron-api.service[103098]: DEBUG neutron.api.extensions [None req-638708f4-4ae5-44ce-865f-045b96b9e42d None None] Ext name="Address scope" alias="address-scope" description="Address scopes extension." updated="2015-07-26T10:00:00-00:00" {{(pid=103098) _check_extension /opt/stack/neutron/neutron/api/extensions.py:415}}
May 12 19:07:05.995294 np0000173799 devstack@neutron-api.service[103096]: DEBUG neutron.api.extensions [None req-e10bc5b9-b2c7-44d4-ac07-70bb37da2e33 None None] Ext name="Neutron Port MAC address regenerate" alias="port-mac-address-regenerate" description="Network port MAC address regenerate" updated="2018-05-03T10:00:00-00:00" {{(pid=103096) _check_extension /opt/stack/neutron/neutron/api/extensions.py:415}}
May 12 19:07:05.995329 np0000173799 devstack@neutron-api.service[103098]: INFO neutron.api.extensions [None req-638708f4-4ae5-44ce-865f-045b96b9e42d None None] Loaded extension: address-scope
May 12 19:07:05.995363 np0000173799 devstack@neutron-api.service[103096]: INFO neutron.api.extensions [None req-e10bc5b9-b2c7-44d4-ac07-70bb37da2e33 None None] Loaded extension: port-mac-address-regenerate
May 12 19:07:05.995404 np0000173799 devstack@neutron-api.service[103098]: DEBUG neutron.api.extensions [None req-638708f4-4ae5-44ce-865f-045b96b9e42d None None] Loading extension file: admin_state_down_before_update.py {{(pid=103098) _load_all_extensions_from_path /opt/stack/neutron/neutron/api/extensions.py:449}}
May 12 19:07:05.995466 np0000173799 devstack@neutron-api.service[103096]: DEBUG neutron.api.extensions [None req-e10bc5b9-b2c7-44d4-ac07-70bb37da2e33 None None] Loading extension file: port_numa_affinity_policy.py {{(pid=103096) _load_all_extensions_from_path /opt/stack/neutron/neutron/api/extensions.py:449}}
May 12 19:07:05.995503 np0000173799 devstack@neutron-api.service[103098]: DEBUG neutron.api.extensions [None req-638708f4-4ae5-44ce-865f-045b96b9e42d None None] Ext name="Enforce Router's Admin State Down Before Update Extension" alias="router-admin-state-down-before-update" description="Ensure that the admin state of a router is DOWN (admin_state_up=False) before updating the distributed attribute" updated="2019-07-02T15:56:00" {{(pid=103098) _check_extension /opt/stack/neutron/neutron/api/extensions.py:415}}
May 12 19:07:05.995542 np0000173799 devstack@neutron-api.service[103096]: DEBUG neutron.api.extensions [None req-e10bc5b9-b2c7-44d4-ac07-70bb37da2e33 None None] Ext name="Port NUMA affinity policy" alias="port-numa-affinity-policy" description="Expose the port NUMA affinity policy" updated="2020-07-08T10:00:00-00:00" {{(pid=103096) _check_extension /opt/stack/neutron/neutron/api/extensions.py:415}}
May 12 19:07:05.995579 np0000173799 devstack@neutron-api.service[103098]: INFO neutron.api.extensions [None req-638708f4-4ae5-44ce-865f-045b96b9e42d None None] Extension router-admin-state-down-before-update not supported by any of loaded plugins
May 12 19:07:05.995613 np0000173799 devstack@neutron-api.service[103096]: INFO neutron.api.extensions [None req-e10bc5b9-b2c7-44d4-ac07-70bb37da2e33 None None] Loaded extension: port-numa-affinity-policy
May 12 19:07:05.995613 np0000173799 devstack@neutron-api.service[103096]: DEBUG neutron.api.extensions [None req-e10bc5b9-b2c7-44d4-ac07-70bb37da2e33 None None] Loading extension file: port_numa_affinity_policy_socket.py {{(pid=103096) _load_all_extensions_from_path /opt/stack/neutron/neutron/api/extensions.py:449}}
May 12 19:07:05.995675 np0000173799 devstack@neutron-api.service[103098]: DEBUG neutron.api.extensions [None req-638708f4-4ae5-44ce-865f-045b96b9e42d None None] Loading extension file: agent.py {{(pid=103098) _load_all_extensions_from_path /opt/stack/neutron/neutron/api/extensions.py:449}}
May 12 19:07:05.995718 np0000173799 devstack@neutron-api.service[103096]: DEBUG neutron.api.extensions [None req-e10bc5b9-b2c7-44d4-ac07-70bb37da2e33 None None] Ext name="Port NUMA affinity policy "socket"" alias="port-numa-affinity-policy-socket" description="Adds "socket" to the supported port NUMA affinity policies" updated="2024-02-09T10:00:00-00:00" {{(pid=103096) _check_extension /opt/stack/neutron/neutron/api/extensions.py:415}}
May 12 19:07:05.995758 np0000173799 devstack@neutron-api.service[103098]: DEBUG neutron.api.extensions [None req-638708f4-4ae5-44ce-865f-045b96b9e42d None None] Ext name="agent" alias="agent" description="The agent management extension." updated="2013-02-03T10:00:00-00:00" {{(pid=103098) _check_extension /opt/stack/neutron/neutron/api/extensions.py:415}}
May 12 19:07:05.995802 np0000173799 devstack@neutron-api.service[103096]: INFO neutron.api.extensions [None req-e10bc5b9-b2c7-44d4-ac07-70bb37da2e33 None None] Loaded extension: port-numa-affinity-policy-socket
May 12 19:07:05.995802 np0000173799 devstack@neutron-api.service[103096]: DEBUG neutron.api.extensions [None req-e10bc5b9-b2c7-44d4-ac07-70bb37da2e33 None None] Loading extension file: port_resource_request.py {{(pid=103096) _load_all_extensions_from_path /opt/stack/neutron/neutron/api/extensions.py:449}}
May 12 19:07:05.995876 np0000173799 devstack@neutron-api.service[103098]: INFO neutron.api.extensions [None req-638708f4-4ae5-44ce-865f-045b96b9e42d None None] Loaded extension: agent
May 12 19:07:05.995910 np0000173799 devstack@neutron-api.service[103097]: DEBUG neutron_lib.callbacks.manager [None req-dd9c7f35-33a4-450d-b513-dd1cdf348bd3 None None] Subscribe: > router before_delete 55550000, False {{(pid=103097) subscribe /opt/stack/data/venv/lib/python3.12/site-packages/neutron_lib/callbacks/manager.py:52}}
May 12 19:07:05.995955 np0000173799 devstack@neutron-api.service[103098]: DEBUG neutron.api.extensions [None req-638708f4-4ae5-44ce-865f-045b96b9e42d None None] Loading extension file: agent_resources_synced.py {{(pid=103098) _load_all_extensions_from_path /opt/stack/neutron/neutron/api/extensions.py:449}}
May 12 19:07:05.995989 np0000173799 devstack@neutron-api.service[103097]: DEBUG neutron_lib.callbacks.manager [None req-dd9c7f35-33a4-450d-b513-dd1cdf348bd3 None None] Subscribe: port before_update 55550000, False {{(pid=103097) subscribe /opt/stack/data/venv/lib/python3.12/site-packages/neutron_lib/callbacks/manager.py:52}}
May 12 19:07:05.996031 np0000173799 devstack@neutron-api.service[103096]: DEBUG neutron.api.extensions [None req-e10bc5b9-b2c7-44d4-ac07-70bb37da2e33 None None] Ext name="Port Resource Request" alias="port-resource-request" description="Expose resource request to Port" updated="2018-05-08T10:00:00-00:00" {{(pid=103096) _check_extension /opt/stack/neutron/neutron/api/extensions.py:415}}
May 12 19:07:05.996072 np0000173799 devstack@neutron-api.service[103097]: DEBUG neutron_lib.callbacks.manager [None req-dd9c7f35-33a4-450d-b513-dd1cdf348bd3 None None] Subscribe: port after_update 55550000, False {{(pid=103097) subscribe /opt/stack/data/venv/lib/python3.12/site-packages/neutron_lib/callbacks/manager.py:52}}
May 12 19:07:05.996107 np0000173799 devstack@neutron-api.service[103098]: DEBUG neutron.api.extensions [None req-638708f4-4ae5-44ce-865f-045b96b9e42d None None] Ext name="Agent's Resource View Synced to Placement" alias="agent-resources-synced" description="Stores success/failure of last sync to Placement" updated="2018-12-19T00:00:00-00:00" {{(pid=103098) _check_extension /opt/stack/neutron/neutron/api/extensions.py:415}}
May 12 19:07:05.996141 np0000173799 devstack@neutron-api.service[103097]: DEBUG neutron_lib.callbacks.manager [None req-dd9c7f35-33a4-450d-b513-dd1cdf348bd3 None None] Subscribe: > port precommit_delete 55550000, False {{(pid=103097) subscribe /opt/stack/data/venv/lib/python3.12/site-packages/neutron_lib/callbacks/manager.py:52}}
May 12 19:07:05.996177 np0000173799 devstack@neutron-api.service[103096]: INFO neutron.api.extensions [None req-e10bc5b9-b2c7-44d4-ac07-70bb37da2e33 None None] Extension port-resource-request not supported by any of loaded plugins
May 12 19:07:05.996209 np0000173799 devstack@neutron-api.service[103098]: INFO neutron.api.extensions [None req-638708f4-4ae5-44ce-865f-045b96b9e42d None None] Extension agent-resources-synced not supported by any of loaded plugins
May 12 19:07:05.996241 np0000173799 devstack@neutron-api.service[103097]: DEBUG neutron_lib.callbacks.manager [None req-dd9c7f35-33a4-450d-b513-dd1cdf348bd3 None None] Subscribe: port before_update 55550000, False {{(pid=103097) subscribe /opt/stack/data/venv/lib/python3.12/site-packages/neutron_lib/callbacks/manager.py:52}}
May 12 19:07:05.996284 np0000173799 devstack@neutron-api.service[103096]: DEBUG neutron.api.extensions [None req-e10bc5b9-b2c7-44d4-ac07-70bb37da2e33 None None] Loading extension file: port_resource_request_groups.py {{(pid=103096) _load_all_extensions_from_path /opt/stack/neutron/neutron/api/extensions.py:449}}
May 12 19:07:05.996324 np0000173799 devstack@neutron-api.service[103098]: DEBUG neutron.api.extensions [None req-638708f4-4ae5-44ce-865f-045b96b9e42d None None] Loading extension file: agent_sort_key.py {{(pid=103098) _load_all_extensions_from_path /opt/stack/neutron/neutron/api/extensions.py:449}}
May 12 19:07:05.996374 np0000173799 devstack@neutron-api.service[103097]: DEBUG neutron_lib.callbacks.manager [None req-dd9c7f35-33a4-450d-b513-dd1cdf348bd3 None None] Subscribe: port before_delete 55550000, False {{(pid=103097) subscribe /opt/stack/data/venv/lib/python3.12/site-packages/neutron_lib/callbacks/manager.py:52}}
May 12 19:07:05.996374 np0000173799 devstack@neutron-api.service[103097]: DEBUG neutron_lib.callbacks.manager [None req-dd9c7f35-33a4-450d-b513-dd1cdf348bd3 None None] Subscribe: > router precommit_create 55550000, False {{(pid=103097) subscribe /opt/stack/data/venv/lib/python3.12/site-packages/neutron_lib/callbacks/manager.py:52}}
May 12 19:07:05.996474 np0000173799 devstack@neutron-api.service[103096]: DEBUG neutron.api.extensions [None req-e10bc5b9-b2c7-44d4-ac07-70bb37da2e33 None None] Ext name="Port Resource Request Groups" alias="port-resource-request-groups" description="Support requesting multiple groups of resources and traits from the same RP subtree in resource_request" updated="2021-08-02T10:00:00-00:00" {{(pid=103096) _check_extension /opt/stack/neutron/neutron/api/extensions.py:415}}
May 12 19:07:05.996528 np0000173799 devstack@neutron-api.service[103097]: DEBUG neutron_lib.callbacks.manager [None req-dd9c7f35-33a4-450d-b513-dd1cdf348bd3 None None] Subscribe: > router precommit_create 55550000, False {{(pid=103097) subscribe /opt/stack/data/venv/lib/python3.12/site-packages/neutron_lib/callbacks/manager.py:52}}
May 12 19:07:05.996567 np0000173799 devstack@neutron-api.service[103098]: DEBUG neutron.api.extensions [None req-638708f4-4ae5-44ce-865f-045b96b9e42d None None] Ext name="Agents Sort Key" alias="agent_sort_key" description="Enabling the keyword sort_key for sorting in agents." updated="2013-02-03T10:00:00-00:00" {{(pid=103098) _check_extension /opt/stack/neutron/neutron/api/extensions.py:415}}
May 12 19:07:05.996611 np0000173799 devstack@neutron-api.service[103097]: DEBUG neutron_lib.callbacks.manager [None req-dd9c7f35-33a4-450d-b513-dd1cdf348bd3 None None] Subscribe: > router precommit_update 55550000, False {{(pid=103097) subscribe /opt/stack/data/venv/lib/python3.12/site-packages/neutron_lib/callbacks/manager.py:52}}
May 12 19:07:05.996651 np0000173799 devstack@neutron-api.service[103098]: INFO neutron.api.extensions [None req-638708f4-4ae5-44ce-865f-045b96b9e42d None None] Extension agent_sort_key not supported by any of loaded plugins
May 12 19:07:05.996684 np0000173799 devstack@neutron-api.service[103096]: INFO neutron.api.extensions [None req-e10bc5b9-b2c7-44d4-ac07-70bb37da2e33 None None] Extension port-resource-request-groups not supported by any of loaded plugins
May 12 19:07:05.996716 np0000173799 devstack@neutron-api.service[103097]: DEBUG neutron_lib.callbacks.manager [None req-dd9c7f35-33a4-450d-b513-dd1cdf348bd3 None None] Subscribe: subnet after_update 55550000, False {{(pid=103097) subscribe /opt/stack/data/venv/lib/python3.12/site-packages/neutron_lib/callbacks/manager.py:52}}
May 12 19:07:05.996750 np0000173799 devstack@neutron-api.service[103098]: DEBUG neutron.api.extensions [None req-638708f4-4ae5-44ce-865f-045b96b9e42d None None] Loading extension file: allowedaddresspairs.py {{(pid=103098) _load_all_extensions_from_path /opt/stack/neutron/neutron/api/extensions.py:449}}
May 12 19:07:05.996782 np0000173799 devstack@neutron-api.service[103096]: DEBUG neutron.api.extensions [None req-e10bc5b9-b2c7-44d4-ac07-70bb37da2e33 None None] Loading extension file: port_trusted_vif.py {{(pid=103096) _load_all_extensions_from_path /opt/stack/neutron/neutron/api/extensions.py:449}}
May 12 19:07:05.996818 np0000173799 devstack@neutron-api.service[103097]: DEBUG neutron.quota.resource_registry [None req-dd9c7f35-33a4-450d-b513-dd1cdf348bd3 None None] Tracking information for resource: router configured {{(pid=103097) set_tracked_resource /opt/stack/neutron/neutron/quota/resource_registry.py:203}}
May 12 19:07:05.996818 np0000173799 devstack@neutron-api.service[103097]: DEBUG neutron.quota.resource_registry [None req-dd9c7f35-33a4-450d-b513-dd1cdf348bd3 None None] Tracking information for resource: floatingip configured {{(pid=103097) set_tracked_resource /opt/stack/neutron/neutron/quota/resource_registry.py:203}}
May 12 19:07:05.996818 np0000173799 devstack@neutron-api.service[103097]: INFO neutron.services.ovn_l3.plugin [None req-dd9c7f35-33a4-450d-b513-dd1cdf348bd3 None None] Starting OVNL3RouterPlugin
May 12 19:07:05.996934 np0000173799 devstack@neutron-api.service[103096]: DEBUG neutron.api.extensions [None req-e10bc5b9-b2c7-44d4-ac07-70bb37da2e33 None None] Ext name="Port trusted vif" alias="port-trusted-vif" description="Expose port 'trusted' attribute in the API" updated="2024-07-10T10:00:00-00:00" {{(pid=103096) _check_extension /opt/stack/neutron/neutron/api/extensions.py:415}}
May 12 19:07:05.996934 np0000173799 devstack@neutron-api.service[103096]: INFO neutron.api.extensions [None req-e10bc5b9-b2c7-44d4-ac07-70bb37da2e33 None None] Extension port-trusted-vif not supported by any of loaded plugins
May 12 19:07:05.996996 np0000173799 devstack@neutron-api.service[103097]: DEBUG neutron_lib.callbacks.manager [None req-dd9c7f35-33a4-450d-b513-dd1cdf348bd3 None None] Subscribe: > port_forwarding_plugin after_init 55550000, False {{(pid=103097) subscribe /opt/stack/data/venv/lib/python3.12/site-packages/neutron_lib/callbacks/manager.py:52}}
May 12 19:07:05.997030 np0000173799 devstack@neutron-api.service[103096]: DEBUG neutron.api.extensions [None req-e10bc5b9-b2c7-44d4-ac07-70bb37da2e33 None None] Loading extension file: portbindings.py {{(pid=103096) _load_all_extensions_from_path /opt/stack/neutron/neutron/api/extensions.py:449}}
May 12 19:07:05.997110 np0000173799 devstack@neutron-api.service[103098]: DEBUG neutron.api.extensions [None req-638708f4-4ae5-44ce-865f-045b96b9e42d None None] Ext name="Allowed Address Pairs" alias="allowed-address-pairs" description="Provides allowed address pairs" updated="2013-07-23T10:00:00-00:00" {{(pid=103098) _check_extension /opt/stack/neutron/neutron/api/extensions.py:415}}
May 12 19:07:05.997149 np0000173799 devstack@neutron-api.service[103097]: DEBUG neutron_lib.callbacks.manager [None req-dd9c7f35-33a4-450d-b513-dd1cdf348bd3 None None] Subscribe: > router before_create 55550100, False {{(pid=103097) subscribe /opt/stack/data/venv/lib/python3.12/site-packages/neutron_lib/callbacks/manager.py:52}}
May 12 19:07:05.997225 np0000173799 devstack@neutron-api.service[103096]: DEBUG neutron.api.extensions [None req-e10bc5b9-b2c7-44d4-ac07-70bb37da2e33 None None] Ext name="Port Binding" alias="binding" description="Expose port bindings of a virtual port to external application" updated="2014-02-03T10:00:00-00:00" {{(pid=103096) _check_extension /opt/stack/neutron/neutron/api/extensions.py:415}}
May 12 19:07:05.997299 np0000173799 devstack@neutron-api.service[103097]: DEBUG neutron_lib.callbacks.manager [None req-dd9c7f35-33a4-450d-b513-dd1cdf348bd3 None None] Subscribe: > router precommit_delete 55550100, False {{(pid=103097) subscribe /opt/stack/data/venv/lib/python3.12/site-packages/neutron_lib/callbacks/manager.py:52}}
May 12 19:07:05.997351 np0000173799 devstack@neutron-api.service[103098]: INFO neutron.api.extensions [None req-638708f4-4ae5-44ce-865f-045b96b9e42d None None] Loaded extension: allowed-address-pairs
May 12 19:07:05.997351 np0000173799 devstack@neutron-api.service[103098]: DEBUG neutron.api.extensions [None req-638708f4-4ae5-44ce-865f-045b96b9e42d None None] Loading extension file: auto_allocated_topology.py {{(pid=103098) _load_all_extensions_from_path /opt/stack/neutron/neutron/api/extensions.py:449}}
May 12 19:07:05.997517 np0000173799 devstack@neutron-api.service[103097]: DEBUG neutron_lib.callbacks.manager [None req-dd9c7f35-33a4-450d-b513-dd1cdf348bd3 None None] Subscribe: > router precommit_create 55550100, False {{(pid=103097) subscribe /opt/stack/data/venv/lib/python3.12/site-packages/neutron_lib/callbacks/manager.py:52}}
May 12 19:07:05.997587 np0000173799 devstack@neutron-api.service[103096]: INFO neutron.api.extensions [None req-e10bc5b9-b2c7-44d4-ac07-70bb37da2e33 None None] Loaded extension: binding
May 12 19:07:05.997622 np0000173799 devstack@neutron-api.service[103097]: DEBUG neutron_lib.callbacks.manager [None req-dd9c7f35-33a4-450d-b513-dd1cdf348bd3 None None] Subscribe: > router precommit_update 55550100, False {{(pid=103097) subscribe /opt/stack/data/venv/lib/python3.12/site-packages/neutron_lib/callbacks/manager.py:52}}
May 12 19:07:05.997703 np0000173799 devstack@neutron-api.service[103096]: DEBUG neutron.api.extensions [None req-e10bc5b9-b2c7-44d4-ac07-70bb37da2e33 None None] Loading extension file: portbindings_extended.py {{(pid=103096) _load_all_extensions_from_path /opt/stack/neutron/neutron/api/extensions.py:449}}
May 12 19:07:05.997815 np0000173799 devstack@neutron-api.service[103098]: DEBUG neutron.api.extensions [None req-638708f4-4ae5-44ce-865f-045b96b9e42d None None] Ext name="Auto Allocated Topology Services" alias="auto-allocated-topology" description="Auto Allocated Topology Services." updated="2016-01-01T00:00:00-00:00" {{(pid=103098) _check_extension /opt/stack/neutron/neutron/api/extensions.py:415}}
May 12 19:07:05.997852 np0000173799 devstack@neutron-api.service[103096]: DEBUG neutron.api.extensions [None req-e10bc5b9-b2c7-44d4-ac07-70bb37da2e33 None None] Ext name="Port Bindings Extended" alias="binding-extended" description="Expose port bindings of a virtual port to external application" updated="2017-07-17T10:00:00-00:00" {{(pid=103096) _check_extension /opt/stack/neutron/neutron/api/extensions.py:415}}
May 12 19:07:05.997931 np0000173799 devstack@neutron-api.service[103098]: INFO neutron.api.extensions [None req-638708f4-4ae5-44ce-865f-045b96b9e42d None None] Loaded extension: auto-allocated-topology
May 12 19:07:05.997931 np0000173799 devstack@neutron-api.service[103098]: DEBUG neutron.api.extensions [None req-638708f4-4ae5-44ce-865f-045b96b9e42d None None] Loading extension file: availability_zone.py {{(pid=103098) _load_all_extensions_from_path /opt/stack/neutron/neutron/api/extensions.py:449}}
May 12 19:07:05.998028 np0000173799 devstack@neutron-api.service[103096]: INFO neutron.api.extensions [None req-e10bc5b9-b2c7-44d4-ac07-70bb37da2e33 None None] Loaded extension: binding-extended
May 12 19:07:05.998028 np0000173799 devstack@neutron-api.service[103096]: DEBUG neutron.api.extensions [None req-e10bc5b9-b2c7-44d4-ac07-70bb37da2e33 None None] Loading extension file: portsecurity.py {{(pid=103096) _load_all_extensions_from_path /opt/stack/neutron/neutron/api/extensions.py:449}}
May 12 19:07:05.998129 np0000173799 devstack@neutron-api.service[103098]: DEBUG neutron.api.extensions [None req-638708f4-4ae5-44ce-865f-045b96b9e42d None None] Ext name="Availability Zone" alias="availability_zone" description="The availability zone extension." updated="2015-01-01T10:00:00-00:00" {{(pid=103098) _check_extension /opt/stack/neutron/neutron/api/extensions.py:415}}
May 12 19:07:05.998201 np0000173799 devstack@neutron-api.service[103096]: DEBUG neutron.api.extensions [None req-e10bc5b9-b2c7-44d4-ac07-70bb37da2e33 None None] Ext name="Port Security" alias="port-security" description="Provides port security" updated="2012-07-23T10:00:00-00:00" {{(pid=103096) _check_extension /opt/stack/neutron/neutron/api/extensions.py:415}}
May 12 19:07:05.998238 np0000173799 devstack@neutron-api.service[103098]: INFO neutron.api.extensions [None req-638708f4-4ae5-44ce-865f-045b96b9e42d None None] Loaded extension: availability_zone
May 12 19:07:05.998313 np0000173799 devstack@neutron-api.service[103096]: INFO neutron.api.extensions [None req-e10bc5b9-b2c7-44d4-ac07-70bb37da2e33 None None] Loaded extension: port-security
May 12 19:07:05.998378 np0000173799 devstack@neutron-api.service[103098]: DEBUG neutron.api.extensions [None req-638708f4-4ae5-44ce-865f-045b96b9e42d None None] Loading extension file: availability_zone_filter.py {{(pid=103098) _load_all_extensions_from_path /opt/stack/neutron/neutron/api/extensions.py:449}}
May 12 19:07:05.998472 np0000173799 devstack@neutron-api.service[103096]: DEBUG neutron.api.extensions [None req-e10bc5b9-b2c7-44d4-ac07-70bb37da2e33 None None] Loading extension file: project_id.py {{(pid=103096) _load_all_extensions_from_path /opt/stack/neutron/neutron/api/extensions.py:449}}
May 12 19:07:05.998472 np0000173799 devstack@neutron-api.service[103096]: DEBUG neutron.api.extensions [None req-e10bc5b9-b2c7-44d4-ac07-70bb37da2e33 None None] Ext name="project_id field enabled" alias="project-id" description="Extension that indicates that project_id field is enabled." updated="2016-09-09T09:09:09-09:09" {{(pid=103096) _check_extension /opt/stack/neutron/neutron/api/extensions.py:415}}
May 12 19:07:05.998472 np0000173799 devstack@neutron-api.service[103096]: INFO neutron.api.extensions [None req-e10bc5b9-b2c7-44d4-ac07-70bb37da2e33 None None] Loaded extension: project-id
May 12 19:07:05.998585 np0000173799 devstack@neutron-api.service[103098]: DEBUG neutron.api.extensions [None req-638708f4-4ae5-44ce-865f-045b96b9e42d None None] Ext name="Availability Zone Filter Extension" alias="availability_zone_filter" description="Add filter parameters to AvailabilityZone resource" updated="2018-06-22T10:00:00-00:00" {{(pid=103098) _check_extension /opt/stack/neutron/neutron/api/extensions.py:415}}
May 12 19:07:05.998970 np0000173799 devstack@neutron-api.service[103096]: DEBUG neutron.api.extensions [None req-e10bc5b9-b2c7-44d4-ac07-70bb37da2e33 None None] Loading extension file: providernet.py {{(pid=103096) _load_all_extensions_from_path /opt/stack/neutron/neutron/api/extensions.py:449}}
May 12 19:07:05.999092 np0000173799 devstack@neutron-api.service[103098]: INFO neutron.api.extensions [None req-638708f4-4ae5-44ce-865f-045b96b9e42d None None] Extension availability_zone_filter not supported by any of loaded plugins
May 12 19:07:05.999204 np0000173799 devstack@neutron-api.service[103096]: DEBUG neutron.api.extensions [None req-e10bc5b9-b2c7-44d4-ac07-70bb37da2e33 None None] Ext name="Provider Network" alias="provider" description="Expose mapping of virtual networks to physical networks" updated="2012-09-07T10:00:00-00:00" {{(pid=103096) _check_extension /opt/stack/neutron/neutron/api/extensions.py:415}}
May 12 19:07:05.999309 np0000173799 devstack@neutron-api.service[103098]: DEBUG neutron.api.extensions [None req-638708f4-4ae5-44ce-865f-045b96b9e42d None None] Loading extension file: data_plane_status.py {{(pid=103098) _load_all_extensions_from_path /opt/stack/neutron/neutron/api/extensions.py:449}}
May 12 19:07:05.999387 np0000173799 devstack@neutron-api.service[103096]: INFO neutron.api.extensions [None req-e10bc5b9-b2c7-44d4-ac07-70bb37da2e33 None None] Loaded extension: provider
May 12 19:07:05.999546 np0000173799 devstack@neutron-api.service[103098]: DEBUG neutron.api.extensions [None req-638708f4-4ae5-44ce-865f-045b96b9e42d None None] Ext name="Port data plane status extension" alias="data-plane-status" description="Expose status of underlying data plane" updated="2017-01-24T10:00:00-00:00" {{(pid=103098) _check_extension /opt/stack/neutron/neutron/api/extensions.py:415}}
May 12 19:07:05.999634 np0000173799 devstack@neutron-api.service[103096]: DEBUG neutron.api.extensions [None req-e10bc5b9-b2c7-44d4-ac07-70bb37da2e33 None None] Loading extension file: qinq.py {{(pid=103096) _load_all_extensions_from_path /opt/stack/neutron/neutron/api/extensions.py:449}}
May 12 19:07:05.999710 np0000173799 devstack@neutron-api.service[103098]: INFO neutron.api.extensions [None req-638708f4-4ae5-44ce-865f-045b96b9e42d None None] Extension data-plane-status not supported by any of loaded plugins
May 12 19:07:05.999710 np0000173799 devstack@neutron-api.service[103098]: DEBUG neutron.api.extensions [None req-638708f4-4ae5-44ce-865f-045b96b9e42d None None] Loading extension file: default_subnetpools.py {{(pid=103098) _load_all_extensions_from_path /opt/stack/neutron/neutron/api/extensions.py:449}}
May 12 19:07:05.999827 np0000173799 devstack@neutron-api.service[103096]: DEBUG neutron.api.extensions [None req-e10bc5b9-b2c7-44d4-ac07-70bb37da2e33 None None] Ext name="QinQ networks" alias="qinq" description="Expose network 'qinq' attribute in the API. This allows to configure network to allow vlan in vlan configuration using 0x8a88 ethertype (QinQ)." updated="2024-12-02T10:00:00-00:00" {{(pid=103096) _check_extension /opt/stack/neutron/neutron/api/extensions.py:415}}
May 12 19:07:05.999827 np0000173799 devstack@neutron-api.service[103096]: INFO neutron.api.extensions [None req-e10bc5b9-b2c7-44d4-ac07-70bb37da2e33 None None] Loaded extension: qinq
May 12 19:07:05.999953 np0000173799 devstack@neutron-api.service[103098]: DEBUG neutron.api.extensions [None req-638708f4-4ae5-44ce-865f-045b96b9e42d None None] Ext name="Default Subnetpools" alias="default-subnetpools" description="Provides ability to mark and use a subnetpool as the default." updated="2016-02-18T18:00:00-00:00" {{(pid=103098) _check_extension /opt/stack/neutron/neutron/api/extensions.py:415}}
May 12 19:07:06.000042 np0000173799 devstack@neutron-api.service[103096]: DEBUG neutron.api.extensions [None req-e10bc5b9-b2c7-44d4-ac07-70bb37da2e33 None None] Loading extension file: qos.py {{(pid=103096) _load_all_extensions_from_path /opt/stack/neutron/neutron/api/extensions.py:449}}
May 12 19:07:06.000144 np0000173799 devstack@neutron-api.service[103098]: INFO neutron.api.extensions [None req-638708f4-4ae5-44ce-865f-045b96b9e42d None None] Loaded extension: default-subnetpools
May 12 19:07:06.000144 np0000173799 devstack@neutron-api.service[103098]: DEBUG neutron.api.extensions [None req-638708f4-4ae5-44ce-865f-045b96b9e42d None None] Loading extension file: dhcpagentscheduler.py {{(pid=103098) _load_all_extensions_from_path /opt/stack/neutron/neutron/api/extensions.py:449}}
May 12 19:07:06.000144 np0000173799 devstack@neutron-api.service[103098]: DEBUG neutron.api.extensions [None req-638708f4-4ae5-44ce-865f-045b96b9e42d None None] Ext name="DHCP Agent Scheduler" alias="dhcp_agent_scheduler" description="Schedule networks among dhcp agents" updated="2013-02-07T10:00:00-00:00" {{(pid=103098) _check_extension /opt/stack/neutron/neutron/api/extensions.py:415}}
May 12 19:07:06.000144 np0000173799 devstack@neutron-api.service[103098]: INFO neutron.api.extensions [None req-638708f4-4ae5-44ce-865f-045b96b9e42d None None] Loaded extension: dhcp_agent_scheduler
May 12 19:07:06.000144 np0000173799 devstack@neutron-api.service[103098]: DEBUG neutron.api.extensions [None req-638708f4-4ae5-44ce-865f-045b96b9e42d None None] Loading extension file: dns.py {{(pid=103098) _load_all_extensions_from_path /opt/stack/neutron/neutron/api/extensions.py:449}}
May 12 19:07:06.000337 np0000173799 devstack@neutron-api.service[103097]: DEBUG neutron.services.provider_configuration [None req-dd9c7f35-33a4-450d-b513-dd1cdf348bd3 None None] Service providers = [] {{(pid=103097) parse_service_provider_opt /opt/stack/neutron/neutron/services/provider_configuration.py:170}}
May 12 19:07:06.000408 np0000173799 devstack@neutron-api.service[103096]: DEBUG neutron.api.extensions [None req-e10bc5b9-b2c7-44d4-ac07-70bb37da2e33 None None] Ext name="Quality of Service" alias="qos" description="The Quality of Service extension." updated="2015-06-08T10:00:00-00:00" {{(pid=103096) _check_extension /opt/stack/neutron/neutron/api/extensions.py:415}}
May 12 19:07:06.000503 np0000173799 devstack@neutron-api.service[103097]: DEBUG neutron.db.servicetype_db [None req-dd9c7f35-33a4-450d-b513-dd1cdf348bd3 None None] Adding provider configuration for service L3_ROUTER_NAT {{(pid=103097) add_provider_configuration /opt/stack/neutron/neutron/db/servicetype_db.py:45}}
May 12 19:07:06.000649 np0000173799 devstack@neutron-api.service[103098]: DEBUG neutron.api.extensions [None req-638708f4-4ae5-44ce-865f-045b96b9e42d None None] Ext name="DNS Integration" alias="dns-integration" description="Provides integration with DNS." updated="2015-08-15T18:00:00-00:00" {{(pid=103098) _check_extension /opt/stack/neutron/neutron/api/extensions.py:415}}
May 12 19:07:06.000723 np0000173799 devstack@neutron-api.service[103096]: INFO neutron.api.extensions [None req-e10bc5b9-b2c7-44d4-ac07-70bb37da2e33 None None] Extension qos not supported by any of loaded plugins
May 12 19:07:06.000723 np0000173799 devstack@neutron-api.service[103096]: DEBUG neutron.api.extensions [None req-e10bc5b9-b2c7-44d4-ac07-70bb37da2e33 None None] Loading extension file: qos_bw_limit_direction.py {{(pid=103096) _load_all_extensions_from_path /opt/stack/neutron/neutron/api/extensions.py:449}}
May 12 19:07:06.000823 np0000173799 devstack@neutron-api.service[103098]: INFO neutron.api.extensions [None req-638708f4-4ae5-44ce-865f-045b96b9e42d None None] Loaded extension: dns-integration
May 12 19:07:06.000823 np0000173799 devstack@neutron-api.service[103098]: DEBUG neutron.api.extensions [None req-638708f4-4ae5-44ce-865f-045b96b9e42d None None] Loading extension file: dns_domain_ports.py {{(pid=103098) _load_all_extensions_from_path /opt/stack/neutron/neutron/api/extensions.py:449}}
May 12 19:07:06.000931 np0000173799 devstack@neutron-api.service[103096]: DEBUG neutron.api.extensions [None req-e10bc5b9-b2c7-44d4-ac07-70bb37da2e33 None None] Ext name="Direction for QoS bandwidth limit rule" alias="qos-bw-limit-direction" description="Allow to configure QoS bandwidth limit rule with specific direction: ingress or egress" updated="2017-04-10T10:00:00-00:00" {{(pid=103096) _check_extension /opt/stack/neutron/neutron/api/extensions.py:415}}
May 12 19:07:06.001014 np0000173799 devstack@neutron-api.service[103098]: DEBUG neutron.api.extensions [None req-638708f4-4ae5-44ce-865f-045b96b9e42d None None] Ext name="dns_domain for ports" alias="dns-domain-ports" description="Allows the DNS domain to be specified for a network port." updated="2017-04-24T10:00:00-00:00" {{(pid=103098) _check_extension /opt/stack/neutron/neutron/api/extensions.py:415}}
May 12 19:07:06.001094 np0000173799 devstack@neutron-api.service[103096]: INFO neutron.api.extensions [None req-e10bc5b9-b2c7-44d4-ac07-70bb37da2e33 None None] Extension qos-bw-limit-direction not supported by any of loaded plugins
May 12 19:07:06.001094 np0000173799 devstack@neutron-api.service[103096]: DEBUG neutron.api.extensions [None req-e10bc5b9-b2c7-44d4-ac07-70bb37da2e33 None None] Loading extension file: qos_bw_minimum_ingress.py {{(pid=103096) _load_all_extensions_from_path /opt/stack/neutron/neutron/api/extensions.py:449}}
May 12 19:07:06.001196 np0000173799 devstack@neutron-api.service[103098]: INFO neutron.api.extensions [None req-638708f4-4ae5-44ce-865f-045b96b9e42d None None] Loaded extension: dns-domain-ports
May 12 19:07:06.001196 np0000173799 devstack@neutron-api.service[103098]: DEBUG neutron.api.extensions [None req-638708f4-4ae5-44ce-865f-045b96b9e42d None None] Loading extension file: dns_integration_domain_keywords.py {{(pid=103098) _load_all_extensions_from_path /opt/stack/neutron/neutron/api/extensions.py:449}}
May 12 19:07:06.001344 np0000173799 devstack@neutron-api.service[103096]: DEBUG neutron.api.extensions [None req-e10bc5b9-b2c7-44d4-ac07-70bb37da2e33 None None] Ext name="Ingress direction for QoS minimum bandwidth rule" alias="qos-bw-minimum-ingress" description="Allow to configure QoS minumum bandwidth rule with ingress direction." updated="2018-07-09T10:00:00-00:00" {{(pid=103096) _check_extension /opt/stack/neutron/neutron/api/extensions.py:415}}
May 12 19:07:06.001418 np0000173799 devstack@neutron-api.service[103098]: DEBUG neutron.api.extensions [None req-638708f4-4ae5-44ce-865f-045b96b9e42d None None] Ext name="DNS domain names with keywords allowed" alias="dns-integration-domain-keywords" description="Allows to use keywords like , , and as DNS domain name" updated="2020-06-15T18:00:00-00:00" {{(pid=103098) _check_extension /opt/stack/neutron/neutron/api/extensions.py:415}}
May 12 19:07:06.001533 np0000173799 devstack@neutron-api.service[103096]: INFO neutron.api.extensions [None req-e10bc5b9-b2c7-44d4-ac07-70bb37da2e33 None None] Extension qos-bw-minimum-ingress not supported by any of loaded plugins
May 12 19:07:06.001533 np0000173799 devstack@neutron-api.service[103096]: DEBUG neutron.api.extensions [None req-e10bc5b9-b2c7-44d4-ac07-70bb37da2e33 None None] Loading extension file: qos_default.py {{(pid=103096) _load_all_extensions_from_path /opt/stack/neutron/neutron/api/extensions.py:449}}
May 12 19:07:06.001673 np0000173799 devstack@neutron-api.service[103097]: DEBUG neutron_lib.callbacks.manager [None req-dd9c7f35-33a4-450d-b513-dd1cdf348bd3 None None] Subscribe: > router precommit_create 55549900, False {{(pid=103097) subscribe /opt/stack/data/venv/lib/python3.12/site-packages/neutron_lib/callbacks/manager.py:52}}
May 12 19:07:06.001757 np0000173799 devstack@neutron-api.service[103098]: INFO neutron.api.extensions [None req-638708f4-4ae5-44ce-865f-045b96b9e42d None None] Loaded extension: dns-integration-domain-keywords
May 12 19:07:06.001898 np0000173799 devstack@neutron-api.service[103097]: DEBUG neutron_lib.callbacks.manager [None req-dd9c7f35-33a4-450d-b513-dd1cdf348bd3 None None] Subscribe: > router_interface after_create 55550000, False {{(pid=103097) subscribe /opt/stack/data/venv/lib/python3.12/site-packages/neutron_lib/callbacks/manager.py:52}}
May 12 19:07:06.002002 np0000173799 devstack@neutron-api.service[103098]: DEBUG neutron.api.extensions [None req-638708f4-4ae5-44ce-865f-045b96b9e42d None None] Loading extension file: dvr.py {{(pid=103098) _load_all_extensions_from_path /opt/stack/neutron/neutron/api/extensions.py:449}}
May 12 19:07:06.002106 np0000173799 devstack@neutron-api.service[103096]: DEBUG neutron.api.extensions [None req-e10bc5b9-b2c7-44d4-ac07-70bb37da2e33 None None] Ext name="QoS default policy" alias="qos-default" description="Expose the QoS default policy per project" updated="2017-041-06T10:00:00-00:00" {{(pid=103096) _check_extension /opt/stack/neutron/neutron/api/extensions.py:415}}
May 12 19:07:06.002216 np0000173799 devstack@neutron-api.service[103097]: DEBUG neutron_lib.callbacks.manager [None req-dd9c7f35-33a4-450d-b513-dd1cdf348bd3 None None] Subscribe: > floatingip after_create 55550000, False {{(pid=103097) subscribe /opt/stack/data/venv/lib/python3.12/site-packages/neutron_lib/callbacks/manager.py:52}}
May 12 19:07:06.002216 np0000173799 devstack@neutron-api.service[103097]: DEBUG neutron_lib.callbacks.manager [None req-dd9c7f35-33a4-450d-b513-dd1cdf348bd3 None None] Subscribe: > floatingip precommit_create 55550000, False {{(pid=103097) subscribe /opt/stack/data/venv/lib/python3.12/site-packages/neutron_lib/callbacks/manager.py:52}}
May 12 19:07:06.002352 np0000173799 devstack@neutron-api.service[103096]: INFO neutron.api.extensions [None req-e10bc5b9-b2c7-44d4-ac07-70bb37da2e33 None None] Extension qos-default not supported by any of loaded plugins
May 12 19:07:06.002477 np0000173799 devstack@neutron-api.service[103097]: DEBUG neutron_lib.callbacks.manager [None req-dd9c7f35-33a4-450d-b513-dd1cdf348bd3 None None] Subscribe: > floatingip precommit_update 55550000, False {{(pid=103097) subscribe /opt/stack/data/venv/lib/python3.12/site-packages/neutron_lib/callbacks/manager.py:52}}
May 12 19:07:06.002563 np0000173799 devstack@neutron-api.service[103096]: DEBUG neutron.api.extensions [None req-e10bc5b9-b2c7-44d4-ac07-70bb37da2e33 None None] Loading extension file: qos_fip.py {{(pid=103096) _load_all_extensions_from_path /opt/stack/neutron/neutron/api/extensions.py:449}}
May 12 19:07:06.002644 np0000173799 devstack@neutron-api.service[103098]: DEBUG neutron.api.extensions [None req-638708f4-4ae5-44ce-865f-045b96b9e42d None None] Ext name="Distributed Virtual Router" alias="dvr" description="Enables configuration of Distributed Virtual Routers." updated="2014-06-1T10:00:00-00:00" {{(pid=103098) _check_extension /opt/stack/neutron/neutron/api/extensions.py:415}}
