May 09 09:01:46.119430 np0000173059 nova-scheduler[109244]: DEBUG cotyledon.oslo_config_glue [-] vnc.novncproxy_host = 0.0.0.0 {{(pid=109244) log_opt_values /opt/stack/data/venv/lib/python3.12/site-packages/oslo_config/cfg.py:3006}}
May 09 09:01:46.119430 np0000173059 nova-scheduler[109244]: DEBUG cotyledon.oslo_config_glue [-] vnc.novncproxy_port = 6080 {{(pid=109244) log_opt_values /opt/stack/data/venv/lib/python3.12/site-packages/oslo_config/cfg.py:3006}}
May 09 09:01:46.119742 np0000173059 nova-scheduler[109244]: DEBUG cotyledon.oslo_config_glue [-] vnc.server_listen = 127.0.0.1 {{(pid=109244) log_opt_values /opt/stack/data/venv/lib/python3.12/site-packages/oslo_config/cfg.py:3006}}
May 09 09:01:46.119742 np0000173059 nova-scheduler[109244]: DEBUG cotyledon.oslo_config_glue [-] vnc.server_proxyclient_address = 127.0.0.1 {{(pid=109244) log_opt_values /opt/stack/data/venv/lib/python3.12/site-packages/oslo_config/cfg.py:3006}}
May 09 09:01:46.119742 np0000173059 nova-scheduler[109244]: DEBUG cotyledon.oslo_config_glue [-] vnc.vencrypt_ca_certs = None {{(pid=109244) log_opt_values /opt/stack/data/venv/lib/python3.12/site-packages/oslo_config/cfg.py:3006}}
May 09 09:01:46.119742 np0000173059 nova-scheduler[109244]: DEBUG cotyledon.oslo_config_glue [-] vnc.vencrypt_client_cert = None {{(pid=109244) log_opt_values /opt/stack/data/venv/lib/python3.12/site-packages/oslo_config/cfg.py:3006}}
May 09 09:01:46.119742 np0000173059 nova-scheduler[109244]: DEBUG cotyledon.oslo_config_glue [-] vnc.vencrypt_client_key = None {{(pid=109244) log_opt_values /opt/stack/data/venv/lib/python3.12/site-packages/oslo_config/cfg.py:3006}}
May 09 09:01:46.119742 np0000173059 nova-scheduler[109244]: DEBUG cotyledon.oslo_config_glue [-] workarounds.disable_compute_service_check_for_ffu = False {{(pid=109244) log_opt_values /opt/stack/data/venv/lib/python3.12/site-packages/oslo_config/cfg.py:3006}}
May 09 09:01:46.119742 np0000173059 nova-scheduler[109244]: DEBUG cotyledon.oslo_config_glue [-] workarounds.disable_deep_image_inspection = False {{(pid=109244) log_opt_values /opt/stack/data/venv/lib/python3.12/site-packages/oslo_config/cfg.py:3006}}
May 09 09:01:46.119742 np0000173059 nova-scheduler[109244]: DEBUG cotyledon.oslo_config_glue [-] workarounds.disable_fallback_pcpu_query = False {{(pid=109244) log_opt_values /opt/stack/data/venv/lib/python3.12/site-packages/oslo_config/cfg.py:3006}}
May 09 09:01:46.119742 np0000173059 nova-scheduler[109244]: DEBUG cotyledon.oslo_config_glue [-] workarounds.disable_group_policy_check_upcall = False {{(pid=109244) log_opt_values /opt/stack/data/venv/lib/python3.12/site-packages/oslo_config/cfg.py:3006}}
May 09 09:01:46.119983 np0000173059 nova-scheduler[109244]: DEBUG cotyledon.oslo_config_glue [-] workarounds.disable_libvirt_livesnapshot = False {{(pid=109244) log_opt_values /opt/stack/data/venv/lib/python3.12/site-packages/oslo_config/cfg.py:3006}}
May 09 09:01:46.119983 np0000173059 nova-scheduler[109244]: DEBUG cotyledon.oslo_config_glue [-] workarounds.disable_rootwrap = False {{(pid=109244) log_opt_values /opt/stack/data/venv/lib/python3.12/site-packages/oslo_config/cfg.py:3006}}
May 09 09:01:46.119983 np0000173059 nova-scheduler[109244]: DEBUG cotyledon.oslo_config_glue [-] workarounds.enable_numa_live_migration = False {{(pid=109244) log_opt_values /opt/stack/data/venv/lib/python3.12/site-packages/oslo_config/cfg.py:3006}}
May 09 09:01:46.119983 np0000173059 nova-scheduler[109244]: DEBUG cotyledon.oslo_config_glue [-] workarounds.enable_qemu_monitor_announce_self = False {{(pid=109244) log_opt_values /opt/stack/data/venv/lib/python3.12/site-packages/oslo_config/cfg.py:3006}}
May 09 09:01:46.119983 np0000173059 nova-scheduler[109244]: DEBUG cotyledon.oslo_config_glue [-] workarounds.ensure_libvirt_rbd_instance_dir_cleanup = False {{(pid=109244) log_opt_values /opt/stack/data/venv/lib/python3.12/site-packages/oslo_config/cfg.py:3006}}
May 09 09:01:46.119983 np0000173059 nova-scheduler[109244]: DEBUG cotyledon.oslo_config_glue [-] workarounds.handle_virt_lifecycle_events = True {{(pid=109244) log_opt_values /opt/stack/data/venv/lib/python3.12/site-packages/oslo_config/cfg.py:3006}}
May 09 09:01:46.119983 np0000173059 nova-scheduler[109244]: DEBUG cotyledon.oslo_config_glue [-] workarounds.libvirt_disable_apic = False {{(pid=109244) log_opt_values /opt/stack/data/venv/lib/python3.12/site-packages/oslo_config/cfg.py:3006}}
May 09 09:01:46.119983 np0000173059 nova-scheduler[109244]: DEBUG cotyledon.oslo_config_glue [-] workarounds.never_download_image_if_on_rbd = False {{(pid=109244) log_opt_values /opt/stack/data/venv/lib/python3.12/site-packages/oslo_config/cfg.py:3006}}
May 09 09:01:46.119983 np0000173059 nova-scheduler[109244]: DEBUG cotyledon.oslo_config_glue [-] workarounds.qemu_monitor_announce_self_count = 3 {{(pid=109244) log_opt_values /opt/stack/data/venv/lib/python3.12/site-packages/oslo_config/cfg.py:3006}}
May 09 09:01:46.120201 np0000173059 nova-scheduler[109244]: DEBUG cotyledon.oslo_config_glue [-] workarounds.qemu_monitor_announce_self_interval = 1 {{(pid=109244) log_opt_values /opt/stack/data/venv/lib/python3.12/site-packages/oslo_config/cfg.py:3006}}
May 09 09:01:46.120201 np0000173059 nova-scheduler[109244]: DEBUG cotyledon.oslo_config_glue [-] workarounds.reserve_disk_resource_for_image_cache = False {{(pid=109244) log_opt_values /opt/stack/data/venv/lib/python3.12/site-packages/oslo_config/cfg.py:3006}}
May 09 09:01:46.120201 np0000173059 nova-scheduler[109244]: DEBUG cotyledon.oslo_config_glue [-] workarounds.skip_cpu_compare_at_startup = False {{(pid=109244) log_opt_values /opt/stack/data/venv/lib/python3.12/site-packages/oslo_config/cfg.py:3006}}
May 09 09:01:46.120201 np0000173059 nova-scheduler[109244]: DEBUG cotyledon.oslo_config_glue [-] workarounds.skip_cpu_compare_on_dest = False {{(pid=109244) log_opt_values /opt/stack/data/venv/lib/python3.12/site-packages/oslo_config/cfg.py:3006}}
May 09 09:01:46.120201 np0000173059 nova-scheduler[109244]: DEBUG cotyledon.oslo_config_glue [-] workarounds.skip_hypervisor_version_check_on_lm = False {{(pid=109244) log_opt_values /opt/stack/data/venv/lib/python3.12/site-packages/oslo_config/cfg.py:3006}}
May 09 09:01:46.120201 np0000173059 nova-scheduler[109244]: DEBUG cotyledon.oslo_config_glue [-] workarounds.skip_reserve_in_use_ironic_nodes = False {{(pid=109244) log_opt_values /opt/stack/data/venv/lib/python3.12/site-packages/oslo_config/cfg.py:3006}}
May 09 09:01:46.120201 np0000173059 nova-scheduler[109244]: DEBUG cotyledon.oslo_config_glue [-] workarounds.unified_limits_count_pcpu_as_vcpu = False {{(pid=109244) log_opt_values /opt/stack/data/venv/lib/python3.12/site-packages/oslo_config/cfg.py:3006}}
May 09 09:01:46.120201 np0000173059 nova-scheduler[109244]: DEBUG cotyledon.oslo_config_glue [-] workarounds.wait_for_vif_plugged_event_during_hard_reboot = [] {{(pid=109244) log_opt_values /opt/stack/data/venv/lib/python3.12/site-packages/oslo_config/cfg.py:3006}}
May 09 09:01:46.120429 np0000173059 nova-scheduler[109244]: DEBUG cotyledon.oslo_config_glue [-] wsgi.api_paste_config = /etc/nova/api-paste.ini {{(pid=109244) log_opt_values /opt/stack/data/venv/lib/python3.12/site-packages/oslo_config/cfg.py:3006}}
May 09 09:01:46.120429 np0000173059 nova-scheduler[109244]: DEBUG cotyledon.oslo_config_glue [-] wsgi.secure_proxy_ssl_header = None {{(pid=109244) log_opt_values /opt/stack/data/venv/lib/python3.12/site-packages/oslo_config/cfg.py:3006}}
May 09 09:01:46.120429 np0000173059 nova-scheduler[109244]: DEBUG cotyledon.oslo_config_glue [-] zvm.ca_file = None {{(pid=109244) log_opt_values /opt/stack/data/venv/lib/python3.12/site-packages/oslo_config/cfg.py:3006}}
May 09 09:01:46.120429 np0000173059 nova-scheduler[109244]: DEBUG cotyledon.oslo_config_glue [-] zvm.cloud_connector_url = None {{(pid=109244) log_opt_values /opt/stack/data/venv/lib/python3.12/site-packages/oslo_config/cfg.py:3006}}
May 09 09:01:46.120429 np0000173059 nova-scheduler[109244]: DEBUG cotyledon.oslo_config_glue [-] zvm.image_tmp_path = /opt/stack/data/nova/images {{(pid=109244) log_opt_values /opt/stack/data/venv/lib/python3.12/site-packages/oslo_config/cfg.py:3006}}
May 09 09:01:46.120429 np0000173059 nova-scheduler[109244]: DEBUG cotyledon.oslo_config_glue [-] zvm.reachable_timeout = 300 {{(pid=109244) log_opt_values /opt/stack/data/venv/lib/python3.12/site-packages/oslo_config/cfg.py:3006}}
May 09 09:01:46.120429 np0000173059 nova-scheduler[109244]: DEBUG cotyledon.oslo_config_glue [-] oslo_versionedobjects.fatal_exception_format_errors = False {{(pid=109244) log_opt_values /opt/stack/data/venv/lib/python3.12/site-packages/oslo_config/cfg.py:3006}}
May 09 09:01:46.120429 np0000173059 nova-scheduler[109244]: DEBUG cotyledon.oslo_config_glue [-] oslo_middleware.http_basic_auth_user_file = /etc/htpasswd {{(pid=109244) log_opt_values /opt/stack/data/venv/lib/python3.12/site-packages/oslo_config/cfg.py:3006}}
May 09 09:01:46.120429 np0000173059 nova-scheduler[109244]: DEBUG cotyledon.oslo_config_glue [-] oslo_messaging_metrics.metrics_buffer_size = 1000 {{(pid=109244) log_opt_values /opt/stack/data/venv/lib/python3.12/site-packages/oslo_config/cfg.py:3006}}
May 09 09:01:46.121010 np0000173059 nova-scheduler[109244]: DEBUG cotyledon.oslo_config_glue [-] oslo_messaging_metrics.metrics_enabled = False {{(pid=109244) log_opt_values /opt/stack/data/venv/lib/python3.12/site-packages/oslo_config/cfg.py:3006}}
May 09 09:01:46.121010 np0000173059 nova-scheduler[109244]: DEBUG cotyledon.oslo_config_glue [-] oslo_messaging_metrics.metrics_process_name = {{(pid=109244) log_opt_values /opt/stack/data/venv/lib/python3.12/site-packages/oslo_config/cfg.py:3006}}
May 09 09:01:46.121010 np0000173059 nova-scheduler[109244]: DEBUG cotyledon.oslo_config_glue [-] oslo_messaging_metrics.metrics_socket_file = /var/tmp/metrics_collector.sock {{(pid=109244) log_opt_values /opt/stack/data/venv/lib/python3.12/site-packages/oslo_config/cfg.py:3006}}
May 09 09:01:46.121010 np0000173059 nova-scheduler[109244]: DEBUG cotyledon.oslo_config_glue [-] oslo_messaging_metrics.metrics_thread_stop_timeout = 10 {{(pid=109244) log_opt_values /opt/stack/data/venv/lib/python3.12/site-packages/oslo_config/cfg.py:3006}}
May 09 09:01:46.121010 np0000173059 nova-scheduler[109244]: DEBUG cotyledon.oslo_config_glue [-] profiler.connection_string = messaging:// {{(pid=109244) log_opt_values /opt/stack/data/venv/lib/python3.12/site-packages/oslo_config/cfg.py:3006}}
May 09 09:01:46.121010 np0000173059 nova-scheduler[109244]: DEBUG cotyledon.oslo_config_glue [-] profiler.enabled = False {{(pid=109244) log_opt_values /opt/stack/data/venv/lib/python3.12/site-packages/oslo_config/cfg.py:3006}}
May 09 09:01:46.121010 np0000173059 nova-scheduler[109244]: DEBUG cotyledon.oslo_config_glue [-] profiler.es_doc_type = notification {{(pid=109244) log_opt_values /opt/stack/data/venv/lib/python3.12/site-packages/oslo_config/cfg.py:3006}}
May 09 09:01:46.121010 np0000173059 nova-scheduler[109244]: DEBUG cotyledon.oslo_config_glue [-] profiler.es_scroll_size = 10000 {{(pid=109244) log_opt_values /opt/stack/data/venv/lib/python3.12/site-packages/oslo_config/cfg.py:3006}}
May 09 09:01:46.121010 np0000173059 nova-scheduler[109244]: DEBUG cotyledon.oslo_config_glue [-] profiler.es_scroll_time = 2m {{(pid=109244) log_opt_values /opt/stack/data/venv/lib/python3.12/site-packages/oslo_config/cfg.py:3006}}
May 09 09:01:46.121227 np0000173059 nova-scheduler[109244]: DEBUG cotyledon.oslo_config_glue [-] profiler.filter_error_trace = False {{(pid=109244) log_opt_values /opt/stack/data/venv/lib/python3.12/site-packages/oslo_config/cfg.py:3006}}
May 09 09:01:46.121227 np0000173059 nova-scheduler[109244]: DEBUG cotyledon.oslo_config_glue [-] profiler.hmac_keys = **** {{(pid=109244) log_opt_values /opt/stack/data/venv/lib/python3.12/site-packages/oslo_config/cfg.py:3006}}
May 09 09:01:46.121227 np0000173059 nova-scheduler[109244]: DEBUG cotyledon.oslo_config_glue [-] profiler.sentinel_service_name = mymaster {{(pid=109244) log_opt_values /opt/stack/data/venv/lib/python3.12/site-packages/oslo_config/cfg.py:3006}}
May 09 09:01:46.121227 np0000173059 nova-scheduler[109244]: DEBUG cotyledon.oslo_config_glue [-] profiler.socket_timeout = 0.1 {{(pid=109244) log_opt_values /opt/stack/data/venv/lib/python3.12/site-packages/oslo_config/cfg.py:3006}}
May 09 09:01:46.121227 np0000173059 nova-scheduler[109244]: DEBUG cotyledon.oslo_config_glue [-] profiler.trace_requests = False {{(pid=109244) log_opt_values /opt/stack/data/venv/lib/python3.12/site-packages/oslo_config/cfg.py:3006}}
May 09 09:01:46.121227 np0000173059 nova-scheduler[109244]: DEBUG cotyledon.oslo_config_glue [-] profiler.trace_sqlalchemy = False {{(pid=109244) log_opt_values /opt/stack/data/venv/lib/python3.12/site-packages/oslo_config/cfg.py:3006}}
May 09 09:01:46.121227 np0000173059 nova-scheduler[109244]: DEBUG cotyledon.oslo_config_glue [-] profiler_jaeger.process_tags = {} {{(pid=109244) log_opt_values /opt/stack/data/venv/lib/python3.12/site-packages/oslo_config/cfg.py:3006}}
May 09 09:01:46.121227 np0000173059 nova-scheduler[109244]: DEBUG cotyledon.oslo_config_glue [-] profiler_jaeger.service_name_prefix = None {{(pid=109244) log_opt_values /opt/stack/data/venv/lib/python3.12/site-packages/oslo_config/cfg.py:3006}}
May 09 09:01:46.121433 np0000173059 nova-scheduler[109237]: DEBUG oslo_db.sqlalchemy.engines [None req-8348818e-b231-406f-a080-9f8915b6de82 None None] MySQL server mode set to STRICT_TRANS_TABLES,STRICT_ALL_TABLES,NO_ZERO_IN_DATE,NO_ZERO_DATE,ERROR_FOR_DIVISION_BY_ZERO,TRADITIONAL,NO_ENGINE_SUBSTITUTION {{(pid=109237) _check_effective_sql_mode /opt/stack/data/venv/lib/python3.12/site-packages/oslo_db/sqlalchemy/engines.py:325}}
May 09 09:01:46.121466 np0000173059 nova-scheduler[109244]: DEBUG cotyledon.oslo_config_glue [-] profiler_otlp.service_name_prefix = None {{(pid=109244) log_opt_values /opt/stack/data/venv/lib/python3.12/site-packages/oslo_config/cfg.py:3006}}
May 09 09:01:46.121466 np0000173059 nova-scheduler[109244]: DEBUG cotyledon.oslo_config_glue [-] oslo_messaging_rabbit.amqp_auto_delete = False {{(pid=109244) log_opt_values /opt/stack/data/venv/lib/python3.12/site-packages/oslo_config/cfg.py:3006}}
May 09 09:01:46.121466 np0000173059 nova-scheduler[109244]: DEBUG cotyledon.oslo_config_glue [-] oslo_messaging_rabbit.amqp_durable_queues = False {{(pid=109244) log_opt_values /opt/stack/data/venv/lib/python3.12/site-packages/oslo_config/cfg.py:3006}}
May 09 09:01:46.121466 np0000173059 nova-scheduler[109244]: DEBUG cotyledon.oslo_config_glue [-] oslo_messaging_rabbit.conn_pool_min_size = 2 {{(pid=109244) log_opt_values /opt/stack/data/venv/lib/python3.12/site-packages/oslo_config/cfg.py:3006}}
May 09 09:01:46.121466 np0000173059 nova-scheduler[109244]: DEBUG cotyledon.oslo_config_glue [-] oslo_messaging_rabbit.conn_pool_ttl = 1200 {{(pid=109244) log_opt_values /opt/stack/data/venv/lib/python3.12/site-packages/oslo_config/cfg.py:3006}}
May 09 09:01:46.121466 np0000173059 nova-scheduler[109244]: DEBUG cotyledon.oslo_config_glue [-] oslo_messaging_rabbit.direct_mandatory_flag = True {{(pid=109244) log_opt_values /opt/stack/data/venv/lib/python3.12/site-packages/oslo_config/cfg.py:3006}}
May 09 09:01:46.121466 np0000173059 nova-scheduler[109244]: DEBUG cotyledon.oslo_config_glue [-] oslo_messaging_rabbit.enable_cancel_on_failover = False {{(pid=109244) log_opt_values /opt/stack/data/venv/lib/python3.12/site-packages/oslo_config/cfg.py:3006}}
May 09 09:01:46.121466 np0000173059 nova-scheduler[109244]: DEBUG cotyledon.oslo_config_glue [-] oslo_messaging_rabbit.heartbeat_in_pthread = False {{(pid=109244) log_opt_values /opt/stack/data/venv/lib/python3.12/site-packages/oslo_config/cfg.py:3006}}
May 09 09:01:46.121466 np0000173059 nova-scheduler[109244]: DEBUG cotyledon.oslo_config_glue [-] oslo_messaging_rabbit.heartbeat_rate = 3 {{(pid=109244) log_opt_values /opt/stack/data/venv/lib/python3.12/site-packages/oslo_config/cfg.py:3006}}
May 09 09:01:46.121684 np0000173059 nova-scheduler[109244]: DEBUG cotyledon.oslo_config_glue [-] oslo_messaging_rabbit.heartbeat_timeout_threshold = 60 {{(pid=109244) log_opt_values /opt/stack/data/venv/lib/python3.12/site-packages/oslo_config/cfg.py:3006}}
May 09 09:01:46.121684 np0000173059 nova-scheduler[109244]: DEBUG cotyledon.oslo_config_glue [-] oslo_messaging_rabbit.hostname = np0000173059 {{(pid=109244) log_opt_values /opt/stack/data/venv/lib/python3.12/site-packages/oslo_config/cfg.py:3006}}
May 09 09:01:46.121684 np0000173059 nova-scheduler[109244]: DEBUG cotyledon.oslo_config_glue [-] oslo_messaging_rabbit.kombu_compression = None {{(pid=109244) log_opt_values /opt/stack/data/venv/lib/python3.12/site-packages/oslo_config/cfg.py:3006}}
May 09 09:01:46.121684 np0000173059 nova-scheduler[109244]: DEBUG cotyledon.oslo_config_glue [-] oslo_messaging_rabbit.kombu_failover_strategy = round-robin {{(pid=109244) log_opt_values /opt/stack/data/venv/lib/python3.12/site-packages/oslo_config/cfg.py:3006}}
May 09 09:01:46.121684 np0000173059 nova-scheduler[109244]: DEBUG cotyledon.oslo_config_glue [-] oslo_messaging_rabbit.kombu_missing_consumer_retry_timeout = 60 {{(pid=109244) log_opt_values /opt/stack/data/venv/lib/python3.12/site-packages/oslo_config/cfg.py:3006}}
May 09 09:01:46.121684 np0000173059 nova-scheduler[109244]: DEBUG cotyledon.oslo_config_glue [-] oslo_messaging_rabbit.kombu_reconnect_delay = 1.0 {{(pid=109244) log_opt_values /opt/stack/data/venv/lib/python3.12/site-packages/oslo_config/cfg.py:3006}}
May 09 09:01:46.121684 np0000173059 nova-scheduler[109244]: DEBUG cotyledon.oslo_config_glue [-] oslo_messaging_rabbit.kombu_reconnect_splay = 0.0 {{(pid=109244) log_opt_values /opt/stack/data/venv/lib/python3.12/site-packages/oslo_config/cfg.py:3006}}
May 09 09:01:46.121684 np0000173059 nova-scheduler[109244]: DEBUG cotyledon.oslo_config_glue [-] oslo_messaging_rabbit.processname = nova-scheduler {{(pid=109244) log_opt_values /opt/stack/data/venv/lib/python3.12/site-packages/oslo_config/cfg.py:3006}}
May 09 09:01:46.121896 np0000173059 nova-scheduler[109244]: DEBUG cotyledon.oslo_config_glue [-] oslo_messaging_rabbit.rabbit_ha_queues = False {{(pid=109244) log_opt_values /opt/stack/data/venv/lib/python3.12/site-packages/oslo_config/cfg.py:3006}}
May 09 09:01:46.121896 np0000173059 nova-scheduler[109244]: DEBUG cotyledon.oslo_config_glue [-] oslo_messaging_rabbit.rabbit_interval_max = 30 {{(pid=109244) log_opt_values /opt/stack/data/venv/lib/python3.12/site-packages/oslo_config/cfg.py:3006}}
May 09 09:01:46.121896 np0000173059 nova-scheduler[109244]: DEBUG cotyledon.oslo_config_glue [-] oslo_messaging_rabbit.rabbit_login_method = AMQPLAIN {{(pid=109244) log_opt_values /opt/stack/data/venv/lib/python3.12/site-packages/oslo_config/cfg.py:3006}}
May 09 09:01:46.121896 np0000173059 nova-scheduler[109244]: DEBUG cotyledon.oslo_config_glue [-] oslo_messaging_rabbit.rabbit_qos_prefetch_count = 0 {{(pid=109244) log_opt_values /opt/stack/data/venv/lib/python3.12/site-packages/oslo_config/cfg.py:3006}}
May 09 09:01:46.121896 np0000173059 nova-scheduler[109244]: DEBUG cotyledon.oslo_config_glue [-] oslo_messaging_rabbit.rabbit_quorum_delivery_limit = 0 {{(pid=109244) log_opt_values /opt/stack/data/venv/lib/python3.12/site-packages/oslo_config/cfg.py:3006}}
May 09 09:01:46.121896 np0000173059 nova-scheduler[109244]: DEBUG cotyledon.oslo_config_glue [-] oslo_messaging_rabbit.rabbit_quorum_max_memory_bytes = 0 {{(pid=109244) log_opt_values /opt/stack/data/venv/lib/python3.12/site-packages/oslo_config/cfg.py:3006}}
May 09 09:01:46.121896 np0000173059 nova-scheduler[109244]: DEBUG cotyledon.oslo_config_glue [-] oslo_messaging_rabbit.rabbit_quorum_max_memory_length = 0 {{(pid=109244) log_opt_values /opt/stack/data/venv/lib/python3.12/site-packages/oslo_config/cfg.py:3006}}
May 09 09:01:46.121896 np0000173059 nova-scheduler[109244]: DEBUG cotyledon.oslo_config_glue [-] oslo_messaging_rabbit.rabbit_quorum_queue = False {{(pid=109244) log_opt_values /opt/stack/data/venv/lib/python3.12/site-packages/oslo_config/cfg.py:3006}}
May 09 09:01:46.122101 np0000173059 nova-scheduler[109244]: DEBUG cotyledon.oslo_config_glue [-] oslo_messaging_rabbit.rabbit_retry_backoff = 2 {{(pid=109244) log_opt_values /opt/stack/data/venv/lib/python3.12/site-packages/oslo_config/cfg.py:3006}}
May 09 09:01:46.122101 np0000173059 nova-scheduler[109244]: DEBUG cotyledon.oslo_config_glue [-] oslo_messaging_rabbit.rabbit_retry_interval = 1 {{(pid=109244) log_opt_values /opt/stack/data/venv/lib/python3.12/site-packages/oslo_config/cfg.py:3006}}
May 09 09:01:46.122101 np0000173059 nova-scheduler[109244]: DEBUG cotyledon.oslo_config_glue [-] oslo_messaging_rabbit.rabbit_stream_fanout = False {{(pid=109244) log_opt_values /opt/stack/data/venv/lib/python3.12/site-packages/oslo_config/cfg.py:3006}}
May 09 09:01:46.122101 np0000173059 nova-scheduler[109244]: DEBUG cotyledon.oslo_config_glue [-] oslo_messaging_rabbit.rabbit_transient_queues_ttl = 1800 {{(pid=109244) log_opt_values /opt/stack/data/venv/lib/python3.12/site-packages/oslo_config/cfg.py:3006}}
May 09 09:01:46.122101 np0000173059 nova-scheduler[109244]: DEBUG cotyledon.oslo_config_glue [-] oslo_messaging_rabbit.rabbit_transient_quorum_queue = False {{(pid=109244) log_opt_values /opt/stack/data/venv/lib/python3.12/site-packages/oslo_config/cfg.py:3006}}
May 09 09:01:46.122101 np0000173059 nova-scheduler[109244]: DEBUG cotyledon.oslo_config_glue [-] oslo_messaging_rabbit.rpc_conn_pool_size = 30 {{(pid=109244) log_opt_values /opt/stack/data/venv/lib/python3.12/site-packages/oslo_config/cfg.py:3006}}
May 09 09:01:46.122101 np0000173059 nova-scheduler[109244]: DEBUG cotyledon.oslo_config_glue [-] oslo_messaging_rabbit.ssl = False {{(pid=109244) log_opt_values /opt/stack/data/venv/lib/python3.12/site-packages/oslo_config/cfg.py:3006}}
May 09 09:01:46.122101 np0000173059 nova-scheduler[109244]: DEBUG cotyledon.oslo_config_glue [-] oslo_messaging_rabbit.ssl_ca_file = {{(pid=109244) log_opt_values /opt/stack/data/venv/lib/python3.12/site-packages/oslo_config/cfg.py:3006}}
May 09 09:01:46.122101 np0000173059 nova-scheduler[109244]: DEBUG cotyledon.oslo_config_glue [-] oslo_messaging_rabbit.ssl_cert_file = {{(pid=109244) log_opt_values /opt/stack/data/venv/lib/python3.12/site-packages/oslo_config/cfg.py:3006}}
May 09 09:01:46.122326 np0000173059 nova-scheduler[109244]: DEBUG cotyledon.oslo_config_glue [-] oslo_messaging_rabbit.ssl_enforce_fips_mode = False {{(pid=109244) log_opt_values /opt/stack/data/venv/lib/python3.12/site-packages/oslo_config/cfg.py:3006}}
May 09 09:01:46.122326 np0000173059 nova-scheduler[109244]: DEBUG cotyledon.oslo_config_glue [-] oslo_messaging_rabbit.ssl_key_file = {{(pid=109244) log_opt_values /opt/stack/data/venv/lib/python3.12/site-packages/oslo_config/cfg.py:3006}}
May 09 09:01:46.122326 np0000173059 nova-scheduler[109244]: DEBUG cotyledon.oslo_config_glue [-] oslo_messaging_rabbit.ssl_version = {{(pid=109244) log_opt_values /opt/stack/data/venv/lib/python3.12/site-packages/oslo_config/cfg.py:3006}}
May 09 09:01:46.122326 np0000173059 nova-scheduler[109244]: DEBUG cotyledon.oslo_config_glue [-] oslo_messaging_rabbit.use_queue_manager = False {{(pid=109244) log_opt_values /opt/stack/data/venv/lib/python3.12/site-packages/oslo_config/cfg.py:3006}}
May 09 09:01:46.122326 np0000173059 nova-scheduler[109244]: DEBUG cotyledon.oslo_config_glue [-] oslo_messaging_notifications.driver = ['messagingv2'] {{(pid=109244) log_opt_values /opt/stack/data/venv/lib/python3.12/site-packages/oslo_config/cfg.py:3006}}
May 09 09:01:46.122326 np0000173059 nova-scheduler[109244]: DEBUG cotyledon.oslo_config_glue [-] oslo_messaging_notifications.retry = -1 {{(pid=109244) log_opt_values /opt/stack/data/venv/lib/python3.12/site-packages/oslo_config/cfg.py:3006}}
May 09 09:01:46.122326 np0000173059 nova-scheduler[109244]: DEBUG cotyledon.oslo_config_glue [-] oslo_messaging_notifications.topics = ['notifications'] {{(pid=109244) log_opt_values /opt/stack/data/venv/lib/python3.12/site-packages/oslo_config/cfg.py:3006}}
May 09 09:01:46.122326 np0000173059 nova-scheduler[109244]: DEBUG cotyledon.oslo_config_glue [-] oslo_messaging_notifications.transport_url = **** {{(pid=109244) log_opt_values /opt/stack/data/venv/lib/python3.12/site-packages/oslo_config/cfg.py:3006}}
May 09 09:01:46.122326 np0000173059 nova-scheduler[109244]: DEBUG cotyledon.oslo_config_glue [-] oslo_limit.auth_section = None {{(pid=109244) log_opt_values /opt/stack/data/venv/lib/python3.12/site-packages/oslo_config/cfg.py:3006}}
May 09 09:01:46.122542 np0000173059 nova-scheduler[109244]: DEBUG cotyledon.oslo_config_glue [-] oslo_limit.auth_type = None {{(pid=109244) log_opt_values /opt/stack/data/venv/lib/python3.12/site-packages/oslo_config/cfg.py:3006}}
May 09 09:01:46.122542 np0000173059 nova-scheduler[109244]: DEBUG cotyledon.oslo_config_glue [-] oslo_limit.cafile = None {{(pid=109244) log_opt_values /opt/stack/data/venv/lib/python3.12/site-packages/oslo_config/cfg.py:3006}}
May 09 09:01:46.122542 np0000173059 nova-scheduler[109244]: DEBUG cotyledon.oslo_config_glue [-] oslo_limit.certfile = None {{(pid=109244) log_opt_values /opt/stack/data/venv/lib/python3.12/site-packages/oslo_config/cfg.py:3006}}
May 09 09:01:46.122542 np0000173059 nova-scheduler[109244]: DEBUG cotyledon.oslo_config_glue [-] oslo_limit.collect_timing = False {{(pid=109244) log_opt_values /opt/stack/data/venv/lib/python3.12/site-packages/oslo_config/cfg.py:3006}}
May 09 09:01:46.122542 np0000173059 nova-scheduler[109244]: DEBUG cotyledon.oslo_config_glue [-] oslo_limit.connect_retries = None {{(pid=109244) log_opt_values /opt/stack/data/venv/lib/python3.12/site-packages/oslo_config/cfg.py:3006}}
May 09 09:01:46.122542 np0000173059 nova-scheduler[109244]: DEBUG cotyledon.oslo_config_glue [-] oslo_limit.connect_retry_delay = None {{(pid=109244) log_opt_values /opt/stack/data/venv/lib/python3.12/site-packages/oslo_config/cfg.py:3006}}
May 09 09:01:46.122542 np0000173059 nova-scheduler[109244]: DEBUG cotyledon.oslo_config_glue [-] oslo_limit.endpoint_id = None {{(pid=109244) log_opt_values /opt/stack/data/venv/lib/python3.12/site-packages/oslo_config/cfg.py:3006}}
May 09 09:01:46.122542 np0000173059 nova-scheduler[109244]: DEBUG cotyledon.oslo_config_glue [-] oslo_limit.endpoint_interface = public {{(pid=109244) log_opt_values /opt/stack/data/venv/lib/python3.12/site-packages/oslo_config/cfg.py:3006}}
May 09 09:01:46.122542 np0000173059 nova-scheduler[109244]: DEBUG cotyledon.oslo_config_glue [-] oslo_limit.endpoint_override = None {{(pid=109244) log_opt_values /opt/stack/data/venv/lib/python3.12/site-packages/oslo_config/cfg.py:3006}}
May 09 09:01:46.122779 np0000173059 nova-scheduler[109244]: DEBUG cotyledon.oslo_config_glue [-] oslo_limit.endpoint_region_name = None {{(pid=109244) log_opt_values /opt/stack/data/venv/lib/python3.12/site-packages/oslo_config/cfg.py:3006}}
May 09 09:01:46.122779 np0000173059 nova-scheduler[109244]: DEBUG cotyledon.oslo_config_glue [-] oslo_limit.endpoint_service_name = None {{(pid=109244) log_opt_values /opt/stack/data/venv/lib/python3.12/site-packages/oslo_config/cfg.py:3006}}
May 09 09:01:46.122779 np0000173059 nova-scheduler[109244]: DEBUG cotyledon.oslo_config_glue [-] oslo_limit.endpoint_service_type = None {{(pid=109244) log_opt_values /opt/stack/data/venv/lib/python3.12/site-packages/oslo_config/cfg.py:3006}}
May 09 09:01:46.122779 np0000173059 nova-scheduler[109244]: DEBUG cotyledon.oslo_config_glue [-] oslo_limit.insecure = False {{(pid=109244) log_opt_values /opt/stack/data/venv/lib/python3.12/site-packages/oslo_config/cfg.py:3006}}
May 09 09:01:46.122779 np0000173059 nova-scheduler[109244]: DEBUG cotyledon.oslo_config_glue [-] oslo_limit.keyfile = None {{(pid=109244) log_opt_values /opt/stack/data/venv/lib/python3.12/site-packages/oslo_config/cfg.py:3006}}
May 09 09:01:46.122779 np0000173059 nova-scheduler[109244]: DEBUG cotyledon.oslo_config_glue [-] oslo_limit.max_version = None {{(pid=109244) log_opt_values /opt/stack/data/venv/lib/python3.12/site-packages/oslo_config/cfg.py:3006}}
May 09 09:01:46.122779 np0000173059 nova-scheduler[109244]: DEBUG cotyledon.oslo_config_glue [-] oslo_limit.min_version = None {{(pid=109244) log_opt_values /opt/stack/data/venv/lib/python3.12/site-packages/oslo_config/cfg.py:3006}}
May 09 09:01:46.122779 np0000173059 nova-scheduler[109244]: DEBUG cotyledon.oslo_config_glue [-] oslo_limit.region_name = None {{(pid=109244) log_opt_values /opt/stack/data/venv/lib/python3.12/site-packages/oslo_config/cfg.py:3006}}
May 09 09:01:46.122779 np0000173059 nova-scheduler[109244]: DEBUG cotyledon.oslo_config_glue [-] oslo_limit.retriable_status_codes = None {{(pid=109244) log_opt_values /opt/stack/data/venv/lib/python3.12/site-packages/oslo_config/cfg.py:3006}}
May 09 09:01:46.123020 np0000173059 nova-scheduler[109244]: DEBUG cotyledon.oslo_config_glue [-] oslo_limit.service_name = None {{(pid=109244) log_opt_values /opt/stack/data/venv/lib/python3.12/site-packages/oslo_config/cfg.py:3006}}
May 09 09:01:46.123020 np0000173059 nova-scheduler[109244]: DEBUG cotyledon.oslo_config_glue [-] oslo_limit.service_type = None {{(pid=109244) log_opt_values /opt/stack/data/venv/lib/python3.12/site-packages/oslo_config/cfg.py:3006}}
May 09 09:01:46.123020 np0000173059 nova-scheduler[109244]: DEBUG cotyledon.oslo_config_glue [-] oslo_limit.split_loggers = False {{(pid=109244) log_opt_values /opt/stack/data/venv/lib/python3.12/site-packages/oslo_config/cfg.py:3006}}
May 09 09:01:46.123020 np0000173059 nova-scheduler[109244]: DEBUG cotyledon.oslo_config_glue [-] oslo_limit.status_code_retries = None {{(pid=109244) log_opt_values /opt/stack/data/venv/lib/python3.12/site-packages/oslo_config/cfg.py:3006}}
May 09 09:01:46.123020 np0000173059 nova-scheduler[109244]: DEBUG cotyledon.oslo_config_glue [-] oslo_limit.status_code_retry_delay = None {{(pid=109244) log_opt_values /opt/stack/data/venv/lib/python3.12/site-packages/oslo_config/cfg.py:3006}}
May 09 09:01:46.123020 np0000173059 nova-scheduler[109244]: DEBUG cotyledon.oslo_config_glue [-] oslo_limit.timeout = None {{(pid=109244) log_opt_values /opt/stack/data/venv/lib/python3.12/site-packages/oslo_config/cfg.py:3006}}
May 09 09:01:46.123020 np0000173059 nova-scheduler[109244]: DEBUG cotyledon.oslo_config_glue [-] oslo_limit.valid_interfaces = None {{(pid=109244) log_opt_values /opt/stack/data/venv/lib/python3.12/site-packages/oslo_config/cfg.py:3006}}
May 09 09:01:46.123020 np0000173059 nova-scheduler[109244]: DEBUG cotyledon.oslo_config_glue [-] oslo_limit.version = None {{(pid=109244) log_opt_values /opt/stack/data/venv/lib/python3.12/site-packages/oslo_config/cfg.py:3006}}
May 09 09:01:46.123020 np0000173059 nova-scheduler[109244]: DEBUG cotyledon.oslo_config_glue [-] oslo_reports.file_event_handler = None {{(pid=109244) log_opt_values /opt/stack/data/venv/lib/python3.12/site-packages/oslo_config/cfg.py:3006}}
May 09 09:01:46.123237 np0000173059 nova-scheduler[109244]: DEBUG cotyledon.oslo_config_glue [-] oslo_reports.file_event_handler_interval = 1 {{(pid=109244) log_opt_values /opt/stack/data/venv/lib/python3.12/site-packages/oslo_config/cfg.py:3006}}
May 09 09:01:46.123237 np0000173059 nova-scheduler[109244]: DEBUG cotyledon.oslo_config_glue [-] oslo_reports.log_dir = None {{(pid=109244) log_opt_values /opt/stack/data/venv/lib/python3.12/site-packages/oslo_config/cfg.py:3006}}
May 09 09:01:46.123237 np0000173059 nova-scheduler[109244]: DEBUG cotyledon.oslo_config_glue [-] ******************************************************************************** {{(pid=109244) log_opt_values /opt/stack/data/venv/lib/python3.12/site-packages/oslo_config/cfg.py:3013}}
May 09 09:01:46.123237 np0000173059 nova-scheduler[109244]: DEBUG cotyledon._service_worker [-] Run service ServiceWrapper(3) [109244] {{(pid=109244) wait_forever /opt/stack/data/venv/lib/python3.12/site-packages/cotyledon/_service_worker.py:218}}
May 09 09:01:46.123237 np0000173059 nova-scheduler[109244]: INFO nova.service [-] Starting scheduler node (version 33.1.0)
May 09 09:01:46.127035 np0000173059 nova-scheduler[109237]: DEBUG dbcounter [-] [109237] Writer thread running {{(pid=109237) stat_writer /opt/stack/data/venv/lib/python3.12/site-packages/dbcounter.py:102}}
May 09 09:01:46.127312 np0000173059 nova-scheduler[109244]: INFO dbcounter [None req-89439ec8-8c92-4d08-a2e6-06fbb69c4219 None None] Registered counter for database nova_cell0
May 09 09:01:46.128672 np0000173059 nova-scheduler[109230]: DEBUG nova.service [None req-df1b387d-cca2-4730-a9fc-5ffa2c7810e7 None None] Join ServiceGroup membership for this service scheduler {{(pid=109230) start /opt/stack/nova/nova/service.py:221}}
May 09 09:01:46.128918 np0000173059 nova-scheduler[109230]: DEBUG nova.servicegroup.drivers.db [None req-df1b387d-cca2-4730-a9fc-5ffa2c7810e7 None None] DB_Driver: join new ServiceGroup member np0000173059 to the scheduler group, service = {{(pid=109230) join /opt/stack/nova/nova/servicegroup/drivers/db.py:44}}
May 09 09:01:46.130008 np0000173059 nova-scheduler[109222]: DEBUG nova.service [None req-d2583279-cefa-45ee-92b5-81bd09526db2 None None] Join ServiceGroup membership for this service scheduler {{(pid=109222) start /opt/stack/nova/nova/service.py:221}}
May 09 09:01:46.130317 np0000173059 nova-scheduler[109222]: DEBUG nova.servicegroup.drivers.db [None req-d2583279-cefa-45ee-92b5-81bd09526db2 None None] DB_Driver: join new ServiceGroup member np0000173059 to the scheduler group, service = {{(pid=109222) join /opt/stack/nova/nova/servicegroup/drivers/db.py:44}}
May 09 09:01:46.133237 np0000173059 nova-scheduler[109237]: DEBUG nova.service [None req-8348818e-b231-406f-a080-9f8915b6de82 None None] Creating RPC server for service: nova-scheduler on topic: scheduler {{(pid=109237) start /opt/stack/nova/nova/service.py:195}}
May 09 09:01:46.141079 np0000173059 nova-scheduler[109244]: DEBUG oslo_db.sqlalchemy.engines [None req-89439ec8-8c92-4d08-a2e6-06fbb69c4219 None None] MySQL server mode set to STRICT_TRANS_TABLES,STRICT_ALL_TABLES,NO_ZERO_IN_DATE,NO_ZERO_DATE,ERROR_FOR_DIVISION_BY_ZERO,TRADITIONAL,NO_ENGINE_SUBSTITUTION {{(pid=109244) _check_effective_sql_mode /opt/stack/data/venv/lib/python3.12/site-packages/oslo_db/sqlalchemy/engines.py:325}}
May 09 09:01:46.154301 np0000173059 nova-scheduler[109244]: DEBUG dbcounter [-] [109244] Writer thread running {{(pid=109244) stat_writer /opt/stack/data/venv/lib/python3.12/site-packages/dbcounter.py:102}}
May 09 09:01:46.154721 np0000173059 nova-scheduler[109237]: DEBUG nova.service [None req-8348818e-b231-406f-a080-9f8915b6de82 None None] Join ServiceGroup membership for this service scheduler {{(pid=109237) start /opt/stack/nova/nova/service.py:221}}
May 09 09:01:46.155006 np0000173059 nova-scheduler[109237]: DEBUG nova.servicegroup.drivers.db [None req-8348818e-b231-406f-a080-9f8915b6de82 None None] DB_Driver: join new ServiceGroup member np0000173059 to the scheduler group, service = {{(pid=109237) join /opt/stack/nova/nova/servicegroup/drivers/db.py:44}}
May 09 09:01:46.157134 np0000173059 nova-scheduler[109244]: DEBUG nova.service [None req-89439ec8-8c92-4d08-a2e6-06fbb69c4219 None None] Creating RPC server for service: nova-scheduler on topic: scheduler {{(pid=109244) start /opt/stack/nova/nova/service.py:195}}
May 09 09:01:46.177526 np0000173059 nova-scheduler[109244]: DEBUG nova.service [None req-89439ec8-8c92-4d08-a2e6-06fbb69c4219 None None] Join ServiceGroup membership for this service scheduler {{(pid=109244) start /opt/stack/nova/nova/service.py:221}}
May 09 09:01:46.178650 np0000173059 nova-scheduler[109244]: DEBUG nova.servicegroup.drivers.db [None req-89439ec8-8c92-4d08-a2e6-06fbb69c4219 None None] DB_Driver: join new ServiceGroup member np0000173059 to the scheduler group, service = {{(pid=109244) join /opt/stack/nova/nova/servicegroup/drivers/db.py:44}}
May 09 09:01:51.154884 np0000173059 nova-scheduler[109222]: DEBUG oslo.service.backend._threading.loopingcall [-] Fixed interval looping call 'nova.servicegroup.drivers.db.DbDriver._report_state' sleeping for 119.98 seconds {{(pid=109222) _run_loop /opt/stack/data/venv/lib/python3.12/site-packages/oslo_service/backend/_threading/loopingcall.py:125}}
May 09 09:01:51.155541 np0000173059 nova-scheduler[109230]: DEBUG oslo.service.backend._threading.loopingcall [-] Fixed interval looping call 'nova.servicegroup.drivers.db.DbDriver._report_state' sleeping for 119.98 seconds {{(pid=109230) _run_loop /opt/stack/data/venv/lib/python3.12/site-packages/oslo_service/backend/_threading/loopingcall.py:125}}
May 09 09:01:51.170960 np0000173059 nova-scheduler[109237]: DEBUG oslo.service.backend._threading.loopingcall [-] Fixed interval looping call 'nova.servicegroup.drivers.db.DbDriver._report_state' sleeping for 119.99 seconds {{(pid=109237) _run_loop /opt/stack/data/venv/lib/python3.12/site-packages/oslo_service/backend/_threading/loopingcall.py:125}}
May 09 09:01:51.194630 np0000173059 nova-scheduler[109244]: DEBUG oslo.service.backend._threading.loopingcall [-] Fixed interval looping call 'nova.servicegroup.drivers.db.DbDriver._report_state' sleeping for 119.99 seconds {{(pid=109244) _run_loop /opt/stack/data/venv/lib/python3.12/site-packages/oslo_service/backend/_threading/loopingcall.py:125}}
May 09 09:01:54.745407 np0000173059 nova-scheduler[108459]: DEBUG dbcounter [-] [108459] Writing DB stats nova_api:SELECT=3 {{(pid=108459) stat_writer /opt/stack/data/venv/lib/python3.12/site-packages/dbcounter.py:115}}
May 09 09:01:54.848290 np0000173059 nova-scheduler[108459]: DEBUG dbcounter [-] [108459] Writing DB stats nova_cell0:SELECT=1 {{(pid=108459) stat_writer /opt/stack/data/venv/lib/python3.12/site-packages/dbcounter.py:115}}
May 09 09:01:54.853466 np0000173059 nova-scheduler[108459]: DEBUG dbcounter [-] [108459] Writing DB stats nova_cell1:SELECT=1 {{(pid=108459) stat_writer /opt/stack/data/venv/lib/python3.12/site-packages/dbcounter.py:115}}
May 09 09:02:01.146209 np0000173059 nova-scheduler[109222]: DEBUG dbcounter [-] [109222] Writing DB stats nova_cell0:SELECT=4,nova_cell0:INSERT=1,nova_cell0:UPDATE=1 {{(pid=109222) stat_writer /opt/stack/data/venv/lib/python3.12/site-packages/dbcounter.py:115}}
May 09 09:02:01.149182 np0000173059 nova-scheduler[109230]: DEBUG dbcounter [-] [109230] Writing DB stats nova_cell0:SELECT=3,nova_cell0:UPDATE=1 {{(pid=109230) stat_writer /opt/stack/data/venv/lib/python3.12/site-packages/dbcounter.py:115}}
May 09 09:02:01.167267 np0000173059 nova-scheduler[109237]: DEBUG dbcounter [-] [109237] Writing DB stats nova_cell0:SELECT=3 {{(pid=109237) stat_writer /opt/stack/data/venv/lib/python3.12/site-packages/dbcounter.py:115}}
May 09 09:02:01.191258 np0000173059 nova-scheduler[109244]: DEBUG dbcounter [-] [109244] Writing DB stats nova_cell0:SELECT=3 {{(pid=109244) stat_writer /opt/stack/data/venv/lib/python3.12/site-packages/dbcounter.py:115}}
May 09 09:02:02.133493 np0000173059 nova-scheduler[109222]: DEBUG oslo.service.backend._threading.loopingcall [None req-0cd19e77-6afa-458f-bd03-f40acccffb75 None None] Dynamic interval looping call 'nova.service.Service.periodic_tasks' sleeping for 60.00 seconds {{(pid=109222) _run_loop /opt/stack/data/venv/lib/python3.12/site-packages/oslo_service/backend/_threading/loopingcall.py:125}}
May 09 09:02:14.157760 np0000173059 nova-scheduler[109237]: DEBUG oslo.service.backend._threading.loopingcall [None req-c6a41572-8f37-4c41-bc23-c57d08adec6b None None] Dynamic interval looping call 'nova.service.Service.periodic_tasks' sleeping for 60.00 seconds {{(pid=109237) _run_loop /opt/stack/data/venv/lib/python3.12/site-packages/oslo_service/backend/_threading/loopingcall.py:125}}
May 09 09:02:38.182206 np0000173059 nova-scheduler[109244]: DEBUG oslo.service.backend._threading.loopingcall [None req-1a20cb0e-0931-4820-89cf-b43284e2a095 None None] Dynamic interval looping call 'nova.service.Service.periodic_tasks' sleeping for 60.00 seconds {{(pid=109244) _run_loop /opt/stack/data/venv/lib/python3.12/site-packages/oslo_service/backend/_threading/loopingcall.py:125}}
May 09 09:02:44.133214 np0000173059 nova-scheduler[109230]: DEBUG oslo.service.backend._threading.loopingcall [None req-2c01d223-7698-4c47-885c-d3751eab36b6 None None] Dynamic interval looping call 'nova.service.Service.periodic_tasks' sleeping for 60.00 seconds {{(pid=109230) _run_loop /opt/stack/data/venv/lib/python3.12/site-packages/oslo_service/backend/_threading/loopingcall.py:125}}
May 09 09:03:02.134287 np0000173059 nova-scheduler[109222]: DEBUG oslo.service.backend._threading.loopingcall [None req-0cd19e77-6afa-458f-bd03-f40acccffb75 None None] Dynamic interval looping call 'nova.service.Service.periodic_tasks' sleeping for 60.00 seconds {{(pid=109222) _run_loop /opt/stack/data/venv/lib/python3.12/site-packages/oslo_service/backend/_threading/loopingcall.py:125}}
May 09 09:03:14.158649 np0000173059 nova-scheduler[109237]: DEBUG oslo.service.backend._threading.loopingcall [None req-c6a41572-8f37-4c41-bc23-c57d08adec6b None None] Dynamic interval looping call 'nova.service.Service.periodic_tasks' sleeping for 60.00 seconds {{(pid=109237) _run_loop /opt/stack/data/venv/lib/python3.12/site-packages/oslo_service/backend/_threading/loopingcall.py:125}}
May 09 09:03:38.183946 np0000173059 nova-scheduler[109244]: DEBUG oslo.service.backend._threading.loopingcall [None req-1a20cb0e-0931-4820-89cf-b43284e2a095 None None] Dynamic interval looping call 'nova.service.Service.periodic_tasks' sleeping for 60.00 seconds {{(pid=109244) _run_loop /opt/stack/data/venv/lib/python3.12/site-packages/oslo_service/backend/_threading/loopingcall.py:125}}
May 09 09:03:44.134494 np0000173059 nova-scheduler[109230]: DEBUG oslo.service.backend._threading.loopingcall [None req-2c01d223-7698-4c47-885c-d3751eab36b6 None None] Dynamic interval looping call 'nova.service.Service.periodic_tasks' sleeping for 60.00 seconds {{(pid=109230) _run_loop /opt/stack/data/venv/lib/python3.12/site-packages/oslo_service/backend/_threading/loopingcall.py:125}}
May 09 09:03:51.144486 np0000173059 nova-scheduler[109222]: DEBUG oslo.service.backend._threading.loopingcall [-] Fixed interval looping call 'nova.servicegroup.drivers.db.DbDriver._report_state' sleeping for 119.99 seconds {{(pid=109222) _run_loop /opt/stack/data/venv/lib/python3.12/site-packages/oslo_service/backend/_threading/loopingcall.py:125}}
May 09 09:03:51.145568 np0000173059 nova-scheduler[109230]: DEBUG oslo.service.backend._threading.loopingcall [-] Fixed interval looping call 'nova.servicegroup.drivers.db.DbDriver._report_state' sleeping for 119.99 seconds {{(pid=109230) _run_loop /opt/stack/data/venv/lib/python3.12/site-packages/oslo_service/backend/_threading/loopingcall.py:125}}
May 09 09:03:51.167366 np0000173059 nova-scheduler[109237]: DEBUG oslo.service.backend._threading.loopingcall [-] Fixed interval looping call 'nova.servicegroup.drivers.db.DbDriver._report_state' sleeping for 119.99 seconds {{(pid=109237) _run_loop /opt/stack/data/venv/lib/python3.12/site-packages/oslo_service/backend/_threading/loopingcall.py:125}}
May 09 09:03:51.190151 np0000173059 nova-scheduler[109244]: DEBUG oslo.service.backend._threading.loopingcall [-] Fixed interval looping call 'nova.servicegroup.drivers.db.DbDriver._report_state' sleeping for 119.99 seconds {{(pid=109244) _run_loop /opt/stack/data/venv/lib/python3.12/site-packages/oslo_service/backend/_threading/loopingcall.py:125}}
May 09 09:04:01.139434 np0000173059 nova-scheduler[109222]: DEBUG dbcounter [-] [109222] Writing DB stats nova_cell0:SELECT=1,nova_cell0:UPDATE=1 {{(pid=109222) stat_writer /opt/stack/data/venv/lib/python3.12/site-packages/dbcounter.py:115}}
May 09 09:04:01.141191 np0000173059 nova-scheduler[109230]: DEBUG dbcounter [-] [109230] Writing DB stats nova_cell0:SELECT=1,nova_cell0:UPDATE=1 {{(pid=109230) stat_writer /opt/stack/data/venv/lib/python3.12/site-packages/dbcounter.py:115}}
May 09 09:04:01.164312 np0000173059 nova-scheduler[109237]: DEBUG dbcounter [-] [109237] Writing DB stats nova_cell0:SELECT=1 {{(pid=109237) stat_writer /opt/stack/data/venv/lib/python3.12/site-packages/dbcounter.py:115}}
May 09 09:04:01.187174 np0000173059 nova-scheduler[109244]: DEBUG dbcounter [-] [109244] Writing DB stats nova_cell0:SELECT=1 {{(pid=109244) stat_writer /opt/stack/data/venv/lib/python3.12/site-packages/dbcounter.py:115}}
May 09 09:04:02.135086 np0000173059 nova-scheduler[109222]: DEBUG oslo.service.backend._threading.loopingcall [None req-0cd19e77-6afa-458f-bd03-f40acccffb75 None None] Dynamic interval looping call 'nova.service.Service.periodic_tasks' sleeping for 60.00 seconds {{(pid=109222) _run_loop /opt/stack/data/venv/lib/python3.12/site-packages/oslo_service/backend/_threading/loopingcall.py:125}}
May 09 09:04:14.159260 np0000173059 nova-scheduler[109237]: DEBUG oslo.service.backend._threading.loopingcall [None req-c6a41572-8f37-4c41-bc23-c57d08adec6b None None] Dynamic interval looping call 'nova.service.Service.periodic_tasks' sleeping for 60.00 seconds {{(pid=109237) _run_loop /opt/stack/data/venv/lib/python3.12/site-packages/oslo_service/backend/_threading/loopingcall.py:125}}
May 09 09:04:38.184571 np0000173059 nova-scheduler[109244]: DEBUG oslo.service.backend._threading.loopingcall [None req-1a20cb0e-0931-4820-89cf-b43284e2a095 None None] Dynamic interval looping call 'nova.service.Service.periodic_tasks' sleeping for 60.00 seconds {{(pid=109244) _run_loop /opt/stack/data/venv/lib/python3.12/site-packages/oslo_service/backend/_threading/loopingcall.py:125}}
May 09 09:04:44.135469 np0000173059 nova-scheduler[109230]: DEBUG oslo.service.backend._threading.loopingcall [None req-2c01d223-7698-4c47-885c-d3751eab36b6 None None] Dynamic interval looping call 'nova.service.Service.periodic_tasks' sleeping for 60.00 seconds {{(pid=109230) _run_loop /opt/stack/data/venv/lib/python3.12/site-packages/oslo_service/backend/_threading/loopingcall.py:125}}
May 09 09:05:02.135934 np0000173059 nova-scheduler[109222]: DEBUG oslo.service.backend._threading.loopingcall [None req-0cd19e77-6afa-458f-bd03-f40acccffb75 None None] Dynamic interval looping call 'nova.service.Service.periodic_tasks' sleeping for 60.00 seconds {{(pid=109222) _run_loop /opt/stack/data/venv/lib/python3.12/site-packages/oslo_service/backend/_threading/loopingcall.py:125}}
May 09 09:05:14.160366 np0000173059 nova-scheduler[109237]: DEBUG oslo.service.backend._threading.loopingcall [None req-c6a41572-8f37-4c41-bc23-c57d08adec6b None None] Dynamic interval looping call 'nova.service.Service.periodic_tasks' sleeping for 60.00 seconds {{(pid=109237) _run_loop /opt/stack/data/venv/lib/python3.12/site-packages/oslo_service/backend/_threading/loopingcall.py:125}}
May 09 09:05:38.185209 np0000173059 nova-scheduler[109244]: DEBUG oslo.service.backend._threading.loopingcall [None req-1a20cb0e-0931-4820-89cf-b43284e2a095 None None] Dynamic interval looping call 'nova.service.Service.periodic_tasks' sleeping for 60.00 seconds {{(pid=109244) _run_loop /opt/stack/data/venv/lib/python3.12/site-packages/oslo_service/backend/_threading/loopingcall.py:125}}
May 09 09:05:41.509671 np0000173059 nova-scheduler[109230]: DEBUG nova.scheduler.manager [None req-b5b4dc11-4fc1-46b0-b454-643cbd53e001 demo demo] Starting to schedule for instances: ['84709fdd-6ab3-4e74-af05-2323b3de1f7a'] {{(pid=109230) select_destinations /opt/stack/nova/nova/scheduler/manager.py:210}}
May 09 09:05:41.512765 np0000173059 nova-scheduler[109230]: DEBUG oslo_db.sqlalchemy.engines [None req-b5b4dc11-4fc1-46b0-b454-643cbd53e001 demo demo] Parent process 108459 forked (109230) with an open database connection, which is being discarded and recreated. {{(pid=109230) checkout /opt/stack/data/venv/lib/python3.12/site-packages/oslo_db/sqlalchemy/engines.py:402}}
May 09 09:05:41.519925 np0000173059 nova-scheduler[109230]: DEBUG dbcounter [-] [109230] Writer thread running {{(pid=109230) stat_writer /opt/stack/data/venv/lib/python3.12/site-packages/dbcounter.py:102}}
May 09 09:05:41.522155 np0000173059 nova-scheduler[109230]: DEBUG nova.scheduler.request_filter [None req-b5b4dc11-4fc1-46b0-b454-643cbd53e001 demo demo] Request filter 'map_az_to_placement_aggregate' took 0.0 seconds {{(pid=109230) wrapper /opt/stack/nova/nova/scheduler/request_filter.py:46}}
May 09 09:05:41.522592 np0000173059 nova-scheduler[109230]: DEBUG nova.scheduler.request_filter [None req-b5b4dc11-4fc1-46b0-b454-643cbd53e001 demo demo] compute_status_filter request filter added forbidden trait COMPUTE_STATUS_DISABLED {{(pid=109230) compute_status_filter /opt/stack/nova/nova/scheduler/request_filter.py:253}}
May 09 09:05:41.522763 np0000173059 nova-scheduler[109230]: DEBUG nova.scheduler.request_filter [None req-b5b4dc11-4fc1-46b0-b454-643cbd53e001 demo demo] Request filter 'compute_status_filter' took 0.0 seconds {{(pid=109230) wrapper /opt/stack/nova/nova/scheduler/request_filter.py:46}}
May 09 09:05:41.523076 np0000173059 nova-scheduler[109230]: DEBUG nova.scheduler.request_filter [None req-b5b4dc11-4fc1-46b0-b454-643cbd53e001 demo demo] Request filter 'accelerators_filter' took 0.0 seconds {{(pid=109230) wrapper /opt/stack/nova/nova/scheduler/request_filter.py:46}}
May 09 09:05:41.523336 np0000173059 nova-scheduler[109230]: DEBUG nova.scheduler.request_filter [None req-b5b4dc11-4fc1-46b0-b454-643cbd53e001 demo demo] Request filter 'packed_virtqueue_filter' took 0.0 seconds {{(pid=109230) wrapper /opt/stack/nova/nova/scheduler/request_filter.py:46}}
May 09 09:05:41.525769 np0000173059 nova-scheduler[109230]: WARNING neutronclient.v2_0.client [None req-b5b4dc11-4fc1-46b0-b454-643cbd53e001 demo demo] The python binding code in neutronclient is deprecated in favor of OpenstackSDK, please use that as this will be removed in a future release.
