May 09 09:01:13.963280 np0000173059 neutron-periodic-workers[105848]: DEBUG cotyledon.oslo_config_glue [-] network_log.local_output_log_base = None {{(pid=105848) log_opt_values /opt/stack/data/venv/lib/python3.12/site-packages/oslo_config/cfg.py:3006}}
May 09 09:01:13.963280 np0000173059 neutron-periodic-workers[105848]: DEBUG cotyledon.oslo_config_glue [-] network_log.rate_limit = 100 {{(pid=105848) log_opt_values /opt/stack/data/venv/lib/python3.12/site-packages/oslo_config/cfg.py:3006}}
May 09 09:01:13.963280 np0000173059 neutron-periodic-workers[105848]: DEBUG cotyledon.oslo_config_glue [-] database.asyncio_connection = **** {{(pid=105848) log_opt_values /opt/stack/data/venv/lib/python3.12/site-packages/oslo_config/cfg.py:3006}}
May 09 09:01:13.963280 np0000173059 neutron-periodic-workers[105848]: DEBUG cotyledon.oslo_config_glue [-] database.asyncio_slave_connection = **** {{(pid=105848) log_opt_values /opt/stack/data/venv/lib/python3.12/site-packages/oslo_config/cfg.py:3006}}
May 09 09:01:13.963280 np0000173059 neutron-periodic-workers[105848]: DEBUG cotyledon.oslo_config_glue [-] database.backend = sqlalchemy {{(pid=105848) log_opt_values /opt/stack/data/venv/lib/python3.12/site-packages/oslo_config/cfg.py:3006}}
May 09 09:01:13.963280 np0000173059 neutron-periodic-workers[105848]: DEBUG cotyledon.oslo_config_glue [-] database.connection = **** {{(pid=105848) log_opt_values /opt/stack/data/venv/lib/python3.12/site-packages/oslo_config/cfg.py:3006}}
May 09 09:01:13.963588 np0000173059 neutron-periodic-workers[105848]: DEBUG cotyledon.oslo_config_glue [-] database.connection_debug = 0 {{(pid=105848) log_opt_values /opt/stack/data/venv/lib/python3.12/site-packages/oslo_config/cfg.py:3006}}
May 09 09:01:13.963588 np0000173059 neutron-periodic-workers[105848]: DEBUG cotyledon.oslo_config_glue [-] database.connection_parameters = {{(pid=105848) log_opt_values /opt/stack/data/venv/lib/python3.12/site-packages/oslo_config/cfg.py:3006}}
May 09 09:01:13.963588 np0000173059 neutron-periodic-workers[105848]: DEBUG cotyledon.oslo_config_glue [-] database.connection_recycle_time = 3600 {{(pid=105848) log_opt_values /opt/stack/data/venv/lib/python3.12/site-packages/oslo_config/cfg.py:3006}}
May 09 09:01:13.963588 np0000173059 neutron-periodic-workers[105848]: DEBUG cotyledon.oslo_config_glue [-] database.connection_trace = False {{(pid=105848) log_opt_values /opt/stack/data/venv/lib/python3.12/site-packages/oslo_config/cfg.py:3006}}
May 09 09:01:13.963588 np0000173059 neutron-periodic-workers[105848]: DEBUG cotyledon.oslo_config_glue [-] database.db_inc_retry_interval = True {{(pid=105848) log_opt_values /opt/stack/data/venv/lib/python3.12/site-packages/oslo_config/cfg.py:3006}}
May 09 09:01:13.963588 np0000173059 neutron-periodic-workers[105848]: DEBUG cotyledon.oslo_config_glue [-] database.db_max_retries = 20 {{(pid=105848) log_opt_values /opt/stack/data/venv/lib/python3.12/site-packages/oslo_config/cfg.py:3006}}
May 09 09:01:13.963588 np0000173059 neutron-periodic-workers[105848]: DEBUG cotyledon.oslo_config_glue [-] database.db_max_retry_interval = 10 {{(pid=105848) log_opt_values /opt/stack/data/venv/lib/python3.12/site-packages/oslo_config/cfg.py:3006}}
May 09 09:01:13.963588 np0000173059 neutron-periodic-workers[105848]: DEBUG cotyledon.oslo_config_glue [-] database.db_retry_interval = 1 {{(pid=105848) log_opt_values /opt/stack/data/venv/lib/python3.12/site-packages/oslo_config/cfg.py:3006}}
May 09 09:01:13.963588 np0000173059 neutron-periodic-workers[105848]: DEBUG cotyledon.oslo_config_glue [-] database.max_overflow = 50 {{(pid=105848) log_opt_values /opt/stack/data/venv/lib/python3.12/site-packages/oslo_config/cfg.py:3006}}
May 09 09:01:13.963917 np0000173059 neutron-periodic-workers[105848]: DEBUG cotyledon.oslo_config_glue [-] database.max_pool_size = 5 {{(pid=105848) log_opt_values /opt/stack/data/venv/lib/python3.12/site-packages/oslo_config/cfg.py:3006}}
May 09 09:01:13.963917 np0000173059 neutron-periodic-workers[105848]: DEBUG cotyledon.oslo_config_glue [-] database.max_retries = 10 {{(pid=105848) log_opt_values /opt/stack/data/venv/lib/python3.12/site-packages/oslo_config/cfg.py:3006}}
May 09 09:01:13.963917 np0000173059 neutron-periodic-workers[105848]: DEBUG cotyledon.oslo_config_glue [-] database.mysql_sql_mode = TRADITIONAL {{(pid=105848) log_opt_values /opt/stack/data/venv/lib/python3.12/site-packages/oslo_config/cfg.py:3006}}
May 09 09:01:13.963917 np0000173059 neutron-periodic-workers[105848]: DEBUG cotyledon.oslo_config_glue [-] database.mysql_wsrep_sync_wait = None {{(pid=105848) log_opt_values /opt/stack/data/venv/lib/python3.12/site-packages/oslo_config/cfg.py:3006}}
May 09 09:01:13.963917 np0000173059 neutron-periodic-workers[105848]: DEBUG cotyledon.oslo_config_glue [-] database.pool_timeout = None {{(pid=105848) log_opt_values /opt/stack/data/venv/lib/python3.12/site-packages/oslo_config/cfg.py:3006}}
May 09 09:01:13.963917 np0000173059 neutron-periodic-workers[105848]: DEBUG cotyledon.oslo_config_glue [-] database.retry_interval = 10 {{(pid=105848) log_opt_values /opt/stack/data/venv/lib/python3.12/site-packages/oslo_config/cfg.py:3006}}
May 09 09:01:13.963917 np0000173059 neutron-periodic-workers[105848]: DEBUG cotyledon.oslo_config_glue [-] database.slave_connection = **** {{(pid=105848) log_opt_values /opt/stack/data/venv/lib/python3.12/site-packages/oslo_config/cfg.py:3006}}
May 09 09:01:13.963917 np0000173059 neutron-periodic-workers[105848]: DEBUG cotyledon.oslo_config_glue [-] database.sqlite_synchronous = True {{(pid=105848) log_opt_values /opt/stack/data/venv/lib/python3.12/site-packages/oslo_config/cfg.py:3006}}
May 09 09:01:13.963917 np0000173059 neutron-periodic-workers[105848]: DEBUG cotyledon.oslo_config_glue [-] database.synchronous_reader = True {{(pid=105848) log_opt_values /opt/stack/data/venv/lib/python3.12/site-packages/oslo_config/cfg.py:3006}}
May 09 09:01:13.964231 np0000173059 neutron-periodic-workers[105848]: DEBUG cotyledon.oslo_config_glue [-] database.use_db_reconnect = False {{(pid=105848) log_opt_values /opt/stack/data/venv/lib/python3.12/site-packages/oslo_config/cfg.py:3006}}
May 09 09:01:13.964231 np0000173059 neutron-periodic-workers[105848]: DEBUG cotyledon.oslo_config_glue [-] ovn.bfd_min_rx = 1000 {{(pid=105848) log_opt_values /opt/stack/data/venv/lib/python3.12/site-packages/oslo_config/cfg.py:3006}}
May 09 09:01:13.964231 np0000173059 neutron-periodic-workers[105848]: DEBUG cotyledon.oslo_config_glue [-] ovn.bfd_min_tx = 100 {{(pid=105848) log_opt_values /opt/stack/data/venv/lib/python3.12/site-packages/oslo_config/cfg.py:3006}}
May 09 09:01:13.964231 np0000173059 neutron-periodic-workers[105848]: DEBUG cotyledon.oslo_config_glue [-] ovn.bfd_mult = 3 {{(pid=105848) log_opt_values /opt/stack/data/venv/lib/python3.12/site-packages/oslo_config/cfg.py:3006}}
May 09 09:01:13.964231 np0000173059 neutron-periodic-workers[105848]: DEBUG cotyledon.oslo_config_glue [-] ovn.broadcast_arps_to_all_routers = True {{(pid=105848) log_opt_values /opt/stack/data/venv/lib/python3.12/site-packages/oslo_config/cfg.py:3006}}
May 09 09:01:13.964231 np0000173059 neutron-periodic-workers[105848]: DEBUG cotyledon.oslo_config_glue [-] ovn.dhcp_default_lease_time = 43200 {{(pid=105848) log_opt_values /opt/stack/data/venv/lib/python3.12/site-packages/oslo_config/cfg.py:3006}}
May 09 09:01:13.964231 np0000173059 neutron-periodic-workers[105848]: DEBUG cotyledon.oslo_config_glue [-] ovn.disable_ovn_dhcp_for_baremetal_ports = False {{(pid=105848) log_opt_values /opt/stack/data/venv/lib/python3.12/site-packages/oslo_config/cfg.py:3006}}
May 09 09:01:13.964231 np0000173059 neutron-periodic-workers[105848]: DEBUG cotyledon.oslo_config_glue [-] ovn.dns_records_ovn_owned = False {{(pid=105848) log_opt_values /opt/stack/data/venv/lib/python3.12/site-packages/oslo_config/cfg.py:3006}}
May 09 09:01:13.964231 np0000173059 neutron-periodic-workers[105848]: DEBUG cotyledon.oslo_config_glue [-] ovn.dns_servers = [] {{(pid=105848) log_opt_values /opt/stack/data/venv/lib/python3.12/site-packages/oslo_config/cfg.py:3006}}
May 09 09:01:13.964535 np0000173059 neutron-periodic-workers[105848]: DEBUG cotyledon.oslo_config_glue [-] ovn.enable_distributed_floating_ip = False {{(pid=105848) log_opt_values /opt/stack/data/venv/lib/python3.12/site-packages/oslo_config/cfg.py:3006}}
May 09 09:01:13.964535 np0000173059 neutron-periodic-workers[105848]: DEBUG cotyledon.oslo_config_glue [-] ovn.fdb_age_threshold = 300 {{(pid=105848) log_opt_values /opt/stack/data/venv/lib/python3.12/site-packages/oslo_config/cfg.py:3006}}
May 09 09:01:13.964535 np0000173059 neutron-periodic-workers[105848]: DEBUG cotyledon.oslo_config_glue [-] ovn.ha_failover_strategy = normal {{(pid=105848) log_opt_values /opt/stack/data/venv/lib/python3.12/site-packages/oslo_config/cfg.py:3006}}
May 09 09:01:13.964535 np0000173059 neutron-periodic-workers[105848]: DEBUG cotyledon.oslo_config_glue [-] ovn.live_migration_activation_strategy = rarp {{(pid=105848) log_opt_values /opt/stack/data/venv/lib/python3.12/site-packages/oslo_config/cfg.py:3006}}
May 09 09:01:13.964535 np0000173059 neutron-periodic-workers[105848]: DEBUG cotyledon.oslo_config_glue [-] ovn.localnet_learn_fdb = False {{(pid=105848) log_opt_values /opt/stack/data/venv/lib/python3.12/site-packages/oslo_config/cfg.py:3006}}
May 09 09:01:13.964535 np0000173059 neutron-periodic-workers[105848]: DEBUG cotyledon.oslo_config_glue [-] ovn.mac_binding_age_threshold = 300 {{(pid=105848) log_opt_values /opt/stack/data/venv/lib/python3.12/site-packages/oslo_config/cfg.py:3006}}
May 09 09:01:13.964535 np0000173059 neutron-periodic-workers[105848]: DEBUG cotyledon.oslo_config_glue [-] ovn.neutron_sync_mode = log {{(pid=105848) log_opt_values /opt/stack/data/venv/lib/python3.12/site-packages/oslo_config/cfg.py:3006}}
May 09 09:01:13.964535 np0000173059 neutron-periodic-workers[105848]: DEBUG cotyledon.oslo_config_glue [-] ovn.ovn_dhcp4_global_options = {} {{(pid=105848) log_opt_values /opt/stack/data/venv/lib/python3.12/site-packages/oslo_config/cfg.py:3006}}
May 09 09:01:13.964535 np0000173059 neutron-periodic-workers[105848]: DEBUG cotyledon.oslo_config_glue [-] ovn.ovn_dhcp6_global_options = {} {{(pid=105848) log_opt_values /opt/stack/data/venv/lib/python3.12/site-packages/oslo_config/cfg.py:3006}}
May 09 09:01:13.964922 np0000173059 neutron-periodic-workers[105848]: DEBUG cotyledon.oslo_config_glue [-] ovn.ovn_l3_scheduler = leastloaded {{(pid=105848) log_opt_values /opt/stack/data/venv/lib/python3.12/site-packages/oslo_config/cfg.py:3006}}
May 09 09:01:13.964922 np0000173059 neutron-periodic-workers[105848]: DEBUG cotyledon.oslo_config_glue [-] ovn.ovn_metadata_enabled = True {{(pid=105848) log_opt_values /opt/stack/data/venv/lib/python3.12/site-packages/oslo_config/cfg.py:3006}}
May 09 09:01:13.964922 np0000173059 neutron-periodic-workers[105848]: DEBUG cotyledon.oslo_config_glue [-] ovn.ovn_nb_ca_cert = /opt/stack/data/CA/int-ca/ca-chain.pem {{(pid=105848) log_opt_values /opt/stack/data/venv/lib/python3.12/site-packages/oslo_config/cfg.py:3006}}
May 09 09:01:13.964922 np0000173059 neutron-periodic-workers[105848]: DEBUG cotyledon.oslo_config_glue [-] ovn.ovn_nb_certificate = /opt/stack/data/CA/int-ca/devstack-cert.crt {{(pid=105848) log_opt_values /opt/stack/data/venv/lib/python3.12/site-packages/oslo_config/cfg.py:3006}}
May 09 09:01:13.964922 np0000173059 neutron-periodic-workers[105848]: DEBUG cotyledon.oslo_config_glue [-] ovn.ovn_nb_connection = ['ssl:199.204.45.229:6641'] {{(pid=105848) log_opt_values /opt/stack/data/venv/lib/python3.12/site-packages/oslo_config/cfg.py:3006}}
May 09 09:01:13.964922 np0000173059 neutron-periodic-workers[105848]: DEBUG cotyledon.oslo_config_glue [-] ovn.ovn_nb_private_key = /opt/stack/data/CA/int-ca/private/devstack-cert.key {{(pid=105848) log_opt_values /opt/stack/data/venv/lib/python3.12/site-packages/oslo_config/cfg.py:3006}}
May 09 09:01:13.964922 np0000173059 neutron-periodic-workers[105848]: DEBUG cotyledon.oslo_config_glue [-] ovn.ovn_router_indirect_snat = False {{(pid=105848) log_opt_values /opt/stack/data/venv/lib/python3.12/site-packages/oslo_config/cfg.py:3006}}
May 09 09:01:13.964922 np0000173059 neutron-periodic-workers[105848]: DEBUG cotyledon.oslo_config_glue [-] ovn.ovn_sb_ca_cert = /opt/stack/data/CA/int-ca/ca-chain.pem {{(pid=105848) log_opt_values /opt/stack/data/venv/lib/python3.12/site-packages/oslo_config/cfg.py:3006}}
May 09 09:01:13.965250 np0000173059 neutron-periodic-workers[105848]: DEBUG cotyledon.oslo_config_glue [-] ovn.ovn_sb_certificate = /opt/stack/data/CA/int-ca/devstack-cert.crt {{(pid=105848) log_opt_values /opt/stack/data/venv/lib/python3.12/site-packages/oslo_config/cfg.py:3006}}
May 09 09:01:13.965250 np0000173059 neutron-periodic-workers[105848]: DEBUG cotyledon.oslo_config_glue [-] ovn.ovn_sb_connection = ['ssl:199.204.45.229:6642'] {{(pid=105848) log_opt_values /opt/stack/data/venv/lib/python3.12/site-packages/oslo_config/cfg.py:3006}}
May 09 09:01:13.965250 np0000173059 neutron-periodic-workers[105848]: DEBUG cotyledon.oslo_config_glue [-] ovn.ovn_sb_private_key = /opt/stack/data/CA/int-ca/private/devstack-cert.key {{(pid=105848) log_opt_values /opt/stack/data/venv/lib/python3.12/site-packages/oslo_config/cfg.py:3006}}
May 09 09:01:13.965250 np0000173059 neutron-periodic-workers[105848]: DEBUG cotyledon.oslo_config_glue [-] ovn.ovs_create_tap = False {{(pid=105848) log_opt_values /opt/stack/data/venv/lib/python3.12/site-packages/oslo_config/cfg.py:3006}}
May 09 09:01:13.965250 np0000173059 neutron-periodic-workers[105848]: DEBUG cotyledon.oslo_config_glue [-] ovn.ovsdb_connection_timeout = 180 {{(pid=105848) log_opt_values /opt/stack/data/venv/lib/python3.12/site-packages/oslo_config/cfg.py:3006}}
May 09 09:01:13.965250 np0000173059 neutron-periodic-workers[105848]: DEBUG cotyledon.oslo_config_glue [-] ovn.ovsdb_log_level = INFO {{(pid=105848) log_opt_values /opt/stack/data/venv/lib/python3.12/site-packages/oslo_config/cfg.py:3006}}
May 09 09:01:13.965250 np0000173059 neutron-periodic-workers[105848]: DEBUG cotyledon.oslo_config_glue [-] ovn.ovsdb_probe_interval = 60000 {{(pid=105848) log_opt_values /opt/stack/data/venv/lib/python3.12/site-packages/oslo_config/cfg.py:3006}}
May 09 09:01:13.965250 np0000173059 neutron-periodic-workers[105848]: DEBUG cotyledon.oslo_config_glue [-] ovn.ovsdb_retry_max_interval = 180 {{(pid=105848) log_opt_values /opt/stack/data/venv/lib/python3.12/site-packages/oslo_config/cfg.py:3006}}
May 09 09:01:13.965250 np0000173059 neutron-periodic-workers[105848]: DEBUG cotyledon.oslo_config_glue [-] ovn.stateless_nat_enabled = False {{(pid=105848) log_opt_values /opt/stack/data/venv/lib/python3.12/site-packages/oslo_config/cfg.py:3006}}
May 09 09:01:13.965635 np0000173059 neutron-periodic-workers[105848]: DEBUG cotyledon.oslo_config_glue [-] ovn.vhost_sock_dir = /var/run/openvswitch {{(pid=105848) log_opt_values /opt/stack/data/venv/lib/python3.12/site-packages/oslo_config/cfg.py:3006}}
May 09 09:01:13.965635 np0000173059 neutron-periodic-workers[105848]: DEBUG cotyledon.oslo_config_glue [-] OVS.bridge_mac_table_size = 50000 {{(pid=105848) log_opt_values /opt/stack/data/venv/lib/python3.12/site-packages/oslo_config/cfg.py:3006}}
May 09 09:01:13.965635 np0000173059 neutron-periodic-workers[105848]: DEBUG cotyledon.oslo_config_glue [-] OVS.igmp_flood = False {{(pid=105848) log_opt_values /opt/stack/data/venv/lib/python3.12/site-packages/oslo_config/cfg.py:3006}}
May 09 09:01:13.965635 np0000173059 neutron-periodic-workers[105848]: DEBUG cotyledon.oslo_config_glue [-] OVS.igmp_flood_reports = True {{(pid=105848) log_opt_values /opt/stack/data/venv/lib/python3.12/site-packages/oslo_config/cfg.py:3006}}
May 09 09:01:13.965635 np0000173059 neutron-periodic-workers[105848]: DEBUG cotyledon.oslo_config_glue [-] OVS.igmp_flood_unregistered = False {{(pid=105848) log_opt_values /opt/stack/data/venv/lib/python3.12/site-packages/oslo_config/cfg.py:3006}}
May 09 09:01:13.965635 np0000173059 neutron-periodic-workers[105848]: DEBUG cotyledon.oslo_config_glue [-] OVS.igmp_snooping_enable = False {{(pid=105848) log_opt_values /opt/stack/data/venv/lib/python3.12/site-packages/oslo_config/cfg.py:3006}}
May 09 09:01:13.965635 np0000173059 neutron-periodic-workers[105848]: DEBUG cotyledon.oslo_config_glue [-] OVS.ovsdb_timeout = 10 {{(pid=105848) log_opt_values /opt/stack/data/venv/lib/python3.12/site-packages/oslo_config/cfg.py:3006}}
May 09 09:01:13.965635 np0000173059 neutron-periodic-workers[105848]: DEBUG cotyledon.oslo_config_glue [-] ovn_nb_global.fdb_removal_limit = 0 {{(pid=105848) log_opt_values /opt/stack/data/venv/lib/python3.12/site-packages/oslo_config/cfg.py:3006}}
May 09 09:01:13.965635 np0000173059 neutron-periodic-workers[105848]: DEBUG cotyledon.oslo_config_glue [-] ovn_nb_global.ignore_lsp_down = False {{(pid=105848) log_opt_values /opt/stack/data/venv/lib/python3.12/site-packages/oslo_config/cfg.py:3006}}
May 09 09:01:13.965968 np0000173059 neutron-periodic-workers[105848]: DEBUG cotyledon.oslo_config_glue [-] ovn_nb_global.mac_binding_removal_limit = 0 {{(pid=105848) log_opt_values /opt/stack/data/venv/lib/python3.12/site-packages/oslo_config/cfg.py:3006}}
May 09 09:01:13.965968 np0000173059 neutron-periodic-workers[105848]: DEBUG cotyledon.oslo_config_glue [-] ******************************************************************************** {{(pid=105848) log_opt_values /opt/stack/data/venv/lib/python3.12/site-packages/oslo_config/cfg.py:3013}}
May 09 09:01:13.965968 np0000173059 neutron-periodic-workers[105848]: DEBUG cotyledon._service_worker [-] Run service ServiceWrapper(0) [105848] {{(pid=105848) wait_forever /opt/stack/data/venv/lib/python3.12/site-packages/cotyledon/_service_worker.py:218}}
May 09 09:01:23.602079 np0000173059 neutron-periodic-workers[104949]: DEBUG dbcounter [-] [104949] Writing DB stats neutron:SELECT=4 {{(pid=104949) stat_writer /opt/stack/data/venv/lib/python3.12/site-packages/dbcounter.py:115}}
May 09 09:02:17.927080 np0000173059 neutron-periodic-workers[105822]: DEBUG oslo_db.sqlalchemy.engines [None req-ee2825ff-f78c-459b-8a94-f06d2116d6ae None None] Parent process 104949 forked (105822) with an open database connection, which is being discarded and recreated. {{(pid=105822) checkout /opt/stack/data/venv/lib/python3.12/site-packages/oslo_db/sqlalchemy/engines.py:402}}
May 09 09:02:17.941327 np0000173059 neutron-periodic-workers[105822]: DEBUG dbcounter [-] [105822] Writer thread running {{(pid=105822) stat_writer /opt/stack/data/venv/lib/python3.12/site-packages/dbcounter.py:102}}
May 09 09:02:17.952312 np0000173059 neutron-periodic-workers[105822]: DEBUG oslo.service.backend._threading.loopingcall [None req-ee2825ff-f78c-459b-8a94-f06d2116d6ae None None] Fixed interval looping call 'neutron.plugins.ml2.plugin.DhcpAgentSchedulerDbMixin.remove_networks_from_down_agents' sleeping for 36.97 seconds {{(pid=105822) _run_loop /opt/stack/data/venv/lib/python3.12/site-packages/oslo_service/backend/_threading/loopingcall.py:125}}
May 09 09:02:22.949046 np0000173059 neutron-periodic-workers[105831]: DEBUG dbcounter [-] [105831] Writer thread running {{(pid=105831) stat_writer /opt/stack/data/venv/lib/python3.12/site-packages/dbcounter.py:102}}
May 09 09:02:22.953136 np0000173059 neutron-periodic-workers[105831]: DEBUG neutron.db.agents_db [None req-cd9173c1-dc7f-4b0d-bf92-5edb6593dfc0 None None] Agent healthcheck: found 0 active agents {{(pid=105831) agent_health_check /opt/stack/neutron/neutron/db/agents_db.py:322}}
May 09 09:02:22.953364 np0000173059 neutron-periodic-workers[105831]: DEBUG oslo.service.backend._threading.loopingcall [None req-cd9173c1-dc7f-4b0d-bf92-5edb6593dfc0 None None] Fixed interval looping call 'neutron.plugins.ml2.plugin.AgentDbMixin.agent_health_check' sleeping for 36.98 seconds {{(pid=105831) _run_loop /opt/stack/data/venv/lib/python3.12/site-packages/oslo_service/backend/_threading/loopingcall.py:125}}
May 09 09:02:27.951327 np0000173059 neutron-periodic-workers[105822]: DEBUG dbcounter [-] [105822] Writing DB stats neutron:SELECT=3 {{(pid=105822) stat_writer /opt/stack/data/venv/lib/python3.12/site-packages/dbcounter.py:115}}
May 09 09:02:32.951201 np0000173059 neutron-periodic-workers[105831]: DEBUG dbcounter [-] [105831] Writing DB stats neutron:SELECT=1 {{(pid=105831) stat_writer /opt/stack/data/venv/lib/python3.12/site-packages/dbcounter.py:115}}
May 09 09:02:54.935693 np0000173059 neutron-periodic-workers[105822]: DEBUG oslo.service.backend._threading.loopingcall [None req-ee2825ff-f78c-459b-8a94-f06d2116d6ae None None] Fixed interval looping call 'neutron.plugins.ml2.plugin.DhcpAgentSchedulerDbMixin.remove_networks_from_down_agents' sleeping for 36.99 seconds {{(pid=105822) _run_loop /opt/stack/data/venv/lib/python3.12/site-packages/oslo_service/backend/_threading/loopingcall.py:125}}
May 09 09:02:59.940333 np0000173059 neutron-periodic-workers[105831]: DEBUG neutron.db.agents_db [None req-cd9173c1-dc7f-4b0d-bf92-5edb6593dfc0 None None] Agent healthcheck: found 0 active agents {{(pid=105831) agent_health_check /opt/stack/neutron/neutron/db/agents_db.py:322}}
May 09 09:02:59.941050 np0000173059 neutron-periodic-workers[105831]: DEBUG oslo.service.backend._threading.loopingcall [None req-cd9173c1-dc7f-4b0d-bf92-5edb6593dfc0 None None] Fixed interval looping call 'neutron.plugins.ml2.plugin.AgentDbMixin.agent_health_check' sleeping for 36.99 seconds {{(pid=105831) _run_loop /opt/stack/data/venv/lib/python3.12/site-packages/oslo_service/backend/_threading/loopingcall.py:125}}
May 09 09:03:04.934619 np0000173059 neutron-periodic-workers[105822]: DEBUG dbcounter [-] [105822] Writing DB stats neutron:SELECT=3 {{(pid=105822) stat_writer /opt/stack/data/venv/lib/python3.12/site-packages/dbcounter.py:115}}
May 09 09:03:09.938434 np0000173059 neutron-periodic-workers[105831]: DEBUG dbcounter [-] [105831] Writing DB stats neutron:SELECT=1 {{(pid=105831) stat_writer /opt/stack/data/venv/lib/python3.12/site-packages/dbcounter.py:115}}
May 09 09:03:13.972183 np0000173059 neutron-periodic-workers[105840]: DEBUG dbcounter [-] [105840] Writer thread running {{(pid=105840) stat_writer /opt/stack/data/venv/lib/python3.12/site-packages/dbcounter.py:102}}
May 09 09:03:13.974501 np0000173059 neutron-periodic-workers[105840]: DEBUG oslo.service.backend._threading.loopingcall [None req-9abb47ad-4207-4940-be4b-07f855285ca7 None None] Fixed interval looping call 'neutron.db.quota.driver_nolock.DbQuotaNoLockDriver._remove_expired_reservations' sleeping for 119.98 seconds {{(pid=105840) _run_loop /opt/stack/data/venv/lib/python3.12/site-packages/oslo_service/backend/_threading/loopingcall.py:125}}
May 09 09:03:23.972842 np0000173059 neutron-periodic-workers[105840]: DEBUG dbcounter [-] [105840] Writing DB stats neutron:DELETE=1 {{(pid=105840) stat_writer /opt/stack/data/venv/lib/python3.12/site-packages/dbcounter.py:115}}
May 09 09:03:31.934678 np0000173059 neutron-periodic-workers[105822]: DEBUG oslo.service.backend._threading.loopingcall [None req-ee2825ff-f78c-459b-8a94-f06d2116d6ae None None] Fixed interval looping call 'neutron.plugins.ml2.plugin.DhcpAgentSchedulerDbMixin.remove_networks_from_down_agents' sleeping for 36.99 seconds {{(pid=105822) _run_loop /opt/stack/data/venv/lib/python3.12/site-packages/oslo_service/backend/_threading/loopingcall.py:125}}
May 09 09:03:36.936139 np0000173059 neutron-periodic-workers[105831]: DEBUG neutron.db.agents_db [None req-cd9173c1-dc7f-4b0d-bf92-5edb6593dfc0 None None] Agent healthcheck: found 0 active agents {{(pid=105831) agent_health_check /opt/stack/neutron/neutron/db/agents_db.py:322}}
May 09 09:03:36.936675 np0000173059 neutron-periodic-workers[105831]: DEBUG oslo.service.backend._threading.loopingcall [None req-cd9173c1-dc7f-4b0d-bf92-5edb6593dfc0 None None] Fixed interval looping call 'neutron.plugins.ml2.plugin.AgentDbMixin.agent_health_check' sleeping for 36.99 seconds {{(pid=105831) _run_loop /opt/stack/data/venv/lib/python3.12/site-packages/oslo_service/backend/_threading/loopingcall.py:125}}
May 09 09:03:41.933743 np0000173059 neutron-periodic-workers[105822]: DEBUG dbcounter [-] [105822] Writing DB stats neutron:SELECT=3 {{(pid=105822) stat_writer /opt/stack/data/venv/lib/python3.12/site-packages/dbcounter.py:115}}
May 09 09:03:46.933816 np0000173059 neutron-periodic-workers[105831]: DEBUG dbcounter [-] [105831] Writing DB stats neutron:SELECT=1 {{(pid=105831) stat_writer /opt/stack/data/venv/lib/python3.12/site-packages/dbcounter.py:115}}
May 09 09:04:08.934955 np0000173059 neutron-periodic-workers[105822]: DEBUG oslo.service.backend._threading.loopingcall [None req-ee2825ff-f78c-459b-8a94-f06d2116d6ae None None] Fixed interval looping call 'neutron.plugins.ml2.plugin.DhcpAgentSchedulerDbMixin.remove_networks_from_down_agents' sleeping for 36.99 seconds {{(pid=105822) _run_loop /opt/stack/data/venv/lib/python3.12/site-packages/oslo_service/backend/_threading/loopingcall.py:125}}
May 09 09:04:13.932295 np0000173059 neutron-periodic-workers[105831]: DEBUG neutron.db.agents_db [None req-cd9173c1-dc7f-4b0d-bf92-5edb6593dfc0 None None] Agent healthcheck: found 0 active agents {{(pid=105831) agent_health_check /opt/stack/neutron/neutron/db/agents_db.py:322}}
May 09 09:04:13.932779 np0000173059 neutron-periodic-workers[105831]: DEBUG oslo.service.backend._threading.loopingcall [None req-cd9173c1-dc7f-4b0d-bf92-5edb6593dfc0 None None] Fixed interval looping call 'neutron.plugins.ml2.plugin.AgentDbMixin.agent_health_check' sleeping for 36.99 seconds {{(pid=105831) _run_loop /opt/stack/data/venv/lib/python3.12/site-packages/oslo_service/backend/_threading/loopingcall.py:125}}
May 09 09:04:18.002840 np0000173059 neutron-periodic-workers[105848]: DEBUG dbcounter [-] [105848] Writer thread running {{(pid=105848) stat_writer /opt/stack/data/venv/lib/python3.12/site-packages/dbcounter.py:102}}
May 09 09:04:18.017393 np0000173059 neutron-periodic-workers[105848]: DEBUG oslo.service.backend._threading.loopingcall [None req-5e3c45e6-2188-4aaf-9371-04c49b11ea5e None None] Fixed interval looping call 'neutron.services.ovn_l3.plugin.L3_NAT_dbonly_mixin._clean_garbage' sleeping for 299.95 seconds {{(pid=105848) _run_loop /opt/stack/data/venv/lib/python3.12/site-packages/oslo_service/backend/_threading/loopingcall.py:125}}
May 09 09:04:18.933842 np0000173059 neutron-periodic-workers[105822]: DEBUG dbcounter [-] [105822] Writing DB stats neutron:SELECT=3 {{(pid=105822) stat_writer /opt/stack/data/venv/lib/python3.12/site-packages/dbcounter.py:115}}
May 09 09:04:23.931536 np0000173059 neutron-periodic-workers[105831]: DEBUG dbcounter [-] [105831] Writing DB stats neutron:SELECT=1 {{(pid=105831) stat_writer /opt/stack/data/venv/lib/python3.12/site-packages/dbcounter.py:115}}
May 09 09:04:28.003590 np0000173059 neutron-periodic-workers[105848]: DEBUG dbcounter [-] [105848] Writing DB stats neutron:SELECT=1 {{(pid=105848) stat_writer /opt/stack/data/venv/lib/python3.12/site-packages/dbcounter.py:115}}
May 09 09:04:45.935968 np0000173059 neutron-periodic-workers[105822]: DEBUG oslo.service.backend._threading.loopingcall [None req-ee2825ff-f78c-459b-8a94-f06d2116d6ae None None] Fixed interval looping call 'neutron.plugins.ml2.plugin.DhcpAgentSchedulerDbMixin.remove_networks_from_down_agents' sleeping for 36.99 seconds {{(pid=105822) _run_loop /opt/stack/data/venv/lib/python3.12/site-packages/oslo_service/backend/_threading/loopingcall.py:125}}
May 09 09:04:50.926777 np0000173059 neutron-periodic-workers[105831]: DEBUG neutron.db.agents_db [None req-cd9173c1-dc7f-4b0d-bf92-5edb6593dfc0 None None] Agent healthcheck: found 0 active agents {{(pid=105831) agent_health_check /opt/stack/neutron/neutron/db/agents_db.py:322}}
May 09 09:04:50.927276 np0000173059 neutron-periodic-workers[105831]: DEBUG oslo.service.backend._threading.loopingcall [None req-cd9173c1-dc7f-4b0d-bf92-5edb6593dfc0 None None] Fixed interval looping call 'neutron.plugins.ml2.plugin.AgentDbMixin.agent_health_check' sleeping for 37.00 seconds {{(pid=105831) _run_loop /opt/stack/data/venv/lib/python3.12/site-packages/oslo_service/backend/_threading/loopingcall.py:125}}
May 09 09:04:55.934324 np0000173059 neutron-periodic-workers[105822]: DEBUG dbcounter [-] [105822] Writing DB stats neutron:SELECT=3 {{(pid=105822) stat_writer /opt/stack/data/venv/lib/python3.12/site-packages/dbcounter.py:115}}
May 09 09:05:00.928636 np0000173059 neutron-periodic-workers[105831]: DEBUG dbcounter [-] [105831] Writing DB stats neutron:SELECT=1 {{(pid=105831) stat_writer /opt/stack/data/venv/lib/python3.12/site-packages/dbcounter.py:115}}
May 09 09:05:13.962916 np0000173059 neutron-periodic-workers[105840]: DEBUG oslo.service.backend._threading.loopingcall [None req-9abb47ad-4207-4940-be4b-07f855285ca7 None None] Fixed interval looping call 'neutron.db.quota.driver_nolock.DbQuotaNoLockDriver._remove_expired_reservations' sleeping for 119.99 seconds {{(pid=105840) _run_loop /opt/stack/data/venv/lib/python3.12/site-packages/oslo_service/backend/_threading/loopingcall.py:125}}
May 09 09:05:22.935359 np0000173059 neutron-periodic-workers[105822]: DEBUG oslo.service.backend._threading.loopingcall [None req-ee2825ff-f78c-459b-8a94-f06d2116d6ae None None] Fixed interval looping call 'neutron.plugins.ml2.plugin.DhcpAgentSchedulerDbMixin.remove_networks_from_down_agents' sleeping for 36.99 seconds {{(pid=105822) _run_loop /opt/stack/data/venv/lib/python3.12/site-packages/oslo_service/backend/_threading/loopingcall.py:125}}
May 09 09:05:23.962987 np0000173059 neutron-periodic-workers[105840]: DEBUG dbcounter [-] [105840] Writing DB stats neutron:DELETE=1 {{(pid=105840) stat_writer /opt/stack/data/venv/lib/python3.12/site-packages/dbcounter.py:115}}
May 09 09:05:27.931145 np0000173059 neutron-periodic-workers[105831]: DEBUG neutron.db.agents_db [None req-cd9173c1-dc7f-4b0d-bf92-5edb6593dfc0 None None] Agent healthcheck: found 0 active agents {{(pid=105831) agent_health_check /opt/stack/neutron/neutron/db/agents_db.py:322}}
May 09 09:05:27.931145 np0000173059 neutron-periodic-workers[105831]: DEBUG oslo.service.backend._threading.loopingcall [None req-cd9173c1-dc7f-4b0d-bf92-5edb6593dfc0 None None] Fixed interval looping call 'neutron.plugins.ml2.plugin.AgentDbMixin.agent_health_check' sleeping for 37.00 seconds {{(pid=105831) _run_loop /opt/stack/data/venv/lib/python3.12/site-packages/oslo_service/backend/_threading/loopingcall.py:125}}
May 09 09:05:32.933777 np0000173059 neutron-periodic-workers[105822]: DEBUG dbcounter [-] [105822] Writing DB stats neutron:SELECT=3 {{(pid=105822) stat_writer /opt/stack/data/venv/lib/python3.12/site-packages/dbcounter.py:115}}
May 09 09:05:37.930020 np0000173059 neutron-periodic-workers[105831]: DEBUG dbcounter [-] [105831] Writing DB stats neutron:SELECT=1 {{(pid=105831) stat_writer /opt/stack/data/venv/lib/python3.12/site-packages/dbcounter.py:115}}
May 09 09:05:59.935000 np0000173059 neutron-periodic-workers[105822]: DEBUG oslo.service.backend._threading.loopingcall [None req-ee2825ff-f78c-459b-8a94-f06d2116d6ae None None] Fixed interval looping call 'neutron.plugins.ml2.plugin.DhcpAgentSchedulerDbMixin.remove_networks_from_down_agents' sleeping for 36.99 seconds {{(pid=105822) _run_loop /opt/stack/data/venv/lib/python3.12/site-packages/oslo_service/backend/_threading/loopingcall.py:125}}
May 09 09:06:04.935200 np0000173059 neutron-periodic-workers[105831]: DEBUG neutron.db.agents_db [None req-cd9173c1-dc7f-4b0d-bf92-5edb6593dfc0 None None] Agent healthcheck: found 0 active agents {{(pid=105831) agent_health_check /opt/stack/neutron/neutron/db/agents_db.py:322}}
May 09 09:06:04.936150 np0000173059 neutron-periodic-workers[105831]: DEBUG oslo.service.backend._threading.loopingcall [None req-cd9173c1-dc7f-4b0d-bf92-5edb6593dfc0 None None] Fixed interval looping call 'neutron.plugins.ml2.plugin.AgentDbMixin.agent_health_check' sleeping for 37.00 seconds {{(pid=105831) _run_loop /opt/stack/data/venv/lib/python3.12/site-packages/oslo_service/backend/_threading/loopingcall.py:125}}
May 09 09:06:09.933834 np0000173059 neutron-periodic-workers[105822]: DEBUG dbcounter [-] [105822] Writing DB stats neutron:SELECT=3 {{(pid=105822) stat_writer /opt/stack/data/venv/lib/python3.12/site-packages/dbcounter.py:115}}
May 09 09:06:14.934363 np0000173059 neutron-periodic-workers[105831]: DEBUG dbcounter [-] [105831] Writing DB stats neutron:SELECT=1 {{(pid=105831) stat_writer /opt/stack/data/venv/lib/python3.12/site-packages/dbcounter.py:115}}
May 09 09:06:36.946143 np0000173059 neutron-periodic-workers[105822]: DEBUG oslo.service.backend._threading.loopingcall [None req-ee2825ff-f78c-459b-8a94-f06d2116d6ae None None] Fixed interval looping call 'neutron.plugins.ml2.plugin.DhcpAgentSchedulerDbMixin.remove_networks_from_down_agents' sleeping for 36.98 seconds {{(pid=105822) _run_loop /opt/stack/data/venv/lib/python3.12/site-packages/oslo_service/backend/_threading/loopingcall.py:125}}
May 09 09:06:41.941736 np0000173059 neutron-periodic-workers[105831]: DEBUG neutron.db.agents_db [None req-cd9173c1-dc7f-4b0d-bf92-5edb6593dfc0 None None] Agent healthcheck: found 0 active agents {{(pid=105831) agent_health_check /opt/stack/neutron/neutron/db/agents_db.py:322}}
May 09 09:06:41.942427 np0000173059 neutron-periodic-workers[105831]: DEBUG oslo.service.backend._threading.loopingcall [None req-cd9173c1-dc7f-4b0d-bf92-5edb6593dfc0 None None] Fixed interval looping call 'neutron.plugins.ml2.plugin.AgentDbMixin.agent_health_check' sleeping for 36.99 seconds {{(pid=105831) _run_loop /opt/stack/data/venv/lib/python3.12/site-packages/oslo_service/backend/_threading/loopingcall.py:125}}
May 09 09:06:46.940262 np0000173059 neutron-periodic-workers[105822]: DEBUG dbcounter [-] [105822] Writing DB stats neutron:SELECT=3 {{(pid=105822) stat_writer /opt/stack/data/venv/lib/python3.12/site-packages/dbcounter.py:115}}
May 09 09:06:51.939096 np0000173059 neutron-periodic-workers[105831]: DEBUG dbcounter [-] [105831] Writing DB stats neutron:SELECT=1 {{(pid=105831) stat_writer /opt/stack/data/venv/lib/python3.12/site-packages/dbcounter.py:115}}
May 09 09:07:13.937911 np0000173059 neutron-periodic-workers[105822]: DEBUG oslo.service.backend._threading.loopingcall [None req-ee2825ff-f78c-459b-8a94-f06d2116d6ae None None] Fixed interval looping call 'neutron.plugins.ml2.plugin.DhcpAgentSchedulerDbMixin.remove_networks_from_down_agents' sleeping for 36.99 seconds {{(pid=105822) _run_loop /opt/stack/data/venv/lib/python3.12/site-packages/oslo_service/backend/_threading/loopingcall.py:125}}
May 09 09:07:13.958837 np0000173059 neutron-periodic-workers[105840]: DEBUG oslo.service.backend._threading.loopingcall [None req-9abb47ad-4207-4940-be4b-07f855285ca7 None None] Fixed interval looping call 'neutron.db.quota.driver_nolock.DbQuotaNoLockDriver._remove_expired_reservations' sleeping for 119.99 seconds {{(pid=105840) _run_loop /opt/stack/data/venv/lib/python3.12/site-packages/oslo_service/backend/_threading/loopingcall.py:125}}
May 09 09:07:18.939487 np0000173059 neutron-periodic-workers[105831]: DEBUG neutron.db.agents_db [None req-cd9173c1-dc7f-4b0d-bf92-5edb6593dfc0 None None] Agent healthcheck: found 0 active agents {{(pid=105831) agent_health_check /opt/stack/neutron/neutron/db/agents_db.py:322}}
May 09 09:07:18.939940 np0000173059 neutron-periodic-workers[105831]: DEBUG oslo.service.backend._threading.loopingcall [None req-cd9173c1-dc7f-4b0d-bf92-5edb6593dfc0 None None] Fixed interval looping call 'neutron.plugins.ml2.plugin.AgentDbMixin.agent_health_check' sleeping for 36.99 seconds {{(pid=105831) _run_loop /opt/stack/data/venv/lib/python3.12/site-packages/oslo_service/backend/_threading/loopingcall.py:125}}
May 09 09:07:23.969797 np0000173059 neutron-periodic-workers[105822]: DEBUG dbcounter [-] [105822] Writing DB stats neutron:SELECT=3 {{(pid=105822) stat_writer /opt/stack/data/venv/lib/python3.12/site-packages/dbcounter.py:115}}
May 09 09:07:23.970328 np0000173059 neutron-periodic-workers[105840]: DEBUG dbcounter [-] [105840] Writing DB stats neutron:DELETE=1 {{(pid=105840) stat_writer /opt/stack/data/venv/lib/python3.12/site-packages/dbcounter.py:115}}
May 09 09:07:28.938390 np0000173059 neutron-periodic-workers[105831]: DEBUG dbcounter [-] [105831] Writing DB stats neutron:SELECT=1 {{(pid=105831) stat_writer /opt/stack/data/venv/lib/python3.12/site-packages/dbcounter.py:115}}
May 09 09:07:50.940166 np0000173059 neutron-periodic-workers[105822]: DEBUG oslo.service.backend._threading.loopingcall [None req-ee2825ff-f78c-459b-8a94-f06d2116d6ae None None] Fixed interval looping call 'neutron.plugins.ml2.plugin.DhcpAgentSchedulerDbMixin.remove_networks_from_down_agents' sleeping for 36.99 seconds {{(pid=105822) _run_loop /opt/stack/data/venv/lib/python3.12/site-packages/oslo_service/backend/_threading/loopingcall.py:125}}
May 09 09:07:55.936900 np0000173059 neutron-periodic-workers[105831]: DEBUG neutron.db.agents_db [None req-cd9173c1-dc7f-4b0d-bf92-5edb6593dfc0 None None] Agent healthcheck: found 0 active agents {{(pid=105831) agent_health_check /opt/stack/neutron/neutron/db/agents_db.py:322}}
May 09 09:07:55.938037 np0000173059 neutron-periodic-workers[105831]: DEBUG oslo.service.backend._threading.loopingcall [None req-cd9173c1-dc7f-4b0d-bf92-5edb6593dfc0 None None] Fixed interval looping call 'neutron.plugins.ml2.plugin.AgentDbMixin.agent_health_check' sleeping for 36.99 seconds {{(pid=105831) _run_loop /opt/stack/data/venv/lib/python3.12/site-packages/oslo_service/backend/_threading/loopingcall.py:125}}
May 09 09:08:00.938463 np0000173059 neutron-periodic-workers[105822]: DEBUG dbcounter [-] [105822] Writing DB stats neutron:SELECT=3 {{(pid=105822) stat_writer /opt/stack/data/venv/lib/python3.12/site-packages/dbcounter.py:115}}
May 09 09:08:05.935154 np0000173059 neutron-periodic-workers[105831]: DEBUG dbcounter [-] [105831] Writing DB stats neutron:SELECT=1 {{(pid=105831) stat_writer /opt/stack/data/venv/lib/python3.12/site-packages/dbcounter.py:115}}
May 09 09:08:27.940822 np0000173059 neutron-periodic-workers[105822]: DEBUG oslo.service.backend._threading.loopingcall [None req-ee2825ff-f78c-459b-8a94-f06d2116d6ae None None] Fixed interval looping call 'neutron.plugins.ml2.plugin.DhcpAgentSchedulerDbMixin.remove_networks_from_down_agents' sleeping for 36.99 seconds {{(pid=105822) _run_loop /opt/stack/data/venv/lib/python3.12/site-packages/oslo_service/backend/_threading/loopingcall.py:125}}
May 09 09:08:32.932323 np0000173059 neutron-periodic-workers[105831]: DEBUG neutron.db.agents_db [None req-cd9173c1-dc7f-4b0d-bf92-5edb6593dfc0 None None] Agent healthcheck: found 0 active agents {{(pid=105831) agent_health_check /opt/stack/neutron/neutron/db/agents_db.py:322}}
May 09 09:08:32.932323 np0000173059 neutron-periodic-workers[105831]: DEBUG oslo.service.backend._threading.loopingcall [None req-cd9173c1-dc7f-4b0d-bf92-5edb6593dfc0 None None] Fixed interval looping call 'neutron.plugins.ml2.plugin.AgentDbMixin.agent_health_check' sleeping for 37.00 seconds {{(pid=105831) _run_loop /opt/stack/data/venv/lib/python3.12/site-packages/oslo_service/backend/_threading/loopingcall.py:125}}
May 09 09:08:37.940157 np0000173059 neutron-periodic-workers[105822]: DEBUG dbcounter [-] [105822] Writing DB stats neutron:SELECT=3 {{(pid=105822) stat_writer /opt/stack/data/venv/lib/python3.12/site-packages/dbcounter.py:115}}
May 09 09:08:42.930695 np0000173059 neutron-periodic-workers[105831]: DEBUG dbcounter [-] [105831] Writing DB stats neutron:SELECT=1 {{(pid=105831) stat_writer /opt/stack/data/venv/lib/python3.12/site-packages/dbcounter.py:115}}
May 09 09:09:04.947437 np0000173059 neutron-periodic-workers[105822]: DEBUG oslo.service.backend._threading.loopingcall [None req-ee2825ff-f78c-459b-8a94-f06d2116d6ae None None] Fixed interval looping call 'neutron.plugins.ml2.plugin.DhcpAgentSchedulerDbMixin.remove_networks_from_down_agents' sleeping for 36.98 seconds {{(pid=105822) _run_loop /opt/stack/data/venv/lib/python3.12/site-packages/oslo_service/backend/_threading/loopingcall.py:125}}
May 09 09:09:09.940499 np0000173059 neutron-periodic-workers[105831]: DEBUG neutron.db.agents_db [None req-cd9173c1-dc7f-4b0d-bf92-5edb6593dfc0 None None] Agent healthcheck: found 0 active agents {{(pid=105831) agent_health_check /opt/stack/neutron/neutron/db/agents_db.py:322}}
May 09 09:09:09.941172 np0000173059 neutron-periodic-workers[105831]: DEBUG oslo.service.backend._threading.loopingcall [None req-cd9173c1-dc7f-4b0d-bf92-5edb6593dfc0 None None] Fixed interval looping call 'neutron.plugins.ml2.plugin.AgentDbMixin.agent_health_check' sleeping for 36.99 seconds {{(pid=105831) _run_loop /opt/stack/data/venv/lib/python3.12/site-packages/oslo_service/backend/_threading/loopingcall.py:125}}
May 09 09:09:13.956020 np0000173059 neutron-periodic-workers[105840]: DEBUG oslo.service.backend._threading.loopingcall [None req-9abb47ad-4207-4940-be4b-07f855285ca7 None None] Fixed interval looping call 'neutron.db.quota.driver_nolock.DbQuotaNoLockDriver._remove_expired_reservations' sleeping for 119.99 seconds {{(pid=105840) _run_loop /opt/stack/data/venv/lib/python3.12/site-packages/oslo_service/backend/_threading/loopingcall.py:125}}
May 09 09:09:14.943475 np0000173059 neutron-periodic-workers[105822]: DEBUG dbcounter [-] [105822] Writing DB stats neutron:SELECT=3 {{(pid=105822) stat_writer /opt/stack/data/venv/lib/python3.12/site-packages/dbcounter.py:115}}
May 09 09:09:17.978218 np0000173059 neutron-periodic-workers[105848]: DEBUG oslo.service.backend._threading.loopingcall [None req-5e3c45e6-2188-4aaf-9371-04c49b11ea5e None None] Fixed interval looping call 'neutron.services.ovn_l3.plugin.L3_NAT_dbonly_mixin._clean_garbage' sleeping for 299.99 seconds {{(pid=105848) _run_loop /opt/stack/data/venv/lib/python3.12/site-packages/oslo_service/backend/_threading/loopingcall.py:125}}
May 09 09:09:19.937256 np0000173059 neutron-periodic-workers[105831]: DEBUG dbcounter [-] [105831] Writing DB stats neutron:SELECT=1 {{(pid=105831) stat_writer /opt/stack/data/venv/lib/python3.12/site-packages/dbcounter.py:115}}
May 09 09:09:23.954140 np0000173059 neutron-periodic-workers[105840]: DEBUG dbcounter [-] [105840] Writing DB stats neutron:DELETE=1 {{(pid=105840) stat_writer /opt/stack/data/venv/lib/python3.12/site-packages/dbcounter.py:115}}
May 09 09:09:27.971319 np0000173059 neutron-periodic-workers[105848]: DEBUG dbcounter [-] [105848] Writing DB stats neutron:SELECT=1 {{(pid=105848) stat_writer /opt/stack/data/venv/lib/python3.12/site-packages/dbcounter.py:115}}
May 09 09:09:41.936225 np0000173059 neutron-periodic-workers[105822]: DEBUG oslo.service.backend._threading.loopingcall [None req-ee2825ff-f78c-459b-8a94-f06d2116d6ae None None] Fixed interval looping call 'neutron.plugins.ml2.plugin.DhcpAgentSchedulerDbMixin.remove_networks_from_down_agents' sleeping for 36.99 seconds {{(pid=105822) _run_loop /opt/stack/data/venv/lib/python3.12/site-packages/oslo_service/backend/_threading/loopingcall.py:125}}
May 09 09:09:46.937813 np0000173059 neutron-periodic-workers[105831]: DEBUG neutron.db.agents_db [None req-cd9173c1-dc7f-4b0d-bf92-5edb6593dfc0 None None] Agent healthcheck: found 0 active agents {{(pid=105831) agent_health_check /opt/stack/neutron/neutron/db/agents_db.py:322}}
May 09 09:09:46.938639 np0000173059 neutron-periodic-workers[105831]: DEBUG oslo.service.backend._threading.loopingcall [None req-cd9173c1-dc7f-4b0d-bf92-5edb6593dfc0 None None] Fixed interval looping call 'neutron.plugins.ml2.plugin.AgentDbMixin.agent_health_check' sleeping for 36.99 seconds {{(pid=105831) _run_loop /opt/stack/data/venv/lib/python3.12/site-packages/oslo_service/backend/_threading/loopingcall.py:125}}
May 09 09:09:51.935404 np0000173059 neutron-periodic-workers[105822]: DEBUG dbcounter [-] [105822] Writing DB stats neutron:SELECT=3 {{(pid=105822) stat_writer /opt/stack/data/venv/lib/python3.12/site-packages/dbcounter.py:115}}
May 09 09:09:56.936217 np0000173059 neutron-periodic-workers[105831]: DEBUG dbcounter [-] [105831] Writing DB stats neutron:SELECT=1 {{(pid=105831) stat_writer /opt/stack/data/venv/lib/python3.12/site-packages/dbcounter.py:115}}
May 09 09:10:18.936883 np0000173059 neutron-periodic-workers[105822]: DEBUG oslo.service.backend._threading.loopingcall [None req-ee2825ff-f78c-459b-8a94-f06d2116d6ae None None] Fixed interval looping call 'neutron.plugins.ml2.plugin.DhcpAgentSchedulerDbMixin.remove_networks_from_down_agents' sleeping for 36.99 seconds {{(pid=105822) _run_loop /opt/stack/data/venv/lib/python3.12/site-packages/oslo_service/backend/_threading/loopingcall.py:125}}
May 09 09:10:23.931566 np0000173059 neutron-periodic-workers[105831]: DEBUG neutron.db.agents_db [None req-cd9173c1-dc7f-4b0d-bf92-5edb6593dfc0 None None] Agent healthcheck: found 0 active agents {{(pid=105831) agent_health_check /opt/stack/neutron/neutron/db/agents_db.py:322}}
May 09 09:10:23.932103 np0000173059 neutron-periodic-workers[105831]: DEBUG oslo.service.backend._threading.loopingcall [None req-cd9173c1-dc7f-4b0d-bf92-5edb6593dfc0 None None] Fixed interval looping call 'neutron.plugins.ml2.plugin.AgentDbMixin.agent_health_check' sleeping for 37.00 seconds {{(pid=105831) _run_loop /opt/stack/data/venv/lib/python3.12/site-packages/oslo_service/backend/_threading/loopingcall.py:125}}
May 09 09:10:28.936076 np0000173059 neutron-periodic-workers[105822]: DEBUG dbcounter [-] [105822] Writing DB stats neutron:SELECT=3 {{(pid=105822) stat_writer /opt/stack/data/venv/lib/python3.12/site-packages/dbcounter.py:115}}
May 09 09:10:33.930531 np0000173059 neutron-periodic-workers[105831]: DEBUG dbcounter [-] [105831] Writing DB stats neutron:SELECT=1 {{(pid=105831) stat_writer /opt/stack/data/venv/lib/python3.12/site-packages/dbcounter.py:115}}
May 09 09:10:55.937329 np0000173059 neutron-periodic-workers[105822]: DEBUG oslo.service.backend._threading.loopingcall [None req-ee2825ff-f78c-459b-8a94-f06d2116d6ae None None] Fixed interval looping call 'neutron.plugins.ml2.plugin.DhcpAgentSchedulerDbMixin.remove_networks_from_down_agents' sleeping for 36.99 seconds {{(pid=105822) _run_loop /opt/stack/data/venv/lib/python3.12/site-packages/oslo_service/backend/_threading/loopingcall.py:125}}
May 09 09:11:00.937844 np0000173059 neutron-periodic-workers[105831]: DEBUG neutron.db.agents_db [None req-cd9173c1-dc7f-4b0d-bf92-5edb6593dfc0 None None] Agent healthcheck: found 0 active agents {{(pid=105831) agent_health_check /opt/stack/neutron/neutron/db/agents_db.py:322}}
May 09 09:11:00.938411 np0000173059 neutron-periodic-workers[105831]: DEBUG oslo.service.backend._threading.loopingcall [None req-cd9173c1-dc7f-4b0d-bf92-5edb6593dfc0 None None] Fixed interval looping call 'neutron.plugins.ml2.plugin.AgentDbMixin.agent_health_check' sleeping for 36.99 seconds {{(pid=105831) _run_loop /opt/stack/data/venv/lib/python3.12/site-packages/oslo_service/backend/_threading/loopingcall.py:125}}
May 09 09:11:05.936086 np0000173059 neutron-periodic-workers[105822]: DEBUG dbcounter [-] [105822] Writing DB stats neutron:SELECT=3 {{(pid=105822) stat_writer /opt/stack/data/venv/lib/python3.12/site-packages/dbcounter.py:115}}
May 09 09:11:10.936189 np0000173059 neutron-periodic-workers[105831]: DEBUG dbcounter [-] [105831] Writing DB stats neutron:SELECT=1 {{(pid=105831) stat_writer /opt/stack/data/venv/lib/python3.12/site-packages/dbcounter.py:115}}
May 09 09:11:13.951500 np0000173059 neutron-periodic-workers[105840]: DEBUG oslo.service.backend._threading.loopingcall [None req-9abb47ad-4207-4940-be4b-07f855285ca7 None None] Fixed interval looping call 'neutron.db.quota.driver_nolock.DbQuotaNoLockDriver._remove_expired_reservations' sleeping for 120.00 seconds {{(pid=105840) _run_loop /opt/stack/data/venv/lib/python3.12/site-packages/oslo_service/backend/_threading/loopingcall.py:125}}
May 09 09:11:23.952213 np0000173059 neutron-periodic-workers[105840]: DEBUG dbcounter [-] [105840] Writing DB stats neutron:DELETE=1 {{(pid=105840) stat_writer /opt/stack/data/venv/lib/python3.12/site-packages/dbcounter.py:115}}
May 09 09:11:32.935569 np0000173059 neutron-periodic-workers[105822]: DEBUG oslo.service.backend._threading.loopingcall [None req-ee2825ff-f78c-459b-8a94-f06d2116d6ae None None] Fixed interval looping call 'neutron.plugins.ml2.plugin.DhcpAgentSchedulerDbMixin.remove_networks_from_down_agents' sleeping for 36.99 seconds {{(pid=105822) _run_loop /opt/stack/data/venv/lib/python3.12/site-packages/oslo_service/backend/_threading/loopingcall.py:125}}
May 09 09:11:37.933600 np0000173059 neutron-periodic-workers[105831]: DEBUG neutron.db.agents_db [None req-cd9173c1-dc7f-4b0d-bf92-5edb6593dfc0 None None] Agent healthcheck: found 0 active agents {{(pid=105831) agent_health_check /opt/stack/neutron/neutron/db/agents_db.py:322}}
May 09 09:11:37.933600 np0000173059 neutron-periodic-workers[105831]: DEBUG oslo.service.backend._threading.loopingcall [None req-cd9173c1-dc7f-4b0d-bf92-5edb6593dfc0 None None] Fixed interval looping call 'neutron.plugins.ml2.plugin.AgentDbMixin.agent_health_check' sleeping for 36.99 seconds {{(pid=105831) _run_loop /opt/stack/data/venv/lib/python3.12/site-packages/oslo_service/backend/_threading/loopingcall.py:125}}
May 09 09:11:42.934376 np0000173059 neutron-periodic-workers[105822]: DEBUG dbcounter [-] [105822] Writing DB stats neutron:SELECT=3 {{(pid=105822) stat_writer /opt/stack/data/venv/lib/python3.12/site-packages/dbcounter.py:115}}
May 09 09:11:47.932248 np0000173059 neutron-periodic-workers[105831]: DEBUG dbcounter [-] [105831] Writing DB stats neutron:SELECT=1 {{(pid=105831) stat_writer /opt/stack/data/venv/lib/python3.12/site-packages/dbcounter.py:115}}
