May 20 22:02:20.493131 np0000175549 devstack@neutron-api.service[103267]: DEBUG ovsdbapp.backend.ovs_idl.event [None req-ef893b90-5371-4d08-8ca2-153519a8fb30 None None] Matched CREATE: ChassisBandwidthConfigEvent(events=('create', 'update'), table='Chassis', conditions=None, old_conditions=None), priority=20 to row=Chassis(uuid=706d48ce-3673-46f0-8fc1-5db4977f86ca, encaps=[722b4777-ade3-4b36-9fd5-03ddc90f5b2c], external_ids={}, hostname='np0000175549', name='8f7cd2c0-f473-4545-9eb6-0d5164116117', nb_cfg=0, other_config={'ct-commit-nat-v2': 'true', 'ct-commit-to-zone': 'true', 'ct-next-zone': 'true', 'ct-no-masked-label': 'true', 'ct-state-save': 'true', 'datapath-type': 'system', 'fdb-timestamp': 'true', 'iface-types': 'afxdp,afxdp-nonpmd,bareudp,erspan,geneve,gre,gtpu,internal,ip6erspan,ip6gre,lisp,patch,srv6,stt,system,tap,vxlan', 'is-interconn': 'false', 'ls-dpg-column': 'true', 'mac-binding-timestamp': 'true', 'ovn-bridge-mappings': 'public:br-ex', 'ovn-chassis-mac-mappings': '', 'ovn-cms-options': 'enable-chassis-as-gw', 'ovn-ct-lb-related': 'true', 'ovn-enable-lflow-cache': 'true', 'ovn-limit-lflow-cache': '', 'ovn-memlimit-lflow-cache-kb': '', 'ovn-monitor-all': 'false', 'ovn-trim-limit-lflow-cache': '', 'ovn-trim-timeout-ms': '', 'ovn-trim-wmark-perc-lflow-cache': '', 'port-up-notif': 'true'}, transport_zones=[], vtep_logical_switches=[]) old= {{(pid=103267) matches /opt/stack/data/venv/lib/python3.12/site-packages/ovsdbapp/backend/ovs_idl/event.py:55}}
May 20 22:02:20.493322 np0000175549 devstack@neutron-api.service[103265]: DEBUG neutron.common.ovn.hash_ring_manager [None req-5df9aed0-fe28-4d89-9150-465edbfe322d None None] Hash Ring loaded. 4 active nodes. 0 offline nodes {{(pid=103265) _load_hash_ring /opt/stack/neutron/neutron/common/ovn/hash_ring_manager.py:102}}
May 20 22:02:20.493621 np0000175549 devstack@neutron-api.service[103265]: DEBUG neutron.plugins.ml2.drivers.ovn.mech_driver.ovsdb.ovsdb_monitor [None req-5df9aed0-fe28-4d89-9150-465edbfe322d None None] ChassisOVNAgentWriteEvent : Matched Chassis_Private, create, None None {{(pid=103265) matches /opt/stack/neutron/neutron/plugins/ml2/drivers/ovn/mech_driver/ovsdb/ovsdb_monitor.py:64}}
May 20 22:02:20.493689 np0000175549 devstack@neutron-api.service[103267]: DEBUG neutron.plugins.ml2.drivers.ovn.mech_driver.ovsdb.ovsdb_monitor [None req-ef893b90-5371-4d08-8ca2-153519a8fb30 None None] ChassisOVNAgentWriteEvent : Matched Chassis_Private, create, None None {{(pid=103267) matches /opt/stack/neutron/neutron/plugins/ml2/drivers/ovn/mech_driver/ovsdb/ovsdb_monitor.py:64}}
May 20 22:02:20.493733 np0000175549 devstack@neutron-api.service[103267]: DEBUG neutron.plugins.ml2.drivers.ovn.mech_driver.ovsdb.ovsdb_monitor [None req-ef893b90-5371-4d08-8ca2-153519a8fb30 None None] ChassisAgentWriteEvent : Matched Chassis_Private, create, None None {{(pid=103267) matches /opt/stack/neutron/neutron/plugins/ml2/drivers/ovn/mech_driver/ovsdb/ovsdb_monitor.py:64}}
May 20 22:02:20.493774 np0000175549 devstack@neutron-api.service[103265]: DEBUG neutron.plugins.ml2.drivers.ovn.mech_driver.ovsdb.ovsdb_monitor [None req-5df9aed0-fe28-4d89-9150-465edbfe322d None None] ChassisAgentWriteEvent : Matched Chassis_Private, create, None None {{(pid=103265) matches /opt/stack/neutron/neutron/plugins/ml2/drivers/ovn/mech_driver/ovsdb/ovsdb_monitor.py:64}}
May 20 22:02:20.495071 np0000175549 devstack@neutron-api.service[103267]: INFO neutron.plugins.ml2.drivers.ovn.mech_driver.mech_driver [None req-ef893b90-5371-4d08-8ca2-153519a8fb30 None None] WorkerService process has finished the post initialization
May 20 22:02:20.495375 np0000175549 devstack@neutron-api.service[103266]: DEBUG neutron.common.ovn.hash_ring_manager [None req-fa717350-192d-4ec8-85d1-564d0c408ce0 None None] Hash Ring loaded. 4 active nodes. 0 offline nodes {{(pid=103266) _load_hash_ring /opt/stack/neutron/neutron/common/ovn/hash_ring_manager.py:102}}
May 20 22:02:20.495622 np0000175549 devstack@neutron-api.service[103266]: DEBUG neutron.plugins.ml2.drivers.ovn.mech_driver.ovsdb.ovsdb_monitor [None req-fa717350-192d-4ec8-85d1-564d0c408ce0 None None] ChassisOVNAgentWriteEvent : Matched Chassis_Private, create, None None {{(pid=103266) matches /opt/stack/neutron/neutron/plugins/ml2/drivers/ovn/mech_driver/ovsdb/ovsdb_monitor.py:64}}
May 20 22:02:20.495760 np0000175549 devstack@neutron-api.service[103266]: DEBUG neutron.plugins.ml2.drivers.ovn.mech_driver.ovsdb.ovsdb_monitor [None req-fa717350-192d-4ec8-85d1-564d0c408ce0 None None] ChassisAgentWriteEvent : Matched Chassis_Private, create, None None {{(pid=103266) matches /opt/stack/neutron/neutron/plugins/ml2/drivers/ovn/mech_driver/ovsdb/ovsdb_monitor.py:64}}
May 20 22:02:20.495886 np0000175549 devstack@neutron-api.service[103267]: INFO neutron.plugins.ml2.drivers.ovn.mech_driver.ovsdb.extensions.qos [-] Starting OVNClientQosExtension
May 20 22:02:20.496175 np0000175549 devstack@neutron-api.service[103266]: DEBUG neutron.plugins.ml2.drivers.ovn.mech_driver.ovsdb.ovsdb_monitor [None req-fa717350-192d-4ec8-85d1-564d0c408ce0 None None] Hash Ring: Node 118faa1adf805cfd9003501226e017f8 (host: np0000175549) handling event "create" for row 2453a56a-eb25-4ed6-9cb1-96bcc67a4937 (table: Chassis_Private) {{(pid=103266) notify /opt/stack/neutron/neutron/plugins/ml2/drivers/ovn/mech_driver/ovsdb/ovsdb_monitor.py:986}}
May 20 22:02:20.496290 np0000175549 devstack@neutron-api.service[103267]: INFO neutron.plugins.ml2.drivers.ovn.mech_driver.ovsdb.extensions.placement [-] Starting OVNClientPlacementExtension
May 20 22:02:20.496351 np0000175549 devstack@neutron-api.service[103265]: INFO neutron.plugins.ml2.drivers.ovn.mech_driver.mech_driver [None req-5df9aed0-fe28-4d89-9150-465edbfe322d None None] WorkerService process has finished the post initialization
May 20 22:02:20.497593 np0000175549 devstack@neutron-api.service[103265]: WSGI app 0 (mountpoint='') ready in 7 seconds on interpreter 0x7dbdc4aa3668 pid: 103265 (default app)
May 20 22:02:20.498016 np0000175549 devstack@neutron-api.service[103267]: WSGI app 0 (mountpoint='') ready in 7 seconds on interpreter 0x7dbdc4aa3668 pid: 103267 (default app)
May 20 22:02:20.498644 np0000175549 devstack@neutron-api.service[103266]: INFO neutron.plugins.ml2.drivers.ovn.mech_driver.mech_driver [None req-fa717350-192d-4ec8-85d1-564d0c408ce0 None None] WorkerService process has finished the post initialization
May 20 22:02:20.500086 np0000175549 devstack@neutron-api.service[103266]: WSGI app 0 (mountpoint='') ready in 7 seconds on interpreter 0x7dbdc4aa3668 pid: 103266 (default app)
May 20 22:02:20.709445 np0000175549 devstack@neutron-api.service[103268]: [pid: 103268|app: 0|req: 1/1] 199.204.45.30 () {62 vars in 981 bytes} [Wed May 20 22:02:20 2026] GET /networking => generated 129 bytes in 4 msecs (HTTP/1.1 200) 3 headers in 91 bytes (1 switches on core 0)
May 20 22:02:22.519671 np0000175549 devstack@neutron-api.service[103267]: DEBUG neutron.plugins.ml2.drivers.ovn.mech_driver.ovsdb.ovsdb_monitor [-] Hash Ring: Node 9ee951fac519559ea899cf9f3c0f195a (host: np0000175549) handling event "update" for row eb715284-c617-43de-a4cc-3a500b2bd18c (table: Connection) {{(pid=103267) notify /opt/stack/neutron/neutron/plugins/ml2/drivers/ovn/mech_driver/ovsdb/ovsdb_monitor.py:986}}
May 20 22:02:22.522997 np0000175549 devstack@neutron-api.service[103268]: DEBUG neutron.common.ovn.hash_ring_manager [-] Allow caching, nodes 4>=4 {{(pid=103268) _wait_startup_before_caching /opt/stack/neutron/neutron/common/ovn/hash_ring_manager.py:65}}
May 20 22:02:22.523319 np0000175549 devstack@neutron-api.service[103268]: DEBUG neutron.plugins.ml2.drivers.ovn.mech_driver.ovsdb.ovsdb_monitor [-] Hash Ring: Node 8e8d4ad8ff3659168f2e54a56d5fa666 (host: np0000175549) handling event "update" for row eb715284-c617-43de-a4cc-3a500b2bd18c (table: Connection) {{(pid=103268) notify /opt/stack/neutron/neutron/plugins/ml2/drivers/ovn/mech_driver/ovsdb/ovsdb_monitor.py:986}}
May 20 22:02:27.135822 np0000175549 devstack@neutron-api.service[103265]: DEBUG neutron.api.wsgi [None req-4e605f57-a5bf-449b-b26b-75b302ab9338 admin admin] Missing Content-Type {{(pid=103265) get_content_type /opt/stack/neutron/neutron/api/wsgi.py:80}}
May 20 22:02:27.136537 np0000175549 devstack@neutron-api.service[103265]: DEBUG neutron.api.wsgi [None req-4e605f57-a5bf-449b-b26b-75b302ab9338 admin admin] https://199.204.45.30/networking/v2.0/extensions returned with HTTP 200 {{(pid=103265) __call__ /opt/stack/neutron/neutron/api/wsgi.py:540}}
May 20 22:02:27.136679 np0000175549 devstack@neutron-api.service[103265]: [pid: 103265|app: 0|req: 1/2] 199.204.45.30 () {64 vars in 1316 bytes} [Wed May 20 22:02:26 2026] GET /networking/v2.0/extensions => generated 15209 bytes in 264 msecs (HTTP/1.1 200) 4 headers in 159 bytes (1 switches on core 0)
May 20 22:02:27.519953 np0000175549 devstack@neutron-api.service[103267]: DEBUG neutron.api.v2.base [None req-e764c8e7-1c2e-44fd-84ca-18a4a273b4de admin admin] Request body: {'subnetpool': {'default_prefixlen': 26, 'is_default': True, 'shared': True, 'name': 'shared-default-subnetpool-v4', 'prefixes': ['10.1.0.0/20']}} {{(pid=103267) prepare_request_body /opt/stack/neutron/neutron/api/v2/base.py:727}}
May 20 22:02:27.734014 np0000175549 devstack@neutron-api.service[103267]: DEBUG neutron.policy [None req-e764c8e7-1c2e-44fd-84ca-18a4a273b4de admin admin] Loaded default policies from ['neutron'] under neutron.policies entry points {{(pid=103267) register_rules /opt/stack/neutron/neutron/policy.py:65}}
May 20 22:02:27.894890 np0000175549 devstack@neutron-api.service[103267]: DEBUG neutron_lib.callbacks.manager [None req-e764c8e7-1c2e-44fd-84ca-18a4a273b4de admin admin] Publish callbacks ['neutron.objects.securitygroup.RbacNeutronDbObjectMixin.validate_rbac_policy_change-2173162787029', 'neutron.objects.address_group.RbacNeutronDbObjectMixin.validate_rbac_policy_change-2173163222124', 'neutron.objects.network.RbacNeutronDbObjectMixin.validate_rbac_policy_change-2173163273277', 'neutron.objects.qos.policy.RbacNeutronDbObjectMixin.validate_rbac_policy_change-2173163268408', 'neutron.objects.subnetpool.RbacNeutronDbObjectMixin.validate_rbac_policy_change-2173163247911', 'neutron.objects.address_scope.RbacNeutronDbObjectMixin.validate_rbac_policy_change-2173163248368', 'neutron.plugins.ml2.plugin.External_net_db_mixin._process_ext_policy_create-3306495', 'neutron.plugins.ml2.plugin.NeutronDbPluginV2.validate_network_rbac_policy_change-3166153'] for rbac-policy (None), before_create {{(pid=103267) _notify_loop /opt/stack/data/venv/lib/python3.12/site-packages/neutron_lib/callbacks/manager.py:184}}
May 20 22:02:27.943446 np0000175549 devstack@neutron-api.service[103267]: DEBUG neutron_lib.callbacks.manager [None req-e764c8e7-1c2e-44fd-84ca-18a4a273b4de admin admin] Publish callbacks [] for subnetpool (None), before_response {{(pid=103267) _notify_loop /opt/stack/data/venv/lib/python3.12/site-packages/neutron_lib/callbacks/manager.py:184}}
May 20 22:02:27.944283 np0000175549 devstack@neutron-api.service[103267]: [pid: 103267|app: 0|req: 1/3] 199.204.45.30 () {68 vars in 1360 bytes} [Wed May 20 22:02:27 2026] POST /networking/v2.0/subnetpools => generated 533 bytes in 535 msecs (HTTP/1.1 201) 4 headers in 162 bytes (1 switches on core 0)
May 20 22:02:28.256991 np0000175549 devstack@neutron-api.service[103266]: DEBUG neutron.api.v2.base [None req-21ea1759-3695-45e7-a997-eb80f536dc38 admin admin] Request body: {'subnetpool': {'default_prefixlen': 64, 'is_default': True, 'shared': True, 'name': 'shared-default-subnetpool-v6', 'prefixes': ['fd80:c369:bfb8::/56']}} {{(pid=103266) prepare_request_body /opt/stack/neutron/neutron/api/v2/base.py:727}}
May 20 22:02:28.440248 np0000175549 devstack@neutron-api.service[103266]: DEBUG neutron.policy [None req-21ea1759-3695-45e7-a997-eb80f536dc38 admin admin] Loaded default policies from ['neutron'] under neutron.policies entry points {{(pid=103266) register_rules /opt/stack/neutron/neutron/policy.py:65}}
May 20 22:02:28.588152 np0000175549 devstack@neutron-api.service[103266]: DEBUG neutron_lib.callbacks.manager [None req-21ea1759-3695-45e7-a997-eb80f536dc38 admin admin] Publish callbacks ['neutron.objects.securitygroup.RbacNeutronDbObjectMixin.validate_rbac_policy_change-2173163249380', 'neutron.objects.address_group.RbacNeutronDbObjectMixin.validate_rbac_policy_change-2173162830092', 'neutron.objects.network.RbacNeutronDbObjectMixin.validate_rbac_policy_change-2173163219620', 'neutron.objects.qos.policy.RbacNeutronDbObjectMixin.validate_rbac_policy_change-2173163215935', 'neutron.objects.subnetpool.RbacNeutronDbObjectMixin.validate_rbac_policy_change-2173163240700', 'neutron.objects.address_scope.RbacNeutronDbObjectMixin.validate_rbac_policy_change-2173163182847', 'neutron.plugins.ml2.plugin.External_net_db_mixin._process_ext_policy_create-254289', 'neutron.plugins.ml2.plugin.NeutronDbPluginV2.validate_network_rbac_policy_change-209153'] for rbac-policy (None), before_create {{(pid=103266) _notify_loop /opt/stack/data/venv/lib/python3.12/site-packages/neutron_lib/callbacks/manager.py:184}}
May 20 22:02:28.629163 np0000175549 devstack@neutron-api.service[103266]: DEBUG neutron_lib.callbacks.manager [None req-21ea1759-3695-45e7-a997-eb80f536dc38 admin admin] Publish callbacks [] for subnetpool (None), before_response {{(pid=103266) _notify_loop /opt/stack/data/venv/lib/python3.12/site-packages/neutron_lib/callbacks/manager.py:184}}
May 20 22:02:28.629816 np0000175549 devstack@neutron-api.service[103266]: [pid: 103266|app: 0|req: 1/4] 199.204.45.30 () {68 vars in 1360 bytes} [Wed May 20 22:02:28 2026] POST /networking/v2.0/subnetpools => generated 543 bytes in 477 msecs (HTTP/1.1 201) 4 headers in 162 bytes (1 switches on core 0)
May 20 22:02:29.033844 np0000175549 devstack@neutron-api.service[103268]: DEBUG neutron.api.v2.base [None req-6359e8fa-4ecf-4890-857f-d51d509ab306 admin admin] Request body: {'network': {'name': 'private', 'admin_state_up': True}} {{(pid=103268) prepare_request_body /opt/stack/neutron/neutron/api/v2/base.py:727}}
May 20 22:02:29.064202 np0000175549 devstack@neutron-api.service[103268]: DEBUG neutron.pecan_wsgi.hooks.quota_enforcement [None req-6359e8fa-4ecf-4890-857f-d51d509ab306 admin admin] Made reservation on behalf of b264bfb9f06144bcbf6c4103880933d5 for: {'network': 1} {{(pid=103268) before /opt/stack/neutron/neutron/pecan_wsgi/hooks/quota_enforcement.py:66}}
May 20 22:02:29.400967 np0000175549 devstack@neutron-api.service[103268]: DEBUG neutron.policy [None req-6359e8fa-4ecf-4890-857f-d51d509ab306 admin admin] Loaded default policies from ['neutron'] under neutron.policies entry points {{(pid=103268) register_rules /opt/stack/neutron/neutron/policy.py:65}}
May 20 22:02:29.505967 np0000175549 devstack@neutron-api.service[103268]: DEBUG neutron_lib.callbacks.manager [None req-6359e8fa-4ecf-4890-857f-d51d509ab306 admin admin] Publish callbacks ['neutron.plugins.ml2.plugin.SecurityGroupDbMixin._ensure_default_security_group_handler-387094'] for network (None), before_create {{(pid=103268) _notify_loop /opt/stack/data/venv/lib/python3.12/site-packages/neutron_lib/callbacks/manager.py:184}}
May 20 22:02:29.527862 np0000175549 devstack@neutron-api.service[103268]: DEBUG neutron_lib.callbacks.manager [None req-6359e8fa-4ecf-4890-857f-d51d509ab306 admin admin] Publish callbacks [] for security_group (None), before_create {{(pid=103268) _notify_loop /opt/stack/data/venv/lib/python3.12/site-packages/neutron_lib/callbacks/manager.py:184}}
May 20 22:02:29.618983 np0000175549 devstack@neutron-api.service[103268]: DEBUG neutron_lib.callbacks.manager [None req-6359e8fa-4ecf-4890-857f-d51d509ab306 admin admin] Publish callbacks ['neutron.plugins.ml2.drivers.ovn.mech_driver.mech_driver.OVNMechanismDriver._create_security_group_precommit-972592'] for security_group (03b25f60-6334-44bc-9f48-7035168fc466), precommit_create {{(pid=103268) _notify_loop /opt/stack/data/venv/lib/python3.12/site-packages/neutron_lib/callbacks/manager.py:184}}
May 20 22:02:29.619118 np0000175549 devstack@neutron-api.service[103268]: DEBUG neutron.db.ovn_revision_numbers_db [None req-6359e8fa-4ecf-4890-857f-d51d509ab306 admin admin] create_initial_revision uuid=03b25f60-6334-44bc-9f48-7035168fc466, type=security_groups, rev=-1 {{(pid=103268) create_initial_revision /opt/stack/neutron/neutron/db/ovn_revision_numbers_db.py:98}}
May 20 22:02:29.621162 np0000175549 devstack@neutron-api.service[103268]: DEBUG neutron.db.ovn_revision_numbers_db [None req-6359e8fa-4ecf-4890-857f-d51d509ab306 admin admin] create_initial_revision uuid=3e39f9c4-f586-45f0-953f-c4e255236616, type=security_group_rules, rev=-1 {{(pid=103268) create_initial_revision /opt/stack/neutron/neutron/db/ovn_revision_numbers_db.py:98}}
May 20 22:02:29.622244 np0000175549 devstack@neutron-api.service[103268]: DEBUG neutron.db.ovn_revision_numbers_db [None req-6359e8fa-4ecf-4890-857f-d51d509ab306 admin admin] create_initial_revision uuid=c5ef1151-a97d-4774-9443-419e560b0565, type=security_group_rules, rev=-1 {{(pid=103268) create_initial_revision /opt/stack/neutron/neutron/db/ovn_revision_numbers_db.py:98}}
May 20 22:02:29.623207 np0000175549 devstack@neutron-api.service[103268]: DEBUG neutron.db.ovn_revision_numbers_db [None req-6359e8fa-4ecf-4890-857f-d51d509ab306 admin admin] create_initial_revision uuid=ccd122c5-a832-4457-ad75-a2dfaadd5b86, type=security_group_rules, rev=-1 {{(pid=103268) create_initial_revision /opt/stack/neutron/neutron/db/ovn_revision_numbers_db.py:98}}
May 20 22:02:29.624138 np0000175549 devstack@neutron-api.service[103268]: DEBUG neutron.db.ovn_revision_numbers_db [None req-6359e8fa-4ecf-4890-857f-d51d509ab306 admin admin] create_initial_revision uuid=d4448a90-09b5-4b28-99da-8a132e299bd2, type=security_group_rules, rev=-1 {{(pid=103268) create_initial_revision /opt/stack/neutron/neutron/db/ovn_revision_numbers_db.py:98}}
May 20 22:02:29.631073 np0000175549 devstack@neutron-api.service[103268]: DEBUG neutron_lib.callbacks.manager [None req-6359e8fa-4ecf-4890-857f-d51d509ab306 admin admin] Publish callbacks ['neutron.plugins.ml2.drivers.ovn.mech_driver.mech_driver.OVNMechanismDriver._create_security_group-972618', 'neutron.plugins.ml2.ovo_rpc._ObjectChangeHandler.handle_event-1101323'] for security_group (03b25f60-6334-44bc-9f48-7035168fc466), after_create {{(pid=103268) _notify_loop /opt/stack/data/venv/lib/python3.12/site-packages/neutron_lib/callbacks/manager.py:184}}
May 20 22:02:29.632517 np0000175549 devstack@neutron-api.service[103268]: DEBUG ovsdbapp.backend.ovs_idl.transaction [-] Running txn n=1 command(idx=0): PgAddCommand(_result=None, name=pg_03b25f60_6334_44bc_9f48_7035168fc466, may_exist=False, columns={'acls': [], 'external_ids': {'neutron:security_group_id': '03b25f60-6334-44bc-9f48-7035168fc466'}}) {{(pid=103268) do_commit /opt/stack/data/venv/lib/python3.12/site-packages/ovsdbapp/backend/ovs_idl/transaction.py:89}}
May 20 22:02:29.634513 np0000175549 devstack@neutron-api.service[103268]: DEBUG ovsdbapp.backend.ovs_idl.transaction [-] Running txn n=1 command(idx=1): PgAclAddCommand(_result=None, entity=pg_03b25f60_6334_44bc_9f48_7035168fc466, direction=from-lport, priority=1002, match=inport == @pg_03b25f60_6334_44bc_9f48_7035168fc466 && ip6, action=allow-related, log=False, may_exist=True, severity=[], name=[], meter=[], external_ids={'neutron:security_group_rule_id': '3e39f9c4-f586-45f0-953f-c4e255236616'}) {{(pid=103268) do_commit /opt/stack/data/venv/lib/python3.12/site-packages/ovsdbapp/backend/ovs_idl/transaction.py:89}}
May 20 22:02:29.635099 np0000175549 devstack@neutron-api.service[103268]: DEBUG ovsdbapp.backend.ovs_idl.transaction [-] Running txn n=1 command(idx=2): PgAclAddCommand(_result=None, entity=pg_03b25f60_6334_44bc_9f48_7035168fc466, direction=from-lport, priority=1002, match=inport == @pg_03b25f60_6334_44bc_9f48_7035168fc466 && ip4, action=allow-related, log=False, may_exist=True, severity=[], name=[], meter=[], external_ids={'neutron:security_group_rule_id': 'c5ef1151-a97d-4774-9443-419e560b0565'}) {{(pid=103268) do_commit /opt/stack/data/venv/lib/python3.12/site-packages/ovsdbapp/backend/ovs_idl/transaction.py:89}}
May 20 22:02:29.635606 np0000175549 devstack@neutron-api.service[103268]: DEBUG ovsdbapp.backend.ovs_idl.transaction [-] Running txn n=1 command(idx=3): PgAclAddCommand(_result=None, entity=pg_03b25f60_6334_44bc_9f48_7035168fc466, direction=to-lport, priority=1002, match=outport == @pg_03b25f60_6334_44bc_9f48_7035168fc466 && ip4 && ip4.src == $pg_03b25f60_6334_44bc_9f48_7035168fc466_ip4, action=allow-related, log=False, may_exist=True, severity=[], name=[], meter=[], external_ids={'neutron:security_group_rule_id': 'ccd122c5-a832-4457-ad75-a2dfaadd5b86'}) {{(pid=103268) do_commit /opt/stack/data/venv/lib/python3.12/site-packages/ovsdbapp/backend/ovs_idl/transaction.py:89}}
May 20 22:02:29.636038 np0000175549 devstack@neutron-api.service[103268]: DEBUG ovsdbapp.backend.ovs_idl.transaction [-] Running txn n=1 command(idx=4): PgAclAddCommand(_result=None, entity=pg_03b25f60_6334_44bc_9f48_7035168fc466, direction=to-lport, priority=1002, match=outport == @pg_03b25f60_6334_44bc_9f48_7035168fc466 && ip6 && ip6.src == $pg_03b25f60_6334_44bc_9f48_7035168fc466_ip6, action=allow-related, log=False, may_exist=True, severity=[], name=[], meter=[], external_ids={'neutron:security_group_rule_id': 'd4448a90-09b5-4b28-99da-8a132e299bd2'}) {{(pid=103268) do_commit /opt/stack/data/venv/lib/python3.12/site-packages/ovsdbapp/backend/ovs_idl/transaction.py:89}}
May 20 22:02:29.643211 np0000175549 devstack@neutron-api.service[103268]: DEBUG neutron.plugins.ml2.drivers.ovn.mech_driver.ovsdb.ovsdb_monitor [-] Hash Ring: Node 8e8d4ad8ff3659168f2e54a56d5fa666 (host: np0000175549) handling event "create" for row 7e5a9045-b3b4-4c68-a3d7-6399ca5f9cb4 (table: ACL) {{(pid=103268) notify /opt/stack/neutron/neutron/plugins/ml2/drivers/ovn/mech_driver/ovsdb/ovsdb_monitor.py:986}}
May 20 22:02:29.643422 np0000175549 devstack@neutron-api.service[103268]: DEBUG neutron.plugins.ml2.drivers.ovn.mech_driver.ovsdb.ovsdb_monitor [-] Hash Ring: Node 8e8d4ad8ff3659168f2e54a56d5fa666 (host: np0000175549) handling event "create" for row 8e871b2e-ad7e-42eb-a51f-bf6657c98508 (table: ACL) {{(pid=103268) notify /opt/stack/neutron/neutron/plugins/ml2/drivers/ovn/mech_driver/ovsdb/ovsdb_monitor.py:986}}
May 20 22:02:29.643593 np0000175549 devstack@neutron-api.service[103268]: DEBUG neutron.plugins.ml2.drivers.ovn.mech_driver.ovsdb.ovsdb_monitor [-] Hash Ring: Node 8e8d4ad8ff3659168f2e54a56d5fa666 (host: np0000175549) handling event "create" for row b201986b-843b-45e9-a8f8-37b7e035e273 (table: ACL) {{(pid=103268) notify /opt/stack/neutron/neutron/plugins/ml2/drivers/ovn/mech_driver/ovsdb/ovsdb_monitor.py:986}}
May 20 22:02:29.643758 np0000175549 devstack@neutron-api.service[103268]: DEBUG neutron.plugins.ml2.drivers.ovn.mech_driver.ovsdb.ovsdb_monitor [-] Hash Ring: Node 8e8d4ad8ff3659168f2e54a56d5fa666 (host: np0000175549) handling event "create" for row b261ce76-17e2-4210-9e0b-4190e6bd73d4 (table: ACL) {{(pid=103268) notify /opt/stack/neutron/neutron/plugins/ml2/drivers/ovn/mech_driver/ovsdb/ovsdb_monitor.py:986}}
May 20 22:02:29.643914 np0000175549 devstack@neutron-api.service[103268]: DEBUG neutron.plugins.ml2.drivers.ovn.mech_driver.ovsdb.ovsdb_monitor [-] Hash Ring: Node 8e8d4ad8ff3659168f2e54a56d5fa666 (host: np0000175549) handling event "create" for row 2bc6fa6f-8cc6-4b6d-92ea-9461e689f66e (table: Port_Group) {{(pid=103268) notify /opt/stack/neutron/neutron/plugins/ml2/drivers/ovn/mech_driver/ovsdb/ovsdb_monitor.py:986}}
May 20 22:02:29.645487 np0000175549 devstack@neutron-api.service[103266]: DEBUG neutron.plugins.ml2.drivers.ovn.mech_driver.ovsdb.ovsdb_monitor [-] Hash Ring: Node 118faa1adf805cfd9003501226e017f8 (host: np0000175549) handling event "create" for row 7e5a9045-b3b4-4c68-a3d7-6399ca5f9cb4 (table: ACL) {{(pid=103266) notify /opt/stack/neutron/neutron/plugins/ml2/drivers/ovn/mech_driver/ovsdb/ovsdb_monitor.py:986}}
May 20 22:02:29.645775 np0000175549 devstack@neutron-api.service[103267]: DEBUG neutron.plugins.ml2.drivers.ovn.mech_driver.ovsdb.ovsdb_monitor [-] Hash Ring: Node 9ee951fac519559ea899cf9f3c0f195a (host: np0000175549) handling event "create" for row 2bc6fa6f-8cc6-4b6d-92ea-9461e689f66e (table: Port_Group) {{(pid=103267) notify /opt/stack/neutron/neutron/plugins/ml2/drivers/ovn/mech_driver/ovsdb/ovsdb_monitor.py:986}}
May 20 22:02:29.646076 np0000175549 devstack@neutron-api.service[103266]: DEBUG neutron.plugins.ml2.drivers.ovn.mech_driver.ovsdb.ovsdb_monitor [-] Hash Ring: Node 118faa1adf805cfd9003501226e017f8 (host: np0000175549) handling event "create" for row b201986b-843b-45e9-a8f8-37b7e035e273 (table: ACL) {{(pid=103266) notify /opt/stack/neutron/neutron/plugins/ml2/drivers/ovn/mech_driver/ovsdb/ovsdb_monitor.py:986}}
May 20 22:02:29.673480 np0000175549 devstack@neutron-api.service[103268]: INFO neutron.db.ovn_revision_numbers_db [None req-6359e8fa-4ecf-4890-857f-d51d509ab306 admin admin] Successfully bumped revision number for resource 03b25f60-6334-44bc-9f48-7035168fc466 (type: security_groups) to 1
May 20 22:02:29.690333 np0000175549 devstack@neutron-api.service[103268]: INFO neutron.db.ovn_revision_numbers_db [None req-6359e8fa-4ecf-4890-857f-d51d509ab306 admin admin] Successfully bumped revision number for resource 3e39f9c4-f586-45f0-953f-c4e255236616 (type: security_group_rules) to 0
May 20 22:02:29.703772 np0000175549 devstack@neutron-api.service[103268]: INFO neutron.db.ovn_revision_numbers_db [None req-6359e8fa-4ecf-4890-857f-d51d509ab306 admin admin] Successfully bumped revision number for resource c5ef1151-a97d-4774-9443-419e560b0565 (type: security_group_rules) to 0
May 20 22:02:29.717316 np0000175549 devstack@neutron-api.service[103268]: INFO neutron.db.ovn_revision_numbers_db [None req-6359e8fa-4ecf-4890-857f-d51d509ab306 admin admin] Successfully bumped revision number for resource ccd122c5-a832-4457-ad75-a2dfaadd5b86 (type: security_group_rules) to 0
May 20 22:02:29.730128 np0000175549 devstack@neutron-api.service[103268]: INFO neutron.db.ovn_revision_numbers_db [None req-6359e8fa-4ecf-4890-857f-d51d509ab306 admin admin] Successfully bumped revision number for resource d4448a90-09b5-4b28-99da-8a132e299bd2 (type: security_group_rules) to 0
May 20 22:02:29.758718 np0000175549 devstack@neutron-api.service[103268]: DEBUG neutron.api.rpc.handlers.resources_rpc [None req-6359e8fa-4ecf-4890-857f-d51d509ab306 admin admin] Pushing event updated for resources: {'SecurityGroup': ['ID=03b25f60-6334-44bc-9f48-7035168fc466,revision_number=1']} {{(pid=103268) push /opt/stack/neutron/neutron/api/rpc/handlers/resources_rpc.py:237}}
May 20 22:02:29.767750 np0000175549 devstack@neutron-api.service[103268]: DEBUG ovsdbapp.backend.ovs_idl.transaction [-] Running txn n=1 command(idx=0): CheckLivenessCommand(_result=None) {{(pid=103268) do_commit /opt/stack/data/venv/lib/python3.12/site-packages/ovsdbapp/backend/ovs_idl/transaction.py:89}}
May 20 22:02:29.792596 np0000175549 devstack@neutron-api.service[103268]: DEBUG neutron.plugins.ml2.drivers.ovn.mech_driver.ovsdb.ovsdb_monitor [-] Hash Ring: Node 8e8d4ad8ff3659168f2e54a56d5fa666 (host: np0000175549) handling event "update" for row 13339b41-fcd5-4b56-b1d0-12e051c8e3dd (table: NB_Global) {{(pid=103268) notify /opt/stack/neutron/neutron/plugins/ml2/drivers/ovn/mech_driver/ovsdb/ovsdb_monitor.py:986}}
May 20 22:02:29.795660 np0000175549 devstack@neutron-api.service[103266]: DEBUG neutron.plugins.ml2.drivers.ovn.mech_driver.ovsdb.ovsdb_monitor [-] Hash Ring: Node 118faa1adf805cfd9003501226e017f8 (host: np0000175549) handling event "update" for row 13339b41-fcd5-4b56-b1d0-12e051c8e3dd (table: NB_Global) {{(pid=103266) notify /opt/stack/neutron/neutron/plugins/ml2/drivers/ovn/mech_driver/ovsdb/ovsdb_monitor.py:986}}
May 20 22:02:29.795893 np0000175549 devstack@neutron-api.service[103268]: DEBUG neutron.plugins.ml2.drivers.ovn.mech_driver.ovsdb.ovsdb_monitor [-] Hash Ring: Node 8e8d4ad8ff3659168f2e54a56d5fa666 (host: np0000175549) handling event "update" for row 13339b41-fcd5-4b56-b1d0-12e051c8e3dd (table: NB_Global) {{(pid=103268) notify /opt/stack/neutron/neutron/plugins/ml2/drivers/ovn/mech_driver/ovsdb/ovsdb_monitor.py:986}}
May 20 22:02:29.799344 np0000175549 devstack@neutron-api.service[103268]: DEBUG neutron.plugins.ml2.drivers.ovn.mech_driver.ovsdb.ovsdb_monitor [-] ChassisAgentWriteEvent : Matched Chassis_Private, update, None None {{(pid=103268) matches /opt/stack/neutron/neutron/plugins/ml2/drivers/ovn/mech_driver/ovsdb/ovsdb_monitor.py:64}}
May 20 22:02:29.799582 np0000175549 devstack@neutron-api.service[103265]: DEBUG neutron.plugins.ml2.drivers.ovn.mech_driver.ovsdb.ovsdb_monitor [-] ChassisAgentWriteEvent : Matched Chassis_Private, update, None None {{(pid=103265) matches /opt/stack/neutron/neutron/plugins/ml2/drivers/ovn/mech_driver/ovsdb/ovsdb_monitor.py:64}}
May 20 22:02:29.800213 np0000175549 devstack@neutron-api.service[103266]: DEBUG neutron.plugins.ml2.drivers.ovn.mech_driver.ovsdb.ovsdb_monitor [-] ChassisAgentWriteEvent : Matched Chassis_Private, update, None None {{(pid=103266) matches /opt/stack/neutron/neutron/plugins/ml2/drivers/ovn/mech_driver/ovsdb/ovsdb_monitor.py:64}}
May 20 22:02:29.800368 np0000175549 devstack@neutron-api.service[103267]: DEBUG neutron.plugins.ml2.drivers.ovn.mech_driver.ovsdb.ovsdb_monitor [-] ChassisAgentWriteEvent : Matched Chassis_Private, update, None None {{(pid=103267) matches /opt/stack/neutron/neutron/plugins/ml2/drivers/ovn/mech_driver/ovsdb/ovsdb_monitor.py:64}}
May 20 22:02:29.800598 np0000175549 devstack@neutron-api.service[103268]: DEBUG neutron.plugins.ml2.drivers.ovn.mech_driver.ovsdb.ovsdb_monitor [-] Hash Ring: Node 8e8d4ad8ff3659168f2e54a56d5fa666 (host: np0000175549) handling event "update" for row 13339b41-fcd5-4b56-b1d0-12e051c8e3dd (table: NB_Global) {{(pid=103268) notify /opt/stack/neutron/neutron/plugins/ml2/drivers/ovn/mech_driver/ovsdb/ovsdb_monitor.py:986}}
May 20 22:02:29.800752 np0000175549 devstack@neutron-api.service[103266]: DEBUG neutron.plugins.ml2.drivers.ovn.mech_driver.ovsdb.ovsdb_monitor [-] Hash Ring: Node 118faa1adf805cfd9003501226e017f8 (host: np0000175549) handling event "update" for row 13339b41-fcd5-4b56-b1d0-12e051c8e3dd (table: NB_Global) {{(pid=103266) notify /opt/stack/neutron/neutron/plugins/ml2/drivers/ovn/mech_driver/ovsdb/ovsdb_monitor.py:986}}
May 20 22:02:29.800913 np0000175549 devstack@neutron-api.service[103268]: DEBUG neutron.plugins.ml2.drivers.ovn.mech_driver.ovsdb.ovsdb_monitor [-] Hash Ring: Node 8e8d4ad8ff3659168f2e54a56d5fa666 (host: np0000175549) handling event "update" for row 13339b41-fcd5-4b56-b1d0-12e051c8e3dd (table: NB_Global) {{(pid=103268) notify /opt/stack/neutron/neutron/plugins/ml2/drivers/ovn/mech_driver/ovsdb/ovsdb_monitor.py:986}}
May 20 22:02:29.801080 np0000175549 devstack@neutron-api.service[103266]: DEBUG neutron.plugins.ml2.drivers.ovn.mech_driver.ovsdb.ovsdb_monitor [-] Hash Ring: Node 118faa1adf805cfd9003501226e017f8 (host: np0000175549) handling event "update" for row 2453a56a-eb25-4ed6-9cb1-96bcc67a4937 (table: Chassis_Private) {{(pid=103266) notify /opt/stack/neutron/neutron/plugins/ml2/drivers/ovn/mech_driver/ovsdb/ovsdb_monitor.py:986}}
May 20 22:02:29.801235 np0000175549 devstack@neutron-api.service[103266]: DEBUG neutron.plugins.ml2.drivers.ovn.mech_driver.ovsdb.ovsdb_monitor [-] Hash Ring: Node 118faa1adf805cfd9003501226e017f8 (host: np0000175549) handling event "update" for row 13339b41-fcd5-4b56-b1d0-12e051c8e3dd (table: NB_Global) {{(pid=103266) notify /opt/stack/neutron/neutron/plugins/ml2/drivers/ovn/mech_driver/ovsdb/ovsdb_monitor.py:986}}
May 20 22:02:29.802077 np0000175549 devstack@neutron-api.service[103266]: DEBUG neutron.plugins.ml2.drivers.ovn.mech_driver.ovsdb.ovsdb_monitor [-] Hash Ring: Node 118faa1adf805cfd9003501226e017f8 (host: np0000175549) handling event "update" for row 13339b41-fcd5-4b56-b1d0-12e051c8e3dd (table: NB_Global) {{(pid=103266) notify /opt/stack/neutron/neutron/plugins/ml2/drivers/ovn/mech_driver/ovsdb/ovsdb_monitor.py:986}}
May 20 22:02:29.803094 np0000175549 devstack@neutron-api.service[103268]: DEBUG neutron.api.rpc.callbacks.version_manager [None req-6359e8fa-4ecf-4890-857f-d51d509ab306 admin admin] Tracked resource versions report:
May 20 22:02:29.803094 np0000175549 devstack@neutron-api.service[103268]: pushed versions:
May 20 22:02:29.803094 np0000175549 devstack@neutron-api.service[103268]: { 'AddressGroup': {'1.2'},
May 20 22:02:29.803094 np0000175549 devstack@neutron-api.service[103268]: 'Agent': {'1.1'},
May 20 22:02:29.803094 np0000175549 devstack@neutron-api.service[103268]: 'ConntrackHelper': {'1.0'},
May 20 22:02:29.803094 np0000175549 devstack@neutron-api.service[103268]: 'LocalIPAssociation': {'1.0'},
May 20 22:02:29.803094 np0000175549 devstack@neutron-api.service[103268]: 'Log': {'1.0'},
May 20 22:02:29.803094 np0000175549 devstack@neutron-api.service[103268]: 'NDPProxy': {'1.0'},
May 20 22:02:29.803094 np0000175549 devstack@neutron-api.service[103268]: 'Network': {'1.2'},
May 20 22:02:29.803094 np0000175549 devstack@neutron-api.service[103268]: 'Port': {'1.10'},
May 20 22:02:29.803094 np0000175549 devstack@neutron-api.service[103268]: 'PortForwarding': {'1.3'},
May 20 22:02:29.803094 np0000175549 devstack@neutron-api.service[103268]: 'QosPolicy': {'1.10'},
May 20 22:02:29.803094 np0000175549 devstack@neutron-api.service[103268]: 'SecurityGroup': {'1.6'},
May 20 22:02:29.803094 np0000175549 devstack@neutron-api.service[103268]: 'SecurityGroupRule': {'1.3'},
May 20 22:02:29.803094 np0000175549 devstack@neutron-api.service[103268]: 'SubPort': {'1.0'},
May 20 22:02:29.803094 np0000175549 devstack@neutron-api.service[103268]: 'Subnet': {'1.2'},
May 20 22:02:29.803094 np0000175549 devstack@neutron-api.service[103268]: 'Trunk': {'1.1'}}
May 20 22:02:29.803094 np0000175549 devstack@neutron-api.service[103268]: consumer versions:
May 20 22:02:29.803094 np0000175549 devstack@neutron-api.service[103268]: {}
May 20 22:02:29.803094 np0000175549 devstack@neutron-api.service[103268]: {{(pid=103268) report /opt/stack/neutron/neutron/api/rpc/callbacks/version_manager.py:183}}
May 20 22:02:29.804553 np0000175549 devstack@neutron-api.service[103267]: DEBUG neutron.plugins.ml2.drivers.ovn.mech_driver.ovsdb.ovsdb_monitor [-] ChassisOVNAgentWriteEvent : Matched Chassis_Private, update, None None {{(pid=103267) matches /opt/stack/neutron/neutron/plugins/ml2/drivers/ovn/mech_driver/ovsdb/ovsdb_monitor.py:64}}
May 20 22:02:29.805011 np0000175549 devstack@neutron-api.service[103266]: DEBUG neutron.plugins.ml2.drivers.ovn.mech_driver.ovsdb.ovsdb_monitor [-] ChassisOVNAgentWriteEvent : Matched Chassis_Private, update, None None {{(pid=103266) matches /opt/stack/neutron/neutron/plugins/ml2/drivers/ovn/mech_driver/ovsdb/ovsdb_monitor.py:64}}
May 20 22:02:29.805053 np0000175549 devstack@neutron-api.service[103265]: DEBUG neutron.plugins.ml2.drivers.ovn.mech_driver.ovsdb.ovsdb_monitor [-] ChassisOVNAgentWriteEvent : Matched Chassis_Private, update, None None {{(pid=103265) matches /opt/stack/neutron/neutron/plugins/ml2/drivers/ovn/mech_driver/ovsdb/ovsdb_monitor.py:64}}
May 20 22:02:29.805611 np0000175549 devstack@neutron-api.service[103266]: DEBUG neutron.plugins.ml2.drivers.ovn.mech_driver.ovsdb.ovsdb_monitor [-] Hash Ring: Node 118faa1adf805cfd9003501226e017f8 (host: np0000175549) handling event "update" for row 2453a56a-eb25-4ed6-9cb1-96bcc67a4937 (table: Chassis_Private) {{(pid=103266) notify /opt/stack/neutron/neutron/plugins/ml2/drivers/ovn/mech_driver/ovsdb/ovsdb_monitor.py:986}}
May 20 22:02:29.810670 np0000175549 devstack@neutron-api.service[103268]: DEBUG neutron.common.ovn.hash_ring_manager [-] Allow caching, nodes 4>=4 {{(pid=103268) _wait_startup_before_caching /opt/stack/neutron/neutron/common/ovn/hash_ring_manager.py:65}}
May 20 22:02:29.811035 np0000175549 devstack@neutron-api.service[103268]: DEBUG neutron.plugins.ml2.drivers.ovn.mech_driver.ovsdb.ovsdb_monitor [-] Hash Ring: Node 8e8d4ad8ff3659168f2e54a56d5fa666 (host: np0000175549) handling event "update" for row 2453a56a-eb25-4ed6-9cb1-96bcc67a4937 (table: Chassis_Private) {{(pid=103268) notify /opt/stack/neutron/neutron/plugins/ml2/drivers/ovn/mech_driver/ovsdb/ovsdb_monitor.py:986}}
May 20 22:02:29.813143 np0000175549 devstack@neutron-api.service[103268]: DEBUG neutron.plugins.ml2.drivers.ovn.mech_driver.ovsdb.ovsdb_monitor [-] ChassisOVNAgentWriteEvent : Matched Chassis_Private, update, None None {{(pid=103268) matches /opt/stack/neutron/neutron/plugins/ml2/drivers/ovn/mech_driver/ovsdb/ovsdb_monitor.py:64}}
May 20 22:02:29.813706 np0000175549 devstack@neutron-api.service[103268]: DEBUG neutron.plugins.ml2.drivers.ovn.mech_driver.ovsdb.ovsdb_monitor [-] Hash Ring: Node 8e8d4ad8ff3659168f2e54a56d5fa666 (host: np0000175549) handling event "update" for row 2453a56a-eb25-4ed6-9cb1-96bcc67a4937 (table: Chassis_Private) {{(pid=103268) notify /opt/stack/neutron/neutron/plugins/ml2/drivers/ovn/mech_driver/ovsdb/ovsdb_monitor.py:986}}
May 20 22:02:29.869416 np0000175549 devstack@neutron-api.service[103268]: DEBUG neutron.plugins.ml2.drivers.helpers [None req-6359e8fa-4ecf-4890-857f-d51d509ab306 admin admin] geneve segment allocate from pool success with {'geneve_vni': 37930} {{(pid=103268) allocate_partially_specified_segment /opt/stack/neutron/neutron/plugins/ml2/drivers/helpers.py:142}}
May 20 22:02:29.882136 np0000175549 devstack@neutron-api.service[103268]: DEBUG neutron_lib.callbacks.manager [None req-6359e8fa-4ecf-4890-857f-d51d509ab306 admin admin] Publish callbacks ['neutron.services.segments.db._add_segment_host_mapping_for_segment-8640867966296', 'neutron.plugins.ml2.plugin.Ml2Plugin._handle_segment_change-75666'] for segment (4981d1c7-0dd5-411f-98f2-7b6c8ff147a9), precommit_create {{(pid=103268) _notify_loop /opt/stack/data/venv/lib/python3.12/site-packages/neutron_lib/callbacks/manager.py:184}}
May 20 22:02:29.882274 np0000175549 devstack@neutron-api.service[103268]: INFO neutron.db.segments_db [None req-6359e8fa-4ecf-4890-857f-d51d509ab306 admin admin] Added segment 4981d1c7-0dd5-411f-98f2-7b6c8ff147a9 of type geneve for network d19fa848-ff49-4864-a054-0d87beb8cab5
May 20 22:02:29.921139 np0000175549 devstack@neutron-api.service[103268]: DEBUG neutron_lib.callbacks.manager [None req-6359e8fa-4ecf-4890-857f-d51d509ab306 admin admin] Publish callbacks ['neutron.services.auto_allocate.db._ensure_external_network_default_value_callback-8640866290962'] for network (d19fa848-ff49-4864-a054-0d87beb8cab5), precommit_create {{(pid=103268) _notify_loop /opt/stack/data/venv/lib/python3.12/site-packages/neutron_lib/callbacks/manager.py:184}}
May 20 22:02:29.936803 np0000175549 devstack@neutron-api.service[103268]: DEBUG neutron.plugins.ml2.drivers.ovn.mech_driver.mech_driver [None req-6359e8fa-4ecf-4890-857f-d51d509ab306 admin admin] Validating network segment with type geneve, segmentation ID 37930, physical network None {{(pid=103268) _validate_network_segments /opt/stack/neutron/neutron/plugins/ml2/drivers/ovn/mech_driver/mech_driver.py:641}}
May 20 22:02:29.936803 np0000175549 devstack@neutron-api.service[103268]: DEBUG neutron.db.ovn_revision_numbers_db [None req-6359e8fa-4ecf-4890-857f-d51d509ab306 admin admin] create_initial_revision uuid=d19fa848-ff49-4864-a054-0d87beb8cab5, type=networks, rev=-1 {{(pid=103268) create_initial_revision /opt/stack/neutron/neutron/db/ovn_revision_numbers_db.py:98}}
May 20 22:02:29.954362 np0000175549 devstack@neutron-api.service[103268]: DEBUG neutron_lib.callbacks.manager [None req-6359e8fa-4ecf-4890-857f-d51d509ab306 admin admin] Publish callbacks ['neutron.plugins.ml2.ovo_rpc._ObjectChangeHandler.handle_event-1101558'] for network (d19fa848-ff49-4864-a054-0d87beb8cab5), after_create {{(pid=103268) _notify_loop /opt/stack/data/venv/lib/python3.12/site-packages/neutron_lib/callbacks/manager.py:184}}
May 20 22:02:30.001569 np0000175549 devstack@neutron-api.service[103268]: DEBUG neutron.api.rpc.handlers.resources_rpc [None req-6359e8fa-4ecf-4890-857f-d51d509ab306 admin admin] Pushing event updated for resources: {'Network': ['ID=d19fa848-ff49-4864-a054-0d87beb8cab5,revision_number=1']} {{(pid=103268) push /opt/stack/neutron/neutron/api/rpc/handlers/resources_rpc.py:237}}
May 20 22:02:30.010061 np0000175549 devstack@neutron-api.service[103268]: DEBUG ovsdbapp.backend.ovs_idl.transaction [-] Running txn n=1 command(idx=0): AddNetworkCommand(_result=None, network_uuid=d19fa848-ff49-4864-a054-0d87beb8cab5, may_exist=True, columns={'external_ids': {'neutron:network_name': 'private', 'neutron:mtu': '1372', 'neutron:revision_number': '1', 'neutron:availability_zone_hints': '', 'neutron:provnet-network-type': 'geneve'}, 'other_config': {'mcast_snoop': 'false', 'mcast_flood_unregistered': 'false', 'vlan-passthru': 'false'}}) {{(pid=103268) do_commit /opt/stack/data/venv/lib/python3.12/site-packages/ovsdbapp/backend/ovs_idl/transaction.py:89}}
May 20 22:02:30.010804 np0000175549 devstack@neutron-api.service[103268]: DEBUG neutron.common.ovn.utils [-] OVS persist_uuid supported=True {{(pid=103268) ovs_persist_uuid_supported /opt/stack/neutron/neutron/common/ovn/utils.py:1537}}
May 20 22:02:30.014568 np0000175549 devstack@neutron-api.service[103268]: DEBUG neutron.plugins.ml2.drivers.ovn.mech_driver.ovsdb.ovsdb_monitor [-] Hash Ring: Node 8e8d4ad8ff3659168f2e54a56d5fa666 (host: np0000175549) handling event "create" for row d19fa848-ff49-4864-a054-0d87beb8cab5 (table: Logical_Switch) {{(pid=103268) notify /opt/stack/neutron/neutron/plugins/ml2/drivers/ovn/mech_driver/ovsdb/ovsdb_monitor.py:986}}
May 20 22:02:30.023973 np0000175549 devstack@neutron-api.service[103265]: DEBUG neutron.plugins.ml2.drivers.ovn.mech_driver.ovsdb.ovsdb_monitor [-] Hash Ring: Node 1080db54fce455b1a477e10a5f3d2c09 (host: np0000175549) handling event "create" for row be9945a5-8677-457e-90ff-4cbacb720d3c (table: Datapath_Binding) {{(pid=103265) notify /opt/stack/neutron/neutron/plugins/ml2/drivers/ovn/mech_driver/ovsdb/ovsdb_monitor.py:986}}
May 20 22:02:30.027828 np0000175549 devstack@neutron-api.service[103268]: DEBUG neutron.plugins.ml2.drivers.ovn.mech_driver.ovsdb.ovsdb_monitor [-] Hash Ring: Node 8e8d4ad8ff3659168f2e54a56d5fa666 (host: np0000175549) handling event "create" for row be9945a5-8677-457e-90ff-4cbacb720d3c (table: Datapath_Binding) {{(pid=103268) notify /opt/stack/neutron/neutron/plugins/ml2/drivers/ovn/mech_driver/ovsdb/ovsdb_monitor.py:986}}
May 20 22:02:30.047154 np0000175549 devstack@neutron-api.service[103268]: INFO neutron.db.ovn_revision_numbers_db [None req-6359e8fa-4ecf-4890-857f-d51d509ab306 admin admin] Successfully bumped revision number for resource d19fa848-ff49-4864-a054-0d87beb8cab5 (type: networks) to 1
May 20 22:02:30.109364 np0000175549 devstack@neutron-api.service[103268]: DEBUG neutron_lib.callbacks.manager [None req-6359e8fa-4ecf-4890-857f-d51d509ab306 admin admin] Publish callbacks ['neutron.plugins.ml2.plugin.SecurityGroupDbMixin._ensure_default_security_group_handler-387094'] for port (None), before_create {{(pid=103268) _notify_loop /opt/stack/data/venv/lib/python3.12/site-packages/neutron_lib/callbacks/manager.py:184}}
May 20 22:02:30.218815 np0000175549 devstack@neutron-api.service[103268]: DEBUG neutron_lib.callbacks.manager [None req-6359e8fa-4ecf-4890-857f-d51d509ab306 admin admin] Publish callbacks ['neutron.plugins.ml2.drivers.ovn.mech_driver.mech_driver.OVNMechanismDriver._validate_allowed_address_pairs-972728'] for allowed_address_pair (7c0703b3-010d-4ffa-8181-2a704affb560), before_create {{(pid=103268) _notify_loop /opt/stack/data/venv/lib/python3.12/site-packages/neutron_lib/callbacks/manager.py:184}}
May 20 22:02:30.219208 np0000175549 devstack@neutron-api.service[103268]: DEBUG neutron_lib.callbacks.manager [None req-6359e8fa-4ecf-4890-857f-d51d509ab306 admin admin] Publish callbacks [] for port (7c0703b3-010d-4ffa-8181-2a704affb560), precommit_create {{(pid=103268) _notify_loop /opt/stack/data/venv/lib/python3.12/site-packages/neutron_lib/callbacks/manager.py:184}}
May 20 22:02:30.219381 np0000175549 devstack@neutron-api.service[103268]: DEBUG neutron.plugins.ml2.drivers.ovn.mech_driver.mech_driver [None req-6359e8fa-4ecf-4890-857f-d51d509ab306 admin admin] No provisioning block for port 7c0703b3-010d-4ffa-8181-2a704affb560 since it does not have a host {{(pid=103268) _is_port_provisioning_required /opt/stack/neutron/neutron/plugins/ml2/drivers/ovn/mech_driver/mech_driver.py:894}}
May 20 22:02:30.219518 np0000175549 devstack@neutron-api.service[103268]: DEBUG neutron.db.ovn_revision_numbers_db [None req-6359e8fa-4ecf-4890-857f-d51d509ab306 admin admin] create_initial_revision uuid=7c0703b3-010d-4ffa-8181-2a704affb560, type=ports, rev=-1 {{(pid=103268) create_initial_revision /opt/stack/neutron/neutron/db/ovn_revision_numbers_db.py:98}}
May 20 22:02:30.282096 np0000175549 devstack@neutron-api.service[103268]: DEBUG neutron_lib.callbacks.manager [None req-6359e8fa-4ecf-4890-857f-d51d509ab306 admin admin] Publish callbacks ['neutron.plugins.ml2.ovo_rpc._ObjectChangeHandler.handle_event-1101319'] for port (7c0703b3-010d-4ffa-8181-2a704affb560), after_create {{(pid=103268) _notify_loop /opt/stack/data/venv/lib/python3.12/site-packages/neutron_lib/callbacks/manager.py:184}}
May 20 22:02:30.339597 np0000175549 devstack@neutron-api.service[103268]: DEBUG neutron.api.rpc.handlers.resources_rpc [None req-6359e8fa-4ecf-4890-857f-d51d509ab306 admin admin] Pushing event updated for resources: {'Port': ['ID=7c0703b3-010d-4ffa-8181-2a704affb560,revision_number=1']} {{(pid=103268) push /opt/stack/neutron/neutron/api/rpc/handlers/resources_rpc.py:237}}
May 20 22:02:30.382895 np0000175549 devstack@neutron-api.service[103268]: DEBUG ovsdbapp.backend.ovs_idl.transaction [-] Running txn n=1 command(idx=0): AddLSwitchPortCommand(_result=None, lport=7c0703b3-010d-4ffa-8181-2a704affb560, lswitch=neutron-d19fa848-ff49-4864-a054-0d87beb8cab5, may_exist=True, network_uuid=d19fa848-ff49-4864-a054-0d87beb8cab5, columns={'addresses': ['fa:16:3e:f7:10:a9'], 'external_ids': {'neutron:port_name': '', 'neutron:device_id': 'ovnmeta-d19fa848-ff49-4864-a054-0d87beb8cab5', 'neutron:project_id': 'b264bfb9f06144bcbf6c4103880933d5', 'neutron:cidrs': '', 'neutron:device_owner': 'network:distributed', 'neutron:subnet_pool_addr_scope4': '', 'neutron:subnet_pool_addr_scope6': '', 'neutron:network_name': 'neutron-d19fa848-ff49-4864-a054-0d87beb8cab5', 'neutron:security_group_ids': '', 'neutron:revision_number': '1', 'neutron:vnic_type': 'normal', 'neutron:port_capabilities': '', 'neutron:mtu': '1372'}, 'parent_name': [], 'tag': [], 'enabled': True, 'options': {}, 'type': 'localport', 'port_security': [], 'dhcpv4_options': [], 'dhcpv6_options': []}) {{(pid=103268) do_commit /opt/stack/data/venv/lib/python3.12/site-packages/ovsdbapp/backend/ovs_idl/transaction.py:89}}
May 20 22:02:30.383829 np0000175549 devstack@neutron-api.service[103268]: DEBUG ovsdbapp.backend.ovs_idl.transaction [-] Running txn n=1 command(idx=1): QoSDelCommand(_result=None, switch=neutron-d19fa848-ff49-4864-a054-0d87beb8cab5, conditions=[('direction', '=', 'to-lport'), ('priority', '=', 2002), ('match', '=', 'outport == "7c0703b3-010d-4ffa-8181-2a704affb560"')], if_exists=True) {{(pid=103268) do_commit /opt/stack/data/venv/lib/python3.12/site-packages/ovsdbapp/backend/ovs_idl/transaction.py:89}}
May 20 22:02:30.384117 np0000175549 devstack@neutron-api.service[103268]: DEBUG ovsdbapp.backend.ovs_idl.transaction [-] Running txn n=1 command(idx=2): QoSDelCommand(_result=None, switch=neutron-d19fa848-ff49-4864-a054-0d87beb8cab5, conditions=[('direction', '=', 'from-lport'), ('priority', '=', 2002), ('match', '=', 'inport == "7c0703b3-010d-4ffa-8181-2a704affb560"')], if_exists=True) {{(pid=103268) do_commit /opt/stack/data/venv/lib/python3.12/site-packages/ovsdbapp/backend/ovs_idl/transaction.py:89}}
May 20 22:02:30.388235 np0000175549 devstack@neutron-api.service[103268]: DEBUG neutron.plugins.ml2.drivers.ovn.mech_driver.ovsdb.ovsdb_monitor [-] Hash Ring: Node 8e8d4ad8ff3659168f2e54a56d5fa666 (host: np0000175549) handling event "update" for row d19fa848-ff49-4864-a054-0d87beb8cab5 (table: Logical_Switch) {{(pid=103268) notify /opt/stack/neutron/neutron/plugins/ml2/drivers/ovn/mech_driver/ovsdb/ovsdb_monitor.py:986}}
May 20 22:02:30.388445 np0000175549 devstack@neutron-api.service[103268]: DEBUG neutron.plugins.ml2.drivers.ovn.mech_driver.ovsdb.ovsdb_monitor [-] Hash Ring: Node 8e8d4ad8ff3659168f2e54a56d5fa666 (host: np0000175549) handling event "create" for row b96ec9fc-28ab-46b1-a244-34abc58d4cf4 (table: Logical_Switch_Port) {{(pid=103268) notify /opt/stack/neutron/neutron/plugins/ml2/drivers/ovn/mech_driver/ovsdb/ovsdb_monitor.py:986}}
