2026-05-08 15:52:32.732 7 INFO neutron.db.ovn_revision_numbers_db [None req-e61fc8a9-f0ec-4c83-ad27-66841a665293 e5d660302cd1420bbe546ab8e9ca537f a226ef6092f3463a901719c4fb45302c - - default default] Successfully bumped revision number for resource a1267d24-8ede-4d70-951c-bdd197369711 (type: ports) to 1
2026-05-08 15:52:32.863 8 INFO neutron.services.segments.plugin [-] Segment 773c012c-75ca-42be-945b-e20186b75a2d resource provider aggregate not found
2026-05-08 15:52:32.880 8 INFO neutron.services.segments.plugin [-] Segment 773c012c-75ca-42be-945b-e20186b75a2d resource provider aggregate not found
2026-05-08 15:52:32.886 8 INFO neutron.services.segments.plugin [-] Segment 773c012c-75ca-42be-945b-e20186b75a2d resource provider not found; error: Placement Client Error (4xx): {"errors": [{"status": 404, "title": "Not Found", "detail": "The resource could not be found.\n\n No resource provider with uuid 773c012c-75ca-42be-945b-e20186b75a2d found for delete ", "request_id": "req-36a17d56-cc43-42d4-b34d-09010e6f7373"}]}
2026-05-08 15:52:32.900 8 INFO neutron.services.segments.plugin [-] Segment 773c012c-75ca-42be-945b-e20186b75a2d resource provider not found; error: Placement Client Error (4xx): {"errors": [{"status": 404, "title": "Not Found", "detail": "The resource could not be found.\n\n No resource provider with uuid 773c012c-75ca-42be-945b-e20186b75a2d found for delete ", "request_id": "req-1b01507d-540a-4876-b5a0-5eefde52d792"}]}
2026-05-08 15:52:32.913 8 INFO neutron.services.segments.plugin [-] Segment bee5f4bd-23d6-4a3c-956d-89498f9d068b resource provider aggregate not found
2026-05-08 15:52:32.930 8 INFO neutron.services.segments.plugin [-] Segment bee5f4bd-23d6-4a3c-956d-89498f9d068b resource provider not found; error: Placement Client Error (4xx): {"errors": [{"status": 404, "title": "Not Found", "detail": "The resource could not be found.\n\n No resource provider with uuid bee5f4bd-23d6-4a3c-956d-89498f9d068b found for delete ", "request_id": "req-04c9d0b3-22af-458b-be57-88cd17a0703e"}]}
2026-05-08 15:52:32.935 8 INFO neutron.services.segments.plugin [-] Segment bee5f4bd-23d6-4a3c-956d-89498f9d068b resource provider aggregate not found
2026-05-08 15:52:32.950 8 INFO neutron.services.segments.plugin [-] Segment ba19cb75-4e9f-4a34-9eb7-b4a56f0a6fa7 resource provider aggregate not found
2026-05-08 15:52:32.955 8 INFO neutron.services.segments.plugin [-] Segment bee5f4bd-23d6-4a3c-956d-89498f9d068b resource provider not found; error: Placement Client Error (4xx): {"errors": [{"status": 404, "title": "Not Found", "detail": "The resource could not be found.\n\n No resource provider with uuid bee5f4bd-23d6-4a3c-956d-89498f9d068b found for delete ", "request_id": "req-e0c0218c-7ba5-44c1-80ef-4431160f01cd"}]}
2026-05-08 15:52:32.970 8 INFO neutron.services.segments.plugin [-] Segment ba19cb75-4e9f-4a34-9eb7-b4a56f0a6fa7 resource provider aggregate not found
2026-05-08 15:52:32.974 8 INFO neutron.services.segments.plugin [-] Segment ba19cb75-4e9f-4a34-9eb7-b4a56f0a6fa7 resource provider not found; error: Placement Client Error (4xx): {"errors": [{"status": 404, "title": "Not Found", "detail": "The resource could not be found.\n\n No resource provider with uuid ba19cb75-4e9f-4a34-9eb7-b4a56f0a6fa7 found for delete ", "request_id": "req-ca827315-b191-44b2-bb06-9781b4411432"}]}
2026-05-08 15:52:32.992 8 INFO neutron.services.segments.plugin [-] Segment ba19cb75-4e9f-4a34-9eb7-b4a56f0a6fa7 resource provider not found; error: Placement Client Error (4xx): {"errors": [{"status": 404, "title": "Not Found", "detail": "The resource could not be found.\n\n No resource provider with uuid ba19cb75-4e9f-4a34-9eb7-b4a56f0a6fa7 found for delete ", "request_id": "req-c3cdb8d9-d13f-4a18-b8a3-5da235c57ebc"}]}
2026-05-08 15:52:32.998 8 INFO neutron.services.segments.plugin [-] Segment d6fcbd9f-4efb-48b8-b613-54fba9150a17 resource provider aggregate not found
2026-05-08 15:52:33.024 8 INFO neutron.services.segments.plugin [-] Segment d6fcbd9f-4efb-48b8-b613-54fba9150a17 resource provider not found; error: Placement Client Error (4xx): {"errors": [{"status": 404, "title": "Not Found", "detail": "The resource could not be found.\n\n No resource provider with uuid d6fcbd9f-4efb-48b8-b613-54fba9150a17 found for delete ", "request_id": "req-8f34b1dd-a978-43cd-8c5a-0a36b0c4a5c1"}]}
2026-05-08 15:52:33.026 8 INFO neutron.services.segments.plugin [-] Segment d6fcbd9f-4efb-48b8-b613-54fba9150a17 resource provider aggregate not found
2026-05-08 15:52:33.047 8 INFO neutron.services.segments.plugin [-] Segment d6fcbd9f-4efb-48b8-b613-54fba9150a17 resource provider not found; error: Placement Client Error (4xx): {"errors": [{"status": 404, "title": "Not Found", "detail": "The resource could not be found.\n\n No resource provider with uuid d6fcbd9f-4efb-48b8-b613-54fba9150a17 found for delete ", "request_id": "req-c0b45837-ca1b-4400-8119-f86b5aacdabd"}]}
2026-05-08 15:52:33.166 8 INFO neutron.db.ovn_revision_numbers_db [None req-de0f0eca-7cd6-4cc0-ae71-aa1578c9b304 e5d660302cd1420bbe546ab8e9ca537f a226ef6092f3463a901719c4fb45302c - - default default] Successfully bumped revision number for resource 72bd73ac-9070-4f1b-a19d-937747684e8f (type: security_groups) to 1
2026-05-08 15:52:33.180 8 INFO neutron.db.ovn_revision_numbers_db [None req-de0f0eca-7cd6-4cc0-ae71-aa1578c9b304 e5d660302cd1420bbe546ab8e9ca537f a226ef6092f3463a901719c4fb45302c - - default default] Successfully bumped revision number for resource 1625852d-5cc2-471e-8708-5b0d15ec881e (type: security_group_rules) to 0
2026-05-08 15:52:33.200 8 INFO neutron.db.ovn_revision_numbers_db [None req-de0f0eca-7cd6-4cc0-ae71-aa1578c9b304 e5d660302cd1420bbe546ab8e9ca537f a226ef6092f3463a901719c4fb45302c - - default default] Successfully bumped revision number for resource 5a6ed7e6-dd45-4ded-817c-1b1378de288b (type: security_group_rules) to 0
2026-05-08 15:52:33.213 8 INFO neutron.db.ovn_revision_numbers_db [None req-de0f0eca-7cd6-4cc0-ae71-aa1578c9b304 e5d660302cd1420bbe546ab8e9ca537f a226ef6092f3463a901719c4fb45302c - - default default] Successfully bumped revision number for resource 6e2e2ec3-e19d-4b2d-899d-7d8cd57d9194 (type: security_group_rules) to 0
2026-05-08 15:52:33.228 8 INFO neutron.db.ovn_revision_numbers_db [None req-de0f0eca-7cd6-4cc0-ae71-aa1578c9b304 e5d660302cd1420bbe546ab8e9ca537f a226ef6092f3463a901719c4fb45302c - - default default] Successfully bumped revision number for resource c77016b3-f8e8-42ae-93f4-d8c97cc0f735 (type: security_group_rules) to 0 [pid: 8|app: 0|req: 732/1440] 10.0.0.250 () {32 vars in 774 bytes} [Fri May 8 15:52:32 2026] GET /v2.0/security-groups?tenant_id=2c5308a113af4122af4c5099ca3d49e8&name=default => generated 2925 bytes in 492 msecs (HTTP/1.1 200) 4 headers in 158 bytes (1 switches on core 0) [pid: 8|app: 0|req: 733/1441] 10.0.0.250 () {32 vars in 740 bytes} [Fri May 8 15:52:33 2026] DELETE /v2.0/security-groups/72bd73ac-9070-4f1b-a19d-937747684e8f => generated 0 bytes in 292 msecs (HTTP/1.1 204) 2 headers in 112 bytes (1 switches on core 0)
2026-05-08 15:52:33.591 7 INFO neutron.plugins.ml2.drivers.ovn.mech_driver.ovsdb.commands [None req-737cd5e0-91cc-41e1-8fb8-b7d8fa6abba1 - - - - - -] Schedule LRP lrp-a1267d24-8ede-4d70-951c-bdd197369711 on gateway 3ba7b0ad-1484-4b9a-b860-0abf89f33731 with priority 1
2026-05-08 15:52:33.644 8 INFO neutron.plugins.ml2.drivers.ovn.mech_driver.ovsdb.ovsdb_monitor [None req-b63483ff-5fbf-45a9-9e11-73ed9b95539f - - - - - -] Router a33101ce-2b54-4d0f-b40a-4063a829724f is bound to host instance
2026-05-08 15:52:33.651 7 INFO neutron.plugins.ml2.drivers.ovn.mech_driver.mech_driver [None req-2bd60266-364c-4ae1-b697-8deed41053c0 - - - - - -] OVN reports status up for port: a1267d24-8ede-4d70-951c-bdd197369711
2026-05-08 15:52:33.683 7 INFO neutron.plugins.ml2.plugin [None req-2bd60266-364c-4ae1-b697-8deed41053c0 - - - - - -] Attempt 1 to provision port a1267d24-8ede-4d70-951c-bdd197369711
2026-05-08 15:52:33.717 7 INFO neutron.db.ovn_revision_numbers_db [None req-e61fc8a9-f0ec-4c83-ad27-66841a665293 e5d660302cd1420bbe546ab8e9ca537f a226ef6092f3463a901719c4fb45302c - - default default] Successfully bumped revision number for resource a1267d24-8ede-4d70-951c-bdd197369711 (type: router_ports) to 1
2026-05-08 15:52:34.177 8 INFO neutron.db.ovn_revision_numbers_db [None req-374b8bf2-13ad-4a71-b148-54e018bef33e e5d660302cd1420bbe546ab8e9ca537f a226ef6092f3463a901719c4fb45302c - - default default] Successfully bumped revision number for resource d704fc3b-9711-47a7-bb51-e147a543e345 (type: security_groups) to 1
2026-05-08 15:52:34.215 8 INFO neutron.db.ovn_revision_numbers_db [None req-374b8bf2-13ad-4a71-b148-54e018bef33e e5d660302cd1420bbe546ab8e9ca537f a226ef6092f3463a901719c4fb45302c - - default default] Successfully bumped revision number for resource 0ece23d3-f0d8-4c27-8245-786be0636935 (type: security_group_rules) to 0
2026-05-08 15:52:34.236 8 INFO neutron.db.ovn_revision_numbers_db [None req-374b8bf2-13ad-4a71-b148-54e018bef33e e5d660302cd1420bbe546ab8e9ca537f a226ef6092f3463a901719c4fb45302c - - default default] Successfully bumped revision number for resource 6c141f4e-7072-43ba-9cf1-48dd28b073aa (type: security_group_rules) to 0
2026-05-08 15:52:34.261 8 INFO neutron.db.ovn_revision_numbers_db [None req-374b8bf2-13ad-4a71-b148-54e018bef33e e5d660302cd1420bbe546ab8e9ca537f a226ef6092f3463a901719c4fb45302c - - default default] Successfully bumped revision number for resource b7400829-4db8-4b0a-a55c-b7593a84b621 (type: security_group_rules) to 0
2026-05-08 15:52:34.313 8 INFO neutron.db.ovn_revision_numbers_db [None req-374b8bf2-13ad-4a71-b148-54e018bef33e e5d660302cd1420bbe546ab8e9ca537f a226ef6092f3463a901719c4fb45302c - - default default] Successfully bumped revision number for resource ef571efe-7c1d-4494-a743-ac49e17328bb (type: security_group_rules) to 0
2026-05-08 15:52:34.404 7 INFO neutron.db.ovn_revision_numbers_db [None req-e61fc8a9-f0ec-4c83-ad27-66841a665293 e5d660302cd1420bbe546ab8e9ca537f a226ef6092f3463a901719c4fb45302c - - default default] Successfully bumped revision number for resource a33101ce-2b54-4d0f-b40a-4063a829724f (type: routers) to 2 [pid: 8|app: 0|req: 734/1442] 10.0.0.250 () {32 vars in 774 bytes} [Fri May 8 15:52:33 2026] GET /v2.0/security-groups?tenant_id=e2613b4b10524bde9a7fda19b71be2c7&name=default => generated 2925 bytes in 754 msecs (HTTP/1.1 200) 4 headers in 158 bytes (1 switches on core 0) [pid: 7|app: 0|req: 709/1443] 10.0.0.250 () {34 vars in 669 bytes} [Fri May 8 15:52:32 2026] POST /v2.0/routers => generated 968 bytes in 2340 msecs (HTTP/1.1 201) 4 headers in 162 bytes (1 switches on core 0) [pid: 8|app: 0|req: 735/1444] 10.0.0.250 () {32 vars in 740 bytes} [Fri May 8 15:52:34 2026] DELETE /v2.0/security-groups/d704fc3b-9711-47a7-bb51-e147a543e345 => generated 0 bytes in 481 msecs (HTTP/1.1 204) 2 headers in 112 bytes (1 switches on core 0)
2026-05-08 15:52:34.949 7 WARNING neutron.scheduler.dhcp_agent_scheduler [None req-beb56747-b90a-465a-9e1f-55807a376a12 e5d660302cd1420bbe546ab8e9ca537f a226ef6092f3463a901719c4fb45302c - - default default] No more DHCP agents
2026-05-08 15:52:34.950 7 WARNING neutron.api.rpc.agentnotifiers.dhcp_rpc_agent_api [None req-beb56747-b90a-465a-9e1f-55807a376a12 e5d660302cd1420bbe546ab8e9ca537f a226ef6092f3463a901719c4fb45302c - - default default] Unable to schedule network 8950c0bc-2a3b-40a2-b303-595943117c5c: no agents available; will retry on subsequent port and subnet creation events.
2026-05-08 15:52:34.962 8 INFO neutron.db.ovn_revision_numbers_db [None req-60d55d40-c5b6-42b0-acaf-0be9a78a6199 - - - - - -] Successfully bumped revision number for resource a1267d24-8ede-4d70-951c-bdd197369711 (type: ports) to 4
2026-05-08 15:52:35.128 7 INFO neutron.db.ovn_revision_numbers_db [None req-beb56747-b90a-465a-9e1f-55807a376a12 e5d660302cd1420bbe546ab8e9ca537f a226ef6092f3463a901719c4fb45302c - - default default] Successfully bumped revision number for resource 187df3eb-35ba-4853-b982-f1d867b4f26d (type: ports) to 1
2026-05-08 15:52:35.315 8 INFO neutron.db.ovn_revision_numbers_db [None req-040d56a6-15d5-4f45-a333-19320aebdfb4 e5d660302cd1420bbe546ab8e9ca537f a226ef6092f3463a901719c4fb45302c - - default default] Successfully bumped revision number for resource 2fa1dbd6-4a4f-4c9e-8e14-6f5a71f9860c (type: security_groups) to 1
2026-05-08 15:52:35.338 8 INFO neutron.db.ovn_revision_numbers_db [None req-040d56a6-15d5-4f45-a333-19320aebdfb4 e5d660302cd1420bbe546ab8e9ca537f a226ef6092f3463a901719c4fb45302c - - default default] Successfully bumped revision number for resource 046cc1bb-8f55-4a7c-b8c7-c41244ca3b83 (type: security_group_rules) to 0
2026-05-08 15:52:35.383 8 INFO neutron.db.ovn_revision_numbers_db [None req-040d56a6-15d5-4f45-a333-19320aebdfb4 e5d660302cd1420bbe546ab8e9ca537f a226ef6092f3463a901719c4fb45302c - - default default] Successfully bumped revision number for resource 41c6ee99-cb7e-4e45-aeb5-410d3f60f706 (type: security_group_rules) to 0
2026-05-08 15:52:35.411 8 INFO neutron.db.ovn_revision_numbers_db [None req-040d56a6-15d5-4f45-a333-19320aebdfb4 e5d660302cd1420bbe546ab8e9ca537f a226ef6092f3463a901719c4fb45302c - - default default] Successfully bumped revision number for resource ae0cecf4-c078-4aeb-b547-03da59fbce82 (type: security_group_rules) to 0
2026-05-08 15:52:35.442 8 INFO neutron.db.ovn_revision_numbers_db [None req-040d56a6-15d5-4f45-a333-19320aebdfb4 e5d660302cd1420bbe546ab8e9ca537f a226ef6092f3463a901719c4fb45302c - - default default] Successfully bumped revision number for resource c10e391e-0337-4384-995c-d153809274a3 (type: security_group_rules) to 0
2026-05-08 15:52:35.537 8 INFO neutron.db.ovn_revision_numbers_db [None req-60d55d40-c5b6-42b0-acaf-0be9a78a6199 - - - - - -] Successfully bumped revision number for resource a1267d24-8ede-4d70-951c-bdd197369711 (type: ports) to 5 [pid: 8|app: 0|req: 736/1445] 10.0.0.250 () {32 vars in 774 bytes} [Fri May 8 15:52:35 2026] GET /v2.0/security-groups?tenant_id=1e5c9f7192164806a84b4a91663f36bc&name=default => generated 2925 bytes in 535 msecs (HTTP/1.1 200) 4 headers in 158 bytes (1 switches on core 0)
2026-05-08 15:52:35.803 7 WARNING neutron.scheduler.dhcp_agent_scheduler [None req-beb56747-b90a-465a-9e1f-55807a376a12 e5d660302cd1420bbe546ab8e9ca537f a226ef6092f3463a901719c4fb45302c - - default default] No more DHCP agents
2026-05-08 15:52:35.804 7 WARNING neutron.api.rpc.agentnotifiers.dhcp_rpc_agent_api [None req-beb56747-b90a-465a-9e1f-55807a376a12 e5d660302cd1420bbe546ab8e9ca537f a226ef6092f3463a901719c4fb45302c - - default default] Unable to schedule network 8950c0bc-2a3b-40a2-b303-595943117c5c: no agents available; will retry on subsequent port and subnet creation events. [pid: 8|app: 0|req: 737/1446] 10.0.0.250 () {32 vars in 740 bytes} [Fri May 8 15:52:35 2026] DELETE /v2.0/security-groups/2fa1dbd6-4a4f-4c9e-8e14-6f5a71f9860c => generated 0 bytes in 356 msecs (HTTP/1.1 204) 2 headers in 112 bytes (1 switches on core 0) [pid: 8|app: 0|req: 738/1447] 10.0.0.250 () {32 vars in 774 bytes} [Fri May 8 15:52:36 2026] GET /v2.0/security-groups?tenant_id=eceba06f88d04b588f4333984c6c35c7&name=default => generated 2925 bytes in 33 msecs (HTTP/1.1 200) 4 headers in 158 bytes (1 switches on core 0) [pid: 8|app: 0|req: 739/1448] 10.0.0.250 () {32 vars in 740 bytes} [Fri May 8 15:52:36 2026] DELETE /v2.0/security-groups/fb013935-57f2-4d40-ae95-f04b42619ffc => generated 0 bytes in 262 msecs (HTTP/1.1 204) 2 headers in 112 bytes (1 switches on core 0)
2026-05-08 15:52:36.403 7 INFO neutron.db.ovn_revision_numbers_db [None req-beb56747-b90a-465a-9e1f-55807a376a12 e5d660302cd1420bbe546ab8e9ca537f a226ef6092f3463a901719c4fb45302c - - default default] Successfully bumped revision number for resource 187df3eb-35ba-4853-b982-f1d867b4f26d (type: router_ports) to 1 [pid: 7|app: 0|req: 710/1449] 10.0.0.250 () {34 vars in 783 bytes} [Fri May 8 15:52:34 2026] PUT /v2.0/routers/a33101ce-2b54-4d0f-b40a-4063a829724f/add_router_interface => generated 309 bytes in 1968 msecs (HTTP/1.1 200) 4 headers in 157 bytes (1 switches on core 0)
2026-05-08 15:52:36.824 8 INFO neutron.db.ovn_revision_numbers_db [None req-1548872e-2863-4f06-b839-dadb142c2027 e5d660302cd1420bbe546ab8e9ca537f a226ef6092f3463a901719c4fb45302c - - default default] Successfully bumped revision number for resource 66ade132-4a5d-4a4d-a98f-338bb46932a6 (type: security_groups) to 1
2026-05-08 15:52:36.838 8 INFO neutron.db.ovn_revision_numbers_db [None req-1548872e-2863-4f06-b839-dadb142c2027 e5d660302cd1420bbe546ab8e9ca537f a226ef6092f3463a901719c4fb45302c - - default default] Successfully bumped revision number for resource 881ecf38-8e8d-42a4-b196-b48001e745f6 (type: security_group_rules) to 0
2026-05-08 15:52:36.854 8 INFO neutron.db.ovn_revision_numbers_db [None req-1548872e-2863-4f06-b839-dadb142c2027 e5d660302cd1420bbe546ab8e9ca537f a226ef6092f3463a901719c4fb45302c - - default default] Successfully bumped revision number for resource b5184850-7cdb-4be4-a3f3-620af0a5a1b6 (type: security_group_rules) to 0
2026-05-08 15:52:36.865 8 INFO neutron.db.ovn_revision_numbers_db [None req-1548872e-2863-4f06-b839-dadb142c2027 e5d660302cd1420bbe546ab8e9ca537f a226ef6092f3463a901719c4fb45302c - - default default] Successfully bumped revision number for resource cadd73ea-2b39-44f5-8c44-05087091a00c (type: security_group_rules) to 0
2026-05-08 15:52:36.878 8 INFO neutron.db.ovn_revision_numbers_db [None req-1548872e-2863-4f06-b839-dadb142c2027 e5d660302cd1420bbe546ab8e9ca537f a226ef6092f3463a901719c4fb45302c - - default default] Successfully bumped revision number for resource d816d312-af93-43d5-91f8-df91327dd789 (type: security_group_rules) to 0
2026-05-08 15:52:36.879 7 INFO neutron.plugins.ml2.drivers.ovn.mech_driver.mech_driver [None req-2bd60266-364c-4ae1-b697-8deed41053c0 - - - - - -] OVN reports status down for port: 187df3eb-35ba-4853-b982-f1d867b4f26d [pid: 8|app: 0|req: 740/1450] 10.0.0.250 () {32 vars in 774 bytes} [Fri May 8 15:52:36 2026] GET /v2.0/security-groups?tenant_id=19691b91171b4069b5aaa4d17b1b1eb6&name=default => generated 2925 bytes in 334 msecs (HTTP/1.1 200) 4 headers in 158 bytes (1 switches on core 0)
2026-05-08 15:52:36.953 7 WARNING neutron.plugins.ml2.drivers.ovn.mech_driver.ovsdb.ovn_client [None req-2bd60266-364c-4ae1-b697-8deed41053c0 - - - - - -] Logical_Switch_Port %s host information not removed, the port state is up
2026-05-08 15:52:36.954 7 INFO neutron.plugins.ml2.drivers.ovn.mech_driver.mech_driver [None req-2bd60266-364c-4ae1-b697-8deed41053c0 - - - - - -] OVN reports status up for port: 187df3eb-35ba-4853-b982-f1d867b4f26d
2026-05-08 15:52:36.979 7 INFO neutron.plugins.ml2.plugin [None req-2bd60266-364c-4ae1-b697-8deed41053c0 - - - - - -] Attempt 1 to provision port 187df3eb-35ba-4853-b982-f1d867b4f26d
2026-05-08 15:52:37.193 8 INFO neutron.db.ovn_revision_numbers_db [None req-f575f3f1-a593-4b71-a5b9-637d6409e0ae 6222e7c4bb4947e3b23249cffc76630f 23be0ebc004b4e30b29d1c12df777721 - - default default] Successfully bumped revision number for resource 1deaea77-db91-49a0-8c26-93bddaf2973c (type: security_groups) to 1
2026-05-08 15:52:37.208 8 INFO neutron.db.ovn_revision_numbers_db [None req-f575f3f1-a593-4b71-a5b9-637d6409e0ae 6222e7c4bb4947e3b23249cffc76630f 23be0ebc004b4e30b29d1c12df777721 - - default default] Successfully bumped revision number for resource 057213b9-c19c-4d45-b112-525e7f2bed19 (type: security_group_rules) to 0
2026-05-08 15:52:37.220 8 INFO neutron.db.ovn_revision_numbers_db [None req-f575f3f1-a593-4b71-a5b9-637d6409e0ae 6222e7c4bb4947e3b23249cffc76630f 23be0ebc004b4e30b29d1c12df777721 - - default default] Successfully bumped revision number for resource e46dca88-44fd-4cc9-8a77-fd237a3a7893 (type: security_group_rules) to 0 [pid: 8|app: 0|req: 741/1451] 10.0.0.250 () {34 vars in 685 bytes} [Fri May 8 15:52:37 2026] POST /v2.0/security-groups => generated 1660 bytes in 241 msecs (HTTP/1.1 201) 4 headers in 163 bytes (1 switches on core 0) [pid: 7|app: 0|req: 711/1452] 10.0.0.250 () {32 vars in 740 bytes} [Fri May 8 15:52:36 2026] DELETE /v2.0/security-groups/66ade132-4a5d-4a4d-a98f-338bb46932a6 => generated 0 bytes in 471 msecs (HTTP/1.1 204) 2 headers in 112 bytes (1 switches on core 0)
2026-05-08 15:52:37.570 8 INFO neutron.db.ovn_revision_numbers_db [None req-6a802536-f7d2-40ed-b0c3-b5f9461fac1e e5d660302cd1420bbe546ab8e9ca537f a226ef6092f3463a901719c4fb45302c - - default default] Successfully bumped revision number for resource 01d8e76e-90de-425b-a70c-65b290da070b (type: security_groups) to 1
2026-05-08 15:52:37.584 8 INFO neutron.db.ovn_revision_numbers_db [None req-6a802536-f7d2-40ed-b0c3-b5f9461fac1e e5d660302cd1420bbe546ab8e9ca537f a226ef6092f3463a901719c4fb45302c - - default default] Successfully bumped revision number for resource 109e80cd-5f80-4e2d-bece-cb9f8c1a2809 (type: security_group_rules) to 0
2026-05-08 15:52:37.602 8 INFO neutron.db.ovn_revision_numbers_db [None req-6a802536-f7d2-40ed-b0c3-b5f9461fac1e e5d660302cd1420bbe546ab8e9ca537f a226ef6092f3463a901719c4fb45302c - - default default] Successfully bumped revision number for resource 4ece50bc-0644-416d-a3bf-ce4faf58d3b4 (type: security_group_rules) to 0
2026-05-08 15:52:37.632 8 INFO neutron.db.ovn_revision_numbers_db [None req-6a802536-f7d2-40ed-b0c3-b5f9461fac1e e5d660302cd1420bbe546ab8e9ca537f a226ef6092f3463a901719c4fb45302c - - default default] Successfully bumped revision number for resource b4a48875-b4f2-468b-b0ea-ba12cb40fc4e (type: security_group_rules) to 0
2026-05-08 15:52:37.648 8 INFO neutron.db.ovn_revision_numbers_db [None req-6a802536-f7d2-40ed-b0c3-b5f9461fac1e e5d660302cd1420bbe546ab8e9ca537f a226ef6092f3463a901719c4fb45302c - - default default] Successfully bumped revision number for resource d7826dff-973a-482e-ab0d-38e913e6255b (type: security_group_rules) to 0
2026-05-08 15:52:37.688 7 INFO neutron.db.ovn_revision_numbers_db [None req-0c2b872a-6795-4978-9d40-17564071e943 6222e7c4bb4947e3b23249cffc76630f 23be0ebc004b4e30b29d1c12df777721 - - default default] Successfully bumped revision number for resource e0b5165e-6451-4226-8f44-cd037395ebd7 (type: security_group_rules) to 0 [pid: 8|app: 0|req: 742/1453] 10.0.0.250 () {32 vars in 774 bytes} [Fri May 8 15:52:37 2026] GET /v2.0/security-groups?tenant_id=b87736ca49724f61ae22e03661fce636&name=default => generated 2925 bytes in 424 msecs (HTTP/1.1 200) 4 headers in 158 bytes (1 switches on core 0)
2026-05-08 15:52:37.691 7 INFO neutron.db.ovn_revision_numbers_db [None req-2bd60266-364c-4ae1-b697-8deed41053c0 - - - - - -] Successfully bumped revision number for resource 187df3eb-35ba-4853-b982-f1d867b4f26d (type: ports) to 2 [pid: 7|app: 0|req: 712/1454] 10.0.0.250 () {34 vars in 695 bytes} [Fri May 8 15:52:37 2026] POST /v2.0/security-group-rules => generated 597 bytes in 361 msecs (HTTP/1.1 201) 4 headers in 162 bytes (1 switches on core 0)
2026-05-08 15:52:37.818 8 INFO neutron.db.ovn_revision_numbers_db [None req-8781cc13-ad5f-4596-99cd-20ad0c1e4be5 e5d660302cd1420bbe546ab8e9ca537f a226ef6092f3463a901719c4fb45302c - - default default] Successfully bumped revision number for resource 33d40aac-108e-4aa3-9c3f-4072c097eeff (type: security_groups) to 1
2026-05-08 15:52:37.849 8 INFO neutron.db.ovn_revision_numbers_db [None req-8781cc13-ad5f-4596-99cd-20ad0c1e4be5 e5d660302cd1420bbe546ab8e9ca537f a226ef6092f3463a901719c4fb45302c - - default default] Successfully bumped revision number for resource 598e4f32-b712-408a-b518-c3df4c3a4808 (type: security_group_rules) to 0
2026-05-08 15:52:37.861 8 INFO neutron.db.ovn_revision_numbers_db [None req-8781cc13-ad5f-4596-99cd-20ad0c1e4be5 e5d660302cd1420bbe546ab8e9ca537f a226ef6092f3463a901719c4fb45302c - - default default] Successfully bumped revision number for resource 72996d0d-0331-4bd7-ac59-78f733374ecf (type: security_group_rules) to 0
2026-05-08 15:52:37.875 8 INFO neutron.db.ovn_revision_numbers_db [None req-8781cc13-ad5f-4596-99cd-20ad0c1e4be5 e5d660302cd1420bbe546ab8e9ca537f a226ef6092f3463a901719c4fb45302c - - default default] Successfully bumped revision number for resource 82980e62-5287-45c1-90cd-41a5caab4d54 (type: security_group_rules) to 0
2026-05-08 15:52:37.899 8 INFO neutron.db.ovn_revision_numbers_db [None req-8781cc13-ad5f-4596-99cd-20ad0c1e4be5 e5d660302cd1420bbe546ab8e9ca537f a226ef6092f3463a901719c4fb45302c - - default default] Successfully bumped revision number for resource b72b9aeb-7a87-45c8-8402-89c9832c4650 (type: security_group_rules) to 0 [pid: 8|app: 0|req: 743/1455] 10.0.0.250 () {32 vars in 774 bytes} [Fri May 8 15:52:37 2026] GET /v2.0/security-groups?tenant_id=293f620f22074d8a9ae0054f311b1ea5&name=default => generated 2925 bytes in 254 msecs (HTTP/1.1 200) 4 headers in 158 bytes (1 switches on core 0) [pid: 7|app: 0|req: 713/1456] 10.0.0.250 () {32 vars in 740 bytes} [Fri May 8 15:52:37 2026] DELETE /v2.0/security-groups/01d8e76e-90de-425b-a70c-65b290da070b => generated 0 bytes in 343 msecs (HTTP/1.1 204) 2 headers in 112 bytes (1 switches on core 0)
2026-05-08 15:52:38.161 8 INFO neutron.db.ovn_revision_numbers_db [None req-b91ca675-7507-4d3a-947e-c1c1f7e88cd6 6222e7c4bb4947e3b23249cffc76630f 23be0ebc004b4e30b29d1c12df777721 - - default default] Successfully bumped revision number for resource 61784039-41e6-4e0f-8163-df053e4e4217 (type: security_group_rules) to 0 [pid: 8|app: 0|req: 744/1457] 10.0.0.250 () {34 vars in 695 bytes} [Fri May 8 15:52:37 2026] POST /v2.0/security-group-rules => generated 602 bytes in 251 msecs (HTTP/1.1 201) 4 headers in 162 bytes (1 switches on core 0) [pid: 7|app: 0|req: 714/1458] 10.0.0.250 () {32 vars in 740 bytes} [Fri May 8 15:52:38 2026] DELETE /v2.0/security-groups/33d40aac-108e-4aa3-9c3f-4072c097eeff => generated 0 bytes in 263 msecs (HTTP/1.1 204) 2 headers in 112 bytes (1 switches on core 0)
2026-05-08 15:52:38.446 8 WARNING neutron.scheduler.dhcp_agent_scheduler [None req-7f61b5d5-1746-41c4-8deb-9e49e35a5322 6222e7c4bb4947e3b23249cffc76630f 23be0ebc004b4e30b29d1c12df777721 - - default default] No more DHCP agents
2026-05-08 15:52:38.447 8 WARNING neutron.api.rpc.agentnotifiers.dhcp_rpc_agent_api [None req-7f61b5d5-1746-41c4-8deb-9e49e35a5322 6222e7c4bb4947e3b23249cffc76630f 23be0ebc004b4e30b29d1c12df777721 - - default default] Unable to schedule network 47de3269-4c90-49c6-80e4-0a522b87037a: no agents available; will retry on subsequent port and subnet creation events. [pid: 8|app: 0|req: 745/1459] 10.0.0.250 () {34 vars in 676 bytes} [Fri May 8 15:52:38 2026] POST /v2.0/floatingips => generated 552 bytes in 517 msecs (HTTP/1.1 201) 4 headers in 162 bytes (1 switches on core 0) [pid: 7|app: 0|req: 715/1460] 10.0.0.55 () {34 vars in 1099 bytes} [Fri May 8 15:52:39 2026] GET /v2.0/security-groups?name=tempest-securitygroup--1880640292&fields=id&tenant_id=23be0ebc004b4e30b29d1c12df777721 => generated 69 bytes in 32 msecs (HTTP/1.1 200) 4 headers in 156 bytes (1 switches on core 0) [pid: 8|app: 0|req: 746/1461] 10.0.0.55 () {34 vars in 981 bytes} [Fri May 8 15:52:39 2026] GET /v2.0/networks?id=8950c0bc-2a3b-40a2-b303-595943117c5c => generated 713 bytes in 59 msecs (HTTP/1.1 200) 4 headers in 157 bytes (1 switches on core 0) [pid: 7|app: 0|req: 716/1462] 10.0.0.55 () {34 vars in 964 bytes} [Fri May 8 15:52:39 2026] GET /v2.0/quotas/23be0ebc004b4e30b29d1c12df777721 => generated 292 bytes in 10 msecs (HTTP/1.1 200) 4 headers in 157 bytes (1 switches on core 0) [pid: 8|app: 0|req: 747/1463] 10.0.0.55 () {34 vars in 1001 bytes} [Fri May 8 15:52:39 2026] GET /v2.0/ports?tenant_id=23be0ebc004b4e30b29d1c12df777721&fields=id => generated 103 bytes in 79 msecs (HTTP/1.1 200) 4 headers in 157 bytes (1 switches on core 0) [pid: 7|app: 0|req: 717/1464] 10.0.0.55 () {34 vars in 1007 bytes} [Fri May 8 15:52:39 2026] GET /v2.0/networks/8950c0bc-2a3b-40a2-b303-595943117c5c?fields=segments => generated 14 bytes in 49 msecs (HTTP/1.1 200) 4 headers in 156 bytes (1 switches on core 0) [pid: 8|app: 0|req: 748/1465] 10.0.0.55 () {34 vars in 1107 bytes} [Fri May 8 15:52:39 2026] GET /v2.0/networks/8950c0bc-2a3b-40a2-b303-595943117c5c?fields=provider%3Aphysical_network&fields=provider%3Anetwork_type => generated 79 bytes in 68 msecs (HTTP/1.1 200) 4 headers in 156 bytes (1 switches on core 0) [pid: 7|app: 0|req: 718/1466] 10.0.0.55 () {34 vars in 989 bytes} [Fri May 8 15:52:39 2026] GET /v2.0/ports?device_id=8c5b7af5-c0e0-4785-a1ed-975f3821bc0a => generated 12 bytes in 23 msecs (HTTP/1.1 200) 4 headers in 156 bytes (1 switches on core 0) [pid: 8|app: 0|req: 749/1467] 10.0.0.225 () {28 vars in 583 bytes} [Fri May 8 15:52:40 2026] GET /v2.0/subnets => generated 1988 bytes in 159 msecs (HTTP/1.1 200) 4 headers in 158 bytes (1 switches on core 0) [pid: 8|app: 0|req: 750/1468] 10.0.0.225 () {28 vars in 591 bytes} [Fri May 8 15:52:40 2026] GET /v2.0/subnetpools => generated 19 bytes in 7 msecs (HTTP/1.1 200) 4 headers in 156 bytes (1 switches on core 0) [pid: 8|app: 0|req: 751/1469] 10.0.0.225 () {28 vars in 583 bytes} [Fri May 8 15:52:40 2026] GET /v2.0/routers => generated 977 bytes in 74 msecs (HTTP/1.1 200) 4 headers in 157 bytes (1 switches on core 0) [pid: 8|app: 0|req: 752/1470] 10.0.0.225 () {28 vars in 624 bytes} [Fri May 8 15:52:40 2026] GET /v2.0/agents?binary=ovn-controller => generated 416 bytes in 16 msecs (HTTP/1.1 200) 4 headers in 157 bytes (1 switches on core 0)
2026-05-08 15:52:40.405 7 INFO neutron.db.ovn_revision_numbers_db [None req-740765ef-3fbf-481f-b15a-d288d5bbee5c 6cf95f8758474d74ad4e813a727b6867 6971efceec534495892ac173a2f133e5 - - default default] Successfully bumped revision number for resource ac9ee1dd-5bab-480e-bd57-ede5783ac3d3 (type: security_groups) to 1 [pid: 8|app: 0|req: 753/1471] 10.0.0.225 () {28 vars in 585 bytes} [Fri May 8 15:52:40 2026] GET /v2.0/networks => generated 3085 bytes in 72 msecs (HTTP/1.1 200) 4 headers in 158 bytes (1 switches on core 0)
2026-05-08 15:52:40.420 7 INFO neutron.db.ovn_revision_numbers_db [None req-740765ef-3fbf-481f-b15a-d288d5bbee5c 6cf95f8758474d74ad4e813a727b6867 6971efceec534495892ac173a2f133e5 - - default default] Successfully bumped revision number for resource 47078448-6f78-4abe-a328-db204a5d9a1c (type: security_group_rules) to 0
2026-05-08 15:52:40.433 7 INFO neutron.db.ovn_revision_numbers_db [None req-740765ef-3fbf-481f-b15a-d288d5bbee5c 6cf95f8758474d74ad4e813a727b6867 6971efceec534495892ac173a2f133e5 - - default default] Successfully bumped revision number for resource 825879e3-bc74-41e9-a92e-adccdc44d4dc (type: security_group_rules) to 0
2026-05-08 15:52:40.449 7 INFO neutron.db.ovn_revision_numbers_db [None req-740765ef-3fbf-481f-b15a-d288d5bbee5c 6cf95f8758474d74ad4e813a727b6867 6971efceec534495892ac173a2f133e5 - - default default] Successfully bumped revision number for resource 848db920-09f8-44c7-b1b7-fa936a77182f (type: security_group_rules) to 0 [pid: 8|app: 0|req: 754/1472] 10.0.0.225 () {28 vars in 599 bytes} [Fri May 8 15:52:40 2026] GET /v2.0/security-groups => generated 26074 bytes in 41 msecs (HTTP/1.1 200) 4 headers in 159 bytes (1 switches on core 0)
2026-05-08 15:52:40.464 7 INFO neutron.db.ovn_revision_numbers_db [None req-740765ef-3fbf-481f-b15a-d288d5bbee5c 6cf95f8758474d74ad4e813a727b6867 6971efceec534495892ac173a2f133e5 - - default default] Successfully bumped revision number for resource ff50e2b1-eebf-4d49-b8d3-e87dfe904651 (type: security_group_rules) to 0 [pid: 8|app: 0|req: 755/1473] 10.0.0.225 () {28 vars in 583 bytes} [Fri May 8 15:52:40 2026] GET /v2.0/subnets => generated 1988 bytes in 29 msecs (HTTP/1.1 200) 4 headers in 158 bytes (1 switches on core 0) [pid: 8|app: 0|req: 756/1474] 10.0.0.225 () {28 vars in 581 bytes} [Fri May 8 15:52:40 2026] GET /v2.0/agents => generated 1214 bytes in 12 msecs (HTTP/1.1 200) 4 headers in 158 bytes (1 switches on core 0) [pid: 8|app: 0|req: 757/1475] 10.0.0.225 () {28 vars in 619 bytes} [Fri May 8 15:52:40 2026] GET /v2.0/network-ip-availabilities => generated 1580 bytes in 33 msecs (HTTP/1.1 200) 4 headers in 158 bytes (1 switches on core 0)
2026-05-08 15:52:40.550 7 INFO neutron.db.segments_db [None req-740765ef-3fbf-481f-b15a-d288d5bbee5c 6cf95f8758474d74ad4e813a727b6867 6971efceec534495892ac173a2f133e5 - - default default] Added segment 4021dbc7-9b0e-45d2-a391-7d9c5fba2665 of type geneve for network 6280b785-966d-4b93-92af-88e35c00e3e2 [pid: 8|app: 0|req: 758/1476] 10.0.0.225 () {28 vars in 591 bytes} [Fri May 8 15:52:40 2026] GET /v2.0/floatingips => generated 555 bytes in 31 msecs (HTTP/1.1 200) 4 headers in 157 bytes (1 switches on core 0) [pid: 8|app: 0|req: 759/1477] 10.0.0.225 () {28 vars in 579 bytes} [Fri May 8 15:52:40 2026] GET /v2.0/ports => generated 9394 bytes in 90 msecs (HTTP/1.1 200) 4 headers in 158 bytes (1 switches on core 0)
2026-05-08 15:52:40.684 7 INFO neutron.db.ovn_revision_numbers_db [None req-740765ef-3fbf-481f-b15a-d288d5bbee5c 6cf95f8758474d74ad4e813a727b6867 6971efceec534495892ac173a2f133e5 - - default default] Successfully bumped revision number for resource 6280b785-966d-4b93-92af-88e35c00e3e2 (type: networks) to 1 [pid: 8|app: 0|req: 760/1478] 10.0.0.55 () {34 vars in 989 bytes} [Fri May 8 15:52:40 2026] GET /v2.0/ports?device_id=8c5b7af5-c0e0-4785-a1ed-975f3821bc0a => generated 12 bytes in 21 msecs (HTTP/1.1 200) 4 headers in 156 bytes (1 switches on core 0)
2026-05-08 15:52:40.882 7 WARNING neutron.scheduler.dhcp_agent_scheduler [None req-740765ef-3fbf-481f-b15a-d288d5bbee5c 6cf95f8758474d74ad4e813a727b6867 6971efceec534495892ac173a2f133e5 - - default default] No more DHCP agents
2026-05-08 15:52:40.884 7 WARNING neutron.api.rpc.agentnotifiers.dhcp_rpc_agent_api [None req-740765ef-3fbf-481f-b15a-d288d5bbee5c 6cf95f8758474d74ad4e813a727b6867 6971efceec534495892ac173a2f133e5 - - default default] Unable to schedule network 6280b785-966d-4b93-92af-88e35c00e3e2: no agents available; will retry on subsequent port and subnet creation events.
2026-05-08 15:52:40.935 8 INFO neutron.plugins.ml2.drivers.ovn.mech_driver.mech_driver [None req-ada2b747-56be-43cf-b9b5-2c4cb4e34883 - - - - - -] OVN reports status down for port: a8b9e3b5-dd89-4f2b-ad01-2e2b27fbe1c7
2026-05-08 15:52:40.981 7 INFO neutron.db.ovn_revision_numbers_db [None req-740765ef-3fbf-481f-b15a-d288d5bbee5c 6cf95f8758474d74ad4e813a727b6867 6971efceec534495892ac173a2f133e5 - - default default] Successfully bumped revision number for resource a8b9e3b5-dd89-4f2b-ad01-2e2b27fbe1c7 (type: ports) to 1 [pid: 7|app: 0|req: 719/1479] 10.0.0.250 () {34 vars in 670 bytes} [Fri May 8 15:52:40 2026] POST /v2.0/networks => generated 668 bytes in 823 msecs (HTTP/1.1 201) 4 headers in 162 bytes (1 switches on core 0)
2026-05-08 15:52:41.073 8 INFO neutron.db.ovn_revision_numbers_db [None req-ca3be5c5-2a36-4a19-8387-f2819e924a5a 27aecfc2f11f4bd3b4c95f020a92f438 1a63795dbbbf4624a19b47357daa77a1 - - default default] Successfully bumped revision number for resource 9328fcd5-b095-489d-b1d8-66ecc2ca30f7 (type: routers) to 1 [pid: 8|app: 0|req: 761/1480] 10.0.0.250 () {34 vars in 668 bytes} [Fri May 8 15:52:40 2026] POST /v2.0/routers => generated 570 bytes in 339 msecs (HTTP/1.1 201) 4 headers in 162 bytes (1 switches on core 0)
2026-05-08 15:52:41.252 7 INFO neutron.db.ovn_revision_numbers_db [None req-2155621f-2f04-405c-b8b9-8f15dd4058be 9ca5f325f8134ab4ae8264e748d66ade e5e901b81bcc4174a79e7323030ea861 - - default default] Successfully bumped revision number for resource 2ca76b86-ee33-4bc9-9f31-3266cb7843f3 (type: security_groups) to 1
2026-05-08 15:52:41.265 7 INFO neutron.db.ovn_revision_numbers_db [None req-2155621f-2f04-405c-b8b9-8f15dd4058be 9ca5f325f8134ab4ae8264e748d66ade e5e901b81bcc4174a79e7323030ea861 - - default default] Successfully bumped revision number for resource 0a7cbd9b-1142-4302-ad48-0a6d191ecdb3 (type: security_group_rules) to 0
2026-05-08 15:52:41.279 7 INFO neutron.db.ovn_revision_numbers_db [None req-2155621f-2f04-405c-b8b9-8f15dd4058be 9ca5f325f8134ab4ae8264e748d66ade e5e901b81bcc4174a79e7323030ea861 - - default default] Successfully bumped revision number for resource 299e134e-4f3b-4541-a816-8c235cf210ec (type: security_group_rules) to 0
2026-05-08 15:52:41.293 7 INFO neutron.db.ovn_revision_numbers_db [None req-2155621f-2f04-405c-b8b9-8f15dd4058be 9ca5f325f8134ab4ae8264e748d66ade e5e901b81bcc4174a79e7323030ea861 - - default default] Successfully bumped revision number for resource 6ca14e61-9900-4736-8f6f-32750b5712b3 (type: security_group_rules) to 0
2026-05-08 15:52:41.305 7 INFO neutron.db.ovn_revision_numbers_db [None req-2155621f-2f04-405c-b8b9-8f15dd4058be 9ca5f325f8134ab4ae8264e748d66ade e5e901b81bcc4174a79e7323030ea861 - - default default] Successfully bumped revision number for resource f5a66a62-97fa-422f-a1a8-8ae6ddd2d45f (type: security_group_rules) to 0
2026-05-08 15:52:41.315 8 WARNING neutron.scheduler.dhcp_agent_scheduler [None req-d1e44d8e-8f3a-40b7-8413-584c2f620fcb 6cf95f8758474d74ad4e813a727b6867 6971efceec534495892ac173a2f133e5 - - default default] No more DHCP agents
2026-05-08 15:52:41.316 8 WARNING neutron.api.rpc.agentnotifiers.dhcp_rpc_agent_api [None req-d1e44d8e-8f3a-40b7-8413-584c2f620fcb 6cf95f8758474d74ad4e813a727b6867 6971efceec534495892ac173a2f133e5 - - default default] Unable to schedule network 6280b785-966d-4b93-92af-88e35c00e3e2: no agents available; will retry on subsequent port and subnet creation events.
2026-05-08 15:52:41.343 8 INFO neutron.db.ovn_revision_numbers_db [None req-d1e44d8e-8f3a-40b7-8413-584c2f620fcb 6cf95f8758474d74ad4e813a727b6867 6971efceec534495892ac173a2f133e5 - - default default] Successfully bumped revision number for resource cbf59bf8-f6b3-4c67-b0a4-ad2f1afa7532 (type: subnets) to 0 [pid: 8|app: 0|req: 762/1481] 10.0.0.250 () {34 vars in 669 bytes} [Fri May 8 15:52:41 2026] POST /v2.0/subnets => generated 627 bytes in 272 msecs (HTTP/1.1 201) 4 headers in 162 bytes (1 switches on core 0)
2026-05-08 15:52:41.383 7 INFO neutron.db.segments_db [None req-2155621f-2f04-405c-b8b9-8f15dd4058be 9ca5f325f8134ab4ae8264e748d66ade e5e901b81bcc4174a79e7323030ea861 - - default default] Added segment 14dd7b18-bcb3-41e9-a77f-9e9635596cd4 of type geneve for network 28ef4813-2085-4ffd-93c9-bee34fc5eb10
2026-05-08 15:52:41.478 8 INFO neutron.db.ovn_revision_numbers_db [None req-44eff883-836b-4dbc-8705-4a376be42f00 27aecfc2f11f4bd3b4c95f020a92f438 1a63795dbbbf4624a19b47357daa77a1 - - default default] Successfully bumped revision number for resource 4e8db6c6-3a2d-4037-abd4-fd7d3cc61edc (type: routers) to 1 [pid: 8|app: 0|req: 763/1482] 10.0.0.250 () {34 vars in 668 bytes} [Fri May 8 15:52:41 2026] POST /v2.0/routers => generated 570 bytes in 132 msecs (HTTP/1.1 201) 4 headers in 162 bytes (1 switches on core 0)
2026-05-08 15:52:41.500 7 INFO neutron.db.ovn_revision_numbers_db [None req-2155621f-2f04-405c-b8b9-8f15dd4058be 9ca5f325f8134ab4ae8264e748d66ade e5e901b81bcc4174a79e7323030ea861 - - default default] Successfully bumped revision number for resource 28ef4813-2085-4ffd-93c9-bee34fc5eb10 (type: networks) to 1
2026-05-08 15:52:41.688 7 WARNING neutron.scheduler.dhcp_agent_scheduler [None req-2155621f-2f04-405c-b8b9-8f15dd4058be 9ca5f325f8134ab4ae8264e748d66ade e5e901b81bcc4174a79e7323030ea861 - - default default] No more DHCP agents
2026-05-08 15:52:41.689 7 WARNING neutron.api.rpc.agentnotifiers.dhcp_rpc_agent_api [None req-2155621f-2f04-405c-b8b9-8f15dd4058be 9ca5f325f8134ab4ae8264e748d66ade e5e901b81bcc4174a79e7323030ea861 - - default default] Unable to schedule network 28ef4813-2085-4ffd-93c9-bee34fc5eb10: no agents available; will retry on subsequent port and subnet creation events.
2026-05-08 15:52:41.726 8 INFO neutron.plugins.ml2.drivers.ovn.mech_driver.mech_driver [None req-ada2b747-56be-43cf-b9b5-2c4cb4e34883 - - - - - -] OVN reports status down for port: ac74c84a-c091-406e-8c1b-5fe5eaed075a
2026-05-08 15:52:41.775 7 INFO neutron.db.ovn_revision_numbers_db [None req-2155621f-2f04-405c-b8b9-8f15dd4058be 9ca5f325f8134ab4ae8264e748d66ade e5e901b81bcc4174a79e7323030ea861 - - default default] Successfully bumped revision number for resource ac74c84a-c091-406e-8c1b-5fe5eaed075a (type: ports) to 1 [pid: 7|app: 0|req: 720/1483] 10.0.0.250 () {34 vars in 671 bytes} [Fri May 8 15:52:41 2026] POST /v2.0/networks => generated 652 bytes in 791 msecs (HTTP/1.1 201) 4 headers in 162 bytes (1 switches on core 0)
2026-05-08 15:52:41.914 7 INFO neutron.db.ovn_revision_numbers_db [None req-5e80960a-001a-4017-8885-7afa1e4cd0eb 27aecfc2f11f4bd3b4c95f020a92f438 1a63795dbbbf4624a19b47357daa77a1 - - default default] Successfully bumped revision number for resource 0cb62b18-e41d-4256-9b82-22b02d6085a1 (type: routers) to 1 [pid: 7|app: 0|req: 721/1484] 10.0.0.250 () {34 vars in 668 bytes} [Fri May 8 15:52:41 2026] POST /v2.0/routers => generated 570 bytes in 134 msecs (HTTP/1.1 201) 4 headers in 162 bytes (1 switches on core 0)
2026-05-08 15:52:41.966 8 WARNING neutron.scheduler.dhcp_agent_scheduler [None req-b623187d-d65b-427d-91b0-94c43ff1d54f 6cf95f8758474d74ad4e813a727b6867 6971efceec534495892ac173a2f133e5 - - default default] No more DHCP agents
2026-05-08 15:52:41.968 8 WARNING neutron.api.rpc.agentnotifiers.dhcp_rpc_agent_api [None req-b623187d-d65b-427d-91b0-94c43ff1d54f 6cf95f8758474d74ad4e813a727b6867 6971efceec534495892ac173a2f133e5 - - default default] Unable to schedule network 47de3269-4c90-49c6-80e4-0a522b87037a: no agents available; will retry on subsequent port and subnet creation events.
2026-05-08 15:52:42.329 7 WARNING neutron.scheduler.dhcp_agent_scheduler [None req-a2ad41bb-199a-49c9-9c16-085f023f0f7a 9ca5f325f8134ab4ae8264e748d66ade e5e901b81bcc4174a79e7323030ea861 - - default default] No more DHCP agents
2026-05-08 15:52:42.331 7 WARNING neutron.api.rpc.agentnotifiers.dhcp_rpc_agent_api [None req-a2ad41bb-199a-49c9-9c16-085f023f0f7a 9ca5f325f8134ab4ae8264e748d66ade e5e901b81bcc4174a79e7323030ea861 - - default default] Unable to schedule network 47de3269-4c90-49c6-80e4-0a522b87037a: no agents available; will retry on subsequent port and subnet creation events.
2026-05-08 15:52:42.470 7 INFO neutron.db.ovn_revision_numbers_db [None req-a2ad41bb-199a-49c9-9c16-085f023f0f7a 9ca5f325f8134ab4ae8264e748d66ade e5e901b81bcc4174a79e7323030ea861 - - default default] Successfully bumped revision number for resource d6a4db27-285b-4fab-85a6-f1291ca4074e (type: ports) to 1
2026-05-08 15:52:42.552 8 INFO neutron.plugins.ml2.drivers.ovn.mech_driver.mech_driver [None req-ada2b747-56be-43cf-b9b5-2c4cb4e34883 - - - - - -] OVN reports status down for port: f0c08e2c-99d8-4efb-a25d-b26d2d894b0b
2026-05-08 15:52:42.598 8 INFO neutron.db.ovn_revision_numbers_db [None req-b623187d-d65b-427d-91b0-94c43ff1d54f 6cf95f8758474d74ad4e813a727b6867 6971efceec534495892ac173a2f133e5 - - default default] Successfully bumped revision number for resource f0c08e2c-99d8-4efb-a25d-b26d2d894b0b (type: ports) to 1
2026-05-08 15:52:42.610 7 WARNING neutron.plugins.ml2.drivers.ovn.mech_driver.ovsdb.ovn_client [None req-0dce963e-6a81-4d7c-a270-fdcaf5ed01fe - - - - - -] No hosting information found for port 187df3eb-35ba-4853-b982-f1d867b4f26d: RuntimeError: No hosting information found for port 187df3eb-35ba-4853-b982-f1d867b4f26d
2026-05-08 15:52:42.755 7 INFO neutron.db.ovn_revision_numbers_db [None req-0dce963e-6a81-4d7c-a270-fdcaf5ed01fe - - - - - -] Successfully bumped revision number for resource 187df3eb-35ba-4853-b982-f1d867b4f26d (type: router_ports) to 2
2026-05-08 15:52:42.851 7 INFO neutron.plugins.ml2.drivers.ovn.mech_driver.mech_driver [None req-0dce963e-6a81-4d7c-a270-fdcaf5ed01fe - - - - - -] OVN reports status down for port: d6a4db27-285b-4fab-85a6-f1291ca4074e
2026-05-08 15:52:43.252 8 INFO neutron.plugins.ml2.drivers.ovn.mech_driver.ovsdb.commands [None req-a4ac3c64-38a9-47d4-be0f-e1cc4b7436e9 - - - - - -] Schedule LRP lrp-f0c08e2c-99d8-4efb-a25d-b26d2d894b0b on gateway 3ba7b0ad-1484-4b9a-b860-0abf89f33731 with priority 1
2026-05-08 15:52:43.267 8 INFO neutron.plugins.ml2.drivers.ovn.mech_driver.mech_driver [None req-ada2b747-56be-43cf-b9b5-2c4cb4e34883 - - - - - -] OVN reports status up for port: f0c08e2c-99d8-4efb-a25d-b26d2d894b0b
2026-05-08 15:52:43.290 8 INFO neutron.plugins.ml2.plugin [None req-ada2b747-56be-43cf-b9b5-2c4cb4e34883 - - - - - -] Attempt 1 to provision port f0c08e2c-99d8-4efb-a25d-b26d2d894b0b
2026-05-08 15:52:43.318 8 INFO neutron.db.ovn_revision_numbers_db [None req-b623187d-d65b-427d-91b0-94c43ff1d54f 6cf95f8758474d74ad4e813a727b6867 6971efceec534495892ac173a2f133e5 - - default default] Successfully bumped revision number for resource f0c08e2c-99d8-4efb-a25d-b26d2d894b0b (type: router_ports) to 1
2026-05-08 15:52:43.343 7 INFO neutron.plugins.ml2.drivers.ovn.mech_driver.ovsdb.commands [None req-737cd5e0-91cc-41e1-8fb8-b7d8fa6abba1 - - - - - -] Schedule LRP lrp-d6a4db27-285b-4fab-85a6-f1291ca4074e on gateway 3ba7b0ad-1484-4b9a-b860-0abf89f33731 with priority 1
2026-05-08 15:52:43.357 7 INFO neutron.plugins.ml2.drivers.ovn.mech_driver.mech_driver [None req-0dce963e-6a81-4d7c-a270-fdcaf5ed01fe - - - - - -] OVN reports status up for port: d6a4db27-285b-4fab-85a6-f1291ca4074e
2026-05-08 15:52:43.384 8 INFO neutron.plugins.ml2.drivers.ovn.mech_driver.ovsdb.ovsdb_monitor [None req-60d55d40-c5b6-42b0-acaf-0be9a78a6199 - - - - - -] Router c3459b6c-6800-4c9f-afed-0cceb9bab928 is bound to host instance
2026-05-08 15:52:43.403 7 INFO neutron.plugins.ml2.plugin [None req-0dce963e-6a81-4d7c-a270-fdcaf5ed01fe - - - - - -] Attempt 1 to provision port d6a4db27-285b-4fab-85a6-f1291ca4074e
2026-05-08 15:52:43.446 7 INFO neutron.db.ovn_revision_numbers_db [None req-a2ad41bb-199a-49c9-9c16-085f023f0f7a 9ca5f325f8134ab4ae8264e748d66ade e5e901b81bcc4174a79e7323030ea861 - - default default] Successfully bumped revision number for resource d6a4db27-285b-4fab-85a6-f1291ca4074e (type: router_ports) to 1
2026-05-08 15:52:43.549 8 INFO neutron.db.ovn_revision_numbers_db [None req-b623187d-d65b-427d-91b0-94c43ff1d54f 6cf95f8758474d74ad4e813a727b6867 6971efceec534495892ac173a2f133e5 - - default default] Successfully bumped revision number for resource 9d2c73f9-a2c1-4378-9b84-d9ccab56d84e (type: routers) to 2
2026-05-08 15:52:43.575 7 INFO neutron.db.ovn_revision_numbers_db [None req-a2ad41bb-199a-49c9-9c16-085f023f0f7a 9ca5f325f8134ab4ae8264e748d66ade e5e901b81bcc4174a79e7323030ea861 - - default default] Successfully bumped revision number for resource c3459b6c-6800-4c9f-afed-0cceb9bab928 (type: routers) to 2 [pid: 8|app: 0|req: 764/1485] 10.0.0.250 () {34 vars in 669 bytes} [Fri May 8 15:52:41 2026] POST /v2.0/routers => generated 954 bytes in 2092 msecs (HTTP/1.1 201) 4 headers in 162 bytes (1 switches on core 0) [pid: 7|app: 0|req: 722/1486] 10.0.0.250 () {34 vars in 669 bytes} [Fri May 8 15:52:41 2026] POST /v2.0/routers => generated 955 bytes in 1666 msecs (HTTP/1.1 201) 4 headers in 162 bytes (1 switches on core 0) [pid: 8|app: 0|req: 765/1487] 10.0.0.55 () {34 vars in 989 bytes} [Fri May 8 15:52:43 2026] GET /v2.0/ports?device_id=8c5b7af5-c0e0-4785-a1ed-975f3821bc0a => generated 12 bytes in 51 msecs (HTTP/1.1 200) 4 headers in 156 bytes (1 switches on core 0)
2026-05-08 15:52:43.731 7 INFO neutron.db.ovn_revision_numbers_db [None req-4c00585c-f4fa-4c41-9613-0cbb68774270 27aecfc2f11f4bd3b4c95f020a92f438 1a63795dbbbf4624a19b47357daa77a1 - - default default] Successfully bumped revision number for resource d94a8f4c-f265-4da7-9a19-65f2192ebb39 (type: routers) to 1 [pid: 7|app: 0|req: 723/1488] 10.0.0.250 () {34 vars in 668 bytes} [Fri May 8 15:52:43 2026] POST /v2.0/routers => generated 570 bytes in 146 msecs (HTTP/1.1 201) 4 headers in 162 bytes (1 switches on core 0) [pid: 7|app: 0|req: 724/1489] 10.0.0.250 () {32 vars in 776 bytes} [Fri May 8 15:52:43 2026] GET /v2.0/subnets?project_id=e5e901b81bcc4174a79e7323030ea861&cidr=10.100.0.0%2F28 => generated 14 bytes in 61 msecs (HTTP/1.1 200) 4 headers in 156 bytes (1 switches on core 0)
2026-05-08 15:52:43.917 7 INFO neutron.db.ovn_revision_numbers_db [None req-22d52626-839a-4672-95aa-047af97c6bdd 27aecfc2f11f4bd3b4c95f020a92f438 1a63795dbbbf4624a19b47357daa77a1 - - default default] Successfully bumped revision number for resource c06ae893-a3d6-49bc-985b-11d3a60cd6c4 (type: routers) to 1 [pid: 7|app: 0|req: 727/1492] 10.0.0.250 () {34 vars in 668 bytes} [Fri May 8 15:52:43 2026] POST /v2.0/routers => generated 570 bytes in 131 msecs (HTTP/1.1 201) 4 headers in 162 bytes (1 switches on core 0) [pid: 7|app: 0|req: 728/1493] 10.0.0.250 () {32 vars in 694 bytes} [Fri May 8 15:52:43 2026] GET /v2.0/networks?router%3Aexternal=True => generated 791 bytes in 60 msecs (HTTP/1.1 200) 4 headers in 157 bytes (1 switches on core 0) [pid: 7|app: 0|req: 729/1494] 199.204.45.240 () {34 vars in 986 bytes} [Fri May 8 15:52:44 2026] GET /v2.0/networks?id=8950c0bc-2a3b-40a2-b303-595943117c5c => generated 713 bytes in 48 msecs (HTTP/1.1 200) 4 headers in 157 bytes (1 switches on core 0) [pid: 7|app: 0|req: 730/1495] 10.0.0.250 () {34 vars in 751 bytes} [Fri May 8 15:52:44 2026] PUT /v2.0/routers/9328fcd5-b095-489d-b1d8-66ecc2ca30f7/tags => generated 17 bytes in 66 msecs (HTTP/1.1 200) 4 headers in 156 bytes (1 switches on core 0) [pid: 7|app: 0|req: 731/1496] 10.0.0.250 () {32 vars in 784 bytes} [Fri May 8 15:52:44 2026] GET /v2.0/subnets?network_id=47de3269-4c90-49c6-80e4-0a522b87037a&cidr=10.100.0.0%2F28 => generated 14 bytes in 22 msecs (HTTP/1.1 200) 4 headers in 156 bytes (1 switches on core 0) [pid: 7|app: 0|req: 732/1497] 199.204.45.240 () {34 vars in 1050 bytes} [Fri May 8 15:52:44 2026] GET /v2.0/security-groups?fields=id&fields=name&tenant_id=23be0ebc004b4e30b29d1c12df777721 => generated 181 bytes in 42 msecs (HTTP/1.1 200) 4 headers in 157 bytes (1 switches on core 0) [pid: 7|app: 0|req: 733/1498] 10.0.0.250 () {34 vars in 751 bytes} [Fri May 8 15:52:44 2026] PUT /v2.0/routers/4e8db6c6-3a2d-4037-abd4-fd7d3cc61edc/tags => generated 25 bytes in 78 msecs (HTTP/1.1 200) 4 headers in 156 bytes (1 switches on core 0)
