2026-05-08 15:54:16.964 8 WARNING neutron.scheduler.dhcp_agent_scheduler [None req-718a38af-0eb3-4bef-8420-42989339d656 8e3051fbf4b94aa8889d7dbf806fec4a 638ec5aee794424d9ff0461ca679f0e0 - - default default] No more DHCP agents
2026-05-08 15:54:16.969 8 WARNING neutron.api.rpc.agentnotifiers.dhcp_rpc_agent_api [None req-718a38af-0eb3-4bef-8420-42989339d656 8e3051fbf4b94aa8889d7dbf806fec4a 638ec5aee794424d9ff0461ca679f0e0 - - default default] Unable to schedule network d04e986d-5be2-4956-882e-db3fd79ede36: no agents available; will retry on subsequent port and subnet creation events. [pid: 7|app: 0|req: 1118/2263] 10.0.0.250 () {32 vars in 722 bytes} [Fri May 8 15:54:16 2026] DELETE /v2.0/trunks/50b0509e-dd2d-4ceb-ba34-5a847454466b => generated 0 bytes in 85 msecs (HTTP/1.1 204) 2 headers in 112 bytes (1 switches on core 0)
2026-05-08 15:54:16.988 8 INFO neutron.notifiers.nova [-] Nova event matching ['req-467f5da3-a1d7-4351-aa78-77e6a496af1a'] response: {'server_uuid': 'b28ed3f3-6210-4811-abd2-b5298c40765b', 'name': 'network-vif-plugged', 'status': 'completed', 'tag': 'c071b715-d7b6-4daf-b8e2-68aa17192828', 'code': 200}
2026-05-08 15:54:17.095 7 WARNING neutron.scheduler.dhcp_agent_scheduler [None req-f12b6438-1227-41f8-8cd4-ebc0c57beb7c e5d660302cd1420bbe546ab8e9ca537f a226ef6092f3463a901719c4fb45302c - - default default] No more DHCP agents
2026-05-08 15:54:17.096 7 WARNING neutron.api.rpc.agentnotifiers.dhcp_rpc_agent_api [None req-f12b6438-1227-41f8-8cd4-ebc0c57beb7c e5d660302cd1420bbe546ab8e9ca537f a226ef6092f3463a901719c4fb45302c - - default default] Unable to schedule network 291be3b3-2da5-4ec8-ad49-6b543e6dbb70: no agents available; will retry on subsequent port and subnet creation events.
2026-05-08 15:54:17.204 8 INFO neutron.db.ovn_revision_numbers_db [None req-a7344c12-1e60-4916-b499-0ab5426b386c - - - - - -] Successfully bumped revision number for resource c071b715-d7b6-4daf-b8e2-68aa17192828 (type: ports) to 5
2026-05-08 15:54:17.566 7 INFO neutron.db.ovn_revision_numbers_db [None req-3ed8a60d-5abb-4d89-b03d-2121469e3cc8 - - - - - -] Successfully bumped revision number for resource b36f6830-5bcd-45ac-965a-988bf24fb460 (type: ports) to 2
2026-05-08 15:54:17.614 7 INFO neutron.db.ovn_revision_numbers_db [None req-3ed8a60d-5abb-4d89-b03d-2121469e3cc8 - - - - - -] Successfully bumped revision number for resource e84c9e5a-be6e-4c0c-83a1-0c4a9ed1de65 (type: subnets) to 0 [pid: 7|app: 0|req: 1119/2264] 10.0.0.250 () {34 vars in 669 bytes} [Fri May 8 15:54:16 2026] POST /v2.0/subnets => generated 688 bytes in 648 msecs (HTTP/1.1 201) 4 headers in 162 bytes (1 switches on core 0) [pid: 7|app: 0|req: 1120/2265] 10.0.0.250 () {32 vars in 719 bytes} [Fri May 8 15:54:17 2026] GET /v2.0/trunks/2eadf17c-4dcf-4df4-9265-fb3085788c8d => generated 416 bytes in 15 msecs (HTTP/1.1 200) 4 headers in 157 bytes (1 switches on core 0)
2026-05-08 15:54:17.658 8 INFO neutron.db.ovn_revision_numbers_db [None req-4d8bda99-0920-4bde-b20e-006852892e81 - - - - - -] Successfully bumped revision number for resource 042d95a9-8e47-4195-bd9d-462c17343334 (type: ports) to 2
2026-05-08 15:54:17.706 8 INFO neutron.db.ovn_revision_numbers_db [None req-4d8bda99-0920-4bde-b20e-006852892e81 - - - - - -] Successfully bumped revision number for resource c34bafd3-eb41-40bf-90bc-c3faf22003ca (type: subnets) to 0 [pid: 8|app: 0|req: 1146/2266] 10.0.0.250 () {34 vars in 669 bytes} [Fri May 8 15:54:15 2026] POST /v2.0/subnets => generated 1274 bytes in 1829 msecs (HTTP/1.1 201) 4 headers in 163 bytes (1 switches on core 0) /var/lib/openstack/lib/python3.12/site-packages/pycadf/identifier.py:70: UserWarning: Invalid uuid: neutron. To ensure interoperability, identifiers should be a valid uuid. warnings.warn(('Invalid uuid: %s. To ensure interoperability, ' [pid: 8|app: 0|req: 1147/2267] 10.0.0.250 () {32 vars in 717 bytes} [Fri May 8 15:54:17 2026] GET /v2.0/ports/44556191-8ecc-447a-abec-a40e883314c5 => generated 826 bytes in 51 msecs (HTTP/1.1 200) 4 headers in 157 bytes (1 switches on core 0) [pid: 8|app: 0|req: 1148/2268] 10.0.0.250 () {32 vars in 647 bytes} [Fri May 8 15:54:17 2026] GET /v2.0/subnets => generated 1910 bytes in 54 msecs (HTTP/1.1 200) 4 headers in 158 bytes (1 switches on core 0) [pid: 8|app: 0|req: 1149/2269] 10.0.0.250 () {32 vars in 722 bytes} [Fri May 8 15:54:17 2026] DELETE /v2.0/trunks/2eadf17c-4dcf-4df4-9265-fb3085788c8d => generated 0 bytes in 78 msecs (HTTP/1.1 204) 2 headers in 112 bytes (1 switches on core 0) [pid: 8|app: 0|req: 1150/2270] 10.0.0.250 () {32 vars in 724 bytes} [Fri May 8 15:54:17 2026] DELETE /v2.0/subnets/adb7ba54-2f2a-434c-a7ed-c3c97e2bd705 => generated 0 bytes in 167 msecs (HTTP/1.1 204) 3 headers in 131 bytes (1 switches on core 0) [pid: 8|app: 0|req: 1151/2271] 10.0.0.250 () {32 vars in 719 bytes} [Fri May 8 15:54:18 2026] GET /v2.0/trunks/f92a33aa-256c-415d-977e-609af1090b44 => generated 409 bytes in 17 msecs (HTTP/1.1 200) 4 headers in 157 bytes (1 switches on core 0)
2026-05-08 15:54:18.217 7 WARNING neutron.scheduler.dhcp_agent_scheduler [None req-3cc94305-aed2-478a-b4c9-12fbc6849ad9 e5d660302cd1420bbe546ab8e9ca537f a226ef6092f3463a901719c4fb45302c - - default default] No more DHCP agents
2026-05-08 15:54:18.220 7 WARNING neutron.api.rpc.agentnotifiers.dhcp_rpc_agent_api [None req-3cc94305-aed2-478a-b4c9-12fbc6849ad9 e5d660302cd1420bbe546ab8e9ca537f a226ef6092f3463a901719c4fb45302c - - default default] Unable to schedule network 47de3269-4c90-49c6-80e4-0a522b87037a: no agents available; will retry on subsequent port and subnet creation events. [pid: 8|app: 0|req: 1152/2272] 10.0.0.250 () {32 vars in 724 bytes} [Fri May 8 15:54:18 2026] DELETE /v2.0/subnets/c34bafd3-eb41-40bf-90bc-c3faf22003ca => generated 0 bytes in 201 msecs (HTTP/1.1 204) 3 headers in 131 bytes (1 switches on core 0) [pid: 8|app: 0|req: 1153/2273] 10.0.0.250 () {32 vars in 717 bytes} [Fri May 8 15:54:18 2026] GET /v2.0/ports/76b83d5c-419a-4d79-9207-4c93f94d1c94 => generated 826 bytes in 50 msecs (HTTP/1.1 200) 4 headers in 157 bytes (1 switches on core 0)
2026-05-08 15:54:18.361 7 INFO neutron.plugins.ml2.drivers.ovn.mech_driver.mech_driver [None req-442d5688-8833-4745-9e3d-a57194b53d06 - - - - - -] OVN reports status down for port: efbcfe44-6c0b-4083-a236-a5b922d5498f [pid: 8|app: 0|req: 1154/2274] 10.0.0.55 () {34 vars in 989 bytes} [Fri May 8 15:54:18 2026] GET /v2.0/ports?device_id=b28ed3f3-6210-4811-abd2-b5298c40765b => generated 1200 bytes in 85 msecs (HTTP/1.1 200) 4 headers in 158 bytes (1 switches on core 0)
2026-05-08 15:54:18.437 7 INFO neutron.db.ovn_revision_numbers_db [None req-3cc94305-aed2-478a-b4c9-12fbc6849ad9 e5d660302cd1420bbe546ab8e9ca537f a226ef6092f3463a901719c4fb45302c - - default default] Successfully bumped revision number for resource efbcfe44-6c0b-4083-a236-a5b922d5498f (type: ports) to 1 [pid: 8|app: 0|req: 1155/2275] 10.0.0.250 () {32 vars in 647 bytes} [Fri May 8 15:54:18 2026] GET /v2.0/subnets => generated 649 bytes in 22 msecs (HTTP/1.1 200) 4 headers in 157 bytes (1 switches on core 0) [pid: 8|app: 0|req: 1156/2276] 10.0.0.250 () {32 vars in 722 bytes} [Fri May 8 15:54:18 2026] DELETE /v2.0/trunks/f92a33aa-256c-415d-977e-609af1090b44 => generated 0 bytes in 72 msecs (HTTP/1.1 204) 2 headers in 112 bytes (1 switches on core 0) [pid: 8|app: 0|req: 1157/2277] 10.0.0.55 () {34 vars in 1039 bytes} [Fri May 8 15:54:18 2026] GET /v2.0/security-groups?id=65f6b40e-2ceb-40b1-9c41-71e954ae513f&fields=id&fields=name => generated 112 bytes in 26 msecs (HTTP/1.1 200) 4 headers in 157 bytes (1 switches on core 0)
2026-05-08 15:54:18.678 8 INFO neutron_taas.services.taas.taas_plugin [None req-ece1552d-5818-4361-89d8-6fbe55ed988d 8e3051fbf4b94aa8889d7dbf806fec4a 638ec5aee794424d9ff0461ca679f0e0 - - default default] TaaS: Handle Delete Port: 042d95a9-8e47-4195-bd9d-462c17343334
2026-05-08 15:54:18.680 8 INFO neutron_taas.services.taas.tap_mirror_plugin [None req-ece1552d-5818-4361-89d8-6fbe55ed988d 8e3051fbf4b94aa8889d7dbf806fec4a 638ec5aee794424d9ff0461ca679f0e0 - - default default] Tap Mirror: Handle Delete Port: 042d95a9-8e47-4195-bd9d-462c17343334
2026-05-08 15:54:18.866 8 INFO neutron.services.segments.plugin [-] Segment b1f43416-7ca7-4297-9caf-fcef231364df resource provider aggregate not found
2026-05-08 15:54:18.873 8 INFO neutron.services.segments.plugin [-] Segment b1f43416-7ca7-4297-9caf-fcef231364df resource provider aggregate not found
2026-05-08 15:54:18.891 8 INFO neutron.services.segments.plugin [-] Segment b1f43416-7ca7-4297-9caf-fcef231364df resource provider not found; error: Placement Client Error (4xx): {"errors": [{"status": 404, "title": "Not Found", "detail": "The resource could not be found.\n\n No resource provider with uuid b1f43416-7ca7-4297-9caf-fcef231364df found for delete ", "request_id": "req-c31350f9-b19a-4704-9992-2c6d22388b3d"}]}
2026-05-08 15:54:18.897 8 INFO neutron.services.segments.plugin [-] Segment b1f43416-7ca7-4297-9caf-fcef231364df resource provider not found; error: Placement Client Error (4xx): {"errors": [{"status": 404, "title": "Not Found", "detail": "The resource could not be found.\n\n No resource provider with uuid b1f43416-7ca7-4297-9caf-fcef231364df found for delete ", "request_id": "req-0e7426b3-84da-4352-9b9a-a1a857bc77d0"}]} [pid: 8|app: 0|req: 1158/2278] 10.0.0.250 () {32 vars in 726 bytes} [Fri May 8 15:54:18 2026] DELETE /v2.0/networks/d04e986d-5be2-4956-882e-db3fd79ede36 => generated 0 bytes in 368 msecs (HTTP/1.1 204) 3 headers in 131 bytes (1 switches on core 0)
2026-05-08 15:54:19.039 8 INFO neutron.notifiers.nova [-] Nova event matching ['req-716b3a38-c6c0-431d-ae1d-b03aa1d42452'] response: {'server_uuid': 'b28ed3f3-6210-4811-abd2-b5298c40765b', 'name': 'network-vif-plugged', 'status': 'completed', 'tag': 'c071b715-d7b6-4daf-b8e2-68aa17192828', 'code': 200}
2026-05-08 15:54:19.040 8 INFO neutron_taas.services.taas.taas_plugin [None req-25a35ef1-3cb2-4c68-b761-f039292271fc 700ea428b8f64e6dae4aedfe0a7fbd47 908172f2e2bc4340aeff06f5df367d0b - - default default] TaaS: Handle Delete Port: 32b12e55-2413-4219-8753-5b6ac4b27901
2026-05-08 15:54:19.043 8 INFO neutron_taas.services.taas.tap_mirror_plugin [None req-25a35ef1-3cb2-4c68-b761-f039292271fc 700ea428b8f64e6dae4aedfe0a7fbd47 908172f2e2bc4340aeff06f5df367d0b - - default default] Tap Mirror: Handle Delete Port: 32b12e55-2413-4219-8753-5b6ac4b27901 [pid: 8|app: 0|req: 1159/2279] 10.0.0.250 () {32 vars in 720 bytes} [Fri May 8 15:54:18 2026] DELETE /v2.0/ports/32b12e55-2413-4219-8753-5b6ac4b27901 => generated 0 bytes in 245 msecs (HTTP/1.1 204) 3 headers in 131 bytes (1 switches on core 0)
2026-05-08 15:54:19.199 7 INFO neutron.plugins.ml2.drivers.ovn.mech_driver.ovsdb.commands [None req-737cd5e0-91cc-41e1-8fb8-b7d8fa6abba1 - - - - - -] Schedule LRP lrp-efbcfe44-6c0b-4083-a236-a5b922d5498f on gateway 3ba7b0ad-1484-4b9a-b860-0abf89f33731 with priority 1
2026-05-08 15:54:19.248 7 INFO neutron.plugins.ml2.drivers.ovn.mech_driver.mech_driver [None req-442d5688-8833-4745-9e3d-a57194b53d06 - - - - - -] OVN reports status up for port: efbcfe44-6c0b-4083-a236-a5b922d5498f
2026-05-08 15:54:19.289 7 INFO neutron.plugins.ml2.plugin [None req-442d5688-8833-4745-9e3d-a57194b53d06 - - - - - -] Attempt 1 to provision port efbcfe44-6c0b-4083-a236-a5b922d5498f
2026-05-08 15:54:19.304 8 INFO neutron.plugins.ml2.drivers.ovn.mech_driver.ovsdb.ovsdb_monitor [None req-fa034033-c34b-415b-a171-b3f838874f2c - - - - - -] Router 5aaf08a2-0286-4c6b-9afd-59d81ba5024d is bound to host instance
2026-05-08 15:54:19.321 7 INFO neutron.db.ovn_revision_numbers_db [None req-3cc94305-aed2-478a-b4c9-12fbc6849ad9 e5d660302cd1420bbe546ab8e9ca537f a226ef6092f3463a901719c4fb45302c - - default default] Successfully bumped revision number for resource efbcfe44-6c0b-4083-a236-a5b922d5498f (type: router_ports) to 1
2026-05-08 15:54:19.409 8 INFO neutron_taas.services.taas.taas_plugin [None req-a3e0e861-6e29-46b3-8409-dac703cb18da 8e3051fbf4b94aa8889d7dbf806fec4a 638ec5aee794424d9ff0461ca679f0e0 - - default default] TaaS: Handle Delete Port: 91ae2889-1e03-4d1a-9904-edf2d284ca03
2026-05-08 15:54:19.413 8 INFO neutron_taas.services.taas.tap_mirror_plugin [None req-a3e0e861-6e29-46b3-8409-dac703cb18da 8e3051fbf4b94aa8889d7dbf806fec4a 638ec5aee794424d9ff0461ca679f0e0 - - default default] Tap Mirror: Handle Delete Port: 91ae2889-1e03-4d1a-9904-edf2d284ca03
2026-05-08 15:54:19.468 7 INFO neutron.db.ovn_revision_numbers_db [None req-3cc94305-aed2-478a-b4c9-12fbc6849ad9 e5d660302cd1420bbe546ab8e9ca537f a226ef6092f3463a901719c4fb45302c - - default default] Successfully bumped revision number for resource 5aaf08a2-0286-4c6b-9afd-59d81ba5024d (type: routers) to 2 [pid: 7|app: 0|req: 1121/2280] 10.0.0.250 () {34 vars in 669 bytes} [Fri May 8 15:54:17 2026] POST /v2.0/routers => generated 966 bytes in 1843 msecs (HTTP/1.1 201) 4 headers in 162 bytes (1 switches on core 0)
2026-05-08 15:54:19.692 7 INFO neutron_taas.services.taas.taas_plugin [None req-258b18d7-5b45-4d2d-92f1-82af6f61757e 700ea428b8f64e6dae4aedfe0a7fbd47 908172f2e2bc4340aeff06f5df367d0b - - default default] TaaS: Handle Delete Port: b50305b0-e53d-4a5b-bdd3-9854fec0932e
2026-05-08 15:54:19.696 7 INFO neutron_taas.services.taas.tap_mirror_plugin [None req-258b18d7-5b45-4d2d-92f1-82af6f61757e 700ea428b8f64e6dae4aedfe0a7fbd47 908172f2e2bc4340aeff06f5df367d0b - - default default] Tap Mirror: Handle Delete Port: b50305b0-e53d-4a5b-bdd3-9854fec0932e [pid: 7|app: 0|req: 1122/2281] 10.0.0.250 () {32 vars in 720 bytes} [Fri May 8 15:54:19 2026] DELETE /v2.0/ports/b50305b0-e53d-4a5b-bdd3-9854fec0932e => generated 0 bytes in 359 msecs (HTTP/1.1 204) 3 headers in 131 bytes (1 switches on core 0) [pid: 8|app: 0|req: 1160/2282] 10.0.0.250 () {32 vars in 726 bytes} [Fri May 8 15:54:19 2026] DELETE /v2.0/networks/6a83f005-300d-49b3-a5ae-c96e24301e13 => generated 0 bytes in 773 msecs (HTTP/1.1 204) 3 headers in 131 bytes (1 switches on core 0)
2026-05-08 15:54:20.183 8 INFO neutron_taas.services.taas.taas_plugin [None req-e773e990-61f7-4d87-ba85-b6f19f97a39c 700ea428b8f64e6dae4aedfe0a7fbd47 908172f2e2bc4340aeff06f5df367d0b - - default default] TaaS: Handle Delete Port: d86f5034-a6fb-4fa1-982d-1b5566ff5b12
2026-05-08 15:54:20.188 8 INFO neutron_taas.services.taas.tap_mirror_plugin [None req-e773e990-61f7-4d87-ba85-b6f19f97a39c 700ea428b8f64e6dae4aedfe0a7fbd47 908172f2e2bc4340aeff06f5df367d0b - - default default] Tap Mirror: Handle Delete Port: d86f5034-a6fb-4fa1-982d-1b5566ff5b12
2026-05-08 15:54:20.415 7 WARNING neutron.scheduler.dhcp_agent_scheduler [None req-7fe69571-8dce-48ad-a724-868e55f0359a e5d660302cd1420bbe546ab8e9ca537f a226ef6092f3463a901719c4fb45302c - - default default] No more DHCP agents
2026-05-08 15:54:20.418 7 WARNING neutron.api.rpc.agentnotifiers.dhcp_rpc_agent_api [None req-7fe69571-8dce-48ad-a724-868e55f0359a e5d660302cd1420bbe546ab8e9ca537f a226ef6092f3463a901719c4fb45302c - - default default] Unable to schedule network 291be3b3-2da5-4ec8-ad49-6b543e6dbb70: no agents available; will retry on subsequent port and subnet creation events. [pid: 8|app: 0|req: 1161/2283] 10.0.0.250 () {32 vars in 720 bytes} [Fri May 8 15:54:19 2026] DELETE /v2.0/ports/d86f5034-a6fb-4fa1-982d-1b5566ff5b12 => generated 0 bytes in 489 msecs (HTTP/1.1 204) 3 headers in 131 bytes (1 switches on core 0)
2026-05-08 15:54:20.593 7 INFO neutron.db.ovn_revision_numbers_db [None req-7fe69571-8dce-48ad-a724-868e55f0359a e5d660302cd1420bbe546ab8e9ca537f a226ef6092f3463a901719c4fb45302c - - default default] Successfully bumped revision number for resource bb979ff4-8e74-46e7-b1a4-98314673e02b (type: ports) to 1
2026-05-08 15:54:20.628 8 INFO neutron.plugins.ml2.drivers.ovn.mech_driver.mech_driver [None req-2e4559c5-9ad6-45b9-91f1-8d95f0e6d73a - - - - - -] OVN reports status down for port: bb979ff4-8e74-46e7-b1a4-98314673e02b
2026-05-08 15:54:20.744 8 INFO neutron_taas.services.taas.taas_plugin [None req-2a678c8b-06eb-428b-a41d-e4f3b443362c 8e3051fbf4b94aa8889d7dbf806fec4a 638ec5aee794424d9ff0461ca679f0e0 - - default default] TaaS: Handle Delete Port: 3fa2efa1-009a-4cfe-a200-d2b405f60c4d
2026-05-08 15:54:20.752 8 INFO neutron_taas.services.taas.tap_mirror_plugin [None req-2a678c8b-06eb-428b-a41d-e4f3b443362c 8e3051fbf4b94aa8889d7dbf806fec4a 638ec5aee794424d9ff0461ca679f0e0 - - default default] Tap Mirror: Handle Delete Port: 3fa2efa1-009a-4cfe-a200-d2b405f60c4d
2026-05-08 15:54:20.945 8 INFO neutron.services.segments.plugin [-] Segment dcb9c6e9-935b-4736-928b-79e488ac8ada resource provider aggregate not found
2026-05-08 15:54:20.961 8 INFO neutron.services.segments.plugin [-] Segment dcb9c6e9-935b-4736-928b-79e488ac8ada resource provider aggregate not found
2026-05-08 15:54:20.984 8 INFO neutron.services.segments.plugin [-] Segment dcb9c6e9-935b-4736-928b-79e488ac8ada resource provider not found; error: Placement Client Error (4xx): {"errors": [{"status": 404, "title": "Not Found", "detail": "The resource could not be found.\n\n No resource provider with uuid dcb9c6e9-935b-4736-928b-79e488ac8ada found for delete ", "request_id": "req-23a9eae2-24e0-4195-9863-4e79121f0ba2"}]}
2026-05-08 15:54:20.991 8 INFO neutron.services.segments.plugin [-] Segment dcb9c6e9-935b-4736-928b-79e488ac8ada resource provider not found; error: Placement Client Error (4xx): {"errors": [{"status": 404, "title": "Not Found", "detail": "The resource could not be found.\n\n No resource provider with uuid dcb9c6e9-935b-4736-928b-79e488ac8ada found for delete ", "request_id": "req-1a0c3607-d7a5-4799-8143-cc789e709149"}]}
2026-05-08 15:54:21.132 8 INFO neutron.db.ovn_revision_numbers_db [None req-96e33b02-a48b-4fa3-b3a3-4d6ce74e8314 - - - - - -] Successfully bumped revision number for resource efbcfe44-6c0b-4083-a236-a5b922d5498f (type: ports) to 4 [pid: 8|app: 0|req: 1162/2284] 10.0.0.250 () {32 vars in 726 bytes} [Fri May 8 15:54:20 2026] DELETE /v2.0/networks/e05fdd78-ed7e-46d5-8f3f-563faa7bba9e => generated 0 bytes in 781 msecs (HTTP/1.1 204) 3 headers in 131 bytes (1 switches on core 0)
2026-05-08 15:54:21.320 8 INFO neutron.plugins.ml2.drivers.ovn.mech_driver.mech_driver [None req-2e4559c5-9ad6-45b9-91f1-8d95f0e6d73a - - - - - -] OVN reports status up for port: bb979ff4-8e74-46e7-b1a4-98314673e02b
2026-05-08 15:54:21.367 8 INFO neutron.plugins.ml2.plugin [None req-2e4559c5-9ad6-45b9-91f1-8d95f0e6d73a - - - - - -] Attempt 1 to provision port bb979ff4-8e74-46e7-b1a4-98314673e02b
2026-05-08 15:54:21.381 7 WARNING neutron.scheduler.dhcp_agent_scheduler [None req-7fe69571-8dce-48ad-a724-868e55f0359a e5d660302cd1420bbe546ab8e9ca537f a226ef6092f3463a901719c4fb45302c - - default default] No more DHCP agents
2026-05-08 15:54:21.382 7 WARNING neutron.api.rpc.agentnotifiers.dhcp_rpc_agent_api [None req-7fe69571-8dce-48ad-a724-868e55f0359a e5d660302cd1420bbe546ab8e9ca537f a226ef6092f3463a901719c4fb45302c - - default default] Unable to schedule network 291be3b3-2da5-4ec8-ad49-6b543e6dbb70: no agents available; will retry on subsequent port and subnet creation events.
2026-05-08 15:54:21.534 8 INFO neutron_taas.services.taas.taas_plugin [None req-06381de8-dc6f-4690-9e5b-f5b00d5b29d8 700ea428b8f64e6dae4aedfe0a7fbd47 908172f2e2bc4340aeff06f5df367d0b - - default default] TaaS: Handle Delete Port: 44556191-8ecc-447a-abec-a40e883314c5
2026-05-08 15:54:21.547 8 INFO neutron_taas.services.taas.tap_mirror_plugin [None req-06381de8-dc6f-4690-9e5b-f5b00d5b29d8 700ea428b8f64e6dae4aedfe0a7fbd47 908172f2e2bc4340aeff06f5df367d0b - - default default] Tap Mirror: Handle Delete Port: 44556191-8ecc-447a-abec-a40e883314c5
2026-05-08 15:54:21.863 8 INFO neutron.db.ovn_revision_numbers_db [None req-96e33b02-a48b-4fa3-b3a3-4d6ce74e8314 - - - - - -] Successfully bumped revision number for resource efbcfe44-6c0b-4083-a236-a5b922d5498f (type: ports) to 5
2026-05-08 15:54:21.917 7 INFO neutron.db.ovn_revision_numbers_db [None req-7fe69571-8dce-48ad-a724-868e55f0359a e5d660302cd1420bbe546ab8e9ca537f a226ef6092f3463a901719c4fb45302c - - default default] Successfully bumped revision number for resource bb979ff4-8e74-46e7-b1a4-98314673e02b (type: router_ports) to 1 [pid: 7|app: 0|req: 1123/2285] 10.0.0.250 () {34 vars in 783 bytes} [Fri May 8 15:54:19 2026] PUT /v2.0/routers/5aaf08a2-0286-4c6b-9afd-59d81ba5024d/add_router_interface => generated 309 bytes in 2070 msecs (HTTP/1.1 200) 4 headers in 157 bytes (1 switches on core 0)
2026-05-08 15:54:22.046 7 INFO neutron_taas.services.taas.taas_plugin [None req-27813e49-c85f-4e26-a303-e08049594a32 8e3051fbf4b94aa8889d7dbf806fec4a 638ec5aee794424d9ff0461ca679f0e0 - - default default] TaaS: Handle Delete Port: 1481d1de-7a30-425f-a00d-f63af7014c23
2026-05-08 15:54:22.051 7 INFO neutron_taas.services.taas.tap_mirror_plugin [None req-27813e49-c85f-4e26-a303-e08049594a32 8e3051fbf4b94aa8889d7dbf806fec4a 638ec5aee794424d9ff0461ca679f0e0 - - default default] Tap Mirror: Handle Delete Port: 1481d1de-7a30-425f-a00d-f63af7014c23 [pid: 8|app: 0|req: 1163/2286] 10.0.0.250 () {32 vars in 720 bytes} [Fri May 8 15:54:21 2026] DELETE /v2.0/ports/44556191-8ecc-447a-abec-a40e883314c5 => generated 0 bytes in 844 msecs (HTTP/1.1 204) 3 headers in 131 bytes (1 switches on core 0)
2026-05-08 15:54:22.367 8 INFO neutron_taas.services.taas.taas_plugin [None req-c0f79720-e5e4-4d42-99bc-4d4a38168cbf 700ea428b8f64e6dae4aedfe0a7fbd47 908172f2e2bc4340aeff06f5df367d0b - - default default] TaaS: Handle Delete Port: 76b83d5c-419a-4d79-9207-4c93f94d1c94
2026-05-08 15:54:22.379 8 INFO neutron_taas.services.taas.tap_mirror_plugin [None req-c0f79720-e5e4-4d42-99bc-4d4a38168cbf 700ea428b8f64e6dae4aedfe0a7fbd47 908172f2e2bc4340aeff06f5df367d0b - - default default] Tap Mirror: Handle Delete Port: 76b83d5c-419a-4d79-9207-4c93f94d1c94
2026-05-08 15:54:22.390 8 INFO neutron.db.ovn_revision_numbers_db [None req-2e4559c5-9ad6-45b9-91f1-8d95f0e6d73a - - - - - -] Successfully bumped revision number for resource bb979ff4-8e74-46e7-b1a4-98314673e02b (type: ports) to 2 [pid: 8|app: 0|req: 1164/2287] 10.0.0.250 () {32 vars in 720 bytes} [Fri May 8 15:54:22 2026] DELETE /v2.0/ports/76b83d5c-419a-4d79-9207-4c93f94d1c94 => generated 0 bytes in 542 msecs (HTTP/1.1 204) 3 headers in 131 bytes (1 switches on core 0)
2026-05-08 15:54:22.736 8 INFO neutron_taas.services.taas.taas_plugin [None req-5e37072a-684c-40f3-a442-0020b5a9828f 700ea428b8f64e6dae4aedfe0a7fbd47 908172f2e2bc4340aeff06f5df367d0b - - default default] TaaS: Handle Delete Port: 8ea42b8b-c5b3-4339-98e8-cd77491aa5b6
2026-05-08 15:54:22.739 8 INFO neutron_taas.services.taas.tap_mirror_plugin [None req-5e37072a-684c-40f3-a442-0020b5a9828f 700ea428b8f64e6dae4aedfe0a7fbd47 908172f2e2bc4340aeff06f5df367d0b - - default default] Tap Mirror: Handle Delete Port: 8ea42b8b-c5b3-4339-98e8-cd77491aa5b6
2026-05-08 15:54:22.871 7 INFO neutron.services.segments.plugin [-] Segment 562626cc-e8ba-46d9-a83b-a4df3a66f1bc resource provider aggregate not found
2026-05-08 15:54:22.877 7 INFO neutron.services.segments.plugin [-] Segment 562626cc-e8ba-46d9-a83b-a4df3a66f1bc resource provider aggregate not found
2026-05-08 15:54:22.901 7 INFO neutron.services.segments.plugin [-] Segment 562626cc-e8ba-46d9-a83b-a4df3a66f1bc resource provider not found; error: Placement Client Error (4xx): {"errors": [{"status": 404, "title": "Not Found", "detail": "The resource could not be found.\n\n No resource provider with uuid 562626cc-e8ba-46d9-a83b-a4df3a66f1bc found for delete ", "request_id": "req-2181e0a1-257c-4771-99b6-1f420a7cb270"}]}
2026-05-08 15:54:22.904 7 INFO neutron.services.segments.plugin [-] Segment 562626cc-e8ba-46d9-a83b-a4df3a66f1bc resource provider not found; error: Placement Client Error (4xx): {"errors": [{"status": 404, "title": "Not Found", "detail": "The resource could not be found.\n\n No resource provider with uuid 562626cc-e8ba-46d9-a83b-a4df3a66f1bc found for delete ", "request_id": "req-f27c518a-ffc8-4420-8258-941292d31b8b"}]} [pid: 7|app: 0|req: 1124/2288] 10.0.0.250 () {32 vars in 726 bytes} [Fri May 8 15:54:21 2026] DELETE /v2.0/networks/88e49343-fd60-4cab-9666-077729cbc991 => generated 0 bytes in 1003 msecs (HTTP/1.1 204) 3 headers in 131 bytes (1 switches on core 0)
2026-05-08 15:54:23.009 8 INFO neutron.services.segments.plugin [-] Segment 0ae7369f-0179-453f-9784-7cd0594209f0 resource provider aggregate not found
2026-05-08 15:54:23.040 8 INFO neutron.services.segments.plugin [-] Segment 0ae7369f-0179-453f-9784-7cd0594209f0 resource provider aggregate not found
2026-05-08 15:54:23.046 8 INFO neutron.services.segments.plugin [-] Segment 0ae7369f-0179-453f-9784-7cd0594209f0 resource provider not found; error: Placement Client Error (4xx): {"errors": [{"status": 404, "title": "Not Found", "detail": "The resource could not be found.\n\n No resource provider with uuid 0ae7369f-0179-453f-9784-7cd0594209f0 found for delete ", "request_id": "req-fd2027e0-6213-4adc-bbfb-9597cd6cbbd7"}]} [pid: 8|app: 0|req: 1165/2289] 10.0.0.250 () {32 vars in 726 bytes} [Fri May 8 15:54:22 2026] DELETE /v2.0/networks/fde8f56a-7ea6-42c1-af43-e0883d0131b1 => generated 0 bytes in 448 msecs (HTTP/1.1 204) 3 headers in 131 bytes (1 switches on core 0)
2026-05-08 15:54:23.065 8 INFO neutron.services.segments.plugin [-] Segment 0ae7369f-0179-453f-9784-7cd0594209f0 resource provider not found; error: Placement Client Error (4xx): {"errors": [{"status": 404, "title": "Not Found", "detail": "The resource could not be found.\n\n No resource provider with uuid 0ae7369f-0179-453f-9784-7cd0594209f0 found for delete ", "request_id": "req-c9424687-2f84-42ed-8912-73ac8b691ff8"}]}
2026-05-08 15:54:23.072 8 INFO neutron.services.segments.plugin [-] Segment 2ff957b7-14c8-4aaa-a00d-5cb25b6742e9 resource provider aggregate not found
2026-05-08 15:54:23.095 8 INFO neutron.services.segments.plugin [-] Segment 2ff957b7-14c8-4aaa-a00d-5cb25b6742e9 resource provider aggregate not found
2026-05-08 15:54:23.096 8 INFO neutron.services.segments.plugin [-] Segment 2ff957b7-14c8-4aaa-a00d-5cb25b6742e9 resource provider not found; error: Placement Client Error (4xx): {"errors": [{"status": 404, "title": "Not Found", "detail": "The resource could not be found.\n\n No resource provider with uuid 2ff957b7-14c8-4aaa-a00d-5cb25b6742e9 found for delete ", "request_id": "req-ddb61f85-b767-46e4-83dc-31de65ca82c9"}]}
2026-05-08 15:54:23.115 8 INFO neutron.services.segments.plugin [-] Segment 2ff957b7-14c8-4aaa-a00d-5cb25b6742e9 resource provider not found; error: Placement Client Error (4xx): {"errors": [{"status": 404, "title": "Not Found", "detail": "The resource could not be found.\n\n No resource provider with uuid 2ff957b7-14c8-4aaa-a00d-5cb25b6742e9 found for delete ", "request_id": "req-c7b826f7-75dc-4fff-83b7-95ffe67759b6"}]}
2026-05-08 15:54:23.217 7 INFO neutron.db.ovn_revision_numbers_db [None req-a375a498-47fe-4519-93a3-e60baa01e160 e5d660302cd1420bbe546ab8e9ca537f a226ef6092f3463a901719c4fb45302c - - default default] Successfully bumped revision number for resource 070280ef-f8b9-4559-b5db-116c1cf97015 (type: security_groups) to 1
2026-05-08 15:54:23.225 8 INFO neutron_taas.services.taas.taas_plugin [None req-15ea6ebb-10d6-45dd-864f-cf59d82b47d3 700ea428b8f64e6dae4aedfe0a7fbd47 908172f2e2bc4340aeff06f5df367d0b - - default default] TaaS: Handle Delete Port: b5fb4d50-cd85-486f-9ee8-65be2dd41096
2026-05-08 15:54:23.229 8 INFO neutron_taas.services.taas.tap_mirror_plugin [None req-15ea6ebb-10d6-45dd-864f-cf59d82b47d3 700ea428b8f64e6dae4aedfe0a7fbd47 908172f2e2bc4340aeff06f5df367d0b - - default default] Tap Mirror: Handle Delete Port: b5fb4d50-cd85-486f-9ee8-65be2dd41096
2026-05-08 15:54:23.231 7 INFO neutron.db.ovn_revision_numbers_db [None req-a375a498-47fe-4519-93a3-e60baa01e160 e5d660302cd1420bbe546ab8e9ca537f a226ef6092f3463a901719c4fb45302c - - default default] Successfully bumped revision number for resource 3fe7e5c6-3dcd-42b8-9b43-d7c67c12342c (type: security_group_rules) to 0
2026-05-08 15:54:23.246 7 INFO neutron.db.ovn_revision_numbers_db [None req-a375a498-47fe-4519-93a3-e60baa01e160 e5d660302cd1420bbe546ab8e9ca537f a226ef6092f3463a901719c4fb45302c - - default default] Successfully bumped revision number for resource 440d6ec4-2e1e-492f-b092-8e8261dfd448 (type: security_group_rules) to 0
2026-05-08 15:54:23.261 7 INFO neutron.db.ovn_revision_numbers_db [None req-a375a498-47fe-4519-93a3-e60baa01e160 e5d660302cd1420bbe546ab8e9ca537f a226ef6092f3463a901719c4fb45302c - - default default] Successfully bumped revision number for resource 57a427ad-734c-4ce9-97a1-b42a915b4c8e (type: security_group_rules) to 0
2026-05-08 15:54:23.275 7 INFO neutron.db.ovn_revision_numbers_db [None req-a375a498-47fe-4519-93a3-e60baa01e160 e5d660302cd1420bbe546ab8e9ca537f a226ef6092f3463a901719c4fb45302c - - default default] Successfully bumped revision number for resource 95247cb5-5b4e-4d76-876c-30aa8f6b8e8d (type: security_group_rules) to 0
2026-05-08 15:54:23.359 7 INFO neutron.db.segments_db [None req-a375a498-47fe-4519-93a3-e60baa01e160 e5d660302cd1420bbe546ab8e9ca537f a226ef6092f3463a901719c4fb45302c - - default default] Added segment d047ba39-449d-43ae-b0a5-f7b05d2e6f4c of type geneve for network 5983bc48-8197-4a8b-a922-02ef9f38c370
2026-05-08 15:54:23.483 7 INFO neutron.db.ovn_revision_numbers_db [None req-a375a498-47fe-4519-93a3-e60baa01e160 e5d660302cd1420bbe546ab8e9ca537f a226ef6092f3463a901719c4fb45302c - - default default] Successfully bumped revision number for resource 5983bc48-8197-4a8b-a922-02ef9f38c370 (type: networks) to 1 [pid: 8|app: 0|req: 1166/2290] 10.0.0.250 () {32 vars in 726 bytes} [Fri May 8 15:54:23 2026] DELETE /v2.0/networks/c4bd44ed-0b07-41bd-9f09-a9e14ad5614f => generated 0 bytes in 426 msecs (HTTP/1.1 204) 3 headers in 131 bytes (1 switches on core 0)
2026-05-08 15:54:23.689 7 WARNING neutron.scheduler.dhcp_agent_scheduler [None req-a375a498-47fe-4519-93a3-e60baa01e160 e5d660302cd1420bbe546ab8e9ca537f a226ef6092f3463a901719c4fb45302c - - default default] No more DHCP agents
2026-05-08 15:54:23.691 7 WARNING neutron.api.rpc.agentnotifiers.dhcp_rpc_agent_api [None req-a375a498-47fe-4519-93a3-e60baa01e160 e5d660302cd1420bbe546ab8e9ca537f a226ef6092f3463a901719c4fb45302c - - default default] Unable to schedule network 5983bc48-8197-4a8b-a922-02ef9f38c370: no agents available; will retry on subsequent port and subnet creation events. [pid: 8|app: 0|req: 1167/2291] 10.0.0.250 () {32 vars in 774 bytes} [Fri May 8 15:54:23 2026] GET /v2.0/security-groups?tenant_id=638ec5aee794424d9ff0461ca679f0e0&name=default => generated 2925 bytes in 296 msecs (HTTP/1.1 200) 4 headers in 158 bytes (1 switches on core 0)
2026-05-08 15:54:23.789 7 INFO neutron.db.ovn_revision_numbers_db [None req-a375a498-47fe-4519-93a3-e60baa01e160 e5d660302cd1420bbe546ab8e9ca537f a226ef6092f3463a901719c4fb45302c - - default default] Successfully bumped revision number for resource fb9e8b39-4dae-4732-9355-3f5506e1fd3c (type: ports) to 1 [pid: 7|app: 0|req: 1125/2292] 10.0.0.250 () {34 vars in 671 bytes} [Fri May 8 15:54:23 2026] POST /v2.0/networks => generated 762 bytes in 800 msecs (HTTP/1.1 201) 4 headers in 162 bytes (1 switches on core 0) [pid: 7|app: 0|req: 1126/2293] 10.0.0.55 () {34 vars in 989 bytes} [Fri May 8 15:54:23 2026] GET /v2.0/ports?device_id=b28ed3f3-6210-4811-abd2-b5298c40765b => generated 1200 bytes in 75 msecs (HTTP/1.1 200) 4 headers in 158 bytes (1 switches on core 0)
2026-05-08 15:54:23.900 8 INFO neutron_taas.services.taas.taas_plugin [None req-f36da468-16cb-4040-b159-f63582c75437 700ea428b8f64e6dae4aedfe0a7fbd47 908172f2e2bc4340aeff06f5df367d0b - - default default] TaaS: Handle Delete Port: f8d15e69-709c-4ca5-a667-6932ca94e7ce
2026-05-08 15:54:23.903 8 INFO neutron_taas.services.taas.tap_mirror_plugin [None req-f36da468-16cb-4040-b159-f63582c75437 700ea428b8f64e6dae4aedfe0a7fbd47 908172f2e2bc4340aeff06f5df367d0b - - default default] Tap Mirror: Handle Delete Port: f8d15e69-709c-4ca5-a667-6932ca94e7ce [pid: 8|app: 0|req: 1168/2294] 10.0.0.250 () {32 vars in 726 bytes} [Fri May 8 15:54:23 2026] DELETE /v2.0/networks/4579271c-80a1-45e8-a0a7-96abf65497d6 => generated 0 bytes in 381 msecs (HTTP/1.1 204) 3 headers in 131 bytes (1 switches on core 0) [pid: 7|app: 0|req: 1127/2295] 10.0.0.250 () {32 vars in 740 bytes} [Fri May 8 15:54:23 2026] DELETE /v2.0/security-groups/78194a3f-a9b9-492c-9e5d-25aef02f6bf1 => generated 0 bytes in 289 msecs (HTTP/1.1 204) 2 headers in 112 bytes (1 switches on core 0) [pid: 7|app: 0|req: 1128/2296] 10.0.0.55 () {34 vars in 1039 bytes} [Fri May 8 15:54:24 2026] GET /v2.0/security-groups?id=65f6b40e-2ceb-40b1-9c41-71e954ae513f&fields=id&fields=name => generated 112 bytes in 38 msecs (HTTP/1.1 200) 4 headers in 157 bytes (1 switches on core 0)
2026-05-08 15:54:24.335 8 WARNING neutron.scheduler.dhcp_agent_scheduler [None req-c2bc2b32-8bfe-4113-9c82-ea223201f3a4 e5d660302cd1420bbe546ab8e9ca537f a226ef6092f3463a901719c4fb45302c - - default default] No more DHCP agents
2026-05-08 15:54:24.336 8 WARNING neutron.api.rpc.agentnotifiers.dhcp_rpc_agent_api [None req-c2bc2b32-8bfe-4113-9c82-ea223201f3a4 e5d660302cd1420bbe546ab8e9ca537f a226ef6092f3463a901719c4fb45302c - - default default] Unable to schedule network 5983bc48-8197-4a8b-a922-02ef9f38c370: no agents available; will retry on subsequent port and subnet creation events.
2026-05-08 15:54:24.367 7 INFO neutron_taas.services.taas.taas_plugin [None req-70b20edd-426d-491f-8455-79f40525dfee 700ea428b8f64e6dae4aedfe0a7fbd47 908172f2e2bc4340aeff06f5df367d0b - - default default] TaaS: Handle Delete Port: 4afff0d7-d249-4610-b368-8f64269bb9a6
2026-05-08 15:54:24.372 7 INFO neutron_taas.services.taas.tap_mirror_plugin [None req-70b20edd-426d-491f-8455-79f40525dfee 700ea428b8f64e6dae4aedfe0a7fbd47 908172f2e2bc4340aeff06f5df367d0b - - default default] Tap Mirror: Handle Delete Port: 4afff0d7-d249-4610-b368-8f64269bb9a6 [pid: 7|app: 0|req: 1129/2297] 10.0.0.250 () {32 vars in 726 bytes} [Fri May 8 15:54:24 2026] DELETE /v2.0/networks/7f6514bd-55ed-47a7-9a6d-64192dcdb049 => generated 0 bytes in 387 msecs (HTTP/1.1 204) 3 headers in 131 bytes (1 switches on core 0) [pid: 7|app: 0|req: 1130/2298] 10.0.0.250 () {32 vars in 818 bytes} [Fri May 8 15:54:24 2026] GET /v2.0/ports?network_id=b3a9c727-9511-4f6b-8cf1-76d16f88a9d7&mac_address=fa%3A16%3A3e%3Ac6%3Ac8%3A45 => generated 1200 bytes in 56 msecs (HTTP/1.1 200) 4 headers in 158 bytes (1 switches on core 0)
2026-05-08 15:54:24.774 7 INFO neutron_taas.services.taas.taas_plugin [None req-1fca7e64-b64b-4d0d-a0d9-b30572ba7b29 700ea428b8f64e6dae4aedfe0a7fbd47 908172f2e2bc4340aeff06f5df367d0b - - default default] TaaS: Handle Delete Port: ccc606b9-25b6-4401-b465-b15e07b306b2
2026-05-08 15:54:24.777 7 INFO neutron_taas.services.taas.tap_mirror_plugin [None req-1fca7e64-b64b-4d0d-a0d9-b30572ba7b29 700ea428b8f64e6dae4aedfe0a7fbd47 908172f2e2bc4340aeff06f5df367d0b - - default default] Tap Mirror: Handle Delete Port: ccc606b9-25b6-4401-b465-b15e07b306b2
2026-05-08 15:54:24.856 8 INFO neutron.db.ovn_revision_numbers_db [None req-f916bfd8-4bdc-42cc-ac21-3bfbc249c724 - - - - - -] Successfully bumped revision number for resource fb9e8b39-4dae-4732-9355-3f5506e1fd3c (type: ports) to 2
2026-05-08 15:54:24.901 8 INFO neutron.db.ovn_revision_numbers_db [None req-f916bfd8-4bdc-42cc-ac21-3bfbc249c724 - - - - - -] Successfully bumped revision number for resource d17804d1-086c-4392-80fe-c78e0d4beacc (type: subnets) to 0 [pid: 8|app: 0|req: 1169/2299] 10.0.0.250 () {34 vars in 669 bytes} [Fri May 8 15:54:24 2026] POST /v2.0/subnets => generated 687 bytes in 754 msecs (HTTP/1.1 201) 4 headers in 162 bytes (1 switches on core 0)
2026-05-08 15:54:24.931 7 INFO neutron.services.segments.plugin [-] Segment 22a93b65-f189-4137-a1c9-a87c7af29257 resource provider aggregate not found
2026-05-08 15:54:24.935 7 INFO neutron.services.segments.plugin [-] Segment 22a93b65-f189-4137-a1c9-a87c7af29257 resource provider aggregate not found
2026-05-08 15:54:24.962 7 INFO neutron.services.segments.plugin [-] Segment 22a93b65-f189-4137-a1c9-a87c7af29257 resource provider not found; error: Placement Client Error (4xx): {"errors": [{"status": 404, "title": "Not Found", "detail": "The resource could not be found.\n\n No resource provider with uuid 22a93b65-f189-4137-a1c9-a87c7af29257 found for delete ", "request_id": "req-5d3894f7-00c7-4c7d-bea9-ba85d3261202"}]}
2026-05-08 15:54:24.967 7 INFO neutron.services.segments.plugin [-] Segment 22a93b65-f189-4137-a1c9-a87c7af29257 resource provider not found; error: Placement Client Error (4xx): {"errors": [{"status": 404, "title": "Not Found", "detail": "The resource could not be found.\n\n No resource provider with uuid 22a93b65-f189-4137-a1c9-a87c7af29257 found for delete ", "request_id": "req-4c62658c-42ea-46cb-b367-896607e450ac"}]} [pid: 7|app: 0|req: 1131/2300] 10.0.0.250 () {32 vars in 726 bytes} [Fri May 8 15:54:24 2026] DELETE /v2.0/networks/3969e411-b8de-4e3f-b243-643417c5d4e9 => generated 0 bytes in 355 msecs (HTTP/1.1 204) 3 headers in 131 bytes (1 switches on core 0)
2026-05-08 15:54:25.119 8 INFO neutron.services.segments.plugin [-] Segment 0b07dd3d-b755-4d3e-90cb-5435e738c632 resource provider aggregate not found
2026-05-08 15:54:25.139 8 INFO neutron.services.segments.plugin [-] Segment 0b07dd3d-b755-4d3e-90cb-5435e738c632 resource provider aggregate not found
2026-05-08 15:54:25.144 8 INFO neutron.services.segments.plugin [-] Segment 0b07dd3d-b755-4d3e-90cb-5435e738c632 resource provider not found; error: Placement Client Error (4xx): {"errors": [{"status": 404, "title": "Not Found", "detail": "The resource could not be found.\n\n No resource provider with uuid 0b07dd3d-b755-4d3e-90cb-5435e738c632 found for delete ", "request_id": "req-8a5155e4-f7be-41b9-ab6f-99759d8a0b7a"}]}
2026-05-08 15:54:25.165 8 INFO neutron.services.segments.plugin [-] Segment 0b07dd3d-b755-4d3e-90cb-5435e738c632 resource provider not found; error: Placement Client Error (4xx): {"errors": [{"status": 404, "title": "Not Found", "detail": "The resource could not be found.\n\n No resource provider with uuid 0b07dd3d-b755-4d3e-90cb-5435e738c632 found for delete ", "request_id": "req-b92899da-4b88-4336-a50d-2d1097761eb5"}]}
2026-05-08 15:54:25.169 8 INFO neutron.services.segments.plugin [-] Segment 0636c597-6f3b-4fed-b575-560dd2f510c9 resource provider aggregate not found
2026-05-08 15:54:25.185 8 INFO neutron.services.segments.plugin [-] Segment 0636c597-6f3b-4fed-b575-560dd2f510c9 resource provider aggregate not found
2026-05-08 15:54:25.191 8 INFO neutron.services.segments.plugin [-] Segment 0636c597-6f3b-4fed-b575-560dd2f510c9 resource provider not found; error: Placement Client Error (4xx): {"errors": [{"status": 404, "title": "Not Found", "detail": "The resource could not be found.\n\n No resource provider with uuid 0636c597-6f3b-4fed-b575-560dd2f510c9 found for delete ", "request_id": "req-eecf6465-d6ad-48a1-856a-0b1a57ebfa18"}]}
2026-05-08 15:54:25.206 8 INFO neutron.services.segments.plugin [-] Segment 0636c597-6f3b-4fed-b575-560dd2f510c9 resource provider not found; error: Placement Client Error (4xx): {"errors": [{"status": 404, "title": "Not Found", "detail": "The resource could not be found.\n\n No resource provider with uuid 0636c597-6f3b-4fed-b575-560dd2f510c9 found for delete ", "request_id": "req-2ca0d2fd-1226-422a-8ccc-df4542375b70"}]}
2026-05-08 15:54:25.207 8 WARNING neutron.scheduler.dhcp_agent_scheduler [None req-d6e95136-c688-4cae-a149-ca653456c3dd 63a88c39d24f4fa5920a70b6deaa43db d2961e5e15cc46a896522b33763d0906 - - default default] No more DHCP agents
2026-05-08 15:54:25.209 8 WARNING neutron.api.rpc.agentnotifiers.dhcp_rpc_agent_api [None req-d6e95136-c688-4cae-a149-ca653456c3dd 63a88c39d24f4fa5920a70b6deaa43db d2961e5e15cc46a896522b33763d0906 - - default default] Unable to schedule network 47de3269-4c90-49c6-80e4-0a522b87037a: no agents available; will retry on subsequent port and subnet creation events.
2026-05-08 15:54:25.416 7 WARNING neutron.scheduler.dhcp_agent_scheduler [None req-4db029bd-1593-4d6d-a203-c31af9cbdc42 e5d660302cd1420bbe546ab8e9ca537f a226ef6092f3463a901719c4fb45302c - - default default] No more DHCP agents
2026-05-08 15:54:25.418 7 WARNING neutron.api.rpc.agentnotifiers.dhcp_rpc_agent_api [None req-4db029bd-1593-4d6d-a203-c31af9cbdc42 e5d660302cd1420bbe546ab8e9ca537f a226ef6092f3463a901719c4fb45302c - - default default] Unable to schedule network 47de3269-4c90-49c6-80e4-0a522b87037a: no agents available; will retry on subsequent port and subnet creation events.
2026-05-08 15:54:25.567 7 INFO neutron.db.ovn_revision_numbers_db [None req-4db029bd-1593-4d6d-a203-c31af9cbdc42 e5d660302cd1420bbe546ab8e9ca537f a226ef6092f3463a901719c4fb45302c - - default default] Successfully bumped revision number for resource 7a128edd-499c-4acf-8f32-457ada0707cc (type: ports) to 1
2026-05-08 15:54:26.168 8 INFO neutron.db.ovn_revision_numbers_db [None req-d6e95136-c688-4cae-a149-ca653456c3dd 63a88c39d24f4fa5920a70b6deaa43db d2961e5e15cc46a896522b33763d0906 - - default default] Successfully bumped revision number for resource a69a2d8d-d39f-4218-bf3d-48161ad4a9bf (type: floatingips) to 1
2026-05-08 15:54:26.168 8 INFO neutron.db.l3_db [None req-d6e95136-c688-4cae-a149-ca653456c3dd 63a88c39d24f4fa5920a70b6deaa43db d2961e5e15cc46a896522b33763d0906 - - default default] Floating IP a69a2d8d-d39f-4218-bf3d-48161ad4a9bf associated. External IP: 10.96.250.207, port: c071b715-d7b6-4daf-b8e2-68aa17192828. [pid: 8|app: 0|req: 1170/2301] 10.0.0.250 () {34 vars in 677 bytes} [Fri May 8 15:54:24 2026] POST /v2.0/floatingips => generated 855 bytes in 1292 msecs (HTTP/1.1 201) 4 headers in 162 bytes (1 switches on core 0)
2026-05-08 15:54:26.256 8 INFO neutron.notifiers.nova [-] Nova event matching ['req-47d5c7f5-1542-4ab9-ad7d-86fe2eedb431'] response: {'name': 'network-changed', 'server_uuid': 'b28ed3f3-6210-4811-abd2-b5298c40765b', 'tag': 'c071b715-d7b6-4daf-b8e2-68aa17192828', 'status': 'completed', 'code': 200}
2026-05-08 15:54:26.257 7 INFO neutron.plugins.ml2.drivers.ovn.mech_driver.ovsdb.commands [None req-737cd5e0-91cc-41e1-8fb8-b7d8fa6abba1 - - - - - -] Schedule LRP lrp-7a128edd-499c-4acf-8f32-457ada0707cc on gateway 3ba7b0ad-1484-4b9a-b860-0abf89f33731 with priority 1
2026-05-08 15:54:26.323 7 INFO neutron.plugins.ml2.drivers.ovn.mech_driver.ovsdb.ovsdb_monitor [None req-a55a90b3-55a9-4f17-bf30-262d48cab183 - - - - - -] Router 1cf33a53-8407-4470-901d-51002943eca4 is bound to host instance
2026-05-08 15:54:26.348 7 INFO neutron.db.ovn_revision_numbers_db [None req-4db029bd-1593-4d6d-a203-c31af9cbdc42 e5d660302cd1420bbe546ab8e9ca537f a226ef6092f3463a901719c4fb45302c - - default default] Successfully bumped revision number for resource 7a128edd-499c-4acf-8f32-457ada0707cc (type: router_ports) to 1
2026-05-08 15:54:26.473 8 INFO neutron.db.ovn_revision_numbers_db [None req-2bb9112a-ad87-4e85-93b9-9e1a33fefe56 e5d660302cd1420bbe546ab8e9ca537f a226ef6092f3463a901719c4fb45302c - - default default] Successfully bumped revision number for resource 2f4d7958-aa83-4ab0-a406-ac0819b7b692 (type: security_groups) to 1
2026-05-08 15:54:26.485 8 INFO neutron.db.ovn_revision_numbers_db [None req-2bb9112a-ad87-4e85-93b9-9e1a33fefe56 e5d660302cd1420bbe546ab8e9ca537f a226ef6092f3463a901719c4fb45302c - - default default] Successfully bumped revision number for resource 500eabd6-af7d-4e6b-89fc-0f6fc3be2212 (type: security_group_rules) to 0
2026-05-08 15:54:26.497 8 INFO neutron.db.ovn_revision_numbers_db [None req-2bb9112a-ad87-4e85-93b9-9e1a33fefe56 e5d660302cd1420bbe546ab8e9ca537f a226ef6092f3463a901719c4fb45302c - - default default] Successfully bumped revision number for resource 9f0a097d-07c9-437f-8af4-780c102b1b05 (type: security_group_rules) to 0
2026-05-08 15:54:26.498 7 INFO neutron.db.ovn_revision_numbers_db [None req-4db029bd-1593-4d6d-a203-c31af9cbdc42 e5d660302cd1420bbe546ab8e9ca537f a226ef6092f3463a901719c4fb45302c - - default default] Successfully bumped revision number for resource 1cf33a53-8407-4470-901d-51002943eca4 (type: routers) to 2
2026-05-08 15:54:26.512 8 INFO neutron.db.ovn_revision_numbers_db [None req-2bb9112a-ad87-4e85-93b9-9e1a33fefe56 e5d660302cd1420bbe546ab8e9ca537f a226ef6092f3463a901719c4fb45302c - - default default] Successfully bumped revision number for resource d1718dc8-32bc-4c80-86fd-23baf3a5ed32 (type: security_group_rules) to 0
2026-05-08 15:54:26.525 8 INFO neutron.db.ovn_revision_numbers_db [None req-2bb9112a-ad87-4e85-93b9-9e1a33fefe56 e5d660302cd1420bbe546ab8e9ca537f a226ef6092f3463a901719c4fb45302c - - default default] Successfully bumped revision number for resource f294262e-0150-4911-8734-224ab86e1b74 (type: security_group_rules) to 0 [pid: 7|app: 0|req: 1132/2302] 10.0.0.250 () {34 vars in 669 bytes} [Fri May 8 15:54:25 2026] POST /v2.0/routers => generated 965 bytes in 1514 msecs (HTTP/1.1 201) 4 headers in 162 bytes (1 switches on core 0) [pid: 8|app: 0|req: 1171/2303] 10.0.0.250 () {32 vars in 774 bytes} [Fri May 8 15:54:26 2026] GET /v2.0/security-groups?tenant_id=9e4cfe8bc3fe4b58b78a4153d790182b&name=default => generated 2925 bytes in 377 msecs (HTTP/1.1 200) 4 headers in 158 bytes (1 switches on core 0) [pid: 8|app: 0|req: 1172/2304] 10.0.0.55 () {34 vars in 1095 bytes} [Fri May 8 15:54:26 2026] GET /v2.0/security-groups?name=tempest-lb_member_SG-1115034996&fields=id&tenant_id=d2961e5e15cc46a896522b33763d0906 => generated 69 bytes in 38 msecs (HTTP/1.1 200) 4 headers in 156 bytes (1 switches on core 0)
2026-05-08 15:54:26.887 7 INFO neutron.db.ovn_revision_numbers_db [None req-9bd82338-d531-47b0-89e1-10236dd154f3 a35600dc33db4131a73295d1250adc36 4beb8de4b2114730b493e7da7d94da65 - - default default] Successfully bumped revision number for resource 581d0608-ceb9-448d-ae14-33d9a9592614 (type: security_groups) to 1
2026-05-08 15:54:26.917 7 INFO neutron.db.ovn_revision_numbers_db [None req-9bd82338-d531-47b0-89e1-10236dd154f3 a35600dc33db4131a73295d1250adc36 4beb8de4b2114730b493e7da7d94da65 - - default default] Successfully bumped revision number for resource 11e41782-d4cb-4963-a7ba-62a4e1f5553e (type: security_group_rules) to 0
2026-05-08 15:54:26.941 7 INFO neutron.db.ovn_revision_numbers_db [None req-9bd82338-d531-47b0-89e1-10236dd154f3 a35600dc33db4131a73295d1250adc36 4beb8de4b2114730b493e7da7d94da65 - - default default] Successfully bumped revision number for resource b233f792-ec43-4630-ba34-2e53d05308de (type: security_group_rules) to 0
2026-05-08 15:54:26.976 7 INFO neutron.db.ovn_revision_numbers_db [None req-9bd82338-d531-47b0-89e1-10236dd154f3 a35600dc33db4131a73295d1250adc36 4beb8de4b2114730b493e7da7d94da65 - - default default] Successfully bumped revision number for resource c89806b5-87d3-4d27-baec-61910ece57b4 (type: security_group_rules) to 0
2026-05-08 15:54:26.998 7 INFO neutron.services.segments.plugin [-] Segment 1badfedd-f394-4afb-a79d-cd6e0bd284bf resource provider aggregate not found
2026-05-08 15:54:27.005 7 INFO neutron.services.segments.plugin [-] Segment 1badfedd-f394-4afb-a79d-cd6e0bd284bf resource provider aggregate not found
2026-05-08 15:54:27.016 7 INFO neutron.db.ovn_revision_numbers_db [None req-9bd82338-d531-47b0-89e1-10236dd154f3 a35600dc33db4131a73295d1250adc36 4beb8de4b2114730b493e7da7d94da65 - - default default] Successfully bumped revision number for resource e3ada7cd-04d9-45b3-85bc-27e3faeb57b3 (type: security_group_rules) to 0
2026-05-08 15:54:27.018 7 INFO neutron.services.segments.plugin [-] Segment 1badfedd-f394-4afb-a79d-cd6e0bd284bf resource provider not found; error: Placement Client Error (4xx): {"errors": [{"status": 404, "title": "Not Found", "detail": "The resource could not be found.\n\n No resource provider with uuid 1badfedd-f394-4afb-a79d-cd6e0bd284bf found for delete ", "request_id": "req-e891193d-b879-4edb-94de-44ffcdc9d3bb"}]}
2026-05-08 15:54:27.027 7 INFO neutron.services.segments.plugin [-] Segment 1badfedd-f394-4afb-a79d-cd6e0bd284bf resource provider not found; error: Placement Client Error (4xx): {"errors": [{"status": 404, "title": "Not Found", "detail": "The resource could not be found.\n\n No resource provider with uuid 1badfedd-f394-4afb-a79d-cd6e0bd284bf found for delete ", "request_id": "req-3c406da3-a122-4106-828d-e52f44a77fc3"}]}
2026-05-08 15:54:27.094 8 WARNING neutron.scheduler.dhcp_agent_scheduler [None req-252ac389-3000-4bf1-b00e-33466596a844 e5d660302cd1420bbe546ab8e9ca537f a226ef6092f3463a901719c4fb45302c - - default default] No more DHCP agents
2026-05-08 15:54:27.096 8 WARNING neutron.api.rpc.agentnotifiers.dhcp_rpc_agent_api [None req-252ac389-3000-4bf1-b00e-33466596a844 e5d660302cd1420bbe546ab8e9ca537f a226ef6092f3463a901719c4fb45302c - - default default] Unable to schedule network 5983bc48-8197-4a8b-a922-02ef9f38c370: no agents available; will retry on subsequent port and subnet creation events.
2026-05-08 15:54:27.147 7 INFO neutron.db.segments_db [None req-9bd82338-d531-47b0-89e1-10236dd154f3 a35600dc33db4131a73295d1250adc36 4beb8de4b2114730b493e7da7d94da65 - - default default] Added segment c760ef2d-4e34-4943-ab12-ae9da55395b5 of type geneve for network 367bb9a7-01d9-4b9a-b5ae-44a85764d0c9
2026-05-08 15:54:27.249 8 INFO neutron.db.ovn_revision_numbers_db [None req-252ac389-3000-4bf1-b00e-33466596a844 e5d660302cd1420bbe546ab8e9ca537f a226ef6092f3463a901719c4fb45302c - - default default] Successfully bumped revision number for resource 4e4bd179-93ed-424e-9f26-ddba14bf2e72 (type: ports) to 1
2026-05-08 15:54:27.399 7 INFO neutron.db.ovn_revision_numbers_db [None req-9bd82338-d531-47b0-89e1-10236dd154f3 a35600dc33db4131a73295d1250adc36 4beb8de4b2114730b493e7da7d94da65 - - default default] Successfully bumped revision number for resource 367bb9a7-01d9-4b9a-b5ae-44a85764d0c9 (type: networks) to 1
2026-05-08 15:54:27.699 7 WARNING neutron.scheduler.dhcp_agent_scheduler [None req-9bd82338-d531-47b0-89e1-10236dd154f3 a35600dc33db4131a73295d1250adc36 4beb8de4b2114730b493e7da7d94da65 - - default default] No more DHCP agents
