Apr 02 13:04:46.140040 np0000162957 devstack@neutron-api.service[102312]: INFO neutron.plugins.ml2.drivers.ovn.mech_driver.ovsdb.impl_idl_ovn [None req-e6ff44f3-8426-43cd-8032-22fcc9e52fb4 None None] Getting OvsdbSbOvnIdl for WorkerService with retry
Apr 02 13:04:46.140089 np0000162957 devstack@neutron-api.service[102313]: DEBUG ovsdbapp.backend.ovs_idl [None req-0d94b000-cc39-46b2-a0c6-999a8b08d44e None None] Created schema index HA_Chassis_Group.name {{(pid=102313) autocreate_indices /opt/stack/data/venv/lib/python3.12/site-packages/ovsdbapp/backend/ovs_idl/__init__.py:106}}
Apr 02 13:04:46.140139 np0000162957 devstack@neutron-api.service[102313]: DEBUG ovsdbapp.backend.ovs_idl [None req-0d94b000-cc39-46b2-a0c6-999a8b08d44e None None] Created schema index Address_Set.name {{(pid=102313) autocreate_indices /opt/stack/data/venv/lib/python3.12/site-packages/ovsdbapp/backend/ovs_idl/__init__.py:106}}
Apr 02 13:04:46.140232 np0000162957 devstack@neutron-api.service[102313]: DEBUG ovsdbapp.backend.ovs_idl [None req-0d94b000-cc39-46b2-a0c6-999a8b08d44e None None] Created schema index Connection.target {{(pid=102313) autocreate_indices /opt/stack/data/venv/lib/python3.12/site-packages/ovsdbapp/backend/ovs_idl/__init__.py:106}}
Apr 02 13:04:46.140342 np0000162957 devstack@neutron-api.service[102313]: DEBUG ovsdbapp.backend.ovs_idl [None req-0d94b000-cc39-46b2-a0c6-999a8b08d44e None None] Created schema index Gateway_Chassis.name {{(pid=102313) autocreate_indices /opt/stack/data/venv/lib/python3.12/site-packages/ovsdbapp/backend/ovs_idl/__init__.py:106}}
Apr 02 13:04:46.140429 np0000162957 devstack@neutron-api.service[102313]: DEBUG ovsdbapp.backend.ovs_idl [None req-0d94b000-cc39-46b2-a0c6-999a8b08d44e None None] Created schema index Mirror.name {{(pid=102313) autocreate_indices /opt/stack/data/venv/lib/python3.12/site-packages/ovsdbapp/backend/ovs_idl/__init__.py:106}}
Apr 02 13:04:46.140518 np0000162957 devstack@neutron-api.service[102313]: DEBUG ovsdbapp.backend.ovs_idl [None req-0d94b000-cc39-46b2-a0c6-999a8b08d44e None None] Created schema index Chassis_Template_Var.chassis {{(pid=102313) autocreate_indices /opt/stack/data/venv/lib/python3.12/site-packages/ovsdbapp/backend/ovs_idl/__init__.py:106}}
Apr 02 13:04:46.140607 np0000162957 devstack@neutron-api.service[102313]: DEBUG ovsdbapp.backend.ovs_idl [None req-0d94b000-cc39-46b2-a0c6-999a8b08d44e None None] Created schema index Logical_Router_Port.name {{(pid=102313) autocreate_indices /opt/stack/data/venv/lib/python3.12/site-packages/ovsdbapp/backend/ovs_idl/__init__.py:106}}
Apr 02 13:04:46.140695 np0000162957 devstack@neutron-api.service[102313]: DEBUG ovsdbapp.backend.ovs_idl [None req-0d94b000-cc39-46b2-a0c6-999a8b08d44e None None] Created schema index Port_Group.name {{(pid=102313) autocreate_indices /opt/stack/data/venv/lib/python3.12/site-packages/ovsdbapp/backend/ovs_idl/__init__.py:106}}
Apr 02 13:04:46.140787 np0000162957 devstack@neutron-api.service[102313]: DEBUG ovsdbapp.backend.ovs_idl [None req-0d94b000-cc39-46b2-a0c6-999a8b08d44e None None] Created schema index Logical_Switch_Port.name {{(pid=102313) autocreate_indices /opt/stack/data/venv/lib/python3.12/site-packages/ovsdbapp/backend/ovs_idl/__init__.py:106}}
Apr 02 13:04:46.143778 np0000162957 devstack@neutron-api.service[102313]: INFO ovsdbapp.backend.ovs_idl.vlog [None req-0d94b000-cc39-46b2-a0c6-999a8b08d44e None None] ssl:199.204.45.30:6641: connecting...
Apr 02 13:04:46.152096 np0000162957 devstack@neutron-api.service[102313]: INFO ovsdbapp.backend.ovs_idl.vlog [None req-0d94b000-cc39-46b2-a0c6-999a8b08d44e None None] ssl:199.204.45.30:6641: connected
Apr 02 13:04:46.174144 np0000162957 devstack@neutron-api.service[102312]: DEBUG ovsdbapp.backend.ovs_idl [None req-e6ff44f3-8426-43cd-8032-22fcc9e52fb4 None None] Created lookup_table index Chassis.name {{(pid=102312) autocreate_indices /opt/stack/data/venv/lib/python3.12/site-packages/ovsdbapp/backend/ovs_idl/__init__.py:87}}
Apr 02 13:04:46.174299 np0000162957 devstack@neutron-api.service[102312]: DEBUG ovsdbapp.backend.ovs_idl [None req-e6ff44f3-8426-43cd-8032-22fcc9e52fb4 None None] Created lookup_table index Port_Binding.logical_port {{(pid=102312) autocreate_indices /opt/stack/data/venv/lib/python3.12/site-packages/ovsdbapp/backend/ovs_idl/__init__.py:87}}
Apr 02 13:04:46.174361 np0000162957 devstack@neutron-api.service[102312]: DEBUG ovsdbapp.backend.ovs_idl [None req-e6ff44f3-8426-43cd-8032-22fcc9e52fb4 None None] Created schema index Chassis_Private.name {{(pid=102312) autocreate_indices /opt/stack/data/venv/lib/python3.12/site-packages/ovsdbapp/backend/ovs_idl/__init__.py:106}}
Apr 02 13:04:46.174471 np0000162957 devstack@neutron-api.service[102312]: DEBUG ovsdbapp.backend.ovs_idl [None req-e6ff44f3-8426-43cd-8032-22fcc9e52fb4 None None] Created schema index Datapath_Binding.tunnel_key {{(pid=102312) autocreate_indices /opt/stack/data/venv/lib/python3.12/site-packages/ovsdbapp/backend/ovs_idl/__init__.py:106}}
Apr 02 13:04:46.176906 np0000162957 devstack@neutron-api.service[102312]: INFO ovsdbapp.backend.ovs_idl.vlog [None req-e6ff44f3-8426-43cd-8032-22fcc9e52fb4 None None] ssl:199.204.45.30:6642: connecting...
Apr 02 13:04:46.181516 np0000162957 devstack@neutron-api.service[102312]: INFO ovsdbapp.backend.ovs_idl.vlog [None req-e6ff44f3-8426-43cd-8032-22fcc9e52fb4 None None] ssl:199.204.45.30:6642: connected
Apr 02 13:04:46.182169 np0000162957 devstack@neutron-api.service[102313]: DEBUG neutron.common.ovn.hash_ring_manager [None req-0d94b000-cc39-46b2-a0c6-999a8b08d44e None None] Allow caching, nodes 4>=4 {{(pid=102313) _wait_startup_before_caching /opt/stack/neutron/neutron/common/ovn/hash_ring_manager.py:65}}
Apr 02 13:04:46.193171 np0000162957 devstack@neutron-api.service[102313]: DEBUG neutron.common.ovn.hash_ring_manager [None req-0d94b000-cc39-46b2-a0c6-999a8b08d44e None None] Hash Ring loaded. 4 active nodes. 0 offline nodes {{(pid=102313) _load_hash_ring /opt/stack/neutron/neutron/common/ovn/hash_ring_manager.py:102}}
Apr 02 13:04:46.193391 np0000162957 devstack@neutron-api.service[102313]: DEBUG neutron.plugins.ml2.drivers.ovn.mech_driver.ovsdb.ovsdb_monitor [None req-0d94b000-cc39-46b2-a0c6-999a8b08d44e None None] Hash Ring: Node 453ba98aace25452a99fa6ed76763492 (host: np0000162957) handling event "create" for row 64b47b1a-ec3c-4879-b3ae-844bedf1586c (table: ACL) {{(pid=102313) notify /opt/stack/neutron/neutron/plugins/ml2/drivers/ovn/mech_driver/ovsdb/ovsdb_monitor.py:912}}
Apr 02 13:04:46.193748 np0000162957 devstack@neutron-api.service[102313]: DEBUG neutron.plugins.ml2.drivers.ovn.mech_driver.ovsdb.ovsdb_monitor [None req-0d94b000-cc39-46b2-a0c6-999a8b08d44e None None] Hash Ring: Node 453ba98aace25452a99fa6ed76763492 (host: np0000162957) handling event "create" for row 7582674d-fdb5-4f2a-a1c2-75123300672d (table: NB_Global) {{(pid=102313) notify /opt/stack/neutron/neutron/plugins/ml2/drivers/ovn/mech_driver/ovsdb/ovsdb_monitor.py:912}}
Apr 02 13:04:46.195418 np0000162957 devstack@neutron-api.service[102313]: INFO neutron.plugins.ml2.drivers.ovn.mech_driver.ovsdb.impl_idl_ovn [None req-0d94b000-cc39-46b2-a0c6-999a8b08d44e None None] Getting OvsdbSbOvnIdl for WorkerService with retry
Apr 02 13:04:46.212160 np0000162957 devstack@neutron-api.service[102312]: DEBUG neutron.common.ovn.hash_ring_manager [None req-e6ff44f3-8426-43cd-8032-22fcc9e52fb4 None None] Allow caching, nodes 4>=4 {{(pid=102312) _wait_startup_before_caching /opt/stack/neutron/neutron/common/ovn/hash_ring_manager.py:65}}
Apr 02 13:04:46.215298 np0000162957 devstack@neutron-api.service[102312]: DEBUG neutron.common.ovn.hash_ring_manager [None req-e6ff44f3-8426-43cd-8032-22fcc9e52fb4 None None] Hash Ring loaded. 4 active nodes. 0 offline nodes {{(pid=102312) _load_hash_ring /opt/stack/neutron/neutron/common/ovn/hash_ring_manager.py:102}}
Apr 02 13:04:46.215479 np0000162957 devstack@neutron-api.service[102312]: DEBUG neutron.plugins.ml2.drivers.ovn.mech_driver.ovsdb.ovsdb_monitor [None req-e6ff44f3-8426-43cd-8032-22fcc9e52fb4 None None] ChassisAgentWriteEvent : Matched Chassis_Private, create, None None {{(pid=102312) matches /opt/stack/neutron/neutron/plugins/ml2/drivers/ovn/mech_driver/ovsdb/ovsdb_monitor.py:64}}
Apr 02 13:04:46.215621 np0000162957 devstack@neutron-api.service[102312]: DEBUG neutron.plugins.ml2.drivers.ovn.mech_driver.ovsdb.ovsdb_monitor [None req-e6ff44f3-8426-43cd-8032-22fcc9e52fb4 None None] ChassisOVNAgentWriteEvent : Matched Chassis_Private, create, None None {{(pid=102312) matches /opt/stack/neutron/neutron/plugins/ml2/drivers/ovn/mech_driver/ovsdb/ovsdb_monitor.py:64}}
Apr 02 13:04:46.215950 np0000162957 devstack@neutron-api.service[102312]: DEBUG neutron.plugins.ml2.drivers.ovn.mech_driver.ovsdb.ovsdb_monitor [None req-e6ff44f3-8426-43cd-8032-22fcc9e52fb4 None None] Hash Ring: Node 898d5685484e56169f7ea60ab7e1746d (host: np0000162957) handling event "create" for row 7aa5fcc4-0e32-4848-b09b-3b4007b9f7bd (table: Encap) {{(pid=102312) notify /opt/stack/neutron/neutron/plugins/ml2/drivers/ovn/mech_driver/ovsdb/ovsdb_monitor.py:912}}
Apr 02 13:04:46.218422 np0000162957 devstack@neutron-api.service[102312]: INFO neutron.plugins.ml2.drivers.ovn.mech_driver.mech_driver [None req-e6ff44f3-8426-43cd-8032-22fcc9e52fb4 None None] WorkerService process has finished the post initialization
Apr 02 13:04:46.219658 np0000162957 devstack@neutron-api.service[102312]: WSGI app 0 (mountpoint='') ready in 8 seconds on interpreter 0x71dd21aa3668 pid: 102312 (default app)
Apr 02 13:04:46.229068 np0000162957 devstack@neutron-api.service[102313]: DEBUG ovsdbapp.backend.ovs_idl [None req-0d94b000-cc39-46b2-a0c6-999a8b08d44e None None] Created lookup_table index Chassis.name {{(pid=102313) autocreate_indices /opt/stack/data/venv/lib/python3.12/site-packages/ovsdbapp/backend/ovs_idl/__init__.py:87}}
Apr 02 13:04:46.229334 np0000162957 devstack@neutron-api.service[102313]: DEBUG ovsdbapp.backend.ovs_idl [None req-0d94b000-cc39-46b2-a0c6-999a8b08d44e None None] Created lookup_table index Port_Binding.logical_port {{(pid=102313) autocreate_indices /opt/stack/data/venv/lib/python3.12/site-packages/ovsdbapp/backend/ovs_idl/__init__.py:87}}
Apr 02 13:04:46.229440 np0000162957 devstack@neutron-api.service[102313]: DEBUG ovsdbapp.backend.ovs_idl [None req-0d94b000-cc39-46b2-a0c6-999a8b08d44e None None] Created schema index Chassis_Private.name {{(pid=102313) autocreate_indices /opt/stack/data/venv/lib/python3.12/site-packages/ovsdbapp/backend/ovs_idl/__init__.py:106}}
Apr 02 13:04:46.229523 np0000162957 devstack@neutron-api.service[102313]: DEBUG ovsdbapp.backend.ovs_idl [None req-0d94b000-cc39-46b2-a0c6-999a8b08d44e None None] Created schema index Datapath_Binding.tunnel_key {{(pid=102313) autocreate_indices /opt/stack/data/venv/lib/python3.12/site-packages/ovsdbapp/backend/ovs_idl/__init__.py:106}}
Apr 02 13:04:46.233538 np0000162957 devstack@neutron-api.service[102313]: INFO ovsdbapp.backend.ovs_idl.vlog [None req-0d94b000-cc39-46b2-a0c6-999a8b08d44e None None] ssl:199.204.45.30:6642: connecting...
Apr 02 13:04:46.239681 np0000162957 devstack@neutron-api.service[102313]: INFO ovsdbapp.backend.ovs_idl.vlog [None req-0d94b000-cc39-46b2-a0c6-999a8b08d44e None None] ssl:199.204.45.30:6642: connected
Apr 02 13:04:46.269925 np0000162957 devstack@neutron-api.service[102313]: DEBUG neutron.common.ovn.hash_ring_manager [None req-0d94b000-cc39-46b2-a0c6-999a8b08d44e None None] Allow caching, nodes 4>=4 {{(pid=102313) _wait_startup_before_caching /opt/stack/neutron/neutron/common/ovn/hash_ring_manager.py:65}}
Apr 02 13:04:46.274549 np0000162957 devstack@neutron-api.service[102313]: DEBUG neutron.common.ovn.hash_ring_manager [None req-0d94b000-cc39-46b2-a0c6-999a8b08d44e None None] Hash Ring loaded. 4 active nodes. 0 offline nodes {{(pid=102313) _load_hash_ring /opt/stack/neutron/neutron/common/ovn/hash_ring_manager.py:102}}
Apr 02 13:04:46.274869 np0000162957 devstack@neutron-api.service[102313]: DEBUG neutron.plugins.ml2.drivers.ovn.mech_driver.ovsdb.ovsdb_monitor [None req-0d94b000-cc39-46b2-a0c6-999a8b08d44e None None] ChassisOVNAgentWriteEvent : Matched Chassis_Private, create, None None {{(pid=102313) matches /opt/stack/neutron/neutron/plugins/ml2/drivers/ovn/mech_driver/ovsdb/ovsdb_monitor.py:64}}
Apr 02 13:04:46.274869 np0000162957 devstack@neutron-api.service[102313]: DEBUG neutron.plugins.ml2.drivers.ovn.mech_driver.ovsdb.ovsdb_monitor [None req-0d94b000-cc39-46b2-a0c6-999a8b08d44e None None] ChassisAgentWriteEvent : Matched Chassis_Private, create, None None {{(pid=102313) matches /opt/stack/neutron/neutron/plugins/ml2/drivers/ovn/mech_driver/ovsdb/ovsdb_monitor.py:64}}
Apr 02 13:04:46.275228 np0000162957 devstack@neutron-api.service[102313]: DEBUG neutron.plugins.ml2.drivers.ovn.mech_driver.ovsdb.ovsdb_monitor [None req-0d94b000-cc39-46b2-a0c6-999a8b08d44e None None] Hash Ring: Node 453ba98aace25452a99fa6ed76763492 (host: np0000162957) handling event "create" for row c7db8fc1-42f2-4b2e-b816-9aacdc05a2ea (table: Chassis_Private) {{(pid=102313) notify /opt/stack/neutron/neutron/plugins/ml2/drivers/ovn/mech_driver/ovsdb/ovsdb_monitor.py:912}}
Apr 02 13:04:46.278009 np0000162957 devstack@neutron-api.service[102313]: INFO neutron.plugins.ml2.drivers.ovn.mech_driver.mech_driver [None req-0d94b000-cc39-46b2-a0c6-999a8b08d44e None None] WorkerService process has finished the post initialization
Apr 02 13:04:46.280019 np0000162957 devstack@neutron-api.service[102313]: WSGI app 0 (mountpoint='') ready in 8 seconds on interpreter 0x71dd21aa3668 pid: 102313 (default app)
Apr 02 13:04:46.525853 np0000162957 devstack@neutron-api.service[102310]: DEBUG neutron.common.ovn.hash_ring_manager [-] Allow caching, nodes 4>=4 {{(pid=102310) _wait_startup_before_caching /opt/stack/neutron/neutron/common/ovn/hash_ring_manager.py:65}}
Apr 02 13:04:46.526102 np0000162957 devstack@neutron-api.service[102311]: DEBUG neutron.common.ovn.hash_ring_manager [-] Allow caching, nodes 4>=4 {{(pid=102311) _wait_startup_before_caching /opt/stack/neutron/neutron/common/ovn/hash_ring_manager.py:65}}
Apr 02 13:04:46.526293 np0000162957 devstack@neutron-api.service[102311]: DEBUG neutron.plugins.ml2.drivers.ovn.mech_driver.ovsdb.ovsdb_monitor [-] Hash Ring: Node ac547cfc15ac5c58a4278c089ae83312 (host: np0000162957) handling event "update" for row 82049984-ceed-4dee-8509-68998263f2a1 (table: Connection) {{(pid=102311) notify /opt/stack/neutron/neutron/plugins/ml2/drivers/ovn/mech_driver/ovsdb/ovsdb_monitor.py:912}}
Apr 02 13:04:51.527108 np0000162957 devstack@neutron-api.service[102311]: DEBUG neutron.plugins.ml2.drivers.ovn.mech_driver.ovsdb.ovsdb_monitor [-] Hash Ring: Node ac547cfc15ac5c58a4278c089ae83312 (host: np0000162957) handling event "update" for row 82049984-ceed-4dee-8509-68998263f2a1 (table: Connection) {{(pid=102311) notify /opt/stack/neutron/neutron/plugins/ml2/drivers/ovn/mech_driver/ovsdb/ovsdb_monitor.py:912}}
Apr 02 13:04:52.840505 np0000162957 devstack@neutron-api.service[102311]: DEBUG neutron.api.wsgi [None req-5badd2cd-5cb1-438f-998d-f1d394f47a45 admin admin] Missing Content-Type {{(pid=102311) get_content_type /opt/stack/neutron/neutron/api/wsgi.py:85}}
Apr 02 13:04:52.841434 np0000162957 devstack@neutron-api.service[102311]: DEBUG neutron.api.wsgi [None req-5badd2cd-5cb1-438f-998d-f1d394f47a45 admin admin] https://199.204.45.30/networking/v2.0/extensions returned with HTTP 200 {{(pid=102311) __call__ /opt/stack/neutron/neutron/api/wsgi.py:545}}
Apr 02 13:04:52.841434 np0000162957 devstack@neutron-api.service[102311]: [pid: 102311|app: 0|req: 2/2] 199.204.45.30 () {64 vars in 1316 bytes} [Thu Apr 2 13:04:52 2026] GET /networking/v2.0/extensions => generated 15208 bytes in 275 msecs (HTTP/1.1 200) 4 headers in 159 bytes (1 switches on core 0)
Apr 02 13:04:53.265824 np0000162957 devstack@neutron-api.service[102310]: DEBUG neutron.api.v2.base [None req-0f5a5a44-c752-4b75-8dd8-4a098258be41 admin admin] Request body: {'subnetpool': {'default_prefixlen': 26, 'shared': True, 'prefixes': ['10.1.0.0/20'], 'is_default': True, 'name': 'shared-default-subnetpool-v4'}} {{(pid=102310) prepare_request_body /opt/stack/neutron/neutron/api/v2/base.py:729}}
Apr 02 13:04:53.478615 np0000162957 devstack@neutron-api.service[102310]: DEBUG neutron.policy [None req-0f5a5a44-c752-4b75-8dd8-4a098258be41 admin admin] Loaded default policies from ['neutron'] under neutron.policies entry points {{(pid=102310) register_rules /opt/stack/neutron/neutron/policy.py:65}}
Apr 02 13:04:53.628786 np0000162957 devstack@neutron-api.service[102310]: DEBUG neutron_lib.callbacks.manager [None req-0f5a5a44-c752-4b75-8dd8-4a098258be41 admin admin] Publish callbacks ['neutron.objects.securitygroup.RbacNeutronDbObjectMixin.validate_rbac_policy_change-1165953003566', 'neutron.objects.address_group.RbacNeutronDbObjectMixin.validate_rbac_policy_change-1165953029226', 'neutron.objects.network.RbacNeutronDbObjectMixin.validate_rbac_policy_change-1165953015759', 'neutron.objects.qos.policy.RbacNeutronDbObjectMixin.validate_rbac_policy_change-1165953018518', 'neutron.objects.subnetpool.RbacNeutronDbObjectMixin.validate_rbac_policy_change-1165953041133', 'neutron.objects.address_scope.RbacNeutronDbObjectMixin.validate_rbac_policy_change-1165953041694', 'neutron.plugins.ml2.plugin.External_net_db_mixin._process_ext_policy_create-155586', 'neutron.plugins.ml2.plugin.NeutronDbPluginV2.validate_network_rbac_policy_change-1876062'] for rbac-policy (None), before_create {{(pid=102310) _notify_loop /opt/stack/data/venv/lib/python3.12/site-packages/neutron_lib/callbacks/manager.py:184}}
Apr 02 13:04:53.684710 np0000162957 devstack@neutron-api.service[102310]: DEBUG neutron_lib.callbacks.manager [None req-0f5a5a44-c752-4b75-8dd8-4a098258be41 admin admin] Publish callbacks [] for subnetpool (None), before_response {{(pid=102310) _notify_loop /opt/stack/data/venv/lib/python3.12/site-packages/neutron_lib/callbacks/manager.py:184}}
Apr 02 13:04:53.685693 np0000162957 devstack@neutron-api.service[102310]: [pid: 102310|app: 0|req: 1/3] 199.204.45.30 () {68 vars in 1360 bytes} [Thu Apr 2 13:04:53 2026] POST /networking/v2.0/subnetpools => generated 533 bytes in 526 msecs (HTTP/1.1 201) 4 headers in 162 bytes (1 switches on core 0)
Apr 02 13:04:54.024925 np0000162957 devstack@neutron-api.service[102312]: DEBUG neutron.api.v2.base [None req-9e76c8c1-d1a7-4d9b-954e-ee942f74748e admin admin] Request body: {'subnetpool': {'default_prefixlen': 64, 'shared': True, 'prefixes': ['fdec:1df8:98d1::/56'], 'is_default': True, 'name': 'shared-default-subnetpool-v6'}} {{(pid=102312) prepare_request_body /opt/stack/neutron/neutron/api/v2/base.py:729}}
Apr 02 13:04:54.196078 np0000162957 devstack@neutron-api.service[102312]: DEBUG neutron.policy [None req-9e76c8c1-d1a7-4d9b-954e-ee942f74748e admin admin] Loaded default policies from ['neutron'] under neutron.policies entry points {{(pid=102312) register_rules /opt/stack/neutron/neutron/policy.py:65}}
Apr 02 13:04:54.362691 np0000162957 devstack@neutron-api.service[102312]: DEBUG neutron_lib.callbacks.manager [None req-9e76c8c1-d1a7-4d9b-954e-ee942f74748e admin admin] Publish callbacks ['neutron.objects.securitygroup.RbacNeutronDbObjectMixin.validate_rbac_policy_change-1165953003566', 'neutron.objects.address_group.RbacNeutronDbObjectMixin.validate_rbac_policy_change-1165953029226', 'neutron.objects.network.RbacNeutronDbObjectMixin.validate_rbac_policy_change-1165953015759', 'neutron.objects.qos.policy.RbacNeutronDbObjectMixin.validate_rbac_policy_change-1165953018518', 'neutron.objects.subnetpool.RbacNeutronDbObjectMixin.validate_rbac_policy_change-1165953041133', 'neutron.objects.address_scope.RbacNeutronDbObjectMixin.validate_rbac_policy_change-1165953041694', 'neutron.plugins.ml2.plugin.External_net_db_mixin._process_ext_policy_create-8129401', 'neutron.plugins.ml2.plugin.NeutronDbPluginV2.validate_network_rbac_policy_change-8133273'] for rbac-policy (None), before_create {{(pid=102312) _notify_loop /opt/stack/data/venv/lib/python3.12/site-packages/neutron_lib/callbacks/manager.py:184}}
Apr 02 13:04:54.405832 np0000162957 devstack@neutron-api.service[102312]: DEBUG neutron_lib.callbacks.manager [None req-9e76c8c1-d1a7-4d9b-954e-ee942f74748e admin admin] Publish callbacks [] for subnetpool (None), before_response {{(pid=102312) _notify_loop /opt/stack/data/venv/lib/python3.12/site-packages/neutron_lib/callbacks/manager.py:184}}
Apr 02 13:04:54.406755 np0000162957 devstack@neutron-api.service[102312]: [pid: 102312|app: 0|req: 1/4] 199.204.45.30 () {68 vars in 1360 bytes} [Thu Apr 2 13:04:53 2026] POST /networking/v2.0/subnetpools => generated 543 bytes in 489 msecs (HTTP/1.1 201) 4 headers in 162 bytes (1 switches on core 0)
Apr 02 13:04:54.819565 np0000162957 devstack@neutron-api.service[102313]: DEBUG neutron.api.v2.base [None req-d36e2880-3726-4d81-acd7-40a85066cdf9 admin admin] Request body: {'network': {'name': 'private', 'admin_state_up': True}} {{(pid=102313) prepare_request_body /opt/stack/neutron/neutron/api/v2/base.py:729}}
Apr 02 13:04:54.845221 np0000162957 devstack@neutron-api.service[102313]: DEBUG neutron.pecan_wsgi.hooks.quota_enforcement [None req-d36e2880-3726-4d81-acd7-40a85066cdf9 admin admin] Made reservation on behalf of c1badbd825d34d4ebf41127a2841d54c for: {'network': 1} {{(pid=102313) before /opt/stack/neutron/neutron/pecan_wsgi/hooks/quota_enforcement.py:66}}
Apr 02 13:04:55.016253 np0000162957 devstack@neutron-api.service[102313]: DEBUG neutron.policy [None req-d36e2880-3726-4d81-acd7-40a85066cdf9 admin admin] Loaded default policies from ['neutron'] under neutron.policies entry points {{(pid=102313) register_rules /opt/stack/neutron/neutron/policy.py:65}}
Apr 02 13:04:55.116897 np0000162957 devstack@neutron-api.service[102313]: DEBUG neutron_lib.callbacks.manager [None req-d36e2880-3726-4d81-acd7-40a85066cdf9 admin admin] Publish callbacks ['neutron.plugins.ml2.plugin.SecurityGroupDbMixin._ensure_default_security_group_handler-1929562'] for network (None), before_create {{(pid=102313) _notify_loop /opt/stack/data/venv/lib/python3.12/site-packages/neutron_lib/callbacks/manager.py:184}}
Apr 02 13:04:55.137014 np0000162957 devstack@neutron-api.service[102313]: DEBUG neutron_lib.callbacks.manager [None req-d36e2880-3726-4d81-acd7-40a85066cdf9 admin admin] Publish callbacks [] for security_group (None), before_create {{(pid=102313) _notify_loop /opt/stack/data/venv/lib/python3.12/site-packages/neutron_lib/callbacks/manager.py:184}}
Apr 02 13:04:55.228576 np0000162957 devstack@neutron-api.service[102313]: DEBUG neutron_lib.callbacks.manager [None req-d36e2880-3726-4d81-acd7-40a85066cdf9 admin admin] Publish callbacks ['neutron.plugins.ml2.drivers.ovn.mech_driver.mech_driver.OVNMechanismDriver._create_security_group_precommit-497007'] for security_group (af0db271-f513-4209-af1a-4b3ff75b535e), precommit_create {{(pid=102313) _notify_loop /opt/stack/data/venv/lib/python3.12/site-packages/neutron_lib/callbacks/manager.py:184}}
Apr 02 13:04:55.228907 np0000162957 devstack@neutron-api.service[102313]: DEBUG neutron.db.ovn_revision_numbers_db [None req-d36e2880-3726-4d81-acd7-40a85066cdf9 admin admin] create_initial_revision uuid=af0db271-f513-4209-af1a-4b3ff75b535e, type=security_groups, rev=-1 {{(pid=102313) create_initial_revision /opt/stack/neutron/neutron/db/ovn_revision_numbers_db.py:98}}
Apr 02 13:04:55.231791 np0000162957 devstack@neutron-api.service[102313]: DEBUG neutron.db.ovn_revision_numbers_db [None req-d36e2880-3726-4d81-acd7-40a85066cdf9 admin admin] create_initial_revision uuid=05158b65-74c0-4156-acd9-88a4a2ce7bb2, type=security_group_rules, rev=-1 {{(pid=102313) create_initial_revision /opt/stack/neutron/neutron/db/ovn_revision_numbers_db.py:98}}
Apr 02 13:04:55.232992 np0000162957 devstack@neutron-api.service[102313]: DEBUG neutron.db.ovn_revision_numbers_db [None req-d36e2880-3726-4d81-acd7-40a85066cdf9 admin admin] create_initial_revision uuid=48fb1a1e-5437-45cc-9435-656ff9061678, type=security_group_rules, rev=-1 {{(pid=102313) create_initial_revision /opt/stack/neutron/neutron/db/ovn_revision_numbers_db.py:98}}
Apr 02 13:04:55.234209 np0000162957 devstack@neutron-api.service[102313]: DEBUG neutron.db.ovn_revision_numbers_db [None req-d36e2880-3726-4d81-acd7-40a85066cdf9 admin admin] create_initial_revision uuid=cc3b3fdd-b48f-485a-be45-3a11bc8370b2, type=security_group_rules, rev=-1 {{(pid=102313) create_initial_revision /opt/stack/neutron/neutron/db/ovn_revision_numbers_db.py:98}}
Apr 02 13:04:55.235478 np0000162957 devstack@neutron-api.service[102313]: DEBUG neutron.db.ovn_revision_numbers_db [None req-d36e2880-3726-4d81-acd7-40a85066cdf9 admin admin] create_initial_revision uuid=d702e78c-95d3-4976-89ae-6144bfcda7b7, type=security_group_rules, rev=-1 {{(pid=102313) create_initial_revision /opt/stack/neutron/neutron/db/ovn_revision_numbers_db.py:98}}
Apr 02 13:04:55.244682 np0000162957 devstack@neutron-api.service[102313]: DEBUG neutron_lib.callbacks.manager [None req-d36e2880-3726-4d81-acd7-40a85066cdf9 admin admin] Publish callbacks ['neutron.plugins.ml2.drivers.ovn.mech_driver.mech_driver.OVNMechanismDriver._create_security_group-496993', 'neutron.plugins.ml2.ovo_rpc._ObjectChangeHandler.handle_event-3828767'] for security_group (af0db271-f513-4209-af1a-4b3ff75b535e), after_create {{(pid=102313) _notify_loop /opt/stack/data/venv/lib/python3.12/site-packages/neutron_lib/callbacks/manager.py:184}}
Apr 02 13:04:55.245122 np0000162957 devstack@neutron-api.service[102313]: INFO neutron.plugins.ml2.drivers.ovn.mech_driver.ovsdb.extensions.qos [None req-d36e2880-3726-4d81-acd7-40a85066cdf9 admin admin] Starting OVNClientQosExtension
Apr 02 13:04:55.245208 np0000162957 devstack@neutron-api.service[102313]: INFO neutron.plugins.ml2.drivers.ovn.mech_driver.ovsdb.extensions.placement [None req-d36e2880-3726-4d81-acd7-40a85066cdf9 admin admin] Starting OVNClientPlacementExtension
Apr 02 13:04:55.247195 np0000162957 devstack@neutron-api.service[102313]: DEBUG ovsdbapp.backend.ovs_idl.transaction [-] Running txn n=1 command(idx=0): PgAddCommand(_result=None, name=pg_af0db271_f513_4209_af1a_4b3ff75b535e, may_exist=False, columns={'acls': [], 'external_ids': {'neutron:security_group_id': 'af0db271-f513-4209-af1a-4b3ff75b535e'}}) {{(pid=102313) do_commit /opt/stack/data/venv/lib/python3.12/site-packages/ovsdbapp/backend/ovs_idl/transaction.py:89}}
Apr 02 13:04:55.249402 np0000162957 devstack@neutron-api.service[102313]: DEBUG ovsdbapp.backend.ovs_idl.transaction [-] Running txn n=1 command(idx=1): PgAclAddCommand(_result=None, entity=pg_af0db271_f513_4209_af1a_4b3ff75b535e, direction=to-lport, priority=1002, match=outport == @pg_af0db271_f513_4209_af1a_4b3ff75b535e && ip6 && ip6.src == $pg_af0db271_f513_4209_af1a_4b3ff75b535e_ip6, action=allow-related, log=False, may_exist=True, severity=[], name=[], meter=[], external_ids={'neutron:security_group_rule_id': '05158b65-74c0-4156-acd9-88a4a2ce7bb2'}) {{(pid=102313) do_commit /opt/stack/data/venv/lib/python3.12/site-packages/ovsdbapp/backend/ovs_idl/transaction.py:89}}
Apr 02 13:04:55.250372 np0000162957 devstack@neutron-api.service[102313]: DEBUG ovsdbapp.backend.ovs_idl.transaction [-] Running txn n=1 command(idx=2): PgAclAddCommand(_result=None, entity=pg_af0db271_f513_4209_af1a_4b3ff75b535e, direction=from-lport, priority=1002, match=inport == @pg_af0db271_f513_4209_af1a_4b3ff75b535e && ip4, action=allow-related, log=False, may_exist=True, severity=[], name=[], meter=[], external_ids={'neutron:security_group_rule_id': '48fb1a1e-5437-45cc-9435-656ff9061678'}) {{(pid=102313) do_commit /opt/stack/data/venv/lib/python3.12/site-packages/ovsdbapp/backend/ovs_idl/transaction.py:89}}
Apr 02 13:04:55.250892 np0000162957 devstack@neutron-api.service[102313]: DEBUG ovsdbapp.backend.ovs_idl.transaction [-] Running txn n=1 command(idx=3): PgAclAddCommand(_result=None, entity=pg_af0db271_f513_4209_af1a_4b3ff75b535e, direction=from-lport, priority=1002, match=inport == @pg_af0db271_f513_4209_af1a_4b3ff75b535e && ip6, action=allow-related, log=False, may_exist=True, severity=[], name=[], meter=[], external_ids={'neutron:security_group_rule_id': 'cc3b3fdd-b48f-485a-be45-3a11bc8370b2'}) {{(pid=102313) do_commit /opt/stack/data/venv/lib/python3.12/site-packages/ovsdbapp/backend/ovs_idl/transaction.py:89}}
Apr 02 13:04:55.251379 np0000162957 devstack@neutron-api.service[102313]: DEBUG ovsdbapp.backend.ovs_idl.transaction [-] Running txn n=1 command(idx=4): PgAclAddCommand(_result=None, entity=pg_af0db271_f513_4209_af1a_4b3ff75b535e, direction=to-lport, priority=1002, match=outport == @pg_af0db271_f513_4209_af1a_4b3ff75b535e && ip4 && ip4.src == $pg_af0db271_f513_4209_af1a_4b3ff75b535e_ip4, action=allow-related, log=False, may_exist=True, severity=[], name=[], meter=[], external_ids={'neutron:security_group_rule_id': 'd702e78c-95d3-4976-89ae-6144bfcda7b7'}) {{(pid=102313) do_commit /opt/stack/data/venv/lib/python3.12/site-packages/ovsdbapp/backend/ovs_idl/transaction.py:89}}
Apr 02 13:04:55.260004 np0000162957 devstack@neutron-api.service[102310]: DEBUG neutron.plugins.ml2.drivers.ovn.mech_driver.ovsdb.ovsdb_monitor [-] Hash Ring: Node 1b217e5ea81f5ef99bef1cf7c989b51f (host: np0000162957) handling event "create" for row 82055f7a-95ed-4f16-9131-f063112ebd30 (table: ACL) {{(pid=102310) notify /opt/stack/neutron/neutron/plugins/ml2/drivers/ovn/mech_driver/ovsdb/ovsdb_monitor.py:912}}
Apr 02 13:04:55.260455 np0000162957 devstack@neutron-api.service[102310]: DEBUG neutron.plugins.ml2.drivers.ovn.mech_driver.ovsdb.ovsdb_monitor [-] Hash Ring: Node 1b217e5ea81f5ef99bef1cf7c989b51f (host: np0000162957) handling event "create" for row dfd69e8a-f1c9-4029-a081-fd8c2cb40143 (table: ACL) {{(pid=102310) notify /opt/stack/neutron/neutron/plugins/ml2/drivers/ovn/mech_driver/ovsdb/ovsdb_monitor.py:912}}
Apr 02 13:04:55.261145 np0000162957 devstack@neutron-api.service[102311]: DEBUG neutron.plugins.ml2.drivers.ovn.mech_driver.ovsdb.ovsdb_monitor [-] Hash Ring: Node ac547cfc15ac5c58a4278c089ae83312 (host: np0000162957) handling event "create" for row 4c3964fd-6054-44b8-80ea-b6219b3b1cc0 (table: ACL) {{(pid=102311) notify /opt/stack/neutron/neutron/plugins/ml2/drivers/ovn/mech_driver/ovsdb/ovsdb_monitor.py:912}}
Apr 02 13:04:55.261515 np0000162957 devstack@neutron-api.service[102311]: DEBUG neutron.plugins.ml2.drivers.ovn.mech_driver.ovsdb.ovsdb_monitor [-] Hash Ring: Node ac547cfc15ac5c58a4278c089ae83312 (host: np0000162957) handling event "create" for row 82055f7a-95ed-4f16-9131-f063112ebd30 (table: ACL) {{(pid=102311) notify /opt/stack/neutron/neutron/plugins/ml2/drivers/ovn/mech_driver/ovsdb/ovsdb_monitor.py:912}}
Apr 02 13:04:55.261788 np0000162957 devstack@neutron-api.service[102311]: DEBUG neutron.plugins.ml2.drivers.ovn.mech_driver.ovsdb.ovsdb_monitor [-] Hash Ring: Node ac547cfc15ac5c58a4278c089ae83312 (host: np0000162957) handling event "create" for row c8fcb66a-8a35-4281-951d-2e540c0a0907 (table: ACL) {{(pid=102311) notify /opt/stack/neutron/neutron/plugins/ml2/drivers/ovn/mech_driver/ovsdb/ovsdb_monitor.py:912}}
Apr 02 13:04:55.262115 np0000162957 devstack@neutron-api.service[102311]: DEBUG neutron.plugins.ml2.drivers.ovn.mech_driver.ovsdb.ovsdb_monitor [-] Hash Ring: Node ac547cfc15ac5c58a4278c089ae83312 (host: np0000162957) handling event "create" for row dfd69e8a-f1c9-4029-a081-fd8c2cb40143 (table: ACL) {{(pid=102311) notify /opt/stack/neutron/neutron/plugins/ml2/drivers/ovn/mech_driver/ovsdb/ovsdb_monitor.py:912}}
Apr 02 13:04:55.262511 np0000162957 devstack@neutron-api.service[102311]: DEBUG neutron.plugins.ml2.drivers.ovn.mech_driver.ovsdb.ovsdb_monitor [-] Hash Ring: Node ac547cfc15ac5c58a4278c089ae83312 (host: np0000162957) handling event "create" for row 772fc064-74f1-4793-8b95-a4a35628a84e (table: Port_Group) {{(pid=102311) notify /opt/stack/neutron/neutron/plugins/ml2/drivers/ovn/mech_driver/ovsdb/ovsdb_monitor.py:912}}
Apr 02 13:04:55.287686 np0000162957 devstack@neutron-api.service[102313]: INFO neutron.db.ovn_revision_numbers_db [None req-d36e2880-3726-4d81-acd7-40a85066cdf9 admin admin] Successfully bumped revision number for resource af0db271-f513-4209-af1a-4b3ff75b535e (type: security_groups) to 1
Apr 02 13:04:55.305266 np0000162957 devstack@neutron-api.service[102313]: INFO neutron.db.ovn_revision_numbers_db [None req-d36e2880-3726-4d81-acd7-40a85066cdf9 admin admin] Successfully bumped revision number for resource 05158b65-74c0-4156-acd9-88a4a2ce7bb2 (type: security_group_rules) to 0
Apr 02 13:04:55.317836 np0000162957 devstack@neutron-api.service[102313]: INFO neutron.db.ovn_revision_numbers_db [None req-d36e2880-3726-4d81-acd7-40a85066cdf9 admin admin] Successfully bumped revision number for resource 48fb1a1e-5437-45cc-9435-656ff9061678 (type: security_group_rules) to 0
Apr 02 13:04:55.330322 np0000162957 devstack@neutron-api.service[102313]: INFO neutron.db.ovn_revision_numbers_db [None req-d36e2880-3726-4d81-acd7-40a85066cdf9 admin admin] Successfully bumped revision number for resource cc3b3fdd-b48f-485a-be45-3a11bc8370b2 (type: security_group_rules) to 0
Apr 02 13:04:55.342888 np0000162957 devstack@neutron-api.service[102313]: INFO neutron.db.ovn_revision_numbers_db [None req-d36e2880-3726-4d81-acd7-40a85066cdf9 admin admin] Successfully bumped revision number for resource d702e78c-95d3-4976-89ae-6144bfcda7b7 (type: security_group_rules) to 0
Apr 02 13:04:55.369635 np0000162957 devstack@neutron-api.service[102313]: DEBUG neutron.api.rpc.handlers.resources_rpc [None req-d36e2880-3726-4d81-acd7-40a85066cdf9 admin admin] Pushing event updated for resources: {'SecurityGroup': ['ID=af0db271-f513-4209-af1a-4b3ff75b535e,revision_number=1']} {{(pid=102313) push /opt/stack/neutron/neutron/api/rpc/handlers/resources_rpc.py:237}}
Apr 02 13:04:55.377266 np0000162957 devstack@neutron-api.service[102313]: DEBUG ovsdbapp.backend.ovs_idl.transaction [-] Running txn n=1 command(idx=0): CheckLivenessCommand(_result=None) {{(pid=102313) do_commit /opt/stack/data/venv/lib/python3.12/site-packages/ovsdbapp/backend/ovs_idl/transaction.py:89}}
Apr 02 13:04:55.380176 np0000162957 devstack@neutron-api.service[102313]: DEBUG neutron.plugins.ml2.drivers.ovn.mech_driver.ovsdb.ovsdb_monitor [-] Hash Ring: Node 453ba98aace25452a99fa6ed76763492 (host: np0000162957) handling event "update" for row 7582674d-fdb5-4f2a-a1c2-75123300672d (table: NB_Global) {{(pid=102313) notify /opt/stack/neutron/neutron/plugins/ml2/drivers/ovn/mech_driver/ovsdb/ovsdb_monitor.py:912}}
Apr 02 13:04:55.382589 np0000162957 devstack@neutron-api.service[102311]: DEBUG neutron.plugins.ml2.drivers.ovn.mech_driver.ovsdb.ovsdb_monitor [-] Hash Ring: Node ac547cfc15ac5c58a4278c089ae83312 (host: np0000162957) handling event "update" for row 7582674d-fdb5-4f2a-a1c2-75123300672d (table: NB_Global) {{(pid=102311) notify /opt/stack/neutron/neutron/plugins/ml2/drivers/ovn/mech_driver/ovsdb/ovsdb_monitor.py:912}}
Apr 02 13:04:55.384137 np0000162957 devstack@neutron-api.service[102313]: DEBUG neutron.api.rpc.callbacks.version_manager [None req-d36e2880-3726-4d81-acd7-40a85066cdf9 admin admin] Tracked resource versions report:
Apr 02 13:04:55.384137 np0000162957 devstack@neutron-api.service[102313]: pushed versions:
Apr 02 13:04:55.384137 np0000162957 devstack@neutron-api.service[102313]: { 'AddressGroup': {'1.2'},
Apr 02 13:04:55.384137 np0000162957 devstack@neutron-api.service[102313]: 'Agent': {'1.1'},
Apr 02 13:04:55.384137 np0000162957 devstack@neutron-api.service[102313]: 'ConntrackHelper': {'1.0'},
Apr 02 13:04:55.384137 np0000162957 devstack@neutron-api.service[102313]: 'LocalIPAssociation': {'1.0'},
Apr 02 13:04:55.384137 np0000162957 devstack@neutron-api.service[102313]: 'Log': {'1.0'},
Apr 02 13:04:55.384137 np0000162957 devstack@neutron-api.service[102313]: 'NDPProxy': {'1.0'},
Apr 02 13:04:55.384137 np0000162957 devstack@neutron-api.service[102313]: 'Network': {'1.2'},
Apr 02 13:04:55.384137 np0000162957 devstack@neutron-api.service[102313]: 'Port': {'1.10'},
Apr 02 13:04:55.384137 np0000162957 devstack@neutron-api.service[102313]: 'PortForwarding': {'1.3'},
Apr 02 13:04:55.384137 np0000162957 devstack@neutron-api.service[102313]: 'QosPolicy': {'1.10'},
Apr 02 13:04:55.384137 np0000162957 devstack@neutron-api.service[102313]: 'SecurityGroup': {'1.6'},
Apr 02 13:04:55.384137 np0000162957 devstack@neutron-api.service[102313]: 'SecurityGroupRule': {'1.3'},
Apr 02 13:04:55.384137 np0000162957 devstack@neutron-api.service[102313]: 'SubPort': {'1.0'},
Apr 02 13:04:55.384137 np0000162957 devstack@neutron-api.service[102313]: 'Subnet': {'1.2'},
Apr 02 13:04:55.384137 np0000162957 devstack@neutron-api.service[102313]: 'Trunk': {'1.1'}}
Apr 02 13:04:55.384137 np0000162957 devstack@neutron-api.service[102313]: consumer versions:
Apr 02 13:04:55.384137 np0000162957 devstack@neutron-api.service[102313]: {}
Apr 02 13:04:55.384137 np0000162957 devstack@neutron-api.service[102313]: {{(pid=102313) report /opt/stack/neutron/neutron/api/rpc/callbacks/version_manager.py:183}}
Apr 02 13:04:55.385193 np0000162957 devstack@neutron-api.service[102311]: DEBUG neutron.plugins.ml2.drivers.ovn.mech_driver.ovsdb.ovsdb_monitor [-] ChassisAgentWriteEvent : Matched Chassis_Private, update, None None {{(pid=102311) matches /opt/stack/neutron/neutron/plugins/ml2/drivers/ovn/mech_driver/ovsdb/ovsdb_monitor.py:64}}
Apr 02 13:04:55.385638 np0000162957 devstack@neutron-api.service[102310]: DEBUG neutron.plugins.ml2.drivers.ovn.mech_driver.ovsdb.ovsdb_monitor [-] ChassisAgentWriteEvent : Matched Chassis_Private, update, None None {{(pid=102310) matches /opt/stack/neutron/neutron/plugins/ml2/drivers/ovn/mech_driver/ovsdb/ovsdb_monitor.py:64}}
Apr 02 13:04:55.386540 np0000162957 devstack@neutron-api.service[102312]: DEBUG neutron.plugins.ml2.drivers.ovn.mech_driver.ovsdb.ovsdb_monitor [-] ChassisAgentWriteEvent : Matched Chassis_Private, update, None None {{(pid=102312) matches /opt/stack/neutron/neutron/plugins/ml2/drivers/ovn/mech_driver/ovsdb/ovsdb_monitor.py:64}}
Apr 02 13:04:55.387784 np0000162957 devstack@neutron-api.service[102311]: DEBUG neutron.plugins.ml2.drivers.ovn.mech_driver.ovsdb.ovsdb_monitor [-] Hash Ring: Node ac547cfc15ac5c58a4278c089ae83312 (host: np0000162957) handling event "update" for row 7582674d-fdb5-4f2a-a1c2-75123300672d (table: NB_Global) {{(pid=102311) notify /opt/stack/neutron/neutron/plugins/ml2/drivers/ovn/mech_driver/ovsdb/ovsdb_monitor.py:912}}
Apr 02 13:04:55.389485 np0000162957 devstack@neutron-api.service[102311]: DEBUG neutron.plugins.ml2.drivers.ovn.mech_driver.ovsdb.ovsdb_monitor [-] Hash Ring: Node ac547cfc15ac5c58a4278c089ae83312 (host: np0000162957) handling event "update" for row 7582674d-fdb5-4f2a-a1c2-75123300672d (table: NB_Global) {{(pid=102311) notify /opt/stack/neutron/neutron/plugins/ml2/drivers/ovn/mech_driver/ovsdb/ovsdb_monitor.py:912}}
Apr 02 13:04:55.389928 np0000162957 devstack@neutron-api.service[102311]: DEBUG neutron.plugins.ml2.drivers.ovn.mech_driver.ovsdb.ovsdb_monitor [-] Hash Ring: Node ac547cfc15ac5c58a4278c089ae83312 (host: np0000162957) handling event "update" for row 7582674d-fdb5-4f2a-a1c2-75123300672d (table: NB_Global) {{(pid=102311) notify /opt/stack/neutron/neutron/plugins/ml2/drivers/ovn/mech_driver/ovsdb/ovsdb_monitor.py:912}}
Apr 02 13:04:55.390261 np0000162957 devstack@neutron-api.service[102313]: DEBUG neutron.plugins.ml2.drivers.ovn.mech_driver.ovsdb.ovsdb_monitor [-] Hash Ring: Node 453ba98aace25452a99fa6ed76763492 (host: np0000162957) handling event "update" for row 7582674d-fdb5-4f2a-a1c2-75123300672d (table: NB_Global) {{(pid=102313) notify /opt/stack/neutron/neutron/plugins/ml2/drivers/ovn/mech_driver/ovsdb/ovsdb_monitor.py:912}}
Apr 02 13:04:55.391574 np0000162957 devstack@neutron-api.service[102311]: DEBUG neutron.common.ovn.hash_ring_manager [-] Allow caching, nodes 4>=4 {{(pid=102311) _wait_startup_before_caching /opt/stack/neutron/neutron/common/ovn/hash_ring_manager.py:65}}
Apr 02 13:04:55.391768 np0000162957 devstack@neutron-api.service[102311]: DEBUG neutron.plugins.ml2.drivers.ovn.mech_driver.ovsdb.ovsdb_monitor [-] Hash Ring: Node ac547cfc15ac5c58a4278c089ae83312 (host: np0000162957) handling event "update" for row c7db8fc1-42f2-4b2e-b816-9aacdc05a2ea (table: Chassis_Private) {{(pid=102311) notify /opt/stack/neutron/neutron/plugins/ml2/drivers/ovn/mech_driver/ovsdb/ovsdb_monitor.py:912}}
Apr 02 13:04:55.391852 np0000162957 devstack@neutron-api.service[102313]: DEBUG neutron.plugins.ml2.drivers.ovn.mech_driver.ovsdb.ovsdb_monitor [-] ChassisAgentWriteEvent : Matched Chassis_Private, update, None None {{(pid=102313) matches /opt/stack/neutron/neutron/plugins/ml2/drivers/ovn/mech_driver/ovsdb/ovsdb_monitor.py:64}}
Apr 02 13:04:55.392102 np0000162957 devstack@neutron-api.service[102313]: DEBUG neutron.plugins.ml2.drivers.ovn.mech_driver.ovsdb.ovsdb_monitor [-] Hash Ring: Node 453ba98aace25452a99fa6ed76763492 (host: np0000162957) handling event "update" for row c7db8fc1-42f2-4b2e-b816-9aacdc05a2ea (table: Chassis_Private) {{(pid=102313) notify /opt/stack/neutron/neutron/plugins/ml2/drivers/ovn/mech_driver/ovsdb/ovsdb_monitor.py:912}}
Apr 02 13:04:55.392357 np0000162957 devstack@neutron-api.service[102312]: DEBUG neutron.plugins.ml2.drivers.ovn.mech_driver.ovsdb.ovsdb_monitor [-] ChassisOVNAgentWriteEvent : Matched Chassis_Private, update, None None {{(pid=102312) matches /opt/stack/neutron/neutron/plugins/ml2/drivers/ovn/mech_driver/ovsdb/ovsdb_monitor.py:64}}
Apr 02 13:04:55.393211 np0000162957 devstack@neutron-api.service[102311]: DEBUG neutron.plugins.ml2.drivers.ovn.mech_driver.ovsdb.ovsdb_monitor [-] ChassisOVNAgentWriteEvent : Matched Chassis_Private, update, None None {{(pid=102311) matches /opt/stack/neutron/neutron/plugins/ml2/drivers/ovn/mech_driver/ovsdb/ovsdb_monitor.py:64}}
Apr 02 13:04:55.393211 np0000162957 devstack@neutron-api.service[102311]: DEBUG neutron.plugins.ml2.drivers.ovn.mech_driver.ovsdb.ovsdb_monitor [-] Hash Ring: Node ac547cfc15ac5c58a4278c089ae83312 (host: np0000162957) handling event "update" for row c7db8fc1-42f2-4b2e-b816-9aacdc05a2ea (table: Chassis_Private) {{(pid=102311) notify /opt/stack/neutron/neutron/plugins/ml2/drivers/ovn/mech_driver/ovsdb/ovsdb_monitor.py:912}}
Apr 02 13:04:55.395046 np0000162957 devstack@neutron-api.service[102310]: DEBUG neutron.plugins.ml2.drivers.ovn.mech_driver.ovsdb.ovsdb_monitor [-] ChassisOVNAgentWriteEvent : Matched Chassis_Private, update, None None {{(pid=102310) matches /opt/stack/neutron/neutron/plugins/ml2/drivers/ovn/mech_driver/ovsdb/ovsdb_monitor.py:64}}
Apr 02 13:04:55.395847 np0000162957 devstack@neutron-api.service[102313]: DEBUG neutron.plugins.ml2.drivers.ovn.mech_driver.ovsdb.ovsdb_monitor [-] ChassisOVNAgentWriteEvent : Matched Chassis_Private, update, None None {{(pid=102313) matches /opt/stack/neutron/neutron/plugins/ml2/drivers/ovn/mech_driver/ovsdb/ovsdb_monitor.py:64}}
Apr 02 13:04:55.396290 np0000162957 devstack@neutron-api.service[102313]: DEBUG neutron.plugins.ml2.drivers.ovn.mech_driver.ovsdb.ovsdb_monitor [-] Hash Ring: Node 453ba98aace25452a99fa6ed76763492 (host: np0000162957) handling event "update" for row c7db8fc1-42f2-4b2e-b816-9aacdc05a2ea (table: Chassis_Private) {{(pid=102313) notify /opt/stack/neutron/neutron/plugins/ml2/drivers/ovn/mech_driver/ovsdb/ovsdb_monitor.py:912}}
Apr 02 13:04:55.397042 np0000162957 devstack@neutron-api.service[102313]: DEBUG neutron.plugins.ml2.drivers.ovn.mech_driver.ovsdb.ovsdb_monitor [-] Hash Ring: Node 453ba98aace25452a99fa6ed76763492 (host: np0000162957) handling event "update" for row 7582674d-fdb5-4f2a-a1c2-75123300672d (table: NB_Global) {{(pid=102313) notify /opt/stack/neutron/neutron/plugins/ml2/drivers/ovn/mech_driver/ovsdb/ovsdb_monitor.py:912}}
Apr 02 13:04:55.399845 np0000162957 devstack@neutron-api.service[102313]: DEBUG neutron.plugins.ml2.drivers.ovn.mech_driver.ovsdb.ovsdb_monitor [-] Hash Ring: Node 453ba98aace25452a99fa6ed76763492 (host: np0000162957) handling event "update" for row 7582674d-fdb5-4f2a-a1c2-75123300672d (table: NB_Global) {{(pid=102313) notify /opt/stack/neutron/neutron/plugins/ml2/drivers/ovn/mech_driver/ovsdb/ovsdb_monitor.py:912}}
Apr 02 13:04:55.463687 np0000162957 devstack@neutron-api.service[102313]: DEBUG neutron.plugins.ml2.drivers.helpers [None req-d36e2880-3726-4d81-acd7-40a85066cdf9 admin admin] geneve segment allocate from pool success with {'geneve_vni': 529} {{(pid=102313) allocate_partially_specified_segment /opt/stack/neutron/neutron/plugins/ml2/drivers/helpers.py:142}}
Apr 02 13:04:55.478798 np0000162957 devstack@neutron-api.service[102313]: DEBUG neutron_lib.callbacks.manager [None req-d36e2880-3726-4d81-acd7-40a85066cdf9 admin admin] Publish callbacks ['neutron.services.segments.db._add_segment_host_mapping_for_segment-7824653397026', 'neutron.plugins.ml2.plugin.Ml2Plugin._handle_segment_change-70484'] for segment (8e966776-63ef-4cb4-a49d-ad53b2a4e48b), precommit_create {{(pid=102313) _notify_loop /opt/stack/data/venv/lib/python3.12/site-packages/neutron_lib/callbacks/manager.py:184}}
Apr 02 13:04:55.479031 np0000162957 devstack@neutron-api.service[102313]: INFO neutron.db.segments_db [None req-d36e2880-3726-4d81-acd7-40a85066cdf9 admin admin] Added segment 8e966776-63ef-4cb4-a49d-ad53b2a4e48b of type geneve for network b0fc5b36-3ee0-4d59-93fd-fe1785ac5e82
Apr 02 13:04:55.535311 np0000162957 devstack@neutron-api.service[102313]: DEBUG neutron_lib.callbacks.manager [None req-d36e2880-3726-4d81-acd7-40a85066cdf9 admin admin] Publish callbacks ['neutron.services.auto_allocate.db._ensure_external_network_default_value_callback-7824652152392'] for network (b0fc5b36-3ee0-4d59-93fd-fe1785ac5e82), precommit_create {{(pid=102313) _notify_loop /opt/stack/data/venv/lib/python3.12/site-packages/neutron_lib/callbacks/manager.py:184}}
Apr 02 13:04:55.568816 np0000162957 devstack@neutron-api.service[102313]: DEBUG neutron.plugins.ml2.drivers.ovn.mech_driver.mech_driver [None req-d36e2880-3726-4d81-acd7-40a85066cdf9 admin admin] Validating network segment with type geneve, segmentation ID 529, physical network None {{(pid=102313) _validate_network_segments /opt/stack/neutron/neutron/plugins/ml2/drivers/ovn/mech_driver/mech_driver.py:631}}
Apr 02 13:04:55.569019 np0000162957 devstack@neutron-api.service[102313]: DEBUG neutron.db.ovn_revision_numbers_db [None req-d36e2880-3726-4d81-acd7-40a85066cdf9 admin admin] create_initial_revision uuid=b0fc5b36-3ee0-4d59-93fd-fe1785ac5e82, type=networks, rev=-1 {{(pid=102313) create_initial_revision /opt/stack/neutron/neutron/db/ovn_revision_numbers_db.py:98}}
Apr 02 13:04:55.586634 np0000162957 devstack@neutron-api.service[102313]: DEBUG neutron_lib.callbacks.manager [None req-d36e2880-3726-4d81-acd7-40a85066cdf9 admin admin] Publish callbacks ['neutron.plugins.ml2.ovo_rpc._ObjectChangeHandler.handle_event-3828754'] for network (b0fc5b36-3ee0-4d59-93fd-fe1785ac5e82), after_create {{(pid=102313) _notify_loop /opt/stack/data/venv/lib/python3.12/site-packages/neutron_lib/callbacks/manager.py:184}}
Apr 02 13:04:55.634854 np0000162957 devstack@neutron-api.service[102313]: DEBUG neutron.api.rpc.handlers.resources_rpc [None req-d36e2880-3726-4d81-acd7-40a85066cdf9 admin admin] Pushing event updated for resources: {'Network': ['ID=b0fc5b36-3ee0-4d59-93fd-fe1785ac5e82,revision_number=1']} {{(pid=102313) push /opt/stack/neutron/neutron/api/rpc/handlers/resources_rpc.py:237}}
Apr 02 13:04:55.644416 np0000162957 devstack@neutron-api.service[102313]: DEBUG ovsdbapp.backend.ovs_idl.transaction [-] Running txn n=1 command(idx=0): AddNetworkCommand(_result=None, network_uuid=b0fc5b36-3ee0-4d59-93fd-fe1785ac5e82, may_exist=True, columns={'external_ids': {'neutron:network_name': 'private', 'neutron:mtu': '1372', 'neutron:revision_number': '1', 'neutron:availability_zone_hints': '', 'neutron:provnet-network-type': 'geneve'}, 'other_config': {'mcast_snoop': 'false', 'mcast_flood_unregistered': 'false', 'vlan-passthru': 'false'}}) {{(pid=102313) do_commit /opt/stack/data/venv/lib/python3.12/site-packages/ovsdbapp/backend/ovs_idl/transaction.py:89}}
Apr 02 13:04:55.645418 np0000162957 devstack@neutron-api.service[102313]: DEBUG neutron.common.ovn.utils [-] OVS persist_uuid supported=True {{(pid=102313) ovs_persist_uuid_supported /opt/stack/neutron/neutron/common/ovn/utils.py:1535}}
Apr 02 13:04:55.648955 np0000162957 devstack@neutron-api.service[102313]: DEBUG neutron.plugins.ml2.drivers.ovn.mech_driver.ovsdb.ovsdb_monitor [-] Hash Ring: Node 453ba98aace25452a99fa6ed76763492 (host: np0000162957) handling event "create" for row b0fc5b36-3ee0-4d59-93fd-fe1785ac5e82 (table: Logical_Switch) {{(pid=102313) notify /opt/stack/neutron/neutron/plugins/ml2/drivers/ovn/mech_driver/ovsdb/ovsdb_monitor.py:912}}
Apr 02 13:04:55.650102 np0000162957 devstack@neutron-api.service[102311]: DEBUG neutron.plugins.ml2.drivers.ovn.mech_driver.ovsdb.ovsdb_monitor [-] Hash Ring: Node ac547cfc15ac5c58a4278c089ae83312 (host: np0000162957) handling event "create" for row b0fc5b36-3ee0-4d59-93fd-fe1785ac5e82 (table: Logical_Switch) {{(pid=102311) notify /opt/stack/neutron/neutron/plugins/ml2/drivers/ovn/mech_driver/ovsdb/ovsdb_monitor.py:912}}
Apr 02 13:04:55.650213 np0000162957 devstack@neutron-api.service[102310]: DEBUG neutron.plugins.ml2.drivers.ovn.mech_driver.ovsdb.ovsdb_monitor [-] Hash Ring: Node 1b217e5ea81f5ef99bef1cf7c989b51f (host: np0000162957) handling event "create" for row b0fc5b36-3ee0-4d59-93fd-fe1785ac5e82 (table: Logical_Switch) {{(pid=102310) notify /opt/stack/neutron/neutron/plugins/ml2/drivers/ovn/mech_driver/ovsdb/ovsdb_monitor.py:912}}
Apr 02 13:04:55.658953 np0000162957 devstack@neutron-api.service[102311]: DEBUG neutron.plugins.ml2.drivers.ovn.mech_driver.ovsdb.ovsdb_monitor [-] Hash Ring: Node ac547cfc15ac5c58a4278c089ae83312 (host: np0000162957) handling event "create" for row ff4f4df3-bfaa-454f-9daf-6ec2ad2ae683 (table: Datapath_Binding) {{(pid=102311) notify /opt/stack/neutron/neutron/plugins/ml2/drivers/ovn/mech_driver/ovsdb/ovsdb_monitor.py:912}}
