2026-05-04 12:40:55.361 7 INFO neutron.db.ovn_revision_numbers_db [None req-62e565e1-7352-433f-8c59-4cfa0cdcc7f5 - - - - - -] Successfully bumped revision number for resource 0cb9186b-f784-4534-a5fb-7e781af8e509 (type: ports) to 5
2026-05-04 12:40:55.418 8 WARNING neutron.scheduler.dhcp_agent_scheduler [None req-d36ea428-0ef0-48f0-996c-533e993b85cc 4f9e3792bb4544c5bb4ffd6ab283ca86 11bed8ea14be486b863535061e5f1c2f - - default default] No more DHCP agents
2026-05-04 12:40:55.419 8 WARNING neutron.api.rpc.agentnotifiers.dhcp_rpc_agent_api [None req-d36ea428-0ef0-48f0-996c-533e993b85cc 4f9e3792bb4544c5bb4ffd6ab283ca86 11bed8ea14be486b863535061e5f1c2f - - default default] Unable to schedule network 3878c3b7-0e16-4a33-99b9-f40652911098: no agents available; will retry on subsequent port and subnet creation events.
2026-05-04 12:40:55.531 7 WARNING neutron.scheduler.dhcp_agent_scheduler [None req-5cef1a19-50f1-461d-9253-6fabbce8cf94 a0d22359523543dd97173daafdd4a6d6 763451d2b9b749abb59cf8ccfcdd1276 - - default default] No more DHCP agents
2026-05-04 12:40:55.532 7 WARNING neutron.api.rpc.agentnotifiers.dhcp_rpc_agent_api [None req-5cef1a19-50f1-461d-9253-6fabbce8cf94 a0d22359523543dd97173daafdd4a6d6 763451d2b9b749abb59cf8ccfcdd1276 - - default default] Unable to schedule network b1872ac0-17e9-402c-aad4-e6234a2f4367: no agents available; will retry on subsequent port and subnet creation events.
2026-05-04 12:40:55.802 8 INFO neutron.db.ovn_revision_numbers_db [None req-d36ea428-0ef0-48f0-996c-533e993b85cc 4f9e3792bb4544c5bb4ffd6ab283ca86 11bed8ea14be486b863535061e5f1c2f - - default default] Successfully bumped revision number for resource ddc3eddd-2b4a-4a70-bf29-26c30f81038a (type: ports) to 2
2026-05-04 12:40:55.825 8 INFO neutron.db.ovn_revision_numbers_db [None req-d36ea428-0ef0-48f0-996c-533e993b85cc 4f9e3792bb4544c5bb4ffd6ab283ca86 11bed8ea14be486b863535061e5f1c2f - - default default] Successfully bumped revision number for resource e6f9e01f-ba50-45ad-8de9-5522e7522be5 (type: subnets) to 0 [pid: 8|app: 0|req: 1044/2123] 10.0.0.165 () {34 vars in 669 bytes} [Mon May 4 12:40:55 2026] POST /v2.0/subnets => generated 657 bytes in 598 msecs (HTTP/1.1 201) 4 headers in 162 bytes (1 switches on core 0) [pid: 8|app: 0|req: 1045/2124] 10.0.0.25 () {34 vars in 989 bytes} [Mon May 4 12:40:55 2026] GET /v2.0/ports?device_id=e287b054-6529-4ac6-be4d-bd014c1f9e4d => generated 973 bytes in 30 msecs (HTTP/1.1 200) 4 headers in 157 bytes (1 switches on core 0) [pid: 8|app: 0|req: 1046/2125] 10.0.0.165 () {32 vars in 722 bytes} [Mon May 4 12:40:55 2026] GET /v2.0/subnetpools?name=shared-default-subnetpool-v6 => generated 19 bytes in 36 msecs (HTTP/1.1 200) 4 headers in 156 bytes (1 switches on core 0) [pid: 8|app: 0|req: 1047/2126] 10.0.0.25 () {34 vars in 1039 bytes} [Mon May 4 12:40:55 2026] GET /v2.0/security-groups?id=1bbce945-544f-4551-a745-1f76300b6b1f&fields=id&fields=name => generated 114 bytes in 25 msecs (HTTP/1.1 200) 4 headers in 157 bytes (1 switches on core 0)
2026-05-04 12:40:56.059 7 INFO neutron.db.ovn_revision_numbers_db [None req-5cef1a19-50f1-461d-9253-6fabbce8cf94 a0d22359523543dd97173daafdd4a6d6 763451d2b9b749abb59cf8ccfcdd1276 - - default default] Successfully bumped revision number for resource 7e2bf9ca-c199-4f53-b160-20fe84c66b78 (type: router_ports) to 1
2026-05-04 12:40:56.062 8 INFO neutron.common.ovn.utils [None req-63b58ff9-423d-43a3-803a-339b20e06e12 - - - - - -] HA Chassis Group neutron-b1872ac0-17e9-402c-aad4-e6234a2f4367 synchronized; highest priority chassis 19af00a0-dfcd-4628-9563-e8ff0f46305c [pid: 7|app: 0|req: 1080/2127] 10.0.0.165 () {34 vars in 783 bytes} [Mon May 4 12:40:53 2026] PUT /v2.0/routers/4fdeee6e-571a-4531-b8bd-53ee8d1bc50e/add_router_interface => generated 310 bytes in 3062 msecs (HTTP/1.1 200) 4 headers in 157 bytes (1 switches on core 0)
2026-05-04 12:40:56.202 8 WARNING neutron.scheduler.dhcp_agent_scheduler [None req-d64f1fda-f434-4d32-9615-aa12e1407d25 4f9e3792bb4544c5bb4ffd6ab283ca86 11bed8ea14be486b863535061e5f1c2f - - default default] No more DHCP agents
2026-05-04 12:40:56.203 8 WARNING neutron.api.rpc.agentnotifiers.dhcp_rpc_agent_api [None req-d64f1fda-f434-4d32-9615-aa12e1407d25 4f9e3792bb4544c5bb4ffd6ab283ca86 11bed8ea14be486b863535061e5f1c2f - - default default] Unable to schedule network 3878c3b7-0e16-4a33-99b9-f40652911098: no agents available; will retry on subsequent port and subnet creation events.
2026-05-04 12:40:56.244 8 INFO neutron.db.ovn_revision_numbers_db [None req-d64f1fda-f434-4d32-9615-aa12e1407d25 4f9e3792bb4544c5bb4ffd6ab283ca86 11bed8ea14be486b863535061e5f1c2f - - default default] Successfully bumped revision number for resource f2232fd2-b3d7-43d7-849c-728fd1db5c5e (type: subnets) to 0 [pid: 8|app: 0|req: 1048/2128] 10.0.0.165 () {34 vars in 669 bytes} [Mon May 4 12:40:55 2026] POST /v2.0/subnets => generated 731 bytes in 329 msecs (HTTP/1.1 201) 4 headers in 162 bytes (1 switches on core 0)
2026-05-04 12:40:56.360 7 INFO neutron.db.segments_db [None req-b2891e73-b3df-413d-a620-1f4df07a6b94 4f9e3792bb4544c5bb4ffd6ab283ca86 11bed8ea14be486b863535061e5f1c2f - - default default] Added segment a8e4e324-9ca4-46f9-93a6-a3664681443b of type geneve for network 738b3cc8-06f4-4a24-a982-e2abf7076560
2026-05-04 12:40:56.465 7 INFO neutron.db.ovn_revision_numbers_db [None req-b2891e73-b3df-413d-a620-1f4df07a6b94 4f9e3792bb4544c5bb4ffd6ab283ca86 11bed8ea14be486b863535061e5f1c2f - - default default] Successfully bumped revision number for resource 738b3cc8-06f4-4a24-a982-e2abf7076560 (type: networks) to 1
2026-05-04 12:40:56.620 7 WARNING neutron.scheduler.dhcp_agent_scheduler [None req-b2891e73-b3df-413d-a620-1f4df07a6b94 4f9e3792bb4544c5bb4ffd6ab283ca86 11bed8ea14be486b863535061e5f1c2f - - default default] No more DHCP agents
2026-05-04 12:40:56.621 7 WARNING neutron.api.rpc.agentnotifiers.dhcp_rpc_agent_api [None req-b2891e73-b3df-413d-a620-1f4df07a6b94 4f9e3792bb4544c5bb4ffd6ab283ca86 11bed8ea14be486b863535061e5f1c2f - - default default] Unable to schedule network 738b3cc8-06f4-4a24-a982-e2abf7076560: no agents available; will retry on subsequent port and subnet creation events.
2026-05-04 12:40:56.709 7 INFO neutron.db.ovn_revision_numbers_db [None req-b2891e73-b3df-413d-a620-1f4df07a6b94 4f9e3792bb4544c5bb4ffd6ab283ca86 11bed8ea14be486b863535061e5f1c2f - - default default] Successfully bumped revision number for resource 7afbe5d9-e47b-44f5-9686-1fddf58fa618 (type: ports) to 1 [pid: 7|app: 0|req: 1081/2129] 10.0.0.165 () {34 vars in 670 bytes} [Mon May 4 12:40:56 2026] POST /v2.0/networks => generated 675 bytes in 463 msecs (HTTP/1.1 201) 4 headers in 162 bytes (1 switches on core 0)
2026-05-04 12:40:56.763 8 INFO neutron.db.ovn_revision_numbers_db [None req-678aca40-c751-439e-897f-c7e7f5ec25e1 e718b2818a084493a1f11569d730e2ff c48d716a1fae4299a1f31f23fa0de91a - - default default] Successfully bumped revision number for resource ce4f4505-c541-4700-b59b-272341cab0fb (type: security_groups) to 1
2026-05-04 12:40:56.774 8 INFO neutron.db.ovn_revision_numbers_db [None req-678aca40-c751-439e-897f-c7e7f5ec25e1 e718b2818a084493a1f11569d730e2ff c48d716a1fae4299a1f31f23fa0de91a - - default default] Successfully bumped revision number for resource 21bf3ec0-0103-45a0-8962-f0a11daa63db (type: security_group_rules) to 0
2026-05-04 12:40:56.785 8 INFO neutron.db.ovn_revision_numbers_db [None req-678aca40-c751-439e-897f-c7e7f5ec25e1 e718b2818a084493a1f11569d730e2ff c48d716a1fae4299a1f31f23fa0de91a - - default default] Successfully bumped revision number for resource 49946811-394a-491d-a46f-74787b0420a5 (type: security_group_rules) to 0 [pid: 8|app: 0|req: 1049/2130] 10.0.0.165 () {34 vars in 685 bytes} [Mon May 4 12:40:56 2026] POST /v2.0/security-groups => generated 1675 bytes in 188 msecs (HTTP/1.1 201) 4 headers in 163 bytes (1 switches on core 0)
2026-05-04 12:40:56.934 8 INFO neutron.db.ovn_revision_numbers_db [None req-22ffc561-86a9-4c65-822d-35193cfb1f33 e718b2818a084493a1f11569d730e2ff c48d716a1fae4299a1f31f23fa0de91a - - default default] Successfully bumped revision number for resource fa55be0f-cf74-4f3f-9ce9-0c60908969d8 (type: security_group_rules) to 0
2026-05-04 12:40:56.943 7 WARNING neutron.scheduler.dhcp_agent_scheduler [None req-74c5a529-3c82-4490-aeb4-5a2afecf9ac0 4f9e3792bb4544c5bb4ffd6ab283ca86 11bed8ea14be486b863535061e5f1c2f - - default default] No more DHCP agents
2026-05-04 12:40:56.944 7 WARNING neutron.api.rpc.agentnotifiers.dhcp_rpc_agent_api [None req-74c5a529-3c82-4490-aeb4-5a2afecf9ac0 4f9e3792bb4544c5bb4ffd6ab283ca86 11bed8ea14be486b863535061e5f1c2f - - default default] Unable to schedule network 738b3cc8-06f4-4a24-a982-e2abf7076560: no agents available; will retry on subsequent port and subnet creation events. [pid: 8|app: 0|req: 1050/2131] 10.0.0.165 () {34 vars in 695 bytes} [Mon May 4 12:40:56 2026] POST /v2.0/security-group-rules => generated 597 bytes in 139 msecs (HTTP/1.1 201) 4 headers in 162 bytes (1 switches on core 0)
2026-05-04 12:40:57.058 8 INFO neutron.db.ovn_revision_numbers_db [None req-54149a5a-497b-484b-addb-51627a1e6b1e e718b2818a084493a1f11569d730e2ff c48d716a1fae4299a1f31f23fa0de91a - - default default] Successfully bumped revision number for resource 4d695b35-e790-41da-8f67-9f661bc6c6d4 (type: security_group_rules) to 0 [pid: 8|app: 0|req: 1051/2132] 10.0.0.165 () {34 vars in 695 bytes} [Mon May 4 12:40:56 2026] POST /v2.0/security-group-rules => generated 596 bytes in 120 msecs (HTTP/1.1 201) 4 headers in 162 bytes (1 switches on core 0) [pid: 8|app: 0|req: 1052/2133] 10.0.0.25 () {34 vars in 989 bytes} [Mon May 4 12:40:57 2026] GET /v2.0/ports?device_id=e287b054-6529-4ac6-be4d-bd014c1f9e4d => generated 973 bytes in 40 msecs (HTTP/1.1 200) 4 headers in 157 bytes (1 switches on core 0)
2026-05-04 12:40:57.216 8 INFO neutron.db.ovn_revision_numbers_db [None req-5134ac2d-1132-4856-b69d-02f60113dd7d e718b2818a084493a1f11569d730e2ff c48d716a1fae4299a1f31f23fa0de91a - - default default] Successfully bumped revision number for resource 880076df-1c43-40eb-8600-55a96320c310 (type: security_group_rules) to 0 [pid: 8|app: 0|req: 1053/2134] 10.0.0.165 () {34 vars in 695 bytes} [Mon May 4 12:40:57 2026] POST /v2.0/security-group-rules => generated 602 bytes in 122 msecs (HTTP/1.1 201) 4 headers in 162 bytes (1 switches on core 0) [pid: 8|app: 0|req: 1054/2135] 10.0.0.25 () {34 vars in 1039 bytes} [Mon May 4 12:40:57 2026] GET /v2.0/security-groups?id=1bbce945-544f-4551-a745-1f76300b6b1f&fields=id&fields=name => generated 114 bytes in 33 msecs (HTTP/1.1 200) 4 headers in 157 bytes (1 switches on core 0)
2026-05-04 12:40:57.396 7 INFO neutron.db.ovn_revision_numbers_db [None req-74c5a529-3c82-4490-aeb4-5a2afecf9ac0 4f9e3792bb4544c5bb4ffd6ab283ca86 11bed8ea14be486b863535061e5f1c2f - - default default] Successfully bumped revision number for resource 7afbe5d9-e47b-44f5-9686-1fddf58fa618 (type: ports) to 2
2026-05-04 12:40:57.404 8 INFO neutron.db.ovn_revision_numbers_db [None req-daa4238b-b2f9-43a8-9d97-4b239deefdb8 e718b2818a084493a1f11569d730e2ff c48d716a1fae4299a1f31f23fa0de91a - - default default] Successfully bumped revision number for resource c496b5d3-8ce7-4510-815a-2cd0c10f9ae6 (type: security_group_rules) to 0
2026-05-04 12:40:57.416 7 INFO neutron.db.ovn_revision_numbers_db [None req-74c5a529-3c82-4490-aeb4-5a2afecf9ac0 4f9e3792bb4544c5bb4ffd6ab283ca86 11bed8ea14be486b863535061e5f1c2f - - default default] Successfully bumped revision number for resource eac3f553-4c5a-464f-8e96-1b62b9e2e440 (type: subnets) to 0 [pid: 7|app: 0|req: 1082/2136] 10.0.0.165 () {34 vars in 669 bytes} [Mon May 4 12:40:56 2026] POST /v2.0/subnets => generated 656 bytes in 689 msecs (HTTP/1.1 201) 4 headers in 162 bytes (1 switches on core 0) [pid: 8|app: 0|req: 1055/2137] 10.0.0.165 () {34 vars in 695 bytes} [Mon May 4 12:40:57 2026] POST /v2.0/security-group-rules => generated 601 bytes in 153 msecs (HTTP/1.1 201) 4 headers in 162 bytes (1 switches on core 0)
2026-05-04 12:40:57.477 8 INFO neutron.db.securitygroups_db [None req-13e27a32-1083-4bbb-8507-11cf482ee3a1 e718b2818a084493a1f11569d730e2ff c48d716a1fae4299a1f31f23fa0de91a - - default default] Project c48d716a1fae4299a1f31f23fa0de91a added a security group rule with legacy IPv6 ICMP protocol name icmp, ipv6-icmp should be used instead. It was automatically converted.
2026-05-04 12:40:57.552 8 INFO neutron.db.ovn_revision_numbers_db [None req-13e27a32-1083-4bbb-8507-11cf482ee3a1 e718b2818a084493a1f11569d730e2ff c48d716a1fae4299a1f31f23fa0de91a - - default default] Successfully bumped revision number for resource 942989a8-61ca-4ba0-a68c-89d7d4f3af3d (type: security_group_rules) to 0 [pid: 8|app: 0|req: 1056/2138] 10.0.0.165 () {34 vars in 695 bytes} [Mon May 4 12:40:57 2026] POST /v2.0/security-group-rules => generated 607 bytes in 142 msecs (HTTP/1.1 201) 4 headers in 162 bytes (1 switches on core 0)
2026-05-04 12:40:57.591 7 WARNING neutron.plugins.ml2.drivers.ovn.mech_driver.ovsdb.ovn_client [None req-330b3d71-ae32-403e-a4ba-b18c3868983e - - - - - -] No hosting information found for port 7efb9ade-c4c0-4219-9b00-a50cf17cb1b7: RuntimeError: No hosting information found for port 7efb9ade-c4c0-4219-9b00-a50cf17cb1b7
2026-05-04 12:40:57.604 7 WARNING neutron.scheduler.dhcp_agent_scheduler [None req-c9add551-bf5c-42df-a3ca-24c6ede6781b 4f9e3792bb4544c5bb4ffd6ab283ca86 11bed8ea14be486b863535061e5f1c2f - - default default] No more DHCP agents
2026-05-04 12:40:57.606 7 WARNING neutron.api.rpc.agentnotifiers.dhcp_rpc_agent_api [None req-c9add551-bf5c-42df-a3ca-24c6ede6781b 4f9e3792bb4544c5bb4ffd6ab283ca86 11bed8ea14be486b863535061e5f1c2f - - default default] Unable to schedule network 738b3cc8-06f4-4a24-a982-e2abf7076560: no agents available; will retry on subsequent port and subnet creation events.
2026-05-04 12:40:57.620 8 INFO neutron.db.securitygroups_db [None req-3272adb7-e542-4897-b4e6-d15984285777 e718b2818a084493a1f11569d730e2ff c48d716a1fae4299a1f31f23fa0de91a - - default default] Project c48d716a1fae4299a1f31f23fa0de91a added a security group rule with legacy IPv6 ICMP protocol name icmp, ipv6-icmp should be used instead. It was automatically converted.
2026-05-04 12:40:57.643 7 INFO neutron.db.ovn_revision_numbers_db [None req-c9add551-bf5c-42df-a3ca-24c6ede6781b 4f9e3792bb4544c5bb4ffd6ab283ca86 11bed8ea14be486b863535061e5f1c2f - - default default] Successfully bumped revision number for resource 59e1f920-ea33-4f48-bb22-62c221c2889a (type: subnets) to 0 [pid: 7|app: 0|req: 1083/2139] 10.0.0.165 () {34 vars in 669 bytes} [Mon May 4 12:40:57 2026] POST /v2.0/subnets => generated 725 bytes in 254 msecs (HTTP/1.1 201) 4 headers in 162 bytes (1 switches on core 0)
2026-05-04 12:40:57.702 7 INFO neutron.db.ovn_revision_numbers_db [None req-330b3d71-ae32-403e-a4ba-b18c3868983e - - - - - -] Successfully bumped revision number for resource 7efb9ade-c4c0-4219-9b00-a50cf17cb1b7 (type: router_ports) to 2
2026-05-04 12:40:57.703 7 INFO neutron.plugins.ml2.drivers.ovn.mech_driver.mech_driver [None req-330b3d71-ae32-403e-a4ba-b18c3868983e - - - - - -] OVN reports status down for port: 0621b094-831f-421e-a0be-7f322d28ad9f
2026-05-04 12:40:57.720 8 INFO neutron.db.ovn_revision_numbers_db [None req-3272adb7-e542-4897-b4e6-d15984285777 e718b2818a084493a1f11569d730e2ff c48d716a1fae4299a1f31f23fa0de91a - - default default] Successfully bumped revision number for resource a6d7035e-0fbb-4205-940d-cddd5d0ff9f0 (type: security_group_rules) to 0 [pid: 8|app: 0|req: 1057/2140] 10.0.0.165 () {34 vars in 695 bytes} [Mon May 4 12:40:57 2026] POST /v2.0/security-group-rules => generated 606 bytes in 166 msecs (HTTP/1.1 201) 4 headers in 162 bytes (1 switches on core 0)
2026-05-04 12:40:57.828 7 INFO neutron.db.segments_db [None req-f5236b76-63f9-475e-8145-3b78e251abf5 4f9e3792bb4544c5bb4ffd6ab283ca86 11bed8ea14be486b863535061e5f1c2f - - default default] Added segment 43c353bb-0767-4f25-8d5b-b68e309cc662 of type geneve for network 2be658e9-5a52-43de-b0c8-0b37915c5949
2026-05-04 12:40:57.869 7 INFO neutron.plugins.ml2.drivers.ovn.mech_driver.mech_driver [None req-330b3d71-ae32-403e-a4ba-b18c3868983e - - - - - -] OVN reports status down for port: 0cb9186b-f784-4534-a5fb-7e781af8e509
2026-05-04 12:40:58.034 7 INFO neutron.db.ovn_revision_numbers_db [None req-f5236b76-63f9-475e-8145-3b78e251abf5 4f9e3792bb4544c5bb4ffd6ab283ca86 11bed8ea14be486b863535061e5f1c2f - - default default] Successfully bumped revision number for resource 2be658e9-5a52-43de-b0c8-0b37915c5949 (type: networks) to 1
2026-05-04 12:40:58.208 8 INFO neutron.db.ovn_revision_numbers_db [None req-adc7f0ec-624f-44cb-97c5-a9b0e72f4888 e718b2818a084493a1f11569d730e2ff c48d716a1fae4299a1f31f23fa0de91a - - default default] Successfully bumped revision number for resource 7f42fbc5-4179-43e4-b7e6-2070a5e09dfa (type: security_groups) to 1
2026-05-04 12:40:58.220 8 INFO neutron.db.ovn_revision_numbers_db [None req-adc7f0ec-624f-44cb-97c5-a9b0e72f4888 e718b2818a084493a1f11569d730e2ff c48d716a1fae4299a1f31f23fa0de91a - - default default] Successfully bumped revision number for resource 71e76d3d-95b6-4aa1-93ed-ef192ffa6d8a (type: security_group_rules) to 0
2026-05-04 12:40:58.229 8 INFO neutron.db.ovn_revision_numbers_db [None req-adc7f0ec-624f-44cb-97c5-a9b0e72f4888 e718b2818a084493a1f11569d730e2ff c48d716a1fae4299a1f31f23fa0de91a - - default default] Successfully bumped revision number for resource bb43f796-ed23-42e3-b6de-57d340903080 (type: security_group_rules) to 0 [pid: 8|app: 0|req: 1058/2141] 10.0.0.165 () {34 vars in 685 bytes} [Mon May 4 12:40:58 2026] POST /v2.0/security-groups => generated 1660 bytes in 155 msecs (HTTP/1.1 201) 4 headers in 163 bytes (1 switches on core 0)
2026-05-04 12:40:58.323 7 WARNING neutron.scheduler.dhcp_agent_scheduler [None req-f5236b76-63f9-475e-8145-3b78e251abf5 4f9e3792bb4544c5bb4ffd6ab283ca86 11bed8ea14be486b863535061e5f1c2f - - default default] No more DHCP agents
2026-05-04 12:40:58.326 7 WARNING neutron.api.rpc.agentnotifiers.dhcp_rpc_agent_api [None req-f5236b76-63f9-475e-8145-3b78e251abf5 4f9e3792bb4544c5bb4ffd6ab283ca86 11bed8ea14be486b863535061e5f1c2f - - default default] Unable to schedule network 2be658e9-5a52-43de-b0c8-0b37915c5949: no agents available; will retry on subsequent port and subnet creation events.
2026-05-04 12:40:58.361 8 INFO neutron.db.ovn_revision_numbers_db [None req-83c892e8-3df7-4a3b-9f1f-b30e6edad9b9 e718b2818a084493a1f11569d730e2ff c48d716a1fae4299a1f31f23fa0de91a - - default default] Successfully bumped revision number for resource bf48b2b6-f9ca-4834-aaf8-0896095abd4e (type: security_group_rules) to 0
2026-05-04 12:40:58.419 8 INFO neutron.plugins.ml2.drivers.ovn.mech_driver.mech_driver [None req-63b58ff9-423d-43a3-803a-339b20e06e12 - - - - - -] OVN reports status down for port: dc3eeec7-a9c1-4f8b-8687-4ce8d156932f [pid: 8|app: 0|req: 1059/2142] 10.0.0.165 () {34 vars in 695 bytes} [Mon May 4 12:40:58 2026] POST /v2.0/security-group-rules => generated 597 bytes in 158 msecs (HTTP/1.1 201) 4 headers in 162 bytes (1 switches on core 0)
2026-05-04 12:40:58.437 7 INFO neutron.db.ovn_revision_numbers_db [None req-330b3d71-ae32-403e-a4ba-b18c3868983e - - - - - -] Successfully bumped revision number for resource 0cb9186b-f784-4534-a5fb-7e781af8e509 (type: ports) to 6
2026-05-04 12:40:58.450 7 INFO neutron.db.ovn_revision_numbers_db [None req-f5236b76-63f9-475e-8145-3b78e251abf5 4f9e3792bb4544c5bb4ffd6ab283ca86 11bed8ea14be486b863535061e5f1c2f - - default default] Successfully bumped revision number for resource dc3eeec7-a9c1-4f8b-8687-4ce8d156932f (type: ports) to 1 [pid: 7|app: 0|req: 1084/2143] 10.0.0.165 () {34 vars in 670 bytes} [Mon May 4 12:40:57 2026] POST /v2.0/networks => generated 674 bytes in 802 msecs (HTTP/1.1 201) 4 headers in 162 bytes (1 switches on core 0)
2026-05-04 12:40:58.544 7 WARNING neutron.plugins.ml2.drivers.ovn.mech_driver.ovsdb.ovn_client [None req-97e566c7-6c8b-4b5d-937b-5cefff4232c3 - - - - - -] Logical_Switch_Port 0cb9186b-f784-4534-a5fb-7e781af8e509 host information not removed, the port state is up [pid: 8|app: 0|req: 1060/2144] 10.0.0.25 () {34 vars in 989 bytes} [Mon May 4 12:40:58 2026] GET /v2.0/ports?device_id=e287b054-6529-4ac6-be4d-bd014c1f9e4d => generated 973 bytes in 124 msecs (HTTP/1.1 200) 4 headers in 157 bytes (1 switches on core 0)
2026-05-04 12:40:58.591 7 INFO neutron.common.ovn.utils [None req-97e566c7-6c8b-4b5d-937b-5cefff4232c3 - - - - - -] HA Chassis Group neutron-b1872ac0-17e9-402c-aad4-e6234a2f4367 synchronized; highest priority chassis 19af00a0-dfcd-4628-9563-e8ff0f46305c
2026-05-04 12:40:58.596 7 INFO neutron.plugins.ml2.drivers.ovn.mech_driver.mech_driver [None req-97e566c7-6c8b-4b5d-937b-5cefff4232c3 - - - - - -] OVN reports status up for port: 0cb9186b-f784-4534-a5fb-7e781af8e509
2026-05-04 12:40:58.618 7 INFO neutron.plugins.ml2.plugin [None req-97e566c7-6c8b-4b5d-937b-5cefff4232c3 - - - - - -] Attempt 1 to provision port 0cb9186b-f784-4534-a5fb-7e781af8e509
2026-05-04 12:40:58.688 7 INFO neutron.db.ovn_revision_numbers_db [None req-228c8e64-eda8-44bf-88a4-8e5bd5fefc24 e718b2818a084493a1f11569d730e2ff c48d716a1fae4299a1f31f23fa0de91a - - default default] Successfully bumped revision number for resource 08a513b0-67a7-437b-80a6-ea6bbfbba6e3 (type: security_group_rules) to 0
2026-05-04 12:40:58.729 8 WARNING neutron.scheduler.dhcp_agent_scheduler [None req-00d437b2-b645-439d-9fbc-65329f4acd59 4f9e3792bb4544c5bb4ffd6ab283ca86 11bed8ea14be486b863535061e5f1c2f - - default default] No more DHCP agents
2026-05-04 12:40:58.731 8 WARNING neutron.api.rpc.agentnotifiers.dhcp_rpc_agent_api [None req-00d437b2-b645-439d-9fbc-65329f4acd59 4f9e3792bb4544c5bb4ffd6ab283ca86 11bed8ea14be486b863535061e5f1c2f - - default default] Unable to schedule network 2be658e9-5a52-43de-b0c8-0b37915c5949: no agents available; will retry on subsequent port and subnet creation events. [pid: 7|app: 0|req: 1085/2145] 10.0.0.165 () {34 vars in 695 bytes} [Mon May 4 12:40:58 2026] POST /v2.0/security-group-rules => generated 602 bytes in 275 msecs (HTTP/1.1 201) 4 headers in 162 bytes (1 switches on core 0) [pid: 7|app: 0|req: 1086/2146] 10.0.0.25 () {34 vars in 1039 bytes} [Mon May 4 12:40:58 2026] GET /v2.0/security-groups?id=1bbce945-544f-4551-a745-1f76300b6b1f&fields=id&fields=name => generated 114 bytes in 50 msecs (HTTP/1.1 200) 4 headers in 157 bytes (1 switches on core 0)
2026-05-04 12:40:59.180 8 INFO neutron.db.ovn_revision_numbers_db [None req-00d437b2-b645-439d-9fbc-65329f4acd59 4f9e3792bb4544c5bb4ffd6ab283ca86 11bed8ea14be486b863535061e5f1c2f - - default default] Successfully bumped revision number for resource dc3eeec7-a9c1-4f8b-8687-4ce8d156932f (type: ports) to 2
2026-05-04 12:40:59.196 7 INFO neutron.db.ovn_revision_numbers_db [None req-97e566c7-6c8b-4b5d-937b-5cefff4232c3 - - - - - -] Successfully bumped revision number for resource 0cb9186b-f784-4534-a5fb-7e781af8e509 (type: ports) to 7
2026-05-04 12:40:59.212 8 INFO neutron.db.ovn_revision_numbers_db [None req-00d437b2-b645-439d-9fbc-65329f4acd59 4f9e3792bb4544c5bb4ffd6ab283ca86 11bed8ea14be486b863535061e5f1c2f - - default default] Successfully bumped revision number for resource b3b0f9f0-4dfb-45e4-93e2-7320d969e8a6 (type: subnets) to 0
2026-05-04 12:40:59.231 7 WARNING neutron.scheduler.dhcp_agent_scheduler [None req-8eb3e673-b99b-4aae-b420-0159d1441576 e718b2818a084493a1f11569d730e2ff c48d716a1fae4299a1f31f23fa0de91a - - default default] No more DHCP agents [pid: 8|app: 0|req: 1061/2147] 10.0.0.165 () {34 vars in 669 bytes} [Mon May 4 12:40:58 2026] POST /v2.0/subnets => generated 655 bytes in 684 msecs (HTTP/1.1 201) 4 headers in 162 bytes (1 switches on core 0)
2026-05-04 12:40:59.234 7 WARNING neutron.api.rpc.agentnotifiers.dhcp_rpc_agent_api [None req-8eb3e673-b99b-4aae-b420-0159d1441576 e718b2818a084493a1f11569d730e2ff c48d716a1fae4299a1f31f23fa0de91a - - default default] Unable to schedule network cf096e53-2011-4f22-83b2-dcccf16a76a3: no agents available; will retry on subsequent port and subnet creation events.
2026-05-04 12:40:59.336 7 INFO neutron.plugins.ml2.drivers.ovn.mech_driver.mech_driver [None req-d3048857-9704-4daf-a4cf-3ede5a2f5508 - - - - - -] OVN reports status up for port: 3403a332-9e6f-4ec9-bd86-03a4605966f7
2026-05-04 12:40:59.352 7 INFO neutron.plugins.ml2.plugin [None req-d3048857-9704-4daf-a4cf-3ede5a2f5508 - - - - - -] Attempt 1 to provision port 3403a332-9e6f-4ec9-bd86-03a4605966f7
2026-05-04 12:40:59.420 8 WARNING neutron.scheduler.dhcp_agent_scheduler [None req-402bc018-14ee-4613-9cae-8a55263e6b6d 4f9e3792bb4544c5bb4ffd6ab283ca86 11bed8ea14be486b863535061e5f1c2f - - default default] No more DHCP agents
2026-05-04 12:40:59.421 8 WARNING neutron.api.rpc.agentnotifiers.dhcp_rpc_agent_api [None req-402bc018-14ee-4613-9cae-8a55263e6b6d 4f9e3792bb4544c5bb4ffd6ab283ca86 11bed8ea14be486b863535061e5f1c2f - - default default] Unable to schedule network 2be658e9-5a52-43de-b0c8-0b37915c5949: no agents available; will retry on subsequent port and subnet creation events.
2026-05-04 12:40:59.444 8 INFO neutron.db.ovn_revision_numbers_db [None req-402bc018-14ee-4613-9cae-8a55263e6b6d 4f9e3792bb4544c5bb4ffd6ab283ca86 11bed8ea14be486b863535061e5f1c2f - - default default] Successfully bumped revision number for resource 71600aa7-014d-4a75-82a2-3c99470f8c97 (type: subnets) to 0 [pid: 8|app: 0|req: 1062/2148] 10.0.0.165 () {34 vars in 669 bytes} [Mon May 4 12:40:59 2026] POST /v2.0/subnets => generated 729 bytes in 222 msecs (HTTP/1.1 201) 4 headers in 162 bytes (1 switches on core 0)
2026-05-04 12:40:59.551 7 INFO neutron.notifiers.nova [-] Nova event matching ['req-17205b94-a3ee-4398-baa4-2604b4583a04'] response: {'server_uuid': 'e287b054-6529-4ac6-be4d-bd014c1f9e4d', 'name': 'network-vif-plugged', 'status': 'completed', 'tag': '3403a332-9e6f-4ec9-bd86-03a4605966f7', 'code': 200} [pid: 7|app: 0|req: 1087/2149] 10.0.0.165 () {34 vars in 676 bytes} [Mon May 4 12:40:58 2026] POST /v2.0/floatingips => generated 552 bytes in 882 msecs (HTTP/1.1 201) 4 headers in 162 bytes (1 switches on core 0)
2026-05-04 12:40:59.748 7 INFO neutron.db.ovn_revision_numbers_db [None req-d3048857-9704-4daf-a4cf-3ede5a2f5508 - - - - - -] Successfully bumped revision number for resource 3403a332-9e6f-4ec9-bd86-03a4605966f7 (type: ports) to 5
2026-05-04 12:40:59.794 7 WARNING neutron.db.securitygroups_db [req-e5102c4d-da5d-40b3-9fa0-83c7ab33b6ba req-d3cfb061-d88c-4d33-a131-731481ee5b73 e718b2818a084493a1f11569d730e2ff c48d716a1fae4299a1f31f23fa0de91a - - default default] project_id key not found in filters, using tenant_id instead. This support has been deprecated and will be removed in a future release. [pid: 7|app: 0|req: 1088/2150] 10.0.0.25 () {34 vars in 1099 bytes} [Mon May 4 12:40:59 2026] GET /v2.0/security-groups?name=tempest-secgroup-smoke-1086414094&fields=id&tenant_id=c48d716a1fae4299a1f31f23fa0de91a => generated 69 bytes in 69 msecs (HTTP/1.1 200) 4 headers in 156 bytes (1 switches on core 0) /var/lib/openstack/lib/python3.12/site-packages/pycadf/identifier.py:70: UserWarning: Invalid uuid: neutron. To ensure interoperability, identifiers should be a valid uuid. warnings.warn(('Invalid uuid: %s. To ensure interoperability, '
2026-05-04 12:40:59.872 7 INFO neutron.plugins.ml2.drivers.ovn.mech_driver.mech_driver [None req-6a596abb-9c68-40c5-b6c1-4b3e103eca5b - - - - - -] OVN reports status down for port: 7e2bf9ca-c199-4f53-b160-20fe84c66b78
2026-05-04 12:40:59.875 7 WARNING neutron.db.securitygroups_db [req-e5102c4d-da5d-40b3-9fa0-83c7ab33b6ba req-598161e2-f842-427c-bf29-481726a81a16 e718b2818a084493a1f11569d730e2ff c48d716a1fae4299a1f31f23fa0de91a - - default default] project_id key not found in filters, using tenant_id instead. This support has been deprecated and will be removed in a future release.
2026-05-04 12:40:59.892 8 WARNING neutron.scheduler.dhcp_agent_scheduler [None req-130f783b-423f-4e2b-a869-65ae747079a2 4f9e3792bb4544c5bb4ffd6ab283ca86 11bed8ea14be486b863535061e5f1c2f - - default default] No more DHCP agents
2026-05-04 12:40:59.893 8 WARNING neutron.api.rpc.agentnotifiers.dhcp_rpc_agent_api [None req-130f783b-423f-4e2b-a869-65ae747079a2 4f9e3792bb4544c5bb4ffd6ab283ca86 11bed8ea14be486b863535061e5f1c2f - - default default] Unable to schedule network cf096e53-2011-4f22-83b2-dcccf16a76a3: no agents available; will retry on subsequent port and subnet creation events. [pid: 7|app: 0|req: 1089/2151] 10.0.0.25 () {34 vars in 1097 bytes} [Mon May 4 12:40:59 2026] GET /v2.0/security-groups?name=tempest-securitygroup--937878292&fields=id&tenant_id=c48d716a1fae4299a1f31f23fa0de91a => generated 69 bytes in 73 msecs (HTTP/1.1 200) 4 headers in 156 bytes (1 switches on core 0)
2026-05-04 12:41:00.001 8 INFO neutron.plugins.ml2.drivers.ovn.mech_driver.mech_driver [None req-63b58ff9-423d-43a3-803a-339b20e06e12 - - - - - -] OVN reports status down for port: 5732f309-5a8c-423d-99d1-469b6aac339f
2026-05-04 12:41:00.003 7 WARNING neutron.plugins.ml2.drivers.ovn.mech_driver.ovsdb.ovn_client [None req-6a596abb-9c68-40c5-b6c1-4b3e103eca5b - - - - - -] Logical_Switch_Port 7e2bf9ca-c199-4f53-b160-20fe84c66b78 host information not removed, the port state is up
2026-05-04 12:41:00.004 7 INFO neutron.plugins.ml2.drivers.ovn.mech_driver.mech_driver [None req-6a596abb-9c68-40c5-b6c1-4b3e103eca5b - - - - - -] OVN reports status down for port: ddc3eddd-2b4a-4a70-bf29-26c30f81038a
2026-05-04 12:41:00.066 8 INFO neutron.db.ovn_revision_numbers_db [None req-130f783b-423f-4e2b-a869-65ae747079a2 4f9e3792bb4544c5bb4ffd6ab283ca86 11bed8ea14be486b863535061e5f1c2f - - default default] Successfully bumped revision number for resource 5732f309-5a8c-423d-99d1-469b6aac339f (type: ports) to 1 [pid: 7|app: 0|req: 1090/2152] 10.0.0.25 () {34 vars in 989 bytes} [Mon May 4 12:40:59 2026] GET /v2.0/ports?device_id=e287b054-6529-4ac6-be4d-bd014c1f9e4d => generated 975 bytes in 141 msecs (HTTP/1.1 200) 4 headers in 157 bytes (1 switches on core 0)
2026-05-04 12:41:00.126 7 INFO neutron.plugins.ml2.drivers.ovn.mech_driver.mech_driver [None req-6a596abb-9c68-40c5-b6c1-4b3e103eca5b - - - - - -] OVN reports status up for port: 7e2bf9ca-c199-4f53-b160-20fe84c66b78 [pid: 7|app: 0|req: 1091/2153] 10.0.0.25 () {34 vars in 981 bytes} [Mon May 4 12:41:00 2026] GET /v2.0/networks?id=92b28e7d-55a6-475b-850b-51b6ac05902f => generated 709 bytes in 60 msecs (HTTP/1.1 200) 4 headers in 157 bytes (1 switches on core 0)
2026-05-04 12:41:00.150 7 INFO neutron.plugins.ml2.plugin [None req-6a596abb-9c68-40c5-b6c1-4b3e103eca5b - - - - - -] Attempt 1 to provision port 7e2bf9ca-c199-4f53-b160-20fe84c66b78 [pid: 7|app: 0|req: 1092/2154] 10.0.0.25 () {34 vars in 1039 bytes} [Mon May 4 12:41:00 2026] GET /v2.0/security-groups?id=1bbce945-544f-4551-a745-1f76300b6b1f&fields=id&fields=name => generated 114 bytes in 38 msecs (HTTP/1.1 200) 4 headers in 157 bytes (1 switches on core 0) [pid: 7|app: 0|req: 1093/2155] 10.0.0.25 () {34 vars in 964 bytes} [Mon May 4 12:41:00 2026] GET /v2.0/quotas/c48d716a1fae4299a1f31f23fa0de91a => generated 292 bytes in 12 msecs (HTTP/1.1 200) 4 headers in 157 bytes (1 switches on core 0) [pid: 7|app: 0|req: 1094/2156] 10.0.0.25 () {34 vars in 1001 bytes} [Mon May 4 12:41:00 2026] GET /v2.0/ports?tenant_id=c48d716a1fae4299a1f31f23fa0de91a&fields=id => generated 103 bytes in 101 msecs (HTTP/1.1 200) 4 headers in 157 bytes (1 switches on core 0) [pid: 7|app: 0|req: 1095/2157] 10.0.0.25 () {34 vars in 1007 bytes} [Mon May 4 12:41:00 2026] GET /v2.0/networks/92b28e7d-55a6-475b-850b-51b6ac05902f?fields=segments => generated 14 bytes in 63 msecs (HTTP/1.1 200) 4 headers in 156 bytes (1 switches on core 0) [pid: 7|app: 0|req: 1096/2158] 10.0.0.25 () {34 vars in 1107 bytes} [Mon May 4 12:41:00 2026] GET /v2.0/networks/92b28e7d-55a6-475b-850b-51b6ac05902f?fields=provider%3Aphysical_network&fields=provider%3Anetwork_type => generated 79 bytes in 61 msecs (HTTP/1.1 200) 4 headers in 156 bytes (1 switches on core 0) [pid: 7|app: 0|req: 1097/2159] 10.0.0.25 () {34 vars in 989 bytes} [Mon May 4 12:41:00 2026] GET /v2.0/ports?device_id=3e5116ed-651a-45e6-a5b0-3231afca6902 => generated 12 bytes in 35 msecs (HTTP/1.1 200) 4 headers in 156 bytes (1 switches on core 0)
2026-05-04 12:41:00.660 7 INFO neutron.db.ovn_revision_numbers_db [None req-6a596abb-9c68-40c5-b6c1-4b3e103eca5b - - - - - -] Successfully bumped revision number for resource 7e2bf9ca-c199-4f53-b160-20fe84c66b78 (type: ports) to 2
2026-05-04 12:41:00.763 7 INFO neutron.plugins.ml2.drivers.ovn.mech_driver.ovsdb.ovsdb_monitor [None req-62e565e1-7352-433f-8c59-4cfa0cdcc7f5 - - - - - -] Router 947d6bd1-6932-44ca-b5b6-8aadaf2804c5 is bound to host instance
2026-05-04 12:41:00.765 8 INFO neutron.plugins.ml2.drivers.ovn.mech_driver.mech_driver [None req-63b58ff9-423d-43a3-803a-339b20e06e12 - - - - - -] OVN reports status up for port: 5732f309-5a8c-423d-99d1-469b6aac339f
2026-05-04 12:41:00.792 8 INFO neutron.plugins.ml2.plugin [None req-63b58ff9-423d-43a3-803a-339b20e06e12 - - - - - -] Attempt 1 to provision port 5732f309-5a8c-423d-99d1-469b6aac339f
2026-05-04 12:41:00.834 8 INFO neutron.db.ovn_revision_numbers_db [None req-130f783b-423f-4e2b-a869-65ae747079a2 4f9e3792bb4544c5bb4ffd6ab283ca86 11bed8ea14be486b863535061e5f1c2f - - default default] Successfully bumped revision number for resource 5732f309-5a8c-423d-99d1-469b6aac339f (type: router_ports) to 1
2026-05-04 12:41:00.930 8 INFO neutron.db.ovn_revision_numbers_db [None req-130f783b-423f-4e2b-a869-65ae747079a2 4f9e3792bb4544c5bb4ffd6ab283ca86 11bed8ea14be486b863535061e5f1c2f - - default default] Successfully bumped revision number for resource 947d6bd1-6932-44ca-b5b6-8aadaf2804c5 (type: routers) to 2 [pid: 8|app: 0|req: 1063/2160] 10.0.0.165 () {34 vars in 669 bytes} [Mon May 4 12:40:59 2026] POST /v2.0/routers => generated 966 bytes in 1480 msecs (HTTP/1.1 201) 4 headers in 162 bytes (1 switches on core 0) [pid: 8|app: 0|req: 1064/2161] 10.0.0.25 () {34 vars in 989 bytes} [Mon May 4 12:41:01 2026] GET /v2.0/ports?device_id=e287b054-6529-4ac6-be4d-bd014c1f9e4d => generated 975 bytes in 31 msecs (HTTP/1.1 200) 4 headers in 157 bytes (1 switches on core 0) [pid: 8|app: 0|req: 1065/2162] 10.0.0.25 () {34 vars in 1039 bytes} [Mon May 4 12:41:01 2026] GET /v2.0/security-groups?id=1bbce945-544f-4551-a745-1f76300b6b1f&fields=id&fields=name => generated 114 bytes in 24 msecs (HTTP/1.1 200) 4 headers in 157 bytes (1 switches on core 0) [pid: 8|app: 0|req: 1066/2163] 10.0.0.25 () {34 vars in 989 bytes} [Mon May 4 12:41:01 2026] GET /v2.0/ports?device_id=e287b054-6529-4ac6-be4d-bd014c1f9e4d => generated 975 bytes in 39 msecs (HTTP/1.1 200) 4 headers in 157 bytes (1 switches on core 0) [pid: 8|app: 0|req: 1067/2164] 10.0.0.25 () {34 vars in 1039 bytes} [Mon May 4 12:41:01 2026] GET /v2.0/security-groups?id=1bbce945-544f-4551-a745-1f76300b6b1f&fields=id&fields=name => generated 114 bytes in 30 msecs (HTTP/1.1 200) 4 headers in 157 bytes (1 switches on core 0) [pid: 8|app: 0|req: 1068/2165] 10.0.0.165 () {32 vars in 736 bytes} [Mon May 4 12:41:01 2026] GET /v2.0/ports?device_id=e287b054-6529-4ac6-be4d-bd014c1f9e4d => generated 1236 bytes in 39 msecs (HTTP/1.1 200) 4 headers in 158 bytes (1 switches on core 0)
2026-05-04 12:41:01.612 7 INFO neutron.notifiers.nova [-] Nova event matching ['req-1eb82209-29de-4ea4-afef-76dbb6d523b7'] response: {'server_uuid': 'e287b054-6529-4ac6-be4d-bd014c1f9e4d', 'name': 'network-vif-plugged', 'status': 'completed', 'tag': '3403a332-9e6f-4ec9-bd86-03a4605966f7', 'code': 200}
2026-05-04 12:41:01.851 7 WARNING neutron.scheduler.dhcp_agent_scheduler [None req-bde8f8eb-5407-41a1-b6b7-091d0316f9eb 4f9e3792bb4544c5bb4ffd6ab283ca86 11bed8ea14be486b863535061e5f1c2f - - default default] No more DHCP agents
2026-05-04 12:41:01.854 7 WARNING neutron.api.rpc.agentnotifiers.dhcp_rpc_agent_api [None req-bde8f8eb-5407-41a1-b6b7-091d0316f9eb 4f9e3792bb4544c5bb4ffd6ab283ca86 11bed8ea14be486b863535061e5f1c2f - - default default] Unable to schedule network 3878c3b7-0e16-4a33-99b9-f40652911098: no agents available; will retry on subsequent port and subnet creation events.
2026-05-04 12:41:01.966 8 INFO neutron.db.ovn_revision_numbers_db [None req-14526e99-86f5-46b5-8a3b-d747f5d96ee1 c052a4a686624d0192432e43eed1742d 9d5151ff7b8c4a2da862286b5a862cd2 - - default default] Successfully bumped revision number for resource 3b5e9bc5-3301-47da-8dd2-aa0b17d9e592 (type: floatingips) to 4
2026-05-04 12:41:02.067 7 INFO neutron.db.ovn_revision_numbers_db [None req-72c7e36c-6462-4d07-bc49-a5de646490c5 - - - - - -] Successfully bumped revision number for resource 5732f309-5a8c-423d-99d1-469b6aac339f (type: ports) to 4
2026-05-04 12:41:02.137 8 INFO neutron.db.ovn_revision_numbers_db [None req-14526e99-86f5-46b5-8a3b-d747f5d96ee1 c052a4a686624d0192432e43eed1742d 9d5151ff7b8c4a2da862286b5a862cd2 - - default default] Successfully bumped revision number for resource 3b5e9bc5-3301-47da-8dd2-aa0b17d9e592 (type: floatingips) to 5
2026-05-04 12:41:02.138 8 INFO neutron.db.l3_db [None req-14526e99-86f5-46b5-8a3b-d747f5d96ee1 c052a4a686624d0192432e43eed1742d 9d5151ff7b8c4a2da862286b5a862cd2 - - default default] Floating IP 3b5e9bc5-3301-47da-8dd2-aa0b17d9e592 associated. External IP: 10.96.250.217, port: 3403a332-9e6f-4ec9-bd86-03a4605966f7.
2026-05-04 12:41:02.156 7 INFO neutron.db.ovn_revision_numbers_db [None req-bde8f8eb-5407-41a1-b6b7-091d0316f9eb 4f9e3792bb4544c5bb4ffd6ab283ca86 11bed8ea14be486b863535061e5f1c2f - - default default] Successfully bumped revision number for resource fc1b7951-ab0b-42e6-b715-7550c9610b5e (type: ports) to 1 [pid: 8|app: 0|req: 1069/2166] 10.0.0.165 () {34 vars in 749 bytes} [Mon May 4 12:41:01 2026] PUT /v2.0/floatingips/3b5e9bc5-3301-47da-8dd2-aa0b17d9e592 => generated 856 bytes in 693 msecs (HTTP/1.1 200) 4 headers in 157 bytes (1 switches on core 0) [pid: 8|app: 0|req: 1070/2167] 10.0.0.25 () {34 vars in 989 bytes} [Mon May 4 12:41:02 2026] GET /v2.0/ports?device_id=3e5116ed-651a-45e6-a5b0-3231afca6902 => generated 12 bytes in 37 msecs (HTTP/1.1 200) 4 headers in 156 bytes (1 switches on core 0)
2026-05-04 12:41:02.275 8 INFO neutron.notifiers.nova [-] Nova event matching ['req-7b5c1be9-688f-4627-bc1c-41e12727b8c1'] response: {'name': 'network-changed', 'server_uuid': 'e287b054-6529-4ac6-be4d-bd014c1f9e4d', 'tag': '3403a332-9e6f-4ec9-bd86-03a4605966f7', 'status': 'completed', 'code': 200} [pid: 8|app: 0|req: 1071/2168] 10.0.0.165 () {32 vars in 729 bytes} [Mon May 4 12:41:02 2026] GET /v2.0/floatingips/3b5e9bc5-3301-47da-8dd2-aa0b17d9e592 => generated 858 bytes in 45 msecs (HTTP/1.1 200) 4 headers in 157 bytes (1 switches on core 0)
2026-05-04 12:41:02.714 7 INFO neutron.db.ovn_revision_numbers_db [None req-72c7e36c-6462-4d07-bc49-a5de646490c5 - - - - - -] Successfully bumped revision number for resource 5732f309-5a8c-423d-99d1-469b6aac339f (type: ports) to 5 [pid: 8|app: 0|req: 1072/2169] 199.204.45.227 () {34 vars in 1080 bytes} [Mon May 4 12:41:02 2026] GET /v2.0/ports?tenant_id=9d5151ff7b8c4a2da862286b5a862cd2&device_id=e287b054-6529-4ac6-be4d-bd014c1f9e4d => generated 1236 bytes in 40 msecs (HTTP/1.1 200) 4 headers in 158 bytes (1 switches on core 0) [pid: 8|app: 0|req: 1073/2170] 199.204.45.227 () {34 vars in 986 bytes} [Mon May 4 12:41:02 2026] GET /v2.0/networks?id=05d32a42-ebb1-47f5-9fff-5690c44c7797 => generated 797 bytes in 60 msecs (HTTP/1.1 200) 4 headers in 157 bytes (1 switches on core 0) [pid: 8|app: 0|req: 1074/2171] 199.204.45.227 () {34 vars in 1060 bytes} [Mon May 4 12:41:02 2026] GET /v2.0/floatingips?fixed_ip_address=10.100.0.13&port_id=3403a332-9e6f-4ec9-bd86-03a4605966f7 => generated 861 bytes in 47 msecs (HTTP/1.1 200) 4 headers in 157 bytes (1 switches on core 0) [pid: 8|app: 0|req: 1075/2172] 199.204.45.227 () {34 vars in 984 bytes} [Mon May 4 12:41:02 2026] GET /v2.0/subnets?id=4dadbba9-9a59-49dd-a4e5-a67fb3c8d80d => generated 678 bytes in 26 msecs (HTTP/1.1 200) 4 headers in 157 bytes (1 switches on core 0) [pid: 8|app: 0|req: 1076/2173] 199.204.45.227 () {34 vars in 1052 bytes} [Mon May 4 12:41:02 2026] GET /v2.0/ports?network_id=05d32a42-ebb1-47f5-9fff-5690c44c7797&device_owner=network%3Adhcp => generated 12 bytes in 22 msecs (HTTP/1.1 200) 4 headers in 156 bytes (1 switches on core 0) [pid: 8|app: 0|req: 1077/2174] 199.204.45.227 () {34 vars in 1012 bytes} [Mon May 4 12:41:03 2026] GET /v2.0/networks/05d32a42-ebb1-47f5-9fff-5690c44c7797?fields=segments => generated 14 bytes in 38 msecs (HTTP/1.1 200) 4 headers in 156 bytes (1 switches on core 0) [pid: 8|app: 0|req: 1078/2175] 199.204.45.227 () {34 vars in 1112 bytes} [Mon May 4 12:41:03 2026] GET /v2.0/networks/05d32a42-ebb1-47f5-9fff-5690c44c7797?fields=provider%3Aphysical_network&fields=provider%3Anetwork_type => generated 79 bytes in 43 msecs (HTTP/1.1 200) 4 headers in 156 bytes (1 switches on core 0)
2026-05-04 12:41:03.223 7 WARNING neutron.scheduler.dhcp_agent_scheduler [None req-bde8f8eb-5407-41a1-b6b7-091d0316f9eb 4f9e3792bb4544c5bb4ffd6ab283ca86 11bed8ea14be486b863535061e5f1c2f - - default default] No more DHCP agents
2026-05-04 12:41:03.224 7 WARNING neutron.api.rpc.agentnotifiers.dhcp_rpc_agent_api [None req-bde8f8eb-5407-41a1-b6b7-091d0316f9eb 4f9e3792bb4544c5bb4ffd6ab283ca86 11bed8ea14be486b863535061e5f1c2f - - default default] Unable to schedule network 3878c3b7-0e16-4a33-99b9-f40652911098: no agents available; will retry on subsequent port and subnet creation events. [pid: 8|app: 0|req: 1079/2176] 10.0.0.25 () {34 vars in 989 bytes} [Mon May 4 12:41:03 2026] GET /v2.0/ports?device_id=3e5116ed-651a-45e6-a5b0-3231afca6902 => generated 12 bytes in 22 msecs (HTTP/1.1 200) 4 headers in 156 bytes (1 switches on core 0)
2026-05-04 12:41:03.621 7 INFO neutron.db.ovn_revision_numbers_db [None req-bde8f8eb-5407-41a1-b6b7-091d0316f9eb 4f9e3792bb4544c5bb4ffd6ab283ca86 11bed8ea14be486b863535061e5f1c2f - - default default] Successfully bumped revision number for resource fc1b7951-ab0b-42e6-b715-7550c9610b5e (type: router_ports) to 1 [pid: 7|app: 0|req: 1098/2177] 10.0.0.165 () {34 vars in 783 bytes} [Mon May 4 12:41:00 2026] PUT /v2.0/routers/947d6bd1-6932-44ca-b5b6-8aadaf2804c5/add_router_interface => generated 310 bytes in 2678 msecs (HTTP/1.1 200) 4 headers in 157 bytes (1 switches on core 0)
2026-05-04 12:41:04.132 8 WARNING neutron.scheduler.dhcp_agent_scheduler [None req-d7dd9992-1f8b-499f-8139-3d1c2f0503b0 4f9e3792bb4544c5bb4ffd6ab283ca86 11bed8ea14be486b863535061e5f1c2f - - default default] No more DHCP agents
2026-05-04 12:41:04.133 8 WARNING neutron.api.rpc.agentnotifiers.dhcp_rpc_agent_api [None req-d7dd9992-1f8b-499f-8139-3d1c2f0503b0 4f9e3792bb4544c5bb4ffd6ab283ca86 11bed8ea14be486b863535061e5f1c2f - - default default] Unable to schedule network 738b3cc8-06f4-4a24-a982-e2abf7076560: no agents available; will retry on subsequent port and subnet creation events.
2026-05-04 12:41:04.268 8 INFO neutron.plugins.ml2.drivers.ovn.mech_driver.mech_driver [None req-63b58ff9-423d-43a3-803a-339b20e06e12 - - - - - -] OVN reports status down for port: 0461018c-ce8e-43c6-866b-a8ebda892035
2026-05-04 12:41:04.338 8 INFO neutron.db.ovn_revision_numbers_db [None req-d7dd9992-1f8b-499f-8139-3d1c2f0503b0 4f9e3792bb4544c5bb4ffd6ab283ca86 11bed8ea14be486b863535061e5f1c2f - - default default] Successfully bumped revision number for resource 0461018c-ce8e-43c6-866b-a8ebda892035 (type: ports) to 1 [pid: 7|app: 0|req: 1099/2178] 10.0.0.25 () {34 vars in 989 bytes} [Mon May 4 12:41:04 2026] GET /v2.0/ports?device_id=3e5116ed-651a-45e6-a5b0-3231afca6902 => generated 12 bytes in 22 msecs (HTTP/1.1 200) 4 headers in 156 bytes (1 switches on core 0) [pid: 7|app: 0|req: 1100/2179] 199.204.45.227 () {34 vars in 986 bytes} [Mon May 4 12:41:04 2026] GET /v2.0/networks?id=92b28e7d-55a6-475b-850b-51b6ac05902f => generated 709 bytes in 43 msecs (HTTP/1.1 200) 4 headers in 157 bytes (1 switches on core 0)
2026-05-04 12:41:04.918 7 WARNING neutron.db.securitygroups_db [req-e5102c4d-da5d-40b3-9fa0-83c7ab33b6ba req-ef09ca38-dbc4-4485-8766-900b750f265b e718b2818a084493a1f11569d730e2ff c48d716a1fae4299a1f31f23fa0de91a - - default default] project_id key not found in filters, using tenant_id instead. This support has been deprecated and will be removed in a future release. [pid: 7|app: 0|req: 1101/2180] 199.204.45.227 () {34 vars in 1050 bytes} [Mon May 4 12:41:04 2026] GET /v2.0/security-groups?fields=id&fields=name&tenant_id=c48d716a1fae4299a1f31f23fa0de91a => generated 273 bytes in 27 msecs (HTTP/1.1 200) 4 headers in 157 bytes (1 switches on core 0)
2026-05-04 12:41:05.017 8 INFO neutron.plugins.ml2.drivers.ovn.mech_driver.mech_driver [None req-63b58ff9-423d-43a3-803a-339b20e06e12 - - - - - -] OVN reports status up for port: 0461018c-ce8e-43c6-866b-a8ebda892035
2026-05-04 12:41:05.040 8 INFO neutron.plugins.ml2.plugin [None req-63b58ff9-423d-43a3-803a-339b20e06e12 - - - - - -] Attempt 1 to provision port 0461018c-ce8e-43c6-866b-a8ebda892035
2026-05-04 12:41:05.148 8 WARNING neutron.scheduler.dhcp_agent_scheduler [None req-d7dd9992-1f8b-499f-8139-3d1c2f0503b0 4f9e3792bb4544c5bb4ffd6ab283ca86 11bed8ea14be486b863535061e5f1c2f - - default default] No more DHCP agents
2026-05-04 12:41:05.150 8 WARNING neutron.api.rpc.agentnotifiers.dhcp_rpc_agent_api [None req-d7dd9992-1f8b-499f-8139-3d1c2f0503b0 4f9e3792bb4544c5bb4ffd6ab283ca86 11bed8ea14be486b863535061e5f1c2f - - default default] Unable to schedule network 738b3cc8-06f4-4a24-a982-e2abf7076560: no agents available; will retry on subsequent port and subnet creation events.
2026-05-04 12:41:05.211 7 WARNING neutron.scheduler.dhcp_agent_scheduler [req-e5102c4d-da5d-40b3-9fa0-83c7ab33b6ba req-9dff44ac-00ea-45b1-893c-21070a6179cf e718b2818a084493a1f11569d730e2ff c48d716a1fae4299a1f31f23fa0de91a - - default default] No more DHCP agents
2026-05-04 12:41:05.212 7 WARNING neutron.api.rpc.agentnotifiers.dhcp_rpc_agent_api [req-e5102c4d-da5d-40b3-9fa0-83c7ab33b6ba req-9dff44ac-00ea-45b1-893c-21070a6179cf e718b2818a084493a1f11569d730e2ff c48d716a1fae4299a1f31f23fa0de91a - - default default] Unable to schedule network 92b28e7d-55a6-475b-850b-51b6ac05902f: no agents available; will retry on subsequent port and subnet creation events.
2026-05-04 12:41:05.352 7 INFO neutron.db.ovn_revision_numbers_db [req-e5102c4d-da5d-40b3-9fa0-83c7ab33b6ba req-9dff44ac-00ea-45b1-893c-21070a6179cf e718b2818a084493a1f11569d730e2ff c48d716a1fae4299a1f31f23fa0de91a - - default default] Successfully bumped revision number for resource 7f576de4-44d4-4441-8ac8-6c5242d90e9f (type: ports) to 1 [pid: 7|app: 0|req: 1102/2181] 199.204.45.227 () {38 vars in 955 bytes} [Mon May 4 12:41:04 2026] POST /v2.0/ports => generated 993 bytes in 463 msecs (HTTP/1.1 201) 4 headers in 162 bytes (1 switches on core 0) /var/lib/openstack/lib/python3.12/site-packages/pycadf/identifier.py:70: UserWarning: Invalid uuid: neutron. To ensure interoperability, identifiers should be a valid uuid. warnings.warn(('Invalid uuid: %s. To ensure interoperability, '
2026-05-04 12:41:05.698 8 INFO neutron.db.ovn_revision_numbers_db [None req-63b58ff9-423d-43a3-803a-339b20e06e12 - - - - - -] Successfully bumped revision number for resource 0461018c-ce8e-43c6-866b-a8ebda892035 (type: ports) to 2
2026-05-04 12:41:05.792 7 WARNING neutron.plugins.ml2.drivers.ovn.mech_driver.ovsdb.ovn_client [None req-af3839f2-58a0-4f05-87df-1458f5c65d65 - - - - - -] No hosting information found for port 7e2bf9ca-c199-4f53-b160-20fe84c66b78: RuntimeError: No hosting information found for port 7e2bf9ca-c199-4f53-b160-20fe84c66b78
2026-05-04 12:41:05.875 7 INFO neutron.db.ovn_revision_numbers_db [req-e5102c4d-da5d-40b3-9fa0-83c7ab33b6ba req-0c2f2f2d-fd13-4914-baf0-a6f53bb83772 2bf6cce937994ae6ac8564d334dc0371 2b4dc835f1504985920d91d9a30892e5 - - 0ad601fc1b6c49659a4ddb7e72eb884e 0ad601fc1b6c49659a4ddb7e72eb884e] Successfully bumped revision number for resource 7f576de4-44d4-4441-8ac8-6c5242d90e9f (type: ports) to 2
2026-05-04 12:41:05.930 7 INFO neutron.db.ovn_revision_numbers_db [None req-af3839f2-58a0-4f05-87df-1458f5c65d65 - - - - - -] Successfully bumped revision number for resource 7e2bf9ca-c199-4f53-b160-20fe84c66b78 (type: router_ports) to 2
2026-05-04 12:41:05.930 7 INFO neutron.plugins.ml2.drivers.ovn.mech_driver.mech_driver [None req-af3839f2-58a0-4f05-87df-1458f5c65d65 - - - - - -] OVN reports status down for port: 7afbe5d9-e47b-44f5-9686-1fddf58fa618
2026-05-04 12:41:05.943 8 INFO neutron.db.ovn_revision_numbers_db [None req-d7dd9992-1f8b-499f-8139-3d1c2f0503b0 4f9e3792bb4544c5bb4ffd6ab283ca86 11bed8ea14be486b863535061e5f1c2f - - default default] Successfully bumped revision number for resource 0461018c-ce8e-43c6-866b-a8ebda892035 (type: router_ports) to 1 [pid: 8|app: 0|req: 1080/2184] 10.0.0.165 () {34 vars in 783 bytes} [Mon May 4 12:41:03 2026] PUT /v2.0/routers/947d6bd1-6932-44ca-b5b6-8aadaf2804c5/add_router_interface => generated 310 bytes in 2314 msecs (HTTP/1.1 200) 4 headers in 157 bytes (1 switches on core 0) [pid: 8|app: 0|req: 1081/2185] 10.0.0.25 () {34 vars in 989 bytes} [Mon May 4 12:41:05 2026] GET /v2.0/ports?device_id=3e5116ed-651a-45e6-a5b0-3231afca6902 => generated 1008 bytes in 67 msecs (HTTP/1.1 200) 4 headers in 158 bytes (1 switches on core 0)
2026-05-04 12:41:06.213 7 INFO neutron.common.ovn.utils [None req-af3839f2-58a0-4f05-87df-1458f5c65d65 - - - - - -] HA Chassis Group neutron-3878c3b7-0e16-4a33-99b9-f40652911098 synchronized; highest priority chassis 19af00a0-dfcd-4628-9563-e8ff0f46305c
2026-05-04 12:41:06.256 7 INFO neutron.db.ovn_revision_numbers_db [req-e5102c4d-da5d-40b3-9fa0-83c7ab33b6ba req-0c2f2f2d-fd13-4914-baf0-a6f53bb83772 2bf6cce937994ae6ac8564d334dc0371 2b4dc835f1504985920d91d9a30892e5 - - 0ad601fc1b6c49659a4ddb7e72eb884e 0ad601fc1b6c49659a4ddb7e72eb884e] Successfully bumped revision number for resource 7f576de4-44d4-4441-8ac8-6c5242d90e9f (type: ports) to 4
