2026-05-04 12:39:52.485 8 INFO neutron.services.segments.plugin [-] Segment 4e2a7dbf-1d83-4aba-a151-ddb3fd562905 resource provider not found; error: Placement Client Error (4xx): {"errors": [{"status": 404, "title": "Not Found", "detail": "The resource could not be found.\n\n No resource provider with uuid 4e2a7dbf-1d83-4aba-a151-ddb3fd562905 found for delete ", "request_id": "req-afbe490d-b6a2-413a-8c65-f50ed6dbdcdc"}]} [pid: 7|app: 0|req: 839/1624] 10.0.0.165 () {32 vars in 774 bytes} [Mon May 4 12:39:52 2026] GET /v2.0/security-groups?tenant_id=7919d2e619784e45beee7a5a2cc8765a&name=default => generated 2925 bytes in 367 msecs (HTTP/1.1 200) 4 headers in 158 bytes (1 switches on core 0) [pid: 8|app: 0|req: 786/1625] 10.0.0.165 () {32 vars in 726 bytes} [Mon May 4 12:39:52 2026] DELETE /v2.0/networks/8c5150a6-5907-4f26-8715-6554fba33965 => generated 0 bytes in 388 msecs (HTTP/1.1 204) 3 headers in 131 bytes (1 switches on core 0)
2026-05-04 12:39:52.614 8 INFO neutron_taas.services.taas.taas_plugin [None req-9a1c2f65-9de4-494d-aa43-13c029f7e388 f7fb6e31726a407aab475665cd8a9d1c 1e3c6b5427f94b2ca861dabfb048642b - - default default] TaaS: Handle Delete Port: c53788ff-c674-4dde-997b-668af9a1e7d5
2026-05-04 12:39:52.617 8 INFO neutron_taas.services.taas.tap_mirror_plugin [None req-9a1c2f65-9de4-494d-aa43-13c029f7e388 f7fb6e31726a407aab475665cd8a9d1c 1e3c6b5427f94b2ca861dabfb048642b - - default default] Tap Mirror: Handle Delete Port: c53788ff-c674-4dde-997b-668af9a1e7d5 [pid: 7|app: 0|req: 840/1626] 10.0.0.165 () {32 vars in 740 bytes} [Mon May 4 12:39:52 2026] DELETE /v2.0/security-groups/3d3a1ce3-4f7b-40a5-97b2-9475e2b96d0c => generated 0 bytes in 235 msecs (HTTP/1.1 204) 2 headers in 112 bytes (1 switches on core 0) [pid: 8|app: 0|req: 787/1627] 10.0.0.165 () {32 vars in 726 bytes} [Mon May 4 12:39:52 2026] DELETE /v2.0/networks/2442dd1c-ff29-4f99-bec1-5edccf84657a => generated 0 bytes in 326 msecs (HTTP/1.1 204) 3 headers in 131 bytes (1 switches on core 0)
2026-05-04 12:39:52.865 7 WARNING neutron.db.securitygroups_db [None req-3195b60c-0e3c-4084-9c30-1405052e647e a0d22359523543dd97173daafdd4a6d6 763451d2b9b749abb59cf8ccfcdd1276 - - default default] project_id key not found in filters, using tenant_id instead. This support has been deprecated and will be removed in a future release.
2026-05-04 12:39:52.947 8 INFO neutron_taas.services.taas.taas_plugin [None req-d8c8ed25-962f-439f-9b05-c4bba3a0557a f7fb6e31726a407aab475665cd8a9d1c 1e3c6b5427f94b2ca861dabfb048642b - - default default] TaaS: Handle Delete Port: 1dcb8e3a-d612-415d-a834-b0d62887c0e2
2026-05-04 12:39:52.949 8 INFO neutron_taas.services.taas.tap_mirror_plugin [None req-d8c8ed25-962f-439f-9b05-c4bba3a0557a f7fb6e31726a407aab475665cd8a9d1c 1e3c6b5427f94b2ca861dabfb048642b - - default default] Tap Mirror: Handle Delete Port: 1dcb8e3a-d612-415d-a834-b0d62887c0e2
2026-05-04 12:39:52.977 7 INFO neutron.db.ovn_revision_numbers_db [None req-3195b60c-0e3c-4084-9c30-1405052e647e a0d22359523543dd97173daafdd4a6d6 763451d2b9b749abb59cf8ccfcdd1276 - - default default] Successfully bumped revision number for resource 7b3f3e9a-e70b-47f3-8f52-881ab400f52c (type: security_groups) to 1
2026-05-04 12:39:52.992 7 INFO neutron.db.ovn_revision_numbers_db [None req-3195b60c-0e3c-4084-9c30-1405052e647e a0d22359523543dd97173daafdd4a6d6 763451d2b9b749abb59cf8ccfcdd1276 - - default default] Successfully bumped revision number for resource 216d9dea-c80b-470d-9a3a-e6691dd27203 (type: security_group_rules) to 0
2026-05-04 12:39:53.003 7 INFO neutron.db.ovn_revision_numbers_db [None req-3195b60c-0e3c-4084-9c30-1405052e647e a0d22359523543dd97173daafdd4a6d6 763451d2b9b749abb59cf8ccfcdd1276 - - default default] Successfully bumped revision number for resource 2be8d431-8bf1-439b-a2ea-e55aaacc55fd (type: security_group_rules) to 0
2026-05-04 12:39:53.014 7 INFO neutron.db.ovn_revision_numbers_db [None req-3195b60c-0e3c-4084-9c30-1405052e647e a0d22359523543dd97173daafdd4a6d6 763451d2b9b749abb59cf8ccfcdd1276 - - default default] Successfully bumped revision number for resource 56573662-0cce-466c-b6f0-a7d8f75ed097 (type: security_group_rules) to 0
2026-05-04 12:39:53.024 7 INFO neutron.db.ovn_revision_numbers_db [None req-3195b60c-0e3c-4084-9c30-1405052e647e a0d22359523543dd97173daafdd4a6d6 763451d2b9b749abb59cf8ccfcdd1276 - - default default] Successfully bumped revision number for resource c5436ed9-a0c8-4f9a-a278-ae1b180ff2bb (type: security_group_rules) to 0 [pid: 7|app: 0|req: 841/1628] 10.0.0.165 () {32 vars in 774 bytes} [Mon May 4 12:39:52 2026] GET /v2.0/security-groups?tenant_id=572ee78100d94da6a856375dc2962646&name=default => generated 2925 bytes in 295 msecs (HTTP/1.1 200) 4 headers in 158 bytes (1 switches on core 0) [pid: 8|app: 0|req: 788/1629] 10.0.0.165 () {32 vars in 726 bytes} [Mon May 4 12:39:52 2026] DELETE /v2.0/networks/59ed0821-8181-44fb-8f55-24573732b424 => generated 0 bytes in 319 msecs (HTTP/1.1 204) 3 headers in 131 bytes (1 switches on core 0) [pid: 7|app: 0|req: 842/1630] 10.0.0.165 () {32 vars in 740 bytes} [Mon May 4 12:39:53 2026] DELETE /v2.0/security-groups/7b3f3e9a-e70b-47f3-8f52-881ab400f52c => generated 0 bytes in 169 msecs (HTTP/1.1 204) 2 headers in 112 bytes (1 switches on core 0)
2026-05-04 12:39:53.399 8 WARNING neutron.db.securitygroups_db [None req-31e3dacf-6c9c-4259-a601-e788609caa91 a0d22359523543dd97173daafdd4a6d6 763451d2b9b749abb59cf8ccfcdd1276 - - default default] project_id key not found in filters, using tenant_id instead. This support has been deprecated and will be removed in a future release.
2026-05-04 12:39:53.517 8 INFO neutron.db.ovn_revision_numbers_db [None req-31e3dacf-6c9c-4259-a601-e788609caa91 a0d22359523543dd97173daafdd4a6d6 763451d2b9b749abb59cf8ccfcdd1276 - - default default] Successfully bumped revision number for resource 06cb668d-251e-49bd-b4af-df2fdd7162a3 (type: security_groups) to 1
2026-05-04 12:39:53.526 8 INFO neutron.db.ovn_revision_numbers_db [None req-31e3dacf-6c9c-4259-a601-e788609caa91 a0d22359523543dd97173daafdd4a6d6 763451d2b9b749abb59cf8ccfcdd1276 - - default default] Successfully bumped revision number for resource 15a7f5e5-b470-46b5-95fd-dedf2bfad097 (type: security_group_rules) to 0
2026-05-04 12:39:53.537 8 INFO neutron.db.ovn_revision_numbers_db [None req-31e3dacf-6c9c-4259-a601-e788609caa91 a0d22359523543dd97173daafdd4a6d6 763451d2b9b749abb59cf8ccfcdd1276 - - default default] Successfully bumped revision number for resource 71fb86a8-eb9c-4bdc-95af-7be089857588 (type: security_group_rules) to 0
2026-05-04 12:39:53.547 8 INFO neutron.db.ovn_revision_numbers_db [None req-31e3dacf-6c9c-4259-a601-e788609caa91 a0d22359523543dd97173daafdd4a6d6 763451d2b9b749abb59cf8ccfcdd1276 - - default default] Successfully bumped revision number for resource 741b77b3-4ffd-4004-8d3b-52acc07eef1a (type: security_group_rules) to 0
2026-05-04 12:39:53.559 8 INFO neutron.db.ovn_revision_numbers_db [None req-31e3dacf-6c9c-4259-a601-e788609caa91 a0d22359523543dd97173daafdd4a6d6 763451d2b9b749abb59cf8ccfcdd1276 - - default default] Successfully bumped revision number for resource 9d006284-6870-49b8-8a9f-81ae05845283 (type: security_group_rules) to 0 [pid: 8|app: 0|req: 789/1631] 10.0.0.165 () {32 vars in 774 bytes} [Mon May 4 12:39:53 2026] GET /v2.0/security-groups?tenant_id=17dbb8c0d05d46b4bc54d102ef4cdf24&name=default => generated 2925 bytes in 200 msecs (HTTP/1.1 200) 4 headers in 158 bytes (1 switches on core 0)
2026-05-04 12:39:53.718 7 WARNING neutron.db.securitygroups_db [None req-e3008fe0-9e00-433f-bca7-264cb18b8555 a0d22359523543dd97173daafdd4a6d6 763451d2b9b749abb59cf8ccfcdd1276 - - default default] project_id key not found in filters, using tenant_id instead. This support has been deprecated and will be removed in a future release. [pid: 7|app: 0|req: 843/1632] 10.0.0.165 () {32 vars in 774 bytes} [Mon May 4 12:39:53 2026] GET /v2.0/security-groups?tenant_id=1e3c6b5427f94b2ca861dabfb048642b&name=default => generated 2925 bytes in 200 msecs (HTTP/1.1 200) 4 headers in 158 bytes (1 switches on core 0) [pid: 8|app: 0|req: 790/1633] 10.0.0.165 () {32 vars in 740 bytes} [Mon May 4 12:39:53 2026] DELETE /v2.0/security-groups/06cb668d-251e-49bd-b4af-df2fdd7162a3 => generated 0 bytes in 197 msecs (HTTP/1.1 204) 2 headers in 112 bytes (1 switches on core 0) [pid: 7|app: 0|req: 844/1634] 10.0.0.165 () {32 vars in 740 bytes} [Mon May 4 12:39:53 2026] DELETE /v2.0/security-groups/21800ab2-9168-491d-981e-d9ea4a8ad914 => generated 0 bytes in 184 msecs (HTTP/1.1 204) 2 headers in 112 bytes (1 switches on core 0)
2026-05-04 12:39:54.495 8 INFO neutron.services.segments.plugin [-] Segment 02a230c9-456a-4adc-8cdd-a2c0897748d2 resource provider aggregate not found
2026-05-04 12:39:54.514 8 INFO neutron.services.segments.plugin [-] Segment 02a230c9-456a-4adc-8cdd-a2c0897748d2 resource provider aggregate not found
2026-05-04 12:39:54.520 8 INFO neutron.services.segments.plugin [-] Segment 02a230c9-456a-4adc-8cdd-a2c0897748d2 resource provider not found; error: Placement Client Error (4xx): {"errors": [{"status": 404, "title": "Not Found", "detail": "The resource could not be found.\n\n No resource provider with uuid 02a230c9-456a-4adc-8cdd-a2c0897748d2 found for delete ", "request_id": "req-1b056ee9-0129-43e6-81db-5d8c08f68f72"}]}
2026-05-04 12:39:54.531 8 INFO neutron.services.segments.plugin [-] Segment 02a230c9-456a-4adc-8cdd-a2c0897748d2 resource provider not found; error: Placement Client Error (4xx): {"errors": [{"status": 404, "title": "Not Found", "detail": "The resource could not be found.\n\n No resource provider with uuid 02a230c9-456a-4adc-8cdd-a2c0897748d2 found for delete ", "request_id": "req-7477c8e7-1914-4af3-b672-9df11013fcbe"}]}
2026-05-04 12:39:54.538 8 INFO neutron.services.segments.plugin [-] Segment 10ee4283-49cf-483e-8a58-71bfaf948c96 resource provider aggregate not found
2026-05-04 12:39:54.544 8 INFO neutron.services.segments.plugin [-] Segment 10ee4283-49cf-483e-8a58-71bfaf948c96 resource provider aggregate not found
2026-05-04 12:39:54.551 8 INFO neutron.services.segments.plugin [-] Segment 10ee4283-49cf-483e-8a58-71bfaf948c96 resource provider not found; error: Placement Client Error (4xx): {"errors": [{"status": 404, "title": "Not Found", "detail": "The resource could not be found.\n\n No resource provider with uuid 10ee4283-49cf-483e-8a58-71bfaf948c96 found for delete ", "request_id": "req-dee04712-b354-49c7-9718-71d88dd8724b"}]}
2026-05-04 12:39:54.554 8 INFO neutron.services.segments.plugin [-] Segment 10ee4283-49cf-483e-8a58-71bfaf948c96 resource provider not found; error: Placement Client Error (4xx): {"errors": [{"status": 404, "title": "Not Found", "detail": "The resource could not be found.\n\n No resource provider with uuid 10ee4283-49cf-483e-8a58-71bfaf948c96 found for delete ", "request_id": "req-303a6e61-5dc3-456f-b6c9-ea0a6350d63a"}]}
2026-05-04 12:39:54.963 8 WARNING neutron.db.securitygroups_db [None req-9ef6564f-26ac-453f-8b6d-08ee75ee4130 a0d22359523543dd97173daafdd4a6d6 763451d2b9b749abb59cf8ccfcdd1276 - - default default] project_id key not found in filters, using tenant_id instead. This support has been deprecated and will be removed in a future release.
2026-05-04 12:39:55.080 8 INFO neutron.db.ovn_revision_numbers_db [None req-9ef6564f-26ac-453f-8b6d-08ee75ee4130 a0d22359523543dd97173daafdd4a6d6 763451d2b9b749abb59cf8ccfcdd1276 - - default default] Successfully bumped revision number for resource d25fbab7-ba0e-43f9-b858-6e1df4d9863d (type: security_groups) to 1
2026-05-04 12:39:55.098 8 INFO neutron.db.ovn_revision_numbers_db [None req-9ef6564f-26ac-453f-8b6d-08ee75ee4130 a0d22359523543dd97173daafdd4a6d6 763451d2b9b749abb59cf8ccfcdd1276 - - default default] Successfully bumped revision number for resource 19235b5d-2d7e-42b4-a8ac-6a617ad3aa23 (type: security_group_rules) to 0
2026-05-04 12:39:55.108 8 INFO neutron.db.ovn_revision_numbers_db [None req-9ef6564f-26ac-453f-8b6d-08ee75ee4130 a0d22359523543dd97173daafdd4a6d6 763451d2b9b749abb59cf8ccfcdd1276 - - default default] Successfully bumped revision number for resource 193db542-d735-4846-a3e8-2cb82169083e (type: security_group_rules) to 0
2026-05-04 12:39:55.128 8 INFO neutron.db.ovn_revision_numbers_db [None req-9ef6564f-26ac-453f-8b6d-08ee75ee4130 a0d22359523543dd97173daafdd4a6d6 763451d2b9b749abb59cf8ccfcdd1276 - - default default] Successfully bumped revision number for resource 5bcf3085-6831-4c18-840b-ec34ca8c68e0 (type: security_group_rules) to 0
2026-05-04 12:39:55.140 8 INFO neutron.db.ovn_revision_numbers_db [None req-9ef6564f-26ac-453f-8b6d-08ee75ee4130 a0d22359523543dd97173daafdd4a6d6 763451d2b9b749abb59cf8ccfcdd1276 - - default default] Successfully bumped revision number for resource c131347b-cebd-4e37-83ef-cc2c9b17013f (type: security_group_rules) to 0 [pid: 8|app: 0|req: 791/1635] 10.0.0.165 () {32 vars in 774 bytes} [Mon May 4 12:39:54 2026] GET /v2.0/security-groups?tenant_id=d6e48be8eb65452eade9f63979d7846e&name=default => generated 2925 bytes in 344 msecs (HTTP/1.1 200) 4 headers in 158 bytes (1 switches on core 0) [pid: 7|app: 0|req: 845/1636] 10.0.0.165 () {32 vars in 740 bytes} [Mon May 4 12:39:55 2026] DELETE /v2.0/security-groups/d25fbab7-ba0e-43f9-b858-6e1df4d9863d => generated 0 bytes in 155 msecs (HTTP/1.1 204) 2 headers in 112 bytes (1 switches on core 0)
2026-05-04 12:39:55.506 8 INFO neutron.db.ovn_revision_numbers_db [None req-48e8ec2a-8d32-4be6-ac67-3638d9676024 17ce66d6fe8f4a129d5de57cfe0a03f8 8f3e272cef684b338d37853b41f2a004 - - default default] Successfully bumped revision number for resource 7b6fb4ca-5820-479d-9c26-2ba238e930da (type: security_groups) to 1
2026-05-04 12:39:55.517 8 INFO neutron.db.ovn_revision_numbers_db [None req-48e8ec2a-8d32-4be6-ac67-3638d9676024 17ce66d6fe8f4a129d5de57cfe0a03f8 8f3e272cef684b338d37853b41f2a004 - - default default] Successfully bumped revision number for resource 1afab14f-080c-4098-88a4-44282d559118 (type: security_group_rules) to 0
2026-05-04 12:39:55.527 8 INFO neutron.db.ovn_revision_numbers_db [None req-48e8ec2a-8d32-4be6-ac67-3638d9676024 17ce66d6fe8f4a129d5de57cfe0a03f8 8f3e272cef684b338d37853b41f2a004 - - default default] Successfully bumped revision number for resource ac62db78-e69b-4cba-8bf2-2c98d429f559 (type: security_group_rules) to 0
2026-05-04 12:39:55.539 8 INFO neutron.db.ovn_revision_numbers_db [None req-48e8ec2a-8d32-4be6-ac67-3638d9676024 17ce66d6fe8f4a129d5de57cfe0a03f8 8f3e272cef684b338d37853b41f2a004 - - default default] Successfully bumped revision number for resource dd1a7fba-5da1-4a6f-b09f-cd5971db6af8 (type: security_group_rules) to 0
2026-05-04 12:39:55.550 8 INFO neutron.db.ovn_revision_numbers_db [None req-48e8ec2a-8d32-4be6-ac67-3638d9676024 17ce66d6fe8f4a129d5de57cfe0a03f8 8f3e272cef684b338d37853b41f2a004 - - default default] Successfully bumped revision number for resource ec32cc32-bcbe-4e79-8028-c3e5f960e1aa (type: security_group_rules) to 0
2026-05-04 12:39:55.628 8 INFO neutron.db.segments_db [None req-48e8ec2a-8d32-4be6-ac67-3638d9676024 17ce66d6fe8f4a129d5de57cfe0a03f8 8f3e272cef684b338d37853b41f2a004 - - default default] Added segment 1b60d9ee-d266-40b9-bfbb-b182c201e3f3 of type geneve for network cc8f619c-82a3-45a1-bfad-592beb180466
2026-05-04 12:39:55.721 8 INFO neutron.db.ovn_revision_numbers_db [None req-48e8ec2a-8d32-4be6-ac67-3638d9676024 17ce66d6fe8f4a129d5de57cfe0a03f8 8f3e272cef684b338d37853b41f2a004 - - default default] Successfully bumped revision number for resource cc8f619c-82a3-45a1-bfad-592beb180466 (type: networks) to 1
2026-05-04 12:39:55.883 8 WARNING neutron.scheduler.dhcp_agent_scheduler [None req-48e8ec2a-8d32-4be6-ac67-3638d9676024 17ce66d6fe8f4a129d5de57cfe0a03f8 8f3e272cef684b338d37853b41f2a004 - - default default] No more DHCP agents
2026-05-04 12:39:55.885 8 WARNING neutron.api.rpc.agentnotifiers.dhcp_rpc_agent_api [None req-48e8ec2a-8d32-4be6-ac67-3638d9676024 17ce66d6fe8f4a129d5de57cfe0a03f8 8f3e272cef684b338d37853b41f2a004 - - default default] Unable to schedule network cc8f619c-82a3-45a1-bfad-592beb180466: no agents available; will retry on subsequent port and subnet creation events.
2026-05-04 12:39:55.947 8 INFO neutron.plugins.ml2.drivers.ovn.mech_driver.mech_driver [None req-75145580-9722-4c38-83cd-fc06950ec106 - - - - - -] OVN reports status down for port: ab13adb6-d234-4bf0-8076-858ed2a85e27
2026-05-04 12:39:55.999 8 INFO neutron.db.ovn_revision_numbers_db [None req-48e8ec2a-8d32-4be6-ac67-3638d9676024 17ce66d6fe8f4a129d5de57cfe0a03f8 8f3e272cef684b338d37853b41f2a004 - - default default] Successfully bumped revision number for resource ab13adb6-d234-4bf0-8076-858ed2a85e27 (type: ports) to 1 [pid: 8|app: 0|req: 792/1637] 10.0.0.165 () {34 vars in 670 bytes} [Mon May 4 12:39:55 2026] POST /v2.0/networks => generated 670 bytes in 763 msecs (HTTP/1.1 201) 4 headers in 162 bytes (1 switches on core 0)
2026-05-04 12:39:56.199 7 WARNING neutron.scheduler.dhcp_agent_scheduler [None req-2d894a52-35b0-4c96-99f5-1b959cc2884c 17ce66d6fe8f4a129d5de57cfe0a03f8 8f3e272cef684b338d37853b41f2a004 - - default default] No more DHCP agents
2026-05-04 12:39:56.200 7 WARNING neutron.api.rpc.agentnotifiers.dhcp_rpc_agent_api [None req-2d894a52-35b0-4c96-99f5-1b959cc2884c 17ce66d6fe8f4a129d5de57cfe0a03f8 8f3e272cef684b338d37853b41f2a004 - - default default] Unable to schedule network cc8f619c-82a3-45a1-bfad-592beb180466: no agents available; will retry on subsequent port and subnet creation events.
2026-05-04 12:39:56.687 7 INFO neutron.db.ovn_revision_numbers_db [None req-2d894a52-35b0-4c96-99f5-1b959cc2884c 17ce66d6fe8f4a129d5de57cfe0a03f8 8f3e272cef684b338d37853b41f2a004 - - default default] Successfully bumped revision number for resource ab13adb6-d234-4bf0-8076-858ed2a85e27 (type: ports) to 2
2026-05-04 12:39:56.714 7 INFO neutron.db.ovn_revision_numbers_db [None req-2d894a52-35b0-4c96-99f5-1b959cc2884c 17ce66d6fe8f4a129d5de57cfe0a03f8 8f3e272cef684b338d37853b41f2a004 - - default default] Successfully bumped revision number for resource 8334dc78-b708-4507-ac5a-4523739e9700 (type: subnets) to 0 [pid: 7|app: 0|req: 846/1638] 10.0.0.165 () {34 vars in 669 bytes} [Mon May 4 12:39:56 2026] POST /v2.0/subnets => generated 626 bytes in 695 msecs (HTTP/1.1 201) 4 headers in 162 bytes (1 switches on core 0)
2026-05-04 12:39:56.821 8 INFO neutron.db.segments_db [None req-356bdf17-9d96-4540-a191-e0426280049b 17ce66d6fe8f4a129d5de57cfe0a03f8 8f3e272cef684b338d37853b41f2a004 - - default default] Added segment 2f1add19-70ef-48eb-86d9-9808190598f7 of type geneve for network d3b733d7-5608-438d-8b81-b818a458b103
2026-05-04 12:39:56.916 8 INFO neutron.db.ovn_revision_numbers_db [None req-356bdf17-9d96-4540-a191-e0426280049b 17ce66d6fe8f4a129d5de57cfe0a03f8 8f3e272cef684b338d37853b41f2a004 - - default default] Successfully bumped revision number for resource d3b733d7-5608-438d-8b81-b818a458b103 (type: networks) to 1
2026-05-04 12:39:57.085 8 WARNING neutron.scheduler.dhcp_agent_scheduler [None req-356bdf17-9d96-4540-a191-e0426280049b 17ce66d6fe8f4a129d5de57cfe0a03f8 8f3e272cef684b338d37853b41f2a004 - - default default] No more DHCP agents
2026-05-04 12:39:57.087 8 WARNING neutron.api.rpc.agentnotifiers.dhcp_rpc_agent_api [None req-356bdf17-9d96-4540-a191-e0426280049b 17ce66d6fe8f4a129d5de57cfe0a03f8 8f3e272cef684b338d37853b41f2a004 - - default default] Unable to schedule network d3b733d7-5608-438d-8b81-b818a458b103: no agents available; will retry on subsequent port and subnet creation events.
2026-05-04 12:39:57.142 7 INFO neutron.plugins.ml2.drivers.ovn.mech_driver.mech_driver [None req-e235fcd9-7f9e-4b94-a467-fca2c7652111 - - - - - -] OVN reports status down for port: b694f624-48da-46ee-b625-d1dfd2de593d
2026-05-04 12:39:57.161 8 INFO neutron.db.ovn_revision_numbers_db [None req-356bdf17-9d96-4540-a191-e0426280049b 17ce66d6fe8f4a129d5de57cfe0a03f8 8f3e272cef684b338d37853b41f2a004 - - default default] Successfully bumped revision number for resource b694f624-48da-46ee-b625-d1dfd2de593d (type: ports) to 1 [pid: 8|app: 0|req: 793/1639] 10.0.0.165 () {34 vars in 670 bytes} [Mon May 4 12:39:56 2026] POST /v2.0/networks => generated 669 bytes in 455 msecs (HTTP/1.1 201) 4 headers in 162 bytes (1 switches on core 0)
2026-05-04 12:39:57.434 7 WARNING neutron.scheduler.dhcp_agent_scheduler [None req-d9119717-3f5b-4e1f-b484-1a379450aa28 17ce66d6fe8f4a129d5de57cfe0a03f8 8f3e272cef684b338d37853b41f2a004 - - default default] No more DHCP agents
2026-05-04 12:39:57.435 7 WARNING neutron.api.rpc.agentnotifiers.dhcp_rpc_agent_api [None req-d9119717-3f5b-4e1f-b484-1a379450aa28 17ce66d6fe8f4a129d5de57cfe0a03f8 8f3e272cef684b338d37853b41f2a004 - - default default] Unable to schedule network d3b733d7-5608-438d-8b81-b818a458b103: no agents available; will retry on subsequent port and subnet creation events.
2026-05-04 12:39:57.906 7 INFO neutron.db.ovn_revision_numbers_db [None req-d9119717-3f5b-4e1f-b484-1a379450aa28 17ce66d6fe8f4a129d5de57cfe0a03f8 8f3e272cef684b338d37853b41f2a004 - - default default] Successfully bumped revision number for resource b694f624-48da-46ee-b625-d1dfd2de593d (type: ports) to 2
2026-05-04 12:39:57.946 7 INFO neutron.db.ovn_revision_numbers_db [None req-d9119717-3f5b-4e1f-b484-1a379450aa28 17ce66d6fe8f4a129d5de57cfe0a03f8 8f3e272cef684b338d37853b41f2a004 - - default default] Successfully bumped revision number for resource 77e7f854-b14e-41ac-8b8b-5b7813e9394b (type: subnets) to 0 [pid: 7|app: 0|req: 847/1640] 10.0.0.165 () {34 vars in 669 bytes} [Mon May 4 12:39:57 2026] POST /v2.0/subnets => generated 629 bytes in 772 msecs (HTTP/1.1 201) 4 headers in 162 bytes (1 switches on core 0)
2026-05-04 12:39:58.067 8 INFO neutron.db.segments_db [None req-939104cf-cb1a-45db-8e47-1576b1a6f821 17ce66d6fe8f4a129d5de57cfe0a03f8 8f3e272cef684b338d37853b41f2a004 - - default default] Added segment 398b6c21-1a9b-43ea-aaae-a68461b7cf31 of type geneve for network de064a33-c72f-4bc7-b3e1-aad69ee3dc08
2026-05-04 12:39:58.170 8 INFO neutron.db.ovn_revision_numbers_db [None req-939104cf-cb1a-45db-8e47-1576b1a6f821 17ce66d6fe8f4a129d5de57cfe0a03f8 8f3e272cef684b338d37853b41f2a004 - - default default] Successfully bumped revision number for resource de064a33-c72f-4bc7-b3e1-aad69ee3dc08 (type: networks) to 1
2026-05-04 12:39:58.315 8 WARNING neutron.scheduler.dhcp_agent_scheduler [None req-939104cf-cb1a-45db-8e47-1576b1a6f821 17ce66d6fe8f4a129d5de57cfe0a03f8 8f3e272cef684b338d37853b41f2a004 - - default default] No more DHCP agents
2026-05-04 12:39:58.317 8 WARNING neutron.api.rpc.agentnotifiers.dhcp_rpc_agent_api [None req-939104cf-cb1a-45db-8e47-1576b1a6f821 17ce66d6fe8f4a129d5de57cfe0a03f8 8f3e272cef684b338d37853b41f2a004 - - default default] Unable to schedule network de064a33-c72f-4bc7-b3e1-aad69ee3dc08: no agents available; will retry on subsequent port and subnet creation events.
2026-05-04 12:39:58.341 7 WARNING neutron.db.securitygroups_db [None req-0c6fd555-c35c-4a18-8f00-d30011863583 a0d22359523543dd97173daafdd4a6d6 763451d2b9b749abb59cf8ccfcdd1276 - - default default] project_id key not found in filters, using tenant_id instead. This support has been deprecated and will be removed in a future release.
2026-05-04 12:39:58.390 7 INFO neutron.plugins.ml2.drivers.ovn.mech_driver.mech_driver [None req-e235fcd9-7f9e-4b94-a467-fca2c7652111 - - - - - -] OVN reports status down for port: 3fe11aff-1d35-44e9-b5cc-b577c6836dac
2026-05-04 12:39:58.437 8 INFO neutron.db.ovn_revision_numbers_db [None req-939104cf-cb1a-45db-8e47-1576b1a6f821 17ce66d6fe8f4a129d5de57cfe0a03f8 8f3e272cef684b338d37853b41f2a004 - - default default] Successfully bumped revision number for resource 3fe11aff-1d35-44e9-b5cc-b577c6836dac (type: ports) to 1 [pid: 8|app: 0|req: 794/1641] 10.0.0.165 () {34 vars in 670 bytes} [Mon May 4 12:39:57 2026] POST /v2.0/networks => generated 670 bytes in 496 msecs (HTTP/1.1 201) 4 headers in 162 bytes (1 switches on core 0)
2026-05-04 12:39:58.548 7 INFO neutron.db.ovn_revision_numbers_db [None req-0c6fd555-c35c-4a18-8f00-d30011863583 a0d22359523543dd97173daafdd4a6d6 763451d2b9b749abb59cf8ccfcdd1276 - - default default] Successfully bumped revision number for resource a6f2a640-d984-431a-8c40-c7ff7c0680af (type: security_groups) to 1
2026-05-04 12:39:58.574 7 INFO neutron.db.ovn_revision_numbers_db [None req-0c6fd555-c35c-4a18-8f00-d30011863583 a0d22359523543dd97173daafdd4a6d6 763451d2b9b749abb59cf8ccfcdd1276 - - default default] Successfully bumped revision number for resource 07fdd24f-4cc4-401f-9103-a8ef778a6eac (type: security_group_rules) to 0
2026-05-04 12:39:58.590 7 INFO neutron.db.ovn_revision_numbers_db [None req-0c6fd555-c35c-4a18-8f00-d30011863583 a0d22359523543dd97173daafdd4a6d6 763451d2b9b749abb59cf8ccfcdd1276 - - default default] Successfully bumped revision number for resource 0e9e9990-1259-4c2e-a664-5560003c5a9c (type: security_group_rules) to 0
2026-05-04 12:39:58.600 7 INFO neutron.db.ovn_revision_numbers_db [None req-0c6fd555-c35c-4a18-8f00-d30011863583 a0d22359523543dd97173daafdd4a6d6 763451d2b9b749abb59cf8ccfcdd1276 - - default default] Successfully bumped revision number for resource a07dd6d6-3c9c-4f73-890c-78dc640a8c6d (type: security_group_rules) to 0
2026-05-04 12:39:58.612 7 INFO neutron.db.ovn_revision_numbers_db [None req-0c6fd555-c35c-4a18-8f00-d30011863583 a0d22359523543dd97173daafdd4a6d6 763451d2b9b749abb59cf8ccfcdd1276 - - default default] Successfully bumped revision number for resource d0f48efb-0a38-4db2-9964-21b050066a6a (type: security_group_rules) to 0 [pid: 7|app: 0|req: 848/1642] 10.0.0.165 () {32 vars in 774 bytes} [Mon May 4 12:39:58 2026] GET /v2.0/security-groups?tenant_id=3082d1915da949f8956dbdcd7a42ad83&name=default => generated 2925 bytes in 489 msecs (HTTP/1.1 200) 4 headers in 158 bytes (1 switches on core 0)
2026-05-04 12:39:58.711 8 WARNING neutron.scheduler.dhcp_agent_scheduler [None req-dc9cbab4-c23a-4e2e-bce8-b726ce063c8b 17ce66d6fe8f4a129d5de57cfe0a03f8 8f3e272cef684b338d37853b41f2a004 - - default default] No more DHCP agents
2026-05-04 12:39:58.713 8 WARNING neutron.api.rpc.agentnotifiers.dhcp_rpc_agent_api [None req-dc9cbab4-c23a-4e2e-bce8-b726ce063c8b 17ce66d6fe8f4a129d5de57cfe0a03f8 8f3e272cef684b338d37853b41f2a004 - - default default] Unable to schedule network de064a33-c72f-4bc7-b3e1-aad69ee3dc08: no agents available; will retry on subsequent port and subnet creation events.
2026-05-04 12:39:58.972 7 INFO neutron.db.ovn_revision_numbers_db [None req-09330aab-0f49-47cd-8902-31c0a9f6ddd1 c052a4a686624d0192432e43eed1742d 9d5151ff7b8c4a2da862286b5a862cd2 - - default default] Successfully bumped revision number for resource 443522a8-c307-4300-8fb3-05c2bd6c4d43 (type: security_groups) to 1
2026-05-04 12:39:58.988 7 INFO neutron.db.ovn_revision_numbers_db [None req-09330aab-0f49-47cd-8902-31c0a9f6ddd1 c052a4a686624d0192432e43eed1742d 9d5151ff7b8c4a2da862286b5a862cd2 - - default default] Successfully bumped revision number for resource 28a64f9f-6275-403c-aa75-79451c1115e6 (type: security_group_rules) to 0
2026-05-04 12:39:59.003 7 INFO neutron.db.ovn_revision_numbers_db [None req-09330aab-0f49-47cd-8902-31c0a9f6ddd1 c052a4a686624d0192432e43eed1742d 9d5151ff7b8c4a2da862286b5a862cd2 - - default default] Successfully bumped revision number for resource 449c3eb8-3f88-4742-9288-d56950ac1b12 (type: security_group_rules) to 0
2026-05-04 12:39:59.017 7 INFO neutron.db.ovn_revision_numbers_db [None req-09330aab-0f49-47cd-8902-31c0a9f6ddd1 c052a4a686624d0192432e43eed1742d 9d5151ff7b8c4a2da862286b5a862cd2 - - default default] Successfully bumped revision number for resource 757b4d44-f236-47b4-b06b-4b9de25781db (type: security_group_rules) to 0
2026-05-04 12:39:59.031 7 INFO neutron.db.ovn_revision_numbers_db [None req-09330aab-0f49-47cd-8902-31c0a9f6ddd1 c052a4a686624d0192432e43eed1742d 9d5151ff7b8c4a2da862286b5a862cd2 - - default default] Successfully bumped revision number for resource 797b3155-b529-45c8-a2e9-7cbd76039e32 (type: security_group_rules) to 0
2026-05-04 12:39:59.143 7 INFO neutron.db.segments_db [None req-09330aab-0f49-47cd-8902-31c0a9f6ddd1 c052a4a686624d0192432e43eed1742d 9d5151ff7b8c4a2da862286b5a862cd2 - - default default] Added segment f0bb307e-c288-4e77-9c8a-855172e4ddfe of type geneve for network 05d32a42-ebb1-47f5-9fff-5690c44c7797
2026-05-04 12:39:59.236 8 INFO neutron.db.ovn_revision_numbers_db [None req-dc9cbab4-c23a-4e2e-bce8-b726ce063c8b 17ce66d6fe8f4a129d5de57cfe0a03f8 8f3e272cef684b338d37853b41f2a004 - - default default] Successfully bumped revision number for resource 3fe11aff-1d35-44e9-b5cc-b577c6836dac (type: ports) to 2
2026-05-04 12:39:59.264 7 INFO neutron.db.ovn_revision_numbers_db [None req-09330aab-0f49-47cd-8902-31c0a9f6ddd1 c052a4a686624d0192432e43eed1742d 9d5151ff7b8c4a2da862286b5a862cd2 - - default default] Successfully bumped revision number for resource 05d32a42-ebb1-47f5-9fff-5690c44c7797 (type: networks) to 1
2026-05-04 12:39:59.283 8 INFO neutron.db.ovn_revision_numbers_db [None req-dc9cbab4-c23a-4e2e-bce8-b726ce063c8b 17ce66d6fe8f4a129d5de57cfe0a03f8 8f3e272cef684b338d37853b41f2a004 - - default default] Successfully bumped revision number for resource 00ba23cf-2a87-48de-b5ad-ed03054909d4 (type: subnets) to 0 [pid: 8|app: 0|req: 795/1643] 10.0.0.165 () {34 vars in 669 bytes} [Mon May 4 12:39:58 2026] POST /v2.0/subnets => generated 629 bytes in 831 msecs (HTTP/1.1 201) 4 headers in 162 bytes (1 switches on core 0)
2026-05-04 12:39:59.442 7 WARNING neutron.scheduler.dhcp_agent_scheduler [None req-09330aab-0f49-47cd-8902-31c0a9f6ddd1 c052a4a686624d0192432e43eed1742d 9d5151ff7b8c4a2da862286b5a862cd2 - - default default] No more DHCP agents
2026-05-04 12:39:59.444 7 WARNING neutron.api.rpc.agentnotifiers.dhcp_rpc_agent_api [None req-09330aab-0f49-47cd-8902-31c0a9f6ddd1 c052a4a686624d0192432e43eed1742d 9d5151ff7b8c4a2da862286b5a862cd2 - - default default] Unable to schedule network 05d32a42-ebb1-47f5-9fff-5690c44c7797: no agents available; will retry on subsequent port and subnet creation events. [pid: 8|app: 0|req: 796/1644] 10.0.0.165 () {32 vars in 740 bytes} [Mon May 4 12:39:59 2026] DELETE /v2.0/security-groups/a6f2a640-d984-431a-8c40-c7ff7c0680af => generated 0 bytes in 186 msecs (HTTP/1.1 204) 2 headers in 112 bytes (1 switches on core 0)
2026-05-04 12:39:59.517 7 INFO neutron.plugins.ml2.drivers.ovn.mech_driver.mech_driver [None req-e235fcd9-7f9e-4b94-a467-fca2c7652111 - - - - - -] OVN reports status down for port: 41af60b6-bd4b-4b22-ad6e-d4d44172dab2
2026-05-04 12:39:59.540 8 WARNING neutron.db.securitygroups_db [None req-e9245c40-d386-4bda-a9cc-32f496387f3d a0d22359523543dd97173daafdd4a6d6 763451d2b9b749abb59cf8ccfcdd1276 - - default default] project_id key not found in filters, using tenant_id instead. This support has been deprecated and will be removed in a future release.
2026-05-04 12:39:59.606 7 INFO neutron.db.ovn_revision_numbers_db [None req-09330aab-0f49-47cd-8902-31c0a9f6ddd1 c052a4a686624d0192432e43eed1742d 9d5151ff7b8c4a2da862286b5a862cd2 - - default default] Successfully bumped revision number for resource 41af60b6-bd4b-4b22-ad6e-d4d44172dab2 (type: ports) to 1
2026-05-04 12:39:59.658 8 INFO neutron.db.ovn_revision_numbers_db [None req-e9245c40-d386-4bda-a9cc-32f496387f3d a0d22359523543dd97173daafdd4a6d6 763451d2b9b749abb59cf8ccfcdd1276 - - default default] Successfully bumped revision number for resource 9ec0edd4-9e2b-46d5-ba33-bf234afd1694 (type: security_groups) to 1
2026-05-04 12:39:59.671 8 INFO neutron.db.ovn_revision_numbers_db [None req-e9245c40-d386-4bda-a9cc-32f496387f3d a0d22359523543dd97173daafdd4a6d6 763451d2b9b749abb59cf8ccfcdd1276 - - default default] Successfully bumped revision number for resource 4e877785-57a5-4788-87eb-a6a684b3ca98 (type: security_group_rules) to 0 [pid: 7|app: 0|req: 849/1645] 10.0.0.165 () {34 vars in 671 bytes} [Mon May 4 12:39:58 2026] POST /v2.0/networks => generated 670 bytes in 1025 msecs (HTTP/1.1 201) 4 headers in 162 bytes (1 switches on core 0)
2026-05-04 12:39:59.686 8 INFO neutron.db.ovn_revision_numbers_db [None req-e9245c40-d386-4bda-a9cc-32f496387f3d a0d22359523543dd97173daafdd4a6d6 763451d2b9b749abb59cf8ccfcdd1276 - - default default] Successfully bumped revision number for resource 7a6112a6-1d4d-42bd-923f-43be8befdd2b (type: security_group_rules) to 0
2026-05-04 12:39:59.704 8 INFO neutron.db.ovn_revision_numbers_db [None req-e9245c40-d386-4bda-a9cc-32f496387f3d a0d22359523543dd97173daafdd4a6d6 763451d2b9b749abb59cf8ccfcdd1276 - - default default] Successfully bumped revision number for resource a3d51238-6471-42a9-992e-6ec1d0cead17 (type: security_group_rules) to 0
2026-05-04 12:39:59.714 8 INFO neutron.db.ovn_revision_numbers_db [None req-e9245c40-d386-4bda-a9cc-32f496387f3d a0d22359523543dd97173daafdd4a6d6 763451d2b9b749abb59cf8ccfcdd1276 - - default default] Successfully bumped revision number for resource ebb6bdc2-9bee-48fd-9519-20afbf6f3603 (type: security_group_rules) to 0 [pid: 8|app: 0|req: 797/1646] 10.0.0.165 () {32 vars in 774 bytes} [Mon May 4 12:39:59 2026] GET /v2.0/security-groups?tenant_id=053425b64e964a14937666301a8585d8&name=default => generated 2925 bytes in 262 msecs (HTTP/1.1 200) 4 headers in 158 bytes (1 switches on core 0)
2026-05-04 12:39:59.775 7 INFO neutron.db.segments_db [None req-ba46c553-3a46-4377-892e-3c9b7f764f7c 17ce66d6fe8f4a129d5de57cfe0a03f8 8f3e272cef684b338d37853b41f2a004 - - default default] Added segment 805e7342-1d02-4f00-be3e-fb0376465b86 of type geneve for network 556dd456-e8ed-4675-aba3-e74ff7f9f43e
2026-05-04 12:39:59.897 7 INFO neutron.db.ovn_revision_numbers_db [None req-ba46c553-3a46-4377-892e-3c9b7f764f7c 17ce66d6fe8f4a129d5de57cfe0a03f8 8f3e272cef684b338d37853b41f2a004 - - default default] Successfully bumped revision number for resource 556dd456-e8ed-4675-aba3-e74ff7f9f43e (type: networks) to 1
2026-05-04 12:40:00.059 7 WARNING neutron.scheduler.dhcp_agent_scheduler [None req-ba46c553-3a46-4377-892e-3c9b7f764f7c 17ce66d6fe8f4a129d5de57cfe0a03f8 8f3e272cef684b338d37853b41f2a004 - - default default] No more DHCP agents
2026-05-04 12:40:00.061 7 WARNING neutron.api.rpc.agentnotifiers.dhcp_rpc_agent_api [None req-ba46c553-3a46-4377-892e-3c9b7f764f7c 17ce66d6fe8f4a129d5de57cfe0a03f8 8f3e272cef684b338d37853b41f2a004 - - default default] Unable to schedule network 556dd456-e8ed-4675-aba3-e74ff7f9f43e: no agents available; will retry on subsequent port and subnet creation events.
2026-05-04 12:40:00.116 7 INFO neutron.plugins.ml2.drivers.ovn.mech_driver.mech_driver [None req-e235fcd9-7f9e-4b94-a467-fca2c7652111 - - - - - -] OVN reports status down for port: ed364b07-66ea-4de9-b074-9c3a8a25f655
2026-05-04 12:40:00.161 8 WARNING neutron.scheduler.dhcp_agent_scheduler [None req-fb0e8691-3cfa-4bad-aeb4-f93414aa8795 c052a4a686624d0192432e43eed1742d 9d5151ff7b8c4a2da862286b5a862cd2 - - default default] No more DHCP agents
2026-05-04 12:40:00.163 8 WARNING neutron.api.rpc.agentnotifiers.dhcp_rpc_agent_api [None req-fb0e8691-3cfa-4bad-aeb4-f93414aa8795 c052a4a686624d0192432e43eed1742d 9d5151ff7b8c4a2da862286b5a862cd2 - - default default] Unable to schedule network cf096e53-2011-4f22-83b2-dcccf16a76a3: no agents available; will retry on subsequent port and subnet creation events.
2026-05-04 12:40:00.170 7 INFO neutron.db.ovn_revision_numbers_db [None req-ba46c553-3a46-4377-892e-3c9b7f764f7c 17ce66d6fe8f4a129d5de57cfe0a03f8 8f3e272cef684b338d37853b41f2a004 - - default default] Successfully bumped revision number for resource ed364b07-66ea-4de9-b074-9c3a8a25f655 (type: ports) to 1 [pid: 7|app: 0|req: 850/1647] 10.0.0.165 () {34 vars in 670 bytes} [Mon May 4 12:39:59 2026] POST /v2.0/networks => generated 670 bytes in 521 msecs (HTTP/1.1 201) 4 headers in 162 bytes (1 switches on core 0)
2026-05-04 12:40:00.316 8 INFO neutron.plugins.ml2.drivers.ovn.mech_driver.mech_driver [None req-75145580-9722-4c38-83cd-fc06950ec106 - - - - - -] OVN reports status down for port: e4feaf23-7a34-45dd-a2e7-edad9b7e66f2
2026-05-04 12:40:00.371 8 INFO neutron.db.ovn_revision_numbers_db [None req-fb0e8691-3cfa-4bad-aeb4-f93414aa8795 c052a4a686624d0192432e43eed1742d 9d5151ff7b8c4a2da862286b5a862cd2 - - default default] Successfully bumped revision number for resource e4feaf23-7a34-45dd-a2e7-edad9b7e66f2 (type: ports) to 1 [pid: 7|app: 0|req: 851/1648] 10.0.0.165 () {32 vars in 740 bytes} [Mon May 4 12:40:00 2026] DELETE /v2.0/security-groups/9ec0edd4-9e2b-46d5-ba33-bf234afd1694 => generated 0 bytes in 210 msecs (HTTP/1.1 204) 2 headers in 112 bytes (1 switches on core 0)
2026-05-04 12:40:00.625 7 WARNING neutron.scheduler.dhcp_agent_scheduler [None req-8113e1ea-2e1c-4f74-8b21-439087488b6a 17ce66d6fe8f4a129d5de57cfe0a03f8 8f3e272cef684b338d37853b41f2a004 - - default default] No more DHCP agents
2026-05-04 12:40:00.628 7 WARNING neutron.api.rpc.agentnotifiers.dhcp_rpc_agent_api [None req-8113e1ea-2e1c-4f74-8b21-439087488b6a 17ce66d6fe8f4a129d5de57cfe0a03f8 8f3e272cef684b338d37853b41f2a004 - - default default] Unable to schedule network 556dd456-e8ed-4675-aba3-e74ff7f9f43e: no agents available; will retry on subsequent port and subnet creation events.
2026-05-04 12:40:01.062 8 INFO neutron.plugins.ml2.drivers.ovn.mech_driver.mech_driver [None req-75145580-9722-4c38-83cd-fc06950ec106 - - - - - -] OVN reports status up for port: e4feaf23-7a34-45dd-a2e7-edad9b7e66f2
2026-05-04 12:40:01.072 8 INFO neutron.plugins.ml2.drivers.ovn.mech_driver.ovsdb.ovsdb_monitor [None req-bded9f2a-2137-40b2-9d2c-d146d3705471 - - - - - -] Router d673a0f8-c5f1-4c89-99a5-184e91044335 is bound to host instance
2026-05-04 12:40:01.129 8 INFO neutron.plugins.ml2.plugin [None req-75145580-9722-4c38-83cd-fc06950ec106 - - - - - -] Attempt 1 to provision port e4feaf23-7a34-45dd-a2e7-edad9b7e66f2
2026-05-04 12:40:01.179 7 INFO neutron.db.ovn_revision_numbers_db [None req-8113e1ea-2e1c-4f74-8b21-439087488b6a 17ce66d6fe8f4a129d5de57cfe0a03f8 8f3e272cef684b338d37853b41f2a004 - - default default] Successfully bumped revision number for resource ed364b07-66ea-4de9-b074-9c3a8a25f655 (type: ports) to 2
2026-05-04 12:40:01.187 8 INFO neutron.db.ovn_revision_numbers_db [None req-fb0e8691-3cfa-4bad-aeb4-f93414aa8795 c052a4a686624d0192432e43eed1742d 9d5151ff7b8c4a2da862286b5a862cd2 - - default default] Successfully bumped revision number for resource e4feaf23-7a34-45dd-a2e7-edad9b7e66f2 (type: router_ports) to 1
2026-05-04 12:40:01.224 7 INFO neutron.db.ovn_revision_numbers_db [None req-8113e1ea-2e1c-4f74-8b21-439087488b6a 17ce66d6fe8f4a129d5de57cfe0a03f8 8f3e272cef684b338d37853b41f2a004 - - default default] Successfully bumped revision number for resource 5ad08ba3-2b7b-49e4-ab06-c24fad0c2cdb (type: subnets) to 0 [pid: 7|app: 0|req: 852/1649] 10.0.0.165 () {34 vars in 669 bytes} [Mon May 4 12:40:00 2026] POST /v2.0/subnets => generated 629 bytes in 823 msecs (HTTP/1.1 201) 4 headers in 162 bytes (1 switches on core 0)
2026-05-04 12:40:01.241 7 WARNING neutron.db.securitygroups_db [None req-cd9d1497-72ee-43a9-bb9a-83c69d7437aa a0d22359523543dd97173daafdd4a6d6 763451d2b9b749abb59cf8ccfcdd1276 - - default default] project_id key not found in filters, using tenant_id instead. This support has been deprecated and will be removed in a future release.
2026-05-04 12:40:01.341 8 INFO neutron.db.ovn_revision_numbers_db [None req-fb0e8691-3cfa-4bad-aeb4-f93414aa8795 c052a4a686624d0192432e43eed1742d 9d5151ff7b8c4a2da862286b5a862cd2 - - default default] Successfully bumped revision number for resource d673a0f8-c5f1-4c89-99a5-184e91044335 (type: routers) to 2 [pid: 8|app: 0|req: 798/1650] 10.0.0.165 () {34 vars in 669 bytes} [Mon May 4 12:39:59 2026] POST /v2.0/routers => generated 976 bytes in 1620 msecs (HTTP/1.1 201) 4 headers in 162 bytes (1 switches on core 0)
2026-05-04 12:40:01.389 7 INFO neutron.db.ovn_revision_numbers_db [None req-cd9d1497-72ee-43a9-bb9a-83c69d7437aa a0d22359523543dd97173daafdd4a6d6 763451d2b9b749abb59cf8ccfcdd1276 - - default default] Successfully bumped revision number for resource 5885c00d-32fb-446c-8219-fffc9aa7751b (type: security_groups) to 1
2026-05-04 12:40:01.403 7 INFO neutron.db.ovn_revision_numbers_db [None req-cd9d1497-72ee-43a9-bb9a-83c69d7437aa a0d22359523543dd97173daafdd4a6d6 763451d2b9b749abb59cf8ccfcdd1276 - - default default] Successfully bumped revision number for resource 143aa0e0-a953-4d0b-bcb5-e4033c479ac8 (type: security_group_rules) to 0
2026-05-04 12:40:01.414 7 INFO neutron.db.ovn_revision_numbers_db [None req-cd9d1497-72ee-43a9-bb9a-83c69d7437aa a0d22359523543dd97173daafdd4a6d6 763451d2b9b749abb59cf8ccfcdd1276 - - default default] Successfully bumped revision number for resource 2ff1ff10-5140-479d-899b-cb01699a4d60 (type: security_group_rules) to 0
2026-05-04 12:40:01.434 7 INFO neutron.db.ovn_revision_numbers_db [None req-cd9d1497-72ee-43a9-bb9a-83c69d7437aa a0d22359523543dd97173daafdd4a6d6 763451d2b9b749abb59cf8ccfcdd1276 - - default default] Successfully bumped revision number for resource 40f6ed1a-d6d0-48cf-bcd9-eced9b01ef2b (type: security_group_rules) to 0
2026-05-04 12:40:01.465 7 INFO neutron.db.ovn_revision_numbers_db [None req-cd9d1497-72ee-43a9-bb9a-83c69d7437aa a0d22359523543dd97173daafdd4a6d6 763451d2b9b749abb59cf8ccfcdd1276 - - default default] Successfully bumped revision number for resource 9539c137-5b5a-4289-a484-ad8de22e0a4b (type: security_group_rules) to 0
2026-05-04 12:40:01.478 8 INFO neutron.db.segments_db [None req-e2a71662-db76-46ae-a977-9b8498d080f2 17ce66d6fe8f4a129d5de57cfe0a03f8 8f3e272cef684b338d37853b41f2a004 - - default default] Added segment 9aa1e651-8125-4314-b07e-85ca6778bb5a of type geneve for network 4d5c1d82-a6e5-4ebf-89f3-ed042fbb798b [pid: 7|app: 0|req: 853/1651] 10.0.0.165 () {32 vars in 774 bytes} [Mon May 4 12:40:01 2026] GET /v2.0/security-groups?tenant_id=d35c1189837747fb82dc9b915201302f&name=default => generated 2925 bytes in 260 msecs (HTTP/1.1 200) 4 headers in 158 bytes (1 switches on core 0)
2026-05-04 12:40:01.660 8 INFO neutron.db.ovn_revision_numbers_db [None req-e2a71662-db76-46ae-a977-9b8498d080f2 17ce66d6fe8f4a129d5de57cfe0a03f8 8f3e272cef684b338d37853b41f2a004 - - default default] Successfully bumped revision number for resource 4d5c1d82-a6e5-4ebf-89f3-ed042fbb798b (type: networks) to 1 [pid: 7|app: 0|req: 854/1652] 10.0.0.165 () {32 vars in 776 bytes} [Mon May 4 12:40:01 2026] GET /v2.0/subnets?project_id=9d5151ff7b8c4a2da862286b5a862cd2&cidr=10.100.0.0%2F28 => generated 14 bytes in 332 msecs (HTTP/1.1 200) 4 headers in 156 bytes (1 switches on core 0)
2026-05-04 12:40:01.910 8 WARNING neutron.scheduler.dhcp_agent_scheduler [None req-e2a71662-db76-46ae-a977-9b8498d080f2 17ce66d6fe8f4a129d5de57cfe0a03f8 8f3e272cef684b338d37853b41f2a004 - - default default] No more DHCP agents
2026-05-04 12:40:01.911 8 WARNING neutron.api.rpc.agentnotifiers.dhcp_rpc_agent_api [None req-e2a71662-db76-46ae-a977-9b8498d080f2 17ce66d6fe8f4a129d5de57cfe0a03f8 8f3e272cef684b338d37853b41f2a004 - - default default] Unable to schedule network 4d5c1d82-a6e5-4ebf-89f3-ed042fbb798b: no agents available; will retry on subsequent port and subnet creation events. [pid: 7|app: 0|req: 855/1653] 10.0.0.165 () {32 vars in 740 bytes} [Mon May 4 12:40:01 2026] DELETE /v2.0/security-groups/5885c00d-32fb-446c-8219-fffc9aa7751b => generated 0 bytes in 171 msecs (HTTP/1.1 204) 2 headers in 112 bytes (1 switches on core 0)
2026-05-04 12:40:02.047 7 WARNING neutron.db.securitygroups_db [None req-6172159c-a31a-4b89-9933-8bb8d4231d3b a0d22359523543dd97173daafdd4a6d6 763451d2b9b749abb59cf8ccfcdd1276 - - default default] project_id key not found in filters, using tenant_id instead. This support has been deprecated and will be removed in a future release.
2026-05-04 12:40:02.082 8 INFO neutron.db.ovn_revision_numbers_db [None req-e2a71662-db76-46ae-a977-9b8498d080f2 17ce66d6fe8f4a129d5de57cfe0a03f8 8f3e272cef684b338d37853b41f2a004 - - default default] Successfully bumped revision number for resource bd63d1cc-343f-4ef4-85d8-3e59c534dccb (type: ports) to 1 [pid: 8|app: 0|req: 799/1654] 10.0.0.165 () {34 vars in 670 bytes} [Mon May 4 12:40:01 2026] POST /v2.0/networks => generated 669 bytes in 777 msecs (HTTP/1.1 201) 4 headers in 162 bytes (1 switches on core 0)
2026-05-04 12:40:02.208 7 INFO neutron.db.ovn_revision_numbers_db [None req-6172159c-a31a-4b89-9933-8bb8d4231d3b a0d22359523543dd97173daafdd4a6d6 763451d2b9b749abb59cf8ccfcdd1276 - - default default] Successfully bumped revision number for resource 6d5f549c-c1e0-4b53-a3b7-da46a44eec94 (type: security_groups) to 1
2026-05-04 12:40:02.219 7 INFO neutron.db.ovn_revision_numbers_db [None req-6172159c-a31a-4b89-9933-8bb8d4231d3b a0d22359523543dd97173daafdd4a6d6 763451d2b9b749abb59cf8ccfcdd1276 - - default default] Successfully bumped revision number for resource 106181e5-8e2e-4ba0-9316-67cece1e450e (type: security_group_rules) to 0
2026-05-04 12:40:02.230 7 INFO neutron.db.ovn_revision_numbers_db [None req-6172159c-a31a-4b89-9933-8bb8d4231d3b a0d22359523543dd97173daafdd4a6d6 763451d2b9b749abb59cf8ccfcdd1276 - - default default] Successfully bumped revision number for resource 13e61f13-46d5-4fbf-8e4f-edf833268a8a (type: security_group_rules) to 0 [pid: 8|app: 0|req: 800/1655] 10.0.0.165 () {32 vars in 694 bytes} [Mon May 4 12:40:02 2026] GET /v2.0/networks?router%3Aexternal=True => generated 791 bytes in 90 msecs (HTTP/1.1 200) 4 headers in 157 bytes (1 switches on core 0)
2026-05-04 12:40:02.241 7 INFO neutron.db.ovn_revision_numbers_db [None req-6172159c-a31a-4b89-9933-8bb8d4231d3b a0d22359523543dd97173daafdd4a6d6 763451d2b9b749abb59cf8ccfcdd1276 - - default default] Successfully bumped revision number for resource ba1370f7-e3ca-4902-a6f0-af6c7b9e97b7 (type: security_group_rules) to 0
2026-05-04 12:40:02.263 7 INFO neutron.db.ovn_revision_numbers_db [None req-6172159c-a31a-4b89-9933-8bb8d4231d3b a0d22359523543dd97173daafdd4a6d6 763451d2b9b749abb59cf8ccfcdd1276 - - default default] Successfully bumped revision number for resource f647d40b-0135-4714-b08e-dc8ddbac53d5 (type: security_group_rules) to 0 [pid: 7|app: 0|req: 856/1656] 10.0.0.165 () {32 vars in 774 bytes} [Mon May 4 12:40:02 2026] GET /v2.0/security-groups?tenant_id=afb44920085846dd83c2b769f5b85f5c&name=default => generated 2925 bytes in 296 msecs (HTTP/1.1 200) 4 headers in 158 bytes (1 switches on core 0) [pid: 7|app: 0|req: 857/1657] 10.0.0.165 () {32 vars in 784 bytes} [Mon May 4 12:40:02 2026] GET /v2.0/subnets?network_id=cf096e53-2011-4f22-83b2-dcccf16a76a3&cidr=10.100.0.0%2F28 => generated 14 bytes in 18 msecs (HTTP/1.1 200) 4 headers in 156 bytes (1 switches on core 0) [pid: 7|app: 0|req: 858/1658] 10.0.0.165 () {32 vars in 740 bytes} [Mon May 4 12:40:02 2026] DELETE /v2.0/security-groups/6d5f549c-c1e0-4b53-a3b7-da46a44eec94 => generated 0 bytes in 197 msecs (HTTP/1.1 204) 2 headers in 112 bytes (1 switches on core 0)
2026-05-04 12:40:02.607 8 INFO neutron.db.ovn_revision_numbers_db [None req-827849f9-c6ad-4d28-a464-0ce9a7f25f6c - - - - - -] Successfully bumped revision number for resource e4feaf23-7a34-45dd-a2e7-edad9b7e66f2 (type: ports) to 4
2026-05-04 12:40:02.639 8 WARNING neutron.scheduler.dhcp_agent_scheduler [None req-425bcb39-f69d-4f1c-8184-7714447d073b 17ce66d6fe8f4a129d5de57cfe0a03f8 8f3e272cef684b338d37853b41f2a004 - - default default] No more DHCP agents
2026-05-04 12:40:02.641 8 WARNING neutron.api.rpc.agentnotifiers.dhcp_rpc_agent_api [None req-425bcb39-f69d-4f1c-8184-7714447d073b 17ce66d6fe8f4a129d5de57cfe0a03f8 8f3e272cef684b338d37853b41f2a004 - - default default] Unable to schedule network 4d5c1d82-a6e5-4ebf-89f3-ed042fbb798b: no agents available; will retry on subsequent port and subnet creation events.
2026-05-04 12:40:02.725 7 WARNING neutron.scheduler.dhcp_agent_scheduler [None req-75f354b8-c2ac-429e-95cc-8522b4c0fdbd c052a4a686624d0192432e43eed1742d 9d5151ff7b8c4a2da862286b5a862cd2 - - default default] No more DHCP agents
2026-05-04 12:40:02.727 7 WARNING neutron.api.rpc.agentnotifiers.dhcp_rpc_agent_api [None req-75f354b8-c2ac-429e-95cc-8522b4c0fdbd c052a4a686624d0192432e43eed1742d 9d5151ff7b8c4a2da862286b5a862cd2 - - default default] Unable to schedule network 05d32a42-ebb1-47f5-9fff-5690c44c7797: no agents available; will retry on subsequent port and subnet creation events.
2026-05-04 12:40:03.228 7 INFO neutron.db.ovn_revision_numbers_db [None req-75f354b8-c2ac-429e-95cc-8522b4c0fdbd c052a4a686624d0192432e43eed1742d 9d5151ff7b8c4a2da862286b5a862cd2 - - default default] Successfully bumped revision number for resource 41af60b6-bd4b-4b22-ad6e-d4d44172dab2 (type: ports) to 2
2026-05-04 12:40:03.246 8 INFO neutron.db.ovn_revision_numbers_db [None req-827849f9-c6ad-4d28-a464-0ce9a7f25f6c - - - - - -] Successfully bumped revision number for resource e4feaf23-7a34-45dd-a2e7-edad9b7e66f2 (type: ports) to 5
2026-05-04 12:40:03.286 7 INFO neutron.db.ovn_revision_numbers_db [None req-75f354b8-c2ac-429e-95cc-8522b4c0fdbd c052a4a686624d0192432e43eed1742d 9d5151ff7b8c4a2da862286b5a862cd2 - - default default] Successfully bumped revision number for resource 4dadbba9-9a59-49dd-a4e5-a67fb3c8d80d (type: subnets) to 0 [pid: 7|app: 0|req: 859/1659] 10.0.0.165 () {34 vars in 669 bytes} [Mon May 4 12:40:02 2026] POST /v2.0/subnets => generated 657 bytes in 786 msecs (HTTP/1.1 201) 4 headers in 162 bytes (1 switches on core 0)
2026-05-04 12:40:03.454 8 INFO neutron.db.ovn_revision_numbers_db [None req-425bcb39-f69d-4f1c-8184-7714447d073b 17ce66d6fe8f4a129d5de57cfe0a03f8 8f3e272cef684b338d37853b41f2a004 - - default default] Successfully bumped revision number for resource bd63d1cc-343f-4ef4-85d8-3e59c534dccb (type: ports) to 2
