2026-05-04 12:40:08.152 8 INFO neutron.services.segments.plugin [-] Segment 2f1add19-70ef-48eb-86d9-9808190598f7 resource provider aggregate not found
2026-05-04 12:40:08.161 8 INFO neutron.services.segments.plugin [-] Segment 2f1add19-70ef-48eb-86d9-9808190598f7 resource provider not found; error: Placement Client Error (4xx): {"errors": [{"status": 404, "title": "Not Found", "detail": "The resource could not be found.\n\n No resource provider with uuid 2f1add19-70ef-48eb-86d9-9808190598f7 found for delete ", "request_id": "req-1b7d785d-db49-4ca6-9d1c-393653a970d6"}]}
2026-05-04 12:40:08.175 8 INFO neutron.services.segments.plugin [-] Segment 398b6c21-1a9b-43ea-aaae-a68461b7cf31 resource provider aggregate not found
2026-05-04 12:40:08.183 8 INFO neutron.services.segments.plugin [-] Segment 2f1add19-70ef-48eb-86d9-9808190598f7 resource provider not found; error: Placement Client Error (4xx): {"errors": [{"status": 404, "title": "Not Found", "detail": "The resource could not be found.\n\n No resource provider with uuid 2f1add19-70ef-48eb-86d9-9808190598f7 found for delete ", "request_id": "req-4f66d973-17df-406e-870b-a8f450a29666"}]}
2026-05-04 12:40:08.197 8 INFO neutron.services.segments.plugin [-] Segment 398b6c21-1a9b-43ea-aaae-a68461b7cf31 resource provider aggregate not found
2026-05-04 12:40:08.203 8 INFO neutron.services.segments.plugin [-] Segment 398b6c21-1a9b-43ea-aaae-a68461b7cf31 resource provider not found; error: Placement Client Error (4xx): {"errors": [{"status": 404, "title": "Not Found", "detail": "The resource could not be found.\n\n No resource provider with uuid 398b6c21-1a9b-43ea-aaae-a68461b7cf31 found for delete ", "request_id": "req-e6c392c0-15a4-4731-a0c3-d5dfb0bb455e"}]}
2026-05-04 12:40:08.224 8 INFO neutron.services.segments.plugin [-] Segment 398b6c21-1a9b-43ea-aaae-a68461b7cf31 resource provider not found; error: Placement Client Error (4xx): {"errors": [{"status": 404, "title": "Not Found", "detail": "The resource could not be found.\n\n No resource provider with uuid 398b6c21-1a9b-43ea-aaae-a68461b7cf31 found for delete ", "request_id": "req-35e89a51-b72d-45af-87a9-d38c08c211d1"}]}
2026-05-04 12:40:08.239 8 INFO neutron.services.segments.plugin [-] Segment 805e7342-1d02-4f00-be3e-fb0376465b86 resource provider aggregate not found
2026-05-04 12:40:08.249 8 INFO neutron.db.ovn_revision_numbers_db [None req-116bd96c-318c-41d0-8630-db2853749bc5 a0d22359523543dd97173daafdd4a6d6 763451d2b9b749abb59cf8ccfcdd1276 - - default default] Successfully bumped revision number for resource d9f6b681-cdbe-48b9-9a87-d6934bff5167 (type: security_groups) to 1
2026-05-04 12:40:08.250 8 INFO neutron.services.segments.plugin [-] Segment 805e7342-1d02-4f00-be3e-fb0376465b86 resource provider aggregate not found
2026-05-04 12:40:08.262 8 INFO neutron.services.segments.plugin [-] Segment 805e7342-1d02-4f00-be3e-fb0376465b86 resource provider not found; error: Placement Client Error (4xx): {"errors": [{"status": 404, "title": "Not Found", "detail": "The resource could not be found.\n\n No resource provider with uuid 805e7342-1d02-4f00-be3e-fb0376465b86 found for delete ", "request_id": "req-cbf66722-52ae-493b-9555-103317ac8ba6"}]}
2026-05-04 12:40:08.272 8 INFO neutron.services.segments.plugin [-] Segment 805e7342-1d02-4f00-be3e-fb0376465b86 resource provider not found; error: Placement Client Error (4xx): {"errors": [{"status": 404, "title": "Not Found", "detail": "The resource could not be found.\n\n No resource provider with uuid 805e7342-1d02-4f00-be3e-fb0376465b86 found for delete ", "request_id": "req-5a0921ec-396a-426c-a525-49c7540cc742"}]}
2026-05-04 12:40:08.276 8 INFO neutron.db.ovn_revision_numbers_db [None req-116bd96c-318c-41d0-8630-db2853749bc5 a0d22359523543dd97173daafdd4a6d6 763451d2b9b749abb59cf8ccfcdd1276 - - default default] Successfully bumped revision number for resource 0eb11a33-89bd-4621-be3b-62f55d6f7d78 (type: security_group_rules) to 0
2026-05-04 12:40:08.302 8 INFO neutron.db.ovn_revision_numbers_db [None req-116bd96c-318c-41d0-8630-db2853749bc5 a0d22359523543dd97173daafdd4a6d6 763451d2b9b749abb59cf8ccfcdd1276 - - default default] Successfully bumped revision number for resource 62ab7e84-ccef-4d3c-9d89-1157027ef211 (type: security_group_rules) to 0
2026-05-04 12:40:08.314 8 INFO neutron.db.ovn_revision_numbers_db [None req-116bd96c-318c-41d0-8630-db2853749bc5 a0d22359523543dd97173daafdd4a6d6 763451d2b9b749abb59cf8ccfcdd1276 - - default default] Successfully bumped revision number for resource 7e65a747-9bb0-407e-b0d1-44b155022a9c (type: security_group_rules) to 0
2026-05-04 12:40:08.327 8 INFO neutron.db.ovn_revision_numbers_db [None req-116bd96c-318c-41d0-8630-db2853749bc5 a0d22359523543dd97173daafdd4a6d6 763451d2b9b749abb59cf8ccfcdd1276 - - default default] Successfully bumped revision number for resource c7414e0f-ee3d-4241-a08d-5758f6ebf163 (type: security_group_rules) to 0 [pid: 8|app: 0|req: 856/1815] 10.0.0.165 () {32 vars in 774 bytes} [Mon May 4 12:40:08 2026] GET /v2.0/security-groups?tenant_id=deed0f37d5dc4feaa1ded3956ebe610a&name=default => generated 2925 bytes in 353 msecs (HTTP/1.1 200) 4 headers in 158 bytes (1 switches on core 0)
2026-05-04 12:40:08.538 8 WARNING neutron.db.securitygroups_db [None req-2e10296f-5c5c-4dbc-bd4b-05d8903230a7 a0d22359523543dd97173daafdd4a6d6 763451d2b9b749abb59cf8ccfcdd1276 - - default default] project_id key not found in filters, using tenant_id instead. This support has been deprecated and will be removed in a future release. [pid: 7|app: 0|req: 960/1816] 10.0.0.165 () {32 vars in 740 bytes} [Mon May 4 12:40:08 2026] DELETE /v2.0/security-groups/d9f6b681-cdbe-48b9-9a87-d6934bff5167 => generated 0 bytes in 192 msecs (HTTP/1.1 204) 2 headers in 112 bytes (1 switches on core 0)
2026-05-04 12:40:08.605 7 WARNING neutron.db.securitygroups_db [None req-8642886d-a95b-4cda-8f22-2f25a278256d a0d22359523543dd97173daafdd4a6d6 763451d2b9b749abb59cf8ccfcdd1276 - - default default] project_id key not found in filters, using tenant_id instead. This support has been deprecated and will be removed in a future release.
2026-05-04 12:40:08.660 8 INFO neutron.db.ovn_revision_numbers_db [None req-2e10296f-5c5c-4dbc-bd4b-05d8903230a7 a0d22359523543dd97173daafdd4a6d6 763451d2b9b749abb59cf8ccfcdd1276 - - default default] Successfully bumped revision number for resource 87f806bd-53bd-4f95-9ef5-ee3e8dc685fd (type: security_groups) to 1
2026-05-04 12:40:08.669 8 INFO neutron.db.ovn_revision_numbers_db [None req-2e10296f-5c5c-4dbc-bd4b-05d8903230a7 a0d22359523543dd97173daafdd4a6d6 763451d2b9b749abb59cf8ccfcdd1276 - - default default] Successfully bumped revision number for resource 2390c5d4-0498-49cf-ab69-7d49489f8e49 (type: security_group_rules) to 0
2026-05-04 12:40:08.681 8 INFO neutron.db.ovn_revision_numbers_db [None req-2e10296f-5c5c-4dbc-bd4b-05d8903230a7 a0d22359523543dd97173daafdd4a6d6 763451d2b9b749abb59cf8ccfcdd1276 - - default default] Successfully bumped revision number for resource 28e26936-7fc6-4091-929f-bac4c96e0878 (type: security_group_rules) to 0
2026-05-04 12:40:08.690 8 INFO neutron.db.ovn_revision_numbers_db [None req-2e10296f-5c5c-4dbc-bd4b-05d8903230a7 a0d22359523543dd97173daafdd4a6d6 763451d2b9b749abb59cf8ccfcdd1276 - - default default] Successfully bumped revision number for resource 4b5934d9-a7e0-4977-8bd5-6c079f74b80b (type: security_group_rules) to 0
2026-05-04 12:40:08.697 8 INFO neutron.db.ovn_revision_numbers_db [None req-2e10296f-5c5c-4dbc-bd4b-05d8903230a7 a0d22359523543dd97173daafdd4a6d6 763451d2b9b749abb59cf8ccfcdd1276 - - default default] Successfully bumped revision number for resource 558bb510-a270-4ca0-8a40-dae76d23b79b (type: security_group_rules) to 0 [pid: 8|app: 0|req: 857/1817] 10.0.0.165 () {32 vars in 774 bytes} [Mon May 4 12:40:08 2026] GET /v2.0/security-groups?tenant_id=d70af19a7ab64054bbab0b528c3ded4f&name=default => generated 2925 bytes in 364 msecs (HTTP/1.1 200) 4 headers in 158 bytes (1 switches on core 0)
2026-05-04 12:40:08.744 7 INFO neutron.db.ovn_revision_numbers_db [None req-8642886d-a95b-4cda-8f22-2f25a278256d a0d22359523543dd97173daafdd4a6d6 763451d2b9b749abb59cf8ccfcdd1276 - - default default] Successfully bumped revision number for resource e74f56bf-7987-40ad-9f0d-6bd4f8d261ac (type: security_groups) to 1
2026-05-04 12:40:08.760 7 INFO neutron.db.ovn_revision_numbers_db [None req-8642886d-a95b-4cda-8f22-2f25a278256d a0d22359523543dd97173daafdd4a6d6 763451d2b9b749abb59cf8ccfcdd1276 - - default default] Successfully bumped revision number for resource 5998e443-3c64-4c66-95ba-e118148b99f1 (type: security_group_rules) to 0
2026-05-04 12:40:08.771 7 INFO neutron.db.ovn_revision_numbers_db [None req-8642886d-a95b-4cda-8f22-2f25a278256d a0d22359523543dd97173daafdd4a6d6 763451d2b9b749abb59cf8ccfcdd1276 - - default default] Successfully bumped revision number for resource 845fce5f-e7b0-4454-822f-6424c1d524ba (type: security_group_rules) to 0
2026-05-04 12:40:08.781 7 INFO neutron.db.ovn_revision_numbers_db [None req-8642886d-a95b-4cda-8f22-2f25a278256d a0d22359523543dd97173daafdd4a6d6 763451d2b9b749abb59cf8ccfcdd1276 - - default default] Successfully bumped revision number for resource b1f8fa90-0338-4c02-9d7a-59ae4ab959a1 (type: security_group_rules) to 0
2026-05-04 12:40:08.792 7 INFO neutron.db.ovn_revision_numbers_db [None req-8642886d-a95b-4cda-8f22-2f25a278256d a0d22359523543dd97173daafdd4a6d6 763451d2b9b749abb59cf8ccfcdd1276 - - default default] Successfully bumped revision number for resource cda14e97-499a-4cd7-9590-6299fd8f64ba (type: security_group_rules) to 0 [pid: 7|app: 0|req: 961/1818] 10.0.0.165 () {32 vars in 774 bytes} [Mon May 4 12:40:08 2026] GET /v2.0/security-groups?tenant_id=9a6ff60f023f47d6a2e5d9236755dcc8&name=default => generated 2925 bytes in 267 msecs (HTTP/1.1 200) 4 headers in 158 bytes (1 switches on core 0) [pid: 8|app: 0|req: 858/1819] 10.0.0.165 () {32 vars in 740 bytes} [Mon May 4 12:40:08 2026] DELETE /v2.0/security-groups/87f806bd-53bd-4f95-9ef5-ee3e8dc685fd => generated 0 bytes in 173 msecs (HTTP/1.1 204) 2 headers in 112 bytes (1 switches on core 0) [pid: 8|app: 0|req: 859/1820] 10.0.0.25 () {34 vars in 989 bytes} [Mon May 4 12:40:08 2026] GET /v2.0/ports?device_id=4632c3a7-4b47-486b-9a8d-92f7958f563d => generated 12 bytes in 25 msecs (HTTP/1.1 200) 4 headers in 156 bytes (1 switches on core 0) [pid: 7|app: 0|req: 962/1821] 10.0.0.165 () {32 vars in 740 bytes} [Mon May 4 12:40:08 2026] DELETE /v2.0/security-groups/e74f56bf-7987-40ad-9f0d-6bd4f8d261ac => generated 0 bytes in 177 msecs (HTTP/1.1 204) 2 headers in 112 bytes (1 switches on core 0)
2026-05-04 12:40:09.070 8 WARNING neutron.db.securitygroups_db [None req-52508a02-4f97-4b3d-84cd-8cf5d859d944 a0d22359523543dd97173daafdd4a6d6 763451d2b9b749abb59cf8ccfcdd1276 - - default default] project_id key not found in filters, using tenant_id instead. This support has been deprecated and will be removed in a future release.
2026-05-04 12:40:09.210 8 INFO neutron.db.ovn_revision_numbers_db [None req-52508a02-4f97-4b3d-84cd-8cf5d859d944 a0d22359523543dd97173daafdd4a6d6 763451d2b9b749abb59cf8ccfcdd1276 - - default default] Successfully bumped revision number for resource 41a09eab-d0c0-4ca3-aa10-c2510a1fe30d (type: security_groups) to 1
2026-05-04 12:40:09.220 8 INFO neutron.db.ovn_revision_numbers_db [None req-52508a02-4f97-4b3d-84cd-8cf5d859d944 a0d22359523543dd97173daafdd4a6d6 763451d2b9b749abb59cf8ccfcdd1276 - - default default] Successfully bumped revision number for resource 5d212dab-e99c-486d-8536-e643694d103c (type: security_group_rules) to 0
2026-05-04 12:40:09.230 8 INFO neutron.db.ovn_revision_numbers_db [None req-52508a02-4f97-4b3d-84cd-8cf5d859d944 a0d22359523543dd97173daafdd4a6d6 763451d2b9b749abb59cf8ccfcdd1276 - - default default] Successfully bumped revision number for resource 9c28732d-7cf1-4922-bae4-4cbf73a8d2f9 (type: security_group_rules) to 0
2026-05-04 12:40:09.245 8 INFO neutron.db.ovn_revision_numbers_db [None req-52508a02-4f97-4b3d-84cd-8cf5d859d944 a0d22359523543dd97173daafdd4a6d6 763451d2b9b749abb59cf8ccfcdd1276 - - default default] Successfully bumped revision number for resource a5b50bd2-d5dc-4840-8668-8bcccc9404c6 (type: security_group_rules) to 0
2026-05-04 12:40:09.257 8 INFO neutron.db.ovn_revision_numbers_db [None req-52508a02-4f97-4b3d-84cd-8cf5d859d944 a0d22359523543dd97173daafdd4a6d6 763451d2b9b749abb59cf8ccfcdd1276 - - default default] Successfully bumped revision number for resource d27b3c61-46b6-41ae-951e-c389a2d3f359 (type: security_group_rules) to 0 [pid: 8|app: 0|req: 860/1822] 10.0.0.165 () {32 vars in 774 bytes} [Mon May 4 12:40:09 2026] GET /v2.0/security-groups?tenant_id=19539d25772d4293a999dfaca5383c1d&name=default => generated 2925 bytes in 236 msecs (HTTP/1.1 200) 4 headers in 158 bytes (1 switches on core 0) [pid: 7|app: 0|req: 963/1823] 10.0.0.165 () {32 vars in 740 bytes} [Mon May 4 12:40:09 2026] DELETE /v2.0/security-groups/41a09eab-d0c0-4ca3-aa10-c2510a1fe30d => generated 0 bytes in 186 msecs (HTTP/1.1 204) 2 headers in 112 bytes (1 switches on core 0)
2026-05-04 12:40:09.633 8 WARNING neutron.db.securitygroups_db [None req-f7cf066f-a465-4f94-a3a6-4039684d96ac a0d22359523543dd97173daafdd4a6d6 763451d2b9b749abb59cf8ccfcdd1276 - - default default] project_id key not found in filters, using tenant_id instead. This support has been deprecated and will be removed in a future release. [pid: 8|app: 0|req: 861/1824] 10.0.0.165 () {32 vars in 774 bytes} [Mon May 4 12:40:09 2026] GET /v2.0/security-groups?tenant_id=8f3e272cef684b338d37853b41f2a004&name=default => generated 2925 bytes in 35 msecs (HTTP/1.1 200) 4 headers in 158 bytes (1 switches on core 0) [pid: 7|app: 0|req: 964/1825] 10.0.0.165 () {32 vars in 740 bytes} [Mon May 4 12:40:09 2026] DELETE /v2.0/security-groups/7b6fb4ca-5820-479d-9c26-2ba238e930da => generated 0 bytes in 192 msecs (HTTP/1.1 204) 2 headers in 112 bytes (1 switches on core 0) [pid: 8|app: 0|req: 862/1826] 10.0.0.25 () {34 vars in 989 bytes} [Mon May 4 12:40:10 2026] GET /v2.0/ports?device_id=4632c3a7-4b47-486b-9a8d-92f7958f563d => generated 12 bytes in 30 msecs (HTTP/1.1 200) 4 headers in 156 bytes (1 switches on core 0)
2026-05-04 12:40:10.394 8 WARNING neutron.plugins.ml2.drivers.ovn.mech_driver.ovsdb.ovn_client [None req-79da57ff-086c-4f85-adf7-588e92c83b56 - - - - - -] No hosting information found for port 5bb82b41-48d5-433c-9704-7ac518fc9bdd: RuntimeError: No hosting information found for port 5bb82b41-48d5-433c-9704-7ac518fc9bdd
2026-05-04 12:40:10.431 8 INFO neutron.common.ovn.utils [None req-79da57ff-086c-4f85-adf7-588e92c83b56 - - - - - -] HA Chassis Group neutron-05d32a42-ebb1-47f5-9fff-5690c44c7797 synchronized; highest priority chassis 19af00a0-dfcd-4628-9563-e8ff0f46305c
2026-05-04 12:40:10.572 8 INFO neutron.db.ovn_revision_numbers_db [None req-79da57ff-086c-4f85-adf7-588e92c83b56 - - - - - -] Successfully bumped revision number for resource 5bb82b41-48d5-433c-9704-7ac518fc9bdd (type: router_ports) to 2
2026-05-04 12:40:10.620 7 INFO neutron.db.ovn_revision_numbers_db [None req-d5d57c59-dd7a-43f1-a6eb-1f9de5c472be a0d22359523543dd97173daafdd4a6d6 763451d2b9b749abb59cf8ccfcdd1276 - - default default] Successfully bumped revision number for resource 8c94580a-e2c5-42ab-adfa-f0ed20011cc2 (type: security_groups) to 1
2026-05-04 12:40:10.634 7 INFO neutron.db.ovn_revision_numbers_db [None req-d5d57c59-dd7a-43f1-a6eb-1f9de5c472be a0d22359523543dd97173daafdd4a6d6 763451d2b9b749abb59cf8ccfcdd1276 - - default default] Successfully bumped revision number for resource 0e357b51-6c95-426d-a7a2-4848c27d9670 (type: security_group_rules) to 0
2026-05-04 12:40:10.647 7 INFO neutron.db.ovn_revision_numbers_db [None req-d5d57c59-dd7a-43f1-a6eb-1f9de5c472be a0d22359523543dd97173daafdd4a6d6 763451d2b9b749abb59cf8ccfcdd1276 - - default default] Successfully bumped revision number for resource 2b59ace6-b9cc-46dd-bf8e-3004ae0584a4 (type: security_group_rules) to 0
2026-05-04 12:40:10.658 7 INFO neutron.db.ovn_revision_numbers_db [None req-d5d57c59-dd7a-43f1-a6eb-1f9de5c472be a0d22359523543dd97173daafdd4a6d6 763451d2b9b749abb59cf8ccfcdd1276 - - default default] Successfully bumped revision number for resource 4e70b8f5-f309-4abe-92f0-9d08c39e2980 (type: security_group_rules) to 0
2026-05-04 12:40:10.670 7 INFO neutron.db.ovn_revision_numbers_db [None req-d5d57c59-dd7a-43f1-a6eb-1f9de5c472be a0d22359523543dd97173daafdd4a6d6 763451d2b9b749abb59cf8ccfcdd1276 - - default default] Successfully bumped revision number for resource 63883186-41ce-493d-9e28-134397dbbf39 (type: security_group_rules) to 0
2026-05-04 12:40:10.749 7 INFO neutron.db.segments_db [None req-d5d57c59-dd7a-43f1-a6eb-1f9de5c472be a0d22359523543dd97173daafdd4a6d6 763451d2b9b749abb59cf8ccfcdd1276 - - default default] Added segment 0104328a-637a-4816-ad0e-a4d0de9ae06b of type geneve for network 21390179-6d80-4fda-aea2-1b4579d3b083
2026-05-04 12:40:10.851 7 INFO neutron.db.ovn_revision_numbers_db [None req-d5d57c59-dd7a-43f1-a6eb-1f9de5c472be a0d22359523543dd97173daafdd4a6d6 763451d2b9b749abb59cf8ccfcdd1276 - - default default] Successfully bumped revision number for resource 21390179-6d80-4fda-aea2-1b4579d3b083 (type: networks) to 1
2026-05-04 12:40:11.006 7 WARNING neutron.scheduler.dhcp_agent_scheduler [None req-d5d57c59-dd7a-43f1-a6eb-1f9de5c472be a0d22359523543dd97173daafdd4a6d6 763451d2b9b749abb59cf8ccfcdd1276 - - default default] No more DHCP agents
2026-05-04 12:40:11.008 7 WARNING neutron.api.rpc.agentnotifiers.dhcp_rpc_agent_api [None req-d5d57c59-dd7a-43f1-a6eb-1f9de5c472be a0d22359523543dd97173daafdd4a6d6 763451d2b9b749abb59cf8ccfcdd1276 - - default default] Unable to schedule network 21390179-6d80-4fda-aea2-1b4579d3b083: no agents available; will retry on subsequent port and subnet creation events.
2026-05-04 12:40:11.077 8 INFO neutron.plugins.ml2.drivers.ovn.mech_driver.mech_driver [None req-79da57ff-086c-4f85-adf7-588e92c83b56 - - - - - -] OVN reports status down for port: 2bc4295f-9d8c-4c86-936b-5955ad960fdc
2026-05-04 12:40:11.110 7 INFO neutron.db.ovn_revision_numbers_db [None req-d5d57c59-dd7a-43f1-a6eb-1f9de5c472be a0d22359523543dd97173daafdd4a6d6 763451d2b9b749abb59cf8ccfcdd1276 - - default default] Successfully bumped revision number for resource 2bc4295f-9d8c-4c86-936b-5955ad960fdc (type: ports) to 1 [pid: 7|app: 0|req: 965/1827] 10.0.0.165 () {34 vars in 671 bytes} [Mon May 4 12:40:10 2026] POST /v2.0/networks => generated 781 bytes in 805 msecs (HTTP/1.1 201) 4 headers in 162 bytes (1 switches on core 0)
2026-05-04 12:40:11.153 8 INFO neutron.db.ovn_revision_numbers_db [None req-68139d15-fa68-4508-8e1b-a6480d169546 b380c66280d741c0a0304ddd55ad1054 d9e42d534fb34b5d91a29627e5e9e1a2 - - default default] Successfully bumped revision number for resource d95ea82e-314d-443b-a4ae-8ff7310abe24 (type: security_groups) to 1
2026-05-04 12:40:11.166 8 INFO neutron.db.ovn_revision_numbers_db [None req-68139d15-fa68-4508-8e1b-a6480d169546 b380c66280d741c0a0304ddd55ad1054 d9e42d534fb34b5d91a29627e5e9e1a2 - - default default] Successfully bumped revision number for resource 7d4350db-11c5-4cfe-861b-24f01ec41ace (type: security_group_rules) to 0
2026-05-04 12:40:11.189 8 INFO neutron.db.ovn_revision_numbers_db [None req-68139d15-fa68-4508-8e1b-a6480d169546 b380c66280d741c0a0304ddd55ad1054 d9e42d534fb34b5d91a29627e5e9e1a2 - - default default] Successfully bumped revision number for resource 8a373f29-6d9f-4b64-9cd6-1b99bce0e5d9 (type: security_group_rules) to 0
2026-05-04 12:40:11.204 8 INFO neutron.db.ovn_revision_numbers_db [None req-68139d15-fa68-4508-8e1b-a6480d169546 b380c66280d741c0a0304ddd55ad1054 d9e42d534fb34b5d91a29627e5e9e1a2 - - default default] Successfully bumped revision number for resource 9a1037f0-845f-4971-ba29-7c6d831293db (type: security_group_rules) to 0
2026-05-04 12:40:11.216 8 INFO neutron.db.ovn_revision_numbers_db [None req-68139d15-fa68-4508-8e1b-a6480d169546 b380c66280d741c0a0304ddd55ad1054 d9e42d534fb34b5d91a29627e5e9e1a2 - - default default] Successfully bumped revision number for resource caf78596-d54d-4371-9ef3-73eceb3b2536 (type: security_group_rules) to 0
2026-05-04 12:40:11.291 7 WARNING neutron.scheduler.dhcp_agent_scheduler [None req-fb3034d5-699d-47de-955f-5ea851dfaecd a0d22359523543dd97173daafdd4a6d6 763451d2b9b749abb59cf8ccfcdd1276 - - default default] No more DHCP agents
2026-05-04 12:40:11.292 7 WARNING neutron.api.rpc.agentnotifiers.dhcp_rpc_agent_api [None req-fb3034d5-699d-47de-955f-5ea851dfaecd a0d22359523543dd97173daafdd4a6d6 763451d2b9b749abb59cf8ccfcdd1276 - - default default] Unable to schedule network 21390179-6d80-4fda-aea2-1b4579d3b083: no agents available; will retry on subsequent port and subnet creation events.
2026-05-04 12:40:11.297 8 INFO neutron.db.segments_db [None req-68139d15-fa68-4508-8e1b-a6480d169546 b380c66280d741c0a0304ddd55ad1054 d9e42d534fb34b5d91a29627e5e9e1a2 - - default default] Added segment eb5d4d22-9b04-429a-b123-ffbe09c02826 of type geneve for network cc947de5-a263-4428-80a3-73bc8c4d4319
2026-05-04 12:40:11.455 8 INFO neutron.db.ovn_revision_numbers_db [None req-68139d15-fa68-4508-8e1b-a6480d169546 b380c66280d741c0a0304ddd55ad1054 d9e42d534fb34b5d91a29627e5e9e1a2 - - default default] Successfully bumped revision number for resource cc947de5-a263-4428-80a3-73bc8c4d4319 (type: networks) to 1
2026-05-04 12:40:11.595 8 WARNING neutron.scheduler.dhcp_agent_scheduler [None req-68139d15-fa68-4508-8e1b-a6480d169546 b380c66280d741c0a0304ddd55ad1054 d9e42d534fb34b5d91a29627e5e9e1a2 - - default default] No more DHCP agents
2026-05-04 12:40:11.596 8 WARNING neutron.api.rpc.agentnotifiers.dhcp_rpc_agent_api [None req-68139d15-fa68-4508-8e1b-a6480d169546 b380c66280d741c0a0304ddd55ad1054 d9e42d534fb34b5d91a29627e5e9e1a2 - - default default] Unable to schedule network cc947de5-a263-4428-80a3-73bc8c4d4319: no agents available; will retry on subsequent port and subnet creation events.
2026-05-04 12:40:11.661 8 INFO neutron.db.ovn_revision_numbers_db [None req-68139d15-fa68-4508-8e1b-a6480d169546 b380c66280d741c0a0304ddd55ad1054 d9e42d534fb34b5d91a29627e5e9e1a2 - - default default] Successfully bumped revision number for resource 728252d4-9a06-440c-b1f7-5a061e052b67 (type: ports) to 1
2026-05-04 12:40:11.661 7 INFO neutron.plugins.ml2.drivers.ovn.mech_driver.mech_driver [None req-e235fcd9-7f9e-4b94-a467-fca2c7652111 - - - - - -] OVN reports status down for port: 728252d4-9a06-440c-b1f7-5a061e052b67 [pid: 8|app: 0|req: 863/1828] 10.0.0.165 () {34 vars in 670 bytes} [Mon May 4 12:40:10 2026] POST /v2.0/networks => generated 688 bytes in 875 msecs (HTTP/1.1 201) 4 headers in 162 bytes (1 switches on core 0) [pid: 8|app: 0|req: 864/1829] 10.0.0.25 () {34 vars in 989 bytes} [Mon May 4 12:40:11 2026] GET /v2.0/ports?device_id=4632c3a7-4b47-486b-9a8d-92f7958f563d => generated 12 bytes in 20 msecs (HTTP/1.1 200) 4 headers in 156 bytes (1 switches on core 0)
2026-05-04 12:40:11.819 7 INFO neutron.db.ovn_revision_numbers_db [None req-fb3034d5-699d-47de-955f-5ea851dfaecd a0d22359523543dd97173daafdd4a6d6 763451d2b9b749abb59cf8ccfcdd1276 - - default default] Successfully bumped revision number for resource 2bc4295f-9d8c-4c86-936b-5955ad960fdc (type: ports) to 2
2026-05-04 12:40:11.849 7 INFO neutron.db.ovn_revision_numbers_db [None req-fb3034d5-699d-47de-955f-5ea851dfaecd a0d22359523543dd97173daafdd4a6d6 763451d2b9b749abb59cf8ccfcdd1276 - - default default] Successfully bumped revision number for resource 4cb6eb66-ddef-4ae5-b3ea-523707dfd966 (type: subnets) to 0 [pid: 7|app: 0|req: 966/1830] 10.0.0.165 () {34 vars in 669 bytes} [Mon May 4 12:40:11 2026] POST /v2.0/subnets => generated 687 bytes in 714 msecs (HTTP/1.1 201) 4 headers in 162 bytes (1 switches on core 0)
2026-05-04 12:40:11.885 8 WARNING neutron.scheduler.dhcp_agent_scheduler [None req-96a1c751-5e59-41e4-9c45-43b053bca734 b380c66280d741c0a0304ddd55ad1054 d9e42d534fb34b5d91a29627e5e9e1a2 - - default default] No more DHCP agents
2026-05-04 12:40:11.887 8 WARNING neutron.api.rpc.agentnotifiers.dhcp_rpc_agent_api [None req-96a1c751-5e59-41e4-9c45-43b053bca734 b380c66280d741c0a0304ddd55ad1054 d9e42d534fb34b5d91a29627e5e9e1a2 - - default default] Unable to schedule network cc947de5-a263-4428-80a3-73bc8c4d4319: no agents available; will retry on subsequent port and subnet creation events.
2026-05-04 12:40:11.907 8 INFO neutron.db.ovn_revision_numbers_db [None req-96a1c751-5e59-41e4-9c45-43b053bca734 b380c66280d741c0a0304ddd55ad1054 d9e42d534fb34b5d91a29627e5e9e1a2 - - default default] Successfully bumped revision number for resource 9cfde411-e4a8-474e-a5a2-b8202c4972cf (type: subnets) to 0 [pid: 8|app: 0|req: 865/1831] 10.0.0.165 () {34 vars in 669 bytes} [Mon May 4 12:40:11 2026] POST /v2.0/subnets => generated 627 bytes in 221 msecs (HTTP/1.1 201) 4 headers in 162 bytes (1 switches on core 0)
2026-05-04 12:40:12.239 7 WARNING neutron.scheduler.dhcp_agent_scheduler [None req-c7d2e3a7-ed86-4bfd-a7a9-c374037914b0 a0d22359523543dd97173daafdd4a6d6 763451d2b9b749abb59cf8ccfcdd1276 - - default default] No more DHCP agents
2026-05-04 12:40:12.240 7 WARNING neutron.api.rpc.agentnotifiers.dhcp_rpc_agent_api [None req-c7d2e3a7-ed86-4bfd-a7a9-c374037914b0 a0d22359523543dd97173daafdd4a6d6 763451d2b9b749abb59cf8ccfcdd1276 - - default default] Unable to schedule network cf096e53-2011-4f22-83b2-dcccf16a76a3: no agents available; will retry on subsequent port and subnet creation events.
2026-05-04 12:40:12.329 8 WARNING neutron.scheduler.dhcp_agent_scheduler [None req-cb7968de-0041-4c6d-b4b1-15c5c0e8c744 b380c66280d741c0a0304ddd55ad1054 d9e42d534fb34b5d91a29627e5e9e1a2 - - default default] No more DHCP agents
2026-05-04 12:40:12.343 8 WARNING neutron.api.rpc.agentnotifiers.dhcp_rpc_agent_api [None req-cb7968de-0041-4c6d-b4b1-15c5c0e8c744 b380c66280d741c0a0304ddd55ad1054 d9e42d534fb34b5d91a29627e5e9e1a2 - - default default] Unable to schedule network cf096e53-2011-4f22-83b2-dcccf16a76a3: no agents available; will retry on subsequent port and subnet creation events.
2026-05-04 12:40:12.349 7 INFO neutron.plugins.ml2.drivers.ovn.mech_driver.mech_driver [None req-e235fcd9-7f9e-4b94-a467-fca2c7652111 - - - - - -] OVN reports status down for port: edc12a71-3b3f-48f4-a476-49f3cef24190
2026-05-04 12:40:12.399 7 INFO neutron.db.ovn_revision_numbers_db [None req-c7d2e3a7-ed86-4bfd-a7a9-c374037914b0 a0d22359523543dd97173daafdd4a6d6 763451d2b9b749abb59cf8ccfcdd1276 - - default default] Successfully bumped revision number for resource edc12a71-3b3f-48f4-a476-49f3cef24190 (type: ports) to 1
2026-05-04 12:40:12.462 8 INFO neutron.plugins.ml2.drivers.ovn.mech_driver.mech_driver [None req-79da57ff-086c-4f85-adf7-588e92c83b56 - - - - - -] OVN reports status down for port: f6f756ae-377f-4f1e-9d88-94676a598348
2026-05-04 12:40:12.519 8 INFO neutron.db.ovn_revision_numbers_db [None req-cb7968de-0041-4c6d-b4b1-15c5c0e8c744 b380c66280d741c0a0304ddd55ad1054 d9e42d534fb34b5d91a29627e5e9e1a2 - - default default] Successfully bumped revision number for resource f6f756ae-377f-4f1e-9d88-94676a598348 (type: ports) to 1
2026-05-04 12:40:12.992 7 INFO neutron.plugins.ml2.drivers.ovn.mech_driver.ovsdb.ovsdb_monitor [None req-e97943a8-cb1c-4cce-8463-2cb4f1c09943 - - - - - -] Router 12862037-1fcd-49a4-a7f1-9e2045a3902b is bound to host instance
2026-05-04 12:40:13.003 7 INFO neutron.plugins.ml2.drivers.ovn.mech_driver.mech_driver [None req-e235fcd9-7f9e-4b94-a467-fca2c7652111 - - - - - -] OVN reports status up for port: edc12a71-3b3f-48f4-a476-49f3cef24190
2026-05-04 12:40:13.048 8 INFO neutron.plugins.ml2.drivers.ovn.mech_driver.mech_driver [None req-79da57ff-086c-4f85-adf7-588e92c83b56 - - - - - -] OVN reports status up for port: f6f756ae-377f-4f1e-9d88-94676a598348
2026-05-04 12:40:13.059 7 INFO neutron.plugins.ml2.plugin [None req-e235fcd9-7f9e-4b94-a467-fca2c7652111 - - - - - -] Attempt 1 to provision port edc12a71-3b3f-48f4-a476-49f3cef24190
2026-05-04 12:40:13.068 8 INFO neutron.plugins.ml2.plugin [None req-79da57ff-086c-4f85-adf7-588e92c83b56 - - - - - -] Attempt 1 to provision port f6f756ae-377f-4f1e-9d88-94676a598348
2026-05-04 12:40:13.092 8 INFO neutron.db.ovn_revision_numbers_db [None req-cb7968de-0041-4c6d-b4b1-15c5c0e8c744 b380c66280d741c0a0304ddd55ad1054 d9e42d534fb34b5d91a29627e5e9e1a2 - - default default] Successfully bumped revision number for resource f6f756ae-377f-4f1e-9d88-94676a598348 (type: router_ports) to 1
2026-05-04 12:40:13.093 7 INFO neutron.db.ovn_revision_numbers_db [None req-c7d2e3a7-ed86-4bfd-a7a9-c374037914b0 a0d22359523543dd97173daafdd4a6d6 763451d2b9b749abb59cf8ccfcdd1276 - - default default] Successfully bumped revision number for resource edc12a71-3b3f-48f4-a476-49f3cef24190 (type: router_ports) to 1
2026-05-04 12:40:13.199 8 INFO neutron.db.ovn_revision_numbers_db [None req-cb7968de-0041-4c6d-b4b1-15c5c0e8c744 b380c66280d741c0a0304ddd55ad1054 d9e42d534fb34b5d91a29627e5e9e1a2 - - default default] Successfully bumped revision number for resource a843d5d5-ad75-40ae-ab96-4347472c1216 (type: routers) to 2 [pid: 8|app: 0|req: 866/1832] 10.0.0.165 () {34 vars in 669 bytes} [Mon May 4 12:40:11 2026] POST /v2.0/routers => generated 974 bytes in 1291 msecs (HTTP/1.1 201) 4 headers in 162 bytes (1 switches on core 0) [pid: 8|app: 0|req: 867/1833] 199.204.45.227 () {34 vars in 986 bytes} [Mon May 4 12:40:13 2026] GET /v2.0/networks?id=05d32a42-ebb1-47f5-9fff-5690c44c7797 => generated 698 bytes in 52 msecs (HTTP/1.1 200) 4 headers in 157 bytes (1 switches on core 0) [pid: 8|app: 0|req: 868/1834] 10.0.0.25 () {34 vars in 989 bytes} [Mon May 4 12:40:13 2026] GET /v2.0/ports?device_id=4632c3a7-4b47-486b-9a8d-92f7958f563d => generated 12 bytes in 14 msecs (HTTP/1.1 200) 4 headers in 156 bytes (1 switches on core 0)
2026-05-04 12:40:13.315 7 INFO neutron.db.ovn_revision_numbers_db [None req-c7d2e3a7-ed86-4bfd-a7a9-c374037914b0 a0d22359523543dd97173daafdd4a6d6 763451d2b9b749abb59cf8ccfcdd1276 - - default default] Successfully bumped revision number for resource 12862037-1fcd-49a4-a7f1-9e2045a3902b (type: routers) to 2 [pid: 7|app: 0|req: 967/1835] 10.0.0.165 () {34 vars in 669 bytes} [Mon May 4 12:40:11 2026] POST /v2.0/routers => generated 986 bytes in 1476 msecs (HTTP/1.1 201) 4 headers in 162 bytes (1 switches on core 0)
2026-05-04 12:40:13.357 7 WARNING neutron.db.securitygroups_db [req-ae57f69a-cf03-4a3d-b59a-f10c7608c905 req-85344ea8-23b1-4bcc-9bd5-f30966f4a9b6 c052a4a686624d0192432e43eed1742d 9d5151ff7b8c4a2da862286b5a862cd2 - - default default] project_id key not found in filters, using tenant_id instead. This support has been deprecated and will be removed in a future release. [pid: 7|app: 0|req: 968/1836] 199.204.45.227 () {34 vars in 1050 bytes} [Mon May 4 12:40:13 2026] GET /v2.0/security-groups?fields=id&fields=name&tenant_id=9d5151ff7b8c4a2da862286b5a862cd2 => generated 180 bytes in 61 msecs (HTTP/1.1 200) 4 headers in 157 bytes (1 switches on core 0)
2026-05-04 12:40:13.776 8 WARNING neutron.scheduler.dhcp_agent_scheduler [None req-1bc72af1-25a3-4355-88eb-2c4011ba79b1 b380c66280d741c0a0304ddd55ad1054 d9e42d534fb34b5d91a29627e5e9e1a2 - - default default] No more DHCP agents
2026-05-04 12:40:13.777 8 WARNING neutron.api.rpc.agentnotifiers.dhcp_rpc_agent_api [None req-1bc72af1-25a3-4355-88eb-2c4011ba79b1 b380c66280d741c0a0304ddd55ad1054 d9e42d534fb34b5d91a29627e5e9e1a2 - - default default] Unable to schedule network cc947de5-a263-4428-80a3-73bc8c4d4319: no agents available; will retry on subsequent port and subnet creation events.
2026-05-04 12:40:13.923 8 INFO neutron.db.ovn_revision_numbers_db [None req-1bc72af1-25a3-4355-88eb-2c4011ba79b1 b380c66280d741c0a0304ddd55ad1054 d9e42d534fb34b5d91a29627e5e9e1a2 - - default default] Successfully bumped revision number for resource 8aea5010-7814-41d7-9bad-28900587c7d3 (type: ports) to 1
2026-05-04 12:40:14.191 7 WARNING neutron.scheduler.dhcp_agent_scheduler [None req-aaf5f5bf-ad65-4986-b11e-fc5b51d017a4 a0d22359523543dd97173daafdd4a6d6 763451d2b9b749abb59cf8ccfcdd1276 - - default default] No more DHCP agents
2026-05-04 12:40:14.195 7 WARNING neutron.api.rpc.agentnotifiers.dhcp_rpc_agent_api [None req-aaf5f5bf-ad65-4986-b11e-fc5b51d017a4 a0d22359523543dd97173daafdd4a6d6 763451d2b9b749abb59cf8ccfcdd1276 - - default default] Unable to schedule network 21390179-6d80-4fda-aea2-1b4579d3b083: no agents available; will retry on subsequent port and subnet creation events.
2026-05-04 12:40:14.493 7 INFO neutron.db.ovn_revision_numbers_db [None req-aaf5f5bf-ad65-4986-b11e-fc5b51d017a4 a0d22359523543dd97173daafdd4a6d6 763451d2b9b749abb59cf8ccfcdd1276 - - default default] Successfully bumped revision number for resource df84f52d-7d55-4aae-9a14-c2a8fddbc08a (type: ports) to 1
2026-05-04 12:40:14.570 8 WARNING neutron.scheduler.dhcp_agent_scheduler [None req-1bc72af1-25a3-4355-88eb-2c4011ba79b1 b380c66280d741c0a0304ddd55ad1054 d9e42d534fb34b5d91a29627e5e9e1a2 - - default default] No more DHCP agents
2026-05-04 12:40:14.571 8 WARNING neutron.api.rpc.agentnotifiers.dhcp_rpc_agent_api [None req-1bc72af1-25a3-4355-88eb-2c4011ba79b1 b380c66280d741c0a0304ddd55ad1054 d9e42d534fb34b5d91a29627e5e9e1a2 - - default default] Unable to schedule network cc947de5-a263-4428-80a3-73bc8c4d4319: no agents available; will retry on subsequent port and subnet creation events.
2026-05-04 12:40:14.702 7 INFO neutron.db.ovn_revision_numbers_db [None req-74cf3a8e-9cd7-4dec-8053-d3500bd0dc32 - - - - - -] Successfully bumped revision number for resource edc12a71-3b3f-48f4-a476-49f3cef24190 (type: ports) to 4
2026-05-04 12:40:14.890 8 INFO neutron.db.ovn_revision_numbers_db [None req-1bc72af1-25a3-4355-88eb-2c4011ba79b1 b380c66280d741c0a0304ddd55ad1054 d9e42d534fb34b5d91a29627e5e9e1a2 - - default default] Successfully bumped revision number for resource 8aea5010-7814-41d7-9bad-28900587c7d3 (type: router_ports) to 1 [pid: 8|app: 0|req: 869/1837] 10.0.0.165 () {34 vars in 783 bytes} [Mon May 4 12:40:13 2026] PUT /v2.0/routers/a843d5d5-ad75-40ae-ab96-4347472c1216/add_router_interface => generated 310 bytes in 1607 msecs (HTTP/1.1 200) 4 headers in 157 bytes (1 switches on core 0)
2026-05-04 12:40:15.442 7 INFO neutron.db.ovn_revision_numbers_db [None req-74cf3a8e-9cd7-4dec-8053-d3500bd0dc32 - - - - - -] Successfully bumped revision number for resource edc12a71-3b3f-48f4-a476-49f3cef24190 (type: ports) to 5
2026-05-04 12:40:15.558 7 INFO neutron.common.ovn.utils [None req-e235fcd9-7f9e-4b94-a467-fca2c7652111 - - - - - -] HA Chassis Group neutron-cc947de5-a263-4428-80a3-73bc8c4d4319 synchronized; highest priority chassis 19af00a0-dfcd-4628-9563-e8ff0f46305c
2026-05-04 12:40:15.599 7 INFO neutron.plugins.ml2.drivers.ovn.mech_driver.mech_driver [None req-e235fcd9-7f9e-4b94-a467-fca2c7652111 - - - - - -] OVN reports status down for port: 8aea5010-7814-41d7-9bad-28900587c7d3
2026-05-04 12:40:15.715 8 WARNING neutron.scheduler.dhcp_agent_scheduler [req-ae57f69a-cf03-4a3d-b59a-f10c7608c905 req-1482cb43-e903-4f08-8f56-c2f440dd63b7 c052a4a686624d0192432e43eed1742d 9d5151ff7b8c4a2da862286b5a862cd2 - - default default] No more DHCP agents
2026-05-04 12:40:15.716 8 WARNING neutron.api.rpc.agentnotifiers.dhcp_rpc_agent_api [req-ae57f69a-cf03-4a3d-b59a-f10c7608c905 req-1482cb43-e903-4f08-8f56-c2f440dd63b7 c052a4a686624d0192432e43eed1742d 9d5151ff7b8c4a2da862286b5a862cd2 - - default default] Unable to schedule network 05d32a42-ebb1-47f5-9fff-5690c44c7797: no agents available; will retry on subsequent port and subnet creation events.
2026-05-04 12:40:15.717 7 WARNING neutron.plugins.ml2.drivers.ovn.mech_driver.ovsdb.ovn_client [None req-e235fcd9-7f9e-4b94-a467-fca2c7652111 - - - - - -] Logical_Switch_Port 8aea5010-7814-41d7-9bad-28900587c7d3 host information not removed, the port state is up
2026-05-04 12:40:15.718 7 INFO neutron.plugins.ml2.drivers.ovn.mech_driver.mech_driver [None req-e235fcd9-7f9e-4b94-a467-fca2c7652111 - - - - - -] OVN reports status down for port: df84f52d-7d55-4aae-9a14-c2a8fddbc08a
2026-05-04 12:40:15.868 7 WARNING neutron.scheduler.dhcp_agent_scheduler [None req-aaf5f5bf-ad65-4986-b11e-fc5b51d017a4 a0d22359523543dd97173daafdd4a6d6 763451d2b9b749abb59cf8ccfcdd1276 - - default default] No more DHCP agents
2026-05-04 12:40:15.870 7 WARNING neutron.plugins.ml2.drivers.ovn.mech_driver.ovsdb.ovn_client [None req-e235fcd9-7f9e-4b94-a467-fca2c7652111 - - - - - -] Logical_Switch_Port df84f52d-7d55-4aae-9a14-c2a8fddbc08a host information not removed, the port state is up
2026-05-04 12:40:15.871 7 WARNING neutron.api.rpc.agentnotifiers.dhcp_rpc_agent_api [None req-aaf5f5bf-ad65-4986-b11e-fc5b51d017a4 a0d22359523543dd97173daafdd4a6d6 763451d2b9b749abb59cf8ccfcdd1276 - - default default] Unable to schedule network 21390179-6d80-4fda-aea2-1b4579d3b083: no agents available; will retry on subsequent port and subnet creation events.
2026-05-04 12:40:15.871 7 INFO neutron.plugins.ml2.drivers.ovn.mech_driver.mech_driver [None req-e235fcd9-7f9e-4b94-a467-fca2c7652111 - - - - - -] OVN reports status up for port: 8aea5010-7814-41d7-9bad-28900587c7d3
2026-05-04 12:40:15.888 8 INFO neutron.db.ovn_revision_numbers_db [req-ae57f69a-cf03-4a3d-b59a-f10c7608c905 req-1482cb43-e903-4f08-8f56-c2f440dd63b7 c052a4a686624d0192432e43eed1742d 9d5151ff7b8c4a2da862286b5a862cd2 - - default default] Successfully bumped revision number for resource 71ebbe8a-33a4-43f6-b0ff-eee0dc80bcdd (type: ports) to 1
2026-05-04 12:40:15.896 7 INFO neutron.plugins.ml2.plugin [None req-e235fcd9-7f9e-4b94-a467-fca2c7652111 - - - - - -] Attempt 1 to provision port 8aea5010-7814-41d7-9bad-28900587c7d3 [pid: 8|app: 0|req: 870/1838] 199.204.45.227 () {38 vars in 955 bytes} [Mon May 4 12:40:14 2026] POST /v2.0/ports => generated 954 bytes in 1049 msecs (HTTP/1.1 201) 4 headers in 162 bytes (1 switches on core 0) /var/lib/openstack/lib/python3.12/site-packages/pycadf/identifier.py:70: UserWarning: Invalid uuid: neutron. To ensure interoperability, identifiers should be a valid uuid. warnings.warn(('Invalid uuid: %s. To ensure interoperability, ' [pid: 8|app: 0|req: 871/1839] 10.0.0.165 () {34 vars in 676 bytes} [Mon May 4 12:40:15 2026] POST /v2.0/subnetpools => generated 516 bytes in 189 msecs (HTTP/1.1 201) 4 headers in 162 bytes (1 switches on core 0) [pid: 8|app: 0|req: 872/1840] 10.0.0.25 () {34 vars in 989 bytes} [Mon May 4 12:40:16 2026] GET /v2.0/ports?device_id=4632c3a7-4b47-486b-9a8d-92f7958f563d => generated 957 bytes in 39 msecs (HTTP/1.1 200) 4 headers in 157 bytes (1 switches on core 0)
2026-05-04 12:40:16.400 8 WARNING neutron.scheduler.dhcp_agent_scheduler [None req-197fa3cc-75d3-4502-bc5e-cd2666a09df8 b380c66280d741c0a0304ddd55ad1054 d9e42d534fb34b5d91a29627e5e9e1a2 - - default default] No more DHCP agents
2026-05-04 12:40:16.401 8 WARNING neutron.api.rpc.agentnotifiers.dhcp_rpc_agent_api [None req-197fa3cc-75d3-4502-bc5e-cd2666a09df8 b380c66280d741c0a0304ddd55ad1054 d9e42d534fb34b5d91a29627e5e9e1a2 - - default default] Unable to schedule network cc947de5-a263-4428-80a3-73bc8c4d4319: no agents available; will retry on subsequent port and subnet creation events.
2026-05-04 12:40:16.540 8 INFO neutron.db.ovn_revision_numbers_db [None req-197fa3cc-75d3-4502-bc5e-cd2666a09df8 b380c66280d741c0a0304ddd55ad1054 d9e42d534fb34b5d91a29627e5e9e1a2 - - default default] Successfully bumped revision number for resource be509637-4493-4ccb-bc97-a9615a74d776 (type: ports) to 1 [pid: 8|app: 0|req: 873/1841] 10.0.0.165 () {34 vars in 665 bytes} [Mon May 4 12:40:16 2026] POST /v2.0/ports => generated 954 bytes in 389 msecs (HTTP/1.1 201) 4 headers in 162 bytes (1 switches on core 0) /var/lib/openstack/lib/python3.12/site-packages/pycadf/identifier.py:70: UserWarning: Invalid uuid: neutron. To ensure interoperability, identifiers should be a valid uuid. warnings.warn(('Invalid uuid: %s. To ensure interoperability, '
2026-05-04 12:40:16.656 7 INFO neutron.db.ovn_revision_numbers_db [None req-e235fcd9-7f9e-4b94-a467-fca2c7652111 - - - - - -] Successfully bumped revision number for resource 8aea5010-7814-41d7-9bad-28900587c7d3 (type: ports) to 2
2026-05-04 12:40:16.753 7 INFO neutron.db.ovn_revision_numbers_db [None req-aaf5f5bf-ad65-4986-b11e-fc5b51d017a4 a0d22359523543dd97173daafdd4a6d6 763451d2b9b749abb59cf8ccfcdd1276 - - default default] Successfully bumped revision number for resource df84f52d-7d55-4aae-9a14-c2a8fddbc08a (type: router_ports) to 1 [pid: 7|app: 0|req: 969/1842] 10.0.0.165 () {34 vars in 783 bytes} [Mon May 4 12:40:13 2026] PUT /v2.0/routers/12862037-1fcd-49a4-a7f1-9e2045a3902b/add_router_interface => generated 310 bytes in 3352 msecs (HTTP/1.1 200) 4 headers in 157 bytes (1 switches on core 0) [pid: 7|app: 0|req: 970/1843] 10.0.0.165 () {34 vars in 676 bytes} [Mon May 4 12:40:16 2026] POST /v2.0/subnetpools => generated 516 bytes in 81 msecs (HTTP/1.1 201) 4 headers in 162 bytes (1 switches on core 0) [pid: 7|app: 0|req: 971/1844] 10.0.0.25 () {34 vars in 1039 bytes} [Mon May 4 12:40:16 2026] GET /v2.0/security-groups?id=feb577e0-304d-4de6-810d-9226ab307a81&fields=id&fields=name => generated 113 bytes in 31 msecs (HTTP/1.1 200) 4 headers in 157 bytes (1 switches on core 0)
2026-05-04 12:40:16.961 8 INFO neutron.db.ovn_revision_numbers_db [req-ae57f69a-cf03-4a3d-b59a-f10c7608c905 req-b7f968c2-3c2d-42f3-bfb7-893bb04b1fca 2bf6cce937994ae6ac8564d334dc0371 2b4dc835f1504985920d91d9a30892e5 - - 0ad601fc1b6c49659a4ddb7e72eb884e 0ad601fc1b6c49659a4ddb7e72eb884e] Successfully bumped revision number for resource 71ebbe8a-33a4-43f6-b0ff-eee0dc80bcdd (type: ports) to 2
2026-05-04 12:40:17.171 7 WARNING neutron.scheduler.dhcp_agent_scheduler [None req-6bc9eee5-c468-4900-b0fd-fb7cffb45eaf b380c66280d741c0a0304ddd55ad1054 d9e42d534fb34b5d91a29627e5e9e1a2 - - default default] No more DHCP agents
2026-05-04 12:40:17.173 7 WARNING neutron.api.rpc.agentnotifiers.dhcp_rpc_agent_api [None req-6bc9eee5-c468-4900-b0fd-fb7cffb45eaf b380c66280d741c0a0304ddd55ad1054 d9e42d534fb34b5d91a29627e5e9e1a2 - - default default] Unable to schedule network cc947de5-a263-4428-80a3-73bc8c4d4319: no agents available; will retry on subsequent port and subnet creation events.
2026-05-04 12:40:17.180 8 INFO neutron.db.ovn_revision_numbers_db [req-ae57f69a-cf03-4a3d-b59a-f10c7608c905 req-b7f968c2-3c2d-42f3-bfb7-893bb04b1fca 2bf6cce937994ae6ac8564d334dc0371 2b4dc835f1504985920d91d9a30892e5 - - 0ad601fc1b6c49659a4ddb7e72eb884e 0ad601fc1b6c49659a4ddb7e72eb884e] Successfully bumped revision number for resource 71ebbe8a-33a4-43f6-b0ff-eee0dc80bcdd (type: ports) to 4 [pid: 8|app: 0|req: 874/1845] 199.204.45.227 () {38 vars in 1028 bytes} [Mon May 4 12:40:16 2026] PUT /v2.0/ports/71ebbe8a-33a4-43f6-b0ff-eee0dc80bcdd => generated 1227 bytes in 639 msecs (HTTP/1.1 200) 4 headers in 158 bytes (1 switches on core 0) /var/lib/openstack/lib/python3.12/site-packages/pycadf/identifier.py:70: UserWarning: Invalid uuid: neutron. To ensure interoperability, identifiers should be a valid uuid. warnings.warn(('Invalid uuid: %s. To ensure interoperability, '
2026-05-04 12:40:17.235 8 INFO neutron.notifiers.nova [-] Nova event matching ['req-d5651755-485c-4cf4-90fe-71e789c44048'] response: {'name': 'network-changed', 'server_uuid': '4632c3a7-4b47-486b-9a8d-92f7958f563d', 'tag': '71ebbe8a-33a4-43f6-b0ff-eee0dc80bcdd', 'status': 'completed', 'code': 200} [pid: 8|app: 0|req: 875/1846] 10.0.0.165 () {34 vars in 676 bytes} [Mon May 4 12:40:17 2026] POST /v2.0/subnetpools => generated 516 bytes in 88 msecs (HTTP/1.1 201) 4 headers in 162 bytes (1 switches on core 0) [pid: 8|app: 0|req: 876/1847] 10.0.0.165 () {34 vars in 676 bytes} [Mon May 4 12:40:17 2026] POST /v2.0/subnetpools => generated 516 bytes in 67 msecs (HTTP/1.1 201) 4 headers in 162 bytes (1 switches on core 0)
2026-05-04 12:40:17.370 7 INFO neutron.db.ovn_revision_numbers_db [None req-6bc9eee5-c468-4900-b0fd-fb7cffb45eaf b380c66280d741c0a0304ddd55ad1054 d9e42d534fb34b5d91a29627e5e9e1a2 - - default default] Successfully bumped revision number for resource a76f8f39-a1a7-4e34-aeb8-759d4a2c4613 (type: ports) to 1 [pid: 8|app: 0|req: 877/1848] 10.0.0.165 () {34 vars in 676 bytes} [Mon May 4 12:40:17 2026] POST /v2.0/subnetpools => generated 516 bytes in 68 msecs (HTTP/1.1 201) 4 headers in 162 bytes (1 switches on core 0) [pid: 7|app: 0|req: 972/1849] 10.0.0.165 () {34 vars in 665 bytes} [Mon May 4 12:40:16 2026] POST /v2.0/ports => generated 954 bytes in 565 msecs (HTTP/1.1 201) 4 headers in 162 bytes (1 switches on core 0) /var/lib/openstack/lib/python3.12/site-packages/pycadf/identifier.py:70: UserWarning: Invalid uuid: neutron. To ensure interoperability, identifiers should be a valid uuid. warnings.warn(('Invalid uuid: %s. To ensure interoperability, ' [pid: 8|app: 0|req: 878/1850] 10.0.0.165 () {34 vars in 759 bytes} [Mon May 4 12:40:17 2026] PUT /v2.0/subnetpools/a2ce3a86-c28a-4bb9-a821-97e831f0297d/tags => generated 17 bytes in 43 msecs (HTTP/1.1 200) 4 headers in 156 bytes (1 switches on core 0) [pid: 8|app: 0|req: 879/1851] 10.0.0.165 () {34 vars in 759 bytes} [Mon May 4 12:40:17 2026] PUT /v2.0/subnetpools/03dd73c6-f8f5-43f1-a39e-6a456d00a94b/tags => generated 25 bytes in 70 msecs (HTTP/1.1 200) 4 headers in 156 bytes (1 switches on core 0) [pid: 8|app: 0|req: 880/1852] 10.0.0.165 () {34 vars in 759 bytes} [Mon May 4 12:40:17 2026] PUT /v2.0/subnetpools/31360165-86e0-4cb5-82e8-cf6bd2e5500a/tags => generated 34 bytes in 68 msecs (HTTP/1.1 200) 4 headers in 156 bytes (1 switches on core 0) [pid: 8|app: 0|req: 881/1853] 10.0.0.165 () {34 vars in 759 bytes} [Mon May 4 12:40:17 2026] PUT /v2.0/subnetpools/6f7a1b40-c265-40cf-a6b8-923bd91f1fcd/tags => generated 19 bytes in 47 msecs (HTTP/1.1 200) 4 headers in 156 bytes (1 switches on core 0)
2026-05-04 12:40:17.684 7 WARNING neutron.scheduler.dhcp_agent_scheduler [None req-a28d90ad-09be-4aee-918f-c1e19b1138a3 b380c66280d741c0a0304ddd55ad1054 d9e42d534fb34b5d91a29627e5e9e1a2 - - default default] No more DHCP agents
