2026-05-04 12:45:55.535 8 INFO neutron_taas.services.taas.tap_mirror_plugin [None req-0ca20e1c-2910-41e8-b2db-3a845747a491 de48796332c945caa8bc0995f452c79d e2b6ad9c35c74b0d991afb5cf52b11fc - - default default] Tap Mirror: Handle Delete Port: 24e0268a-b903-437f-ac6d-c5df3e1fa9fd [pid: 8|app: 0|req: 1665/3374] 10.0.0.165 () {32 vars in 726 bytes} [Mon May 4 12:45:55 2026] DELETE /v2.0/networks/63c49ead-7a17-4850-96c5-5d14295a5628 => generated 0 bytes in 334 msecs (HTTP/1.1 204) 3 headers in 131 bytes (1 switches on core 0)
2026-05-04 12:45:56.592 7 WARNING neutron.db.securitygroups_db [None req-e9999df7-9a48-4a5a-a5b6-2924a9402656 a0d22359523543dd97173daafdd4a6d6 763451d2b9b749abb59cf8ccfcdd1276 - - default default] project_id key not found in filters, using tenant_id instead. This support has been deprecated and will be removed in a future release.
2026-05-04 12:45:56.599 8 INFO neutron.services.segments.plugin [-] Segment 3f705864-1383-4a27-bb9e-c34f6c68ed35 resource provider aggregate not found
2026-05-04 12:45:56.601 8 INFO neutron.services.segments.plugin [-] Segment 3f705864-1383-4a27-bb9e-c34f6c68ed35 resource provider aggregate not found
2026-05-04 12:45:56.612 8 INFO neutron.services.segments.plugin [-] Segment 3f705864-1383-4a27-bb9e-c34f6c68ed35 resource provider not found; error: Placement Client Error (4xx): {"errors": [{"status": 404, "title": "Not Found", "detail": "The resource could not be found.\n\n No resource provider with uuid 3f705864-1383-4a27-bb9e-c34f6c68ed35 found for delete ", "request_id": "req-9ff3e9d2-e873-4654-8000-f8a9edc9a924"}]}
2026-05-04 12:45:56.618 8 INFO neutron.services.segments.plugin [-] Segment 3f705864-1383-4a27-bb9e-c34f6c68ed35 resource provider not found; error: Placement Client Error (4xx): {"errors": [{"status": 404, "title": "Not Found", "detail": "The resource could not be found.\n\n No resource provider with uuid 3f705864-1383-4a27-bb9e-c34f6c68ed35 found for delete ", "request_id": "req-8cbb6d5c-ae69-4c5f-9853-3d5722140c7d"}]}
2026-05-04 12:45:56.623 8 INFO neutron.services.segments.plugin [-] Segment 1d6d9f1e-dddb-4683-9318-5474b5a494b8 resource provider aggregate not found
2026-05-04 12:45:56.634 8 INFO neutron.services.segments.plugin [-] Segment 1d6d9f1e-dddb-4683-9318-5474b5a494b8 resource provider not found; error: Placement Client Error (4xx): {"errors": [{"status": 404, "title": "Not Found", "detail": "The resource could not be found.\n\n No resource provider with uuid 1d6d9f1e-dddb-4683-9318-5474b5a494b8 found for delete ", "request_id": "req-5fa139ef-41f2-49c4-adae-c35693752b68"}]}
2026-05-04 12:45:56.638 8 INFO neutron.services.segments.plugin [-] Segment 1d6d9f1e-dddb-4683-9318-5474b5a494b8 resource provider aggregate not found
2026-05-04 12:45:56.651 8 INFO neutron.services.segments.plugin [-] Segment 1d6d9f1e-dddb-4683-9318-5474b5a494b8 resource provider not found; error: Placement Client Error (4xx): {"errors": [{"status": 404, "title": "Not Found", "detail": "The resource could not be found.\n\n No resource provider with uuid 1d6d9f1e-dddb-4683-9318-5474b5a494b8 found for delete ", "request_id": "req-6b7300e7-6f12-471b-8b00-faa33a5f0026"}]}
2026-05-04 12:45:56.721 7 INFO neutron.db.ovn_revision_numbers_db [None req-e9999df7-9a48-4a5a-a5b6-2924a9402656 a0d22359523543dd97173daafdd4a6d6 763451d2b9b749abb59cf8ccfcdd1276 - - default default] Successfully bumped revision number for resource 9e378ee2-8708-4b2d-8018-2f69b97aad4a (type: security_groups) to 1
2026-05-04 12:45:56.731 7 INFO neutron.db.ovn_revision_numbers_db [None req-e9999df7-9a48-4a5a-a5b6-2924a9402656 a0d22359523543dd97173daafdd4a6d6 763451d2b9b749abb59cf8ccfcdd1276 - - default default] Successfully bumped revision number for resource 18200239-8a01-4deb-85da-e120622b2ad9 (type: security_group_rules) to 0
2026-05-04 12:45:56.742 7 INFO neutron.db.ovn_revision_numbers_db [None req-e9999df7-9a48-4a5a-a5b6-2924a9402656 a0d22359523543dd97173daafdd4a6d6 763451d2b9b749abb59cf8ccfcdd1276 - - default default] Successfully bumped revision number for resource 23b75ce5-c53e-4607-8983-93e6f28cd522 (type: security_group_rules) to 0
2026-05-04 12:45:56.753 7 INFO neutron.db.ovn_revision_numbers_db [None req-e9999df7-9a48-4a5a-a5b6-2924a9402656 a0d22359523543dd97173daafdd4a6d6 763451d2b9b749abb59cf8ccfcdd1276 - - default default] Successfully bumped revision number for resource 584e512d-ab58-4978-834b-d008992c4520 (type: security_group_rules) to 0
2026-05-04 12:45:56.764 7 INFO neutron.db.ovn_revision_numbers_db [None req-e9999df7-9a48-4a5a-a5b6-2924a9402656 a0d22359523543dd97173daafdd4a6d6 763451d2b9b749abb59cf8ccfcdd1276 - - default default] Successfully bumped revision number for resource 7392c7ac-7249-4899-85b7-a877bb6d6ab9 (type: security_group_rules) to 0 [pid: 7|app: 0|req: 1710/3375] 10.0.0.165 () {32 vars in 774 bytes} [Mon May 4 12:45:56 2026] GET /v2.0/security-groups?tenant_id=4cabf373e5d94311989d14aca3ddc62e&name=default => generated 2929 bytes in 340 msecs (HTTP/1.1 200) 4 headers in 158 bytes (1 switches on core 0)
2026-05-04 12:45:56.845 7 INFO neutron.services.segments.plugin [-] Segment 0e05c98e-b8d4-4afd-9fdb-27162aceebcb resource provider aggregate not found
2026-05-04 12:45:56.851 7 INFO neutron.services.segments.plugin [-] Segment 0e05c98e-b8d4-4afd-9fdb-27162aceebcb resource provider aggregate not found
2026-05-04 12:45:56.863 7 INFO neutron.services.segments.plugin [-] Segment 0e05c98e-b8d4-4afd-9fdb-27162aceebcb resource provider not found; error: Placement Client Error (4xx): {"errors": [{"status": 404, "title": "Not Found", "detail": "The resource could not be found.\n\n No resource provider with uuid 0e05c98e-b8d4-4afd-9fdb-27162aceebcb found for delete ", "request_id": "req-ad1306d9-2ee9-492d-bc7b-d622b08ca030"}]}
2026-05-04 12:45:56.865 7 INFO neutron.services.segments.plugin [-] Segment 0e05c98e-b8d4-4afd-9fdb-27162aceebcb resource provider not found; error: Placement Client Error (4xx): {"errors": [{"status": 404, "title": "Not Found", "detail": "The resource could not be found.\n\n No resource provider with uuid 0e05c98e-b8d4-4afd-9fdb-27162aceebcb found for delete ", "request_id": "req-5706a83f-f301-4b7b-a693-d8c4d02caed8"}]} [pid: 8|app: 0|req: 1666/3376] 10.0.0.165 () {32 vars in 740 bytes} [Mon May 4 12:45:56 2026] DELETE /v2.0/security-groups/9e378ee2-8708-4b2d-8018-2f69b97aad4a => generated 0 bytes in 165 msecs (HTTP/1.1 204) 2 headers in 112 bytes (1 switches on core 0)
2026-05-04 12:45:57.062 7 WARNING neutron.db.securitygroups_db [None req-61077946-64de-4264-a1b4-82379d37971d a0d22359523543dd97173daafdd4a6d6 763451d2b9b749abb59cf8ccfcdd1276 - - default default] project_id key not found in filters, using tenant_id instead. This support has been deprecated and will be removed in a future release.
2026-05-04 12:45:57.194 7 INFO neutron.db.ovn_revision_numbers_db [None req-61077946-64de-4264-a1b4-82379d37971d a0d22359523543dd97173daafdd4a6d6 763451d2b9b749abb59cf8ccfcdd1276 - - default default] Successfully bumped revision number for resource d369ef1a-7660-47b7-b602-56d6e8f9b8d8 (type: security_groups) to 1
2026-05-04 12:45:57.210 7 INFO neutron.db.ovn_revision_numbers_db [None req-61077946-64de-4264-a1b4-82379d37971d a0d22359523543dd97173daafdd4a6d6 763451d2b9b749abb59cf8ccfcdd1276 - - default default] Successfully bumped revision number for resource 52eabaa7-806d-4b10-8545-3054cca78ba3 (type: security_group_rules) to 0
2026-05-04 12:45:57.222 7 INFO neutron.db.ovn_revision_numbers_db [None req-61077946-64de-4264-a1b4-82379d37971d a0d22359523543dd97173daafdd4a6d6 763451d2b9b749abb59cf8ccfcdd1276 - - default default] Successfully bumped revision number for resource 7da5c1b1-15f0-4ad4-a16e-4f6ebfb6f8d6 (type: security_group_rules) to 0
2026-05-04 12:45:57.233 7 INFO neutron.db.ovn_revision_numbers_db [None req-61077946-64de-4264-a1b4-82379d37971d a0d22359523543dd97173daafdd4a6d6 763451d2b9b749abb59cf8ccfcdd1276 - - default default] Successfully bumped revision number for resource 893e92b7-de1f-4d93-89a8-399dd2174ab8 (type: security_group_rules) to 0
2026-05-04 12:45:57.245 7 INFO neutron.db.ovn_revision_numbers_db [None req-61077946-64de-4264-a1b4-82379d37971d a0d22359523543dd97173daafdd4a6d6 763451d2b9b749abb59cf8ccfcdd1276 - - default default] Successfully bumped revision number for resource b41b558c-12fb-4008-9760-112985497a20 (type: security_group_rules) to 0 [pid: 7|app: 0|req: 1711/3377] 10.0.0.165 () {32 vars in 774 bytes} [Mon May 4 12:45:57 2026] GET /v2.0/security-groups?tenant_id=aed745cc3153427f8d05874c4c6e2f9c&name=default => generated 2929 bytes in 225 msecs (HTTP/1.1 200) 4 headers in 158 bytes (1 switches on core 0) [pid: 8|app: 0|req: 1667/3378] 10.0.0.165 () {32 vars in 740 bytes} [Mon May 4 12:45:57 2026] DELETE /v2.0/security-groups/d369ef1a-7660-47b7-b602-56d6e8f9b8d8 => generated 0 bytes in 150 msecs (HTTP/1.1 204) 2 headers in 112 bytes (1 switches on core 0)
2026-05-04 12:45:57.558 7 WARNING neutron.db.securitygroups_db [None req-7e0171d7-d732-4b2d-aa59-ef531b300909 a0d22359523543dd97173daafdd4a6d6 763451d2b9b749abb59cf8ccfcdd1276 - - default default] project_id key not found in filters, using tenant_id instead. This support has been deprecated and will be removed in a future release. [pid: 7|app: 0|req: 1712/3379] 10.0.0.165 () {32 vars in 774 bytes} [Mon May 4 12:45:57 2026] GET /v2.0/security-groups?tenant_id=e2b6ad9c35c74b0d991afb5cf52b11fc&name=default => generated 2929 bytes in 25 msecs (HTTP/1.1 200) 4 headers in 158 bytes (1 switches on core 0) [pid: 8|app: 0|req: 1668/3380] 10.0.0.165 () {32 vars in 740 bytes} [Mon May 4 12:45:57 2026] DELETE /v2.0/security-groups/e6a64628-578a-4f14-82c9-aa1b2fd24c31 => generated 0 bytes in 154 msecs (HTTP/1.1 204) 2 headers in 112 bytes (1 switches on core 0) [pid: 7|app: 0|req: 1713/3381] 10.0.0.165 () {34 vars in 678 bytes} [Mon May 4 12:46:01 2026] POST /v2.0/qos/policies => generated 359 bytes in 176 msecs (HTTP/1.1 201) 4 headers in 162 bytes (1 switches on core 0) [pid: 8|app: 0|req: 1669/3382] 10.0.0.165 () {34 vars in 678 bytes} [Mon May 4 12:46:01 2026] POST /v2.0/qos/policies => generated 359 bytes in 35 msecs (HTTP/1.1 201) 4 headers in 162 bytes (1 switches on core 0) [pid: 7|app: 0|req: 1714/3383] 10.0.0.165 () {34 vars in 678 bytes} [Mon May 4 12:46:01 2026] POST /v2.0/qos/policies => generated 359 bytes in 32 msecs (HTTP/1.1 201) 4 headers in 162 bytes (1 switches on core 0) [pid: 8|app: 0|req: 1670/3384] 10.0.0.165 () {34 vars in 678 bytes} [Mon May 4 12:46:01 2026] POST /v2.0/qos/policies => generated 359 bytes in 35 msecs (HTTP/1.1 201) 4 headers in 162 bytes (1 switches on core 0) [pid: 7|app: 0|req: 1715/3385] 10.0.0.165 () {34 vars in 678 bytes} [Mon May 4 12:46:01 2026] POST /v2.0/qos/policies => generated 359 bytes in 36 msecs (HTTP/1.1 201) 4 headers in 162 bytes (1 switches on core 0)
2026-05-04 12:46:01.875 8 WARNING tagging [None req-101b0c3f-706c-43f6-8dde-827e0f02d140 b8cbc9c1db4849f784709dd2e809c7dd f85407afc93d43ec9601f7cf141511ce - - default default] project_id key not found in request, using tenant_id instead. This support has been deprecated and will be removed in a future release. [pid: 8|app: 0|req: 1671/3386] 10.0.0.165 () {34 vars in 753 bytes} [Mon May 4 12:46:01 2026] PUT /v2.0/policies/ff3f9694-de11-4fdb-980e-1493f8b85e4a/tags => generated 17 bytes in 38 msecs (HTTP/1.1 200) 4 headers in 156 bytes (1 switches on core 0)
2026-05-04 12:46:01.917 7 WARNING tagging [None req-90532b57-cca8-4821-9a73-66d2a1cdbbab b8cbc9c1db4849f784709dd2e809c7dd f85407afc93d43ec9601f7cf141511ce - - default default] project_id key not found in request, using tenant_id instead. This support has been deprecated and will be removed in a future release. [pid: 7|app: 0|req: 1716/3387] 10.0.0.165 () {34 vars in 753 bytes} [Mon May 4 12:46:01 2026] PUT /v2.0/policies/8992a06a-0ca9-4cb0-996a-0558445d39a6/tags => generated 25 bytes in 38 msecs (HTTP/1.1 200) 4 headers in 156 bytes (1 switches on core 0)
2026-05-04 12:46:01.961 8 WARNING tagging [None req-1e486ee7-379e-467c-8f4d-4388e347475c b8cbc9c1db4849f784709dd2e809c7dd f85407afc93d43ec9601f7cf141511ce - - default default] project_id key not found in request, using tenant_id instead. This support has been deprecated and will be removed in a future release. [pid: 8|app: 0|req: 1672/3388] 10.0.0.165 () {34 vars in 753 bytes} [Mon May 4 12:46:01 2026] PUT /v2.0/policies/c01f947a-10f5-48cc-8eee-6ffa745e45c0/tags => generated 34 bytes in 42 msecs (HTTP/1.1 200) 4 headers in 156 bytes (1 switches on core 0)
2026-05-04 12:46:02.005 7 WARNING tagging [None req-cc843046-3958-4038-b4d6-0307ede5c5c9 b8cbc9c1db4849f784709dd2e809c7dd f85407afc93d43ec9601f7cf141511ce - - default default] project_id key not found in request, using tenant_id instead. This support has been deprecated and will be removed in a future release. [pid: 7|app: 0|req: 1717/3389] 10.0.0.165 () {34 vars in 753 bytes} [Mon May 4 12:46:01 2026] PUT /v2.0/policies/8030ae81-cdd6-4d8b-abf7-e23660b5d26b/tags => generated 19 bytes in 37 msecs (HTTP/1.1 200) 4 headers in 156 bytes (1 switches on core 0) [pid: 8|app: 0|req: 1673/3390] 10.0.0.165 () {32 vars in 674 bytes} [Mon May 4 12:46:02 2026] GET /v2.0/qos/policies?tags=red => generated 1101 bytes in 95 msecs (HTTP/1.1 200) 4 headers in 158 bytes (1 switches on core 0) [pid: 7|app: 0|req: 1718/3391] 10.0.0.165 () {32 vars in 688 bytes} [Mon May 4 12:46:02 2026] GET /v2.0/qos/policies?tags=red%2Cblue => generated 747 bytes in 51 msecs (HTTP/1.1 200) 4 headers in 157 bytes (1 switches on core 0) [pid: 8|app: 0|req: 1674/3392] 10.0.0.165 () {32 vars in 684 bytes} [Mon May 4 12:46:02 2026] GET /v2.0/qos/policies?tags-any=blue => generated 747 bytes in 47 msecs (HTTP/1.1 200) 4 headers in 157 bytes (1 switches on core 0) [pid: 7|app: 0|req: 1719/3393] 10.0.0.165 () {32 vars in 696 bytes} [Mon May 4 12:46:02 2026] GET /v2.0/qos/policies?tags-any=red%2Cblue => generated 1101 bytes in 62 msecs (HTTP/1.1 200) 4 headers in 158 bytes (1 switches on core 0) [pid: 8|app: 0|req: 1675/3394] 10.0.0.165 () {32 vars in 682 bytes} [Mon May 4 12:46:02 2026] GET /v2.0/qos/policies?not-tags=red => generated 719 bytes in 50 msecs (HTTP/1.1 200) 4 headers in 157 bytes (1 switches on core 0) [pid: 7|app: 0|req: 1720/3395] 10.0.0.165 () {32 vars in 696 bytes} [Mon May 4 12:46:02 2026] GET /v2.0/qos/policies?not-tags=red%2Cblue => generated 1073 bytes in 71 msecs (HTTP/1.1 200) 4 headers in 158 bytes (1 switches on core 0) [pid: 8|app: 0|req: 1676/3396] 10.0.0.165 () {32 vars in 692 bytes} [Mon May 4 12:46:02 2026] GET /v2.0/qos/policies?not-tags-any=blue => generated 1073 bytes in 62 msecs (HTTP/1.1 200) 4 headers in 158 bytes (1 switches on core 0) [pid: 7|app: 0|req: 1721/3397] 10.0.0.165 () {32 vars in 704 bytes} [Mon May 4 12:46:02 2026] GET /v2.0/qos/policies?not-tags-any=red%2Cblue => generated 719 bytes in 51 msecs (HTTP/1.1 200) 4 headers in 157 bytes (1 switches on core 0) [pid: 8|app: 0|req: 1677/3398] 10.0.0.165 () {32 vars in 734 bytes} [Mon May 4 12:46:02 2026] DELETE /v2.0/qos/policies/ff3f9694-de11-4fdb-980e-1493f8b85e4a => generated 0 bytes in 48 msecs (HTTP/1.1 204) 2 headers in 112 bytes (1 switches on core 0) [pid: 7|app: 0|req: 1722/3399] 10.0.0.165 () {32 vars in 734 bytes} [Mon May 4 12:46:02 2026] DELETE /v2.0/qos/policies/8992a06a-0ca9-4cb0-996a-0558445d39a6 => generated 0 bytes in 61 msecs (HTTP/1.1 204) 2 headers in 112 bytes (1 switches on core 0) [pid: 8|app: 0|req: 1678/3400] 10.0.0.165 () {32 vars in 734 bytes} [Mon May 4 12:46:03 2026] DELETE /v2.0/qos/policies/c01f947a-10f5-48cc-8eee-6ffa745e45c0 => generated 0 bytes in 48 msecs (HTTP/1.1 204) 2 headers in 112 bytes (1 switches on core 0) [pid: 7|app: 0|req: 1723/3401] 10.0.0.165 () {32 vars in 734 bytes} [Mon May 4 12:46:03 2026] DELETE /v2.0/qos/policies/8030ae81-cdd6-4d8b-abf7-e23660b5d26b => generated 0 bytes in 56 msecs (HTTP/1.1 204) 2 headers in 112 bytes (1 switches on core 0) [pid: 8|app: 0|req: 1679/3402] 10.0.0.165 () {32 vars in 734 bytes} [Mon May 4 12:46:03 2026] DELETE /v2.0/qos/policies/4c96b684-68ca-4c9e-a9d1-ef968d8066dc => generated 0 bytes in 59 msecs (HTTP/1.1 204) 2 headers in 112 bytes (1 switches on core 0)
2026-05-04 12:46:04.064 7 WARNING neutron.db.securitygroups_db [None req-1c35d31d-5f71-46b9-9bf3-873997ceee45 a0d22359523543dd97173daafdd4a6d6 763451d2b9b749abb59cf8ccfcdd1276 - - default default] project_id key not found in filters, using tenant_id instead. This support has been deprecated and will be removed in a future release.
2026-05-04 12:46:04.186 7 INFO neutron.db.ovn_revision_numbers_db [None req-1c35d31d-5f71-46b9-9bf3-873997ceee45 a0d22359523543dd97173daafdd4a6d6 763451d2b9b749abb59cf8ccfcdd1276 - - default default] Successfully bumped revision number for resource 969a45b9-815a-4eda-9a14-1fd159b89de9 (type: security_groups) to 1
2026-05-04 12:46:04.197 7 INFO neutron.db.ovn_revision_numbers_db [None req-1c35d31d-5f71-46b9-9bf3-873997ceee45 a0d22359523543dd97173daafdd4a6d6 763451d2b9b749abb59cf8ccfcdd1276 - - default default] Successfully bumped revision number for resource 0c12c0ee-de76-467e-8ce2-65fa80486fff (type: security_group_rules) to 0
2026-05-04 12:46:04.210 7 INFO neutron.db.ovn_revision_numbers_db [None req-1c35d31d-5f71-46b9-9bf3-873997ceee45 a0d22359523543dd97173daafdd4a6d6 763451d2b9b749abb59cf8ccfcdd1276 - - default default] Successfully bumped revision number for resource 1e91f4ab-fa67-4629-922b-1b22196e1b8a (type: security_group_rules) to 0
2026-05-04 12:46:04.223 7 INFO neutron.db.ovn_revision_numbers_db [None req-1c35d31d-5f71-46b9-9bf3-873997ceee45 a0d22359523543dd97173daafdd4a6d6 763451d2b9b749abb59cf8ccfcdd1276 - - default default] Successfully bumped revision number for resource 45e899d5-9ea6-4317-8ee1-a27b2101a36f (type: security_group_rules) to 0
2026-05-04 12:46:04.235 7 INFO neutron.db.ovn_revision_numbers_db [None req-1c35d31d-5f71-46b9-9bf3-873997ceee45 a0d22359523543dd97173daafdd4a6d6 763451d2b9b749abb59cf8ccfcdd1276 - - default default] Successfully bumped revision number for resource f16df46d-4b8b-412f-bead-6aa1dd0d9140 (type: security_group_rules) to 0 [pid: 7|app: 0|req: 1724/3403] 10.0.0.165 () {32 vars in 774 bytes} [Mon May 4 12:46:03 2026] GET /v2.0/security-groups?tenant_id=b2f27248259c4e1d8fc2877aa7aeef73&name=default => generated 2929 bytes in 348 msecs (HTTP/1.1 200) 4 headers in 158 bytes (1 switches on core 0) [pid: 8|app: 0|req: 1680/3404] 10.0.0.165 () {32 vars in 740 bytes} [Mon May 4 12:46:04 2026] DELETE /v2.0/security-groups/969a45b9-815a-4eda-9a14-1fd159b89de9 => generated 0 bytes in 150 msecs (HTTP/1.1 204) 2 headers in 112 bytes (1 switches on core 0)
2026-05-04 12:46:04.508 7 WARNING neutron.db.securitygroups_db [None req-52c9120e-c772-4da4-b5fa-6daf113d105a a0d22359523543dd97173daafdd4a6d6 763451d2b9b749abb59cf8ccfcdd1276 - - default default] project_id key not found in filters, using tenant_id instead. This support has been deprecated and will be removed in a future release.
2026-05-04 12:46:04.613 7 INFO neutron.db.ovn_revision_numbers_db [None req-52c9120e-c772-4da4-b5fa-6daf113d105a a0d22359523543dd97173daafdd4a6d6 763451d2b9b749abb59cf8ccfcdd1276 - - default default] Successfully bumped revision number for resource 855d22e3-5676-44a0-a3ef-e2e9ee39f787 (type: security_groups) to 1
2026-05-04 12:46:04.624 7 INFO neutron.db.ovn_revision_numbers_db [None req-52c9120e-c772-4da4-b5fa-6daf113d105a a0d22359523543dd97173daafdd4a6d6 763451d2b9b749abb59cf8ccfcdd1276 - - default default] Successfully bumped revision number for resource 4411d58f-4458-4045-95e5-04e774cd655f (type: security_group_rules) to 0
2026-05-04 12:46:04.637 7 INFO neutron.db.ovn_revision_numbers_db [None req-52c9120e-c772-4da4-b5fa-6daf113d105a a0d22359523543dd97173daafdd4a6d6 763451d2b9b749abb59cf8ccfcdd1276 - - default default] Successfully bumped revision number for resource 58ddaf5a-4576-43da-a2fb-2a9a85f05d58 (type: security_group_rules) to 0
2026-05-04 12:46:04.649 7 INFO neutron.db.ovn_revision_numbers_db [None req-52c9120e-c772-4da4-b5fa-6daf113d105a a0d22359523543dd97173daafdd4a6d6 763451d2b9b749abb59cf8ccfcdd1276 - - default default] Successfully bumped revision number for resource f1df0aa3-e785-42e9-adaf-df9e1603df9c (type: security_group_rules) to 0
2026-05-04 12:46:04.660 7 INFO neutron.db.ovn_revision_numbers_db [None req-52c9120e-c772-4da4-b5fa-6daf113d105a a0d22359523543dd97173daafdd4a6d6 763451d2b9b749abb59cf8ccfcdd1276 - - default default] Successfully bumped revision number for resource f25327da-91e7-4cb6-bdfa-f4c318466a37 (type: security_group_rules) to 0 [pid: 7|app: 0|req: 1725/3405] 10.0.0.165 () {32 vars in 774 bytes} [Mon May 4 12:46:04 2026] GET /v2.0/security-groups?tenant_id=43bf7402b5114124adc3399ae3f50b27&name=default => generated 2929 bytes in 194 msecs (HTTP/1.1 200) 4 headers in 158 bytes (1 switches on core 0) [pid: 8|app: 0|req: 1681/3406] 10.0.0.165 () {32 vars in 740 bytes} [Mon May 4 12:46:04 2026] DELETE /v2.0/security-groups/855d22e3-5676-44a0-a3ef-e2e9ee39f787 => generated 0 bytes in 146 msecs (HTTP/1.1 204) 2 headers in 112 bytes (1 switches on core 0)
2026-05-04 12:46:04.982 7 WARNING neutron.db.securitygroups_db [None req-4fc70b8b-b21e-41d3-9996-a13960bbd989 a0d22359523543dd97173daafdd4a6d6 763451d2b9b749abb59cf8ccfcdd1276 - - default default] project_id key not found in filters, using tenant_id instead. This support has been deprecated and will be removed in a future release.
2026-05-04 12:46:05.065 7 INFO neutron.db.ovn_revision_numbers_db [None req-4fc70b8b-b21e-41d3-9996-a13960bbd989 a0d22359523543dd97173daafdd4a6d6 763451d2b9b749abb59cf8ccfcdd1276 - - default default] Successfully bumped revision number for resource 2f1be0a5-6324-44c5-837f-cd2558eb45cf (type: security_groups) to 1
2026-05-04 12:46:05.073 7 INFO neutron.db.ovn_revision_numbers_db [None req-4fc70b8b-b21e-41d3-9996-a13960bbd989 a0d22359523543dd97173daafdd4a6d6 763451d2b9b749abb59cf8ccfcdd1276 - - default default] Successfully bumped revision number for resource 1d3f3afd-a238-4e6b-8d33-9baa8186853a (type: security_group_rules) to 0
2026-05-04 12:46:05.082 7 INFO neutron.db.ovn_revision_numbers_db [None req-4fc70b8b-b21e-41d3-9996-a13960bbd989 a0d22359523543dd97173daafdd4a6d6 763451d2b9b749abb59cf8ccfcdd1276 - - default default] Successfully bumped revision number for resource 20a07c3c-c219-4252-9559-996f66576faa (type: security_group_rules) to 0
2026-05-04 12:46:05.090 7 INFO neutron.db.ovn_revision_numbers_db [None req-4fc70b8b-b21e-41d3-9996-a13960bbd989 a0d22359523543dd97173daafdd4a6d6 763451d2b9b749abb59cf8ccfcdd1276 - - default default] Successfully bumped revision number for resource ad258c4a-5f43-4f6a-8ab4-9dbc0bef9973 (type: security_group_rules) to 0
2026-05-04 12:46:05.098 7 INFO neutron.db.ovn_revision_numbers_db [None req-4fc70b8b-b21e-41d3-9996-a13960bbd989 a0d22359523543dd97173daafdd4a6d6 763451d2b9b749abb59cf8ccfcdd1276 - - default default] Successfully bumped revision number for resource d5923d44-2746-4e17-bb3e-3ef6e2d5fad6 (type: security_group_rules) to 0 [pid: 7|app: 0|req: 1726/3409] 10.0.0.165 () {32 vars in 774 bytes} [Mon May 4 12:46:04 2026] GET /v2.0/security-groups?tenant_id=f85407afc93d43ec9601f7cf141511ce&name=default => generated 2929 bytes in 149 msecs (HTTP/1.1 200) 4 headers in 158 bytes (1 switches on core 0) [pid: 8|app: 0|req: 1684/3410] 10.0.0.165 () {32 vars in 740 bytes} [Mon May 4 12:46:05 2026] DELETE /v2.0/security-groups/2f1be0a5-6324-44c5-837f-cd2558eb45cf => generated 0 bytes in 151 msecs (HTTP/1.1 204) 2 headers in 112 bytes (1 switches on core 0)
2026-05-04 12:46:08.689 7 WARNING neutron.scheduler.dhcp_agent_scheduler [None req-148544e0-faa7-4830-80b4-1e5c820b1b66 31f79ffd96d94ee088e716dcc0280813 fbc92483da5c4e38831941edffff8633 - - default default] No more DHCP agents
2026-05-04 12:46:08.690 7 WARNING neutron.api.rpc.agentnotifiers.dhcp_rpc_agent_api [None req-148544e0-faa7-4830-80b4-1e5c820b1b66 31f79ffd96d94ee088e716dcc0280813 fbc92483da5c4e38831941edffff8633 - - default default] Unable to schedule network cf096e53-2011-4f22-83b2-dcccf16a76a3: no agents available; will retry on subsequent port and subnet creation events. [pid: 7|app: 0|req: 1727/3411] 10.0.0.165 () {34 vars in 676 bytes} [Mon May 4 12:46:08 2026] POST /v2.0/floatingips => generated 552 bytes in 574 msecs (HTTP/1.1 201) 4 headers in 162 bytes (1 switches on core 0)
2026-05-04 12:46:08.977 8 WARNING tagging [None req-dc58d0f9-e332-43a7-977b-109fd308c62d 31f79ffd96d94ee088e716dcc0280813 fbc92483da5c4e38831941edffff8633 - - default default] project_id key not found in request, using tenant_id instead. This support has been deprecated and will be removed in a future release. [pid: 8|app: 0|req: 1685/3412] 10.0.0.165 () {34 vars in 759 bytes} [Mon May 4 12:46:08 2026] PUT /v2.0/floatingips/b96dd28e-ff72-41d3-9ad1-c1700d095110/tags => generated 25 bytes in 51 msecs (HTTP/1.1 200) 4 headers in 156 bytes (1 switches on core 0)
2026-05-04 12:46:09.036 7 WARNING tagging [None req-8f8f5c15-83f3-4dbc-b09e-9220d99424ef 31f79ffd96d94ee088e716dcc0280813 fbc92483da5c4e38831941edffff8633 - - default default] project_id key not found in request, using tenant_id instead. This support has been deprecated and will be removed in a future release. [pid: 7|app: 0|req: 1728/3413] 10.0.0.165 () {32 vars in 739 bytes} [Mon May 4 12:46:09 2026] GET /v2.0/floatingips/b96dd28e-ff72-41d3-9ad1-c1700d095110/tags => generated 25 bytes in 38 msecs (HTTP/1.1 200) 4 headers in 156 bytes (1 switches on core 0)
2026-05-04 12:46:09.077 8 WARNING tagging [None req-dc7d7824-96b9-4032-b669-94e57ccb49a8 31f79ffd96d94ee088e716dcc0280813 fbc92483da5c4e38831941edffff8633 - - default default] project_id key not found in request, using tenant_id instead. This support has been deprecated and will be removed in a future release. [pid: 8|app: 0|req: 1686/3414] 10.0.0.165 () {34 vars in 770 bytes} [Mon May 4 12:46:09 2026] PUT /v2.0/floatingips/b96dd28e-ff72-41d3-9ad1-c1700d095110/tags/green => generated 4 bytes in 60 msecs (HTTP/1.1 201) 4 headers in 160 bytes (1 switches on core 0)
2026-05-04 12:46:09.144 7 WARNING tagging [None req-76ff44e3-5f26-44b9-868a-13d5f03cbebd 31f79ffd96d94ee088e716dcc0280813 fbc92483da5c4e38831941edffff8633 - - default default] project_id key not found in request, using tenant_id instead. This support has been deprecated and will be removed in a future release. [pid: 7|app: 0|req: 1729/3415] 10.0.0.165 () {32 vars in 739 bytes} [Mon May 4 12:46:09 2026] GET /v2.0/floatingips/b96dd28e-ff72-41d3-9ad1-c1700d095110/tags => generated 34 bytes in 44 msecs (HTTP/1.1 200) 4 headers in 156 bytes (1 switches on core 0)
2026-05-04 12:46:09.188 8 WARNING tagging [None req-777fb31c-57af-43c7-8b32-c4d03812d00e 31f79ffd96d94ee088e716dcc0280813 fbc92483da5c4e38831941edffff8633 - - default default] project_id key not found in request, using tenant_id instead. This support has been deprecated and will be removed in a future release. [pid: 8|app: 0|req: 1687/3416] 10.0.0.165 () {34 vars in 766 bytes} [Mon May 4 12:46:09 2026] PUT /v2.0/floatingips/b96dd28e-ff72-41d3-9ad1-c1700d095110/tags/red => generated 4 bytes in 49 msecs (HTTP/1.1 201) 4 headers in 160 bytes (1 switches on core 0)
2026-05-04 12:46:09.244 7 WARNING tagging [None req-3cbdb9d5-38d1-4019-ac8b-507c0b0d5675 31f79ffd96d94ee088e716dcc0280813 fbc92483da5c4e38831941edffff8633 - - default default] project_id key not found in request, using tenant_id instead. This support has been deprecated and will be removed in a future release. [pid: 7|app: 0|req: 1730/3417] 10.0.0.165 () {32 vars in 739 bytes} [Mon May 4 12:46:09 2026] GET /v2.0/floatingips/b96dd28e-ff72-41d3-9ad1-c1700d095110/tags => generated 34 bytes in 39 msecs (HTTP/1.1 200) 4 headers in 156 bytes (1 switches on core 0)
2026-05-04 12:46:09.289 8 WARNING tagging [None req-ad934cc9-b644-41e9-8012-cd02487d32f0 31f79ffd96d94ee088e716dcc0280813 fbc92483da5c4e38831941edffff8633 - - default default] project_id key not found in request, using tenant_id instead. This support has been deprecated and will be removed in a future release. [pid: 8|app: 0|req: 1688/3418] 10.0.0.165 () {34 vars in 788 bytes} [Mon May 4 12:46:09 2026] PUT /v2.0/floatingips/b96dd28e-ff72-41d3-9ad1-c1700d095110/tags/black.or.white => generated 4 bytes in 58 msecs (HTTP/1.1 201) 4 headers in 160 bytes (1 switches on core 0)
2026-05-04 12:46:09.354 7 WARNING tagging [None req-fa652be6-f2d7-4b58-8248-bcab6dc58b03 31f79ffd96d94ee088e716dcc0280813 fbc92483da5c4e38831941edffff8633 - - default default] project_id key not found in request, using tenant_id instead. This support has been deprecated and will be removed in a future release. [pid: 7|app: 0|req: 1731/3419] 10.0.0.165 () {32 vars in 739 bytes} [Mon May 4 12:46:09 2026] GET /v2.0/floatingips/b96dd28e-ff72-41d3-9ad1-c1700d095110/tags => generated 52 bytes in 36 msecs (HTTP/1.1 200) 4 headers in 156 bytes (1 switches on core 0)
2026-05-04 12:46:09.393 8 WARNING tagging [None req-417c53cc-d6e4-48aa-871b-07d1bc10ae8b 31f79ffd96d94ee088e716dcc0280813 fbc92483da5c4e38831941edffff8633 - - default default] project_id key not found in request, using tenant_id instead. This support has been deprecated and will be removed in a future release. [pid: 8|app: 0|req: 1689/3420] 10.0.0.165 () {34 vars in 759 bytes} [Mon May 4 12:46:09 2026] PUT /v2.0/floatingips/b96dd28e-ff72-41d3-9ad1-c1700d095110/tags => generated 37 bytes in 46 msecs (HTTP/1.1 200) 4 headers in 156 bytes (1 switches on core 0)
2026-05-04 12:46:09.447 7 WARNING tagging [None req-e841ce49-868b-4625-a8be-860beec5e386 31f79ffd96d94ee088e716dcc0280813 fbc92483da5c4e38831941edffff8633 - - default default] project_id key not found in request, using tenant_id instead. This support has been deprecated and will be removed in a future release. [pid: 7|app: 0|req: 1732/3421] 10.0.0.165 () {32 vars in 739 bytes} [Mon May 4 12:46:09 2026] GET /v2.0/floatingips/b96dd28e-ff72-41d3-9ad1-c1700d095110/tags => generated 37 bytes in 39 msecs (HTTP/1.1 200) 4 headers in 156 bytes (1 switches on core 0)
2026-05-04 12:46:09.490 8 WARNING tagging [None req-61194d77-d2c4-4004-bbc3-c45900098582 31f79ffd96d94ee088e716dcc0280813 fbc92483da5c4e38831941edffff8633 - - default default] project_id key not found in request, using tenant_id instead. This support has been deprecated and will be removed in a future release. [pid: 8|app: 0|req: 1690/3422] 10.0.0.165 () {32 vars in 747 bytes} [Mon May 4 12:46:09 2026] GET /v2.0/floatingips/b96dd28e-ff72-41d3-9ad1-c1700d095110/tags/red => generated 0 bytes in 42 msecs (HTTP/1.1 204) 2 headers in 112 bytes (1 switches on core 0)
2026-05-04 12:46:09.540 7 WARNING tagging [None req-905db713-16cf-45ea-b717-efe4d1c11418 31f79ffd96d94ee088e716dcc0280813 fbc92483da5c4e38831941edffff8633 - - default default] project_id key not found in request, using tenant_id instead. This support has been deprecated and will be removed in a future release.
2026-05-04 12:46:09.555 7 INFO neutron.api.v2.resource [None req-905db713-16cf-45ea-b717-efe4d1c11418 31f79ffd96d94ee088e716dcc0280813 fbc92483da5c4e38831941edffff8633 - - default default] show failed (client error): The resource could not be found. [pid: 7|app: 0|req: 1733/3423] 10.0.0.165 () {32 vars in 751 bytes} [Mon May 4 12:46:09 2026] GET /v2.0/floatingips/b96dd28e-ff72-41d3-9ad1-c1700d095110/tags/green => generated 99 bytes in 41 msecs (HTTP/1.1 404) 4 headers in 163 bytes (1 switches on core 0)
2026-05-04 12:46:09.581 8 WARNING tagging [None req-69bae9a0-a154-4c46-ae0a-83e2d8430737 31f79ffd96d94ee088e716dcc0280813 fbc92483da5c4e38831941edffff8633 - - default default] project_id key not found in request, using tenant_id instead. This support has been deprecated and will be removed in a future release. [pid: 8|app: 0|req: 1691/3424] 10.0.0.165 () {32 vars in 750 bytes} [Mon May 4 12:46:09 2026] DELETE /v2.0/floatingips/b96dd28e-ff72-41d3-9ad1-c1700d095110/tags/red => generated 0 bytes in 49 msecs (HTTP/1.1 204) 2 headers in 112 bytes (1 switches on core 0)
2026-05-04 12:46:09.638 7 WARNING tagging [None req-753f4efa-69f9-4d7f-9fc4-ec24e653f47b 31f79ffd96d94ee088e716dcc0280813 fbc92483da5c4e38831941edffff8633 - - default default] project_id key not found in request, using tenant_id instead. This support has been deprecated and will be removed in a future release. [pid: 7|app: 0|req: 1734/3425] 10.0.0.165 () {32 vars in 739 bytes} [Mon May 4 12:46:09 2026] GET /v2.0/floatingips/b96dd28e-ff72-41d3-9ad1-c1700d095110/tags => generated 30 bytes in 39 msecs (HTTP/1.1 200) 4 headers in 156 bytes (1 switches on core 0)
2026-05-04 12:46:09.684 8 WARNING tagging [None req-26165372-aaeb-4100-8da5-8330ad964637 31f79ffd96d94ee088e716dcc0280813 fbc92483da5c4e38831941edffff8633 - - default default] project_id key not found in request, using tenant_id instead. This support has been deprecated and will be removed in a future release.
2026-05-04 12:46:09.704 8 INFO neutron.api.v2.resource [None req-26165372-aaeb-4100-8da5-8330ad964637 31f79ffd96d94ee088e716dcc0280813 fbc92483da5c4e38831941edffff8633 - - default default] delete failed (client error): The resource could not be found. [pid: 8|app: 0|req: 1692/3426] 10.0.0.165 () {32 vars in 754 bytes} [Mon May 4 12:46:09 2026] DELETE /v2.0/floatingips/b96dd28e-ff72-41d3-9ad1-c1700d095110/tags/green => generated 99 bytes in 47 msecs (HTTP/1.1 404) 4 headers in 163 bytes (1 switches on core 0)
2026-05-04 12:46:09.733 7 WARNING tagging [None req-3d222375-b7fc-4625-a853-b658a3c4182e 31f79ffd96d94ee088e716dcc0280813 fbc92483da5c4e38831941edffff8633 - - default default] project_id key not found in request, using tenant_id instead. This support has been deprecated and will be removed in a future release. [pid: 7|app: 0|req: 1735/3427] 10.0.0.165 () {32 vars in 742 bytes} [Mon May 4 12:46:09 2026] DELETE /v2.0/floatingips/b96dd28e-ff72-41d3-9ad1-c1700d095110/tags => generated 0 bytes in 51 msecs (HTTP/1.1 204) 2 headers in 112 bytes (1 switches on core 0)
2026-05-04 12:46:09.788 8 WARNING tagging [None req-5a5a6d90-68ad-4bab-baa5-aa00ff410d20 31f79ffd96d94ee088e716dcc0280813 fbc92483da5c4e38831941edffff8633 - - default default] project_id key not found in request, using tenant_id instead. This support has been deprecated and will be removed in a future release. [pid: 8|app: 0|req: 1693/3428] 10.0.0.165 () {32 vars in 739 bytes} [Mon May 4 12:46:09 2026] GET /v2.0/floatingips/b96dd28e-ff72-41d3-9ad1-c1700d095110/tags => generated 12 bytes in 38 msecs (HTTP/1.1 200) 4 headers in 156 bytes (1 switches on core 0)
2026-05-04 12:46:09.936 7 INFO neutron_taas.services.taas.taas_plugin [None req-0ec91875-cfd2-419c-b048-54b41d38d9be 31f79ffd96d94ee088e716dcc0280813 fbc92483da5c4e38831941edffff8633 - - default default] TaaS: Handle Delete Port: 1aec3b42-bb84-4dca-a25c-a5592a365f5a
2026-05-04 12:46:09.939 7 INFO neutron_taas.services.taas.tap_mirror_plugin [None req-0ec91875-cfd2-419c-b048-54b41d38d9be 31f79ffd96d94ee088e716dcc0280813 fbc92483da5c4e38831941edffff8633 - - default default] Tap Mirror: Handle Delete Port: 1aec3b42-bb84-4dca-a25c-a5592a365f5a [pid: 7|app: 0|req: 1736/3429] 10.0.0.165 () {32 vars in 732 bytes} [Mon May 4 12:46:09 2026] DELETE /v2.0/floatingips/b96dd28e-ff72-41d3-9ad1-c1700d095110 => generated 0 bytes in 289 msecs (HTTP/1.1 204) 2 headers in 112 bytes (1 switches on core 0)
2026-05-04 12:46:10.781 8 WARNING neutron.db.securitygroups_db [None req-049f91e9-4cc8-4913-ac84-5cb0af7b1c0e a0d22359523543dd97173daafdd4a6d6 763451d2b9b749abb59cf8ccfcdd1276 - - default default] project_id key not found in filters, using tenant_id instead. This support has been deprecated and will be removed in a future release.
2026-05-04 12:46:10.893 8 INFO neutron.db.ovn_revision_numbers_db [None req-049f91e9-4cc8-4913-ac84-5cb0af7b1c0e a0d22359523543dd97173daafdd4a6d6 763451d2b9b749abb59cf8ccfcdd1276 - - default default] Successfully bumped revision number for resource 245aee9b-c8d3-4850-a125-2292e0e496fe (type: security_groups) to 1
2026-05-04 12:46:10.903 8 INFO neutron.db.ovn_revision_numbers_db [None req-049f91e9-4cc8-4913-ac84-5cb0af7b1c0e a0d22359523543dd97173daafdd4a6d6 763451d2b9b749abb59cf8ccfcdd1276 - - default default] Successfully bumped revision number for resource 059ba859-380c-46c4-9f75-86eefdc0442e (type: security_group_rules) to 0
2026-05-04 12:46:10.913 8 INFO neutron.db.ovn_revision_numbers_db [None req-049f91e9-4cc8-4913-ac84-5cb0af7b1c0e a0d22359523543dd97173daafdd4a6d6 763451d2b9b749abb59cf8ccfcdd1276 - - default default] Successfully bumped revision number for resource 229242ac-8b79-4611-813c-45f3296ef0e3 (type: security_group_rules) to 0
2026-05-04 12:46:10.926 8 INFO neutron.db.ovn_revision_numbers_db [None req-049f91e9-4cc8-4913-ac84-5cb0af7b1c0e a0d22359523543dd97173daafdd4a6d6 763451d2b9b749abb59cf8ccfcdd1276 - - default default] Successfully bumped revision number for resource ad17e3df-2c74-45c5-b4f4-07333c13125f (type: security_group_rules) to 0
2026-05-04 12:46:10.939 8 INFO neutron.db.ovn_revision_numbers_db [None req-049f91e9-4cc8-4913-ac84-5cb0af7b1c0e a0d22359523543dd97173daafdd4a6d6 763451d2b9b749abb59cf8ccfcdd1276 - - default default] Successfully bumped revision number for resource f5922510-e32b-41ea-b03f-25c917e33442 (type: security_group_rules) to 0 [pid: 8|app: 0|req: 1694/3430] 10.0.0.165 () {32 vars in 774 bytes} [Mon May 4 12:46:10 2026] GET /v2.0/security-groups?tenant_id=0a5fccbb896447599b6c0f0d45e3906d&name=default => generated 2929 bytes in 287 msecs (HTTP/1.1 200) 4 headers in 158 bytes (1 switches on core 0) [pid: 7|app: 0|req: 1737/3431] 10.0.0.165 () {32 vars in 740 bytes} [Mon May 4 12:46:10 2026] DELETE /v2.0/security-groups/245aee9b-c8d3-4850-a125-2292e0e496fe => generated 0 bytes in 180 msecs (HTTP/1.1 204) 2 headers in 112 bytes (1 switches on core 0)
2026-05-04 12:46:11.261 8 WARNING neutron.db.securitygroups_db [None req-4bbc623d-a0fe-4a4d-9929-1948ae486ee3 a0d22359523543dd97173daafdd4a6d6 763451d2b9b749abb59cf8ccfcdd1276 - - default default] project_id key not found in filters, using tenant_id instead. This support has been deprecated and will be removed in a future release.
2026-05-04 12:46:11.384 8 INFO neutron.db.ovn_revision_numbers_db [None req-4bbc623d-a0fe-4a4d-9929-1948ae486ee3 a0d22359523543dd97173daafdd4a6d6 763451d2b9b749abb59cf8ccfcdd1276 - - default default] Successfully bumped revision number for resource b428a2ae-6be7-4cd7-9a91-4251b19a0a57 (type: security_groups) to 1
2026-05-04 12:46:11.398 8 INFO neutron.db.ovn_revision_numbers_db [None req-4bbc623d-a0fe-4a4d-9929-1948ae486ee3 a0d22359523543dd97173daafdd4a6d6 763451d2b9b749abb59cf8ccfcdd1276 - - default default] Successfully bumped revision number for resource 06a9b5ba-fe3b-49fd-bd17-b40227b7b3fe (type: security_group_rules) to 0
2026-05-04 12:46:11.413 8 INFO neutron.db.ovn_revision_numbers_db [None req-4bbc623d-a0fe-4a4d-9929-1948ae486ee3 a0d22359523543dd97173daafdd4a6d6 763451d2b9b749abb59cf8ccfcdd1276 - - default default] Successfully bumped revision number for resource 1216093d-f105-47a3-b518-718fc63132cb (type: security_group_rules) to 0
2026-05-04 12:46:11.424 8 INFO neutron.db.ovn_revision_numbers_db [None req-4bbc623d-a0fe-4a4d-9929-1948ae486ee3 a0d22359523543dd97173daafdd4a6d6 763451d2b9b749abb59cf8ccfcdd1276 - - default default] Successfully bumped revision number for resource 3c9428a9-326e-4bb1-b364-7e3a128f9f80 (type: security_group_rules) to 0
2026-05-04 12:46:11.438 8 INFO neutron.db.ovn_revision_numbers_db [None req-4bbc623d-a0fe-4a4d-9929-1948ae486ee3 a0d22359523543dd97173daafdd4a6d6 763451d2b9b749abb59cf8ccfcdd1276 - - default default] Successfully bumped revision number for resource 4fb07987-8c36-4ccb-93af-f351e0bd8d81 (type: security_group_rules) to 0 [pid: 8|app: 0|req: 1695/3432] 10.0.0.165 () {32 vars in 774 bytes} [Mon May 4 12:46:11 2026] GET /v2.0/security-groups?tenant_id=fbc92483da5c4e38831941edffff8633&name=default => generated 2929 bytes in 224 msecs (HTTP/1.1 200) 4 headers in 158 bytes (1 switches on core 0) [pid: 7|app: 0|req: 1738/3433] 10.0.0.165 () {32 vars in 740 bytes} [Mon May 4 12:46:11 2026] DELETE /v2.0/security-groups/b428a2ae-6be7-4cd7-9a91-4251b19a0a57 => generated 0 bytes in 160 msecs (HTTP/1.1 204) 2 headers in 112 bytes (1 switches on core 0)
2026-05-04 12:46:14.854 8 INFO neutron.db.ovn_revision_numbers_db [None req-2dafc1c0-78b8-4ec8-bc84-4200b063cf65 d502571bb54f4ba5889d0b91e369c376 01879155e5864094b66eddeedda42515 - - default default] Successfully bumped revision number for resource 96567153-21ee-4863-b8c9-b5b01fd43a5d (type: routers) to 1 [pid: 8|app: 0|req: 1696/3434] 10.0.0.165 () {34 vars in 668 bytes} [Mon May 4 12:46:14 2026] POST /v2.0/routers => generated 591 bytes in 244 msecs (HTTP/1.1 201) 4 headers in 162 bytes (1 switches on core 0)
2026-05-04 12:46:14.907 7 WARNING tagging [None req-ccc56193-1eda-46d9-8d26-c90687194762 d502571bb54f4ba5889d0b91e369c376 01879155e5864094b66eddeedda42515 - - default default] project_id key not found in request, using tenant_id instead. This support has been deprecated and will be removed in a future release. [pid: 7|app: 0|req: 1739/3435] 10.0.0.165 () {34 vars in 751 bytes} [Mon May 4 12:46:14 2026] PUT /v2.0/routers/96567153-21ee-4863-b8c9-b5b01fd43a5d/tags => generated 25 bytes in 69 msecs (HTTP/1.1 200) 4 headers in 156 bytes (1 switches on core 0)
2026-05-04 12:46:14.978 8 WARNING tagging [None req-f3a1470d-4369-4e7f-842d-8dcbe7920d4b d502571bb54f4ba5889d0b91e369c376 01879155e5864094b66eddeedda42515 - - default default] project_id key not found in request, using tenant_id instead. This support has been deprecated and will be removed in a future release. [pid: 8|app: 0|req: 1697/3436] 10.0.0.165 () {32 vars in 731 bytes} [Mon May 4 12:46:14 2026] GET /v2.0/routers/96567153-21ee-4863-b8c9-b5b01fd43a5d/tags => generated 25 bytes in 56 msecs (HTTP/1.1 200) 4 headers in 156 bytes (1 switches on core 0)
2026-05-04 12:46:15.039 7 WARNING tagging [None req-e61bf708-962d-471e-9d9c-e2866539190b d502571bb54f4ba5889d0b91e369c376 01879155e5864094b66eddeedda42515 - - default default] project_id key not found in request, using tenant_id instead. This support has been deprecated and will be removed in a future release. [pid: 7|app: 0|req: 1740/3437] 10.0.0.165 () {34 vars in 762 bytes} [Mon May 4 12:46:15 2026] PUT /v2.0/routers/96567153-21ee-4863-b8c9-b5b01fd43a5d/tags/green => generated 4 bytes in 106 msecs (HTTP/1.1 201) 4 headers in 160 bytes (1 switches on core 0)
2026-05-04 12:46:15.151 8 WARNING tagging [None req-152d131e-5629-455e-a833-14c356d1e3ae d502571bb54f4ba5889d0b91e369c376 01879155e5864094b66eddeedda42515 - - default default] project_id key not found in request, using tenant_id instead. This support has been deprecated and will be removed in a future release. [pid: 8|app: 0|req: 1698/3438] 10.0.0.165 () {32 vars in 731 bytes} [Mon May 4 12:46:15 2026] GET /v2.0/routers/96567153-21ee-4863-b8c9-b5b01fd43a5d/tags => generated 34 bytes in 54 msecs (HTTP/1.1 200) 4 headers in 156 bytes (1 switches on core 0)
2026-05-04 12:46:15.208 7 WARNING tagging [None req-912399bc-7761-4872-b036-9b9f906979be d502571bb54f4ba5889d0b91e369c376 01879155e5864094b66eddeedda42515 - - default default] project_id key not found in request, using tenant_id instead. This support has been deprecated and will be removed in a future release. [pid: 7|app: 0|req: 1741/3439] 10.0.0.165 () {34 vars in 758 bytes} [Mon May 4 12:46:15 2026] PUT /v2.0/routers/96567153-21ee-4863-b8c9-b5b01fd43a5d/tags/red => generated 4 bytes in 84 msecs (HTTP/1.1 201) 4 headers in 160 bytes (1 switches on core 0)
2026-05-04 12:46:15.303 8 WARNING tagging [None req-ba346d64-351f-4124-92ed-730412dd0080 d502571bb54f4ba5889d0b91e369c376 01879155e5864094b66eddeedda42515 - - default default] project_id key not found in request, using tenant_id instead. This support has been deprecated and will be removed in a future release. [pid: 8|app: 0|req: 1699/3440] 10.0.0.165 () {32 vars in 731 bytes} [Mon May 4 12:46:15 2026] GET /v2.0/routers/96567153-21ee-4863-b8c9-b5b01fd43a5d/tags => generated 34 bytes in 63 msecs (HTTP/1.1 200) 4 headers in 156 bytes (1 switches on core 0)
2026-05-04 12:46:15.382 7 WARNING tagging [None req-478052c6-92b8-48da-a591-5e2fc298806e d502571bb54f4ba5889d0b91e369c376 01879155e5864094b66eddeedda42515 - - default default] project_id key not found in request, using tenant_id instead. This support has been deprecated and will be removed in a future release. [pid: 7|app: 0|req: 1742/3441] 10.0.0.165 () {34 vars in 780 bytes} [Mon May 4 12:46:15 2026] PUT /v2.0/routers/96567153-21ee-4863-b8c9-b5b01fd43a5d/tags/black.or.white => generated 4 bytes in 113 msecs (HTTP/1.1 201) 4 headers in 160 bytes (1 switches on core 0)
2026-05-04 12:46:15.480 8 WARNING tagging [None req-bb5ac96a-be1a-4447-bc04-b4b369bc5df6 d502571bb54f4ba5889d0b91e369c376 01879155e5864094b66eddeedda42515 - - default default] project_id key not found in request, using tenant_id instead. This support has been deprecated and will be removed in a future release. [pid: 8|app: 0|req: 1700/3442] 10.0.0.165 () {32 vars in 731 bytes} [Mon May 4 12:46:15 2026] GET /v2.0/routers/96567153-21ee-4863-b8c9-b5b01fd43a5d/tags => generated 52 bytes in 51 msecs (HTTP/1.1 200) 4 headers in 156 bytes (1 switches on core 0)
2026-05-04 12:46:15.544 7 WARNING tagging [None req-24e9f767-6cc9-4dd4-8f85-f57d2768e39a d502571bb54f4ba5889d0b91e369c376 01879155e5864094b66eddeedda42515 - - default default] project_id key not found in request, using tenant_id instead. This support has been deprecated and will be removed in a future release. [pid: 7|app: 0|req: 1743/3443] 10.0.0.165 () {34 vars in 751 bytes} [Mon May 4 12:46:15 2026] PUT /v2.0/routers/96567153-21ee-4863-b8c9-b5b01fd43a5d/tags => generated 37 bytes in 84 msecs (HTTP/1.1 200) 4 headers in 156 bytes (1 switches on core 0)
2026-05-04 12:46:15.639 8 WARNING tagging [None req-06ad5b19-c1e9-446e-859c-5458cee786f6 d502571bb54f4ba5889d0b91e369c376 01879155e5864094b66eddeedda42515 - - default default] project_id key not found in request, using tenant_id instead. This support has been deprecated and will be removed in a future release. [pid: 8|app: 0|req: 1701/3444] 10.0.0.165 () {32 vars in 731 bytes} [Mon May 4 12:46:15 2026] GET /v2.0/routers/96567153-21ee-4863-b8c9-b5b01fd43a5d/tags => generated 37 bytes in 77 msecs (HTTP/1.1 200) 4 headers in 156 bytes (1 switches on core 0)
2026-05-04 12:46:15.711 7 WARNING tagging [None req-7bf8a021-8a5d-40c1-b0cc-9f3e9b9e4421 d502571bb54f4ba5889d0b91e369c376 01879155e5864094b66eddeedda42515 - - default default] project_id key not found in request, using tenant_id instead. This support has been deprecated and will be removed in a future release. [pid: 7|app: 0|req: 1744/3445] 10.0.0.165 () {32 vars in 739 bytes} [Mon May 4 12:46:15 2026] GET /v2.0/routers/96567153-21ee-4863-b8c9-b5b01fd43a5d/tags/red => generated 0 bytes in 55 msecs (HTTP/1.1 204) 2 headers in 112 bytes (1 switches on core 0)
2026-05-04 12:46:15.772 8 WARNING tagging [None req-384b175a-cbc6-4298-9cf8-72e679b83945 d502571bb54f4ba5889d0b91e369c376 01879155e5864094b66eddeedda42515 - - default default] project_id key not found in request, using tenant_id instead. This support has been deprecated and will be removed in a future release.
2026-05-04 12:46:15.803 8 INFO neutron.api.v2.resource [None req-384b175a-cbc6-4298-9cf8-72e679b83945 d502571bb54f4ba5889d0b91e369c376 01879155e5864094b66eddeedda42515 - - default default] show failed (client error): The resource could not be found. [pid: 8|app: 0|req: 1702/3446] 10.0.0.165 () {32 vars in 743 bytes} [Mon May 4 12:46:15 2026] GET /v2.0/routers/96567153-21ee-4863-b8c9-b5b01fd43a5d/tags/green => generated 99 bytes in 68 msecs (HTTP/1.1 404) 4 headers in 163 bytes (1 switches on core 0)
2026-05-04 12:46:15.842 7 WARNING tagging [None req-aa097b23-61d1-453f-9444-96552aa064a6 d502571bb54f4ba5889d0b91e369c376 01879155e5864094b66eddeedda42515 - - default default] project_id key not found in request, using tenant_id instead. This support has been deprecated and will be removed in a future release. [pid: 7|app: 0|req: 1745/3447] 10.0.0.165 () {32 vars in 742 bytes} [Mon May 4 12:46:15 2026] DELETE /v2.0/routers/96567153-21ee-4863-b8c9-b5b01fd43a5d/tags/red => generated 0 bytes in 75 msecs (HTTP/1.1 204) 2 headers in 112 bytes (1 switches on core 0)
2026-05-04 12:46:15.923 8 WARNING tagging [None req-981382d1-75e4-4888-acb8-1a230cb9c4f3 d502571bb54f4ba5889d0b91e369c376 01879155e5864094b66eddeedda42515 - - default default] project_id key not found in request, using tenant_id instead. This support has been deprecated and will be removed in a future release. [pid: 8|app: 0|req: 1703/3448] 10.0.0.165 () {32 vars in 731 bytes} [Mon May 4 12:46:15 2026] GET /v2.0/routers/96567153-21ee-4863-b8c9-b5b01fd43a5d/tags => generated 30 bytes in 60 msecs (HTTP/1.1 200) 4 headers in 156 bytes (1 switches on core 0)
2026-05-04 12:46:15.986 7 WARNING tagging [None req-707bfd8c-68cf-4690-8571-fa8d006d15a6 d502571bb54f4ba5889d0b91e369c376 01879155e5864094b66eddeedda42515 - - default default] project_id key not found in request, using tenant_id instead. This support has been deprecated and will be removed in a future release.
2026-05-04 12:46:16.014 7 INFO neutron.api.v2.resource [None req-707bfd8c-68cf-4690-8571-fa8d006d15a6 d502571bb54f4ba5889d0b91e369c376 01879155e5864094b66eddeedda42515 - - default default] delete failed (client error): The resource could not be found. [pid: 7|app: 0|req: 1746/3449] 10.0.0.165 () {32 vars in 746 bytes} [Mon May 4 12:46:15 2026] DELETE /v2.0/routers/96567153-21ee-4863-b8c9-b5b01fd43a5d/tags/green => generated 99 bytes in 63 msecs (HTTP/1.1 404) 4 headers in 163 bytes (1 switches on core 0)
