2026-05-04 12:38:26.723 8 INFO neutron.db.l3_db [req-25b09daa-d7b2-4f88-96a8-dd1e1e9a1161 req-6d661cd3-b471-4498-aaae-9f628dd77cfa bdc8bf69c9d0484d955207cb59094a2e b98cf371666f4a6796abad763438040a - - default default] Floating IP 8be2d8ab-b0f0-4955-bbd3-7149c715bc7a disassociated. External IP: 10.96.250.202, port: f48e7225-c936-4d4e-be33-959d1f219e17. [pid: 7|app: 0|req: 473/987] 10.0.0.165 () {32 vars in 720 bytes} [Mon May 4 12:38:26 2026] DELETE /v2.0/ports/052ce87c-ce62-46f4-ac1b-1c81adf175bf => generated 0 bytes in 255 msecs (HTTP/1.1 204) 3 headers in 131 bytes (1 switches on core 0) /var/lib/openstack/lib/python3.12/site-packages/pycadf/identifier.py:70: UserWarning: Invalid uuid: neutron. To ensure interoperability, identifiers should be a valid uuid. warnings.warn(('Invalid uuid: %s. To ensure interoperability, ' [pid: 8|app: 0|req: 515/988] 199.204.45.227 () {36 vars in 997 bytes} [Mon May 4 12:38:26 2026] DELETE /v2.0/ports/f48e7225-c936-4d4e-be33-959d1f219e17 => generated 0 bytes in 463 msecs (HTTP/1.1 204) 3 headers in 131 bytes (1 switches on core 0)
2026-05-04 12:38:26.890 8 INFO neutron.pecan_wsgi.hooks.translation [None req-890b19fe-bc22-416a-a7c1-94d5c8842121 67169a7876474622ade981ec4ddf4d60 320724ed14bd4717b1d9d9779a23eec9 - - default default] GET failed (client error): The resource could not be found. [pid: 8|app: 0|req: 516/989] 10.0.0.165 () {32 vars in 717 bytes} [Mon May 4 12:38:26 2026] GET /v2.0/ports/052ce87c-ce62-46f4-ac1b-1c81adf175bf => generated 132 bytes in 16 msecs (HTTP/1.1 404) 4 headers in 164 bytes (1 switches on core 0)
2026-05-04 12:38:26.906 7 INFO neutron_taas.services.taas.taas_plugin [None req-6db7877e-9b08-4c70-a9ec-9601e3b2daee a0d22359523543dd97173daafdd4a6d6 763451d2b9b749abb59cf8ccfcdd1276 - - default default] TaaS: Handle Delete Port: a2de7bfe-14cf-4a43-823c-651597afd000
2026-05-04 12:38:26.908 7 INFO neutron_taas.services.taas.tap_mirror_plugin [None req-6db7877e-9b08-4c70-a9ec-9601e3b2daee a0d22359523543dd97173daafdd4a6d6 763451d2b9b749abb59cf8ccfcdd1276 - - default default] Tap Mirror: Handle Delete Port: a2de7bfe-14cf-4a43-823c-651597afd000 [pid: 8|app: 0|req: 517/990] 10.0.0.25 () {34 vars in 989 bytes} [Mon May 4 12:38:26 2026] GET /v2.0/ports?device_id=f53ef079-6dd1-4e09-92c1-83523fdfdf36 => generated 12 bytes in 17 msecs (HTTP/1.1 200) 4 headers in 156 bytes (1 switches on core 0) [pid: 8|app: 0|req: 518/991] 10.0.0.165 () {32 vars in 724 bytes} [Mon May 4 12:38:26 2026] DELETE /v2.0/subnets/fe91a92b-e10d-4452-a8c2-d30180bd82e1 => generated 0 bytes in 157 msecs (HTTP/1.1 204) 3 headers in 131 bytes (1 switches on core 0)
2026-05-04 12:38:27.097 7 INFO neutron.services.segments.plugin [-] Segment 7fea835d-55fa-43e9-ae96-bea81b8257bf resource provider aggregate not found
2026-05-04 12:38:27.102 7 INFO neutron.services.segments.plugin [-] Segment 7fea835d-55fa-43e9-ae96-bea81b8257bf resource provider aggregate not found
2026-05-04 12:38:27.118 7 INFO neutron.services.segments.plugin [-] Segment 7fea835d-55fa-43e9-ae96-bea81b8257bf resource provider not found; error: Placement Client Error (4xx): {"errors": [{"status": 404, "title": "Not Found", "detail": "The resource could not be found.\n\n No resource provider with uuid 7fea835d-55fa-43e9-ae96-bea81b8257bf found for delete ", "request_id": "req-7c057cc1-655e-43a1-9407-dd8e59565b5c"}]} [pid: 8|app: 0|req: 519/992] 199.204.45.227 () {34 vars in 986 bytes} [Mon May 4 12:38:27 2026] GET /v2.0/networks?id=ccf0d047-f7db-4b45-8355-1099719bed77 => generated 713 bytes in 63 msecs (HTTP/1.1 200) 4 headers in 157 bytes (1 switches on core 0)
2026-05-04 12:38:27.132 7 INFO neutron.services.segments.plugin [-] Segment 7fea835d-55fa-43e9-ae96-bea81b8257bf resource provider not found; error: Placement Client Error (4xx): {"errors": [{"status": 404, "title": "Not Found", "detail": "The resource could not be found.\n\n No resource provider with uuid 7fea835d-55fa-43e9-ae96-bea81b8257bf found for delete ", "request_id": "req-bd1d7bb3-0637-4897-870d-fb0e1aaf191a"}]} [pid: 7|app: 0|req: 474/993] 10.0.0.165 () {32 vars in 726 bytes} [Mon May 4 12:38:26 2026] DELETE /v2.0/networks/0b3366b2-c5f9-4110-bad5-31b69b37b344 => generated 0 bytes in 395 msecs (HTTP/1.1 204) 3 headers in 131 bytes (1 switches on core 0)
2026-05-04 12:38:27.166 7 WARNING neutron.db.securitygroups_db [req-9e97e99d-045e-4e20-8144-51f74a773262 req-7393f62e-8e00-4f50-abdf-4bf658019dd7 efb4d651ada1409db30bff7ba2e5538f 5177f5c8064640dea3c4e56f96add64d - - default default] project_id key not found in filters, using tenant_id instead. This support has been deprecated and will be removed in a future release. [pid: 7|app: 0|req: 475/994] 199.204.45.227 () {34 vars in 1050 bytes} [Mon May 4 12:38:27 2026] GET /v2.0/security-groups?fields=id&fields=name&tenant_id=5177f5c8064640dea3c4e56f96add64d => generated 181 bytes in 32 msecs (HTTP/1.1 200) 4 headers in 157 bytes (1 switches on core 0)
2026-05-04 12:38:27.241 8 INFO neutron_taas.services.taas.taas_plugin [None req-003d5c28-b806-413d-a4fb-bafbc00a8a03 67169a7876474622ade981ec4ddf4d60 320724ed14bd4717b1d9d9779a23eec9 - - default default] TaaS: Handle Delete Port: f41db4f3-71f0-42a7-8020-d4c1d46ec3e4
2026-05-04 12:38:27.247 8 INFO neutron_taas.services.taas.tap_mirror_plugin [None req-003d5c28-b806-413d-a4fb-bafbc00a8a03 67169a7876474622ade981ec4ddf4d60 320724ed14bd4717b1d9d9779a23eec9 - - default default] Tap Mirror: Handle Delete Port: f41db4f3-71f0-42a7-8020-d4c1d46ec3e4
2026-05-04 12:38:27.281 8 INFO neutron.notifiers.nova [-] Nova event matching ['req-6fd5b468-3f7b-4ea1-8237-daa3c4101467'] response: {'server_uuid': 'f53ef079-6dd1-4e09-92c1-83523fdfdf36', 'name': 'network-vif-unplugged', 'status': 'completed', 'tag': 'f48e7225-c936-4d4e-be33-959d1f219e17', 'code': 200}
2026-05-04 12:38:27.282 8 INFO neutron.notifiers.nova [-] Nova event matching ['req-6fd5b468-3f7b-4ea1-8237-daa3c4101467'] response: {'server_uuid': 'f53ef079-6dd1-4e09-92c1-83523fdfdf36', 'name': 'network-vif-deleted', 'tag': 'f48e7225-c936-4d4e-be33-959d1f219e17', 'status': 'completed', 'code': 200}
2026-05-04 12:38:27.441 8 INFO neutron.services.segments.plugin [-] Segment 83d8ef3d-74b2-4f5b-82d9-1f8da68b2088 resource provider aggregate not found
2026-05-04 12:38:27.445 8 INFO neutron.services.segments.plugin [-] Segment 83d8ef3d-74b2-4f5b-82d9-1f8da68b2088 resource provider aggregate not found
2026-05-04 12:38:27.466 8 INFO neutron.services.segments.plugin [-] Segment 83d8ef3d-74b2-4f5b-82d9-1f8da68b2088 resource provider not found; error: Placement Client Error (4xx): {"errors": [{"status": 404, "title": "Not Found", "detail": "The resource could not be found.\n\n No resource provider with uuid 83d8ef3d-74b2-4f5b-82d9-1f8da68b2088 found for delete ", "request_id": "req-f78f96aa-20d1-4664-8d7e-8021d2f62181"}]}
2026-05-04 12:38:27.473 7 WARNING neutron.scheduler.dhcp_agent_scheduler [req-9e97e99d-045e-4e20-8144-51f74a773262 req-c90c0481-44d9-4047-8c03-011a9f3f2db5 efb4d651ada1409db30bff7ba2e5538f 5177f5c8064640dea3c4e56f96add64d - - default default] No more DHCP agents
2026-05-04 12:38:27.474 7 WARNING neutron.api.rpc.agentnotifiers.dhcp_rpc_agent_api [req-9e97e99d-045e-4e20-8144-51f74a773262 req-c90c0481-44d9-4047-8c03-011a9f3f2db5 efb4d651ada1409db30bff7ba2e5538f 5177f5c8064640dea3c4e56f96add64d - - default default] Unable to schedule network ccf0d047-f7db-4b45-8355-1099719bed77: no agents available; will retry on subsequent port and subnet creation events.
2026-05-04 12:38:27.479 8 INFO neutron.services.segments.plugin [-] Segment 83d8ef3d-74b2-4f5b-82d9-1f8da68b2088 resource provider not found; error: Placement Client Error (4xx): {"errors": [{"status": 404, "title": "Not Found", "detail": "The resource could not be found.\n\n No resource provider with uuid 83d8ef3d-74b2-4f5b-82d9-1f8da68b2088 found for delete ", "request_id": "req-8c496cc5-c98b-4f3c-ac48-eb22aeacf9c8"}]} [pid: 8|app: 0|req: 520/995] 10.0.0.165 () {32 vars in 726 bytes} [Mon May 4 12:38:27 2026] DELETE /v2.0/networks/c80f14f1-84ea-4fb0-be6b-0dbb606a6c58 => generated 0 bytes in 381 msecs (HTTP/1.1 204) 3 headers in 131 bytes (1 switches on core 0)
2026-05-04 12:38:27.516 8 WARNING neutron.db.securitygroups_db [None req-de9cfbbc-3c59-4340-beed-bd580963a426 a0d22359523543dd97173daafdd4a6d6 763451d2b9b749abb59cf8ccfcdd1276 - - default default] project_id key not found in filters, using tenant_id instead. This support has been deprecated and will be removed in a future release. [pid: 8|app: 0|req: 521/996] 10.0.0.165 () {32 vars in 774 bytes} [Mon May 4 12:38:27 2026] GET /v2.0/security-groups?tenant_id=c3233d8c4b3c42f187010357ec77b0ea&name=default => generated 2925 bytes in 43 msecs (HTTP/1.1 200) 4 headers in 158 bytes (1 switches on core 0)
2026-05-04 12:38:27.618 7 INFO neutron.plugins.ml2.drivers.ovn.mech_driver.mech_driver [None req-7b77841d-0b72-4499-9760-2d79de899b4c - - - - - -] OVN reports status down for port: 0f817bd7-7842-4040-a464-2d364a54520c [pid: 8|app: 0|req: 522/997] 10.0.0.25 () {34 vars in 989 bytes} [Mon May 4 12:38:27 2026] GET /v2.0/ports?device_id=f3980028-efe8-4a45-b9d6-7e1ca41eed79 => generated 957 bytes in 90 msecs (HTTP/1.1 200) 4 headers in 157 bytes (1 switches on core 0)
2026-05-04 12:38:27.692 7 INFO neutron.db.ovn_revision_numbers_db [req-9e97e99d-045e-4e20-8144-51f74a773262 req-c90c0481-44d9-4047-8c03-011a9f3f2db5 efb4d651ada1409db30bff7ba2e5538f 5177f5c8064640dea3c4e56f96add64d - - default default] Successfully bumped revision number for resource 0f817bd7-7842-4040-a464-2d364a54520c (type: ports) to 1 [pid: 7|app: 0|req: 476/998] 199.204.45.227 () {38 vars in 955 bytes} [Mon May 4 12:38:27 2026] POST /v2.0/ports => generated 954 bytes in 597 msecs (HTTP/1.1 201) 4 headers in 162 bytes (1 switches on core 0) /var/lib/openstack/lib/python3.12/site-packages/pycadf/identifier.py:70: UserWarning: Invalid uuid: neutron. To ensure interoperability, identifiers should be a valid uuid. warnings.warn(('Invalid uuid: %s. To ensure interoperability, '
2026-05-04 12:38:27.853 8 WARNING neutron.scheduler.dhcp_agent_scheduler [None req-57621552-4d39-4c9b-88da-ca66f33e413c 67169a7876474622ade981ec4ddf4d60 320724ed14bd4717b1d9d9779a23eec9 - - default default] No more DHCP agents
2026-05-04 12:38:27.856 8 WARNING neutron.api.rpc.agentnotifiers.dhcp_rpc_agent_api [None req-57621552-4d39-4c9b-88da-ca66f33e413c 67169a7876474622ade981ec4ddf4d60 320724ed14bd4717b1d9d9779a23eec9 - - default default] Unable to schedule network c87ee249-0e3c-4996-aecf-8fe7858aa951: no agents available; will retry on subsequent port and subnet creation events.
2026-05-04 12:38:27.910 8 INFO neutron.plugins.ml2.drivers.ovn.mech_driver.mech_driver [None req-d88e56c9-745c-4ffa-adc3-011d5ed4c16b - - - - - -] OVN reports status down for port: a59f6b4f-56d4-4889-85d1-db3b5c0eb473
2026-05-04 12:38:27.976 8 INFO neutron.db.ovn_revision_numbers_db [None req-57621552-4d39-4c9b-88da-ca66f33e413c 67169a7876474622ade981ec4ddf4d60 320724ed14bd4717b1d9d9779a23eec9 - - default default] Successfully bumped revision number for resource a59f6b4f-56d4-4889-85d1-db3b5c0eb473 (type: ports) to 1 [pid: 7|app: 0|req: 477/999] 10.0.0.165 () {32 vars in 740 bytes} [Mon May 4 12:38:27 2026] DELETE /v2.0/security-groups/d1da03b7-d23f-4daa-832b-7d9072388df4 => generated 0 bytes in 224 msecs (HTTP/1.1 204) 2 headers in 112 bytes (1 switches on core 0) [pid: 7|app: 0|req: 478/1000] 10.0.0.25 () {34 vars in 1039 bytes} [Mon May 4 12:38:28 2026] GET /v2.0/security-groups?id=eea7e222-fd64-4ebc-9fcb-54b564e618aa&fields=id&fields=name => generated 114 bytes in 35 msecs (HTTP/1.1 200) 4 headers in 157 bytes (1 switches on core 0) [pid: 8|app: 0|req: 523/1001] 10.0.0.165 () {34 vars in 665 bytes} [Mon May 4 12:38:27 2026] POST /v2.0/ports => generated 779 bytes in 424 msecs (HTTP/1.1 201) 4 headers in 162 bytes (1 switches on core 0) /var/lib/openstack/lib/python3.12/site-packages/pycadf/identifier.py:70: UserWarning: Invalid uuid: neutron. To ensure interoperability, identifiers should be a valid uuid. warnings.warn(('Invalid uuid: %s. To ensure interoperability, ' [pid: 8|app: 0|req: 524/1002] 10.0.0.25 () {34 vars in 989 bytes} [Mon May 4 12:38:28 2026] GET /v2.0/ports?device_id=f53ef079-6dd1-4e09-92c1-83523fdfdf36 => generated 12 bytes in 16 msecs (HTTP/1.1 200) 4 headers in 156 bytes (1 switches on core 0)
2026-05-04 12:38:28.291 8 INFO neutron.plugins.ml2.drivers.ovn.mech_driver.mech_driver [None req-d88e56c9-745c-4ffa-adc3-011d5ed4c16b - - - - - -] OVN reports status down for port: a59f6b4f-56d4-4889-85d1-db3b5c0eb473
2026-05-04 12:38:28.339 8 INFO neutron.db.ovn_revision_numbers_db [None req-5a8f28fe-d4c9-4d35-b63a-46cd0f27bce5 67169a7876474622ade981ec4ddf4d60 320724ed14bd4717b1d9d9779a23eec9 - - default default] Successfully bumped revision number for resource a59f6b4f-56d4-4889-85d1-db3b5c0eb473 (type: ports) to 2 [pid: 8|app: 0|req: 525/1003] 10.0.0.165 () {34 vars in 737 bytes} [Mon May 4 12:38:28 2026] PUT /v2.0/ports/a59f6b4f-56d4-4889-85d1-db3b5c0eb473 => generated 752 bytes in 287 msecs (HTTP/1.1 200) 4 headers in 157 bytes (1 switches on core 0) /var/lib/openstack/lib/python3.12/site-packages/pycadf/identifier.py:70: UserWarning: Invalid uuid: neutron. To ensure interoperability, identifiers should be a valid uuid. warnings.warn(('Invalid uuid: %s. To ensure interoperability, '
2026-05-04 12:38:28.420 7 INFO neutron.db.ovn_revision_numbers_db [req-9e97e99d-045e-4e20-8144-51f74a773262 req-57d8c00d-6c83-4695-83ed-839ada8f3447 2bf6cce937994ae6ac8564d334dc0371 2b4dc835f1504985920d91d9a30892e5 - - 0ad601fc1b6c49659a4ddb7e72eb884e 0ad601fc1b6c49659a4ddb7e72eb884e] Successfully bumped revision number for resource 0f817bd7-7842-4040-a464-2d364a54520c (type: ports) to 2
2026-05-04 12:38:28.497 8 INFO neutron_taas.services.taas.taas_plugin [None req-93a2fdcc-f779-4dd4-b4f5-7beb65ab14ce 67169a7876474622ade981ec4ddf4d60 320724ed14bd4717b1d9d9779a23eec9 - - default default] TaaS: Handle Delete Port: a59f6b4f-56d4-4889-85d1-db3b5c0eb473
2026-05-04 12:38:28.501 8 INFO neutron_taas.services.taas.tap_mirror_plugin [None req-93a2fdcc-f779-4dd4-b4f5-7beb65ab14ce 67169a7876474622ade981ec4ddf4d60 320724ed14bd4717b1d9d9779a23eec9 - - default default] Tap Mirror: Handle Delete Port: a59f6b4f-56d4-4889-85d1-db3b5c0eb473 [pid: 8|app: 0|req: 526/1004] 10.0.0.165 () {32 vars in 720 bytes} [Mon May 4 12:38:28 2026] DELETE /v2.0/ports/a59f6b4f-56d4-4889-85d1-db3b5c0eb473 => generated 0 bytes in 227 msecs (HTTP/1.1 204) 3 headers in 131 bytes (1 switches on core 0)
2026-05-04 12:38:28.654 7 INFO neutron.db.ovn_revision_numbers_db [req-9e97e99d-045e-4e20-8144-51f74a773262 req-57d8c00d-6c83-4695-83ed-839ada8f3447 2bf6cce937994ae6ac8564d334dc0371 2b4dc835f1504985920d91d9a30892e5 - - 0ad601fc1b6c49659a4ddb7e72eb884e 0ad601fc1b6c49659a4ddb7e72eb884e] Successfully bumped revision number for resource 0f817bd7-7842-4040-a464-2d364a54520c (type: ports) to 4 [pid: 8|app: 0|req: 527/1005] 10.0.0.165 () {32 vars in 643 bytes} [Mon May 4 12:38:28 2026] GET /v2.0/ports => generated 1538 bytes in 38 msecs (HTTP/1.1 200) 4 headers in 158 bytes (1 switches on core 0) [pid: 7|app: 0|req: 479/1006] 199.204.45.227 () {38 vars in 1028 bytes} [Mon May 4 12:38:28 2026] PUT /v2.0/ports/0f817bd7-7842-4040-a464-2d364a54520c => generated 1227 bytes in 614 msecs (HTTP/1.1 200) 4 headers in 158 bytes (1 switches on core 0)
2026-05-04 12:38:28.698 8 INFO neutron.pecan_wsgi.hooks.translation [None req-16e1b3b5-ae12-40ad-8ab0-a98065bca842 67169a7876474622ade981ec4ddf4d60 320724ed14bd4717b1d9d9779a23eec9 - - default default] GET failed (client error): The resource could not be found. [pid: 8|app: 0|req: 528/1007] 10.0.0.165 () {32 vars in 717 bytes} [Mon May 4 12:38:28 2026] GET /v2.0/ports/a59f6b4f-56d4-4889-85d1-db3b5c0eb473 => generated 132 bytes in 19 msecs (HTTP/1.1 404) 4 headers in 164 bytes (1 switches on core 0)
2026-05-04 12:38:28.715 7 INFO neutron.notifiers.nova [-] Nova event matching ['req-aed7ed54-eb6d-483a-8d48-03c54d5d6915'] response: {'name': 'network-changed', 'server_uuid': 'f3980028-efe8-4a45-b9d6-7e1ca41eed79', 'tag': '0f817bd7-7842-4040-a464-2d364a54520c', 'status': 'completed', 'code': 200} /var/lib/openstack/lib/python3.12/site-packages/pycadf/identifier.py:70: UserWarning: Invalid uuid: neutron. To ensure interoperability, identifiers should be a valid uuid. warnings.warn(('Invalid uuid: %s. To ensure interoperability, ' [pid: 7|app: 0|req: 480/1008] 10.0.0.165 () {32 vars in 643 bytes} [Mon May 4 12:38:28 2026] GET /v2.0/ports => generated 1538 bytes in 77 msecs (HTTP/1.1 200) 4 headers in 158 bytes (1 switches on core 0) [pid: 8|app: 0|req: 529/1009] 10.0.0.165 () {32 vars in 717 bytes} [Mon May 4 12:38:28 2026] GET /v2.0/ports/461cfcf1-40e0-4c2b-9cc2-ec81877224d1 => generated 779 bytes in 32 msecs (HTTP/1.1 200) 4 headers in 157 bytes (1 switches on core 0)
2026-05-04 12:38:28.852 7 INFO neutron.pecan_wsgi.hooks.translation [None req-da5eb97e-8ed5-48a5-8e90-127e66d1fcec 67169a7876474622ade981ec4ddf4d60 320724ed14bd4717b1d9d9779a23eec9 - - default default] DELETE failed (client error): The resource could not be found. [pid: 7|app: 0|req: 481/1010] 10.0.0.165 () {32 vars in 720 bytes} [Mon May 4 12:38:28 2026] DELETE /v2.0/ports/052ce87c-ce62-46f4-ac1b-1c81adf175bf => generated 132 bytes in 23 msecs (HTTP/1.1 404) 4 headers in 164 bytes (1 switches on core 0)
2026-05-04 12:38:28.876 8 INFO neutron.pecan_wsgi.hooks.translation [None req-c5b5ffe9-4ac0-4c20-94ae-403ee71ab137 67169a7876474622ade981ec4ddf4d60 320724ed14bd4717b1d9d9779a23eec9 - - default default] DELETE failed (client error): The resource could not be found. [pid: 8|app: 0|req: 530/1011] 10.0.0.165 () {32 vars in 724 bytes} [Mon May 4 12:38:28 2026] DELETE /v2.0/subnets/fe91a92b-e10d-4452-a8c2-d30180bd82e1 => generated 136 bytes in 17 msecs (HTTP/1.1 404) 4 headers in 164 bytes (1 switches on core 0)
2026-05-04 12:38:28.897 7 INFO neutron.pecan_wsgi.hooks.translation [None req-57ee745a-453e-40ef-9a7b-8747c93c4dd1 67169a7876474622ade981ec4ddf4d60 320724ed14bd4717b1d9d9779a23eec9 - - default default] DELETE failed (client error): The resource could not be found. [pid: 7|app: 0|req: 482/1012] 10.0.0.165 () {32 vars in 724 bytes} [Mon May 4 12:38:28 2026] DELETE /v2.0/subnets/533e4cf8-c846-489c-90e6-4bee900545e4 => generated 136 bytes in 17 msecs (HTTP/1.1 404) 4 headers in 164 bytes (1 switches on core 0)
2026-05-04 12:38:29.063 8 INFO neutron_taas.services.taas.taas_plugin [None req-d6489e96-249a-43a8-ab67-0e2c4f3826e1 67169a7876474622ade981ec4ddf4d60 320724ed14bd4717b1d9d9779a23eec9 - - default default] TaaS: Handle Delete Port: 461cfcf1-40e0-4c2b-9cc2-ec81877224d1
2026-05-04 12:38:29.068 8 INFO neutron_taas.services.taas.tap_mirror_plugin [None req-d6489e96-249a-43a8-ab67-0e2c4f3826e1 67169a7876474622ade981ec4ddf4d60 320724ed14bd4717b1d9d9779a23eec9 - - default default] Tap Mirror: Handle Delete Port: 461cfcf1-40e0-4c2b-9cc2-ec81877224d1 [pid: 7|app: 0|req: 483/1013] 10.0.0.25 () {34 vars in 989 bytes} [Mon May 4 12:38:29 2026] GET /v2.0/ports?device_id=f3980028-efe8-4a45-b9d6-7e1ca41eed79 => generated 969 bytes in 42 msecs (HTTP/1.1 200) 4 headers in 157 bytes (1 switches on core 0) [pid: 8|app: 0|req: 531/1014] 10.0.0.165 () {32 vars in 720 bytes} [Mon May 4 12:38:28 2026] DELETE /v2.0/ports/461cfcf1-40e0-4c2b-9cc2-ec81877224d1 => generated 0 bytes in 289 msecs (HTTP/1.1 204) 3 headers in 131 bytes (1 switches on core 0) [pid: 7|app: 0|req: 484/1015] 10.0.0.25 () {34 vars in 989 bytes} [Mon May 4 12:38:29 2026] GET /v2.0/ports?device_id=f53ef079-6dd1-4e09-92c1-83523fdfdf36 => generated 12 bytes in 19 msecs (HTTP/1.1 200) 4 headers in 156 bytes (1 switches on core 0) [pid: 8|app: 0|req: 532/1016] 10.0.0.25 () {34 vars in 1039 bytes} [Mon May 4 12:38:29 2026] GET /v2.0/security-groups?id=eea7e222-fd64-4ebc-9fcb-54b564e618aa&fields=id&fields=name => generated 114 bytes in 24 msecs (HTTP/1.1 200) 4 headers in 157 bytes (1 switches on core 0) [pid: 8|app: 0|req: 533/1017] 199.204.45.227 () {34 vars in 1080 bytes} [Mon May 4 12:38:29 2026] GET /v2.0/ports?tenant_id=5177f5c8064640dea3c4e56f96add64d&device_id=f3980028-efe8-4a45-b9d6-7e1ca41eed79 => generated 1230 bytes in 36 msecs (HTTP/1.1 200) 4 headers in 158 bytes (1 switches on core 0) [pid: 8|app: 0|req: 534/1018] 199.204.45.227 () {34 vars in 1018 bytes} [Mon May 4 12:38:29 2026] GET /v2.0/networks?tenant_id=5177f5c8064640dea3c4e56f96add64d&shared=False => generated 812 bytes in 41 msecs (HTTP/1.1 200) 4 headers in 157 bytes (1 switches on core 0)
2026-05-04 12:38:29.303 7 INFO neutron_taas.services.taas.taas_plugin [None req-652587e9-0485-422e-8f1e-2b6c324049dd 67169a7876474622ade981ec4ddf4d60 320724ed14bd4717b1d9d9779a23eec9 - - default default] TaaS: Handle Delete Port: 655e6b8f-0c85-481b-bd86-0bb2fee486c1
2026-05-04 12:38:29.306 7 INFO neutron_taas.services.taas.tap_mirror_plugin [None req-652587e9-0485-422e-8f1e-2b6c324049dd 67169a7876474622ade981ec4ddf4d60 320724ed14bd4717b1d9d9779a23eec9 - - default default] Tap Mirror: Handle Delete Port: 655e6b8f-0c85-481b-bd86-0bb2fee486c1 [pid: 8|app: 0|req: 535/1019] 199.204.45.227 () {34 vars in 930 bytes} [Mon May 4 12:38:29 2026] GET /v2.0/networks?shared=True => generated 791 bytes in 35 msecs (HTTP/1.1 200) 4 headers in 157 bytes (1 switches on core 0)
2026-05-04 12:38:29.473 7 INFO neutron.services.segments.plugin [-] Segment 6383643f-eecd-44f5-a93b-1d95159d9cdc resource provider aggregate not found
2026-05-04 12:38:29.477 7 INFO neutron.services.segments.plugin [-] Segment 6383643f-eecd-44f5-a93b-1d95159d9cdc resource provider aggregate not found
2026-05-04 12:38:29.493 7 INFO neutron.services.segments.plugin [-] Segment 6383643f-eecd-44f5-a93b-1d95159d9cdc resource provider not found; error: Placement Client Error (4xx): {"errors": [{"status": 404, "title": "Not Found", "detail": "The resource could not be found.\n\n No resource provider with uuid 6383643f-eecd-44f5-a93b-1d95159d9cdc found for delete ", "request_id": "req-8a93f4de-8208-4eff-9455-5faf989149df"}]}
2026-05-04 12:38:29.506 7 INFO neutron.services.segments.plugin [-] Segment 6383643f-eecd-44f5-a93b-1d95159d9cdc resource provider not found; error: Placement Client Error (4xx): {"errors": [{"status": 404, "title": "Not Found", "detail": "The resource could not be found.\n\n No resource provider with uuid 6383643f-eecd-44f5-a93b-1d95159d9cdc found for delete ", "request_id": "req-e82b79d2-5bd3-4776-8fe7-71dee463605c"}]} [pid: 7|app: 0|req: 485/1020] 10.0.0.165 () {32 vars in 726 bytes} [Mon May 4 12:38:29 2026] DELETE /v2.0/networks/c87ee249-0e3c-4996-aecf-8fe7858aa951 => generated 0 bytes in 334 msecs (HTTP/1.1 204) 3 headers in 131 bytes (1 switches on core 0)
2026-05-04 12:38:29.980 8 INFO neutron.db.ovn_revision_numbers_db [None req-5202dc1b-d6f5-46d5-94c9-253667d6c680 a0d22359523543dd97173daafdd4a6d6 763451d2b9b749abb59cf8ccfcdd1276 - - default default] Successfully bumped revision number for resource c1cd071b-e712-43f4-828f-dc0c2680701c (type: security_groups) to 1
2026-05-04 12:38:29.991 8 INFO neutron.db.ovn_revision_numbers_db [None req-5202dc1b-d6f5-46d5-94c9-253667d6c680 a0d22359523543dd97173daafdd4a6d6 763451d2b9b749abb59cf8ccfcdd1276 - - default default] Successfully bumped revision number for resource 5fff2621-be14-4051-9930-eb0c88815d1f (type: security_group_rules) to 0
2026-05-04 12:38:30.003 8 INFO neutron.db.ovn_revision_numbers_db [None req-5202dc1b-d6f5-46d5-94c9-253667d6c680 a0d22359523543dd97173daafdd4a6d6 763451d2b9b749abb59cf8ccfcdd1276 - - default default] Successfully bumped revision number for resource 7a4137ad-3057-4523-a567-4933b2ab3521 (type: security_group_rules) to 0
2026-05-04 12:38:30.013 8 INFO neutron.db.ovn_revision_numbers_db [None req-5202dc1b-d6f5-46d5-94c9-253667d6c680 a0d22359523543dd97173daafdd4a6d6 763451d2b9b749abb59cf8ccfcdd1276 - - default default] Successfully bumped revision number for resource accfa5e1-59da-4501-98f1-c7ef7850cb9f (type: security_group_rules) to 0
2026-05-04 12:38:30.023 8 INFO neutron.db.ovn_revision_numbers_db [None req-5202dc1b-d6f5-46d5-94c9-253667d6c680 a0d22359523543dd97173daafdd4a6d6 763451d2b9b749abb59cf8ccfcdd1276 - - default default] Successfully bumped revision number for resource e5df7dc3-e774-468b-8e88-e9f6e597ef76 (type: security_group_rules) to 0
2026-05-04 12:38:30.062 7 WARNING neutron.db.securitygroups_db [None req-31f68834-41ab-4ed8-be3d-fca0ae5f1557 a0d22359523543dd97173daafdd4a6d6 763451d2b9b749abb59cf8ccfcdd1276 - - default default] project_id key not found in filters, using tenant_id instead. This support has been deprecated and will be removed in a future release.
2026-05-04 12:38:30.079 8 INFO neutron.db.segments_db [None req-5202dc1b-d6f5-46d5-94c9-253667d6c680 a0d22359523543dd97173daafdd4a6d6 763451d2b9b749abb59cf8ccfcdd1276 - - default default] Added segment f0f17127-1f0f-4c58-b900-0444a1a2a7fd of type geneve for network e89d7658-9d8a-4b2e-8b4f-1fb095c77808 [pid: 7|app: 0|req: 486/1021] 10.0.0.165 () {32 vars in 774 bytes} [Mon May 4 12:38:29 2026] GET /v2.0/security-groups?tenant_id=320724ed14bd4717b1d9d9779a23eec9&name=default => generated 2925 bytes in 120 msecs (HTTP/1.1 200) 4 headers in 158 bytes (1 switches on core 0)
2026-05-04 12:38:30.162 8 INFO neutron.db.ovn_revision_numbers_db [None req-5202dc1b-d6f5-46d5-94c9-253667d6c680 a0d22359523543dd97173daafdd4a6d6 763451d2b9b749abb59cf8ccfcdd1276 - - default default] Successfully bumped revision number for resource e89d7658-9d8a-4b2e-8b4f-1fb095c77808 (type: networks) to 1 [pid: 7|app: 0|req: 487/1022] 10.0.0.165 () {32 vars in 740 bytes} [Mon May 4 12:38:30 2026] DELETE /v2.0/security-groups/4a96bbd6-4fba-4a24-ad26-6698f81fe77d => generated 0 bytes in 188 msecs (HTTP/1.1 204) 2 headers in 112 bytes (1 switches on core 0)
2026-05-04 12:38:30.327 8 WARNING neutron.scheduler.dhcp_agent_scheduler [None req-5202dc1b-d6f5-46d5-94c9-253667d6c680 a0d22359523543dd97173daafdd4a6d6 763451d2b9b749abb59cf8ccfcdd1276 - - default default] No more DHCP agents
2026-05-04 12:38:30.329 8 WARNING neutron.api.rpc.agentnotifiers.dhcp_rpc_agent_api [None req-5202dc1b-d6f5-46d5-94c9-253667d6c680 a0d22359523543dd97173daafdd4a6d6 763451d2b9b749abb59cf8ccfcdd1276 - - default default] Unable to schedule network e89d7658-9d8a-4b2e-8b4f-1fb095c77808: no agents available; will retry on subsequent port and subnet creation events.
2026-05-04 12:38:30.382 8 INFO neutron.plugins.ml2.drivers.ovn.mech_driver.mech_driver [None req-d88e56c9-745c-4ffa-adc3-011d5ed4c16b - - - - - -] OVN reports status down for port: c7b72b61-2d80-4d30-ad8d-f646a5ab5c7f
2026-05-04 12:38:30.434 8 INFO neutron.db.ovn_revision_numbers_db [None req-5202dc1b-d6f5-46d5-94c9-253667d6c680 a0d22359523543dd97173daafdd4a6d6 763451d2b9b749abb59cf8ccfcdd1276 - - default default] Successfully bumped revision number for resource c7b72b61-2d80-4d30-ad8d-f646a5ab5c7f (type: ports) to 1 [pid: 7|app: 0|req: 488/1023] 10.0.0.165 () {32 vars in 740 bytes} [Mon May 4 12:38:30 2026] DELETE /v2.0/security-groups/9c87d618-22b4-4d73-90d8-c35a87705922 => generated 0 bytes in 164 msecs (HTTP/1.1 204) 2 headers in 112 bytes (1 switches on core 0) [pid: 7|app: 0|req: 489/1024] 10.0.0.25 () {34 vars in 989 bytes} [Mon May 4 12:38:30 2026] GET /v2.0/ports?device_id=f3980028-efe8-4a45-b9d6-7e1ca41eed79 => generated 969 bytes in 35 msecs (HTTP/1.1 200) 4 headers in 157 bytes (1 switches on core 0) [pid: 8|app: 0|req: 536/1025] 10.0.0.165 () {34 vars in 671 bytes} [Mon May 4 12:38:29 2026] POST /v2.0/networks => generated 779 bytes in 857 msecs (HTTP/1.1 201) 4 headers in 162 bytes (1 switches on core 0)
2026-05-04 12:38:30.513 8 INFO neutron.api.v2.resource [None req-51d88b68-f365-4a0e-a65d-de735eda6b8b bdc8bf69c9d0484d955207cb59094a2e b98cf371666f4a6796abad763438040a - - default default] show failed (client error): The resource could not be found. [pid: 8|app: 0|req: 537/1026] 10.0.0.165 () {32 vars in 737 bytes} [Mon May 4 12:38:30 2026] GET /v2.0/security-groups/9c87d618-22b4-4d73-90d8-c35a87705922 => generated 146 bytes in 20 msecs (HTTP/1.1 404) 4 headers in 164 bytes (1 switches on core 0) [pid: 7|app: 0|req: 490/1027] 199.204.45.227 () {34 vars in 1080 bytes} [Mon May 4 12:38:30 2026] GET /v2.0/ports?tenant_id=5177f5c8064640dea3c4e56f96add64d&device_id=f3980028-efe8-4a45-b9d6-7e1ca41eed79 => generated 1230 bytes in 25 msecs (HTTP/1.1 200) 4 headers in 158 bytes (1 switches on core 0) [pid: 7|app: 0|req: 491/1028] 10.0.0.25 () {34 vars in 1039 bytes} [Mon May 4 12:38:30 2026] GET /v2.0/security-groups?id=eea7e222-fd64-4ebc-9fcb-54b564e618aa&fields=id&fields=name => generated 114 bytes in 24 msecs (HTTP/1.1 200) 4 headers in 157 bytes (1 switches on core 0)
2026-05-04 12:38:30.647 8 WARNING neutron.scheduler.dhcp_agent_scheduler [None req-f5488453-35fa-4dde-be2c-081cfcd477a9 a0d22359523543dd97173daafdd4a6d6 763451d2b9b749abb59cf8ccfcdd1276 - - default default] No more DHCP agents
2026-05-04 12:38:30.648 8 WARNING neutron.api.rpc.agentnotifiers.dhcp_rpc_agent_api [None req-f5488453-35fa-4dde-be2c-081cfcd477a9 a0d22359523543dd97173daafdd4a6d6 763451d2b9b749abb59cf8ccfcdd1276 - - default default] Unable to schedule network e89d7658-9d8a-4b2e-8b4f-1fb095c77808: no agents available; will retry on subsequent port and subnet creation events.
2026-05-04 12:38:30.667 7 INFO neutron_taas.services.taas.taas_plugin [None req-b1223533-0e46-4936-a452-141044a81dc5 bdc8bf69c9d0484d955207cb59094a2e b98cf371666f4a6796abad763438040a - - default default] TaaS: Handle Delete Port: 598a188c-0ba2-41fa-86f3-56cce4aade94
2026-05-04 12:38:30.670 7 INFO neutron_taas.services.taas.tap_mirror_plugin [None req-b1223533-0e46-4936-a452-141044a81dc5 bdc8bf69c9d0484d955207cb59094a2e b98cf371666f4a6796abad763438040a - - default default] Tap Mirror: Handle Delete Port: 598a188c-0ba2-41fa-86f3-56cce4aade94 [pid: 7|app: 0|req: 492/1029] 10.0.0.165 () {32 vars in 732 bytes} [Mon May 4 12:38:30 2026] DELETE /v2.0/floatingips/8be2d8ab-b0f0-4955-bbd3-7149c715bc7a => generated 0 bytes in 289 msecs (HTTP/1.1 204) 2 headers in 112 bytes (1 switches on core 0) [pid: 7|app: 0|req: 493/1030] 199.204.45.227 () {34 vars in 1058 bytes} [Mon May 4 12:38:30 2026] GET /v2.0/floatingips?fixed_ip_address=10.100.0.6&port_id=0f817bd7-7842-4040-a464-2d364a54520c => generated 19 bytes in 17 msecs (HTTP/1.1 200) 4 headers in 156 bytes (1 switches on core 0) [pid: 7|app: 0|req: 494/1031] 199.204.45.227 () {34 vars in 984 bytes} [Mon May 4 12:38:30 2026] GET /v2.0/subnets?id=540872b6-4b63-4d7f-b73a-2b0c2ce893c1 => generated 693 bytes in 36 msecs (HTTP/1.1 200) 4 headers in 157 bytes (1 switches on core 0) [pid: 7|app: 0|req: 495/1032] 199.204.45.227 () {34 vars in 1052 bytes} [Mon May 4 12:38:30 2026] GET /v2.0/ports?network_id=ccf0d047-f7db-4b45-8355-1099719bed77&device_owner=network%3Adhcp => generated 12 bytes in 22 msecs (HTTP/1.1 200) 4 headers in 156 bytes (1 switches on core 0)
2026-05-04 12:38:31.169 8 INFO neutron.db.ovn_revision_numbers_db [None req-f5488453-35fa-4dde-be2c-081cfcd477a9 a0d22359523543dd97173daafdd4a6d6 763451d2b9b749abb59cf8ccfcdd1276 - - default default] Successfully bumped revision number for resource c7b72b61-2d80-4d30-ad8d-f646a5ab5c7f (type: ports) to 2
2026-05-04 12:38:31.201 8 INFO neutron.db.ovn_revision_numbers_db [None req-f5488453-35fa-4dde-be2c-081cfcd477a9 a0d22359523543dd97173daafdd4a6d6 763451d2b9b749abb59cf8ccfcdd1276 - - default default] Successfully bumped revision number for resource 7330f1cd-da4c-4d65-882a-c4cc26a0770c (type: subnets) to 0 [pid: 8|app: 0|req: 538/1033] 10.0.0.165 () {34 vars in 669 bytes} [Mon May 4 12:38:30 2026] POST /v2.0/subnets => generated 685 bytes in 702 msecs (HTTP/1.1 201) 4 headers in 162 bytes (1 switches on core 0) [pid: 8|app: 0|req: 539/1034] 199.204.45.227 () {34 vars in 1012 bytes} [Mon May 4 12:38:31 2026] GET /v2.0/networks/ccf0d047-f7db-4b45-8355-1099719bed77?fields=segments => generated 14 bytes in 42 msecs (HTTP/1.1 200) 4 headers in 156 bytes (1 switches on core 0)
2026-05-04 12:38:31.271 7 INFO neutron_taas.services.taas.taas_plugin [None req-dcd31414-eeb1-41f7-a22c-d7c5e5604513 a0d22359523543dd97173daafdd4a6d6 763451d2b9b749abb59cf8ccfcdd1276 - - default default] TaaS: Handle Delete Port: f0381f04-f47b-4e98-a51e-0b3a0ef9add7
2026-05-04 12:38:31.273 7 INFO neutron_taas.services.taas.tap_mirror_plugin [None req-dcd31414-eeb1-41f7-a22c-d7c5e5604513 a0d22359523543dd97173daafdd4a6d6 763451d2b9b749abb59cf8ccfcdd1276 - - default default] Tap Mirror: Handle Delete Port: f0381f04-f47b-4e98-a51e-0b3a0ef9add7
2026-05-04 12:38:31.674 8 WARNING neutron.scheduler.dhcp_agent_scheduler [None req-86e187e6-7486-4a10-b364-395682898a56 a0d22359523543dd97173daafdd4a6d6 763451d2b9b749abb59cf8ccfcdd1276 - - default default] No more DHCP agents
2026-05-04 12:38:31.675 8 WARNING neutron.api.rpc.agentnotifiers.dhcp_rpc_agent_api [None req-86e187e6-7486-4a10-b364-395682898a56 a0d22359523543dd97173daafdd4a6d6 763451d2b9b749abb59cf8ccfcdd1276 - - default default] Unable to schedule network cf096e53-2011-4f22-83b2-dcccf16a76a3: no agents available; will retry on subsequent port and subnet creation events.
2026-05-04 12:38:31.783 8 INFO neutron.plugins.ml2.drivers.ovn.mech_driver.mech_driver [None req-d88e56c9-745c-4ffa-adc3-011d5ed4c16b - - - - - -] OVN reports status down for port: d8807d7f-3e0f-4bf7-bd54-0babcc6f0e8f
2026-05-04 12:38:31.835 8 INFO neutron.db.ovn_revision_numbers_db [None req-86e187e6-7486-4a10-b364-395682898a56 a0d22359523543dd97173daafdd4a6d6 763451d2b9b749abb59cf8ccfcdd1276 - - default default] Successfully bumped revision number for resource d8807d7f-3e0f-4bf7-bd54-0babcc6f0e8f (type: ports) to 1 [pid: 7|app: 0|req: 496/1035] 10.0.0.165 () {34 vars in 789 bytes} [Mon May 4 12:38:30 2026] PUT /v2.0/routers/8f853f67-9013-4e84-860c-be5cab4f4adb/remove_router_interface => generated 310 bytes in 973 msecs (HTTP/1.1 200) 4 headers in 157 bytes (1 switches on core 0) /var/lib/openstack/lib/python3.12/site-packages/pycadf/identifier.py:70: UserWarning: Invalid uuid: neutron. To ensure interoperability, identifiers should be a valid uuid. warnings.warn(('Invalid uuid: %s. To ensure interoperability, ' [pid: 7|app: 0|req: 497/1036] 199.204.45.227 () {34 vars in 1112 bytes} [Mon May 4 12:38:31 2026] GET /v2.0/networks/ccf0d047-f7db-4b45-8355-1099719bed77?fields=provider%3Aphysical_network&fields=provider%3Anetwork_type => generated 79 bytes in 49 msecs (HTTP/1.1 200) 4 headers in 156 bytes (1 switches on core 0) [pid: 7|app: 0|req: 498/1037] 10.0.0.25 () {34 vars in 989 bytes} [Mon May 4 12:38:31 2026] GET /v2.0/ports?device_id=f3980028-efe8-4a45-b9d6-7e1ca41eed79 => generated 969 bytes in 35 msecs (HTTP/1.1 200) 4 headers in 157 bytes (1 switches on core 0)
2026-05-04 12:38:32.287 7 INFO neutron_taas.services.taas.taas_plugin [None req-72a6e9c1-5ab3-4512-ab09-eb870a1045aa a0d22359523543dd97173daafdd4a6d6 763451d2b9b749abb59cf8ccfcdd1276 - - default default] TaaS: Handle Delete Port: a7daa376-d2cd-4211-a3ea-65ddea04c7e9
2026-05-04 12:38:32.291 7 INFO neutron_taas.services.taas.tap_mirror_plugin [None req-72a6e9c1-5ab3-4512-ab09-eb870a1045aa a0d22359523543dd97173daafdd4a6d6 763451d2b9b749abb59cf8ccfcdd1276 - - default default] Tap Mirror: Handle Delete Port: a7daa376-d2cd-4211-a3ea-65ddea04c7e9
2026-05-04 12:38:32.438 8 INFO neutron.plugins.ml2.drivers.ovn.mech_driver.ovsdb.ovsdb_monitor [None req-d097daea-8e04-4f99-aacc-264d5d79f8b2 - - - - - -] Router e5c77ac9-d183-4b71-845e-b25393e4741e is bound to host instance
2026-05-04 12:38:32.550 8 INFO neutron.plugins.ml2.drivers.ovn.mech_driver.mech_driver [None req-d88e56c9-745c-4ffa-adc3-011d5ed4c16b - - - - - -] OVN reports status up for port: d8807d7f-3e0f-4bf7-bd54-0babcc6f0e8f
2026-05-04 12:38:32.585 8 INFO neutron.plugins.ml2.plugin [None req-d88e56c9-745c-4ffa-adc3-011d5ed4c16b - - - - - -] Attempt 1 to provision port d8807d7f-3e0f-4bf7-bd54-0babcc6f0e8f
2026-05-04 12:38:32.630 8 INFO neutron.db.ovn_revision_numbers_db [None req-86e187e6-7486-4a10-b364-395682898a56 a0d22359523543dd97173daafdd4a6d6 763451d2b9b749abb59cf8ccfcdd1276 - - default default] Successfully bumped revision number for resource d8807d7f-3e0f-4bf7-bd54-0babcc6f0e8f (type: router_ports) to 1 [pid: 7|app: 0|req: 499/1038] 10.0.0.165 () {32 vars in 724 bytes} [Mon May 4 12:38:31 2026] DELETE /v2.0/routers/8f853f67-9013-4e84-860c-be5cab4f4adb => generated 0 bytes in 704 msecs (HTTP/1.1 204) 2 headers in 112 bytes (1 switches on core 0)
2026-05-04 12:38:32.807 8 INFO neutron.db.ovn_revision_numbers_db [None req-86e187e6-7486-4a10-b364-395682898a56 a0d22359523543dd97173daafdd4a6d6 763451d2b9b749abb59cf8ccfcdd1276 - - default default] Successfully bumped revision number for resource e5c77ac9-d183-4b71-845e-b25393e4741e (type: routers) to 2 [pid: 8|app: 0|req: 540/1039] 10.0.0.165 () {34 vars in 669 bytes} [Mon May 4 12:38:31 2026] POST /v2.0/routers => generated 984 bytes in 1577 msecs (HTTP/1.1 201) 4 headers in 162 bytes (1 switches on core 0) [pid: 8|app: 0|req: 541/1040] 10.0.0.25 () {34 vars in 1039 bytes} [Mon May 4 12:38:32 2026] GET /v2.0/security-groups?id=eea7e222-fd64-4ebc-9fcb-54b564e618aa&fields=id&fields=name => generated 114 bytes in 77 msecs (HTTP/1.1 200) 4 headers in 157 bytes (1 switches on core 0)
2026-05-04 12:38:32.974 7 INFO neutron.db.ovn_revision_numbers_db [None req-ab394a52-7dee-4e4c-8a57-3474a208c61f b085872411344c1c9d3d0085c83d958a 10cdb870f76447858033afbabd1b1107 - - default default] Successfully bumped revision number for resource b559c8b4-4797-4f08-a144-660e4935de9c (type: security_groups) to 1
2026-05-04 12:38:32.983 7 INFO neutron.db.ovn_revision_numbers_db [None req-ab394a52-7dee-4e4c-8a57-3474a208c61f b085872411344c1c9d3d0085c83d958a 10cdb870f76447858033afbabd1b1107 - - default default] Successfully bumped revision number for resource 11a0ce11-8e62-4a7f-a47b-98280dffb7de (type: security_group_rules) to 0
2026-05-04 12:38:32.998 7 INFO neutron.db.ovn_revision_numbers_db [None req-ab394a52-7dee-4e4c-8a57-3474a208c61f b085872411344c1c9d3d0085c83d958a 10cdb870f76447858033afbabd1b1107 - - default default] Successfully bumped revision number for resource 22f77c4d-0f59-4bc1-b58f-9c7ea648387e (type: security_group_rules) to 0
2026-05-04 12:38:33.008 7 INFO neutron.db.ovn_revision_numbers_db [None req-ab394a52-7dee-4e4c-8a57-3474a208c61f b085872411344c1c9d3d0085c83d958a 10cdb870f76447858033afbabd1b1107 - - default default] Successfully bumped revision number for resource 78f8ebed-430e-48df-a471-b2c36dc6466e (type: security_group_rules) to 0
2026-05-04 12:38:33.019 7 INFO neutron.db.ovn_revision_numbers_db [None req-ab394a52-7dee-4e4c-8a57-3474a208c61f b085872411344c1c9d3d0085c83d958a 10cdb870f76447858033afbabd1b1107 - - default default] Successfully bumped revision number for resource def78cde-428b-45fe-9103-bd1c9f5367c6 (type: security_group_rules) to 0
2026-05-04 12:38:33.077 7 INFO neutron.db.segments_db [None req-ab394a52-7dee-4e4c-8a57-3474a208c61f b085872411344c1c9d3d0085c83d958a 10cdb870f76447858033afbabd1b1107 - - default default] Added segment cabedb01-dc9b-4c00-9b7f-7405f7802e89 of type geneve for network 019320a4-4b6a-49d0-a4d9-6f3e9d3a53af
2026-05-04 12:38:33.174 7 INFO neutron.db.ovn_revision_numbers_db [None req-ab394a52-7dee-4e4c-8a57-3474a208c61f b085872411344c1c9d3d0085c83d958a 10cdb870f76447858033afbabd1b1107 - - default default] Successfully bumped revision number for resource 019320a4-4b6a-49d0-a4d9-6f3e9d3a53af (type: networks) to 1 [pid: 8|app: 0|req: 542/1041] 10.0.0.165 () {32 vars in 724 bytes} [Mon May 4 12:38:32 2026] DELETE /v2.0/subnets/9863f27b-e2d5-4063-a2c2-d849942aef0f => generated 0 bytes in 360 msecs (HTTP/1.1 204) 3 headers in 131 bytes (1 switches on core 0)
2026-05-04 12:38:33.307 7 WARNING neutron.scheduler.dhcp_agent_scheduler [None req-ab394a52-7dee-4e4c-8a57-3474a208c61f b085872411344c1c9d3d0085c83d958a 10cdb870f76447858033afbabd1b1107 - - default default] No more DHCP agents
2026-05-04 12:38:33.309 7 WARNING neutron.api.rpc.agentnotifiers.dhcp_rpc_agent_api [None req-ab394a52-7dee-4e4c-8a57-3474a208c61f b085872411344c1c9d3d0085c83d958a 10cdb870f76447858033afbabd1b1107 - - default default] Unable to schedule network 019320a4-4b6a-49d0-a4d9-6f3e9d3a53af: no agents available; will retry on subsequent port and subnet creation events.
2026-05-04 12:38:33.384 7 INFO neutron.db.ovn_revision_numbers_db [None req-ab394a52-7dee-4e4c-8a57-3474a208c61f b085872411344c1c9d3d0085c83d958a 10cdb870f76447858033afbabd1b1107 - - default default] Successfully bumped revision number for resource 1648b13e-0f32-4e93-93be-dbb0da939b6e (type: ports) to 1 [pid: 7|app: 0|req: 500/1042] 10.0.0.165 () {34 vars in 670 bytes} [Mon May 4 12:38:32 2026] POST /v2.0/networks => generated 682 bytes in 714 msecs (HTTP/1.1 201) 4 headers in 162 bytes (1 switches on core 0)
2026-05-04 12:38:33.525 7 INFO neutron_taas.services.taas.taas_plugin [None req-21b19ac7-bbca-4aec-913e-42fd2a2b8476 a0d22359523543dd97173daafdd4a6d6 763451d2b9b749abb59cf8ccfcdd1276 - - default default] TaaS: Handle Delete Port: 3f4563c7-9fdf-4573-91ae-5dfc2e1ac3bd
2026-05-04 12:38:33.533 7 INFO neutron_taas.services.taas.tap_mirror_plugin [None req-21b19ac7-bbca-4aec-913e-42fd2a2b8476 a0d22359523543dd97173daafdd4a6d6 763451d2b9b749abb59cf8ccfcdd1276 - - default default] Tap Mirror: Handle Delete Port: 3f4563c7-9fdf-4573-91ae-5dfc2e1ac3bd
2026-05-04 12:38:33.712 7 INFO neutron.services.segments.plugin [-] Segment c771b7d8-fd8f-4368-9d28-b3a52b3a73a7 resource provider aggregate not found
2026-05-04 12:38:33.719 7 INFO neutron.services.segments.plugin [-] Segment c771b7d8-fd8f-4368-9d28-b3a52b3a73a7 resource provider aggregate not found
2026-05-04 12:38:33.731 7 INFO neutron.services.segments.plugin [-] Segment c771b7d8-fd8f-4368-9d28-b3a52b3a73a7 resource provider not found; error: Placement Client Error (4xx): {"errors": [{"status": 404, "title": "Not Found", "detail": "The resource could not be found.\n\n No resource provider with uuid c771b7d8-fd8f-4368-9d28-b3a52b3a73a7 found for delete ", "request_id": "req-9f86314f-ab2e-4761-874c-f0ea7bd5e1cb"}]}
2026-05-04 12:38:33.746 7 INFO neutron.services.segments.plugin [-] Segment c771b7d8-fd8f-4368-9d28-b3a52b3a73a7 resource provider not found; error: Placement Client Error (4xx): {"errors": [{"status": 404, "title": "Not Found", "detail": "The resource could not be found.\n\n No resource provider with uuid c771b7d8-fd8f-4368-9d28-b3a52b3a73a7 found for delete ", "request_id": "req-a6a665db-c1cf-4084-a7bb-6b2eddbebdb2"}]} [pid: 7|app: 0|req: 501/1043] 10.0.0.165 () {32 vars in 726 bytes} [Mon May 4 12:38:33 2026] DELETE /v2.0/networks/2eb95ad3-175c-4cec-8c61-37c69454b074 => generated 0 bytes in 376 msecs (HTTP/1.1 204) 3 headers in 131 bytes (1 switches on core 0)
2026-05-04 12:38:33.991 7 WARNING neutron.scheduler.dhcp_agent_scheduler [None req-35a7e964-0a2e-4118-b6ae-4e179cb80d77 b085872411344c1c9d3d0085c83d958a 10cdb870f76447858033afbabd1b1107 - - default default] No more DHCP agents
2026-05-04 12:38:33.993 7 WARNING neutron.api.rpc.agentnotifiers.dhcp_rpc_agent_api [None req-35a7e964-0a2e-4118-b6ae-4e179cb80d77 b085872411344c1c9d3d0085c83d958a 10cdb870f76447858033afbabd1b1107 - - default default] Unable to schedule network 019320a4-4b6a-49d0-a4d9-6f3e9d3a53af: no agents available; will retry on subsequent port and subnet creation events.
2026-05-04 12:38:34.051 7 INFO neutron.plugins.ml2.drivers.ovn.mech_driver.mech_driver [None req-7b77841d-0b72-4499-9760-2d79de899b4c - - - - - -] OVN reports status down for port: e1667888-f6c6-439f-ae0a-55f4de39f52f
2026-05-04 12:38:34.129 8 INFO neutron.db.ovn_revision_numbers_db [None req-bded9f2a-2137-40b2-9d2c-d146d3705471 - - - - - -] Successfully bumped revision number for resource d8807d7f-3e0f-4bf7-bd54-0babcc6f0e8f (type: ports) to 4
2026-05-04 12:38:34.131 8 WARNING neutron.scheduler.dhcp_agent_scheduler [None req-9fd97867-fb79-4372-a19f-2ae5cfb4fc33 a0d22359523543dd97173daafdd4a6d6 763451d2b9b749abb59cf8ccfcdd1276 - - default default] No more DHCP agents
2026-05-04 12:38:34.132 8 WARNING neutron.api.rpc.agentnotifiers.dhcp_rpc_agent_api [None req-9fd97867-fb79-4372-a19f-2ae5cfb4fc33 a0d22359523543dd97173daafdd4a6d6 763451d2b9b749abb59cf8ccfcdd1276 - - default default] Unable to schedule network e89d7658-9d8a-4b2e-8b4f-1fb095c77808: no agents available; will retry on subsequent port and subnet creation events.
2026-05-04 12:38:34.147 7 INFO neutron.db.ovn_revision_numbers_db [None req-35a7e964-0a2e-4118-b6ae-4e179cb80d77 b085872411344c1c9d3d0085c83d958a 10cdb870f76447858033afbabd1b1107 - - default default] Successfully bumped revision number for resource e1667888-f6c6-439f-ae0a-55f4de39f52f (type: ports) to 1 [pid: 7|app: 0|req: 502/1044] 10.0.0.165 () {34 vars in 665 bytes} [Mon May 4 12:38:33 2026] POST /v2.0/ports => generated 774 bytes in 455 msecs (HTTP/1.1 201) 4 headers in 162 bytes (1 switches on core 0) /var/lib/openstack/lib/python3.12/site-packages/pycadf/identifier.py:70: UserWarning: Invalid uuid: neutron. To ensure interoperability, identifiers should be a valid uuid. warnings.warn(('Invalid uuid: %s. To ensure interoperability, '
2026-05-04 12:38:34.242 7 WARNING neutron.db.securitygroups_db [None req-b2157cc3-584d-4fa2-aa63-4abe30918563 a0d22359523543dd97173daafdd4a6d6 763451d2b9b749abb59cf8ccfcdd1276 - - default default] project_id key not found in filters, using tenant_id instead. This support has been deprecated and will be removed in a future release. [pid: 7|app: 0|req: 503/1045] 10.0.0.165 () {32 vars in 774 bytes} [Mon May 4 12:38:34 2026] GET /v2.0/security-groups?tenant_id=b98cf371666f4a6796abad763438040a&name=default => generated 2921 bytes in 27 msecs (HTTP/1.1 200) 4 headers in 158 bytes (1 switches on core 0)
2026-05-04 12:38:34.338 7 INFO neutron.plugins.ml2.drivers.ovn.mech_driver.mech_driver [None req-7b77841d-0b72-4499-9760-2d79de899b4c - - - - - -] OVN reports status down for port: ef0b4ce0-e254-405e-b54a-9fe9d2a86f4f
2026-05-04 12:38:34.372 8 INFO neutron.db.ovn_revision_numbers_db [None req-9fd97867-fb79-4372-a19f-2ae5cfb4fc33 a0d22359523543dd97173daafdd4a6d6 763451d2b9b749abb59cf8ccfcdd1276 - - default default] Successfully bumped revision number for resource ef0b4ce0-e254-405e-b54a-9fe9d2a86f4f (type: ports) to 1 [pid: 7|app: 0|req: 504/1046] 10.0.0.25 () {34 vars in 989 bytes} [Mon May 4 12:38:34 2026] GET /v2.0/ports?device_id=f3980028-efe8-4a45-b9d6-7e1ca41eed79 => generated 969 bytes in 111 msecs (HTTP/1.1 200) 4 headers in 157 bytes (1 switches on core 0)
2026-05-04 12:38:34.494 7 INFO neutron.db.segments_db [None req-864399bb-7dca-4b7c-882a-7f2b128f1337 b085872411344c1c9d3d0085c83d958a 10cdb870f76447858033afbabd1b1107 - - default default] Added segment dbb6484c-055f-4f80-98b4-7226aba5ee5d of type geneve for network 63d6c625-d4d6-4c04-acc2-74e79b78a568
2026-05-04 12:38:34.591 7 INFO neutron.plugins.ml2.drivers.ovn.mech_driver.mech_driver [None req-7b77841d-0b72-4499-9760-2d79de899b4c - - - - - -] OVN reports status up for port: 0f817bd7-7842-4040-a464-2d364a54520c
2026-05-04 12:38:34.631 7 INFO neutron.plugins.ml2.plugin [None req-7b77841d-0b72-4499-9760-2d79de899b4c - - - - - -] Attempt 1 to provision port 0f817bd7-7842-4040-a464-2d364a54520c
2026-05-04 12:38:34.645 7 INFO neutron.db.ovn_revision_numbers_db [None req-864399bb-7dca-4b7c-882a-7f2b128f1337 b085872411344c1c9d3d0085c83d958a 10cdb870f76447858033afbabd1b1107 - - default default] Successfully bumped revision number for resource 63d6c625-d4d6-4c04-acc2-74e79b78a568 (type: networks) to 1
2026-05-04 12:38:34.788 8 INFO neutron.db.ovn_revision_numbers_db [None req-bded9f2a-2137-40b2-9d2c-d146d3705471 - - - - - -] Successfully bumped revision number for resource d8807d7f-3e0f-4bf7-bd54-0babcc6f0e8f (type: ports) to 5
2026-05-04 12:38:34.846 7 INFO neutron.notifiers.nova [-] Nova event matching ['req-30859924-398a-4814-ae8b-528af0f102e6'] response: {'server_uuid': 'f3980028-efe8-4a45-b9d6-7e1ca41eed79', 'name': 'network-vif-plugged', 'status': 'completed', 'tag': '0f817bd7-7842-4040-a464-2d364a54520c', 'code': 200}
2026-05-04 12:38:34.941 7 WARNING neutron.scheduler.dhcp_agent_scheduler [None req-864399bb-7dca-4b7c-882a-7f2b128f1337 b085872411344c1c9d3d0085c83d958a 10cdb870f76447858033afbabd1b1107 - - default default] No more DHCP agents
2026-05-04 12:38:34.946 7 WARNING neutron.api.rpc.agentnotifiers.dhcp_rpc_agent_api [None req-864399bb-7dca-4b7c-882a-7f2b128f1337 b085872411344c1c9d3d0085c83d958a 10cdb870f76447858033afbabd1b1107 - - default default] Unable to schedule network 63d6c625-d4d6-4c04-acc2-74e79b78a568: no agents available; will retry on subsequent port and subnet creation events.
2026-05-04 12:38:35.101 7 INFO neutron.db.ovn_revision_numbers_db [None req-864399bb-7dca-4b7c-882a-7f2b128f1337 b085872411344c1c9d3d0085c83d958a 10cdb870f76447858033afbabd1b1107 - - default default] Successfully bumped revision number for resource a31ebdbf-54fc-4976-a105-b1549ffdb653 (type: ports) to 1
2026-05-04 12:38:35.115 7 INFO neutron.db.ovn_revision_numbers_db [None req-7b77841d-0b72-4499-9760-2d79de899b4c - - - - - -] Successfully bumped revision number for resource 0f817bd7-7842-4040-a464-2d364a54520c (type: ports) to 5 [pid: 7|app: 0|req: 505/1047] 10.0.0.165 () {34 vars in 670 bytes} [Mon May 4 12:38:34 2026] POST /v2.0/networks => generated 670 bytes in 763 msecs (HTTP/1.1 201) 4 headers in 162 bytes (1 switches on core 0)
2026-05-04 12:38:35.231 7 INFO neutron.plugins.ml2.drivers.ovn.mech_driver.mech_driver [None req-35e4d91b-1ede-4674-8532-a123ed2b1ef9 - - - - - -] OVN reports status down for port: a31ebdbf-54fc-4976-a105-b1549ffdb653
2026-05-04 12:38:35.283 8 INFO neutron.plugins.ml2.drivers.ovn.mech_driver.mech_driver [None req-d88e56c9-745c-4ffa-adc3-011d5ed4c16b - - - - - -] OVN reports status down for port: 1648b13e-0f32-4e93-93be-dbb0da939b6e
