2026-05-04 12:39:46.005 7 INFO neutron.services.segments.plugin [-] Segment 56a99b62-f4f5-4405-a274-a0a8415573e9 resource provider not found; error: Placement Client Error (4xx): {"errors": [{"status": 404, "title": "Not Found", "detail": "The resource could not be found.\n\n No resource provider with uuid 56a99b62-f4f5-4405-a274-a0a8415573e9 found for delete ", "request_id": "req-5dd15e6b-05e0-4915-9840-7029aac3fcdb"}]} [pid: 7|app: 0|req: 820/1570] 10.0.0.165 () {32 vars in 726 bytes} [Mon May 4 12:39:45 2026] DELETE /v2.0/networks/85fee5bf-0fb8-4760-adcf-7a2890185cbb => generated 0 bytes in 388 msecs (HTTP/1.1 204) 3 headers in 131 bytes (1 switches on core 0)
2026-05-04 12:39:46.142 8 INFO neutron.db.ovn_revision_numbers_db [None req-0d850a16-648b-47f3-9e45-92a616ce3867 ba21f79bfb1146a9810b4ac46dacaa29 ba42753ef197497bbe5ca26246d81635 - - default default] Successfully bumped revision number for resource 282dee08-7244-473d-a9ee-b6a6c57f949e (type: security_groups) to 1
2026-05-04 12:39:46.154 8 INFO neutron.db.ovn_revision_numbers_db [None req-0d850a16-648b-47f3-9e45-92a616ce3867 ba21f79bfb1146a9810b4ac46dacaa29 ba42753ef197497bbe5ca26246d81635 - - default default] Successfully bumped revision number for resource 2e7841d7-2f2c-4e30-bd78-20e43eea4515 (type: security_group_rules) to 0
2026-05-04 12:39:46.168 8 INFO neutron.db.ovn_revision_numbers_db [None req-0d850a16-648b-47f3-9e45-92a616ce3867 ba21f79bfb1146a9810b4ac46dacaa29 ba42753ef197497bbe5ca26246d81635 - - default default] Successfully bumped revision number for resource 5193ae76-e2fc-49e4-a332-35774f210fda (type: security_group_rules) to 0
2026-05-04 12:39:46.186 8 INFO neutron.db.ovn_revision_numbers_db [None req-0d850a16-648b-47f3-9e45-92a616ce3867 ba21f79bfb1146a9810b4ac46dacaa29 ba42753ef197497bbe5ca26246d81635 - - default default] Successfully bumped revision number for resource 8bada2bf-04db-452d-87bb-c3d8cfea79aa (type: security_group_rules) to 0
2026-05-04 12:39:46.196 7 INFO neutron_taas.services.taas.taas_plugin [None req-987df467-183a-4738-9d54-e9b0f86b07ec f7fb6e31726a407aab475665cd8a9d1c 1e3c6b5427f94b2ca861dabfb048642b - - default default] TaaS: Handle Delete Port: cc3765ae-6a32-417e-80b4-124c8cd45253
2026-05-04 12:39:46.197 8 INFO neutron.db.ovn_revision_numbers_db [None req-0d850a16-648b-47f3-9e45-92a616ce3867 ba21f79bfb1146a9810b4ac46dacaa29 ba42753ef197497bbe5ca26246d81635 - - default default] Successfully bumped revision number for resource fd053c75-313d-4f85-843a-cd041cb215b1 (type: security_group_rules) to 0
2026-05-04 12:39:46.198 7 INFO neutron_taas.services.taas.tap_mirror_plugin [None req-987df467-183a-4738-9d54-e9b0f86b07ec f7fb6e31726a407aab475665cd8a9d1c 1e3c6b5427f94b2ca861dabfb048642b - - default default] Tap Mirror: Handle Delete Port: cc3765ae-6a32-417e-80b4-124c8cd45253
2026-05-04 12:39:46.309 8 INFO neutron.db.ovn_revision_numbers_db [None req-0d850a16-648b-47f3-9e45-92a616ce3867 ba21f79bfb1146a9810b4ac46dacaa29 ba42753ef197497bbe5ca26246d81635 - - default default] Successfully bumped revision number for resource 0050e6e6-2968-47e8-933e-04e355e35ded (type: security_groups) to 1
2026-05-04 12:39:46.334 8 INFO neutron.db.ovn_revision_numbers_db [None req-0d850a16-648b-47f3-9e45-92a616ce3867 ba21f79bfb1146a9810b4ac46dacaa29 ba42753ef197497bbe5ca26246d81635 - - default default] Successfully bumped revision number for resource 328cad41-0361-499e-ba06-2377205b2b31 (type: security_group_rules) to 0
2026-05-04 12:39:46.349 8 INFO neutron.db.ovn_revision_numbers_db [None req-0d850a16-648b-47f3-9e45-92a616ce3867 ba21f79bfb1146a9810b4ac46dacaa29 ba42753ef197497bbe5ca26246d81635 - - default default] Successfully bumped revision number for resource 6f4d4d3f-cf8b-4869-97c3-69601e4939f3 (type: security_group_rules) to 0 [pid: 7|app: 0|req: 821/1571] 10.0.0.165 () {32 vars in 726 bytes} [Mon May 4 12:39:46 2026] DELETE /v2.0/networks/d66a7fa4-2f1b-49eb-a527-0e88457caf6c => generated 0 bytes in 298 msecs (HTTP/1.1 204) 3 headers in 131 bytes (1 switches on core 0) [pid: 8|app: 0|req: 751/1572] 10.0.0.165 () {34 vars in 684 bytes} [Mon May 4 12:39:45 2026] POST /v2.0/security-groups => generated 1601 bytes in 666 msecs (HTTP/1.1 201) 4 headers in 163 bytes (1 switches on core 0) [pid: 7|app: 0|req: 822/1573] 10.0.0.165 () {32 vars in 649 bytes} [Mon May 4 12:39:46 2026] GET /v2.0/networks => generated 689 bytes in 32 msecs (HTTP/1.1 200) 4 headers in 157 bytes (1 switches on core 0)
2026-05-04 12:39:46.498 7 INFO neutron.db.segments_db [None req-faeeba69-79ca-400f-8b03-4d1255f4a4b9 f7fb6e31726a407aab475665cd8a9d1c 1e3c6b5427f94b2ca861dabfb048642b - - default default] Added segment 10ee4283-49cf-483e-8a58-71bfaf948c96 of type geneve for network 59ed0821-8181-44fb-8f55-24573732b424
2026-05-04 12:39:46.504 8 INFO neutron.db.ovn_revision_numbers_db [None req-b3e42c37-a5b1-432b-81fd-8d9c7acb101e ba21f79bfb1146a9810b4ac46dacaa29 ba42753ef197497bbe5ca26246d81635 - - default default] Successfully bumped revision number for resource e619950c-bc22-494e-ad1d-59fc1d2c7180 (type: security_groups) to 1
2026-05-04 12:39:46.516 8 INFO neutron.db.ovn_revision_numbers_db [None req-b3e42c37-a5b1-432b-81fd-8d9c7acb101e ba21f79bfb1146a9810b4ac46dacaa29 ba42753ef197497bbe5ca26246d81635 - - default default] Successfully bumped revision number for resource 51056750-f5fd-42ab-8779-af8ce7f8e4fa (type: security_group_rules) to 0
2026-05-04 12:39:46.526 8 INFO neutron.db.ovn_revision_numbers_db [None req-b3e42c37-a5b1-432b-81fd-8d9c7acb101e ba21f79bfb1146a9810b4ac46dacaa29 ba42753ef197497bbe5ca26246d81635 - - default default] Successfully bumped revision number for resource e5ff3961-0112-4854-b5e8-f363300f934e (type: security_group_rules) to 0 [pid: 8|app: 0|req: 752/1574] 10.0.0.165 () {34 vars in 684 bytes} [Mon May 4 12:39:46 2026] POST /v2.0/security-groups => generated 1601 bytes in 162 msecs (HTTP/1.1 201) 4 headers in 163 bytes (1 switches on core 0)
2026-05-04 12:39:46.584 7 INFO neutron.db.ovn_revision_numbers_db [None req-faeeba69-79ca-400f-8b03-4d1255f4a4b9 f7fb6e31726a407aab475665cd8a9d1c 1e3c6b5427f94b2ca861dabfb048642b - - default default] Successfully bumped revision number for resource 59ed0821-8181-44fb-8f55-24573732b424 (type: networks) to 1
2026-05-04 12:39:46.649 8 INFO neutron.db.ovn_revision_numbers_db [None req-1faa89c4-a2d8-447a-8929-8d9b70315330 ba21f79bfb1146a9810b4ac46dacaa29 ba42753ef197497bbe5ca26246d81635 - - default default] Successfully bumped revision number for resource b5eb8bd5-8d4a-4f07-a679-66014ace700b (type: security_groups) to 1
2026-05-04 12:39:46.660 8 INFO neutron.db.ovn_revision_numbers_db [None req-1faa89c4-a2d8-447a-8929-8d9b70315330 ba21f79bfb1146a9810b4ac46dacaa29 ba42753ef197497bbe5ca26246d81635 - - default default] Successfully bumped revision number for resource de2296b8-3df0-42ed-9ab6-4d4ec2fc58d7 (type: security_group_rules) to 0
2026-05-04 12:39:46.670 8 INFO neutron.db.ovn_revision_numbers_db [None req-1faa89c4-a2d8-447a-8929-8d9b70315330 ba21f79bfb1146a9810b4ac46dacaa29 ba42753ef197497bbe5ca26246d81635 - - default default] Successfully bumped revision number for resource e8179453-bf17-409e-91c0-a026d4e9a702 (type: security_group_rules) to 0 [pid: 8|app: 0|req: 753/1575] 10.0.0.165 () {34 vars in 684 bytes} [Mon May 4 12:39:46 2026] POST /v2.0/security-groups => generated 1601 bytes in 140 msecs (HTTP/1.1 201) 4 headers in 163 bytes (1 switches on core 0)
2026-05-04 12:39:46.752 7 WARNING neutron.scheduler.dhcp_agent_scheduler [None req-faeeba69-79ca-400f-8b03-4d1255f4a4b9 f7fb6e31726a407aab475665cd8a9d1c 1e3c6b5427f94b2ca861dabfb048642b - - default default] No more DHCP agents
2026-05-04 12:39:46.753 7 WARNING neutron.api.rpc.agentnotifiers.dhcp_rpc_agent_api [None req-faeeba69-79ca-400f-8b03-4d1255f4a4b9 f7fb6e31726a407aab475665cd8a9d1c 1e3c6b5427f94b2ca861dabfb048642b - - default default] Unable to schedule network 59ed0821-8181-44fb-8f55-24573732b424: no agents available; will retry on subsequent port and subnet creation events.
2026-05-04 12:39:46.794 7 INFO neutron.plugins.ml2.drivers.ovn.mech_driver.mech_driver [None req-e235fcd9-7f9e-4b94-a467-fca2c7652111 - - - - - -] OVN reports status down for port: 1dcb8e3a-d612-415d-a834-b0d62887c0e2
2026-05-04 12:39:46.830 8 INFO neutron.db.ovn_revision_numbers_db [None req-7e56afd6-2368-40c8-978e-330d563e6657 ba21f79bfb1146a9810b4ac46dacaa29 ba42753ef197497bbe5ca26246d81635 - - default default] Successfully bumped revision number for resource f3690630-3e40-4635-a401-3aeeea6830a3 (type: security_groups) to 1
2026-05-04 12:39:46.845 8 INFO neutron.db.ovn_revision_numbers_db [None req-7e56afd6-2368-40c8-978e-330d563e6657 ba21f79bfb1146a9810b4ac46dacaa29 ba42753ef197497bbe5ca26246d81635 - - default default] Successfully bumped revision number for resource e41088c0-74c1-4c48-a244-1276129fb257 (type: security_group_rules) to 0
2026-05-04 12:39:46.857 8 INFO neutron.db.ovn_revision_numbers_db [None req-7e56afd6-2368-40c8-978e-330d563e6657 ba21f79bfb1146a9810b4ac46dacaa29 ba42753ef197497bbe5ca26246d81635 - - default default] Successfully bumped revision number for resource ef1c8740-4292-4402-82ed-b30c73a33e0f (type: security_group_rules) to 0
2026-05-04 12:39:46.860 7 INFO neutron.db.ovn_revision_numbers_db [None req-faeeba69-79ca-400f-8b03-4d1255f4a4b9 f7fb6e31726a407aab475665cd8a9d1c 1e3c6b5427f94b2ca861dabfb048642b - - default default] Successfully bumped revision number for resource 1dcb8e3a-d612-415d-a834-b0d62887c0e2 (type: ports) to 1 [pid: 8|app: 0|req: 754/1576] 10.0.0.165 () {34 vars in 684 bytes} [Mon May 4 12:39:46 2026] POST /v2.0/security-groups => generated 1601 bytes in 181 msecs (HTTP/1.1 201) 4 headers in 163 bytes (1 switches on core 0) [pid: 7|app: 0|req: 823/1577] 10.0.0.165 () {34 vars in 670 bytes} [Mon May 4 12:39:46 2026] POST /v2.0/networks => generated 692 bytes in 481 msecs (HTTP/1.1 201) 4 headers in 162 bytes (1 switches on core 0)
2026-05-04 12:39:47.002 7 INFO neutron.db.segments_db [None req-0b0f2ed4-4aab-4f92-96c9-83d3f989c2b8 f7fb6e31726a407aab475665cd8a9d1c 1e3c6b5427f94b2ca861dabfb048642b - - default default] Added segment 02a230c9-456a-4adc-8cdd-a2c0897748d2 of type geneve for network 2442dd1c-ff29-4f99-bec1-5edccf84657a
2026-05-04 12:39:47.010 8 INFO neutron.db.ovn_revision_numbers_db [None req-4a6a729b-4f26-4f50-bd1d-52a25faa2f63 ba21f79bfb1146a9810b4ac46dacaa29 ba42753ef197497bbe5ca26246d81635 - - default default] Successfully bumped revision number for resource ec51de23-b8d1-471c-b02b-eec88244957a (type: security_groups) to 1
2026-05-04 12:39:47.021 8 INFO neutron.db.ovn_revision_numbers_db [None req-4a6a729b-4f26-4f50-bd1d-52a25faa2f63 ba21f79bfb1146a9810b4ac46dacaa29 ba42753ef197497bbe5ca26246d81635 - - default default] Successfully bumped revision number for resource 0fcb98e0-9efd-42f3-b361-5861cba624eb (type: security_group_rules) to 0
2026-05-04 12:39:47.031 8 INFO neutron.db.ovn_revision_numbers_db [None req-4a6a729b-4f26-4f50-bd1d-52a25faa2f63 ba21f79bfb1146a9810b4ac46dacaa29 ba42753ef197497bbe5ca26246d81635 - - default default] Successfully bumped revision number for resource 18c0e683-9bac-4e19-bd70-e86e7401ef8c (type: security_group_rules) to 0 [pid: 8|app: 0|req: 755/1578] 10.0.0.165 () {34 vars in 684 bytes} [Mon May 4 12:39:46 2026] POST /v2.0/security-groups => generated 1601 bytes in 165 msecs (HTTP/1.1 201) 4 headers in 163 bytes (1 switches on core 0)
2026-05-04 12:39:47.098 8 WARNING tagging [None req-a19efc33-e9dc-4590-b87c-56278c7ef683 ba21f79bfb1146a9810b4ac46dacaa29 ba42753ef197497bbe5ca26246d81635 - - default default] project_id key not found in request, using tenant_id instead. This support has been deprecated and will be removed in a future release.
2026-05-04 12:39:47.120 7 INFO neutron.db.ovn_revision_numbers_db [None req-0b0f2ed4-4aab-4f92-96c9-83d3f989c2b8 f7fb6e31726a407aab475665cd8a9d1c 1e3c6b5427f94b2ca861dabfb048642b - - default default] Successfully bumped revision number for resource 2442dd1c-ff29-4f99-bec1-5edccf84657a (type: networks) to 1 [pid: 8|app: 0|req: 756/1579] 10.0.0.165 () {34 vars in 767 bytes} [Mon May 4 12:39:47 2026] PUT /v2.0/security-groups/0050e6e6-2968-47e8-933e-04e355e35ded/tags => generated 17 bytes in 71 msecs (HTTP/1.1 200) 4 headers in 156 bytes (1 switches on core 0)
2026-05-04 12:39:47.166 8 WARNING tagging [None req-5d4d30f2-14f0-4cc7-9e9f-cacdd13f0989 ba21f79bfb1146a9810b4ac46dacaa29 ba42753ef197497bbe5ca26246d81635 - - default default] project_id key not found in request, using tenant_id instead. This support has been deprecated and will be removed in a future release. [pid: 8|app: 0|req: 757/1580] 10.0.0.165 () {34 vars in 767 bytes} [Mon May 4 12:39:47 2026] PUT /v2.0/security-groups/e619950c-bc22-494e-ad1d-59fc1d2c7180/tags => generated 25 bytes in 45 msecs (HTTP/1.1 200) 4 headers in 156 bytes (1 switches on core 0)
2026-05-04 12:39:47.213 8 WARNING tagging [None req-bf2db33c-90e1-434f-903d-dcea8e245c55 ba21f79bfb1146a9810b4ac46dacaa29 ba42753ef197497bbe5ca26246d81635 - - default default] project_id key not found in request, using tenant_id instead. This support has been deprecated and will be removed in a future release. [pid: 8|app: 0|req: 758/1581] 10.0.0.165 () {34 vars in 767 bytes} [Mon May 4 12:39:47 2026] PUT /v2.0/security-groups/b5eb8bd5-8d4a-4f07-a679-66014ace700b/tags => generated 34 bytes in 54 msecs (HTTP/1.1 200) 4 headers in 156 bytes (1 switches on core 0)
2026-05-04 12:39:47.282 7 WARNING neutron.scheduler.dhcp_agent_scheduler [None req-0b0f2ed4-4aab-4f92-96c9-83d3f989c2b8 f7fb6e31726a407aab475665cd8a9d1c 1e3c6b5427f94b2ca861dabfb048642b - - default default] No more DHCP agents
2026-05-04 12:39:47.284 7 WARNING neutron.api.rpc.agentnotifiers.dhcp_rpc_agent_api [None req-0b0f2ed4-4aab-4f92-96c9-83d3f989c2b8 f7fb6e31726a407aab475665cd8a9d1c 1e3c6b5427f94b2ca861dabfb048642b - - default default] Unable to schedule network 2442dd1c-ff29-4f99-bec1-5edccf84657a: no agents available; will retry on subsequent port and subnet creation events.
2026-05-04 12:39:47.285 8 WARNING tagging [None req-bf7621c8-d9c1-4996-812b-2a3a99a98250 ba21f79bfb1146a9810b4ac46dacaa29 ba42753ef197497bbe5ca26246d81635 - - default default] project_id key not found in request, using tenant_id instead. This support has been deprecated and will be removed in a future release. [pid: 8|app: 0|req: 759/1582] 10.0.0.165 () {34 vars in 767 bytes} [Mon May 4 12:39:47 2026] PUT /v2.0/security-groups/f3690630-3e40-4635-a401-3aeeea6830a3/tags => generated 19 bytes in 50 msecs (HTTP/1.1 200) 4 headers in 156 bytes (1 switches on core 0)
2026-05-04 12:39:47.334 7 INFO neutron.plugins.ml2.drivers.ovn.mech_driver.mech_driver [None req-e235fcd9-7f9e-4b94-a467-fca2c7652111 - - - - - -] OVN reports status down for port: c53788ff-c674-4dde-997b-668af9a1e7d5 [pid: 8|app: 0|req: 760/1583] 10.0.0.165 () {32 vars in 680 bytes} [Mon May 4 12:39:47 2026] GET /v2.0/security-groups?tags=red => generated 4804 bytes in 72 msecs (HTTP/1.1 200) 4 headers in 158 bytes (1 switches on core 0)
2026-05-04 12:39:47.397 7 INFO neutron.db.ovn_revision_numbers_db [None req-0b0f2ed4-4aab-4f92-96c9-83d3f989c2b8 f7fb6e31726a407aab475665cd8a9d1c 1e3c6b5427f94b2ca861dabfb048642b - - default default] Successfully bumped revision number for resource c53788ff-c674-4dde-997b-668af9a1e7d5 (type: ports) to 1 [pid: 7|app: 0|req: 824/1584] 10.0.0.165 () {34 vars in 670 bytes} [Mon May 4 12:39:46 2026] POST /v2.0/networks => generated 692 bytes in 522 msecs (HTTP/1.1 201) 4 headers in 162 bytes (1 switches on core 0) [pid: 8|app: 0|req: 761/1585] 10.0.0.165 () {32 vars in 694 bytes} [Mon May 4 12:39:47 2026] GET /v2.0/security-groups?tags=red%2Cblue => generated 3218 bytes in 46 msecs (HTTP/1.1 200) 4 headers in 158 bytes (1 switches on core 0) [pid: 8|app: 0|req: 762/1586] 10.0.0.165 () {32 vars in 690 bytes} [Mon May 4 12:39:47 2026] GET /v2.0/security-groups?tags-any=blue => generated 3218 bytes in 36 msecs (HTTP/1.1 200) 4 headers in 158 bytes (1 switches on core 0) [pid: 8|app: 0|req: 763/1587] 10.0.0.165 () {32 vars in 702 bytes} [Mon May 4 12:39:47 2026] GET /v2.0/security-groups?tags-any=red%2Cblue => generated 4804 bytes in 33 msecs (HTTP/1.1 200) 4 headers in 158 bytes (1 switches on core 0) [pid: 8|app: 0|req: 764/1588] 10.0.0.165 () {32 vars in 688 bytes} [Mon May 4 12:39:47 2026] GET /v2.0/security-groups?not-tags=red => generated 6094 bytes in 40 msecs (HTTP/1.1 200) 4 headers in 158 bytes (1 switches on core 0) [pid: 8|app: 0|req: 765/1589] 10.0.0.165 () {32 vars in 702 bytes} [Mon May 4 12:39:47 2026] GET /v2.0/security-groups?not-tags=red%2Cblue => generated 7680 bytes in 47 msecs (HTTP/1.1 200) 4 headers in 158 bytes (1 switches on core 0) [pid: 8|app: 0|req: 766/1590] 10.0.0.165 () {32 vars in 698 bytes} [Mon May 4 12:39:47 2026] GET /v2.0/security-groups?not-tags-any=blue => generated 7680 bytes in 37 msecs (HTTP/1.1 200) 4 headers in 158 bytes (1 switches on core 0) [pid: 8|app: 0|req: 767/1591] 10.0.0.165 () {32 vars in 710 bytes} [Mon May 4 12:39:47 2026] GET /v2.0/security-groups?not-tags-any=red%2Cblue => generated 6094 bytes in 35 msecs (HTTP/1.1 200) 4 headers in 158 bytes (1 switches on core 0)
2026-05-04 12:39:47.754 7 WARNING neutron.scheduler.dhcp_agent_scheduler [None req-1209f5ff-d796-49ab-a8c2-413506bfcc53 f7fb6e31726a407aab475665cd8a9d1c 1e3c6b5427f94b2ca861dabfb048642b - - default default] No more DHCP agents
2026-05-04 12:39:47.755 7 WARNING neutron.api.rpc.agentnotifiers.dhcp_rpc_agent_api [None req-1209f5ff-d796-49ab-a8c2-413506bfcc53 f7fb6e31726a407aab475665cd8a9d1c 1e3c6b5427f94b2ca861dabfb048642b - - default default] Unable to schedule network 59ed0821-8181-44fb-8f55-24573732b424: no agents available; will retry on subsequent port and subnet creation events.
2026-05-04 12:39:47.798 7 INFO neutron.plugins.ml2.drivers.ovn.mech_driver.mech_driver [None req-e235fcd9-7f9e-4b94-a467-fca2c7652111 - - - - - -] OVN reports status down for port: 4ce10432-a627-45be-9e80-e2aeac15155a
2026-05-04 12:39:47.850 7 INFO neutron.db.ovn_revision_numbers_db [None req-1209f5ff-d796-49ab-a8c2-413506bfcc53 f7fb6e31726a407aab475665cd8a9d1c 1e3c6b5427f94b2ca861dabfb048642b - - default default] Successfully bumped revision number for resource 4ce10432-a627-45be-9e80-e2aeac15155a (type: ports) to 1 [pid: 8|app: 0|req: 768/1592] 10.0.0.165 () {32 vars in 740 bytes} [Mon May 4 12:39:47 2026] DELETE /v2.0/security-groups/0050e6e6-2968-47e8-933e-04e355e35ded => generated 0 bytes in 157 msecs (HTTP/1.1 204) 2 headers in 112 bytes (1 switches on core 0)
2026-05-04 12:39:47.920 7 WARNING neutron.scheduler.dhcp_agent_scheduler [None req-1209f5ff-d796-49ab-a8c2-413506bfcc53 f7fb6e31726a407aab475665cd8a9d1c 1e3c6b5427f94b2ca861dabfb048642b - - default default] No more DHCP agents
2026-05-04 12:39:47.921 7 WARNING neutron.api.rpc.agentnotifiers.dhcp_rpc_agent_api [None req-1209f5ff-d796-49ab-a8c2-413506bfcc53 f7fb6e31726a407aab475665cd8a9d1c 1e3c6b5427f94b2ca861dabfb048642b - - default default] Unable to schedule network 2442dd1c-ff29-4f99-bec1-5edccf84657a: no agents available; will retry on subsequent port and subnet creation events.
2026-05-04 12:39:47.966 8 INFO neutron.plugins.ml2.drivers.ovn.mech_driver.mech_driver [None req-75145580-9722-4c38-83cd-fc06950ec106 - - - - - -] OVN reports status down for port: efc5bf2f-291e-4e32-ae25-ae6705c87501
2026-05-04 12:39:47.992 7 INFO neutron.db.ovn_revision_numbers_db [None req-1209f5ff-d796-49ab-a8c2-413506bfcc53 f7fb6e31726a407aab475665cd8a9d1c 1e3c6b5427f94b2ca861dabfb048642b - - default default] Successfully bumped revision number for resource efc5bf2f-291e-4e32-ae25-ae6705c87501 (type: ports) to 1 [pid: 8|app: 0|req: 769/1593] 10.0.0.165 () {32 vars in 740 bytes} [Mon May 4 12:39:47 2026] DELETE /v2.0/security-groups/e619950c-bc22-494e-ad1d-59fc1d2c7180 => generated 0 bytes in 138 msecs (HTTP/1.1 204) 2 headers in 112 bytes (1 switches on core 0)
2026-05-04 12:39:48.018 7 INFO neutron.services.segments.plugin [-] Segment 54271585-98b4-4091-b12b-a362c41aff1a resource provider aggregate not found
2026-05-04 12:39:48.034 7 INFO neutron.services.segments.plugin [-] Segment 54271585-98b4-4091-b12b-a362c41aff1a resource provider aggregate not found
2026-05-04 12:39:48.041 7 INFO neutron.services.segments.plugin [-] Segment 54271585-98b4-4091-b12b-a362c41aff1a resource provider not found; error: Placement Client Error (4xx): {"errors": [{"status": 404, "title": "Not Found", "detail": "The resource could not be found.\n\n No resource provider with uuid 54271585-98b4-4091-b12b-a362c41aff1a found for delete ", "request_id": "req-267bccd2-1b70-46c5-b8a4-5129f03777a9"}]}
2026-05-04 12:39:48.050 7 INFO neutron.services.segments.plugin [-] Segment 54271585-98b4-4091-b12b-a362c41aff1a resource provider not found; error: Placement Client Error (4xx): {"errors": [{"status": 404, "title": "Not Found", "detail": "The resource could not be found.\n\n No resource provider with uuid 54271585-98b4-4091-b12b-a362c41aff1a found for delete ", "request_id": "req-2a56c3d0-b082-4b91-82ff-f41f1bac3ef5"}]} [pid: 7|app: 0|req: 825/1594] 10.0.0.165 () {34 vars in 665 bytes} [Mon May 4 12:39:47 2026] POST /v2.0/ports => generated 1506 bytes in 654 msecs (HTTP/1.1 201) 4 headers in 163 bytes (1 switches on core 0) /var/lib/openstack/lib/python3.12/site-packages/pycadf/identifier.py:70: UserWarning: Invalid uuid: neutron. To ensure interoperability, identifiers should be a valid uuid. warnings.warn(('Invalid uuid: %s. To ensure interoperability, ' [pid: 7|app: 0|req: 826/1595] 10.0.0.165 () {32 vars in 643 bytes} [Mon May 4 12:39:48 2026] GET /v2.0/ports => generated 3018 bytes in 45 msecs (HTTP/1.1 200) 4 headers in 158 bytes (1 switches on core 0) [pid: 8|app: 0|req: 770/1596] 10.0.0.165 () {32 vars in 740 bytes} [Mon May 4 12:39:48 2026] DELETE /v2.0/security-groups/b5eb8bd5-8d4a-4f07-a679-66014ace700b => generated 0 bytes in 141 msecs (HTTP/1.1 204) 2 headers in 112 bytes (1 switches on core 0)
2026-05-04 12:39:48.249 8 WARNING neutron.db.securitygroups_db [None req-5f13070a-c486-41a2-abf7-e8c1b3d06cae a0d22359523543dd97173daafdd4a6d6 763451d2b9b749abb59cf8ccfcdd1276 - - default default] project_id key not found in filters, using tenant_id instead. This support has been deprecated and will be removed in a future release.
2026-05-04 12:39:48.266 7 WARNING neutron.db.securitygroups_db [None req-e98d564d-eb32-4b62-9fba-853f58bf377a a0d22359523543dd97173daafdd4a6d6 763451d2b9b749abb59cf8ccfcdd1276 - - default default] project_id key not found in filters, using tenant_id instead. This support has been deprecated and will be removed in a future release.
2026-05-04 12:39:48.361 8 INFO neutron.db.ovn_revision_numbers_db [None req-5f13070a-c486-41a2-abf7-e8c1b3d06cae a0d22359523543dd97173daafdd4a6d6 763451d2b9b749abb59cf8ccfcdd1276 - - default default] Successfully bumped revision number for resource 977fa8e7-6ee8-4667-8908-ed395da069a7 (type: security_groups) to 1
2026-05-04 12:39:48.361 7 INFO neutron.db.ovn_revision_numbers_db [None req-e98d564d-eb32-4b62-9fba-853f58bf377a a0d22359523543dd97173daafdd4a6d6 763451d2b9b749abb59cf8ccfcdd1276 - - default default] Successfully bumped revision number for resource 47e2501b-4a7f-4712-8d7e-a2bd3183143a (type: security_groups) to 1
2026-05-04 12:39:48.370 7 INFO neutron.db.ovn_revision_numbers_db [None req-e98d564d-eb32-4b62-9fba-853f58bf377a a0d22359523543dd97173daafdd4a6d6 763451d2b9b749abb59cf8ccfcdd1276 - - default default] Successfully bumped revision number for resource 3cd35d43-7e07-4eee-952c-5724280bc75e (type: security_group_rules) to 0
2026-05-04 12:39:48.371 8 INFO neutron.db.ovn_revision_numbers_db [None req-5f13070a-c486-41a2-abf7-e8c1b3d06cae a0d22359523543dd97173daafdd4a6d6 763451d2b9b749abb59cf8ccfcdd1276 - - default default] Successfully bumped revision number for resource 1e833a8b-f269-4e7e-abc0-889d0118b5df (type: security_group_rules) to 0
2026-05-04 12:39:48.379 7 INFO neutron.db.ovn_revision_numbers_db [None req-e98d564d-eb32-4b62-9fba-853f58bf377a a0d22359523543dd97173daafdd4a6d6 763451d2b9b749abb59cf8ccfcdd1276 - - default default] Successfully bumped revision number for resource 858a3b4c-5343-406b-8a43-c16d7b93db6e (type: security_group_rules) to 0
2026-05-04 12:39:48.381 8 INFO neutron.db.ovn_revision_numbers_db [None req-5f13070a-c486-41a2-abf7-e8c1b3d06cae a0d22359523543dd97173daafdd4a6d6 763451d2b9b749abb59cf8ccfcdd1276 - - default default] Successfully bumped revision number for resource 28a6489f-5aa3-42fb-82ca-9003100e7f4a (type: security_group_rules) to 0
2026-05-04 12:39:48.388 7 INFO neutron.db.ovn_revision_numbers_db [None req-e98d564d-eb32-4b62-9fba-853f58bf377a a0d22359523543dd97173daafdd4a6d6 763451d2b9b749abb59cf8ccfcdd1276 - - default default] Successfully bumped revision number for resource 9916492f-62dd-40a8-870f-69d3c67b612c (type: security_group_rules) to 0
2026-05-04 12:39:48.393 8 INFO neutron.db.ovn_revision_numbers_db [None req-5f13070a-c486-41a2-abf7-e8c1b3d06cae a0d22359523543dd97173daafdd4a6d6 763451d2b9b749abb59cf8ccfcdd1276 - - default default] Successfully bumped revision number for resource 8b874c5a-31f0-475b-952d-ba6c8e3ddfe7 (type: security_group_rules) to 0
2026-05-04 12:39:48.399 7 INFO neutron.db.ovn_revision_numbers_db [None req-e98d564d-eb32-4b62-9fba-853f58bf377a a0d22359523543dd97173daafdd4a6d6 763451d2b9b749abb59cf8ccfcdd1276 - - default default] Successfully bumped revision number for resource ec2b5b88-05e7-4972-b36d-59085f29ecb2 (type: security_group_rules) to 0
2026-05-04 12:39:48.403 8 INFO neutron.db.ovn_revision_numbers_db [None req-5f13070a-c486-41a2-abf7-e8c1b3d06cae a0d22359523543dd97173daafdd4a6d6 763451d2b9b749abb59cf8ccfcdd1276 - - default default] Successfully bumped revision number for resource de86cf4f-dc11-454c-b03e-b1b1cb2f09e1 (type: security_group_rules) to 0 [pid: 7|app: 0|req: 827/1597] 10.0.0.165 () {32 vars in 774 bytes} [Mon May 4 12:39:48 2026] GET /v2.0/security-groups?tenant_id=8231f6e141924b9bbb884796663fb2d2&name=default => generated 2925 bytes in 297 msecs (HTTP/1.1 200) 4 headers in 158 bytes (1 switches on core 0) [pid: 8|app: 0|req: 771/1598] 10.0.0.165 () {32 vars in 774 bytes} [Mon May 4 12:39:48 2026] GET /v2.0/security-groups?tenant_id=bac412638dd54770aa1308bf0447ca63&name=default => generated 2925 bytes in 290 msecs (HTTP/1.1 200) 4 headers in 158 bytes (1 switches on core 0)
2026-05-04 12:39:48.517 7 INFO neutron_taas.services.taas.taas_plugin [None req-696d6562-72e9-43a0-818c-ad4e74f54eae f7fb6e31726a407aab475665cd8a9d1c 1e3c6b5427f94b2ca861dabfb048642b - - default default] TaaS: Handle Delete Port: 4ce10432-a627-45be-9e80-e2aeac15155a
2026-05-04 12:39:48.519 7 INFO neutron_taas.services.taas.tap_mirror_plugin [None req-696d6562-72e9-43a0-818c-ad4e74f54eae f7fb6e31726a407aab475665cd8a9d1c 1e3c6b5427f94b2ca861dabfb048642b - - default default] Tap Mirror: Handle Delete Port: 4ce10432-a627-45be-9e80-e2aeac15155a [pid: 8|app: 0|req: 772/1599] 10.0.0.165 () {32 vars in 740 bytes} [Mon May 4 12:39:48 2026] DELETE /v2.0/security-groups/f3690630-3e40-4635-a401-3aeeea6830a3 => generated 0 bytes in 101 msecs (HTTP/1.1 204) 2 headers in 112 bytes (1 switches on core 0) [pid: 7|app: 0|req: 828/1600] 10.0.0.165 () {32 vars in 720 bytes} [Mon May 4 12:39:48 2026] DELETE /v2.0/ports/4ce10432-a627-45be-9e80-e2aeac15155a => generated 0 bytes in 166 msecs (HTTP/1.1 204) 3 headers in 131 bytes (1 switches on core 0) [pid: 8|app: 0|req: 773/1601] 10.0.0.165 () {32 vars in 740 bytes} [Mon May 4 12:39:48 2026] DELETE /v2.0/security-groups/47e2501b-4a7f-4712-8d7e-a2bd3183143a => generated 0 bytes in 143 msecs (HTTP/1.1 204) 2 headers in 112 bytes (1 switches on core 0) [pid: 7|app: 0|req: 829/1602] 10.0.0.165 () {32 vars in 740 bytes} [Mon May 4 12:39:48 2026] DELETE /v2.0/security-groups/977fa8e7-6ee8-4667-8908-ed395da069a7 => generated 0 bytes in 158 msecs (HTTP/1.1 204) 2 headers in 112 bytes (1 switches on core 0) [pid: 8|app: 0|req: 774/1603] 10.0.0.165 () {32 vars in 740 bytes} [Mon May 4 12:39:48 2026] DELETE /v2.0/security-groups/ec51de23-b8d1-471c-b02b-eec88244957a => generated 0 bytes in 113 msecs (HTTP/1.1 204) 2 headers in 112 bytes (1 switches on core 0)
2026-05-04 12:39:48.797 8 WARNING neutron.db.securitygroups_db [None req-9ee3a6f6-93f7-4913-b7d6-29843f453a69 a0d22359523543dd97173daafdd4a6d6 763451d2b9b749abb59cf8ccfcdd1276 - - default default] project_id key not found in filters, using tenant_id instead. This support has been deprecated and will be removed in a future release.
2026-05-04 12:39:48.850 7 INFO neutron_taas.services.taas.taas_plugin [None req-409e39fc-77d0-43dd-92c3-24ecf03b397a f7fb6e31726a407aab475665cd8a9d1c 1e3c6b5427f94b2ca861dabfb048642b - - default default] TaaS: Handle Delete Port: efc5bf2f-291e-4e32-ae25-ae6705c87501
2026-05-04 12:39:48.852 7 INFO neutron_taas.services.taas.tap_mirror_plugin [None req-409e39fc-77d0-43dd-92c3-24ecf03b397a f7fb6e31726a407aab475665cd8a9d1c 1e3c6b5427f94b2ca861dabfb048642b - - default default] Tap Mirror: Handle Delete Port: efc5bf2f-291e-4e32-ae25-ae6705c87501
2026-05-04 12:39:48.933 8 INFO neutron.db.ovn_revision_numbers_db [None req-9ee3a6f6-93f7-4913-b7d6-29843f453a69 a0d22359523543dd97173daafdd4a6d6 763451d2b9b749abb59cf8ccfcdd1276 - - default default] Successfully bumped revision number for resource a76e2379-5808-4b3e-8574-34736ed0489c (type: security_groups) to 1 [pid: 7|app: 0|req: 830/1604] 10.0.0.165 () {32 vars in 720 bytes} [Mon May 4 12:39:48 2026] DELETE /v2.0/ports/efc5bf2f-291e-4e32-ae25-ae6705c87501 => generated 0 bytes in 188 msecs (HTTP/1.1 204) 3 headers in 131 bytes (1 switches on core 0)
2026-05-04 12:39:48.946 8 INFO neutron.db.ovn_revision_numbers_db [None req-9ee3a6f6-93f7-4913-b7d6-29843f453a69 a0d22359523543dd97173daafdd4a6d6 763451d2b9b749abb59cf8ccfcdd1276 - - default default] Successfully bumped revision number for resource 1116130f-11e4-49e1-b789-eaf5d94f2089 (type: security_group_rules) to 0
2026-05-04 12:39:48.959 8 INFO neutron.db.ovn_revision_numbers_db [None req-9ee3a6f6-93f7-4913-b7d6-29843f453a69 a0d22359523543dd97173daafdd4a6d6 763451d2b9b749abb59cf8ccfcdd1276 - - default default] Successfully bumped revision number for resource 66b2fd9f-0f8a-46ea-b341-61bf96479f26 (type: security_group_rules) to 0
2026-05-04 12:39:48.970 8 INFO neutron.db.ovn_revision_numbers_db [None req-9ee3a6f6-93f7-4913-b7d6-29843f453a69 a0d22359523543dd97173daafdd4a6d6 763451d2b9b749abb59cf8ccfcdd1276 - - default default] Successfully bumped revision number for resource e7f6c0f6-35d1-4fe8-a70e-609b00107e3d (type: security_group_rules) to 0
2026-05-04 12:39:48.981 8 INFO neutron.db.ovn_revision_numbers_db [None req-9ee3a6f6-93f7-4913-b7d6-29843f453a69 a0d22359523543dd97173daafdd4a6d6 763451d2b9b749abb59cf8ccfcdd1276 - - default default] Successfully bumped revision number for resource e8a3fcdb-b35a-4845-bf22-f6b4fbc8bd6e (type: security_group_rules) to 0 [pid: 7|app: 0|req: 831/1605] 10.0.0.165 () {32 vars in 643 bytes} [Mon May 4 12:39:48 2026] GET /v2.0/ports => generated 1523 bytes in 42 msecs (HTTP/1.1 200) 4 headers in 158 bytes (1 switches on core 0) [pid: 8|app: 0|req: 775/1606] 10.0.0.165 () {32 vars in 774 bytes} [Mon May 4 12:39:48 2026] GET /v2.0/security-groups?tenant_id=5da80b73c4154c568146dcb9f09878a6&name=default => generated 2925 bytes in 224 msecs (HTTP/1.1 200) 4 headers in 158 bytes (1 switches on core 0)
2026-05-04 12:39:49.092 7 INFO neutron.db.segments_db [None req-3219cc3d-9816-4929-b1de-1057de9e820e f7fb6e31726a407aab475665cd8a9d1c 1e3c6b5427f94b2ca861dabfb048642b - - default default] Added segment 4e2a7dbf-1d83-4aba-a151-ddb3fd562905 of type geneve for network 8c5150a6-5907-4f26-8715-6554fba33965
2026-05-04 12:39:49.196 7 INFO neutron.db.ovn_revision_numbers_db [None req-3219cc3d-9816-4929-b1de-1057de9e820e f7fb6e31726a407aab475665cd8a9d1c 1e3c6b5427f94b2ca861dabfb048642b - - default default] Successfully bumped revision number for resource 8c5150a6-5907-4f26-8715-6554fba33965 (type: networks) to 1 [pid: 8|app: 0|req: 776/1607] 10.0.0.165 () {32 vars in 740 bytes} [Mon May 4 12:39:49 2026] DELETE /v2.0/security-groups/a76e2379-5808-4b3e-8574-34736ed0489c => generated 0 bytes in 182 msecs (HTTP/1.1 204) 2 headers in 112 bytes (1 switches on core 0)
2026-05-04 12:39:49.739 7 WARNING neutron.scheduler.dhcp_agent_scheduler [None req-3219cc3d-9816-4929-b1de-1057de9e820e f7fb6e31726a407aab475665cd8a9d1c 1e3c6b5427f94b2ca861dabfb048642b - - default default] No more DHCP agents
2026-05-04 12:39:49.739 7 WARNING neutron.api.rpc.agentnotifiers.dhcp_rpc_agent_api [None req-3219cc3d-9816-4929-b1de-1057de9e820e f7fb6e31726a407aab475665cd8a9d1c 1e3c6b5427f94b2ca861dabfb048642b - - default default] Unable to schedule network 8c5150a6-5907-4f26-8715-6554fba33965: no agents available; will retry on subsequent port and subnet creation events.
2026-05-04 12:39:49.786 7 INFO neutron.plugins.ml2.drivers.ovn.mech_driver.mech_driver [None req-e235fcd9-7f9e-4b94-a467-fca2c7652111 - - - - - -] OVN reports status down for port: d6cabf9e-81e0-4e10-947b-49da7c2ab882
2026-05-04 12:39:49.787 8 WARNING neutron.db.securitygroups_db [None req-fc489ca5-b3b7-46d7-bf35-820723036e8c a0d22359523543dd97173daafdd4a6d6 763451d2b9b749abb59cf8ccfcdd1276 - - default default] project_id key not found in filters, using tenant_id instead. This support has been deprecated and will be removed in a future release.
2026-05-04 12:39:49.839 7 INFO neutron.db.ovn_revision_numbers_db [None req-3219cc3d-9816-4929-b1de-1057de9e820e f7fb6e31726a407aab475665cd8a9d1c 1e3c6b5427f94b2ca861dabfb048642b - - default default] Successfully bumped revision number for resource d6cabf9e-81e0-4e10-947b-49da7c2ab882 (type: ports) to 1 [pid: 7|app: 0|req: 832/1608] 10.0.0.165 () {34 vars in 670 bytes} [Mon May 4 12:39:49 2026] POST /v2.0/networks => generated 692 bytes in 888 msecs (HTTP/1.1 201) 4 headers in 162 bytes (1 switches on core 0)
2026-05-04 12:39:49.903 8 INFO neutron.db.ovn_revision_numbers_db [None req-fc489ca5-b3b7-46d7-bf35-820723036e8c a0d22359523543dd97173daafdd4a6d6 763451d2b9b749abb59cf8ccfcdd1276 - - default default] Successfully bumped revision number for resource 9fc0929d-d4c8-4900-b376-c08b7e8f52c4 (type: security_groups) to 1
2026-05-04 12:39:49.916 8 INFO neutron.db.ovn_revision_numbers_db [None req-fc489ca5-b3b7-46d7-bf35-820723036e8c a0d22359523543dd97173daafdd4a6d6 763451d2b9b749abb59cf8ccfcdd1276 - - default default] Successfully bumped revision number for resource 6573cb7f-7c0e-4293-87b3-66f202045cc5 (type: security_group_rules) to 0
2026-05-04 12:39:49.927 8 INFO neutron.db.ovn_revision_numbers_db [None req-fc489ca5-b3b7-46d7-bf35-820723036e8c a0d22359523543dd97173daafdd4a6d6 763451d2b9b749abb59cf8ccfcdd1276 - - default default] Successfully bumped revision number for resource 92e1ed99-8b36-499e-9d6e-09695ca5d085 (type: security_group_rules) to 0
2026-05-04 12:39:49.936 8 INFO neutron.db.ovn_revision_numbers_db [None req-fc489ca5-b3b7-46d7-bf35-820723036e8c a0d22359523543dd97173daafdd4a6d6 763451d2b9b749abb59cf8ccfcdd1276 - - default default] Successfully bumped revision number for resource ec045650-8426-40df-8a14-6d419994c35e (type: security_group_rules) to 0
2026-05-04 12:39:49.947 8 INFO neutron.db.ovn_revision_numbers_db [None req-fc489ca5-b3b7-46d7-bf35-820723036e8c a0d22359523543dd97173daafdd4a6d6 763451d2b9b749abb59cf8ccfcdd1276 - - default default] Successfully bumped revision number for resource f7149307-aaf5-45dc-b09a-0c4b4ea9d49c (type: security_group_rules) to 0
2026-05-04 12:39:49.980 7 INFO neutron.db.segments_db [None req-eb326fe2-1a66-466e-a9bc-c3f2cb885d2d f7fb6e31726a407aab475665cd8a9d1c 1e3c6b5427f94b2ca861dabfb048642b - - default default] Added segment 3c87c759-6453-48d3-8fa9-3800182a3769 of type geneve for network cd71ddbf-082c-4c9a-8461-005f8b8a4e37 [pid: 8|app: 0|req: 777/1609] 10.0.0.165 () {32 vars in 774 bytes} [Mon May 4 12:39:49 2026] GET /v2.0/security-groups?tenant_id=810382fef44b4fe68ad2a397ac23eef7&name=default => generated 2925 bytes in 347 msecs (HTTP/1.1 200) 4 headers in 158 bytes (1 switches on core 0)
2026-05-04 12:39:50.090 7 INFO neutron.db.ovn_revision_numbers_db [None req-eb326fe2-1a66-466e-a9bc-c3f2cb885d2d f7fb6e31726a407aab475665cd8a9d1c 1e3c6b5427f94b2ca861dabfb048642b - - default default] Successfully bumped revision number for resource cd71ddbf-082c-4c9a-8461-005f8b8a4e37 (type: networks) to 1 [pid: 8|app: 0|req: 778/1610] 10.0.0.165 () {32 vars in 740 bytes} [Mon May 4 12:39:49 2026] DELETE /v2.0/security-groups/9fc0929d-d4c8-4900-b376-c08b7e8f52c4 => generated 0 bytes in 167 msecs (HTTP/1.1 204) 2 headers in 112 bytes (1 switches on core 0)
2026-05-04 12:39:50.241 7 WARNING neutron.scheduler.dhcp_agent_scheduler [None req-eb326fe2-1a66-466e-a9bc-c3f2cb885d2d f7fb6e31726a407aab475665cd8a9d1c 1e3c6b5427f94b2ca861dabfb048642b - - default default] No more DHCP agents
2026-05-04 12:39:50.242 7 WARNING neutron.api.rpc.agentnotifiers.dhcp_rpc_agent_api [None req-eb326fe2-1a66-466e-a9bc-c3f2cb885d2d f7fb6e31726a407aab475665cd8a9d1c 1e3c6b5427f94b2ca861dabfb048642b - - default default] Unable to schedule network cd71ddbf-082c-4c9a-8461-005f8b8a4e37: no agents available; will retry on subsequent port and subnet creation events.
2026-05-04 12:39:50.279 8 INFO neutron.plugins.ml2.drivers.ovn.mech_driver.mech_driver [None req-75145580-9722-4c38-83cd-fc06950ec106 - - - - - -] OVN reports status down for port: 90359bde-356f-48a1-8517-87c3916d2bff
2026-05-04 12:39:50.305 8 WARNING neutron.db.securitygroups_db [None req-223fc4c4-164c-411f-b95d-c87955d01ed3 a0d22359523543dd97173daafdd4a6d6 763451d2b9b749abb59cf8ccfcdd1276 - - default default] project_id key not found in filters, using tenant_id instead. This support has been deprecated and will be removed in a future release.
2026-05-04 12:39:50.313 7 INFO neutron.db.ovn_revision_numbers_db [None req-eb326fe2-1a66-466e-a9bc-c3f2cb885d2d f7fb6e31726a407aab475665cd8a9d1c 1e3c6b5427f94b2ca861dabfb048642b - - default default] Successfully bumped revision number for resource 90359bde-356f-48a1-8517-87c3916d2bff (type: ports) to 1 [pid: 7|app: 0|req: 833/1613] 10.0.0.165 () {34 vars in 670 bytes} [Mon May 4 12:39:49 2026] POST /v2.0/networks => generated 691 bytes in 442 msecs (HTTP/1.1 201) 4 headers in 162 bytes (1 switches on core 0) [pid: 8|app: 0|req: 781/1614] 10.0.0.165 () {32 vars in 774 bytes} [Mon May 4 12:39:50 2026] GET /v2.0/security-groups?tenant_id=ba42753ef197497bbe5ca26246d81635&name=default => generated 2925 bytes in 52 msecs (HTTP/1.1 200) 4 headers in 158 bytes (1 switches on core 0) [pid: 7|app: 0|req: 834/1615] 10.0.0.165 () {32 vars in 740 bytes} [Mon May 4 12:39:50 2026] DELETE /v2.0/security-groups/282dee08-7244-473d-a9ee-b6a6c57f949e => generated 0 bytes in 141 msecs (HTTP/1.1 204) 2 headers in 112 bytes (1 switches on core 0)
2026-05-04 12:39:50.636 8 WARNING neutron.db.securitygroups_db [None req-d13edc6b-55e0-4247-88d7-572a42e2b458 a0d22359523543dd97173daafdd4a6d6 763451d2b9b749abb59cf8ccfcdd1276 - - default default] project_id key not found in filters, using tenant_id instead. This support has been deprecated and will be removed in a future release.
2026-05-04 12:39:50.750 8 INFO neutron.db.ovn_revision_numbers_db [None req-d13edc6b-55e0-4247-88d7-572a42e2b458 a0d22359523543dd97173daafdd4a6d6 763451d2b9b749abb59cf8ccfcdd1276 - - default default] Successfully bumped revision number for resource 5da1ece6-6cc3-40f1-a928-6564d12485c2 (type: security_groups) to 1
2026-05-04 12:39:50.762 8 INFO neutron.db.ovn_revision_numbers_db [None req-d13edc6b-55e0-4247-88d7-572a42e2b458 a0d22359523543dd97173daafdd4a6d6 763451d2b9b749abb59cf8ccfcdd1276 - - default default] Successfully bumped revision number for resource d032e5e7-77f9-4337-88b5-eb7928d122a7 (type: security_group_rules) to 0
2026-05-04 12:39:50.774 8 INFO neutron.db.ovn_revision_numbers_db [None req-d13edc6b-55e0-4247-88d7-572a42e2b458 a0d22359523543dd97173daafdd4a6d6 763451d2b9b749abb59cf8ccfcdd1276 - - default default] Successfully bumped revision number for resource d8bbe258-1a00-4269-8010-6fc24c79f165 (type: security_group_rules) to 0
2026-05-04 12:39:50.785 8 INFO neutron.db.ovn_revision_numbers_db [None req-d13edc6b-55e0-4247-88d7-572a42e2b458 a0d22359523543dd97173daafdd4a6d6 763451d2b9b749abb59cf8ccfcdd1276 - - default default] Successfully bumped revision number for resource f569cba9-9e00-44e7-b168-14f25888d5a6 (type: security_group_rules) to 0
2026-05-04 12:39:50.797 8 INFO neutron.db.ovn_revision_numbers_db [None req-d13edc6b-55e0-4247-88d7-572a42e2b458 a0d22359523543dd97173daafdd4a6d6 763451d2b9b749abb59cf8ccfcdd1276 - - default default] Successfully bumped revision number for resource f71174d7-fd7a-43e3-a0da-a978bc73b6f8 (type: security_group_rules) to 0 [pid: 8|app: 0|req: 782/1616] 10.0.0.165 () {32 vars in 774 bytes} [Mon May 4 12:39:50 2026] GET /v2.0/security-groups?tenant_id=24d99e2d95bc42a792da96dc6222b906&name=default => generated 2925 bytes in 199 msecs (HTTP/1.1 200) 4 headers in 158 bytes (1 switches on core 0) [pid: 7|app: 0|req: 835/1617] 10.0.0.165 () {32 vars in 740 bytes} [Mon May 4 12:39:50 2026] DELETE /v2.0/security-groups/5da1ece6-6cc3-40f1-a928-6564d12485c2 => generated 0 bytes in 153 msecs (HTTP/1.1 204) 2 headers in 112 bytes (1 switches on core 0)
2026-05-04 12:39:51.242 8 WARNING neutron.scheduler.dhcp_agent_scheduler [None req-a203e6d4-6b50-4a1d-8a1f-4b7b378654a9 f7fb6e31726a407aab475665cd8a9d1c 1e3c6b5427f94b2ca861dabfb048642b - - default default] No more DHCP agents
2026-05-04 12:39:51.243 8 WARNING neutron.api.rpc.agentnotifiers.dhcp_rpc_agent_api [None req-a203e6d4-6b50-4a1d-8a1f-4b7b378654a9 f7fb6e31726a407aab475665cd8a9d1c 1e3c6b5427f94b2ca861dabfb048642b - - default default] Unable to schedule network 8c5150a6-5907-4f26-8715-6554fba33965: no agents available; will retry on subsequent port and subnet creation events.
2026-05-04 12:39:51.269 8 INFO neutron.db.ovn_revision_numbers_db [None req-a203e6d4-6b50-4a1d-8a1f-4b7b378654a9 f7fb6e31726a407aab475665cd8a9d1c 1e3c6b5427f94b2ca861dabfb048642b - - default default] Successfully bumped revision number for resource 29c8f75b-eb15-4556-a8be-f860c0034b40 (type: subnets) to 0
2026-05-04 12:39:51.296 8 WARNING neutron.scheduler.dhcp_agent_scheduler [None req-a203e6d4-6b50-4a1d-8a1f-4b7b378654a9 f7fb6e31726a407aab475665cd8a9d1c 1e3c6b5427f94b2ca861dabfb048642b - - default default] No more DHCP agents
2026-05-04 12:39:51.297 8 WARNING neutron.api.rpc.agentnotifiers.dhcp_rpc_agent_api [None req-a203e6d4-6b50-4a1d-8a1f-4b7b378654a9 f7fb6e31726a407aab475665cd8a9d1c 1e3c6b5427f94b2ca861dabfb048642b - - default default] Unable to schedule network cd71ddbf-082c-4c9a-8461-005f8b8a4e37: no agents available; will retry on subsequent port and subnet creation events.
2026-05-04 12:39:51.333 8 INFO neutron.db.ovn_revision_numbers_db [None req-a203e6d4-6b50-4a1d-8a1f-4b7b378654a9 f7fb6e31726a407aab475665cd8a9d1c 1e3c6b5427f94b2ca861dabfb048642b - - default default] Successfully bumped revision number for resource 59d6a7e3-447b-4cea-a5c7-283d08aca391 (type: subnets) to 0 [pid: 8|app: 0|req: 783/1618] 10.0.0.165 () {34 vars in 669 bytes} [Mon May 4 12:39:50 2026] POST /v2.0/subnets => generated 1324 bytes in 432 msecs (HTTP/1.1 201) 4 headers in 163 bytes (1 switches on core 0) [pid: 7|app: 0|req: 836/1619] 10.0.0.165 () {32 vars in 647 bytes} [Mon May 4 12:39:51 2026] GET /v2.0/subnets => generated 1960 bytes in 29 msecs (HTTP/1.1 200) 4 headers in 158 bytes (1 switches on core 0) [pid: 8|app: 0|req: 784/1620] 10.0.0.165 () {32 vars in 724 bytes} [Mon May 4 12:39:51 2026] DELETE /v2.0/subnets/29c8f75b-eb15-4556-a8be-f860c0034b40 => generated 0 bytes in 129 msecs (HTTP/1.1 204) 3 headers in 131 bytes (1 switches on core 0) [pid: 7|app: 0|req: 837/1621] 10.0.0.165 () {32 vars in 724 bytes} [Mon May 4 12:39:51 2026] DELETE /v2.0/subnets/59d6a7e3-447b-4cea-a5c7-283d08aca391 => generated 0 bytes in 128 msecs (HTTP/1.1 204) 3 headers in 131 bytes (1 switches on core 0) [pid: 8|app: 0|req: 785/1622] 10.0.0.165 () {32 vars in 647 bytes} [Mon May 4 12:39:51 2026] GET /v2.0/subnets => generated 649 bytes in 49 msecs (HTTP/1.1 200) 4 headers in 157 bytes (1 switches on core 0)
2026-05-04 12:39:51.861 7 INFO neutron_taas.services.taas.taas_plugin [None req-1bd8e109-183a-446b-b5fd-598f76b6e5f2 f7fb6e31726a407aab475665cd8a9d1c 1e3c6b5427f94b2ca861dabfb048642b - - default default] TaaS: Handle Delete Port: 90359bde-356f-48a1-8517-87c3916d2bff
2026-05-04 12:39:51.864 7 INFO neutron_taas.services.taas.tap_mirror_plugin [None req-1bd8e109-183a-446b-b5fd-598f76b6e5f2 f7fb6e31726a407aab475665cd8a9d1c 1e3c6b5427f94b2ca861dabfb048642b - - default default] Tap Mirror: Handle Delete Port: 90359bde-356f-48a1-8517-87c3916d2bff
2026-05-04 12:39:52.056 7 INFO neutron.services.segments.plugin [-] Segment 3c87c759-6453-48d3-8fa9-3800182a3769 resource provider aggregate not found
2026-05-04 12:39:52.063 7 INFO neutron.services.segments.plugin [-] Segment 3c87c759-6453-48d3-8fa9-3800182a3769 resource provider aggregate not found
2026-05-04 12:39:52.082 7 INFO neutron.services.segments.plugin [-] Segment 3c87c759-6453-48d3-8fa9-3800182a3769 resource provider not found; error: Placement Client Error (4xx): {"errors": [{"status": 404, "title": "Not Found", "detail": "The resource could not be found.\n\n No resource provider with uuid 3c87c759-6453-48d3-8fa9-3800182a3769 found for delete ", "request_id": "req-32547af9-99e5-4ec8-b241-079aef81196d"}]}
2026-05-04 12:39:52.086 7 INFO neutron.services.segments.plugin [-] Segment 3c87c759-6453-48d3-8fa9-3800182a3769 resource provider not found; error: Placement Client Error (4xx): {"errors": [{"status": 404, "title": "Not Found", "detail": "The resource could not be found.\n\n No resource provider with uuid 3c87c759-6453-48d3-8fa9-3800182a3769 found for delete ", "request_id": "req-bef3cdeb-558e-4e60-af0c-d7251c4208e6"}]} [pid: 7|app: 0|req: 838/1623] 10.0.0.165 () {32 vars in 726 bytes} [Mon May 4 12:39:51 2026] DELETE /v2.0/networks/cd71ddbf-082c-4c9a-8461-005f8b8a4e37 => generated 0 bytes in 370 msecs (HTTP/1.1 204) 3 headers in 131 bytes (1 switches on core 0)
2026-05-04 12:39:52.238 7 WARNING neutron.db.securitygroups_db [None req-6d0b5e92-9a89-4c75-89cc-60643e8119b2 a0d22359523543dd97173daafdd4a6d6 763451d2b9b749abb59cf8ccfcdd1276 - - default default] project_id key not found in filters, using tenant_id instead. This support has been deprecated and will be removed in a future release.
2026-05-04 12:39:52.262 8 INFO neutron_taas.services.taas.taas_plugin [None req-0355c8c4-4695-4790-be9c-8971a6c34e8a f7fb6e31726a407aab475665cd8a9d1c 1e3c6b5427f94b2ca861dabfb048642b - - default default] TaaS: Handle Delete Port: d6cabf9e-81e0-4e10-947b-49da7c2ab882
2026-05-04 12:39:52.267 8 INFO neutron_taas.services.taas.tap_mirror_plugin [None req-0355c8c4-4695-4790-be9c-8971a6c34e8a f7fb6e31726a407aab475665cd8a9d1c 1e3c6b5427f94b2ca861dabfb048642b - - default default] Tap Mirror: Handle Delete Port: d6cabf9e-81e0-4e10-947b-49da7c2ab882
2026-05-04 12:39:52.382 7 INFO neutron.db.ovn_revision_numbers_db [None req-6d0b5e92-9a89-4c75-89cc-60643e8119b2 a0d22359523543dd97173daafdd4a6d6 763451d2b9b749abb59cf8ccfcdd1276 - - default default] Successfully bumped revision number for resource 3d3a1ce3-4f7b-40a5-97b2-9475e2b96d0c (type: security_groups) to 1
2026-05-04 12:39:52.415 7 INFO neutron.db.ovn_revision_numbers_db [None req-6d0b5e92-9a89-4c75-89cc-60643e8119b2 a0d22359523543dd97173daafdd4a6d6 763451d2b9b749abb59cf8ccfcdd1276 - - default default] Successfully bumped revision number for resource 72007d2c-ec7a-40b0-a2df-5eeea1b9635c (type: security_group_rules) to 0
2026-05-04 12:39:52.427 7 INFO neutron.db.ovn_revision_numbers_db [None req-6d0b5e92-9a89-4c75-89cc-60643e8119b2 a0d22359523543dd97173daafdd4a6d6 763451d2b9b749abb59cf8ccfcdd1276 - - default default] Successfully bumped revision number for resource 823081a2-ad15-431b-9300-f6bb5c465533 (type: security_group_rules) to 0
2026-05-04 12:39:52.440 7 INFO neutron.db.ovn_revision_numbers_db [None req-6d0b5e92-9a89-4c75-89cc-60643e8119b2 a0d22359523543dd97173daafdd4a6d6 763451d2b9b749abb59cf8ccfcdd1276 - - default default] Successfully bumped revision number for resource c327c280-d92b-4385-9539-de8bc2e6225c (type: security_group_rules) to 0
2026-05-04 12:39:52.454 7 INFO neutron.db.ovn_revision_numbers_db [None req-6d0b5e92-9a89-4c75-89cc-60643e8119b2 a0d22359523543dd97173daafdd4a6d6 763451d2b9b749abb59cf8ccfcdd1276 - - default default] Successfully bumped revision number for resource ffbfa220-381b-4bda-b548-0513bfccb0c5 (type: security_group_rules) to 0
2026-05-04 12:39:52.461 8 INFO neutron.services.segments.plugin [-] Segment 4e2a7dbf-1d83-4aba-a151-ddb3fd562905 resource provider aggregate not found
2026-05-04 12:39:52.471 8 INFO neutron.services.segments.plugin [-] Segment 4e2a7dbf-1d83-4aba-a151-ddb3fd562905 resource provider aggregate not found
2026-05-04 12:39:52.474 8 INFO neutron.services.segments.plugin [-] Segment 4e2a7dbf-1d83-4aba-a151-ddb3fd562905 resource provider not found; error: Placement Client Error (4xx): {"errors": [{"status": 404, "title": "Not Found", "detail": "The resource could not be found.\n\n No resource provider with uuid 4e2a7dbf-1d83-4aba-a151-ddb3fd562905 found for delete ", "request_id": "req-2e63416c-831b-4a69-878b-bbad07c74bb0"}]}
