2026-05-04 12:42:06.135 7 INFO placement.requestlog [req-0f6f7c71-b199-4f29-8cd4-d627dd1ee5e9 req-abc49d6d-a43a-4e05-a4b1-e4b6daaad63e 060f7b160bb44afeba11097c2e77ca63 2b4dc835f1504985920d91d9a30892e5 - - 0ad601fc1b6c49659a4ddb7e72eb884e 0ad601fc1b6c49659a4ddb7e72eb884e] 199.204.45.227 "GET /resource_providers/23473655-d224-47ec-893e-fca19340e61c/allocations" status: 200 len: 253 microversion: 1.0 [pid: 7|app: 0|req: 507/1008] 199.204.45.227 () {32 vars in 856 bytes} [Mon May 4 12:42:06 2026] GET /resource_providers/23473655-d224-47ec-893e-fca19340e61c/allocations => generated 253 bytes in 16 msecs (HTTP/1.1 200) 6 headers in 224 bytes (1 switches on core 0)
2026-05-04 12:42:06.164 8 INFO placement.requestlog [req-0f6f7c71-b199-4f29-8cd4-d627dd1ee5e9 req-26c0cfe9-ec33-44fb-b5bd-cc16332d684f 060f7b160bb44afeba11097c2e77ca63 2b4dc835f1504985920d91d9a30892e5 - - 0ad601fc1b6c49659a4ddb7e72eb884e 0ad601fc1b6c49659a4ddb7e72eb884e] 199.204.45.227 "GET /allocations/2133e6f3-2ba5-4747-bdd8-c11e015430a4" status: 200 len: 258 microversion: 1.28 [pid: 8|app: 0|req: 502/1009] 199.204.45.227 () {34 vars in 862 bytes} [Mon May 4 12:42:06 2026] GET /allocations/2133e6f3-2ba5-4747-bdd8-c11e015430a4 => generated 258 bytes in 22 msecs (HTTP/1.1 200) 8 headers in 296 bytes (1 switches on core 0)
2026-05-04 12:42:06.194 7 INFO placement.requestlog [req-0f6f7c71-b199-4f29-8cd4-d627dd1ee5e9 req-488880ed-d438-4c9a-9470-7f6d5af9255b 060f7b160bb44afeba11097c2e77ca63 2b4dc835f1504985920d91d9a30892e5 - - 0ad601fc1b6c49659a4ddb7e72eb884e 0ad601fc1b6c49659a4ddb7e72eb884e] 199.204.45.227 "GET /allocations/d999ea0a-1f02-4b0b-a696-95869b0080c3" status: 200 len: 258 microversion: 1.28 [pid: 7|app: 0|req: 508/1010] 199.204.45.227 () {34 vars in 862 bytes} [Mon May 4 12:42:06 2026] GET /allocations/d999ea0a-1f02-4b0b-a696-95869b0080c3 => generated 258 bytes in 22 msecs (HTTP/1.1 200) 8 headers in 296 bytes (1 switches on core 0)
2026-05-04 12:42:06.929 8 INFO placement.requestlog [None req-c9bb591b-3a94-4fca-b1e3-bb27c0c9edb9 2bf6cce937994ae6ac8564d334dc0371 2b4dc835f1504985920d91d9a30892e5 - - 0ad601fc1b6c49659a4ddb7e72eb884e 0ad601fc1b6c49659a4ddb7e72eb884e] 10.0.0.172 "GET /resource_providers/83bd6730-d7e1-48eb-9fd0-45a611a35297/aggregates" status: 404 len: 235 microversion: 1.1 [pid: 8|app: 0|req: 503/1011] 10.0.0.172 () {32 vars in 815 bytes} [Mon May 4 12:42:06 2026] GET /resource_providers/83bd6730-d7e1-48eb-9fd0-45a611a35297/aggregates => generated 235 bytes in 9 msecs (HTTP/1.1 404) 5 headers in 202 bytes (1 switches on core 0)
2026-05-04 12:42:06.931 7 INFO placement.requestlog [None req-ccea98db-3ff8-4d1d-bc82-ed7b83cfe39d 2bf6cce937994ae6ac8564d334dc0371 2b4dc835f1504985920d91d9a30892e5 - - 0ad601fc1b6c49659a4ddb7e72eb884e 0ad601fc1b6c49659a4ddb7e72eb884e] 10.0.0.172 "GET /resource_providers/83bd6730-d7e1-48eb-9fd0-45a611a35297/aggregates" status: 404 len: 235 microversion: 1.1 [pid: 7|app: 0|req: 509/1012] 10.0.0.172 () {32 vars in 815 bytes} [Mon May 4 12:42:06 2026] GET /resource_providers/83bd6730-d7e1-48eb-9fd0-45a611a35297/aggregates => generated 235 bytes in 7 msecs (HTTP/1.1 404) 5 headers in 202 bytes (1 switches on core 0)
2026-05-04 12:42:06.944 8 INFO placement.requestlog [None req-8b4e644a-42be-4500-80ce-bff338568db2 2bf6cce937994ae6ac8564d334dc0371 2b4dc835f1504985920d91d9a30892e5 - - 0ad601fc1b6c49659a4ddb7e72eb884e 0ad601fc1b6c49659a4ddb7e72eb884e] 10.0.0.172 "DELETE /resource_providers/83bd6730-d7e1-48eb-9fd0-45a611a35297" status: 404 len: 246 microversion: 1.1 [pid: 8|app: 0|req: 504/1013] 10.0.0.172 () {34 vars in 815 bytes} [Mon May 4 12:42:06 2026] DELETE /resource_providers/83bd6730-d7e1-48eb-9fd0-45a611a35297 => generated 246 bytes in 7 msecs (HTTP/1.1 404) 6 headers in 231 bytes (1 switches on core 0)
2026-05-04 12:42:06.954 7 INFO placement.requestlog [None req-15d71dcd-7be8-40b4-89ad-b984b3dd8531 2bf6cce937994ae6ac8564d334dc0371 2b4dc835f1504985920d91d9a30892e5 - - 0ad601fc1b6c49659a4ddb7e72eb884e 0ad601fc1b6c49659a4ddb7e72eb884e] 10.0.0.172 "DELETE /resource_providers/83bd6730-d7e1-48eb-9fd0-45a611a35297" status: 404 len: 246 microversion: 1.1 [pid: 7|app: 0|req: 510/1014] 10.0.0.172 () {34 vars in 815 bytes} [Mon May 4 12:42:06 2026] DELETE /resource_providers/83bd6730-d7e1-48eb-9fd0-45a611a35297 => generated 246 bytes in 11 msecs (HTTP/1.1 404) 6 headers in 231 bytes (1 switches on core 0)
2026-05-04 12:42:07.264 8 INFO placement.requestlog [None req-ae5258c8-4c27-437a-8914-a79aed78069e 2bf6cce937994ae6ac8564d334dc0371 2b4dc835f1504985920d91d9a30892e5 - - 0ad601fc1b6c49659a4ddb7e72eb884e 0ad601fc1b6c49659a4ddb7e72eb884e] 10.0.0.172 "GET /resource_providers/18c36d42-c8bb-47bc-b654-e58e5d4ca928/aggregates" status: 404 len: 235 microversion: 1.1 [pid: 8|app: 0|req: 505/1015] 10.0.0.172 () {32 vars in 815 bytes} [Mon May 4 12:42:07 2026] GET /resource_providers/18c36d42-c8bb-47bc-b654-e58e5d4ca928/aggregates => generated 235 bytes in 7 msecs (HTTP/1.1 404) 5 headers in 202 bytes (1 switches on core 0)
2026-05-04 12:42:07.278 7 INFO placement.requestlog [None req-49c493aa-341f-46c6-b8de-dc7f3aee3464 2bf6cce937994ae6ac8564d334dc0371 2b4dc835f1504985920d91d9a30892e5 - - 0ad601fc1b6c49659a4ddb7e72eb884e 0ad601fc1b6c49659a4ddb7e72eb884e] 10.0.0.172 "GET /resource_providers/18c36d42-c8bb-47bc-b654-e58e5d4ca928/aggregates" status: 404 len: 235 microversion: 1.1 [pid: 7|app: 0|req: 511/1016] 10.0.0.172 () {32 vars in 815 bytes} [Mon May 4 12:42:07 2026] GET /resource_providers/18c36d42-c8bb-47bc-b654-e58e5d4ca928/aggregates => generated 235 bytes in 19 msecs (HTTP/1.1 404) 5 headers in 202 bytes (1 switches on core 0)
2026-05-04 12:42:07.284 8 INFO placement.requestlog [None req-7053d972-f688-469a-ae37-b909a4660e73 2bf6cce937994ae6ac8564d334dc0371 2b4dc835f1504985920d91d9a30892e5 - - 0ad601fc1b6c49659a4ddb7e72eb884e 0ad601fc1b6c49659a4ddb7e72eb884e] 10.0.0.172 "DELETE /resource_providers/18c36d42-c8bb-47bc-b654-e58e5d4ca928" status: 404 len: 246 microversion: 1.1 [pid: 8|app: 0|req: 506/1017] 10.0.0.172 () {34 vars in 815 bytes} [Mon May 4 12:42:07 2026] DELETE /resource_providers/18c36d42-c8bb-47bc-b654-e58e5d4ca928 => generated 246 bytes in 15 msecs (HTTP/1.1 404) 6 headers in 231 bytes (1 switches on core 0)
2026-05-04 12:42:07.310 7 INFO placement.requestlog [None req-c47b94ff-813c-405b-a45f-7899513944eb 2bf6cce937994ae6ac8564d334dc0371 2b4dc835f1504985920d91d9a30892e5 - - 0ad601fc1b6c49659a4ddb7e72eb884e 0ad601fc1b6c49659a4ddb7e72eb884e] 10.0.0.172 "DELETE /resource_providers/18c36d42-c8bb-47bc-b654-e58e5d4ca928" status: 404 len: 246 microversion: 1.1 [pid: 7|app: 0|req: 512/1018] 10.0.0.172 () {34 vars in 815 bytes} [Mon May 4 12:42:07 2026] DELETE /resource_providers/18c36d42-c8bb-47bc-b654-e58e5d4ca928 => generated 246 bytes in 23 msecs (HTTP/1.1 404) 6 headers in 231 bytes (1 switches on core 0)
2026-05-04 12:42:08.962 8 INFO placement.requestlog [None req-f9387e54-12b7-466e-9462-2ada0d0fe485 2bf6cce937994ae6ac8564d334dc0371 2b4dc835f1504985920d91d9a30892e5 - - 0ad601fc1b6c49659a4ddb7e72eb884e 0ad601fc1b6c49659a4ddb7e72eb884e] 10.0.0.172 "GET /resource_providers/bb05e11d-c9ac-491f-9d64-f74a40a8255f/aggregates" status: 404 len: 235 microversion: 1.1 [pid: 8|app: 0|req: 507/1019] 10.0.0.172 () {32 vars in 815 bytes} [Mon May 4 12:42:08 2026] GET /resource_providers/bb05e11d-c9ac-491f-9d64-f74a40a8255f/aggregates => generated 235 bytes in 7 msecs (HTTP/1.1 404) 5 headers in 202 bytes (1 switches on core 0)
2026-05-04 12:42:08.973 7 INFO placement.requestlog [None req-cbee93ee-c134-4377-936b-169ee1ecba16 2bf6cce937994ae6ac8564d334dc0371 2b4dc835f1504985920d91d9a30892e5 - - 0ad601fc1b6c49659a4ddb7e72eb884e 0ad601fc1b6c49659a4ddb7e72eb884e] 10.0.0.172 "GET /resource_providers/bb05e11d-c9ac-491f-9d64-f74a40a8255f/aggregates" status: 404 len: 235 microversion: 1.1 [pid: 7|app: 0|req: 513/1020] 10.0.0.172 () {32 vars in 815 bytes} [Mon May 4 12:42:08 2026] GET /resource_providers/bb05e11d-c9ac-491f-9d64-f74a40a8255f/aggregates => generated 235 bytes in 11 msecs (HTTP/1.1 404) 5 headers in 202 bytes (1 switches on core 0)
2026-05-04 12:42:08.984 8 INFO placement.requestlog [None req-05596360-cd50-4874-a084-7a4d2cc6bb73 2bf6cce937994ae6ac8564d334dc0371 2b4dc835f1504985920d91d9a30892e5 - - 0ad601fc1b6c49659a4ddb7e72eb884e 0ad601fc1b6c49659a4ddb7e72eb884e] 10.0.0.172 "DELETE /resource_providers/bb05e11d-c9ac-491f-9d64-f74a40a8255f" status: 404 len: 246 microversion: 1.1 [pid: 8|app: 0|req: 508/1021] 10.0.0.172 () {34 vars in 815 bytes} [Mon May 4 12:42:08 2026] DELETE /resource_providers/bb05e11d-c9ac-491f-9d64-f74a40a8255f => generated 246 bytes in 15 msecs (HTTP/1.1 404) 6 headers in 231 bytes (1 switches on core 0)
2026-05-04 12:42:08.995 7 INFO placement.requestlog [None req-8112d50c-4f64-49c4-a20e-85b7c513fbc1 2bf6cce937994ae6ac8564d334dc0371 2b4dc835f1504985920d91d9a30892e5 - - 0ad601fc1b6c49659a4ddb7e72eb884e 0ad601fc1b6c49659a4ddb7e72eb884e] 10.0.0.172 "DELETE /resource_providers/bb05e11d-c9ac-491f-9d64-f74a40a8255f" status: 404 len: 246 microversion: 1.1 [pid: 7|app: 0|req: 514/1022] 10.0.0.172 () {34 vars in 815 bytes} [Mon May 4 12:42:08 2026] DELETE /resource_providers/bb05e11d-c9ac-491f-9d64-f74a40a8255f => generated 246 bytes in 13 msecs (HTTP/1.1 404) 6 headers in 231 bytes (1 switches on core 0)
2026-05-04 12:42:09.006 8 INFO placement.requestlog [None req-446c730f-a14c-4909-865d-818797d2fd42 2bf6cce937994ae6ac8564d334dc0371 2b4dc835f1504985920d91d9a30892e5 - - 0ad601fc1b6c49659a4ddb7e72eb884e 0ad601fc1b6c49659a4ddb7e72eb884e] 10.0.0.172 "GET /resource_providers/c0b2585f-1c55-438b-8068-ead694a56c25/aggregates" status: 404 len: 235 microversion: 1.1 [pid: 8|app: 0|req: 509/1023] 10.0.0.172 () {32 vars in 815 bytes} [Mon May 4 12:42:08 2026] GET /resource_providers/c0b2585f-1c55-438b-8068-ead694a56c25/aggregates => generated 235 bytes in 10 msecs (HTTP/1.1 404) 5 headers in 202 bytes (1 switches on core 0)
2026-05-04 12:42:09.018 7 INFO placement.requestlog [None req-2e7f923f-5a2c-4748-ba54-bbc6882a4bb4 2bf6cce937994ae6ac8564d334dc0371 2b4dc835f1504985920d91d9a30892e5 - - 0ad601fc1b6c49659a4ddb7e72eb884e 0ad601fc1b6c49659a4ddb7e72eb884e] 10.0.0.172 "GET /resource_providers/c0b2585f-1c55-438b-8068-ead694a56c25/aggregates" status: 404 len: 235 microversion: 1.1 [pid: 7|app: 0|req: 515/1024] 10.0.0.172 () {32 vars in 815 bytes} [Mon May 4 12:42:09 2026] GET /resource_providers/c0b2585f-1c55-438b-8068-ead694a56c25/aggregates => generated 235 bytes in 13 msecs (HTTP/1.1 404) 5 headers in 202 bytes (1 switches on core 0)
2026-05-04 12:42:09.026 8 INFO placement.requestlog [None req-aa8422be-6955-4e00-bdcd-0b7678afad54 2bf6cce937994ae6ac8564d334dc0371 2b4dc835f1504985920d91d9a30892e5 - - 0ad601fc1b6c49659a4ddb7e72eb884e 0ad601fc1b6c49659a4ddb7e72eb884e] 10.0.0.172 "DELETE /resource_providers/c0b2585f-1c55-438b-8068-ead694a56c25" status: 404 len: 246 microversion: 1.1 [pid: 8|app: 0|req: 510/1025] 10.0.0.172 () {34 vars in 815 bytes} [Mon May 4 12:42:09 2026] DELETE /resource_providers/c0b2585f-1c55-438b-8068-ead694a56c25 => generated 246 bytes in 8 msecs (HTTP/1.1 404) 6 headers in 231 bytes (1 switches on core 0)
2026-05-04 12:42:09.032 7 INFO placement.requestlog [None req-834aa8bb-dc50-43fa-ba29-79e4ccb37e7f 2bf6cce937994ae6ac8564d334dc0371 2b4dc835f1504985920d91d9a30892e5 - - 0ad601fc1b6c49659a4ddb7e72eb884e 0ad601fc1b6c49659a4ddb7e72eb884e] 10.0.0.172 "DELETE /resource_providers/c0b2585f-1c55-438b-8068-ead694a56c25" status: 404 len: 246 microversion: 1.1 [pid: 7|app: 0|req: 516/1026] 10.0.0.172 () {34 vars in 815 bytes} [Mon May 4 12:42:09 2026] DELETE /resource_providers/c0b2585f-1c55-438b-8068-ead694a56c25 => generated 246 bytes in 6 msecs (HTTP/1.1 404) 6 headers in 231 bytes (1 switches on core 0)
2026-05-04 12:42:09.301 8 INFO placement.requestlog [None req-22874f56-c465-4a14-823c-51eaa149a7f7 2bf6cce937994ae6ac8564d334dc0371 2b4dc835f1504985920d91d9a30892e5 - - 0ad601fc1b6c49659a4ddb7e72eb884e 0ad601fc1b6c49659a4ddb7e72eb884e] 10.0.0.172 "GET /resource_providers/46bd29cb-36ab-4821-ac94-46587ab4cbab/aggregates" status: 404 len: 235 microversion: 1.1 [pid: 8|app: 0|req: 511/1027] 10.0.0.172 () {32 vars in 815 bytes} [Mon May 4 12:42:09 2026] GET /resource_providers/46bd29cb-36ab-4821-ac94-46587ab4cbab/aggregates => generated 235 bytes in 10 msecs (HTTP/1.1 404) 5 headers in 202 bytes (1 switches on core 0)
2026-05-04 12:42:09.324 7 INFO placement.requestlog [None req-99b13db0-2361-4895-adf3-e8f0a4f99097 2bf6cce937994ae6ac8564d334dc0371 2b4dc835f1504985920d91d9a30892e5 - - 0ad601fc1b6c49659a4ddb7e72eb884e 0ad601fc1b6c49659a4ddb7e72eb884e] 10.0.0.172 "DELETE /resource_providers/46bd29cb-36ab-4821-ac94-46587ab4cbab" status: 404 len: 246 microversion: 1.1 [pid: 7|app: 0|req: 517/1028] 10.0.0.172 () {34 vars in 815 bytes} [Mon May 4 12:42:09 2026] DELETE /resource_providers/46bd29cb-36ab-4821-ac94-46587ab4cbab => generated 246 bytes in 12 msecs (HTTP/1.1 404) 6 headers in 231 bytes (1 switches on core 0)
2026-05-04 12:42:09.331 8 INFO placement.requestlog [None req-ec8b3dfa-b726-4c66-be38-c78a8a81a573 2bf6cce937994ae6ac8564d334dc0371 2b4dc835f1504985920d91d9a30892e5 - - 0ad601fc1b6c49659a4ddb7e72eb884e 0ad601fc1b6c49659a4ddb7e72eb884e] 10.0.0.172 "GET /resource_providers/46bd29cb-36ab-4821-ac94-46587ab4cbab/aggregates" status: 404 len: 235 microversion: 1.1 [pid: 8|app: 0|req: 512/1029] 10.0.0.172 () {32 vars in 815 bytes} [Mon May 4 12:42:09 2026] GET /resource_providers/46bd29cb-36ab-4821-ac94-46587ab4cbab/aggregates => generated 235 bytes in 9 msecs (HTTP/1.1 404) 5 headers in 202 bytes (1 switches on core 0)
2026-05-04 12:42:09.350 7 INFO placement.requestlog [None req-edc141c6-c65c-4e12-9f08-ae96147dffc6 2bf6cce937994ae6ac8564d334dc0371 2b4dc835f1504985920d91d9a30892e5 - - 0ad601fc1b6c49659a4ddb7e72eb884e 0ad601fc1b6c49659a4ddb7e72eb884e] 10.0.0.172 "DELETE /resource_providers/46bd29cb-36ab-4821-ac94-46587ab4cbab" status: 404 len: 246 microversion: 1.1 [pid: 7|app: 0|req: 518/1030] 10.0.0.172 () {34 vars in 815 bytes} [Mon May 4 12:42:09 2026] DELETE /resource_providers/46bd29cb-36ab-4821-ac94-46587ab4cbab => generated 246 bytes in 9 msecs (HTTP/1.1 404) 6 headers in 231 bytes (1 switches on core 0)
2026-05-04 12:42:09.993 8 INFO placement.requestlog [req-f0ee6b6f-0e08-4a35-b811-facbea639fc8 req-51d82864-7ab8-4fe0-8698-e69b6ce2f34e 060f7b160bb44afeba11097c2e77ca63 2b4dc835f1504985920d91d9a30892e5 - - 0ad601fc1b6c49659a4ddb7e72eb884e 0ad601fc1b6c49659a4ddb7e72eb884e] 10.0.0.105 "GET /allocation_candidates?limit=1000&resources=MEMORY_MB%3A2048%2CVCPU%3A2&root_required=%21COMPUTE_STATUS_DISABLED" status: 200 len: 2771 microversion: 1.36 [pid: 8|app: 0|req: 513/1031] 10.0.0.105 () {34 vars in 985 bytes} [Mon May 4 12:42:09 2026] GET /allocation_candidates?limit=1000&resources=MEMORY_MB%3A2048%2CVCPU%3A2&root_required=%21COMPUTE_STATUS_DISABLED => generated 2771 bytes in 40 msecs (HTTP/1.1 200) 8 headers in 297 bytes (1 switches on core 0)
2026-05-04 12:42:10.025 7 INFO placement.requestlog [req-f0ee6b6f-0e08-4a35-b811-facbea639fc8 req-1fb4ed23-28c7-404b-b6f7-d5e5ddaa560a 060f7b160bb44afeba11097c2e77ca63 2b4dc835f1504985920d91d9a30892e5 - - 0ad601fc1b6c49659a4ddb7e72eb884e 0ad601fc1b6c49659a4ddb7e72eb884e] 10.0.0.105 "GET /allocations/6178cbd2-e0fd-41ed-85fd-8a07d4e907ff" status: 200 len: 19 microversion: 1.28 [pid: 7|app: 0|req: 519/1032] 10.0.0.105 () {34 vars in 860 bytes} [Mon May 4 12:42:10 2026] GET /allocations/6178cbd2-e0fd-41ed-85fd-8a07d4e907ff => generated 19 bytes in 8 msecs (HTTP/1.1 200) 8 headers in 295 bytes (1 switches on core 0)
2026-05-04 12:42:10.098 8 INFO placement.requestlog [req-f0ee6b6f-0e08-4a35-b811-facbea639fc8 req-6719ef9c-9dd9-40fc-80a4-3ed85ca1a2a4 060f7b160bb44afeba11097c2e77ca63 2b4dc835f1504985920d91d9a30892e5 - - 0ad601fc1b6c49659a4ddb7e72eb884e 0ad601fc1b6c49659a4ddb7e72eb884e] 10.0.0.105 "PUT /allocations/6178cbd2-e0fd-41ed-85fd-8a07d4e907ff" status: 204 len: 0 microversion: 1.36 [pid: 8|app: 0|req: 514/1033] 10.0.0.105 () {38 vars in 913 bytes} [Mon May 4 12:42:10 2026] PUT /allocations/6178cbd2-e0fd-41ed-85fd-8a07d4e907ff => generated 0 bytes in 68 msecs (HTTP/1.1 204) 5 headers in 199 bytes (1 switches on core 0)
2026-05-04 12:42:10.265 8 INFO placement.requestlog [None req-a2d0143d-9d5a-4d71-9080-190a3770693f - - - - - -] 10.0.0.187 "GET /" status: 200 len: 136 microversion: 1.0
2026-05-04 12:42:10.267 7 INFO placement.requestlog [None req-ab93cd8a-4842-4ede-abc9-f06734a94a4a - - - - - -] 10.0.0.187 "GET /" status: 200 len: 136 microversion: 1.0
2026-05-04 12:42:11.342 8 INFO placement.requestlog [None req-81d0153f-44f3-4ad1-b5d1-246486a84822 2bf6cce937994ae6ac8564d334dc0371 2b4dc835f1504985920d91d9a30892e5 - - 0ad601fc1b6c49659a4ddb7e72eb884e 0ad601fc1b6c49659a4ddb7e72eb884e] 10.0.0.172 "GET /resource_providers/ceef2f85-be99-49c4-83a0-4119b3076409/aggregates" status: 404 len: 235 microversion: 1.1 [pid: 8|app: 0|req: 516/1036] 10.0.0.172 () {32 vars in 815 bytes} [Mon May 4 12:42:11 2026] GET /resource_providers/ceef2f85-be99-49c4-83a0-4119b3076409/aggregates => generated 235 bytes in 8 msecs (HTTP/1.1 404) 5 headers in 202 bytes (1 switches on core 0)
2026-05-04 12:42:11.356 7 INFO placement.requestlog [None req-c4a402db-a633-4242-9f5b-34fb6485fe38 2bf6cce937994ae6ac8564d334dc0371 2b4dc835f1504985920d91d9a30892e5 - - 0ad601fc1b6c49659a4ddb7e72eb884e 0ad601fc1b6c49659a4ddb7e72eb884e] 10.0.0.172 "DELETE /resource_providers/ceef2f85-be99-49c4-83a0-4119b3076409" status: 404 len: 246 microversion: 1.1 [pid: 7|app: 0|req: 521/1037] 10.0.0.172 () {34 vars in 815 bytes} [Mon May 4 12:42:11 2026] DELETE /resource_providers/ceef2f85-be99-49c4-83a0-4119b3076409 => generated 246 bytes in 7 msecs (HTTP/1.1 404) 6 headers in 231 bytes (1 switches on core 0)
2026-05-04 12:42:11.372 8 INFO placement.requestlog [None req-bd43b6ca-8a84-41cf-8457-d999d09e9310 2bf6cce937994ae6ac8564d334dc0371 2b4dc835f1504985920d91d9a30892e5 - - 0ad601fc1b6c49659a4ddb7e72eb884e 0ad601fc1b6c49659a4ddb7e72eb884e] 10.0.0.172 "GET /resource_providers/ceef2f85-be99-49c4-83a0-4119b3076409/aggregates" status: 404 len: 235 microversion: 1.1 [pid: 8|app: 0|req: 517/1038] 10.0.0.172 () {32 vars in 815 bytes} [Mon May 4 12:42:11 2026] GET /resource_providers/ceef2f85-be99-49c4-83a0-4119b3076409/aggregates => generated 235 bytes in 9 msecs (HTTP/1.1 404) 5 headers in 202 bytes (1 switches on core 0)
2026-05-04 12:42:11.388 7 INFO placement.requestlog [None req-0b5cd43d-0ad0-42e1-b3af-dd104c838deb 2bf6cce937994ae6ac8564d334dc0371 2b4dc835f1504985920d91d9a30892e5 - - 0ad601fc1b6c49659a4ddb7e72eb884e 0ad601fc1b6c49659a4ddb7e72eb884e] 10.0.0.172 "DELETE /resource_providers/ceef2f85-be99-49c4-83a0-4119b3076409" status: 404 len: 246 microversion: 1.1 [pid: 7|app: 0|req: 522/1039] 10.0.0.172 () {34 vars in 815 bytes} [Mon May 4 12:42:11 2026] DELETE /resource_providers/ceef2f85-be99-49c4-83a0-4119b3076409 => generated 246 bytes in 9 msecs (HTTP/1.1 404) 6 headers in 231 bytes (1 switches on core 0)
2026-05-04 12:42:11.605 8 INFO placement.requestlog [req-f0ee6b6f-0e08-4a35-b811-facbea639fc8 req-c4efda3d-9025-40c3-a9a2-0fbaa870dcc2 060f7b160bb44afeba11097c2e77ca63 2b4dc835f1504985920d91d9a30892e5 - - 0ad601fc1b6c49659a4ddb7e72eb884e 0ad601fc1b6c49659a4ddb7e72eb884e] 199.204.45.227 "GET /allocations/6178cbd2-e0fd-41ed-85fd-8a07d4e907ff" status: 200 len: 245 microversion: 1.28 [pid: 8|app: 0|req: 518/1040] 199.204.45.227 () {34 vars in 862 bytes} [Mon May 4 12:42:11 2026] GET /allocations/6178cbd2-e0fd-41ed-85fd-8a07d4e907ff => generated 245 bytes in 14 msecs (HTTP/1.1 200) 8 headers in 296 bytes (1 switches on core 0)
2026-05-04 12:42:12.640 7 INFO placement.requestlog [req-f0ee6b6f-0e08-4a35-b811-facbea639fc8 req-fea3a4fa-b08b-4b28-bbd4-7cb267e11198 060f7b160bb44afeba11097c2e77ca63 2b4dc835f1504985920d91d9a30892e5 - - 0ad601fc1b6c49659a4ddb7e72eb884e 0ad601fc1b6c49659a4ddb7e72eb884e] 199.204.45.227 "GET /resource_providers/23473655-d224-47ec-893e-fca19340e61c/allocations" status: 200 len: 340 microversion: 1.0 [pid: 7|app: 0|req: 523/1041] 199.204.45.227 () {32 vars in 856 bytes} [Mon May 4 12:42:12 2026] GET /resource_providers/23473655-d224-47ec-893e-fca19340e61c/allocations => generated 340 bytes in 11 msecs (HTTP/1.1 200) 6 headers in 224 bytes (1 switches on core 0)
2026-05-04 12:42:12.655 8 INFO placement.requestlog [req-f0ee6b6f-0e08-4a35-b811-facbea639fc8 req-62dc2f2d-c57d-4956-8368-2f46bd3e8662 060f7b160bb44afeba11097c2e77ca63 2b4dc835f1504985920d91d9a30892e5 - - 0ad601fc1b6c49659a4ddb7e72eb884e 0ad601fc1b6c49659a4ddb7e72eb884e] 199.204.45.227 "GET /allocations/6178cbd2-e0fd-41ed-85fd-8a07d4e907ff" status: 200 len: 245 microversion: 1.28 [pid: 8|app: 0|req: 519/1042] 199.204.45.227 () {34 vars in 862 bytes} [Mon May 4 12:42:12 2026] GET /allocations/6178cbd2-e0fd-41ed-85fd-8a07d4e907ff => generated 245 bytes in 11 msecs (HTTP/1.1 200) 8 headers in 296 bytes (1 switches on core 0)
2026-05-04 12:42:12.672 7 INFO placement.requestlog [req-f0ee6b6f-0e08-4a35-b811-facbea639fc8 req-8fb3c65f-a78f-4851-a3f8-335972a0a07d 060f7b160bb44afeba11097c2e77ca63 2b4dc835f1504985920d91d9a30892e5 - - 0ad601fc1b6c49659a4ddb7e72eb884e 0ad601fc1b6c49659a4ddb7e72eb884e] 199.204.45.227 "GET /allocations/2133e6f3-2ba5-4747-bdd8-c11e015430a4" status: 200 len: 258 microversion: 1.28 [pid: 7|app: 0|req: 524/1043] 199.204.45.227 () {34 vars in 862 bytes} [Mon May 4 12:42:12 2026] GET /allocations/2133e6f3-2ba5-4747-bdd8-c11e015430a4 => generated 258 bytes in 11 msecs (HTTP/1.1 200) 8 headers in 296 bytes (1 switches on core 0)
2026-05-04 12:42:12.687 8 INFO placement.requestlog [req-f0ee6b6f-0e08-4a35-b811-facbea639fc8 req-6b50c611-c626-4298-90e1-ee3a55d744de 060f7b160bb44afeba11097c2e77ca63 2b4dc835f1504985920d91d9a30892e5 - - 0ad601fc1b6c49659a4ddb7e72eb884e 0ad601fc1b6c49659a4ddb7e72eb884e] 199.204.45.227 "GET /allocations/d999ea0a-1f02-4b0b-a696-95869b0080c3" status: 200 len: 258 microversion: 1.28 [pid: 8|app: 0|req: 520/1044] 199.204.45.227 () {34 vars in 862 bytes} [Mon May 4 12:42:12 2026] GET /allocations/d999ea0a-1f02-4b0b-a696-95869b0080c3 => generated 258 bytes in 10 msecs (HTTP/1.1 200) 8 headers in 296 bytes (1 switches on core 0)
2026-05-04 12:42:20.264 7 INFO placement.requestlog [None req-2e1ff6fd-7484-415f-8e17-3dd46ca430a8 - - - - - -] 10.0.0.187 "GET /" status: 200 len: 136 microversion: 1.0
2026-05-04 12:42:20.264 8 INFO placement.requestlog [None req-f19ac0c7-628b-4d19-a67a-a48be8cab5e9 - - - - - -] 10.0.0.187 "GET /" status: 200 len: 136 microversion: 1.0
2026-05-04 12:42:21.914 7 INFO placement.requestlog [None req-b14dada1-3048-4512-86cd-b58e7f972a0f 2bf6cce937994ae6ac8564d334dc0371 2b4dc835f1504985920d91d9a30892e5 - - 0ad601fc1b6c49659a4ddb7e72eb884e 0ad601fc1b6c49659a4ddb7e72eb884e] 10.0.0.172 "GET /resource_providers/73ebc392-6e55-4bce-b908-e606e077de86/aggregates" status: 404 len: 235 microversion: 1.1 [pid: 7|app: 0|req: 526/1047] 10.0.0.172 () {32 vars in 815 bytes} [Mon May 4 12:42:21 2026] GET /resource_providers/73ebc392-6e55-4bce-b908-e606e077de86/aggregates => generated 235 bytes in 7 msecs (HTTP/1.1 404) 5 headers in 202 bytes (1 switches on core 0)
2026-05-04 12:42:21.922 8 INFO placement.requestlog [None req-1a22cc60-3b9e-4b36-af1f-618cb488f639 2bf6cce937994ae6ac8564d334dc0371 2b4dc835f1504985920d91d9a30892e5 - - 0ad601fc1b6c49659a4ddb7e72eb884e 0ad601fc1b6c49659a4ddb7e72eb884e] 10.0.0.172 "GET /resource_providers/73ebc392-6e55-4bce-b908-e606e077de86/aggregates" status: 404 len: 235 microversion: 1.1 [pid: 8|app: 0|req: 522/1048] 10.0.0.172 () {32 vars in 815 bytes} [Mon May 4 12:42:21 2026] GET /resource_providers/73ebc392-6e55-4bce-b908-e606e077de86/aggregates => generated 235 bytes in 10 msecs (HTTP/1.1 404) 5 headers in 202 bytes (1 switches on core 0)
2026-05-04 12:42:21.927 7 INFO placement.requestlog [None req-9630ba64-425b-46f7-b4bb-358706dbd906 2bf6cce937994ae6ac8564d334dc0371 2b4dc835f1504985920d91d9a30892e5 - - 0ad601fc1b6c49659a4ddb7e72eb884e 0ad601fc1b6c49659a4ddb7e72eb884e] 10.0.0.172 "DELETE /resource_providers/73ebc392-6e55-4bce-b908-e606e077de86" status: 404 len: 246 microversion: 1.1 [pid: 7|app: 0|req: 527/1049] 10.0.0.172 () {34 vars in 815 bytes} [Mon May 4 12:42:21 2026] DELETE /resource_providers/73ebc392-6e55-4bce-b908-e606e077de86 => generated 246 bytes in 7 msecs (HTTP/1.1 404) 6 headers in 231 bytes (1 switches on core 0)
2026-05-04 12:42:21.946 8 INFO placement.requestlog [None req-b0f64b91-598a-45e2-a0b5-f2002560e862 2bf6cce937994ae6ac8564d334dc0371 2b4dc835f1504985920d91d9a30892e5 - - 0ad601fc1b6c49659a4ddb7e72eb884e 0ad601fc1b6c49659a4ddb7e72eb884e] 10.0.0.172 "DELETE /resource_providers/73ebc392-6e55-4bce-b908-e606e077de86" status: 404 len: 246 microversion: 1.1 [pid: 8|app: 0|req: 523/1050] 10.0.0.172 () {34 vars in 815 bytes} [Mon May 4 12:42:21 2026] DELETE /resource_providers/73ebc392-6e55-4bce-b908-e606e077de86 => generated 246 bytes in 12 msecs (HTTP/1.1 404) 6 headers in 231 bytes (1 switches on core 0)
2026-05-04 12:42:22.254 7 INFO placement.requestlog [None req-35a649e3-f0a6-4e99-ad87-4316836275c1 2bf6cce937994ae6ac8564d334dc0371 2b4dc835f1504985920d91d9a30892e5 - - 0ad601fc1b6c49659a4ddb7e72eb884e 0ad601fc1b6c49659a4ddb7e72eb884e] 10.0.0.172 "GET /resource_providers/567666cf-207f-4040-8d08-6dcd12de9d36/aggregates" status: 404 len: 235 microversion: 1.1 [pid: 7|app: 0|req: 528/1051] 10.0.0.172 () {32 vars in 815 bytes} [Mon May 4 12:42:22 2026] GET /resource_providers/567666cf-207f-4040-8d08-6dcd12de9d36/aggregates => generated 235 bytes in 15 msecs (HTTP/1.1 404) 5 headers in 202 bytes (1 switches on core 0)
2026-05-04 12:42:22.256 8 INFO placement.requestlog [None req-213411a6-c1f9-4ab5-a542-a5667505b023 2bf6cce937994ae6ac8564d334dc0371 2b4dc835f1504985920d91d9a30892e5 - - 0ad601fc1b6c49659a4ddb7e72eb884e 0ad601fc1b6c49659a4ddb7e72eb884e] 10.0.0.172 "GET /resource_providers/567666cf-207f-4040-8d08-6dcd12de9d36/aggregates" status: 404 len: 235 microversion: 1.1 [pid: 8|app: 0|req: 524/1052] 10.0.0.172 () {32 vars in 815 bytes} [Mon May 4 12:42:22 2026] GET /resource_providers/567666cf-207f-4040-8d08-6dcd12de9d36/aggregates => generated 235 bytes in 11 msecs (HTTP/1.1 404) 5 headers in 202 bytes (1 switches on core 0)
2026-05-04 12:42:22.278 8 INFO placement.requestlog [None req-69ca6593-d4f7-460a-b4fb-b0cbcc5f8d05 2bf6cce937994ae6ac8564d334dc0371 2b4dc835f1504985920d91d9a30892e5 - - 0ad601fc1b6c49659a4ddb7e72eb884e 0ad601fc1b6c49659a4ddb7e72eb884e] 10.0.0.172 "DELETE /resource_providers/567666cf-207f-4040-8d08-6dcd12de9d36" status: 404 len: 246 microversion: 1.1 [pid: 8|app: 0|req: 525/1053] 10.0.0.172 () {34 vars in 815 bytes} [Mon May 4 12:42:22 2026] DELETE /resource_providers/567666cf-207f-4040-8d08-6dcd12de9d36 => generated 246 bytes in 9 msecs (HTTP/1.1 404) 6 headers in 231 bytes (1 switches on core 0)
2026-05-04 12:42:22.279 7 INFO placement.requestlog [None req-ae5dae76-c95f-4f4b-b3e9-87aa23812f2e 2bf6cce937994ae6ac8564d334dc0371 2b4dc835f1504985920d91d9a30892e5 - - 0ad601fc1b6c49659a4ddb7e72eb884e 0ad601fc1b6c49659a4ddb7e72eb884e] 10.0.0.172 "DELETE /resource_providers/567666cf-207f-4040-8d08-6dcd12de9d36" status: 404 len: 246 microversion: 1.1 [pid: 7|app: 0|req: 529/1054] 10.0.0.172 () {34 vars in 815 bytes} [Mon May 4 12:42:22 2026] DELETE /resource_providers/567666cf-207f-4040-8d08-6dcd12de9d36 => generated 246 bytes in 12 msecs (HTTP/1.1 404) 6 headers in 231 bytes (1 switches on core 0)
2026-05-04 12:42:30.264 8 INFO placement.requestlog [None req-8d52d376-0b2b-4737-90c3-1f3c869b8f1c - - - - - -] 10.0.0.187 "GET /" status: 200 len: 136 microversion: 1.0
2026-05-04 12:42:30.265 7 INFO placement.requestlog [None req-8afd1489-06f0-4dc9-b0e2-ccb17d8208fa - - - - - -] 10.0.0.187 "GET /" status: 200 len: 136 microversion: 1.0
2026-05-04 12:42:40.264 7 INFO placement.requestlog [None req-4c32fd38-4095-42c3-8895-98a2bc3a71b8 - - - - - -] 10.0.0.187 "GET /" status: 200 len: 136 microversion: 1.0
2026-05-04 12:42:40.264 8 INFO placement.requestlog [None req-c2d1d135-c432-4cac-acc5-cc96f8bc7616 - - - - - -] 10.0.0.187 "GET /" status: 200 len: 136 microversion: 1.0
2026-05-04 12:42:50.264 7 INFO placement.requestlog [None req-d9d79daa-ee56-495b-a4ce-55fb67789f03 - - - - - -] 10.0.0.187 "GET /" status: 200 len: 136 microversion: 1.0
2026-05-04 12:42:50.264 8 INFO placement.requestlog [None req-433aa1c8-5649-4080-8d8f-d9f91cfacc38 - - - - - -] 10.0.0.187 "GET /" status: 200 len: 136 microversion: 1.0
2026-05-04 12:43:00.264 8 INFO placement.requestlog [None req-c9eb2ded-758c-4903-b74b-a22d8620cc24 - - - - - -] 10.0.0.187 "GET /" status: 200 len: 136 microversion: 1.0
2026-05-04 12:43:00.264 7 INFO placement.requestlog [None req-a27f4730-3147-48d0-8fd9-0bcbe5ddddd8 - - - - - -] 10.0.0.187 "GET /" status: 200 len: 136 microversion: 1.0
2026-05-04 12:43:06.110 7 INFO placement.requestlog [req-c93ef29c-227f-40fe-9c18-1b1cdf26a04b req-39840853-f773-42b9-84ed-80ae0ac9b1f5 060f7b160bb44afeba11097c2e77ca63 2b4dc835f1504985920d91d9a30892e5 - - 0ad601fc1b6c49659a4ddb7e72eb884e 0ad601fc1b6c49659a4ddb7e72eb884e] 199.204.45.227 "GET /resource_providers/23473655-d224-47ec-893e-fca19340e61c/allocations" status: 200 len: 340 microversion: 1.0 [pid: 7|app: 0|req: 534/1063] 199.204.45.227 () {32 vars in 856 bytes} [Mon May 4 12:43:06 2026] GET /resource_providers/23473655-d224-47ec-893e-fca19340e61c/allocations => generated 340 bytes in 24 msecs (HTTP/1.1 200) 6 headers in 224 bytes (1 switches on core 0)
2026-05-04 12:43:06.140 8 INFO placement.requestlog [req-c93ef29c-227f-40fe-9c18-1b1cdf26a04b req-7149c45f-ac35-4b24-b560-00fdba1db4d4 060f7b160bb44afeba11097c2e77ca63 2b4dc835f1504985920d91d9a30892e5 - - 0ad601fc1b6c49659a4ddb7e72eb884e 0ad601fc1b6c49659a4ddb7e72eb884e] 199.204.45.227 "GET /resource_providers/23473655-d224-47ec-893e-fca19340e61c/allocations" status: 200 len: 340 microversion: 1.0 [pid: 8|app: 0|req: 530/1064] 199.204.45.227 () {32 vars in 856 bytes} [Mon May 4 12:43:06 2026] GET /resource_providers/23473655-d224-47ec-893e-fca19340e61c/allocations => generated 340 bytes in 21 msecs (HTTP/1.1 200) 6 headers in 224 bytes (1 switches on core 0)
2026-05-04 12:43:06.159 7 INFO placement.requestlog [req-c93ef29c-227f-40fe-9c18-1b1cdf26a04b req-155264e1-9c38-486e-bfbb-08e9a46ea5d8 060f7b160bb44afeba11097c2e77ca63 2b4dc835f1504985920d91d9a30892e5 - - 0ad601fc1b6c49659a4ddb7e72eb884e 0ad601fc1b6c49659a4ddb7e72eb884e] 199.204.45.227 "GET /allocations/6178cbd2-e0fd-41ed-85fd-8a07d4e907ff" status: 200 len: 245 microversion: 1.28 [pid: 7|app: 0|req: 535/1065] 199.204.45.227 () {34 vars in 862 bytes} [Mon May 4 12:43:06 2026] GET /allocations/6178cbd2-e0fd-41ed-85fd-8a07d4e907ff => generated 245 bytes in 12 msecs (HTTP/1.1 200) 8 headers in 296 bytes (1 switches on core 0)
2026-05-04 12:43:06.178 8 INFO placement.requestlog [req-c93ef29c-227f-40fe-9c18-1b1cdf26a04b req-240833c1-0a6a-48e6-9036-a68a0ed80753 060f7b160bb44afeba11097c2e77ca63 2b4dc835f1504985920d91d9a30892e5 - - 0ad601fc1b6c49659a4ddb7e72eb884e 0ad601fc1b6c49659a4ddb7e72eb884e] 199.204.45.227 "GET /allocations/2133e6f3-2ba5-4747-bdd8-c11e015430a4" status: 200 len: 258 microversion: 1.28 [pid: 8|app: 0|req: 531/1066] 199.204.45.227 () {34 vars in 862 bytes} [Mon May 4 12:43:06 2026] GET /allocations/2133e6f3-2ba5-4747-bdd8-c11e015430a4 => generated 258 bytes in 12 msecs (HTTP/1.1 200) 8 headers in 296 bytes (1 switches on core 0)
2026-05-04 12:43:06.195 7 INFO placement.requestlog [req-c93ef29c-227f-40fe-9c18-1b1cdf26a04b req-4767592a-5acc-49c0-bbe1-44bb29dcd285 060f7b160bb44afeba11097c2e77ca63 2b4dc835f1504985920d91d9a30892e5 - - 0ad601fc1b6c49659a4ddb7e72eb884e 0ad601fc1b6c49659a4ddb7e72eb884e] 199.204.45.227 "GET /allocations/d999ea0a-1f02-4b0b-a696-95869b0080c3" status: 200 len: 258 microversion: 1.28 [pid: 7|app: 0|req: 536/1067] 199.204.45.227 () {34 vars in 862 bytes} [Mon May 4 12:43:06 2026] GET /allocations/d999ea0a-1f02-4b0b-a696-95869b0080c3 => generated 258 bytes in 11 msecs (HTTP/1.1 200) 8 headers in 296 bytes (1 switches on core 0)
2026-05-04 12:43:10.265 8 INFO placement.requestlog [None req-8a65e2c9-794a-4459-85dd-e812a4b1838c - - - - - -] 10.0.0.187 "GET /" status: 200 len: 136 microversion: 1.0
2026-05-04 12:43:10.265 7 INFO placement.requestlog [None req-2de95bdf-1350-4ff5-a690-65748a25fda8 - - - - - -] 10.0.0.187 "GET /" status: 200 len: 136 microversion: 1.0
2026-05-04 12:43:20.264 8 INFO placement.requestlog [None req-2ffe64d3-3ee5-456b-85eb-a733fc36350e - - - - - -] 10.0.0.187 "GET /" status: 200 len: 136 microversion: 1.0
2026-05-04 12:43:20.264 7 INFO placement.requestlog [None req-aa1266af-cbaa-4107-acb1-b9b8f406534f - - - - - -] 10.0.0.187 "GET /" status: 200 len: 136 microversion: 1.0
2026-05-04 12:43:30.265 8 INFO placement.requestlog [None req-e0f21bd8-168c-4cce-8877-cd6c4c2927a4 - - - - - -] 10.0.0.187 "GET /" status: 200 len: 136 microversion: 1.0
2026-05-04 12:43:30.266 7 INFO placement.requestlog [None req-0ad6b4e1-f04e-4166-94ed-12109bb20d23 - - - - - -] 10.0.0.187 "GET /" status: 200 len: 136 microversion: 1.0
2026-05-04 12:43:40.265 8 INFO placement.requestlog [None req-b7bfdcd4-45fd-4a66-9ed9-7250a0c331dc - - - - - -] 10.0.0.187 "GET /" status: 200 len: 136 microversion: 1.0
2026-05-04 12:43:40.265 7 INFO placement.requestlog [None req-97ac6d54-c680-405c-ac9f-a634087a3940 - - - - - -] 10.0.0.187 "GET /" status: 200 len: 136 microversion: 1.0
2026-05-04 12:43:50.265 8 INFO placement.requestlog [None req-fd42491c-1b8a-4e43-aed3-fe789d182357 - - - - - -] 10.0.0.187 "GET /" status: 200 len: 136 microversion: 1.0
2026-05-04 12:43:50.265 7 INFO placement.requestlog [None req-94e11f32-d742-4ab0-b639-76ce9c4e3f2d - - - - - -] 10.0.0.187 "GET /" status: 200 len: 136 microversion: 1.0
2026-05-04 12:44:00.264 7 INFO placement.requestlog [None req-d1b04844-d1b0-41f2-ad59-84a52260a96e - - - - - -] 10.0.0.187 "GET /" status: 200 len: 136 microversion: 1.0
2026-05-04 12:44:00.264 8 INFO placement.requestlog [None req-8a428336-54af-49e1-95de-4fb5af66adf4 - - - - - -] 10.0.0.187 "GET /" status: 200 len: 136 microversion: 1.0
2026-05-04 12:44:07.212 7 INFO placement.requestlog [req-3d8f2068-b277-490a-a16d-704c02fda430 req-b2440990-3fb3-4b7f-8e61-e6e717eb636c 060f7b160bb44afeba11097c2e77ca63 2b4dc835f1504985920d91d9a30892e5 - - 0ad601fc1b6c49659a4ddb7e72eb884e 0ad601fc1b6c49659a4ddb7e72eb884e] 199.204.45.227 "GET /resource_providers/23473655-d224-47ec-893e-fca19340e61c/allocations" status: 200 len: 340 microversion: 1.0 [pid: 7|app: 0|req: 543/1080] 199.204.45.227 () {32 vars in 856 bytes} [Mon May 4 12:44:07 2026] GET /resource_providers/23473655-d224-47ec-893e-fca19340e61c/allocations => generated 340 bytes in 107 msecs (HTTP/1.1 200) 6 headers in 224 bytes (1 switches on core 0)
2026-05-04 12:44:07.239 8 INFO placement.requestlog [req-3d8f2068-b277-490a-a16d-704c02fda430 req-911c90c8-bb22-41f2-b608-233d2a6adec6 060f7b160bb44afeba11097c2e77ca63 2b4dc835f1504985920d91d9a30892e5 - - 0ad601fc1b6c49659a4ddb7e72eb884e 0ad601fc1b6c49659a4ddb7e72eb884e] 199.204.45.227 "GET /resource_providers?in_tree=23473655-d224-47ec-893e-fca19340e61c" status: 200 len: 798 microversion: 1.14 [pid: 8|app: 0|req: 538/1081] 199.204.45.227 () {34 vars in 891 bytes} [Mon May 4 12:44:07 2026] GET /resource_providers?in_tree=23473655-d224-47ec-893e-fca19340e61c => generated 798 bytes in 16 msecs (HTTP/1.1 200) 6 headers in 225 bytes (1 switches on core 0)
2026-05-04 12:44:07.256 7 INFO placement.requestlog [req-3d8f2068-b277-490a-a16d-704c02fda430 req-0fd19c1d-0f4d-47cc-929c-5b7573d81b96 060f7b160bb44afeba11097c2e77ca63 2b4dc835f1504985920d91d9a30892e5 - - 0ad601fc1b6c49659a4ddb7e72eb884e 0ad601fc1b6c49659a4ddb7e72eb884e] 199.204.45.227 "GET /resource_providers/23473655-d224-47ec-893e-fca19340e61c/inventories" status: 200 len: 401 microversion: 1.0 [pid: 7|app: 0|req: 544/1082] 199.204.45.227 () {32 vars in 856 bytes} [Mon May 4 12:44:07 2026] GET /resource_providers/23473655-d224-47ec-893e-fca19340e61c/inventories => generated 401 bytes in 12 msecs (HTTP/1.1 200) 6 headers in 224 bytes (1 switches on core 0)
2026-05-04 12:44:07.271 8 INFO placement.requestlog [req-3d8f2068-b277-490a-a16d-704c02fda430 req-025efbf2-ef8a-4a52-92d9-8bba6c066a9a 060f7b160bb44afeba11097c2e77ca63 2b4dc835f1504985920d91d9a30892e5 - - 0ad601fc1b6c49659a4ddb7e72eb884e 0ad601fc1b6c49659a4ddb7e72eb884e] 199.204.45.227 "GET /resource_providers/23473655-d224-47ec-893e-fca19340e61c/aggregates" status: 200 len: 54 microversion: 1.19 [pid: 8|app: 0|req: 539/1083] 199.204.45.227 () {34 vars in 898 bytes} [Mon May 4 12:44:07 2026] GET /resource_providers/23473655-d224-47ec-893e-fca19340e61c/aggregates => generated 54 bytes in 8 msecs (HTTP/1.1 200) 8 headers in 295 bytes (1 switches on core 0)
2026-05-04 12:44:07.298 7 INFO placement.requestlog [req-3d8f2068-b277-490a-a16d-704c02fda430 req-2e510e28-115d-43f0-8e4f-87d19849f25f 060f7b160bb44afeba11097c2e77ca63 2b4dc835f1504985920d91d9a30892e5 - - 0ad601fc1b6c49659a4ddb7e72eb884e 0ad601fc1b6c49659a4ddb7e72eb884e] 199.204.45.227 "GET /resource_providers/23473655-d224-47ec-893e-fca19340e61c/traits" status: 200 len: 2317 microversion: 1.6 [pid: 7|app: 0|req: 545/1084] 199.204.45.227 () {34 vars in 889 bytes} [Mon May 4 12:44:07 2026] GET /resource_providers/23473655-d224-47ec-893e-fca19340e61c/traits => generated 2317 bytes in 19 msecs (HTTP/1.1 200) 6 headers in 225 bytes (1 switches on core 0)
2026-05-04 12:44:07.322 8 INFO placement.requestlog [req-3d8f2068-b277-490a-a16d-704c02fda430 req-fd2a9fd9-460d-40a5-9b85-42565da54958 060f7b160bb44afeba11097c2e77ca63 2b4dc835f1504985920d91d9a30892e5 - - 0ad601fc1b6c49659a4ddb7e72eb884e 0ad601fc1b6c49659a4ddb7e72eb884e] 199.204.45.227 "GET /resource_providers/23473655-d224-47ec-893e-fca19340e61c/allocations" status: 200 len: 340 microversion: 1.0 [pid: 8|app: 0|req: 540/1085] 199.204.45.227 () {32 vars in 856 bytes} [Mon May 4 12:44:07 2026] GET /resource_providers/23473655-d224-47ec-893e-fca19340e61c/allocations => generated 340 bytes in 16 msecs (HTTP/1.1 200) 6 headers in 224 bytes (1 switches on core 0)
2026-05-04 12:44:07.347 7 INFO placement.requestlog [req-3d8f2068-b277-490a-a16d-704c02fda430 req-7c44c730-1e55-43ad-bf08-fa61f0c60459 060f7b160bb44afeba11097c2e77ca63 2b4dc835f1504985920d91d9a30892e5 - - 0ad601fc1b6c49659a4ddb7e72eb884e 0ad601fc1b6c49659a4ddb7e72eb884e] 199.204.45.227 "GET /allocations/6178cbd2-e0fd-41ed-85fd-8a07d4e907ff" status: 200 len: 245 microversion: 1.28 [pid: 7|app: 0|req: 546/1086] 199.204.45.227 () {34 vars in 862 bytes} [Mon May 4 12:44:07 2026] GET /allocations/6178cbd2-e0fd-41ed-85fd-8a07d4e907ff => generated 245 bytes in 19 msecs (HTTP/1.1 200) 8 headers in 296 bytes (1 switches on core 0)
2026-05-04 12:44:07.366 8 INFO placement.requestlog [req-3d8f2068-b277-490a-a16d-704c02fda430 req-73d2b750-e72d-47e1-b57c-7aa71b7d4235 060f7b160bb44afeba11097c2e77ca63 2b4dc835f1504985920d91d9a30892e5 - - 0ad601fc1b6c49659a4ddb7e72eb884e 0ad601fc1b6c49659a4ddb7e72eb884e] 199.204.45.227 "GET /allocations/2133e6f3-2ba5-4747-bdd8-c11e015430a4" status: 200 len: 258 microversion: 1.28 [pid: 8|app: 0|req: 541/1087] 199.204.45.227 () {34 vars in 862 bytes} [Mon May 4 12:44:07 2026] GET /allocations/2133e6f3-2ba5-4747-bdd8-c11e015430a4 => generated 258 bytes in 13 msecs (HTTP/1.1 200) 8 headers in 296 bytes (1 switches on core 0)
2026-05-04 12:44:07.386 7 INFO placement.requestlog [req-3d8f2068-b277-490a-a16d-704c02fda430 req-94e47a07-8add-40ca-8a50-23c03e323861 060f7b160bb44afeba11097c2e77ca63 2b4dc835f1504985920d91d9a30892e5 - - 0ad601fc1b6c49659a4ddb7e72eb884e 0ad601fc1b6c49659a4ddb7e72eb884e] 199.204.45.227 "GET /allocations/d999ea0a-1f02-4b0b-a696-95869b0080c3" status: 200 len: 258 microversion: 1.28 [pid: 7|app: 0|req: 547/1088] 199.204.45.227 () {34 vars in 862 bytes} [Mon May 4 12:44:07 2026] GET /allocations/d999ea0a-1f02-4b0b-a696-95869b0080c3 => generated 258 bytes in 14 msecs (HTTP/1.1 200) 8 headers in 296 bytes (1 switches on core 0)
2026-05-04 12:44:10.265 7 INFO placement.requestlog [None req-7e03a861-b1c3-4e60-8bc8-c8ad70c85029 - - - - - -] 10.0.0.187 "GET /" status: 200 len: 136 microversion: 1.0
2026-05-04 12:44:10.265 8 INFO placement.requestlog [None req-eff7eeb7-dbcb-46dd-9299-f688239ab074 - - - - - -] 10.0.0.187 "GET /" status: 200 len: 136 microversion: 1.0
2026-05-04 12:44:20.264 8 INFO placement.requestlog [None req-9703229d-6777-42f7-8eb4-7b84af245bfe - - - - - -] 10.0.0.187 "GET /" status: 200 len: 136 microversion: 1.0
2026-05-04 12:44:20.264 7 INFO placement.requestlog [None req-850701a6-4f73-4472-84e5-f2607462d8ce - - - - - -] 10.0.0.187 "GET /" status: 200 len: 136 microversion: 1.0
2026-05-04 12:44:30.264 7 INFO placement.requestlog [None req-df49308f-04c4-4c4a-a67b-35cc82bb8cdd - - - - - -] 10.0.0.187 "GET /" status: 200 len: 136 microversion: 1.0
2026-05-04 12:44:30.264 8 INFO placement.requestlog [None req-e6ff380f-caa1-4a21-8275-15b55609ba19 - - - - - -] 10.0.0.187 "GET /" status: 200 len: 136 microversion: 1.0
2026-05-04 12:44:40.264 8 INFO placement.requestlog [None req-2f2ba4c8-982b-4118-b6cb-b3bba3d913cd - - - - - -] 10.0.0.187 "GET /" status: 200 len: 136 microversion: 1.0
2026-05-04 12:44:40.264 7 INFO placement.requestlog [None req-fd1d530e-5e1f-4062-a305-b369e084e5c9 - - - - - -] 10.0.0.187 "GET /" status: 200 len: 136 microversion: 1.0
2026-05-04 12:44:50.264 7 INFO placement.requestlog [None req-0d711c1d-6cd5-4c8e-bb2d-f9e7524a1653 - - - - - -] 10.0.0.187 "GET /" status: 200 len: 136 microversion: 1.0
2026-05-04 12:44:50.264 8 INFO placement.requestlog [None req-2bba0c3d-bdbb-40c2-8dc0-3bb3656ea64e - - - - - -] 10.0.0.187 "GET /" status: 200 len: 136 microversion: 1.0
2026-05-04 12:45:00.264 8 INFO placement.requestlog [None req-0aab3769-79f6-418c-ac04-ba087708e6c7 - - - - - -] 10.0.0.187 "GET /" status: 200 len: 136 microversion: 1.0
2026-05-04 12:45:00.265 7 INFO placement.requestlog [None req-4fb7311e-6a8b-44b9-84bc-46d7e98fcc02 - - - - - -] 10.0.0.187 "GET /" status: 200 len: 136 microversion: 1.0
2026-05-04 12:45:02.588 8 INFO placement.requestlog [req-633474f9-b7af-4132-9c02-534bc2c1a1ee req-bcf99f84-bad7-4cd8-adc4-bfedcc00976d 060f7b160bb44afeba11097c2e77ca63 2b4dc835f1504985920d91d9a30892e5 - - 0ad601fc1b6c49659a4ddb7e72eb884e 0ad601fc1b6c49659a4ddb7e72eb884e] 199.204.45.227 "GET /resource_providers/23473655-d224-47ec-893e-fca19340e61c/allocations" status: 200 len: 340 microversion: 1.0 [pid: 8|app: 0|req: 548/1101] 199.204.45.227 () {32 vars in 856 bytes} [Mon May 4 12:45:02 2026] GET /resource_providers/23473655-d224-47ec-893e-fca19340e61c/allocations => generated 340 bytes in 16 msecs (HTTP/1.1 200) 6 headers in 224 bytes (1 switches on core 0)
2026-05-04 12:45:02.607 7 INFO placement.requestlog [req-633474f9-b7af-4132-9c02-534bc2c1a1ee req-2d44d012-6275-4682-8e09-ba9a41fe7e24 060f7b160bb44afeba11097c2e77ca63 2b4dc835f1504985920d91d9a30892e5 - - 0ad601fc1b6c49659a4ddb7e72eb884e 0ad601fc1b6c49659a4ddb7e72eb884e] 199.204.45.227 "GET /allocations/6178cbd2-e0fd-41ed-85fd-8a07d4e907ff" status: 200 len: 245 microversion: 1.28 [pid: 7|app: 0|req: 554/1102] 199.204.45.227 () {34 vars in 862 bytes} [Mon May 4 12:45:02 2026] GET /allocations/6178cbd2-e0fd-41ed-85fd-8a07d4e907ff => generated 245 bytes in 8 msecs (HTTP/1.1 200) 8 headers in 296 bytes (1 switches on core 0)
2026-05-04 12:45:02.627 8 INFO placement.requestlog [req-633474f9-b7af-4132-9c02-534bc2c1a1ee req-ef099353-f587-4862-a99a-358f2174d570 060f7b160bb44afeba11097c2e77ca63 2b4dc835f1504985920d91d9a30892e5 - - 0ad601fc1b6c49659a4ddb7e72eb884e 0ad601fc1b6c49659a4ddb7e72eb884e] 199.204.45.227 "GET /allocations/2133e6f3-2ba5-4747-bdd8-c11e015430a4" status: 200 len: 258 microversion: 1.28 [pid: 8|app: 0|req: 549/1103] 199.204.45.227 () {34 vars in 862 bytes} [Mon May 4 12:45:02 2026] GET /allocations/2133e6f3-2ba5-4747-bdd8-c11e015430a4 => generated 258 bytes in 14 msecs (HTTP/1.1 200) 8 headers in 296 bytes (1 switches on core 0)
2026-05-04 12:45:02.645 7 INFO placement.requestlog [req-633474f9-b7af-4132-9c02-534bc2c1a1ee req-75cfa125-7fed-4afe-8a13-e3938fc53675 060f7b160bb44afeba11097c2e77ca63 2b4dc835f1504985920d91d9a30892e5 - - 0ad601fc1b6c49659a4ddb7e72eb884e 0ad601fc1b6c49659a4ddb7e72eb884e] 199.204.45.227 "GET /allocations/d999ea0a-1f02-4b0b-a696-95869b0080c3" status: 200 len: 258 microversion: 1.28 [pid: 7|app: 0|req: 555/1104] 199.204.45.227 () {34 vars in 862 bytes} [Mon May 4 12:45:02 2026] GET /allocations/d999ea0a-1f02-4b0b-a696-95869b0080c3 => generated 258 bytes in 7 msecs (HTTP/1.1 200) 8 headers in 296 bytes (1 switches on core 0)
2026-05-04 12:45:03.686 8 INFO placement.requestlog [req-633474f9-b7af-4132-9c02-534bc2c1a1ee req-4793453f-b59c-4d9f-a97e-4c69f3095d33 060f7b160bb44afeba11097c2e77ca63 2b4dc835f1504985920d91d9a30892e5 - - 0ad601fc1b6c49659a4ddb7e72eb884e 0ad601fc1b6c49659a4ddb7e72eb884e] 199.204.45.227 "DELETE /allocations/6178cbd2-e0fd-41ed-85fd-8a07d4e907ff" status: 204 len: 0 microversion: 1.0 [pid: 8|app: 0|req: 550/1105] 199.204.45.227 () {34 vars in 840 bytes} [Mon May 4 12:45:03 2026] DELETE /allocations/6178cbd2-e0fd-41ed-85fd-8a07d4e907ff => generated 0 bytes in 21 msecs (HTTP/1.1 204) 5 headers in 198 bytes (1 switches on core 0)
2026-05-04 12:45:06.999 7 INFO placement.requestlog [req-e5858c9c-c9ba-4a16-b0ea-90d3f2c0add9 req-856d4a84-6b2e-4c63-9bd9-5d6fa56ff7af 060f7b160bb44afeba11097c2e77ca63 2b4dc835f1504985920d91d9a30892e5 - - 0ad601fc1b6c49659a4ddb7e72eb884e 0ad601fc1b6c49659a4ddb7e72eb884e] 199.204.45.227 "GET /resource_providers/23473655-d224-47ec-893e-fca19340e61c/allocations" status: 200 len: 253 microversion: 1.0 [pid: 7|app: 0|req: 556/1106] 199.204.45.227 () {32 vars in 856 bytes} [Mon May 4 12:45:06 2026] GET /resource_providers/23473655-d224-47ec-893e-fca19340e61c/allocations => generated 253 bytes in 16 msecs (HTTP/1.1 200) 6 headers in 224 bytes (1 switches on core 0)
2026-05-04 12:45:07.026 8 INFO placement.requestlog [req-e5858c9c-c9ba-4a16-b0ea-90d3f2c0add9 req-c60e7a49-9056-4f1b-aeaf-11ed6454c42f 060f7b160bb44afeba11097c2e77ca63 2b4dc835f1504985920d91d9a30892e5 - - 0ad601fc1b6c49659a4ddb7e72eb884e 0ad601fc1b6c49659a4ddb7e72eb884e] 199.204.45.227 "GET /resource_providers/23473655-d224-47ec-893e-fca19340e61c/allocations" status: 200 len: 253 microversion: 1.0 [pid: 8|app: 0|req: 551/1107] 199.204.45.227 () {32 vars in 856 bytes} [Mon May 4 12:45:07 2026] GET /resource_providers/23473655-d224-47ec-893e-fca19340e61c/allocations => generated 253 bytes in 18 msecs (HTTP/1.1 200) 6 headers in 224 bytes (1 switches on core 0)
2026-05-04 12:45:07.086 7 INFO placement.requestlog [req-e5858c9c-c9ba-4a16-b0ea-90d3f2c0add9 req-0a620161-2945-41e8-86b5-7839d0084cab 060f7b160bb44afeba11097c2e77ca63 2b4dc835f1504985920d91d9a30892e5 - - 0ad601fc1b6c49659a4ddb7e72eb884e 0ad601fc1b6c49659a4ddb7e72eb884e] 199.204.45.227 "GET /allocations/2133e6f3-2ba5-4747-bdd8-c11e015430a4" status: 200 len: 258 microversion: 1.28 [pid: 7|app: 0|req: 557/1108] 199.204.45.227 () {34 vars in 862 bytes} [Mon May 4 12:45:07 2026] GET /allocations/2133e6f3-2ba5-4747-bdd8-c11e015430a4 => generated 258 bytes in 55 msecs (HTTP/1.1 200) 8 headers in 296 bytes (1 switches on core 0)
2026-05-04 12:45:07.106 8 INFO placement.requestlog [req-e5858c9c-c9ba-4a16-b0ea-90d3f2c0add9 req-e1a0d25b-e2d1-460f-8f21-4f0e4c159bd1 060f7b160bb44afeba11097c2e77ca63 2b4dc835f1504985920d91d9a30892e5 - - 0ad601fc1b6c49659a4ddb7e72eb884e 0ad601fc1b6c49659a4ddb7e72eb884e] 199.204.45.227 "GET /allocations/d999ea0a-1f02-4b0b-a696-95869b0080c3" status: 200 len: 258 microversion: 1.28 [pid: 8|app: 0|req: 552/1109] 199.204.45.227 () {34 vars in 862 bytes} [Mon May 4 12:45:07 2026] GET /allocations/d999ea0a-1f02-4b0b-a696-95869b0080c3 => generated 258 bytes in 13 msecs (HTTP/1.1 200) 8 headers in 296 bytes (1 switches on core 0)
2026-05-04 12:45:08.156 7 INFO placement.requestlog [req-bfbeddef-dd59-493c-ac2d-4ccc48e8f74a req-e7741e41-9fe4-4da6-86b0-59527acb8c04 060f7b160bb44afeba11097c2e77ca63 2b4dc835f1504985920d91d9a30892e5 - - 0ad601fc1b6c49659a4ddb7e72eb884e 0ad601fc1b6c49659a4ddb7e72eb884e] 199.204.45.227 "DELETE /allocations/d999ea0a-1f02-4b0b-a696-95869b0080c3" status: 204 len: 0 microversion: 1.0 [pid: 7|app: 0|req: 558/1110] 199.204.45.227 () {34 vars in 840 bytes} [Mon May 4 12:45:08 2026] DELETE /allocations/d999ea0a-1f02-4b0b-a696-95869b0080c3 => generated 0 bytes in 25 msecs (HTTP/1.1 204) 5 headers in 198 bytes (1 switches on core 0)
2026-05-04 12:45:10.264 8 INFO placement.requestlog [None req-f4be4237-6315-4bea-b169-6799c311726e - - - - - -] 10.0.0.187 "GET /" status: 200 len: 136 microversion: 1.0
2026-05-04 12:45:10.265 7 INFO placement.requestlog [None req-6b6d5e2c-aefd-4276-bde4-ab7dd82cd3f3 - - - - - -] 10.0.0.187 "GET /" status: 200 len: 136 microversion: 1.0
2026-05-04 12:45:17.134 8 INFO placement.requestlog [req-c5c1e229-42c5-4859-ba3e-a57bffc6dc13 req-5d3847fd-2a71-45c8-9ac9-0f902511a7ed 060f7b160bb44afeba11097c2e77ca63 2b4dc835f1504985920d91d9a30892e5 - - 0ad601fc1b6c49659a4ddb7e72eb884e 0ad601fc1b6c49659a4ddb7e72eb884e] 199.204.45.227 "GET /resource_providers/23473655-d224-47ec-893e-fca19340e61c/allocations" status: 200 len: 153 microversion: 1.0 [pid: 8|app: 0|req: 554/1113] 199.204.45.227 () {32 vars in 856 bytes} [Mon May 4 12:45:17 2026] GET /resource_providers/23473655-d224-47ec-893e-fca19340e61c/allocations => generated 153 bytes in 15 msecs (HTTP/1.1 200) 6 headers in 224 bytes (1 switches on core 0)
2026-05-04 12:45:17.156 7 INFO placement.requestlog [req-c5c1e229-42c5-4859-ba3e-a57bffc6dc13 req-5e7785ce-9ab7-4654-8282-c6b03a88df9e 060f7b160bb44afeba11097c2e77ca63 2b4dc835f1504985920d91d9a30892e5 - - 0ad601fc1b6c49659a4ddb7e72eb884e 0ad601fc1b6c49659a4ddb7e72eb884e] 199.204.45.227 "GET /allocations/2133e6f3-2ba5-4747-bdd8-c11e015430a4" status: 200 len: 258 microversion: 1.28 [pid: 7|app: 0|req: 560/1114] 199.204.45.227 () {34 vars in 862 bytes} [Mon May 4 12:45:17 2026] GET /allocations/2133e6f3-2ba5-4747-bdd8-c11e015430a4 => generated 258 bytes in 16 msecs (HTTP/1.1 200) 8 headers in 296 bytes (1 switches on core 0)
