2026-05-04 12:41:13.338 7 INFO placement.requestlog [req-78fbec86-fd04-4c6f-a09f-ca1b2bbaf1a8 req-8cb6edd7-e65a-47d5-b902-eb5c3894ff8d 060f7b160bb44afeba11097c2e77ca63 2b4dc835f1504985920d91d9a30892e5 - - 0ad601fc1b6c49659a4ddb7e72eb884e 0ad601fc1b6c49659a4ddb7e72eb884e] 199.204.45.227 "GET /allocations/e287b054-6529-4ac6-be4d-bd014c1f9e4d" status: 200 len: 258 microversion: 1.28 [pid: 7|app: 0|req: 464/921] 199.204.45.227 () {34 vars in 862 bytes} [Mon May 4 12:41:13 2026] GET /allocations/e287b054-6529-4ac6-be4d-bd014c1f9e4d => generated 258 bytes in 8 msecs (HTTP/1.1 200) 8 headers in 296 bytes (1 switches on core 0)
2026-05-04 12:41:13.356 8 INFO placement.requestlog [req-78fbec86-fd04-4c6f-a09f-ca1b2bbaf1a8 req-f361d03d-1cdb-4aa2-98c5-9de71aea126e 060f7b160bb44afeba11097c2e77ca63 2b4dc835f1504985920d91d9a30892e5 - - 0ad601fc1b6c49659a4ddb7e72eb884e 0ad601fc1b6c49659a4ddb7e72eb884e] 199.204.45.227 "GET /allocations/3e5116ed-651a-45e6-a5b0-3231afca6902" status: 200 len: 258 microversion: 1.28 [pid: 8|app: 0|req: 458/922] 199.204.45.227 () {34 vars in 862 bytes} [Mon May 4 12:41:13 2026] GET /allocations/3e5116ed-651a-45e6-a5b0-3231afca6902 => generated 258 bytes in 14 msecs (HTTP/1.1 200) 8 headers in 296 bytes (1 switches on core 0)
2026-05-04 12:41:13.373 7 INFO placement.requestlog [req-78fbec86-fd04-4c6f-a09f-ca1b2bbaf1a8 req-1861b964-5713-4b75-b5be-94db21978478 060f7b160bb44afeba11097c2e77ca63 2b4dc835f1504985920d91d9a30892e5 - - 0ad601fc1b6c49659a4ddb7e72eb884e 0ad601fc1b6c49659a4ddb7e72eb884e] 199.204.45.227 "GET /allocations/4632c3a7-4b47-486b-9a8d-92f7958f563d" status: 200 len: 258 microversion: 1.28 [pid: 7|app: 0|req: 465/923] 199.204.45.227 () {34 vars in 862 bytes} [Mon May 4 12:41:13 2026] GET /allocations/4632c3a7-4b47-486b-9a8d-92f7958f563d => generated 258 bytes in 13 msecs (HTTP/1.1 200) 8 headers in 296 bytes (1 switches on core 0)
2026-05-04 12:41:13.393 8 INFO placement.requestlog [req-78fbec86-fd04-4c6f-a09f-ca1b2bbaf1a8 req-170076f6-5ca6-4ed1-a0ba-7a4db1b6d406 060f7b160bb44afeba11097c2e77ca63 2b4dc835f1504985920d91d9a30892e5 - - 0ad601fc1b6c49659a4ddb7e72eb884e 0ad601fc1b6c49659a4ddb7e72eb884e] 199.204.45.227 "GET /allocations/2133e6f3-2ba5-4747-bdd8-c11e015430a4" status: 200 len: 258 microversion: 1.28 [pid: 8|app: 0|req: 459/924] 199.204.45.227 () {34 vars in 862 bytes} [Mon May 4 12:41:13 2026] GET /allocations/2133e6f3-2ba5-4747-bdd8-c11e015430a4 => generated 258 bytes in 15 msecs (HTTP/1.1 200) 8 headers in 296 bytes (1 switches on core 0)
2026-05-04 12:41:17.503 7 INFO placement.requestlog [req-8dc4de2e-018d-4705-90a4-67b8d277d8b9 req-65c6793a-bdc8-4317-8732-4f1b3741893d 060f7b160bb44afeba11097c2e77ca63 2b4dc835f1504985920d91d9a30892e5 - - 0ad601fc1b6c49659a4ddb7e72eb884e 0ad601fc1b6c49659a4ddb7e72eb884e] 199.204.45.227 "GET /resource_providers/23473655-d224-47ec-893e-fca19340e61c/allocations" status: 200 len: 453 microversion: 1.0 [pid: 7|app: 0|req: 466/925] 199.204.45.227 () {32 vars in 856 bytes} [Mon May 4 12:41:17 2026] GET /resource_providers/23473655-d224-47ec-893e-fca19340e61c/allocations => generated 453 bytes in 18 msecs (HTTP/1.1 200) 6 headers in 224 bytes (1 switches on core 0)
2026-05-04 12:41:17.527 8 INFO placement.requestlog [req-8dc4de2e-018d-4705-90a4-67b8d277d8b9 req-a90ee360-28db-4c24-822f-6b10c7ba2834 060f7b160bb44afeba11097c2e77ca63 2b4dc835f1504985920d91d9a30892e5 - - 0ad601fc1b6c49659a4ddb7e72eb884e 0ad601fc1b6c49659a4ddb7e72eb884e] 199.204.45.227 "GET /allocations/e287b054-6529-4ac6-be4d-bd014c1f9e4d" status: 200 len: 258 microversion: 1.28 [pid: 8|app: 0|req: 460/926] 199.204.45.227 () {34 vars in 862 bytes} [Mon May 4 12:41:17 2026] GET /allocations/e287b054-6529-4ac6-be4d-bd014c1f9e4d => generated 258 bytes in 14 msecs (HTTP/1.1 200) 8 headers in 296 bytes (1 switches on core 0)
2026-05-04 12:41:17.545 7 INFO placement.requestlog [req-8dc4de2e-018d-4705-90a4-67b8d277d8b9 req-554f384e-46d5-44da-a987-1cba4798ee3f 060f7b160bb44afeba11097c2e77ca63 2b4dc835f1504985920d91d9a30892e5 - - 0ad601fc1b6c49659a4ddb7e72eb884e 0ad601fc1b6c49659a4ddb7e72eb884e] 199.204.45.227 "GET /allocations/3e5116ed-651a-45e6-a5b0-3231afca6902" status: 200 len: 258 microversion: 1.28 [pid: 7|app: 0|req: 467/927] 199.204.45.227 () {34 vars in 862 bytes} [Mon May 4 12:41:17 2026] GET /allocations/3e5116ed-651a-45e6-a5b0-3231afca6902 => generated 258 bytes in 12 msecs (HTTP/1.1 200) 8 headers in 296 bytes (1 switches on core 0)
2026-05-04 12:41:17.570 8 INFO placement.requestlog [req-8dc4de2e-018d-4705-90a4-67b8d277d8b9 req-bed66c1f-ae48-4579-9ec3-f8319fea1851 060f7b160bb44afeba11097c2e77ca63 2b4dc835f1504985920d91d9a30892e5 - - 0ad601fc1b6c49659a4ddb7e72eb884e 0ad601fc1b6c49659a4ddb7e72eb884e] 199.204.45.227 "GET /allocations/4632c3a7-4b47-486b-9a8d-92f7958f563d" status: 200 len: 258 microversion: 1.28 [pid: 8|app: 0|req: 461/928] 199.204.45.227 () {34 vars in 862 bytes} [Mon May 4 12:41:17 2026] GET /allocations/4632c3a7-4b47-486b-9a8d-92f7958f563d => generated 258 bytes in 13 msecs (HTTP/1.1 200) 8 headers in 296 bytes (1 switches on core 0)
2026-05-04 12:41:17.588 7 INFO placement.requestlog [req-8dc4de2e-018d-4705-90a4-67b8d277d8b9 req-a0cb0504-05e1-4fa6-a266-85cfa02e278e 060f7b160bb44afeba11097c2e77ca63 2b4dc835f1504985920d91d9a30892e5 - - 0ad601fc1b6c49659a4ddb7e72eb884e 0ad601fc1b6c49659a4ddb7e72eb884e] 199.204.45.227 "GET /allocations/2133e6f3-2ba5-4747-bdd8-c11e015430a4" status: 200 len: 258 microversion: 1.28 [pid: 7|app: 0|req: 468/929] 199.204.45.227 () {34 vars in 862 bytes} [Mon May 4 12:41:17 2026] GET /allocations/2133e6f3-2ba5-4747-bdd8-c11e015430a4 => generated 258 bytes in 13 msecs (HTTP/1.1 200) 8 headers in 296 bytes (1 switches on core 0)
2026-05-04 12:41:18.631 8 INFO placement.requestlog [req-8dc4de2e-018d-4705-90a4-67b8d277d8b9 req-20c65db0-8c61-4f19-b89c-eac7f85a568b 060f7b160bb44afeba11097c2e77ca63 2b4dc835f1504985920d91d9a30892e5 - - 0ad601fc1b6c49659a4ddb7e72eb884e 0ad601fc1b6c49659a4ddb7e72eb884e] 199.204.45.227 "DELETE /allocations/e287b054-6529-4ac6-be4d-bd014c1f9e4d" status: 204 len: 0 microversion: 1.0 [pid: 8|app: 0|req: 462/930] 199.204.45.227 () {34 vars in 840 bytes} [Mon May 4 12:41:18 2026] DELETE /allocations/e287b054-6529-4ac6-be4d-bd014c1f9e4d => generated 0 bytes in 20 msecs (HTTP/1.1 204) 5 headers in 198 bytes (1 switches on core 0)
2026-05-04 12:41:20.264 7 INFO placement.requestlog [None req-055fc026-3200-40e1-9358-52a870ea7b95 - - - - - -] 10.0.0.187 "GET /" status: 200 len: 136 microversion: 1.0
2026-05-04 12:41:20.265 8 INFO placement.requestlog [None req-9b420568-0a0d-48bb-80a5-314edd71993b - - - - - -] 10.0.0.187 "GET /" status: 200 len: 136 microversion: 1.0
2026-05-04 12:41:23.976 7 INFO placement.requestlog [req-356a57fc-fa22-477d-9b07-ea283d5fe29a req-c256428d-3461-42b2-ad5c-e0a88d262985 060f7b160bb44afeba11097c2e77ca63 2b4dc835f1504985920d91d9a30892e5 - - 0ad601fc1b6c49659a4ddb7e72eb884e 0ad601fc1b6c49659a4ddb7e72eb884e] 199.204.45.227 "GET /resource_providers/23473655-d224-47ec-893e-fca19340e61c/allocations" status: 200 len: 353 microversion: 1.0 [pid: 7|app: 0|req: 470/933] 199.204.45.227 () {32 vars in 856 bytes} [Mon May 4 12:41:23 2026] GET /resource_providers/23473655-d224-47ec-893e-fca19340e61c/allocations => generated 353 bytes in 14 msecs (HTTP/1.1 200) 6 headers in 224 bytes (1 switches on core 0)
2026-05-04 12:41:23.995 8 INFO placement.requestlog [req-356a57fc-fa22-477d-9b07-ea283d5fe29a req-dcd2f511-fcda-4d5c-a69f-58d0ab6befe3 060f7b160bb44afeba11097c2e77ca63 2b4dc835f1504985920d91d9a30892e5 - - 0ad601fc1b6c49659a4ddb7e72eb884e 0ad601fc1b6c49659a4ddb7e72eb884e] 199.204.45.227 "GET /allocations/3e5116ed-651a-45e6-a5b0-3231afca6902" status: 200 len: 258 microversion: 1.28 [pid: 8|app: 0|req: 464/934] 199.204.45.227 () {34 vars in 862 bytes} [Mon May 4 12:41:23 2026] GET /allocations/3e5116ed-651a-45e6-a5b0-3231afca6902 => generated 258 bytes in 11 msecs (HTTP/1.1 200) 8 headers in 296 bytes (1 switches on core 0)
2026-05-04 12:41:24.013 7 INFO placement.requestlog [req-356a57fc-fa22-477d-9b07-ea283d5fe29a req-84309da1-106e-436c-8a25-66e90ec9dd3f 060f7b160bb44afeba11097c2e77ca63 2b4dc835f1504985920d91d9a30892e5 - - 0ad601fc1b6c49659a4ddb7e72eb884e 0ad601fc1b6c49659a4ddb7e72eb884e] 199.204.45.227 "GET /allocations/4632c3a7-4b47-486b-9a8d-92f7958f563d" status: 200 len: 258 microversion: 1.28 [pid: 7|app: 0|req: 471/935] 199.204.45.227 () {34 vars in 862 bytes} [Mon May 4 12:41:24 2026] GET /allocations/4632c3a7-4b47-486b-9a8d-92f7958f563d => generated 258 bytes in 12 msecs (HTTP/1.1 200) 8 headers in 296 bytes (1 switches on core 0)
2026-05-04 12:41:24.030 8 INFO placement.requestlog [req-356a57fc-fa22-477d-9b07-ea283d5fe29a req-a0e22ea0-5b2e-4098-bb1c-2cabfb1f7636 060f7b160bb44afeba11097c2e77ca63 2b4dc835f1504985920d91d9a30892e5 - - 0ad601fc1b6c49659a4ddb7e72eb884e 0ad601fc1b6c49659a4ddb7e72eb884e] 199.204.45.227 "GET /allocations/2133e6f3-2ba5-4747-bdd8-c11e015430a4" status: 200 len: 258 microversion: 1.28 [pid: 8|app: 0|req: 465/936] 199.204.45.227 () {34 vars in 862 bytes} [Mon May 4 12:41:24 2026] GET /allocations/2133e6f3-2ba5-4747-bdd8-c11e015430a4 => generated 258 bytes in 11 msecs (HTTP/1.1 200) 8 headers in 296 bytes (1 switches on core 0)
2026-05-04 12:41:25.082 7 INFO placement.requestlog [req-356a57fc-fa22-477d-9b07-ea283d5fe29a req-2dc3ae0e-b81c-42df-88c7-3ec21d5f4565 060f7b160bb44afeba11097c2e77ca63 2b4dc835f1504985920d91d9a30892e5 - - 0ad601fc1b6c49659a4ddb7e72eb884e 0ad601fc1b6c49659a4ddb7e72eb884e] 199.204.45.227 "DELETE /allocations/4632c3a7-4b47-486b-9a8d-92f7958f563d" status: 204 len: 0 microversion: 1.0 [pid: 7|app: 0|req: 472/937] 199.204.45.227 () {34 vars in 840 bytes} [Mon May 4 12:41:25 2026] DELETE /allocations/4632c3a7-4b47-486b-9a8d-92f7958f563d => generated 0 bytes in 31 msecs (HTTP/1.1 204) 5 headers in 198 bytes (1 switches on core 0)
2026-05-04 12:41:28.482 8 INFO placement.requestlog [req-e54148f5-93c8-4854-aea1-bf8d298f0b0c req-5f32cdba-52c6-4cde-8791-34779d8544f9 060f7b160bb44afeba11097c2e77ca63 2b4dc835f1504985920d91d9a30892e5 - - 0ad601fc1b6c49659a4ddb7e72eb884e 0ad601fc1b6c49659a4ddb7e72eb884e] 10.0.0.105 "GET /allocation_candidates?limit=1000&resources=DISK_GB%3A1%2CMEMORY_MB%3A512%2CVCPU%3A1&root_required=%21COMPUTE_STATUS_DISABLED" status: 200 len: 2784 microversion: 1.36 [pid: 8|app: 0|req: 466/938] 10.0.0.105 () {34 vars in 1011 bytes} [Mon May 4 12:41:28 2026] GET /allocation_candidates?limit=1000&resources=DISK_GB%3A1%2CMEMORY_MB%3A512%2CVCPU%3A1&root_required=%21COMPUTE_STATUS_DISABLED => generated 2784 bytes in 37 msecs (HTTP/1.1 200) 8 headers in 297 bytes (1 switches on core 0)
2026-05-04 12:41:28.507 7 INFO placement.requestlog [req-e54148f5-93c8-4854-aea1-bf8d298f0b0c req-fb70fed6-b842-4f1b-893a-a064f6bd0d73 060f7b160bb44afeba11097c2e77ca63 2b4dc835f1504985920d91d9a30892e5 - - 0ad601fc1b6c49659a4ddb7e72eb884e 0ad601fc1b6c49659a4ddb7e72eb884e] 10.0.0.105 "GET /allocations/d999ea0a-1f02-4b0b-a696-95869b0080c3" status: 200 len: 19 microversion: 1.28 [pid: 7|app: 0|req: 473/939] 10.0.0.105 () {34 vars in 860 bytes} [Mon May 4 12:41:28 2026] GET /allocations/d999ea0a-1f02-4b0b-a696-95869b0080c3 => generated 19 bytes in 9 msecs (HTTP/1.1 200) 8 headers in 295 bytes (1 switches on core 0)
2026-05-04 12:41:28.564 8 INFO placement.requestlog [req-e54148f5-93c8-4854-aea1-bf8d298f0b0c req-3a2c0727-df9f-460e-aa5d-605b0c9c3fe7 060f7b160bb44afeba11097c2e77ca63 2b4dc835f1504985920d91d9a30892e5 - - 0ad601fc1b6c49659a4ddb7e72eb884e 0ad601fc1b6c49659a4ddb7e72eb884e] 10.0.0.105 "PUT /allocations/d999ea0a-1f02-4b0b-a696-95869b0080c3" status: 204 len: 0 microversion: 1.36 [pid: 8|app: 0|req: 467/940] 10.0.0.105 () {38 vars in 913 bytes} [Mon May 4 12:41:28 2026] PUT /allocations/d999ea0a-1f02-4b0b-a696-95869b0080c3 => generated 0 bytes in 53 msecs (HTTP/1.1 204) 5 headers in 199 bytes (1 switches on core 0)
2026-05-04 12:41:28.760 7 INFO placement.requestlog [None req-0725f3a3-1123-49ce-b6fb-46b120d83a5b 2bf6cce937994ae6ac8564d334dc0371 2b4dc835f1504985920d91d9a30892e5 - - 0ad601fc1b6c49659a4ddb7e72eb884e 0ad601fc1b6c49659a4ddb7e72eb884e] 10.0.0.172 "GET /resource_providers/f0bb307e-c288-4e77-9c8a-855172e4ddfe/aggregates" status: 404 len: 235 microversion: 1.1 [pid: 7|app: 0|req: 474/941] 10.0.0.172 () {32 vars in 815 bytes} [Mon May 4 12:41:28 2026] GET /resource_providers/f0bb307e-c288-4e77-9c8a-855172e4ddfe/aggregates => generated 235 bytes in 11 msecs (HTTP/1.1 404) 5 headers in 202 bytes (1 switches on core 0)
2026-05-04 12:41:28.763 8 INFO placement.requestlog [None req-80aafd2e-7a45-4752-b9b1-417459b0f051 2bf6cce937994ae6ac8564d334dc0371 2b4dc835f1504985920d91d9a30892e5 - - 0ad601fc1b6c49659a4ddb7e72eb884e 0ad601fc1b6c49659a4ddb7e72eb884e] 10.0.0.172 "GET /resource_providers/f0bb307e-c288-4e77-9c8a-855172e4ddfe/aggregates" status: 404 len: 235 microversion: 1.1 [pid: 8|app: 0|req: 468/942] 10.0.0.172 () {32 vars in 815 bytes} [Mon May 4 12:41:28 2026] GET /resource_providers/f0bb307e-c288-4e77-9c8a-855172e4ddfe/aggregates => generated 235 bytes in 10 msecs (HTTP/1.1 404) 5 headers in 202 bytes (1 switches on core 0)
2026-05-04 12:41:28.783 7 INFO placement.requestlog [None req-d3f25a7a-d0f3-4b03-8716-406a32bd8913 2bf6cce937994ae6ac8564d334dc0371 2b4dc835f1504985920d91d9a30892e5 - - 0ad601fc1b6c49659a4ddb7e72eb884e 0ad601fc1b6c49659a4ddb7e72eb884e] 10.0.0.172 "DELETE /resource_providers/f0bb307e-c288-4e77-9c8a-855172e4ddfe" status: 404 len: 246 microversion: 1.1 [pid: 7|app: 0|req: 475/943] 10.0.0.172 () {34 vars in 815 bytes} [Mon May 4 12:41:28 2026] DELETE /resource_providers/f0bb307e-c288-4e77-9c8a-855172e4ddfe => generated 246 bytes in 9 msecs (HTTP/1.1 404) 6 headers in 231 bytes (1 switches on core 0)
2026-05-04 12:41:28.788 8 INFO placement.requestlog [None req-59e7a526-9e41-4b3a-bd8b-d6a54b1c9e69 2bf6cce937994ae6ac8564d334dc0371 2b4dc835f1504985920d91d9a30892e5 - - 0ad601fc1b6c49659a4ddb7e72eb884e 0ad601fc1b6c49659a4ddb7e72eb884e] 10.0.0.172 "DELETE /resource_providers/f0bb307e-c288-4e77-9c8a-855172e4ddfe" status: 404 len: 246 microversion: 1.1 [pid: 8|app: 0|req: 469/944] 10.0.0.172 () {34 vars in 815 bytes} [Mon May 4 12:41:28 2026] DELETE /resource_providers/f0bb307e-c288-4e77-9c8a-855172e4ddfe => generated 246 bytes in 9 msecs (HTTP/1.1 404) 6 headers in 231 bytes (1 switches on core 0)
2026-05-04 12:41:30.080 7 INFO placement.requestlog [req-e54148f5-93c8-4854-aea1-bf8d298f0b0c req-75cd569d-5b2f-4e14-aff7-872f7961e192 060f7b160bb44afeba11097c2e77ca63 2b4dc835f1504985920d91d9a30892e5 - - 0ad601fc1b6c49659a4ddb7e72eb884e 0ad601fc1b6c49659a4ddb7e72eb884e] 199.204.45.227 "GET /allocations/d999ea0a-1f02-4b0b-a696-95869b0080c3" status: 200 len: 258 microversion: 1.28 [pid: 7|app: 0|req: 476/945] 199.204.45.227 () {34 vars in 862 bytes} [Mon May 4 12:41:30 2026] GET /allocations/d999ea0a-1f02-4b0b-a696-95869b0080c3 => generated 258 bytes in 13 msecs (HTTP/1.1 200) 8 headers in 296 bytes (1 switches on core 0)
2026-05-04 12:41:30.264 8 INFO placement.requestlog [None req-d7ad72d1-0d88-4895-af02-756ecee1c63d - - - - - -] 10.0.0.187 "GET /" status: 200 len: 136 microversion: 1.0
2026-05-04 12:41:30.264 7 INFO placement.requestlog [None req-3d8ac016-ef00-45b3-99da-abe78719025e - - - - - -] 10.0.0.187 "GET /" status: 200 len: 136 microversion: 1.0
2026-05-04 12:41:31.118 8 INFO placement.requestlog [req-e54148f5-93c8-4854-aea1-bf8d298f0b0c req-7d7a06cc-5a9f-44d6-be3f-edf80d7cb9c1 060f7b160bb44afeba11097c2e77ca63 2b4dc835f1504985920d91d9a30892e5 - - 0ad601fc1b6c49659a4ddb7e72eb884e 0ad601fc1b6c49659a4ddb7e72eb884e] 199.204.45.227 "GET /resource_providers/23473655-d224-47ec-893e-fca19340e61c/allocations" status: 200 len: 353 microversion: 1.0 [pid: 8|app: 0|req: 471/948] 199.204.45.227 () {32 vars in 856 bytes} [Mon May 4 12:41:31 2026] GET /resource_providers/23473655-d224-47ec-893e-fca19340e61c/allocations => generated 353 bytes in 16 msecs (HTTP/1.1 200) 6 headers in 224 bytes (1 switches on core 0)
2026-05-04 12:41:31.142 7 INFO placement.requestlog [req-e54148f5-93c8-4854-aea1-bf8d298f0b0c req-c2c8daf9-671a-4ffb-80cb-b105a44e5f35 060f7b160bb44afeba11097c2e77ca63 2b4dc835f1504985920d91d9a30892e5 - - 0ad601fc1b6c49659a4ddb7e72eb884e 0ad601fc1b6c49659a4ddb7e72eb884e] 199.204.45.227 "GET /allocations/3e5116ed-651a-45e6-a5b0-3231afca6902" status: 200 len: 258 microversion: 1.28 [pid: 7|app: 0|req: 478/949] 199.204.45.227 () {34 vars in 862 bytes} [Mon May 4 12:41:31 2026] GET /allocations/3e5116ed-651a-45e6-a5b0-3231afca6902 => generated 258 bytes in 16 msecs (HTTP/1.1 200) 8 headers in 296 bytes (1 switches on core 0)
2026-05-04 12:41:31.164 8 INFO placement.requestlog [req-e54148f5-93c8-4854-aea1-bf8d298f0b0c req-40d501fb-7b75-48c2-84f2-9f2f785d6923 060f7b160bb44afeba11097c2e77ca63 2b4dc835f1504985920d91d9a30892e5 - - 0ad601fc1b6c49659a4ddb7e72eb884e 0ad601fc1b6c49659a4ddb7e72eb884e] 199.204.45.227 "GET /allocations/2133e6f3-2ba5-4747-bdd8-c11e015430a4" status: 200 len: 258 microversion: 1.28 [pid: 8|app: 0|req: 472/950] 199.204.45.227 () {34 vars in 862 bytes} [Mon May 4 12:41:31 2026] GET /allocations/2133e6f3-2ba5-4747-bdd8-c11e015430a4 => generated 258 bytes in 14 msecs (HTTP/1.1 200) 8 headers in 296 bytes (1 switches on core 0)
2026-05-04 12:41:31.183 7 INFO placement.requestlog [req-e54148f5-93c8-4854-aea1-bf8d298f0b0c req-d044bf6e-e037-4352-9942-bcca5c0cb829 060f7b160bb44afeba11097c2e77ca63 2b4dc835f1504985920d91d9a30892e5 - - 0ad601fc1b6c49659a4ddb7e72eb884e 0ad601fc1b6c49659a4ddb7e72eb884e] 199.204.45.227 "GET /allocations/d999ea0a-1f02-4b0b-a696-95869b0080c3" status: 200 len: 258 microversion: 1.28 [pid: 7|app: 0|req: 479/951] 199.204.45.227 () {34 vars in 862 bytes} [Mon May 4 12:41:31 2026] GET /allocations/d999ea0a-1f02-4b0b-a696-95869b0080c3 => generated 258 bytes in 13 msecs (HTTP/1.1 200) 8 headers in 296 bytes (1 switches on core 0)
2026-05-04 12:41:36.047 8 INFO placement.requestlog [None req-5b6c7011-fe1f-4163-aa60-aa5c26801483 2bf6cce937994ae6ac8564d334dc0371 2b4dc835f1504985920d91d9a30892e5 - - 0ad601fc1b6c49659a4ddb7e72eb884e 0ad601fc1b6c49659a4ddb7e72eb884e] 10.0.0.172 "GET /resource_providers/85c978fd-e9b0-474e-b51a-cfa10d94c77c/aggregates" status: 404 len: 235 microversion: 1.1 [pid: 8|app: 0|req: 473/952] 10.0.0.172 () {32 vars in 815 bytes} [Mon May 4 12:41:36 2026] GET /resource_providers/85c978fd-e9b0-474e-b51a-cfa10d94c77c/aggregates => generated 235 bytes in 10 msecs (HTTP/1.1 404) 5 headers in 202 bytes (1 switches on core 0)
2026-05-04 12:41:36.050 7 INFO placement.requestlog [None req-6e04c548-13d3-4c99-9df2-c28f197823fd 2bf6cce937994ae6ac8564d334dc0371 2b4dc835f1504985920d91d9a30892e5 - - 0ad601fc1b6c49659a4ddb7e72eb884e 0ad601fc1b6c49659a4ddb7e72eb884e] 10.0.0.172 "GET /resource_providers/85c978fd-e9b0-474e-b51a-cfa10d94c77c/aggregates" status: 404 len: 235 microversion: 1.1 [pid: 7|app: 0|req: 480/953] 10.0.0.172 () {32 vars in 815 bytes} [Mon May 4 12:41:36 2026] GET /resource_providers/85c978fd-e9b0-474e-b51a-cfa10d94c77c/aggregates => generated 235 bytes in 9 msecs (HTTP/1.1 404) 5 headers in 202 bytes (1 switches on core 0)
2026-05-04 12:41:36.071 7 INFO placement.requestlog [None req-de10e70c-adfb-4fcd-ad34-45d9af9d0728 2bf6cce937994ae6ac8564d334dc0371 2b4dc835f1504985920d91d9a30892e5 - - 0ad601fc1b6c49659a4ddb7e72eb884e 0ad601fc1b6c49659a4ddb7e72eb884e] 10.0.0.172 "DELETE /resource_providers/85c978fd-e9b0-474e-b51a-cfa10d94c77c" status: 404 len: 246 microversion: 1.1 [pid: 7|app: 0|req: 481/954] 10.0.0.172 () {34 vars in 815 bytes} [Mon May 4 12:41:36 2026] DELETE /resource_providers/85c978fd-e9b0-474e-b51a-cfa10d94c77c => generated 246 bytes in 8 msecs (HTTP/1.1 404) 6 headers in 231 bytes (1 switches on core 0)
2026-05-04 12:41:36.073 8 INFO placement.requestlog [None req-64473273-01e4-42b3-936f-cf264ec14cb5 2bf6cce937994ae6ac8564d334dc0371 2b4dc835f1504985920d91d9a30892e5 - - 0ad601fc1b6c49659a4ddb7e72eb884e 0ad601fc1b6c49659a4ddb7e72eb884e] 10.0.0.172 "DELETE /resource_providers/85c978fd-e9b0-474e-b51a-cfa10d94c77c" status: 404 len: 246 microversion: 1.1 [pid: 8|app: 0|req: 474/955] 10.0.0.172 () {34 vars in 815 bytes} [Mon May 4 12:41:36 2026] DELETE /resource_providers/85c978fd-e9b0-474e-b51a-cfa10d94c77c => generated 246 bytes in 10 msecs (HTTP/1.1 404) 6 headers in 231 bytes (1 switches on core 0)
2026-05-04 12:41:36.383 7 INFO placement.requestlog [req-a875cc8d-7619-4ad5-a2e4-cb836e171653 req-5546d3ef-fee2-4793-acbd-63bf622af625 060f7b160bb44afeba11097c2e77ca63 2b4dc835f1504985920d91d9a30892e5 - - 0ad601fc1b6c49659a4ddb7e72eb884e 0ad601fc1b6c49659a4ddb7e72eb884e] 199.204.45.227 "GET /resource_providers/23473655-d224-47ec-893e-fca19340e61c/allocations" status: 200 len: 353 microversion: 1.0 [pid: 7|app: 0|req: 482/956] 199.204.45.227 () {32 vars in 856 bytes} [Mon May 4 12:41:36 2026] GET /resource_providers/23473655-d224-47ec-893e-fca19340e61c/allocations => generated 353 bytes in 15 msecs (HTTP/1.1 200) 6 headers in 224 bytes (1 switches on core 0)
2026-05-04 12:41:36.403 8 INFO placement.requestlog [req-a875cc8d-7619-4ad5-a2e4-cb836e171653 req-dc072282-2079-498a-88aa-aa9f6f2fb296 060f7b160bb44afeba11097c2e77ca63 2b4dc835f1504985920d91d9a30892e5 - - 0ad601fc1b6c49659a4ddb7e72eb884e 0ad601fc1b6c49659a4ddb7e72eb884e] 199.204.45.227 "GET /allocations/3e5116ed-651a-45e6-a5b0-3231afca6902" status: 200 len: 258 microversion: 1.28 [pid: 8|app: 0|req: 475/957] 199.204.45.227 () {34 vars in 862 bytes} [Mon May 4 12:41:36 2026] GET /allocations/3e5116ed-651a-45e6-a5b0-3231afca6902 => generated 258 bytes in 15 msecs (HTTP/1.1 200) 8 headers in 296 bytes (1 switches on core 0)
2026-05-04 12:41:36.428 7 INFO placement.requestlog [req-a875cc8d-7619-4ad5-a2e4-cb836e171653 req-47a2635e-ac74-49d3-bdc2-97d3cc7a4d6c 060f7b160bb44afeba11097c2e77ca63 2b4dc835f1504985920d91d9a30892e5 - - 0ad601fc1b6c49659a4ddb7e72eb884e 0ad601fc1b6c49659a4ddb7e72eb884e] 199.204.45.227 "GET /allocations/2133e6f3-2ba5-4747-bdd8-c11e015430a4" status: 200 len: 258 microversion: 1.28 [pid: 7|app: 0|req: 483/958] 199.204.45.227 () {34 vars in 862 bytes} [Mon May 4 12:41:36 2026] GET /allocations/2133e6f3-2ba5-4747-bdd8-c11e015430a4 => generated 258 bytes in 18 msecs (HTTP/1.1 200) 8 headers in 296 bytes (1 switches on core 0)
2026-05-04 12:41:36.443 8 INFO placement.requestlog [req-a875cc8d-7619-4ad5-a2e4-cb836e171653 req-29f3abc2-7cbf-4762-93e5-de045a2aa80a 060f7b160bb44afeba11097c2e77ca63 2b4dc835f1504985920d91d9a30892e5 - - 0ad601fc1b6c49659a4ddb7e72eb884e 0ad601fc1b6c49659a4ddb7e72eb884e] 199.204.45.227 "GET /allocations/d999ea0a-1f02-4b0b-a696-95869b0080c3" status: 200 len: 258 microversion: 1.28 [pid: 8|app: 0|req: 476/959] 199.204.45.227 () {34 vars in 862 bytes} [Mon May 4 12:41:36 2026] GET /allocations/d999ea0a-1f02-4b0b-a696-95869b0080c3 => generated 258 bytes in 10 msecs (HTTP/1.1 200) 8 headers in 296 bytes (1 switches on core 0)
2026-05-04 12:41:37.490 7 INFO placement.requestlog [req-a875cc8d-7619-4ad5-a2e4-cb836e171653 req-e3be2af3-30a8-4846-8631-e010594df134 060f7b160bb44afeba11097c2e77ca63 2b4dc835f1504985920d91d9a30892e5 - - 0ad601fc1b6c49659a4ddb7e72eb884e 0ad601fc1b6c49659a4ddb7e72eb884e] 199.204.45.227 "DELETE /allocations/3e5116ed-651a-45e6-a5b0-3231afca6902" status: 204 len: 0 microversion: 1.0 [pid: 7|app: 0|req: 484/960] 199.204.45.227 () {34 vars in 840 bytes} [Mon May 4 12:41:37 2026] DELETE /allocations/3e5116ed-651a-45e6-a5b0-3231afca6902 => generated 0 bytes in 24 msecs (HTTP/1.1 204) 5 headers in 198 bytes (1 switches on core 0)
2026-05-04 12:41:37.590 8 INFO placement.requestlog [None req-71b4825b-66e7-4cd6-bcde-1018fdf544b2 2bf6cce937994ae6ac8564d334dc0371 2b4dc835f1504985920d91d9a30892e5 - - 0ad601fc1b6c49659a4ddb7e72eb884e 0ad601fc1b6c49659a4ddb7e72eb884e] 10.0.0.172 "GET /resource_providers/125b0f93-1a05-4993-8abe-7af7fab4e907/aggregates" status: 404 len: 235 microversion: 1.1 [pid: 8|app: 0|req: 477/961] 10.0.0.172 () {32 vars in 815 bytes} [Mon May 4 12:41:37 2026] GET /resource_providers/125b0f93-1a05-4993-8abe-7af7fab4e907/aggregates => generated 235 bytes in 10 msecs (HTTP/1.1 404) 5 headers in 202 bytes (1 switches on core 0)
2026-05-04 12:41:37.593 7 INFO placement.requestlog [None req-ab8ca956-3e8d-4299-ac51-1bd04d83974d 2bf6cce937994ae6ac8564d334dc0371 2b4dc835f1504985920d91d9a30892e5 - - 0ad601fc1b6c49659a4ddb7e72eb884e 0ad601fc1b6c49659a4ddb7e72eb884e] 10.0.0.172 "GET /resource_providers/125b0f93-1a05-4993-8abe-7af7fab4e907/aggregates" status: 404 len: 235 microversion: 1.1 [pid: 7|app: 0|req: 485/962] 10.0.0.172 () {32 vars in 815 bytes} [Mon May 4 12:41:37 2026] GET /resource_providers/125b0f93-1a05-4993-8abe-7af7fab4e907/aggregates => generated 235 bytes in 11 msecs (HTTP/1.1 404) 5 headers in 202 bytes (1 switches on core 0)
2026-05-04 12:41:37.603 8 INFO placement.requestlog [None req-51b033ff-6f9e-49f0-85ec-861924137c8c 2bf6cce937994ae6ac8564d334dc0371 2b4dc835f1504985920d91d9a30892e5 - - 0ad601fc1b6c49659a4ddb7e72eb884e 0ad601fc1b6c49659a4ddb7e72eb884e] 10.0.0.172 "DELETE /resource_providers/125b0f93-1a05-4993-8abe-7af7fab4e907" status: 404 len: 246 microversion: 1.1 [pid: 8|app: 0|req: 478/963] 10.0.0.172 () {34 vars in 815 bytes} [Mon May 4 12:41:37 2026] DELETE /resource_providers/125b0f93-1a05-4993-8abe-7af7fab4e907 => generated 246 bytes in 7 msecs (HTTP/1.1 404) 6 headers in 231 bytes (1 switches on core 0)
2026-05-04 12:41:37.621 7 INFO placement.requestlog [None req-4997f4e9-eccc-43bf-a8a4-8540cd8fe920 2bf6cce937994ae6ac8564d334dc0371 2b4dc835f1504985920d91d9a30892e5 - - 0ad601fc1b6c49659a4ddb7e72eb884e 0ad601fc1b6c49659a4ddb7e72eb884e] 10.0.0.172 "DELETE /resource_providers/125b0f93-1a05-4993-8abe-7af7fab4e907" status: 404 len: 246 microversion: 1.1 [pid: 7|app: 0|req: 486/964] 10.0.0.172 () {34 vars in 815 bytes} [Mon May 4 12:41:37 2026] DELETE /resource_providers/125b0f93-1a05-4993-8abe-7af7fab4e907 => generated 246 bytes in 19 msecs (HTTP/1.1 404) 6 headers in 231 bytes (1 switches on core 0)
2026-05-04 12:41:40.265 8 INFO placement.requestlog [None req-6d489e60-785c-4aa2-8f80-fc8363e5d53c - - - - - -] 10.0.0.187 "GET /" status: 200 len: 136 microversion: 1.0
2026-05-04 12:41:40.266 7 INFO placement.requestlog [None req-2787f70e-f3b7-45df-9fb0-da7d60b9c353 - - - - - -] 10.0.0.187 "GET /" status: 200 len: 136 microversion: 1.0
2026-05-04 12:41:40.361 8 INFO placement.requestlog [None req-12a3fe4a-3764-4871-8a70-14dd20545430 2bf6cce937994ae6ac8564d334dc0371 2b4dc835f1504985920d91d9a30892e5 - - 0ad601fc1b6c49659a4ddb7e72eb884e 0ad601fc1b6c49659a4ddb7e72eb884e] 10.0.0.172 "GET /resource_providers/eac50c86-716f-45d5-969f-929d08241dde/aggregates" status: 404 len: 235 microversion: 1.1 [pid: 8|app: 0|req: 480/967] 10.0.0.172 () {32 vars in 815 bytes} [Mon May 4 12:41:40 2026] GET /resource_providers/eac50c86-716f-45d5-969f-929d08241dde/aggregates => generated 235 bytes in 11 msecs (HTTP/1.1 404) 5 headers in 202 bytes (1 switches on core 0)
2026-05-04 12:41:40.365 7 INFO placement.requestlog [None req-4a9c2101-c0e1-40f0-93f6-8456f85169b8 2bf6cce937994ae6ac8564d334dc0371 2b4dc835f1504985920d91d9a30892e5 - - 0ad601fc1b6c49659a4ddb7e72eb884e 0ad601fc1b6c49659a4ddb7e72eb884e] 10.0.0.172 "GET /resource_providers/eac50c86-716f-45d5-969f-929d08241dde/aggregates" status: 404 len: 235 microversion: 1.1 [pid: 7|app: 0|req: 488/968] 10.0.0.172 () {32 vars in 815 bytes} [Mon May 4 12:41:40 2026] GET /resource_providers/eac50c86-716f-45d5-969f-929d08241dde/aggregates => generated 235 bytes in 12 msecs (HTTP/1.1 404) 5 headers in 202 bytes (1 switches on core 0)
2026-05-04 12:41:40.383 8 INFO placement.requestlog [None req-f9b76922-9643-4225-be04-8215b7971104 2bf6cce937994ae6ac8564d334dc0371 2b4dc835f1504985920d91d9a30892e5 - - 0ad601fc1b6c49659a4ddb7e72eb884e 0ad601fc1b6c49659a4ddb7e72eb884e] 10.0.0.172 "DELETE /resource_providers/eac50c86-716f-45d5-969f-929d08241dde" status: 404 len: 246 microversion: 1.1 [pid: 8|app: 0|req: 481/969] 10.0.0.172 () {34 vars in 815 bytes} [Mon May 4 12:41:40 2026] DELETE /resource_providers/eac50c86-716f-45d5-969f-929d08241dde => generated 246 bytes in 11 msecs (HTTP/1.1 404) 6 headers in 231 bytes (1 switches on core 0)
2026-05-04 12:41:40.387 7 INFO placement.requestlog [None req-72ecde80-b916-4792-922e-76aa5c8a61e8 2bf6cce937994ae6ac8564d334dc0371 2b4dc835f1504985920d91d9a30892e5 - - 0ad601fc1b6c49659a4ddb7e72eb884e 0ad601fc1b6c49659a4ddb7e72eb884e] 10.0.0.172 "DELETE /resource_providers/eac50c86-716f-45d5-969f-929d08241dde" status: 404 len: 246 microversion: 1.1 [pid: 7|app: 0|req: 489/970] 10.0.0.172 () {34 vars in 815 bytes} [Mon May 4 12:41:40 2026] DELETE /resource_providers/eac50c86-716f-45d5-969f-929d08241dde => generated 246 bytes in 12 msecs (HTTP/1.1 404) 6 headers in 231 bytes (1 switches on core 0)
2026-05-04 12:41:40.902 8 INFO placement.requestlog [None req-dc8e0e54-645c-4441-8998-38b0a69fef43 2bf6cce937994ae6ac8564d334dc0371 2b4dc835f1504985920d91d9a30892e5 - - 0ad601fc1b6c49659a4ddb7e72eb884e 0ad601fc1b6c49659a4ddb7e72eb884e] 10.0.0.172 "GET /resource_providers/f562f570-de56-4940-8325-b5fbb6fc8dfe/aggregates" status: 404 len: 235 microversion: 1.1 [pid: 8|app: 0|req: 482/971] 10.0.0.172 () {32 vars in 815 bytes} [Mon May 4 12:41:40 2026] GET /resource_providers/f562f570-de56-4940-8325-b5fbb6fc8dfe/aggregates => generated 235 bytes in 8 msecs (HTTP/1.1 404) 5 headers in 202 bytes (1 switches on core 0)
2026-05-04 12:41:40.911 7 INFO placement.requestlog [None req-7388d45a-d8e0-4f26-acc8-2b878a94fc5b 2bf6cce937994ae6ac8564d334dc0371 2b4dc835f1504985920d91d9a30892e5 - - 0ad601fc1b6c49659a4ddb7e72eb884e 0ad601fc1b6c49659a4ddb7e72eb884e] 10.0.0.172 "GET /resource_providers/f562f570-de56-4940-8325-b5fbb6fc8dfe/aggregates" status: 404 len: 235 microversion: 1.1 [pid: 7|app: 0|req: 490/972] 10.0.0.172 () {32 vars in 815 bytes} [Mon May 4 12:41:40 2026] GET /resource_providers/f562f570-de56-4940-8325-b5fbb6fc8dfe/aggregates => generated 235 bytes in 17 msecs (HTTP/1.1 404) 5 headers in 202 bytes (1 switches on core 0)
2026-05-04 12:41:40.918 8 INFO placement.requestlog [None req-f23eabe2-1ebc-4a59-bff3-732c95e742ac 2bf6cce937994ae6ac8564d334dc0371 2b4dc835f1504985920d91d9a30892e5 - - 0ad601fc1b6c49659a4ddb7e72eb884e 0ad601fc1b6c49659a4ddb7e72eb884e] 10.0.0.172 "DELETE /resource_providers/f562f570-de56-4940-8325-b5fbb6fc8dfe" status: 404 len: 246 microversion: 1.1 [pid: 8|app: 0|req: 483/973] 10.0.0.172 () {34 vars in 815 bytes} [Mon May 4 12:41:40 2026] DELETE /resource_providers/f562f570-de56-4940-8325-b5fbb6fc8dfe => generated 246 bytes in 7 msecs (HTTP/1.1 404) 6 headers in 231 bytes (1 switches on core 0)
2026-05-04 12:41:40.929 7 INFO placement.requestlog [None req-652df508-7be7-4f33-a1fa-4c37d3d6bf50 2bf6cce937994ae6ac8564d334dc0371 2b4dc835f1504985920d91d9a30892e5 - - 0ad601fc1b6c49659a4ddb7e72eb884e 0ad601fc1b6c49659a4ddb7e72eb884e] 10.0.0.172 "DELETE /resource_providers/f562f570-de56-4940-8325-b5fbb6fc8dfe" status: 404 len: 246 microversion: 1.1 [pid: 7|app: 0|req: 491/974] 10.0.0.172 () {34 vars in 815 bytes} [Mon May 4 12:41:40 2026] DELETE /resource_providers/f562f570-de56-4940-8325-b5fbb6fc8dfe => generated 246 bytes in 11 msecs (HTTP/1.1 404) 6 headers in 231 bytes (1 switches on core 0)
2026-05-04 12:41:42.856 8 INFO placement.requestlog [None req-549617c8-93b4-4386-a8e6-2d39825008af 2bf6cce937994ae6ac8564d334dc0371 2b4dc835f1504985920d91d9a30892e5 - - 0ad601fc1b6c49659a4ddb7e72eb884e 0ad601fc1b6c49659a4ddb7e72eb884e] 10.0.0.172 "GET /resource_providers/28862f3f-4af5-49c2-abe3-014eb675cf20/aggregates" status: 404 len: 235 microversion: 1.1 [pid: 8|app: 0|req: 484/975] 10.0.0.172 () {32 vars in 815 bytes} [Mon May 4 12:41:42 2026] GET /resource_providers/28862f3f-4af5-49c2-abe3-014eb675cf20/aggregates => generated 235 bytes in 10 msecs (HTTP/1.1 404) 5 headers in 202 bytes (1 switches on core 0)
2026-05-04 12:41:42.858 7 INFO placement.requestlog [None req-c2349998-82e0-4cbc-ba31-0b5ceed769c7 2bf6cce937994ae6ac8564d334dc0371 2b4dc835f1504985920d91d9a30892e5 - - 0ad601fc1b6c49659a4ddb7e72eb884e 0ad601fc1b6c49659a4ddb7e72eb884e] 10.0.0.172 "GET /resource_providers/28862f3f-4af5-49c2-abe3-014eb675cf20/aggregates" status: 404 len: 235 microversion: 1.1 [pid: 7|app: 0|req: 492/976] 10.0.0.172 () {32 vars in 815 bytes} [Mon May 4 12:41:42 2026] GET /resource_providers/28862f3f-4af5-49c2-abe3-014eb675cf20/aggregates => generated 235 bytes in 12 msecs (HTTP/1.1 404) 5 headers in 202 bytes (1 switches on core 0)
2026-05-04 12:41:42.877 8 INFO placement.requestlog [None req-2598bdb5-bda6-4b18-aed5-11adf364e99a 2bf6cce937994ae6ac8564d334dc0371 2b4dc835f1504985920d91d9a30892e5 - - 0ad601fc1b6c49659a4ddb7e72eb884e 0ad601fc1b6c49659a4ddb7e72eb884e] 10.0.0.172 "DELETE /resource_providers/28862f3f-4af5-49c2-abe3-014eb675cf20" status: 404 len: 246 microversion: 1.1 [pid: 8|app: 0|req: 485/977] 10.0.0.172 () {34 vars in 815 bytes} [Mon May 4 12:41:42 2026] DELETE /resource_providers/28862f3f-4af5-49c2-abe3-014eb675cf20 => generated 246 bytes in 9 msecs (HTTP/1.1 404) 6 headers in 231 bytes (1 switches on core 0)
2026-05-04 12:41:42.879 7 INFO placement.requestlog [None req-e037f1e0-336c-4079-be91-8167c7b2084d 2bf6cce937994ae6ac8564d334dc0371 2b4dc835f1504985920d91d9a30892e5 - - 0ad601fc1b6c49659a4ddb7e72eb884e 0ad601fc1b6c49659a4ddb7e72eb884e] 10.0.0.172 "DELETE /resource_providers/28862f3f-4af5-49c2-abe3-014eb675cf20" status: 404 len: 246 microversion: 1.1 [pid: 7|app: 0|req: 493/978] 10.0.0.172 () {34 vars in 815 bytes} [Mon May 4 12:41:42 2026] DELETE /resource_providers/28862f3f-4af5-49c2-abe3-014eb675cf20 => generated 246 bytes in 10 msecs (HTTP/1.1 404) 6 headers in 231 bytes (1 switches on core 0)
2026-05-04 12:41:50.264 8 INFO placement.requestlog [None req-ac15c89e-b11b-4aad-8609-b00aedcc3598 - - - - - -] 10.0.0.187 "GET /" status: 200 len: 136 microversion: 1.0
2026-05-04 12:41:50.265 7 INFO placement.requestlog [None req-27e73651-999b-4915-a3e4-8b21e9cba1d6 - - - - - -] 10.0.0.187 "GET /" status: 200 len: 136 microversion: 1.0
2026-05-04 12:41:54.970 8 INFO placement.requestlog [None req-176451b6-11ea-4a63-89b8-c4893fa6da73 2bf6cce937994ae6ac8564d334dc0371 2b4dc835f1504985920d91d9a30892e5 - - 0ad601fc1b6c49659a4ddb7e72eb884e 0ad601fc1b6c49659a4ddb7e72eb884e] 10.0.0.172 "GET /resource_providers/60c922cf-855a-448e-96be-24b90bd0b88a/aggregates" status: 404 len: 235 microversion: 1.1 [pid: 8|app: 0|req: 487/981] 10.0.0.172 () {32 vars in 815 bytes} [Mon May 4 12:41:54 2026] GET /resource_providers/60c922cf-855a-448e-96be-24b90bd0b88a/aggregates => generated 235 bytes in 9 msecs (HTTP/1.1 404) 5 headers in 202 bytes (1 switches on core 0)
2026-05-04 12:41:54.984 7 INFO placement.requestlog [None req-4f341bed-0043-418c-a945-ae2ab00475bd 2bf6cce937994ae6ac8564d334dc0371 2b4dc835f1504985920d91d9a30892e5 - - 0ad601fc1b6c49659a4ddb7e72eb884e 0ad601fc1b6c49659a4ddb7e72eb884e] 10.0.0.172 "GET /resource_providers/60c922cf-855a-448e-96be-24b90bd0b88a/aggregates" status: 404 len: 235 microversion: 1.1 [pid: 7|app: 0|req: 495/982] 10.0.0.172 () {32 vars in 815 bytes} [Mon May 4 12:41:54 2026] GET /resource_providers/60c922cf-855a-448e-96be-24b90bd0b88a/aggregates => generated 235 bytes in 10 msecs (HTTP/1.1 404) 5 headers in 202 bytes (1 switches on core 0)
2026-05-04 12:41:54.986 8 INFO placement.requestlog [None req-094974b8-b20e-4d44-96c3-e7390998d8f8 2bf6cce937994ae6ac8564d334dc0371 2b4dc835f1504985920d91d9a30892e5 - - 0ad601fc1b6c49659a4ddb7e72eb884e 0ad601fc1b6c49659a4ddb7e72eb884e] 10.0.0.172 "DELETE /resource_providers/60c922cf-855a-448e-96be-24b90bd0b88a" status: 404 len: 246 microversion: 1.1 [pid: 8|app: 0|req: 488/983] 10.0.0.172 () {34 vars in 815 bytes} [Mon May 4 12:41:54 2026] DELETE /resource_providers/60c922cf-855a-448e-96be-24b90bd0b88a => generated 246 bytes in 7 msecs (HTTP/1.1 404) 6 headers in 231 bytes (1 switches on core 0)
2026-05-04 12:41:55.004 7 INFO placement.requestlog [None req-2dbe3c04-94d6-4dfb-bbb6-38e94494ebec 2bf6cce937994ae6ac8564d334dc0371 2b4dc835f1504985920d91d9a30892e5 - - 0ad601fc1b6c49659a4ddb7e72eb884e 0ad601fc1b6c49659a4ddb7e72eb884e] 10.0.0.172 "DELETE /resource_providers/60c922cf-855a-448e-96be-24b90bd0b88a" status: 404 len: 246 microversion: 1.1 [pid: 7|app: 0|req: 496/984] 10.0.0.172 () {34 vars in 815 bytes} [Mon May 4 12:41:54 2026] DELETE /resource_providers/60c922cf-855a-448e-96be-24b90bd0b88a => generated 246 bytes in 11 msecs (HTTP/1.1 404) 6 headers in 231 bytes (1 switches on core 0)
2026-05-04 12:41:55.348 8 INFO placement.requestlog [None req-faa613fd-3e10-4cb3-8dfc-4589945b02d9 2bf6cce937994ae6ac8564d334dc0371 2b4dc835f1504985920d91d9a30892e5 - - 0ad601fc1b6c49659a4ddb7e72eb884e 0ad601fc1b6c49659a4ddb7e72eb884e] 10.0.0.172 "GET /resource_providers/6da4ae30-7f61-4ad6-9052-a6ef4ea687f2/aggregates" status: 404 len: 235 microversion: 1.1 [pid: 8|app: 0|req: 489/985] 10.0.0.172 () {32 vars in 815 bytes} [Mon May 4 12:41:55 2026] GET /resource_providers/6da4ae30-7f61-4ad6-9052-a6ef4ea687f2/aggregates => generated 235 bytes in 11 msecs (HTTP/1.1 404) 5 headers in 202 bytes (1 switches on core 0)
2026-05-04 12:41:55.353 7 INFO placement.requestlog [None req-999bd7e9-b9ed-4a30-b4a9-2d0d7bed89f1 2bf6cce937994ae6ac8564d334dc0371 2b4dc835f1504985920d91d9a30892e5 - - 0ad601fc1b6c49659a4ddb7e72eb884e 0ad601fc1b6c49659a4ddb7e72eb884e] 10.0.0.172 "GET /resource_providers/6da4ae30-7f61-4ad6-9052-a6ef4ea687f2/aggregates" status: 404 len: 235 microversion: 1.1 [pid: 7|app: 0|req: 497/986] 10.0.0.172 () {32 vars in 815 bytes} [Mon May 4 12:41:55 2026] GET /resource_providers/6da4ae30-7f61-4ad6-9052-a6ef4ea687f2/aggregates => generated 235 bytes in 15 msecs (HTTP/1.1 404) 5 headers in 202 bytes (1 switches on core 0)
2026-05-04 12:41:55.369 8 INFO placement.requestlog [None req-626360ff-7fbc-42b9-bfdf-80b2dd3821d9 2bf6cce937994ae6ac8564d334dc0371 2b4dc835f1504985920d91d9a30892e5 - - 0ad601fc1b6c49659a4ddb7e72eb884e 0ad601fc1b6c49659a4ddb7e72eb884e] 10.0.0.172 "DELETE /resource_providers/6da4ae30-7f61-4ad6-9052-a6ef4ea687f2" status: 404 len: 246 microversion: 1.1 [pid: 8|app: 0|req: 490/987] 10.0.0.172 () {34 vars in 815 bytes} [Mon May 4 12:41:55 2026] DELETE /resource_providers/6da4ae30-7f61-4ad6-9052-a6ef4ea687f2 => generated 246 bytes in 8 msecs (HTTP/1.1 404) 6 headers in 231 bytes (1 switches on core 0)
2026-05-04 12:41:55.376 7 INFO placement.requestlog [None req-0aaab262-0916-4de7-8922-c8b740b6d181 2bf6cce937994ae6ac8564d334dc0371 2b4dc835f1504985920d91d9a30892e5 - - 0ad601fc1b6c49659a4ddb7e72eb884e 0ad601fc1b6c49659a4ddb7e72eb884e] 10.0.0.172 "DELETE /resource_providers/6da4ae30-7f61-4ad6-9052-a6ef4ea687f2" status: 404 len: 246 microversion: 1.1 [pid: 7|app: 0|req: 498/988] 10.0.0.172 () {34 vars in 815 bytes} [Mon May 4 12:41:55 2026] DELETE /resource_providers/6da4ae30-7f61-4ad6-9052-a6ef4ea687f2 => generated 246 bytes in 12 msecs (HTTP/1.1 404) 6 headers in 231 bytes (1 switches on core 0)
2026-05-04 12:41:57.004 8 INFO placement.requestlog [None req-d64e293a-94fd-4981-b594-da256d81883d 2bf6cce937994ae6ac8564d334dc0371 2b4dc835f1504985920d91d9a30892e5 - - 0ad601fc1b6c49659a4ddb7e72eb884e 0ad601fc1b6c49659a4ddb7e72eb884e] 10.0.0.172 "GET /resource_providers/ae9a3e89-cddd-4682-a311-0d3e77bd3089/aggregates" status: 404 len: 235 microversion: 1.1 [pid: 8|app: 0|req: 491/989] 10.0.0.172 () {32 vars in 815 bytes} [Mon May 4 12:41:56 2026] GET /resource_providers/ae9a3e89-cddd-4682-a311-0d3e77bd3089/aggregates => generated 235 bytes in 9 msecs (HTTP/1.1 404) 5 headers in 202 bytes (1 switches on core 0)
2026-05-04 12:41:57.024 8 INFO placement.requestlog [None req-77a7952c-40e2-4b15-be6b-963bdec26097 2bf6cce937994ae6ac8564d334dc0371 2b4dc835f1504985920d91d9a30892e5 - - 0ad601fc1b6c49659a4ddb7e72eb884e 0ad601fc1b6c49659a4ddb7e72eb884e] 10.0.0.172 "DELETE /resource_providers/ae9a3e89-cddd-4682-a311-0d3e77bd3089" status: 404 len: 246 microversion: 1.1 [pid: 8|app: 0|req: 492/990] 10.0.0.172 () {34 vars in 815 bytes} [Mon May 4 12:41:57 2026] DELETE /resource_providers/ae9a3e89-cddd-4682-a311-0d3e77bd3089 => generated 246 bytes in 8 msecs (HTTP/1.1 404) 6 headers in 231 bytes (1 switches on core 0)
2026-05-04 12:41:57.027 7 INFO placement.requestlog [None req-81a2b26c-aa4f-4bec-8e90-5566e50eac79 2bf6cce937994ae6ac8564d334dc0371 2b4dc835f1504985920d91d9a30892e5 - - 0ad601fc1b6c49659a4ddb7e72eb884e 0ad601fc1b6c49659a4ddb7e72eb884e] 10.0.0.172 "GET /resource_providers/ae9a3e89-cddd-4682-a311-0d3e77bd3089/aggregates" status: 404 len: 235 microversion: 1.1 [pid: 7|app: 0|req: 499/991] 10.0.0.172 () {32 vars in 815 bytes} [Mon May 4 12:41:57 2026] GET /resource_providers/ae9a3e89-cddd-4682-a311-0d3e77bd3089/aggregates => generated 235 bytes in 12 msecs (HTTP/1.1 404) 5 headers in 202 bytes (1 switches on core 0)
2026-05-04 12:41:57.048 8 INFO placement.requestlog [None req-b5be3aac-fe1d-4cf3-82b7-45168aceb48e 2bf6cce937994ae6ac8564d334dc0371 2b4dc835f1504985920d91d9a30892e5 - - 0ad601fc1b6c49659a4ddb7e72eb884e 0ad601fc1b6c49659a4ddb7e72eb884e] 10.0.0.172 "GET /resource_providers/5e7c2c19-5004-4001-afd5-aac6136684a5/aggregates" status: 404 len: 235 microversion: 1.1 [pid: 8|app: 0|req: 493/992] 10.0.0.172 () {32 vars in 815 bytes} [Mon May 4 12:41:57 2026] GET /resource_providers/5e7c2c19-5004-4001-afd5-aac6136684a5/aggregates => generated 235 bytes in 7 msecs (HTTP/1.1 404) 5 headers in 202 bytes (1 switches on core 0)
2026-05-04 12:41:57.053 7 INFO placement.requestlog [None req-adb786d5-a896-47f7-af91-f3a2c6cfb2ba 2bf6cce937994ae6ac8564d334dc0371 2b4dc835f1504985920d91d9a30892e5 - - 0ad601fc1b6c49659a4ddb7e72eb884e 0ad601fc1b6c49659a4ddb7e72eb884e] 10.0.0.172 "DELETE /resource_providers/ae9a3e89-cddd-4682-a311-0d3e77bd3089" status: 404 len: 246 microversion: 1.1 [pid: 7|app: 0|req: 500/993] 10.0.0.172 () {34 vars in 815 bytes} [Mon May 4 12:41:57 2026] DELETE /resource_providers/ae9a3e89-cddd-4682-a311-0d3e77bd3089 => generated 246 bytes in 9 msecs (HTTP/1.1 404) 6 headers in 231 bytes (1 switches on core 0)
2026-05-04 12:41:57.069 8 INFO placement.requestlog [None req-ee6e7c0a-fedb-4a35-a99c-2b107aedfa2f 2bf6cce937994ae6ac8564d334dc0371 2b4dc835f1504985920d91d9a30892e5 - - 0ad601fc1b6c49659a4ddb7e72eb884e 0ad601fc1b6c49659a4ddb7e72eb884e] 10.0.0.172 "DELETE /resource_providers/5e7c2c19-5004-4001-afd5-aac6136684a5" status: 404 len: 246 microversion: 1.1 [pid: 8|app: 0|req: 494/994] 10.0.0.172 () {34 vars in 815 bytes} [Mon May 4 12:41:57 2026] DELETE /resource_providers/5e7c2c19-5004-4001-afd5-aac6136684a5 => generated 246 bytes in 7 msecs (HTTP/1.1 404) 6 headers in 231 bytes (1 switches on core 0)
2026-05-04 12:41:57.073 7 INFO placement.requestlog [None req-d831c1ff-c21e-4274-a35e-579b5072e03b 2bf6cce937994ae6ac8564d334dc0371 2b4dc835f1504985920d91d9a30892e5 - - 0ad601fc1b6c49659a4ddb7e72eb884e 0ad601fc1b6c49659a4ddb7e72eb884e] 10.0.0.172 "GET /resource_providers/5e7c2c19-5004-4001-afd5-aac6136684a5/aggregates" status: 404 len: 235 microversion: 1.1 [pid: 7|app: 0|req: 501/995] 10.0.0.172 () {32 vars in 815 bytes} [Mon May 4 12:41:57 2026] GET /resource_providers/5e7c2c19-5004-4001-afd5-aac6136684a5/aggregates => generated 235 bytes in 8 msecs (HTTP/1.1 404) 5 headers in 202 bytes (1 switches on core 0)
2026-05-04 12:41:57.093 8 INFO placement.requestlog [None req-5cd6cbe6-e3e0-4d07-9b0b-290e5a5783a1 2bf6cce937994ae6ac8564d334dc0371 2b4dc835f1504985920d91d9a30892e5 - - 0ad601fc1b6c49659a4ddb7e72eb884e 0ad601fc1b6c49659a4ddb7e72eb884e] 10.0.0.172 "DELETE /resource_providers/5e7c2c19-5004-4001-afd5-aac6136684a5" status: 404 len: 246 microversion: 1.1 [pid: 8|app: 0|req: 495/996] 10.0.0.172 () {34 vars in 815 bytes} [Mon May 4 12:41:57 2026] DELETE /resource_providers/5e7c2c19-5004-4001-afd5-aac6136684a5 => generated 246 bytes in 11 msecs (HTTP/1.1 404) 6 headers in 231 bytes (1 switches on core 0)
2026-05-04 12:41:57.393 7 INFO placement.requestlog [None req-e2998d0d-d4bb-418b-9a2e-8808714bf6d0 2bf6cce937994ae6ac8564d334dc0371 2b4dc835f1504985920d91d9a30892e5 - - 0ad601fc1b6c49659a4ddb7e72eb884e 0ad601fc1b6c49659a4ddb7e72eb884e] 10.0.0.172 "GET /resource_providers/034c95f2-fcaa-48d8-be88-cf0444663271/aggregates" status: 404 len: 235 microversion: 1.1 [pid: 7|app: 0|req: 502/997] 10.0.0.172 () {32 vars in 815 bytes} [Mon May 4 12:41:57 2026] GET /resource_providers/034c95f2-fcaa-48d8-be88-cf0444663271/aggregates => generated 235 bytes in 9 msecs (HTTP/1.1 404) 5 headers in 202 bytes (1 switches on core 0)
2026-05-04 12:41:57.400 8 INFO placement.requestlog [None req-692182da-4b9f-4535-bf0d-3a0ad1c51717 2bf6cce937994ae6ac8564d334dc0371 2b4dc835f1504985920d91d9a30892e5 - - 0ad601fc1b6c49659a4ddb7e72eb884e 0ad601fc1b6c49659a4ddb7e72eb884e] 10.0.0.172 "GET /resource_providers/034c95f2-fcaa-48d8-be88-cf0444663271/aggregates" status: 404 len: 235 microversion: 1.1 [pid: 8|app: 0|req: 496/998] 10.0.0.172 () {32 vars in 815 bytes} [Mon May 4 12:41:57 2026] GET /resource_providers/034c95f2-fcaa-48d8-be88-cf0444663271/aggregates => generated 235 bytes in 11 msecs (HTTP/1.1 404) 5 headers in 202 bytes (1 switches on core 0)
2026-05-04 12:41:57.405 7 INFO placement.requestlog [None req-3523c8b6-fbe5-4dd5-9b01-17d2097df97f 2bf6cce937994ae6ac8564d334dc0371 2b4dc835f1504985920d91d9a30892e5 - - 0ad601fc1b6c49659a4ddb7e72eb884e 0ad601fc1b6c49659a4ddb7e72eb884e] 10.0.0.172 "DELETE /resource_providers/034c95f2-fcaa-48d8-be88-cf0444663271" status: 404 len: 246 microversion: 1.1 [pid: 7|app: 0|req: 503/999] 10.0.0.172 () {34 vars in 815 bytes} [Mon May 4 12:41:57 2026] DELETE /resource_providers/034c95f2-fcaa-48d8-be88-cf0444663271 => generated 246 bytes in 5 msecs (HTTP/1.1 404) 6 headers in 231 bytes (1 switches on core 0)
2026-05-04 12:41:57.415 8 INFO placement.requestlog [None req-fbae0117-b758-4c1b-b8ba-43cd54082b3c 2bf6cce937994ae6ac8564d334dc0371 2b4dc835f1504985920d91d9a30892e5 - - 0ad601fc1b6c49659a4ddb7e72eb884e 0ad601fc1b6c49659a4ddb7e72eb884e] 10.0.0.172 "DELETE /resource_providers/034c95f2-fcaa-48d8-be88-cf0444663271" status: 404 len: 246 microversion: 1.1 [pid: 8|app: 0|req: 497/1000] 10.0.0.172 () {34 vars in 815 bytes} [Mon May 4 12:41:57 2026] DELETE /resource_providers/034c95f2-fcaa-48d8-be88-cf0444663271 => generated 246 bytes in 8 msecs (HTTP/1.1 404) 6 headers in 231 bytes (1 switches on core 0)
2026-05-04 12:42:00.265 7 INFO placement.requestlog [None req-3e9fed2d-3a2d-41c0-b82f-0977bbcdf6d6 - - - - - -] 10.0.0.187 "GET /" status: 200 len: 136 microversion: 1.0
2026-05-04 12:42:00.265 8 INFO placement.requestlog [None req-f5c86cb5-5890-49bf-8809-e000b78692d2 - - - - - -] 10.0.0.187 "GET /" status: 200 len: 136 microversion: 1.0
2026-05-04 12:42:03.874 8 INFO placement.requestlog [None req-85491e9c-8af1-43d3-95fc-4734fa424236 2bf6cce937994ae6ac8564d334dc0371 2b4dc835f1504985920d91d9a30892e5 - - 0ad601fc1b6c49659a4ddb7e72eb884e 0ad601fc1b6c49659a4ddb7e72eb884e] 10.0.0.172 "GET /resource_providers/56bb6ff4-3521-4862-9257-b3b80f40b171/aggregates" status: 404 len: 235 microversion: 1.1 [pid: 8|app: 0|req: 499/1003] 10.0.0.172 () {32 vars in 815 bytes} [Mon May 4 12:42:03 2026] GET /resource_providers/56bb6ff4-3521-4862-9257-b3b80f40b171/aggregates => generated 235 bytes in 9 msecs (HTTP/1.1 404) 5 headers in 202 bytes (1 switches on core 0)
2026-05-04 12:42:03.878 7 INFO placement.requestlog [None req-e5bc88ef-09c7-45c7-93cf-6644559eb7f6 2bf6cce937994ae6ac8564d334dc0371 2b4dc835f1504985920d91d9a30892e5 - - 0ad601fc1b6c49659a4ddb7e72eb884e 0ad601fc1b6c49659a4ddb7e72eb884e] 10.0.0.172 "GET /resource_providers/56bb6ff4-3521-4862-9257-b3b80f40b171/aggregates" status: 404 len: 235 microversion: 1.1 [pid: 7|app: 0|req: 505/1004] 10.0.0.172 () {32 vars in 815 bytes} [Mon May 4 12:42:03 2026] GET /resource_providers/56bb6ff4-3521-4862-9257-b3b80f40b171/aggregates => generated 235 bytes in 12 msecs (HTTP/1.1 404) 5 headers in 202 bytes (1 switches on core 0)
2026-05-04 12:42:03.897 8 INFO placement.requestlog [None req-c194dc0e-dcb4-497e-ac52-afd7fe1dcc54 2bf6cce937994ae6ac8564d334dc0371 2b4dc835f1504985920d91d9a30892e5 - - 0ad601fc1b6c49659a4ddb7e72eb884e 0ad601fc1b6c49659a4ddb7e72eb884e] 10.0.0.172 "DELETE /resource_providers/56bb6ff4-3521-4862-9257-b3b80f40b171" status: 404 len: 246 microversion: 1.1 [pid: 8|app: 0|req: 500/1005] 10.0.0.172 () {34 vars in 815 bytes} [Mon May 4 12:42:03 2026] DELETE /resource_providers/56bb6ff4-3521-4862-9257-b3b80f40b171 => generated 246 bytes in 6 msecs (HTTP/1.1 404) 6 headers in 231 bytes (1 switches on core 0)
2026-05-04 12:42:03.897 7 INFO placement.requestlog [None req-43eb4b79-f9a4-436b-bc0e-4d21b30d6087 2bf6cce937994ae6ac8564d334dc0371 2b4dc835f1504985920d91d9a30892e5 - - 0ad601fc1b6c49659a4ddb7e72eb884e 0ad601fc1b6c49659a4ddb7e72eb884e] 10.0.0.172 "DELETE /resource_providers/56bb6ff4-3521-4862-9257-b3b80f40b171" status: 404 len: 246 microversion: 1.1 [pid: 7|app: 0|req: 506/1006] 10.0.0.172 () {34 vars in 815 bytes} [Mon May 4 12:42:03 2026] DELETE /resource_providers/56bb6ff4-3521-4862-9257-b3b80f40b171 => generated 246 bytes in 6 msecs (HTTP/1.1 404) 6 headers in 231 bytes (1 switches on core 0)
2026-05-04 12:42:06.111 8 INFO placement.requestlog [req-0f6f7c71-b199-4f29-8cd4-d627dd1ee5e9 req-6a12b1ff-3ad3-4316-bee7-8131eaf46772 060f7b160bb44afeba11097c2e77ca63 2b4dc835f1504985920d91d9a30892e5 - - 0ad601fc1b6c49659a4ddb7e72eb884e 0ad601fc1b6c49659a4ddb7e72eb884e] 199.204.45.227 "GET /resource_providers/23473655-d224-47ec-893e-fca19340e61c/allocations" status: 200 len: 253 microversion: 1.0 [pid: 8|app: 0|req: 501/1007] 199.204.45.227 () {32 vars in 856 bytes} [Mon May 4 12:42:06 2026] GET /resource_providers/23473655-d224-47ec-893e-fca19340e61c/allocations => generated 253 bytes in 12 msecs (HTTP/1.1 200) 6 headers in 224 bytes (1 switches on core 0)
