2026-04-29 23:37:07.589 8 INFO placement.requestlog [None req-cce0d180-3fb2-4b16-93c6-cfdf79f3d7ac f5e1cedf10084fd1998cfca077152c67 e7af91e1e7ea4afc9e45a9d860f2ee68 - - ddd2b6f3dd414f00bb65cffeb9fa7912 ddd2b6f3dd414f00bb65cffeb9fa7912] 10.0.0.111 "GET /resource_providers/af47da1f-eea3-4adf-a77d-d0387482a387/aggregates" status: 404 len: 235 microversion: 1.1 [pid: 8|app: 0|req: 337/680] 10.0.0.111 () {32 vars in 816 bytes} [Wed Apr 29 23:37:07 2026] GET /resource_providers/af47da1f-eea3-4adf-a77d-d0387482a387/aggregates => generated 235 bytes in 8 msecs (HTTP/1.1 404) 5 headers in 202 bytes (1 switches on core 0)
2026-04-29 23:37:07.596 7 INFO placement.requestlog [None req-d2f975f6-fab4-4123-81db-bd8386d5777d f5e1cedf10084fd1998cfca077152c67 e7af91e1e7ea4afc9e45a9d860f2ee68 - - ddd2b6f3dd414f00bb65cffeb9fa7912 ddd2b6f3dd414f00bb65cffeb9fa7912] 10.0.0.111 "GET /resource_providers/af47da1f-eea3-4adf-a77d-d0387482a387/aggregates" status: 404 len: 235 microversion: 1.1 [pid: 7|app: 0|req: 344/681] 10.0.0.111 () {32 vars in 816 bytes} [Wed Apr 29 23:37:07 2026] GET /resource_providers/af47da1f-eea3-4adf-a77d-d0387482a387/aggregates => generated 235 bytes in 16 msecs (HTTP/1.1 404) 5 headers in 202 bytes (1 switches on core 0)
2026-04-29 23:37:07.614 8 INFO placement.requestlog [None req-7a4918d1-f4c8-42d4-9d1b-c9329bd7f228 f5e1cedf10084fd1998cfca077152c67 e7af91e1e7ea4afc9e45a9d860f2ee68 - - ddd2b6f3dd414f00bb65cffeb9fa7912 ddd2b6f3dd414f00bb65cffeb9fa7912] 10.0.0.111 "DELETE /resource_providers/af47da1f-eea3-4adf-a77d-d0387482a387" status: 404 len: 246 microversion: 1.1 [pid: 8|app: 0|req: 338/682] 10.0.0.111 () {34 vars in 816 bytes} [Wed Apr 29 23:37:07 2026] DELETE /resource_providers/af47da1f-eea3-4adf-a77d-d0387482a387 => generated 246 bytes in 8 msecs (HTTP/1.1 404) 6 headers in 231 bytes (1 switches on core 0)
2026-04-29 23:37:07.616 7 INFO placement.requestlog [None req-c1f26a8d-e950-46d0-b1c6-7cf21e602f9b f5e1cedf10084fd1998cfca077152c67 e7af91e1e7ea4afc9e45a9d860f2ee68 - - ddd2b6f3dd414f00bb65cffeb9fa7912 ddd2b6f3dd414f00bb65cffeb9fa7912] 10.0.0.111 "DELETE /resource_providers/af47da1f-eea3-4adf-a77d-d0387482a387" status: 404 len: 246 microversion: 1.1 [pid: 7|app: 0|req: 345/683] 10.0.0.111 () {34 vars in 816 bytes} [Wed Apr 29 23:37:07 2026] DELETE /resource_providers/af47da1f-eea3-4adf-a77d-d0387482a387 => generated 246 bytes in 10 msecs (HTTP/1.1 404) 6 headers in 231 bytes (1 switches on core 0)
2026-04-29 23:37:09.377 7 INFO placement.requestlog [None req-d91ce466-e14a-4a76-8331-7ccbba809b98 f5e1cedf10084fd1998cfca077152c67 e7af91e1e7ea4afc9e45a9d860f2ee68 - - ddd2b6f3dd414f00bb65cffeb9fa7912 ddd2b6f3dd414f00bb65cffeb9fa7912] 10.0.0.111 "GET /resource_providers/07951076-6559-4057-8350-f7f64082728e/aggregates" status: 404 len: 235 microversion: 1.1 [pid: 7|app: 0|req: 346/684] 10.0.0.111 () {32 vars in 816 bytes} [Wed Apr 29 23:37:09 2026] GET /resource_providers/07951076-6559-4057-8350-f7f64082728e/aggregates => generated 235 bytes in 7 msecs (HTTP/1.1 404) 5 headers in 202 bytes (1 switches on core 0)
2026-04-29 23:37:09.381 8 INFO placement.requestlog [None req-8fe05c36-f995-487e-8d13-7ce5da56fe22 f5e1cedf10084fd1998cfca077152c67 e7af91e1e7ea4afc9e45a9d860f2ee68 - - ddd2b6f3dd414f00bb65cffeb9fa7912 ddd2b6f3dd414f00bb65cffeb9fa7912] 10.0.0.111 "GET /resource_providers/07951076-6559-4057-8350-f7f64082728e/aggregates" status: 404 len: 235 microversion: 1.1 [pid: 8|app: 0|req: 339/685] 10.0.0.111 () {32 vars in 816 bytes} [Wed Apr 29 23:37:09 2026] GET /resource_providers/07951076-6559-4057-8350-f7f64082728e/aggregates => generated 235 bytes in 11 msecs (HTTP/1.1 404) 5 headers in 202 bytes (1 switches on core 0)
2026-04-29 23:37:09.400 8 INFO placement.requestlog [None req-02de25c6-a48b-412d-b8df-310c986948e7 f5e1cedf10084fd1998cfca077152c67 e7af91e1e7ea4afc9e45a9d860f2ee68 - - ddd2b6f3dd414f00bb65cffeb9fa7912 ddd2b6f3dd414f00bb65cffeb9fa7912] 10.0.0.111 "DELETE /resource_providers/07951076-6559-4057-8350-f7f64082728e" status: 404 len: 246 microversion: 1.1 [pid: 8|app: 0|req: 340/686] 10.0.0.111 () {34 vars in 816 bytes} [Wed Apr 29 23:37:09 2026] DELETE /resource_providers/07951076-6559-4057-8350-f7f64082728e => generated 246 bytes in 8 msecs (HTTP/1.1 404) 6 headers in 231 bytes (1 switches on core 0)
2026-04-29 23:37:09.402 7 INFO placement.requestlog [None req-f4c1cd6c-f075-4231-83f8-7ab95683e609 f5e1cedf10084fd1998cfca077152c67 e7af91e1e7ea4afc9e45a9d860f2ee68 - - ddd2b6f3dd414f00bb65cffeb9fa7912 ddd2b6f3dd414f00bb65cffeb9fa7912] 10.0.0.111 "DELETE /resource_providers/07951076-6559-4057-8350-f7f64082728e" status: 404 len: 246 microversion: 1.1 [pid: 7|app: 0|req: 347/687] 10.0.0.111 () {34 vars in 816 bytes} [Wed Apr 29 23:37:09 2026] DELETE /resource_providers/07951076-6559-4057-8350-f7f64082728e => generated 246 bytes in 10 msecs (HTTP/1.1 404) 6 headers in 231 bytes (1 switches on core 0)
2026-04-29 23:37:09.640 8 INFO placement.requestlog [None req-b2e0be32-47e3-4188-8fb2-b77ecb31806c f5e1cedf10084fd1998cfca077152c67 e7af91e1e7ea4afc9e45a9d860f2ee68 - - ddd2b6f3dd414f00bb65cffeb9fa7912 ddd2b6f3dd414f00bb65cffeb9fa7912] 10.0.0.111 "GET /resource_providers/d922e931-9190-4836-8b2c-5f3c2d0836dc/aggregates" status: 404 len: 235 microversion: 1.1 [pid: 8|app: 0|req: 341/688] 10.0.0.111 () {32 vars in 816 bytes} [Wed Apr 29 23:37:09 2026] GET /resource_providers/d922e931-9190-4836-8b2c-5f3c2d0836dc/aggregates => generated 235 bytes in 9 msecs (HTTP/1.1 404) 5 headers in 202 bytes (1 switches on core 0)
2026-04-29 23:37:09.641 7 INFO placement.requestlog [None req-f2477b03-3b68-4ae0-ae3e-febcf42433d3 f5e1cedf10084fd1998cfca077152c67 e7af91e1e7ea4afc9e45a9d860f2ee68 - - ddd2b6f3dd414f00bb65cffeb9fa7912 ddd2b6f3dd414f00bb65cffeb9fa7912] 10.0.0.111 "GET /resource_providers/d922e931-9190-4836-8b2c-5f3c2d0836dc/aggregates" status: 404 len: 235 microversion: 1.1 [pid: 7|app: 0|req: 348/689] 10.0.0.111 () {32 vars in 816 bytes} [Wed Apr 29 23:37:09 2026] GET /resource_providers/d922e931-9190-4836-8b2c-5f3c2d0836dc/aggregates => generated 235 bytes in 9 msecs (HTTP/1.1 404) 5 headers in 202 bytes (1 switches on core 0)
2026-04-29 23:37:09.670 7 INFO placement.requestlog [None req-cac2c197-7528-4c0c-8450-8cd97746656c f5e1cedf10084fd1998cfca077152c67 e7af91e1e7ea4afc9e45a9d860f2ee68 - - ddd2b6f3dd414f00bb65cffeb9fa7912 ddd2b6f3dd414f00bb65cffeb9fa7912] 10.0.0.111 "DELETE /resource_providers/d922e931-9190-4836-8b2c-5f3c2d0836dc" status: 404 len: 246 microversion: 1.1 [pid: 7|app: 0|req: 349/690] 10.0.0.111 () {34 vars in 816 bytes} [Wed Apr 29 23:37:09 2026] DELETE /resource_providers/d922e931-9190-4836-8b2c-5f3c2d0836dc => generated 246 bytes in 7 msecs (HTTP/1.1 404) 6 headers in 231 bytes (1 switches on core 0)
2026-04-29 23:37:09.672 8 INFO placement.requestlog [None req-ddeda485-0298-400c-a8d5-9b8163894a1e f5e1cedf10084fd1998cfca077152c67 e7af91e1e7ea4afc9e45a9d860f2ee68 - - ddd2b6f3dd414f00bb65cffeb9fa7912 ddd2b6f3dd414f00bb65cffeb9fa7912] 10.0.0.111 "DELETE /resource_providers/d922e931-9190-4836-8b2c-5f3c2d0836dc" status: 404 len: 246 microversion: 1.1 [pid: 8|app: 0|req: 342/691] 10.0.0.111 () {34 vars in 816 bytes} [Wed Apr 29 23:37:09 2026] DELETE /resource_providers/d922e931-9190-4836-8b2c-5f3c2d0836dc => generated 246 bytes in 9 msecs (HTTP/1.1 404) 6 headers in 231 bytes (1 switches on core 0)
2026-04-29 23:37:09.772 7 INFO placement.requestlog [None req-e43cc8c0-7200-48dd-b12c-9948e4d22d34 - - - - - -] 10.0.0.42 "GET /" status: 200 len: 136 microversion: 1.0
2026-04-29 23:37:09.772 8 INFO placement.requestlog [None req-7440b08d-1947-455f-acbc-b3950cff70be - - - - - -] 10.0.0.42 "GET /" status: 200 len: 136 microversion: 1.0
2026-04-29 23:37:11.930 7 INFO placement.requestlog [None req-8638817a-b560-4205-8ec3-675e6c758219 f5e1cedf10084fd1998cfca077152c67 e7af91e1e7ea4afc9e45a9d860f2ee68 - - ddd2b6f3dd414f00bb65cffeb9fa7912 ddd2b6f3dd414f00bb65cffeb9fa7912] 10.0.0.111 "GET /resource_providers/409c6c0e-82c2-4ec7-9863-4c089904852f/aggregates" status: 404 len: 235 microversion: 1.1 [pid: 7|app: 0|req: 351/694] 10.0.0.111 () {32 vars in 816 bytes} [Wed Apr 29 23:37:11 2026] GET /resource_providers/409c6c0e-82c2-4ec7-9863-4c089904852f/aggregates => generated 235 bytes in 12 msecs (HTTP/1.1 404) 5 headers in 202 bytes (1 switches on core 0)
2026-04-29 23:37:11.939 8 INFO placement.requestlog [None req-50989add-b987-41cc-b1ba-c053fa6cca66 f5e1cedf10084fd1998cfca077152c67 e7af91e1e7ea4afc9e45a9d860f2ee68 - - ddd2b6f3dd414f00bb65cffeb9fa7912 ddd2b6f3dd414f00bb65cffeb9fa7912] 10.0.0.111 "GET /resource_providers/409c6c0e-82c2-4ec7-9863-4c089904852f/aggregates" status: 404 len: 235 microversion: 1.1 [pid: 8|app: 0|req: 344/695] 10.0.0.111 () {32 vars in 816 bytes} [Wed Apr 29 23:37:11 2026] GET /resource_providers/409c6c0e-82c2-4ec7-9863-4c089904852f/aggregates => generated 235 bytes in 13 msecs (HTTP/1.1 404) 5 headers in 202 bytes (1 switches on core 0)
2026-04-29 23:37:11.959 8 INFO placement.requestlog [None req-fa78a281-97de-4d35-adba-18533e354c93 f5e1cedf10084fd1998cfca077152c67 e7af91e1e7ea4afc9e45a9d860f2ee68 - - ddd2b6f3dd414f00bb65cffeb9fa7912 ddd2b6f3dd414f00bb65cffeb9fa7912] 10.0.0.111 "DELETE /resource_providers/409c6c0e-82c2-4ec7-9863-4c089904852f" status: 404 len: 246 microversion: 1.1 [pid: 8|app: 0|req: 345/696] 10.0.0.111 () {34 vars in 816 bytes} [Wed Apr 29 23:37:11 2026] DELETE /resource_providers/409c6c0e-82c2-4ec7-9863-4c089904852f => generated 246 bytes in 11 msecs (HTTP/1.1 404) 6 headers in 231 bytes (1 switches on core 0)
2026-04-29 23:37:11.961 7 INFO placement.requestlog [None req-9fd46cc3-d669-4e55-afaa-9e6debe0a465 f5e1cedf10084fd1998cfca077152c67 e7af91e1e7ea4afc9e45a9d860f2ee68 - - ddd2b6f3dd414f00bb65cffeb9fa7912 ddd2b6f3dd414f00bb65cffeb9fa7912] 10.0.0.111 "DELETE /resource_providers/409c6c0e-82c2-4ec7-9863-4c089904852f" status: 404 len: 246 microversion: 1.1 [pid: 7|app: 0|req: 352/697] 10.0.0.111 () {34 vars in 816 bytes} [Wed Apr 29 23:37:11 2026] DELETE /resource_providers/409c6c0e-82c2-4ec7-9863-4c089904852f => generated 246 bytes in 16 msecs (HTTP/1.1 404) 6 headers in 231 bytes (1 switches on core 0)
2026-04-29 23:37:12.826 8 INFO placement.requestlog [None req-6d3870c2-0e87-4c27-85c2-2a47e49d49f9 f5e1cedf10084fd1998cfca077152c67 e7af91e1e7ea4afc9e45a9d860f2ee68 - - ddd2b6f3dd414f00bb65cffeb9fa7912 ddd2b6f3dd414f00bb65cffeb9fa7912] 10.0.0.111 "GET /resource_providers/5c6d6cfb-34de-4eac-ac82-215c32aa4db0/aggregates" status: 404 len: 235 microversion: 1.1 [pid: 8|app: 0|req: 346/698] 10.0.0.111 () {32 vars in 816 bytes} [Wed Apr 29 23:37:12 2026] GET /resource_providers/5c6d6cfb-34de-4eac-ac82-215c32aa4db0/aggregates => generated 235 bytes in 9 msecs (HTTP/1.1 404) 5 headers in 202 bytes (1 switches on core 0)
2026-04-29 23:37:12.832 7 INFO placement.requestlog [None req-8d2ed689-629a-4ab0-b097-f33e6bb3aa34 f5e1cedf10084fd1998cfca077152c67 e7af91e1e7ea4afc9e45a9d860f2ee68 - - ddd2b6f3dd414f00bb65cffeb9fa7912 ddd2b6f3dd414f00bb65cffeb9fa7912] 10.0.0.111 "GET /resource_providers/5c6d6cfb-34de-4eac-ac82-215c32aa4db0/aggregates" status: 404 len: 235 microversion: 1.1 [pid: 7|app: 0|req: 353/699] 10.0.0.111 () {32 vars in 816 bytes} [Wed Apr 29 23:37:12 2026] GET /resource_providers/5c6d6cfb-34de-4eac-ac82-215c32aa4db0/aggregates => generated 235 bytes in 12 msecs (HTTP/1.1 404) 5 headers in 202 bytes (1 switches on core 0)
2026-04-29 23:37:12.850 8 INFO placement.requestlog [None req-bd37baa9-24fc-4fba-bc97-10ab4b4c9f8f f5e1cedf10084fd1998cfca077152c67 e7af91e1e7ea4afc9e45a9d860f2ee68 - - ddd2b6f3dd414f00bb65cffeb9fa7912 ddd2b6f3dd414f00bb65cffeb9fa7912] 10.0.0.111 "DELETE /resource_providers/5c6d6cfb-34de-4eac-ac82-215c32aa4db0" status: 404 len: 246 microversion: 1.1 [pid: 8|app: 0|req: 347/700] 10.0.0.111 () {34 vars in 816 bytes} [Wed Apr 29 23:37:12 2026] DELETE /resource_providers/5c6d6cfb-34de-4eac-ac82-215c32aa4db0 => generated 246 bytes in 7 msecs (HTTP/1.1 404) 6 headers in 231 bytes (1 switches on core 0)
2026-04-29 23:37:12.855 7 INFO placement.requestlog [None req-9dbdf637-5b7f-4719-8727-fb95af29663f f5e1cedf10084fd1998cfca077152c67 e7af91e1e7ea4afc9e45a9d860f2ee68 - - ddd2b6f3dd414f00bb65cffeb9fa7912 ddd2b6f3dd414f00bb65cffeb9fa7912] 10.0.0.111 "DELETE /resource_providers/5c6d6cfb-34de-4eac-ac82-215c32aa4db0" status: 404 len: 246 microversion: 1.1 [pid: 7|app: 0|req: 354/701] 10.0.0.111 () {34 vars in 816 bytes} [Wed Apr 29 23:37:12 2026] DELETE /resource_providers/5c6d6cfb-34de-4eac-ac82-215c32aa4db0 => generated 246 bytes in 10 msecs (HTTP/1.1 404) 6 headers in 231 bytes (1 switches on core 0)
2026-04-29 23:37:19.773 7 INFO placement.requestlog [None req-310f64dc-924d-459a-8689-64cbae29aabb - - - - - -] 10.0.0.42 "GET /" status: 200 len: 136 microversion: 1.0
2026-04-29 23:37:19.773 8 INFO placement.requestlog [None req-27d54e90-2d1b-4a2a-a4ac-534598c6dbce - - - - - -] 10.0.0.42 "GET /" status: 200 len: 136 microversion: 1.0
2026-04-29 23:37:21.718 7 INFO placement.requestlog [None req-7a548fc0-8b37-4995-b27f-861939700679 f5e1cedf10084fd1998cfca077152c67 e7af91e1e7ea4afc9e45a9d860f2ee68 - - ddd2b6f3dd414f00bb65cffeb9fa7912 ddd2b6f3dd414f00bb65cffeb9fa7912] 10.0.0.111 "GET /resource_providers/b0db1976-6213-4cf1-b351-9a2fe81584ab/aggregates" status: 404 len: 235 microversion: 1.1 [pid: 7|app: 0|req: 356/704] 10.0.0.111 () {32 vars in 816 bytes} [Wed Apr 29 23:37:21 2026] GET /resource_providers/b0db1976-6213-4cf1-b351-9a2fe81584ab/aggregates => generated 235 bytes in 20 msecs (HTTP/1.1 404) 5 headers in 202 bytes (1 switches on core 0)
2026-04-29 23:37:22.143 8 INFO placement.requestlog [None req-5e77a539-4a52-476a-83eb-0d4e834a143e f5e1cedf10084fd1998cfca077152c67 e7af91e1e7ea4afc9e45a9d860f2ee68 - - ddd2b6f3dd414f00bb65cffeb9fa7912 ddd2b6f3dd414f00bb65cffeb9fa7912] 10.0.0.111 "GET /resource_providers/b0db1976-6213-4cf1-b351-9a2fe81584ab/aggregates" status: 404 len: 235 microversion: 1.1 [pid: 8|app: 0|req: 349/705] 10.0.0.111 () {32 vars in 816 bytes} [Wed Apr 29 23:37:22 2026] GET /resource_providers/b0db1976-6213-4cf1-b351-9a2fe81584ab/aggregates => generated 235 bytes in 11 msecs (HTTP/1.1 404) 5 headers in 202 bytes (1 switches on core 0)
2026-04-29 23:37:22.151 7 INFO placement.requestlog [None req-14868793-bae0-44f9-a4fc-02dd938b695c f5e1cedf10084fd1998cfca077152c67 e7af91e1e7ea4afc9e45a9d860f2ee68 - - ddd2b6f3dd414f00bb65cffeb9fa7912 ddd2b6f3dd414f00bb65cffeb9fa7912] 10.0.0.111 "DELETE /resource_providers/b0db1976-6213-4cf1-b351-9a2fe81584ab" status: 404 len: 246 microversion: 1.1 [pid: 7|app: 0|req: 357/706] 10.0.0.111 () {34 vars in 816 bytes} [Wed Apr 29 23:37:22 2026] DELETE /resource_providers/b0db1976-6213-4cf1-b351-9a2fe81584ab => generated 246 bytes in 12 msecs (HTTP/1.1 404) 6 headers in 231 bytes (1 switches on core 0)
2026-04-29 23:37:22.167 8 INFO placement.requestlog [None req-164106da-1617-4a75-8124-5d4144cb7acf f5e1cedf10084fd1998cfca077152c67 e7af91e1e7ea4afc9e45a9d860f2ee68 - - ddd2b6f3dd414f00bb65cffeb9fa7912 ddd2b6f3dd414f00bb65cffeb9fa7912] 10.0.0.111 "DELETE /resource_providers/b0db1976-6213-4cf1-b351-9a2fe81584ab" status: 404 len: 246 microversion: 1.1 [pid: 8|app: 0|req: 350/707] 10.0.0.111 () {34 vars in 816 bytes} [Wed Apr 29 23:37:22 2026] DELETE /resource_providers/b0db1976-6213-4cf1-b351-9a2fe81584ab => generated 246 bytes in 15 msecs (HTTP/1.1 404) 6 headers in 231 bytes (1 switches on core 0)
2026-04-29 23:37:23.507 7 INFO placement.requestlog [req-527766bb-314e-41bc-925e-9eca7997e785 req-9c8e7c50-5f99-4dd1-b913-b2b39027cded 94c09cc652de4382b7795f197140a141 e7af91e1e7ea4afc9e45a9d860f2ee68 - - ddd2b6f3dd414f00bb65cffeb9fa7912 ddd2b6f3dd414f00bb65cffeb9fa7912] 10.0.0.218 "GET /allocation_candidates?limit=1000&resources=DISK_GB%3A1%2CMEMORY_MB%3A512%2CVCPU%3A1&root_required=%21COMPUTE_STATUS_DISABLED" status: 200 len: 2783 microversion: 1.36 [pid: 7|app: 0|req: 358/708] 10.0.0.218 () {34 vars in 1012 bytes} [Wed Apr 29 23:37:23 2026] GET /allocation_candidates?limit=1000&resources=DISK_GB%3A1%2CMEMORY_MB%3A512%2CVCPU%3A1&root_required=%21COMPUTE_STATUS_DISABLED => generated 2783 bytes in 37 msecs (HTTP/1.1 200) 8 headers in 297 bytes (1 switches on core 0)
2026-04-29 23:37:23.535 8 INFO placement.requestlog [req-527766bb-314e-41bc-925e-9eca7997e785 req-3a12fdd8-35c4-432d-82df-177478b4c48c 94c09cc652de4382b7795f197140a141 e7af91e1e7ea4afc9e45a9d860f2ee68 - - ddd2b6f3dd414f00bb65cffeb9fa7912 ddd2b6f3dd414f00bb65cffeb9fa7912] 10.0.0.218 "GET /allocations/07e97cd0-d4fc-49e6-a2b5-9ae578f8538a" status: 200 len: 19 microversion: 1.28 [pid: 8|app: 0|req: 351/709] 10.0.0.218 () {34 vars in 861 bytes} [Wed Apr 29 23:37:23 2026] GET /allocations/07e97cd0-d4fc-49e6-a2b5-9ae578f8538a => generated 19 bytes in 10 msecs (HTTP/1.1 200) 8 headers in 295 bytes (1 switches on core 0)
2026-04-29 23:37:23.599 7 INFO placement.requestlog [req-527766bb-314e-41bc-925e-9eca7997e785 req-3226c610-67eb-4434-8355-5fdf56291c33 94c09cc652de4382b7795f197140a141 e7af91e1e7ea4afc9e45a9d860f2ee68 - - ddd2b6f3dd414f00bb65cffeb9fa7912 ddd2b6f3dd414f00bb65cffeb9fa7912] 10.0.0.218 "PUT /allocations/07e97cd0-d4fc-49e6-a2b5-9ae578f8538a" status: 204 len: 0 microversion: 1.36 [pid: 7|app: 0|req: 359/710] 10.0.0.218 () {38 vars in 914 bytes} [Wed Apr 29 23:37:23 2026] PUT /allocations/07e97cd0-d4fc-49e6-a2b5-9ae578f8538a => generated 0 bytes in 58 msecs (HTTP/1.1 204) 5 headers in 199 bytes (1 switches on core 0)
2026-04-29 23:37:23.901 8 INFO placement.requestlog [req-d8336030-2d96-460f-a4c1-0c308a199dd7 req-b34bc17c-62ff-4c2f-8d03-5baf4f59bf54 94c09cc652de4382b7795f197140a141 e7af91e1e7ea4afc9e45a9d860f2ee68 - - ddd2b6f3dd414f00bb65cffeb9fa7912 ddd2b6f3dd414f00bb65cffeb9fa7912] 10.0.0.218 "GET /allocation_candidates?limit=1000&resources=DISK_GB%3A1%2CMEMORY_MB%3A512%2CVCPU%3A1&root_required=%21COMPUTE_STATUS_DISABLED" status: 200 len: 2784 microversion: 1.36 [pid: 8|app: 0|req: 352/711] 10.0.0.218 () {34 vars in 1012 bytes} [Wed Apr 29 23:37:23 2026] GET /allocation_candidates?limit=1000&resources=DISK_GB%3A1%2CMEMORY_MB%3A512%2CVCPU%3A1&root_required=%21COMPUTE_STATUS_DISABLED => generated 2784 bytes in 53 msecs (HTTP/1.1 200) 8 headers in 297 bytes (1 switches on core 0)
2026-04-29 23:37:23.932 7 INFO placement.requestlog [req-d8336030-2d96-460f-a4c1-0c308a199dd7 req-8d783c96-6616-4861-ac3b-8bd32bcb242b 94c09cc652de4382b7795f197140a141 e7af91e1e7ea4afc9e45a9d860f2ee68 - - ddd2b6f3dd414f00bb65cffeb9fa7912 ddd2b6f3dd414f00bb65cffeb9fa7912] 10.0.0.218 "GET /allocations/f5afc246-4a99-416a-82ce-2d3b7fff9217" status: 200 len: 19 microversion: 1.28 [pid: 7|app: 0|req: 360/712] 10.0.0.218 () {34 vars in 861 bytes} [Wed Apr 29 23:37:23 2026] GET /allocations/f5afc246-4a99-416a-82ce-2d3b7fff9217 => generated 19 bytes in 11 msecs (HTTP/1.1 200) 8 headers in 295 bytes (1 switches on core 0)
2026-04-29 23:37:23.999 8 INFO placement.requestlog [req-d8336030-2d96-460f-a4c1-0c308a199dd7 req-1120d98d-4e1a-425c-a546-bb264def78a6 94c09cc652de4382b7795f197140a141 e7af91e1e7ea4afc9e45a9d860f2ee68 - - ddd2b6f3dd414f00bb65cffeb9fa7912 ddd2b6f3dd414f00bb65cffeb9fa7912] 10.0.0.218 "PUT /allocations/f5afc246-4a99-416a-82ce-2d3b7fff9217" status: 204 len: 0 microversion: 1.36 [pid: 8|app: 0|req: 353/713] 10.0.0.218 () {38 vars in 914 bytes} [Wed Apr 29 23:37:23 2026] PUT /allocations/f5afc246-4a99-416a-82ce-2d3b7fff9217 => generated 0 bytes in 61 msecs (HTTP/1.1 204) 5 headers in 199 bytes (1 switches on core 0)
2026-04-29 23:37:25.143 7 INFO placement.requestlog [req-527766bb-314e-41bc-925e-9eca7997e785 req-d77500b4-2f01-43f8-acc8-3747e1aa148c 94c09cc652de4382b7795f197140a141 e7af91e1e7ea4afc9e45a9d860f2ee68 - - ddd2b6f3dd414f00bb65cffeb9fa7912 ddd2b6f3dd414f00bb65cffeb9fa7912] 199.204.45.240 "GET /allocations/07e97cd0-d4fc-49e6-a2b5-9ae578f8538a" status: 200 len: 257 microversion: 1.28 [pid: 7|app: 0|req: 361/714] 199.204.45.240 () {34 vars in 863 bytes} [Wed Apr 29 23:37:25 2026] GET /allocations/07e97cd0-d4fc-49e6-a2b5-9ae578f8538a => generated 257 bytes in 11 msecs (HTTP/1.1 200) 8 headers in 296 bytes (1 switches on core 0)
2026-04-29 23:37:25.526 8 INFO placement.requestlog [req-d8336030-2d96-460f-a4c1-0c308a199dd7 req-7181715d-8c8a-4044-8727-fcc036f27003 94c09cc652de4382b7795f197140a141 e7af91e1e7ea4afc9e45a9d860f2ee68 - - ddd2b6f3dd414f00bb65cffeb9fa7912 ddd2b6f3dd414f00bb65cffeb9fa7912] 199.204.45.240 "GET /allocations/f5afc246-4a99-416a-82ce-2d3b7fff9217" status: 200 len: 257 microversion: 1.28 [pid: 8|app: 0|req: 354/715] 199.204.45.240 () {34 vars in 863 bytes} [Wed Apr 29 23:37:25 2026] GET /allocations/f5afc246-4a99-416a-82ce-2d3b7fff9217 => generated 257 bytes in 14 msecs (HTTP/1.1 200) 8 headers in 296 bytes (1 switches on core 0)
2026-04-29 23:37:26.179 7 INFO placement.requestlog [req-527766bb-314e-41bc-925e-9eca7997e785 req-b6e914dd-1ad2-4ded-9387-2ca4064b96d7 94c09cc652de4382b7795f197140a141 e7af91e1e7ea4afc9e45a9d860f2ee68 - - ddd2b6f3dd414f00bb65cffeb9fa7912 ddd2b6f3dd414f00bb65cffeb9fa7912] 199.204.45.240 "GET /resource_providers/92f8b09a-5d58-4e5a-bad2-093dfa2245ad/allocations" status: 200 len: 352 microversion: 1.0 [pid: 7|app: 0|req: 362/716] 199.204.45.240 () {32 vars in 857 bytes} [Wed Apr 29 23:37:26 2026] GET /resource_providers/92f8b09a-5d58-4e5a-bad2-093dfa2245ad/allocations => generated 352 bytes in 15 msecs (HTTP/1.1 200) 6 headers in 224 bytes (1 switches on core 0)
2026-04-29 23:37:26.198 8 INFO placement.requestlog [req-527766bb-314e-41bc-925e-9eca7997e785 req-5ef7dd44-6209-4574-b0eb-74dc72998d22 94c09cc652de4382b7795f197140a141 e7af91e1e7ea4afc9e45a9d860f2ee68 - - ddd2b6f3dd414f00bb65cffeb9fa7912 ddd2b6f3dd414f00bb65cffeb9fa7912] 199.204.45.240 "GET /allocations/f5afc246-4a99-416a-82ce-2d3b7fff9217" status: 200 len: 257 microversion: 1.28 [pid: 8|app: 0|req: 355/717] 199.204.45.240 () {34 vars in 863 bytes} [Wed Apr 29 23:37:26 2026] GET /allocations/f5afc246-4a99-416a-82ce-2d3b7fff9217 => generated 257 bytes in 13 msecs (HTTP/1.1 200) 8 headers in 296 bytes (1 switches on core 0)
2026-04-29 23:37:26.217 7 INFO placement.requestlog [req-527766bb-314e-41bc-925e-9eca7997e785 req-0c1fcb93-7044-4624-a1e2-d25a4add1c2c 94c09cc652de4382b7795f197140a141 e7af91e1e7ea4afc9e45a9d860f2ee68 - - ddd2b6f3dd414f00bb65cffeb9fa7912 ddd2b6f3dd414f00bb65cffeb9fa7912] 199.204.45.240 "GET /allocations/e848df77-c5fb-4538-87bd-9ef0b2ea9086" status: 200 len: 257 microversion: 1.28 [pid: 7|app: 0|req: 363/718] 199.204.45.240 () {34 vars in 863 bytes} [Wed Apr 29 23:37:26 2026] GET /allocations/e848df77-c5fb-4538-87bd-9ef0b2ea9086 => generated 257 bytes in 12 msecs (HTTP/1.1 200) 8 headers in 296 bytes (1 switches on core 0)
2026-04-29 23:37:26.239 8 INFO placement.requestlog [req-527766bb-314e-41bc-925e-9eca7997e785 req-2234969e-f798-4e40-8d34-f080e5951e2f 94c09cc652de4382b7795f197140a141 e7af91e1e7ea4afc9e45a9d860f2ee68 - - ddd2b6f3dd414f00bb65cffeb9fa7912 ddd2b6f3dd414f00bb65cffeb9fa7912] 199.204.45.240 "GET /allocations/07e97cd0-d4fc-49e6-a2b5-9ae578f8538a" status: 200 len: 257 microversion: 1.28 [pid: 8|app: 0|req: 356/719] 199.204.45.240 () {34 vars in 863 bytes} [Wed Apr 29 23:37:26 2026] GET /allocations/07e97cd0-d4fc-49e6-a2b5-9ae578f8538a => generated 257 bytes in 16 msecs (HTTP/1.1 200) 8 headers in 296 bytes (1 switches on core 0)
2026-04-29 23:37:28.313 7 INFO placement.requestlog [req-d8336030-2d96-460f-a4c1-0c308a199dd7 req-3584e895-cc18-450d-ac06-aef57eafadbc 94c09cc652de4382b7795f197140a141 e7af91e1e7ea4afc9e45a9d860f2ee68 - - ddd2b6f3dd414f00bb65cffeb9fa7912 ddd2b6f3dd414f00bb65cffeb9fa7912] 199.204.45.240 "GET /resource_providers/92f8b09a-5d58-4e5a-bad2-093dfa2245ad/allocations" status: 200 len: 352 microversion: 1.0 [pid: 7|app: 0|req: 364/720] 199.204.45.240 () {32 vars in 857 bytes} [Wed Apr 29 23:37:28 2026] GET /resource_providers/92f8b09a-5d58-4e5a-bad2-093dfa2245ad/allocations => generated 352 bytes in 17 msecs (HTTP/1.1 200) 6 headers in 224 bytes (1 switches on core 0)
2026-04-29 23:37:28.334 8 INFO placement.requestlog [req-d8336030-2d96-460f-a4c1-0c308a199dd7 req-8e662a00-d3b5-43dc-a92b-4634e9851d13 94c09cc652de4382b7795f197140a141 e7af91e1e7ea4afc9e45a9d860f2ee68 - - ddd2b6f3dd414f00bb65cffeb9fa7912 ddd2b6f3dd414f00bb65cffeb9fa7912] 199.204.45.240 "GET /allocations/f5afc246-4a99-416a-82ce-2d3b7fff9217" status: 200 len: 257 microversion: 1.28 [pid: 8|app: 0|req: 357/721] 199.204.45.240 () {34 vars in 863 bytes} [Wed Apr 29 23:37:28 2026] GET /allocations/f5afc246-4a99-416a-82ce-2d3b7fff9217 => generated 257 bytes in 15 msecs (HTTP/1.1 200) 8 headers in 296 bytes (1 switches on core 0)
2026-04-29 23:37:28.356 7 INFO placement.requestlog [req-d8336030-2d96-460f-a4c1-0c308a199dd7 req-cb29b159-792c-4bf5-95b6-394231389fe6 94c09cc652de4382b7795f197140a141 e7af91e1e7ea4afc9e45a9d860f2ee68 - - ddd2b6f3dd414f00bb65cffeb9fa7912 ddd2b6f3dd414f00bb65cffeb9fa7912] 199.204.45.240 "GET /allocations/e848df77-c5fb-4538-87bd-9ef0b2ea9086" status: 200 len: 257 microversion: 1.28 [pid: 7|app: 0|req: 365/722] 199.204.45.240 () {34 vars in 863 bytes} [Wed Apr 29 23:37:28 2026] GET /allocations/e848df77-c5fb-4538-87bd-9ef0b2ea9086 => generated 257 bytes in 17 msecs (HTTP/1.1 200) 8 headers in 296 bytes (1 switches on core 0)
2026-04-29 23:37:28.381 8 INFO placement.requestlog [req-d8336030-2d96-460f-a4c1-0c308a199dd7 req-e2749d0d-48ac-4a27-a601-6d587986e8f1 94c09cc652de4382b7795f197140a141 e7af91e1e7ea4afc9e45a9d860f2ee68 - - ddd2b6f3dd414f00bb65cffeb9fa7912 ddd2b6f3dd414f00bb65cffeb9fa7912] 199.204.45.240 "GET /allocations/07e97cd0-d4fc-49e6-a2b5-9ae578f8538a" status: 200 len: 257 microversion: 1.28 [pid: 8|app: 0|req: 358/723] 199.204.45.240 () {34 vars in 863 bytes} [Wed Apr 29 23:37:28 2026] GET /allocations/07e97cd0-d4fc-49e6-a2b5-9ae578f8538a => generated 257 bytes in 11 msecs (HTTP/1.1 200) 8 headers in 296 bytes (1 switches on core 0)
2026-04-29 23:37:29.425 7 INFO placement.requestlog [req-bbf1eb41-43fc-4c34-bc4e-02771f623af3 req-438aa468-7a01-4059-9a34-4c4a557478ec 94c09cc652de4382b7795f197140a141 e7af91e1e7ea4afc9e45a9d860f2ee68 - - ddd2b6f3dd414f00bb65cffeb9fa7912 ddd2b6f3dd414f00bb65cffeb9fa7912] 199.204.45.240 "GET /resource_providers/92f8b09a-5d58-4e5a-bad2-093dfa2245ad/allocations" status: 200 len: 352 microversion: 1.0 [pid: 7|app: 0|req: 366/724] 199.204.45.240 () {32 vars in 857 bytes} [Wed Apr 29 23:37:29 2026] GET /resource_providers/92f8b09a-5d58-4e5a-bad2-093dfa2245ad/allocations => generated 352 bytes in 19 msecs (HTTP/1.1 200) 6 headers in 224 bytes (1 switches on core 0)
2026-04-29 23:37:29.446 8 INFO placement.requestlog [req-bbf1eb41-43fc-4c34-bc4e-02771f623af3 req-4048bce0-a170-4548-b55d-011c61657bfc 94c09cc652de4382b7795f197140a141 e7af91e1e7ea4afc9e45a9d860f2ee68 - - ddd2b6f3dd414f00bb65cffeb9fa7912 ddd2b6f3dd414f00bb65cffeb9fa7912] 199.204.45.240 "GET /allocations/f5afc246-4a99-416a-82ce-2d3b7fff9217" status: 200 len: 257 microversion: 1.28 [pid: 8|app: 0|req: 359/725] 199.204.45.240 () {34 vars in 863 bytes} [Wed Apr 29 23:37:29 2026] GET /allocations/f5afc246-4a99-416a-82ce-2d3b7fff9217 => generated 257 bytes in 14 msecs (HTTP/1.1 200) 8 headers in 296 bytes (1 switches on core 0)
2026-04-29 23:37:29.464 7 INFO placement.requestlog [req-bbf1eb41-43fc-4c34-bc4e-02771f623af3 req-928a2a31-ee5b-4e7d-b532-2814931044db 94c09cc652de4382b7795f197140a141 e7af91e1e7ea4afc9e45a9d860f2ee68 - - ddd2b6f3dd414f00bb65cffeb9fa7912 ddd2b6f3dd414f00bb65cffeb9fa7912] 199.204.45.240 "GET /allocations/e848df77-c5fb-4538-87bd-9ef0b2ea9086" status: 200 len: 257 microversion: 1.28 [pid: 7|app: 0|req: 367/726] 199.204.45.240 () {34 vars in 863 bytes} [Wed Apr 29 23:37:29 2026] GET /allocations/e848df77-c5fb-4538-87bd-9ef0b2ea9086 => generated 257 bytes in 11 msecs (HTTP/1.1 200) 8 headers in 296 bytes (1 switches on core 0)
2026-04-29 23:37:29.494 8 INFO placement.requestlog [req-bbf1eb41-43fc-4c34-bc4e-02771f623af3 req-09437a42-64d1-4f1a-a3cb-28fc14f7a118 94c09cc652de4382b7795f197140a141 e7af91e1e7ea4afc9e45a9d860f2ee68 - - ddd2b6f3dd414f00bb65cffeb9fa7912 ddd2b6f3dd414f00bb65cffeb9fa7912] 199.204.45.240 "GET /allocations/07e97cd0-d4fc-49e6-a2b5-9ae578f8538a" status: 200 len: 257 microversion: 1.28 [pid: 8|app: 0|req: 360/727] 199.204.45.240 () {34 vars in 863 bytes} [Wed Apr 29 23:37:29 2026] GET /allocations/07e97cd0-d4fc-49e6-a2b5-9ae578f8538a => generated 257 bytes in 25 msecs (HTTP/1.1 200) 8 headers in 296 bytes (1 switches on core 0)
2026-04-29 23:37:29.772 8 INFO placement.requestlog [None req-471a342b-1ebb-4930-91c4-ed0dd38212c1 - - - - - -] 10.0.0.42 "GET /" status: 200 len: 136 microversion: 1.0
2026-04-29 23:37:29.772 7 INFO placement.requestlog [None req-254ea4e7-3553-4336-92cb-867055941d1e - - - - - -] 10.0.0.42 "GET /" status: 200 len: 136 microversion: 1.0
2026-04-29 23:37:30.541 8 INFO placement.requestlog [req-bbf1eb41-43fc-4c34-bc4e-02771f623af3 req-84759a61-6ddc-41fe-9a86-de20023f8c82 94c09cc652de4382b7795f197140a141 e7af91e1e7ea4afc9e45a9d860f2ee68 - - ddd2b6f3dd414f00bb65cffeb9fa7912 ddd2b6f3dd414f00bb65cffeb9fa7912] 199.204.45.240 "DELETE /allocations/e848df77-c5fb-4538-87bd-9ef0b2ea9086" status: 204 len: 0 microversion: 1.0 [pid: 8|app: 0|req: 362/730] 199.204.45.240 () {34 vars in 841 bytes} [Wed Apr 29 23:37:30 2026] DELETE /allocations/e848df77-c5fb-4538-87bd-9ef0b2ea9086 => generated 0 bytes in 23 msecs (HTTP/1.1 204) 5 headers in 198 bytes (1 switches on core 0)
2026-04-29 23:37:34.195 7 INFO placement.requestlog [None req-34e0a0b0-d329-447c-8356-8d35b0c4a4e0 f5e1cedf10084fd1998cfca077152c67 e7af91e1e7ea4afc9e45a9d860f2ee68 - - ddd2b6f3dd414f00bb65cffeb9fa7912 ddd2b6f3dd414f00bb65cffeb9fa7912] 10.0.0.111 "GET /resource_providers/03a787e1-a96e-43ae-9cac-07fbae716573/aggregates" status: 404 len: 235 microversion: 1.1 [pid: 7|app: 0|req: 369/731] 10.0.0.111 () {32 vars in 816 bytes} [Wed Apr 29 23:37:34 2026] GET /resource_providers/03a787e1-a96e-43ae-9cac-07fbae716573/aggregates => generated 235 bytes in 9 msecs (HTTP/1.1 404) 5 headers in 202 bytes (1 switches on core 0)
2026-04-29 23:37:34.205 8 INFO placement.requestlog [None req-d8b323ce-3980-48c8-aa1c-aa361ce3dce9 f5e1cedf10084fd1998cfca077152c67 e7af91e1e7ea4afc9e45a9d860f2ee68 - - ddd2b6f3dd414f00bb65cffeb9fa7912 ddd2b6f3dd414f00bb65cffeb9fa7912] 10.0.0.111 "GET /resource_providers/03a787e1-a96e-43ae-9cac-07fbae716573/aggregates" status: 404 len: 235 microversion: 1.1 [pid: 8|app: 0|req: 363/732] 10.0.0.111 () {32 vars in 816 bytes} [Wed Apr 29 23:37:34 2026] GET /resource_providers/03a787e1-a96e-43ae-9cac-07fbae716573/aggregates => generated 235 bytes in 20 msecs (HTTP/1.1 404) 5 headers in 202 bytes (1 switches on core 0)
2026-04-29 23:37:34.218 7 INFO placement.requestlog [None req-b5df7431-89b9-4c19-bb08-0417e6468bb8 f5e1cedf10084fd1998cfca077152c67 e7af91e1e7ea4afc9e45a9d860f2ee68 - - ddd2b6f3dd414f00bb65cffeb9fa7912 ddd2b6f3dd414f00bb65cffeb9fa7912] 10.0.0.111 "DELETE /resource_providers/03a787e1-a96e-43ae-9cac-07fbae716573" status: 404 len: 246 microversion: 1.1 [pid: 7|app: 0|req: 370/733] 10.0.0.111 () {34 vars in 816 bytes} [Wed Apr 29 23:37:34 2026] DELETE /resource_providers/03a787e1-a96e-43ae-9cac-07fbae716573 => generated 246 bytes in 9 msecs (HTTP/1.1 404) 6 headers in 231 bytes (1 switches on core 0)
2026-04-29 23:37:34.234 8 INFO placement.requestlog [None req-5ff64922-b0c9-45f7-810c-f37f184b0e68 f5e1cedf10084fd1998cfca077152c67 e7af91e1e7ea4afc9e45a9d860f2ee68 - - ddd2b6f3dd414f00bb65cffeb9fa7912 ddd2b6f3dd414f00bb65cffeb9fa7912] 10.0.0.111 "DELETE /resource_providers/03a787e1-a96e-43ae-9cac-07fbae716573" status: 404 len: 246 microversion: 1.1 [pid: 8|app: 0|req: 364/734] 10.0.0.111 () {34 vars in 816 bytes} [Wed Apr 29 23:37:34 2026] DELETE /resource_providers/03a787e1-a96e-43ae-9cac-07fbae716573 => generated 246 bytes in 12 msecs (HTTP/1.1 404) 6 headers in 231 bytes (1 switches on core 0)
2026-04-29 23:37:39.772 8 INFO placement.requestlog [None req-19f8de77-2c23-4423-b03a-1378a91acf6c - - - - - -] 10.0.0.42 "GET /" status: 200 len: 136 microversion: 1.0
2026-04-29 23:37:39.772 7 INFO placement.requestlog [None req-a31c3453-4c75-4881-8e03-8fa70e47b0bc - - - - - -] 10.0.0.42 "GET /" status: 200 len: 136 microversion: 1.0
2026-04-29 23:37:42.239 8 INFO placement.requestlog [req-dd311456-d9f2-4c28-b3fb-0857f9240255 req-43867013-ce69-4820-87c5-6009a028c4dc 94c09cc652de4382b7795f197140a141 e7af91e1e7ea4afc9e45a9d860f2ee68 - - ddd2b6f3dd414f00bb65cffeb9fa7912 ddd2b6f3dd414f00bb65cffeb9fa7912] 199.204.45.240 "GET /resource_providers/92f8b09a-5d58-4e5a-bad2-093dfa2245ad/allocations" status: 200 len: 252 microversion: 1.0 [pid: 8|app: 0|req: 366/737] 199.204.45.240 () {32 vars in 857 bytes} [Wed Apr 29 23:37:42 2026] GET /resource_providers/92f8b09a-5d58-4e5a-bad2-093dfa2245ad/allocations => generated 252 bytes in 18 msecs (HTTP/1.1 200) 6 headers in 224 bytes (1 switches on core 0)
2026-04-29 23:37:42.263 7 INFO placement.requestlog [req-dd311456-d9f2-4c28-b3fb-0857f9240255 req-4126c9f9-e0c4-48f4-ae8b-bbacebb3917d 94c09cc652de4382b7795f197140a141 e7af91e1e7ea4afc9e45a9d860f2ee68 - - ddd2b6f3dd414f00bb65cffeb9fa7912 ddd2b6f3dd414f00bb65cffeb9fa7912] 199.204.45.240 "GET /allocations/f5afc246-4a99-416a-82ce-2d3b7fff9217" status: 200 len: 257 microversion: 1.28 [pid: 7|app: 0|req: 372/738] 199.204.45.240 () {34 vars in 863 bytes} [Wed Apr 29 23:37:42 2026] GET /allocations/f5afc246-4a99-416a-82ce-2d3b7fff9217 => generated 257 bytes in 15 msecs (HTTP/1.1 200) 8 headers in 296 bytes (1 switches on core 0)
2026-04-29 23:37:42.283 8 INFO placement.requestlog [req-dd311456-d9f2-4c28-b3fb-0857f9240255 req-771e84d1-0ff9-4646-886c-fa7553db8352 94c09cc652de4382b7795f197140a141 e7af91e1e7ea4afc9e45a9d860f2ee68 - - ddd2b6f3dd414f00bb65cffeb9fa7912 ddd2b6f3dd414f00bb65cffeb9fa7912] 199.204.45.240 "GET /allocations/07e97cd0-d4fc-49e6-a2b5-9ae578f8538a" status: 200 len: 257 microversion: 1.28 [pid: 8|app: 0|req: 367/739] 199.204.45.240 () {34 vars in 863 bytes} [Wed Apr 29 23:37:42 2026] GET /allocations/07e97cd0-d4fc-49e6-a2b5-9ae578f8538a => generated 257 bytes in 14 msecs (HTTP/1.1 200) 8 headers in 296 bytes (1 switches on core 0)
2026-04-29 23:37:43.332 7 INFO placement.requestlog [req-dd311456-d9f2-4c28-b3fb-0857f9240255 req-3389c9fd-49ea-420d-b876-28e7ad62df93 94c09cc652de4382b7795f197140a141 e7af91e1e7ea4afc9e45a9d860f2ee68 - - ddd2b6f3dd414f00bb65cffeb9fa7912 ddd2b6f3dd414f00bb65cffeb9fa7912] 199.204.45.240 "DELETE /allocations/07e97cd0-d4fc-49e6-a2b5-9ae578f8538a" status: 204 len: 0 microversion: 1.0 [pid: 7|app: 0|req: 373/740] 199.204.45.240 () {34 vars in 841 bytes} [Wed Apr 29 23:37:43 2026] DELETE /allocations/07e97cd0-d4fc-49e6-a2b5-9ae578f8538a => generated 0 bytes in 29 msecs (HTTP/1.1 204) 5 headers in 198 bytes (1 switches on core 0)
2026-04-29 23:37:44.772 8 INFO placement.requestlog [req-6ee3ae44-855f-4853-b4af-7e7c8287efd0 req-854e0b93-13e7-4f7e-917f-18587616c8e0 94c09cc652de4382b7795f197140a141 e7af91e1e7ea4afc9e45a9d860f2ee68 - - ddd2b6f3dd414f00bb65cffeb9fa7912 ddd2b6f3dd414f00bb65cffeb9fa7912] 199.204.45.240 "GET /resource_providers/92f8b09a-5d58-4e5a-bad2-093dfa2245ad/allocations" status: 200 len: 152 microversion: 1.0 [pid: 8|app: 0|req: 368/741] 199.204.45.240 () {32 vars in 857 bytes} [Wed Apr 29 23:37:44 2026] GET /resource_providers/92f8b09a-5d58-4e5a-bad2-093dfa2245ad/allocations => generated 152 bytes in 16 msecs (HTTP/1.1 200) 6 headers in 224 bytes (1 switches on core 0)
2026-04-29 23:37:44.792 7 INFO placement.requestlog [req-6ee3ae44-855f-4853-b4af-7e7c8287efd0 req-4e3d7ade-29f4-4236-9781-cb9e59d7126f 94c09cc652de4382b7795f197140a141 e7af91e1e7ea4afc9e45a9d860f2ee68 - - ddd2b6f3dd414f00bb65cffeb9fa7912 ddd2b6f3dd414f00bb65cffeb9fa7912] 199.204.45.240 "GET /allocations/f5afc246-4a99-416a-82ce-2d3b7fff9217" status: 200 len: 257 microversion: 1.28 [pid: 7|app: 0|req: 374/742] 199.204.45.240 () {34 vars in 863 bytes} [Wed Apr 29 23:37:44 2026] GET /allocations/f5afc246-4a99-416a-82ce-2d3b7fff9217 => generated 257 bytes in 11 msecs (HTTP/1.1 200) 8 headers in 296 bytes (1 switches on core 0)
2026-04-29 23:37:45.833 8 INFO placement.requestlog [req-6ee3ae44-855f-4853-b4af-7e7c8287efd0 req-ee07400a-b70f-4552-a98c-e70a77bdc22b 94c09cc652de4382b7795f197140a141 e7af91e1e7ea4afc9e45a9d860f2ee68 - - ddd2b6f3dd414f00bb65cffeb9fa7912 ddd2b6f3dd414f00bb65cffeb9fa7912] 199.204.45.240 "DELETE /allocations/f5afc246-4a99-416a-82ce-2d3b7fff9217" status: 204 len: 0 microversion: 1.0 [pid: 8|app: 0|req: 369/743] 199.204.45.240 () {34 vars in 841 bytes} [Wed Apr 29 23:37:45 2026] DELETE /allocations/f5afc246-4a99-416a-82ce-2d3b7fff9217 => generated 0 bytes in 20 msecs (HTTP/1.1 204) 5 headers in 198 bytes (1 switches on core 0)
2026-04-29 23:37:46.690 7 INFO placement.requestlog [None req-35fdd913-7f76-44dc-8ec0-aa755ae05ab0 f5e1cedf10084fd1998cfca077152c67 e7af91e1e7ea4afc9e45a9d860f2ee68 - - ddd2b6f3dd414f00bb65cffeb9fa7912 ddd2b6f3dd414f00bb65cffeb9fa7912] 10.0.0.111 "GET /resource_providers/b68ccc54-4ac4-460b-9f7c-708fd1275445/aggregates" status: 404 len: 235 microversion: 1.1 [pid: 7|app: 0|req: 375/744] 10.0.0.111 () {32 vars in 816 bytes} [Wed Apr 29 23:37:46 2026] GET /resource_providers/b68ccc54-4ac4-460b-9f7c-708fd1275445/aggregates => generated 235 bytes in 8 msecs (HTTP/1.1 404) 5 headers in 202 bytes (1 switches on core 0)
2026-04-29 23:37:46.692 8 INFO placement.requestlog [None req-1d057f7f-e6c1-4367-a9ef-56e08378e562 f5e1cedf10084fd1998cfca077152c67 e7af91e1e7ea4afc9e45a9d860f2ee68 - - ddd2b6f3dd414f00bb65cffeb9fa7912 ddd2b6f3dd414f00bb65cffeb9fa7912] 10.0.0.111 "GET /resource_providers/b68ccc54-4ac4-460b-9f7c-708fd1275445/aggregates" status: 404 len: 235 microversion: 1.1 [pid: 8|app: 0|req: 370/745] 10.0.0.111 () {32 vars in 816 bytes} [Wed Apr 29 23:37:46 2026] GET /resource_providers/b68ccc54-4ac4-460b-9f7c-708fd1275445/aggregates => generated 235 bytes in 9 msecs (HTTP/1.1 404) 5 headers in 202 bytes (1 switches on core 0)
2026-04-29 23:37:46.710 7 INFO placement.requestlog [None req-927cad7a-f1fe-45be-a892-4a264aaa9774 f5e1cedf10084fd1998cfca077152c67 e7af91e1e7ea4afc9e45a9d860f2ee68 - - ddd2b6f3dd414f00bb65cffeb9fa7912 ddd2b6f3dd414f00bb65cffeb9fa7912] 10.0.0.111 "DELETE /resource_providers/b68ccc54-4ac4-460b-9f7c-708fd1275445" status: 404 len: 246 microversion: 1.1 [pid: 7|app: 0|req: 376/746] 10.0.0.111 () {34 vars in 816 bytes} [Wed Apr 29 23:37:46 2026] DELETE /resource_providers/b68ccc54-4ac4-460b-9f7c-708fd1275445 => generated 246 bytes in 7 msecs (HTTP/1.1 404) 6 headers in 231 bytes (1 switches on core 0)
2026-04-29 23:37:46.713 8 INFO placement.requestlog [None req-fe080f40-8652-474a-853f-2c9f30679288 f5e1cedf10084fd1998cfca077152c67 e7af91e1e7ea4afc9e45a9d860f2ee68 - - ddd2b6f3dd414f00bb65cffeb9fa7912 ddd2b6f3dd414f00bb65cffeb9fa7912] 10.0.0.111 "DELETE /resource_providers/b68ccc54-4ac4-460b-9f7c-708fd1275445" status: 404 len: 246 microversion: 1.1 [pid: 8|app: 0|req: 371/747] 10.0.0.111 () {34 vars in 816 bytes} [Wed Apr 29 23:37:46 2026] DELETE /resource_providers/b68ccc54-4ac4-460b-9f7c-708fd1275445 => generated 246 bytes in 10 msecs (HTTP/1.1 404) 6 headers in 231 bytes (1 switches on core 0)
2026-04-29 23:37:49.773 7 INFO placement.requestlog [None req-de9f06c2-adde-403b-be33-21565db7abe4 - - - - - -] 10.0.0.42 "GET /" status: 200 len: 136 microversion: 1.0
2026-04-29 23:37:49.773 8 INFO placement.requestlog [None req-ec9423c3-6217-4b53-86c3-a2091bf3c86c - - - - - -] 10.0.0.42 "GET /" status: 200 len: 136 microversion: 1.0
2026-04-29 23:37:50.216 8 INFO placement.requestlog [None req-026d03ba-36e2-4c52-8741-7902ec146da0 f5e1cedf10084fd1998cfca077152c67 e7af91e1e7ea4afc9e45a9d860f2ee68 - - ddd2b6f3dd414f00bb65cffeb9fa7912 ddd2b6f3dd414f00bb65cffeb9fa7912] 10.0.0.111 "GET /resource_providers/3fcda99d-a51f-48b8-a866-1bf9bebe7411/aggregates" status: 404 len: 235 microversion: 1.1 [pid: 8|app: 0|req: 373/750] 10.0.0.111 () {32 vars in 816 bytes} [Wed Apr 29 23:37:50 2026] GET /resource_providers/3fcda99d-a51f-48b8-a866-1bf9bebe7411/aggregates => generated 235 bytes in 9 msecs (HTTP/1.1 404) 5 headers in 202 bytes (1 switches on core 0)
2026-04-29 23:37:50.218 7 INFO placement.requestlog [None req-0f3ddf46-b058-4564-9b77-46b2a1c9961e f5e1cedf10084fd1998cfca077152c67 e7af91e1e7ea4afc9e45a9d860f2ee68 - - ddd2b6f3dd414f00bb65cffeb9fa7912 ddd2b6f3dd414f00bb65cffeb9fa7912] 10.0.0.111 "GET /resource_providers/3fcda99d-a51f-48b8-a866-1bf9bebe7411/aggregates" status: 404 len: 235 microversion: 1.1 [pid: 7|app: 0|req: 378/751] 10.0.0.111 () {32 vars in 816 bytes} [Wed Apr 29 23:37:50 2026] GET /resource_providers/3fcda99d-a51f-48b8-a866-1bf9bebe7411/aggregates => generated 235 bytes in 10 msecs (HTTP/1.1 404) 5 headers in 202 bytes (1 switches on core 0)
2026-04-29 23:37:50.248 8 INFO placement.requestlog [None req-1599cfc2-98ab-4845-9b9a-c9f084afc7d0 f5e1cedf10084fd1998cfca077152c67 e7af91e1e7ea4afc9e45a9d860f2ee68 - - ddd2b6f3dd414f00bb65cffeb9fa7912 ddd2b6f3dd414f00bb65cffeb9fa7912] 10.0.0.111 "DELETE /resource_providers/3fcda99d-a51f-48b8-a866-1bf9bebe7411" status: 404 len: 246 microversion: 1.1 [pid: 8|app: 0|req: 374/752] 10.0.0.111 () {34 vars in 816 bytes} [Wed Apr 29 23:37:50 2026] DELETE /resource_providers/3fcda99d-a51f-48b8-a866-1bf9bebe7411 => generated 246 bytes in 15 msecs (HTTP/1.1 404) 6 headers in 231 bytes (1 switches on core 0)
2026-04-29 23:37:50.250 7 INFO placement.requestlog [None req-d40b1610-76bd-497a-980e-b10218bdf422 f5e1cedf10084fd1998cfca077152c67 e7af91e1e7ea4afc9e45a9d860f2ee68 - - ddd2b6f3dd414f00bb65cffeb9fa7912 ddd2b6f3dd414f00bb65cffeb9fa7912] 10.0.0.111 "DELETE /resource_providers/3fcda99d-a51f-48b8-a866-1bf9bebe7411" status: 404 len: 246 microversion: 1.1 [pid: 7|app: 0|req: 379/753] 10.0.0.111 () {34 vars in 816 bytes} [Wed Apr 29 23:37:50 2026] DELETE /resource_providers/3fcda99d-a51f-48b8-a866-1bf9bebe7411 => generated 246 bytes in 14 msecs (HTTP/1.1 404) 6 headers in 231 bytes (1 switches on core 0)
2026-04-29 23:37:59.773 8 INFO placement.requestlog [None req-46f79bb9-75b1-4cba-bfd6-39440dfaaeee - - - - - -] 10.0.0.42 "GET /" status: 200 len: 136 microversion: 1.0
2026-04-29 23:37:59.773 7 INFO placement.requestlog [None req-2557a845-b109-453b-a8de-7061028c2643 - - - - - -] 10.0.0.42 "GET /" status: 200 len: 136 microversion: 1.0
2026-04-29 23:38:00.361 7 INFO placement.requestlog [req-8e073233-330d-4dba-bc9a-35f6c2aa7043 req-825a22a1-6b3e-4296-82cd-400f17dfce50 94c09cc652de4382b7795f197140a141 e7af91e1e7ea4afc9e45a9d860f2ee68 - - ddd2b6f3dd414f00bb65cffeb9fa7912 ddd2b6f3dd414f00bb65cffeb9fa7912] 10.0.0.218 "GET /allocation_candidates?limit=1000&resources=DISK_GB%3A1%2CMEMORY_MB%3A512%2CVCPU%3A1&root_required=%21COMPUTE_STATUS_DISABLED" status: 200 len: 2781 microversion: 1.36 [pid: 7|app: 0|req: 381/756] 10.0.0.218 () {34 vars in 1012 bytes} [Wed Apr 29 23:38:00 2026] GET /allocation_candidates?limit=1000&resources=DISK_GB%3A1%2CMEMORY_MB%3A512%2CVCPU%3A1&root_required=%21COMPUTE_STATUS_DISABLED => generated 2781 bytes in 55 msecs (HTTP/1.1 200) 8 headers in 297 bytes (1 switches on core 0)
2026-04-29 23:38:00.392 8 INFO placement.requestlog [req-8e073233-330d-4dba-bc9a-35f6c2aa7043 req-f14d9db4-404f-447c-9edc-318963a167ea 94c09cc652de4382b7795f197140a141 e7af91e1e7ea4afc9e45a9d860f2ee68 - - ddd2b6f3dd414f00bb65cffeb9fa7912 ddd2b6f3dd414f00bb65cffeb9fa7912] 10.0.0.218 "GET /allocations/5e1415b2-b4c0-409c-a5d5-d6d76e13fdda" status: 200 len: 19 microversion: 1.28 [pid: 8|app: 0|req: 376/757] 10.0.0.218 () {34 vars in 861 bytes} [Wed Apr 29 23:38:00 2026] GET /allocations/5e1415b2-b4c0-409c-a5d5-d6d76e13fdda => generated 19 bytes in 16 msecs (HTTP/1.1 200) 8 headers in 295 bytes (1 switches on core 0)
2026-04-29 23:38:00.479 7 INFO placement.requestlog [req-8e073233-330d-4dba-bc9a-35f6c2aa7043 req-4df081df-88ce-4397-9e5b-b93f592e634e 94c09cc652de4382b7795f197140a141 e7af91e1e7ea4afc9e45a9d860f2ee68 - - ddd2b6f3dd414f00bb65cffeb9fa7912 ddd2b6f3dd414f00bb65cffeb9fa7912] 10.0.0.218 "PUT /allocations/5e1415b2-b4c0-409c-a5d5-d6d76e13fdda" status: 204 len: 0 microversion: 1.36 [pid: 7|app: 0|req: 382/758] 10.0.0.218 () {38 vars in 914 bytes} [Wed Apr 29 23:38:00 2026] PUT /allocations/5e1415b2-b4c0-409c-a5d5-d6d76e13fdda => generated 0 bytes in 80 msecs (HTTP/1.1 204) 5 headers in 199 bytes (1 switches on core 0)
2026-04-29 23:38:01.846 8 INFO placement.requestlog [req-35797e15-6384-48fa-acda-004b661e88b5 req-321c693b-4eb5-4f35-a27b-c1db67ac5906 94c09cc652de4382b7795f197140a141 e7af91e1e7ea4afc9e45a9d860f2ee68 - - ddd2b6f3dd414f00bb65cffeb9fa7912 ddd2b6f3dd414f00bb65cffeb9fa7912] 10.0.0.218 "GET /allocation_candidates?limit=1000&resources=DISK_GB%3A1%2CMEMORY_MB%3A512%2CVCPU%3A1&root_required=%21COMPUTE_STATUS_DISABLED" status: 200 len: 2783 microversion: 1.36 [pid: 8|app: 0|req: 377/759] 10.0.0.218 () {34 vars in 1012 bytes} [Wed Apr 29 23:38:01 2026] GET /allocation_candidates?limit=1000&resources=DISK_GB%3A1%2CMEMORY_MB%3A512%2CVCPU%3A1&root_required=%21COMPUTE_STATUS_DISABLED => generated 2783 bytes in 68 msecs (HTTP/1.1 200) 8 headers in 297 bytes (1 switches on core 0)
2026-04-29 23:38:01.888 7 INFO placement.requestlog [req-35797e15-6384-48fa-acda-004b661e88b5 req-3e3946c6-b3d8-4675-aed5-0730f823e8a6 94c09cc652de4382b7795f197140a141 e7af91e1e7ea4afc9e45a9d860f2ee68 - - ddd2b6f3dd414f00bb65cffeb9fa7912 ddd2b6f3dd414f00bb65cffeb9fa7912] 10.0.0.218 "GET /allocations/85b704b9-72ac-44de-b2ba-853a8e454884" status: 200 len: 19 microversion: 1.28 [pid: 7|app: 0|req: 383/760] 10.0.0.218 () {34 vars in 861 bytes} [Wed Apr 29 23:38:01 2026] GET /allocations/85b704b9-72ac-44de-b2ba-853a8e454884 => generated 19 bytes in 10 msecs (HTTP/1.1 200) 8 headers in 295 bytes (1 switches on core 0)
2026-04-29 23:38:01.964 8 INFO placement.requestlog [req-35797e15-6384-48fa-acda-004b661e88b5 req-98cbafa3-867a-4af7-a856-af686d24319a 94c09cc652de4382b7795f197140a141 e7af91e1e7ea4afc9e45a9d860f2ee68 - - ddd2b6f3dd414f00bb65cffeb9fa7912 ddd2b6f3dd414f00bb65cffeb9fa7912] 10.0.0.218 "PUT /allocations/85b704b9-72ac-44de-b2ba-853a8e454884" status: 204 len: 0 microversion: 1.36 [pid: 8|app: 0|req: 378/761] 10.0.0.218 () {38 vars in 914 bytes} [Wed Apr 29 23:38:01 2026] PUT /allocations/85b704b9-72ac-44de-b2ba-853a8e454884 => generated 0 bytes in 69 msecs (HTTP/1.1 204) 5 headers in 199 bytes (1 switches on core 0)
2026-04-29 23:38:01.972 7 INFO placement.requestlog [req-8e073233-330d-4dba-bc9a-35f6c2aa7043 req-f618b748-d3cb-4d8b-bfac-05ae30f11005 94c09cc652de4382b7795f197140a141 e7af91e1e7ea4afc9e45a9d860f2ee68 - - ddd2b6f3dd414f00bb65cffeb9fa7912 ddd2b6f3dd414f00bb65cffeb9fa7912] 199.204.45.240 "GET /allocations/5e1415b2-b4c0-409c-a5d5-d6d76e13fdda" status: 200 len: 257 microversion: 1.28 [pid: 7|app: 0|req: 384/762] 199.204.45.240 () {34 vars in 863 bytes} [Wed Apr 29 23:38:01 2026] GET /allocations/5e1415b2-b4c0-409c-a5d5-d6d76e13fdda => generated 257 bytes in 16 msecs (HTTP/1.1 200) 8 headers in 296 bytes (1 switches on core 0)
2026-04-29 23:38:02.687 8 INFO placement.requestlog [None req-027196df-7c19-463a-95e7-f32c6cf80787 f5e1cedf10084fd1998cfca077152c67 e7af91e1e7ea4afc9e45a9d860f2ee68 - - ddd2b6f3dd414f00bb65cffeb9fa7912 ddd2b6f3dd414f00bb65cffeb9fa7912] 10.0.0.111 "GET /resource_providers/723c7c13-dfa9-4f80-ab03-e7e600cf43be/aggregates" status: 404 len: 235 microversion: 1.1 [pid: 8|app: 0|req: 379/763] 10.0.0.111 () {32 vars in 816 bytes} [Wed Apr 29 23:38:02 2026] GET /resource_providers/723c7c13-dfa9-4f80-ab03-e7e600cf43be/aggregates => generated 235 bytes in 9 msecs (HTTP/1.1 404) 5 headers in 202 bytes (1 switches on core 0)
2026-04-29 23:38:02.692 7 INFO placement.requestlog [None req-79c021df-a7d2-4520-b07f-94f9a340b424 f5e1cedf10084fd1998cfca077152c67 e7af91e1e7ea4afc9e45a9d860f2ee68 - - ddd2b6f3dd414f00bb65cffeb9fa7912 ddd2b6f3dd414f00bb65cffeb9fa7912] 10.0.0.111 "GET /resource_providers/723c7c13-dfa9-4f80-ab03-e7e600cf43be/aggregates" status: 404 len: 235 microversion: 1.1 [pid: 7|app: 0|req: 385/764] 10.0.0.111 () {32 vars in 816 bytes} [Wed Apr 29 23:38:02 2026] GET /resource_providers/723c7c13-dfa9-4f80-ab03-e7e600cf43be/aggregates => generated 235 bytes in 13 msecs (HTTP/1.1 404) 5 headers in 202 bytes (1 switches on core 0)
2026-04-29 23:38:02.711 8 INFO placement.requestlog [None req-3e66bd15-ac75-4f41-980e-68fd35c66d7a f5e1cedf10084fd1998cfca077152c67 e7af91e1e7ea4afc9e45a9d860f2ee68 - - ddd2b6f3dd414f00bb65cffeb9fa7912 ddd2b6f3dd414f00bb65cffeb9fa7912] 10.0.0.111 "DELETE /resource_providers/723c7c13-dfa9-4f80-ab03-e7e600cf43be" status: 404 len: 246 microversion: 1.1 [pid: 8|app: 0|req: 380/765] 10.0.0.111 () {34 vars in 816 bytes} [Wed Apr 29 23:38:02 2026] DELETE /resource_providers/723c7c13-dfa9-4f80-ab03-e7e600cf43be => generated 246 bytes in 8 msecs (HTTP/1.1 404) 6 headers in 231 bytes (1 switches on core 0)
2026-04-29 23:38:02.721 7 INFO placement.requestlog [None req-924f174c-9596-493c-9139-b4aea1a61277 f5e1cedf10084fd1998cfca077152c67 e7af91e1e7ea4afc9e45a9d860f2ee68 - - ddd2b6f3dd414f00bb65cffeb9fa7912 ddd2b6f3dd414f00bb65cffeb9fa7912] 10.0.0.111 "DELETE /resource_providers/723c7c13-dfa9-4f80-ab03-e7e600cf43be" status: 404 len: 246 microversion: 1.1 [pid: 7|app: 0|req: 386/766] 10.0.0.111 () {34 vars in 816 bytes} [Wed Apr 29 23:38:02 2026] DELETE /resource_providers/723c7c13-dfa9-4f80-ab03-e7e600cf43be => generated 246 bytes in 11 msecs (HTTP/1.1 404) 6 headers in 231 bytes (1 switches on core 0)
2026-04-29 23:38:02.991 8 INFO placement.requestlog [req-cfe43d68-1c17-4db1-bef6-d126405cbacd req-d91e923d-ccdb-4e2b-bf39-c2f4461c5952 94c09cc652de4382b7795f197140a141 e7af91e1e7ea4afc9e45a9d860f2ee68 - - ddd2b6f3dd414f00bb65cffeb9fa7912 ddd2b6f3dd414f00bb65cffeb9fa7912] 199.204.45.240 "GET /resource_providers/92f8b09a-5d58-4e5a-bad2-093dfa2245ad/allocations" status: 200 len: 252 microversion: 1.0 [pid: 8|app: 0|req: 381/767] 199.204.45.240 () {32 vars in 857 bytes} [Wed Apr 29 23:38:02 2026] GET /resource_providers/92f8b09a-5d58-4e5a-bad2-093dfa2245ad/allocations => generated 252 bytes in 16 msecs (HTTP/1.1 200) 6 headers in 224 bytes (1 switches on core 0)
