2026-05-18 01:51:24.809 8 INFO neutron.db.ovn_revision_numbers_db [None req-3f641364-3493-4d88-9bc6-5684affdd5c0 2e41360efec94f78950b8106cf45b7e4 a33ebecdda3143f299543c12bbb7a81c - - default default] Successfully bumped revision number for resource 29cad364-93b9-4a5a-96d9-e13c2dd0aa44 (type: security_group_rules) to 0
2026-05-18 01:51:24.821 8 INFO neutron.db.ovn_revision_numbers_db [None req-3f641364-3493-4d88-9bc6-5684affdd5c0 2e41360efec94f78950b8106cf45b7e4 a33ebecdda3143f299543c12bbb7a81c - - default default] Successfully bumped revision number for resource 2c4af3ec-0932-4795-8f1e-8e1b291938e7 (type: security_group_rules) to 0
2026-05-18 01:51:24.830 8 INFO neutron.db.ovn_revision_numbers_db [None req-3f641364-3493-4d88-9bc6-5684affdd5c0 2e41360efec94f78950b8106cf45b7e4 a33ebecdda3143f299543c12bbb7a81c - - default default] Successfully bumped revision number for resource f8fc494a-8b20-4fb6-975d-83fac4ee3067 (type: security_group_rules) to 0 [pid: 8|app: 0|req: 1104/1975] 10.0.0.163 () {32 vars in 774 bytes} [Mon May 18 01:51:24 2026] GET /v2.0/security-groups?tenant_id=3885a5a7e8ef42d6a36f1578afec1af8&name=default => generated 2925 bytes in 259 msecs (HTTP/1.1 200) 4 headers in 158 bytes (1 switches on core 0)
2026-05-18 01:51:24.885 8 INFO neutron.pecan_wsgi.hooks.translation [None req-bb1710e6-bd95-4eb1-9ae5-e0e311446e4b 897370e70f074a7089a69997c9ad8c93 6bd7e2bccaa74b42b36bde920ae9897b - - default default] GET failed (client error): The resource could not be found. [pid: 8|app: 0|req: 1105/1976] 10.0.0.163 () {32 vars in 717 bytes} [Mon May 18 01:51:24 2026] GET /v2.0/ports/affadecf-1692-46b8-ba22-a4166dd8debd => generated 132 bytes in 19 msecs (HTTP/1.1 404) 4 headers in 164 bytes (1 switches on core 0) [pid: 8|app: 0|req: 1106/1977] 10.0.0.163 () {32 vars in 858 bytes} [Mon May 18 01:51:24 2026] GET /v2.0/floatingips?floating_network_id=ef0f75f6-e8c4-45d2-81fa-3d4cab330354&port_id=4b56b164-8d58-47ac-8d09-b22389d39ec8 => generated 860 bytes in 57 msecs (HTTP/1.1 200) 4 headers in 157 bytes (1 switches on core 0) [pid: 8|app: 0|req: 1107/1978] 10.0.0.163 () {32 vars in 740 bytes} [Mon May 18 01:51:24 2026] DELETE /v2.0/security-groups/f607af88-bb48-451b-8f30-4a20b37f819c => generated 0 bytes in 283 msecs (HTTP/1.1 204) 2 headers in 112 bytes (1 switches on core 0)
2026-05-18 01:51:25.331 9 INFO neutron.plugins.ml2.drivers.ovn.mech_driver.mech_driver [None req-c1dc1742-951c-4b4e-916e-c4e8c9509b40 - - - - - -] OVN reports status up for port: c895d8c1-a40d-48d4-8ed4-c638f02a5206
2026-05-18 01:51:25.356 9 INFO neutron.plugins.ml2.plugin [None req-c1dc1742-951c-4b4e-916e-c4e8c9509b40 - - - - - -] Attempt 1 to provision port c895d8c1-a40d-48d4-8ed4-c638f02a5206 [pid: 8|app: 0|req: 1108/1979] 10.0.0.163 () {32 vars in 724 bytes} [Mon May 18 01:51:25 2026] DELETE /v2.0/subnets/b0616435-6339-4796-8655-f1142fe57ddc => generated 0 bytes in 189 msecs (HTTP/1.1 204) 3 headers in 131 bytes (1 switches on core 0) [pid: 8|app: 0|req: 1109/1980] 10.0.0.123 () {34 vars in 990 bytes} [Mon May 18 01:51:25 2026] GET /v2.0/ports?device_id=2f267958-dee3-4ffc-b1e1-e319bfa51bfc => generated 1248 bytes in 33 msecs (HTTP/1.1 200) 4 headers in 158 bytes (1 switches on core 0)
2026-05-18 01:51:25.466 9 WARNING neutron.scheduler.dhcp_agent_scheduler [None req-80e81abe-7a1b-4e2c-9939-c7259fa35a71 23285380e1224a3b89634b6b94da2754 e364a0a66a9a45288d27e9bd89902006 - - default default] No more DHCP agents
2026-05-18 01:51:25.470 9 WARNING neutron.api.rpc.agentnotifiers.dhcp_rpc_agent_api [None req-80e81abe-7a1b-4e2c-9939-c7259fa35a71 23285380e1224a3b89634b6b94da2754 e364a0a66a9a45288d27e9bd89902006 - - default default] Unable to schedule network 442c519b-6ff1-4717-b8a0-ef08b35a372e: no agents available; will retry on subsequent port and subnet creation events.
2026-05-18 01:51:25.566 8 INFO neutron_taas.services.taas.taas_plugin [None req-9011ce5f-466e-47da-800f-7de737dbf4f4 897370e70f074a7089a69997c9ad8c93 6bd7e2bccaa74b42b36bde920ae9897b - - default default] TaaS: Handle Delete Port: 95407818-c427-48ad-bcd2-80e89219058d
2026-05-18 01:51:25.569 8 INFO neutron_taas.services.taas.tap_mirror_plugin [None req-9011ce5f-466e-47da-800f-7de737dbf4f4 897370e70f074a7089a69997c9ad8c93 6bd7e2bccaa74b42b36bde920ae9897b - - default default] Tap Mirror: Handle Delete Port: 95407818-c427-48ad-bcd2-80e89219058d
2026-05-18 01:51:25.780 8 INFO neutron.services.segments.plugin [-] Segment 344889fb-466b-46ca-8d31-8ddb1526a93f resource provider aggregate not found
2026-05-18 01:51:25.785 8 INFO neutron.services.segments.plugin [-] Segment 344889fb-466b-46ca-8d31-8ddb1526a93f resource provider aggregate not found
2026-05-18 01:51:25.797 8 INFO neutron.services.segments.plugin [-] Segment 344889fb-466b-46ca-8d31-8ddb1526a93f resource provider not found; error: Placement Client Error (4xx): {"errors": [{"status": 404, "title": "Not Found", "detail": "The resource could not be found.\n\n No resource provider with uuid 344889fb-466b-46ca-8d31-8ddb1526a93f found for delete ", "request_id": "req-704367b7-573d-431d-be8e-313cb2bb75e2"}]}
2026-05-18 01:51:25.808 8 INFO neutron.services.segments.plugin [-] Segment 344889fb-466b-46ca-8d31-8ddb1526a93f resource provider not found; error: Placement Client Error (4xx): {"errors": [{"status": 404, "title": "Not Found", "detail": "The resource could not be found.\n\n No resource provider with uuid 344889fb-466b-46ca-8d31-8ddb1526a93f found for delete ", "request_id": "req-142dc553-4a79-44da-b6f9-896c8b283b75"}]} [pid: 8|app: 0|req: 1110/1981] 10.0.0.163 () {32 vars in 726 bytes} [Mon May 18 01:51:25 2026] DELETE /v2.0/networks/e603a41e-e9a4-46ae-9e4e-e57547508371 => generated 0 bytes in 388 msecs (HTTP/1.1 204) 3 headers in 131 bytes (1 switches on core 0) [pid: 8|app: 0|req: 1111/1982] 10.0.0.123 () {34 vars in 1120 bytes} [Mon May 18 01:51:25 2026] GET /v2.0/security-groups?id=5205798e-ab29-4d62-b742-33ab1c7ad713&id=1ee6c0d2-59d2-4d82-80df-dfa89ce89c7c&fields=id&fields=name => generated 206 bytes in 28 msecs (HTTP/1.1 200) 4 headers in 157 bytes (1 switches on core 0)
2026-05-18 01:51:26.124 9 INFO neutron.db.ovn_revision_numbers_db [None req-c1dc1742-951c-4b4e-916e-c4e8c9509b40 - - - - - -] Successfully bumped revision number for resource c895d8c1-a40d-48d4-8ed4-c638f02a5206 (type: ports) to 2
2026-05-18 01:51:26.184 8 WARNING neutron.scheduler.dhcp_agent_scheduler [None req-4eb246c5-c1ef-4bf7-9c72-0431b8bdc936 897370e70f074a7089a69997c9ad8c93 6bd7e2bccaa74b42b36bde920ae9897b - - default default] No more DHCP agents
2026-05-18 01:51:26.186 8 WARNING neutron.api.rpc.agentnotifiers.dhcp_rpc_agent_api [None req-4eb246c5-c1ef-4bf7-9c72-0431b8bdc936 897370e70f074a7089a69997c9ad8c93 6bd7e2bccaa74b42b36bde920ae9897b - - default default] Unable to schedule network 1e346262-4d92-4c4a-ac70-683eab86ee52: no agents available; will retry on subsequent port and subnet creation events.
2026-05-18 01:51:26.346 8 INFO neutron.db.ovn_revision_numbers_db [None req-4eb246c5-c1ef-4bf7-9c72-0431b8bdc936 897370e70f074a7089a69997c9ad8c93 6bd7e2bccaa74b42b36bde920ae9897b - - default default] Successfully bumped revision number for resource d1334cb7-c56b-4e31-aaf5-bb774a1ded9a (type: ports) to 1 [pid: 8|app: 0|req: 1112/1983] 10.0.0.163 () {34 vars in 665 bytes} [Mon May 18 01:51:25 2026] POST /v2.0/ports => generated 778 bytes in 520 msecs (HTTP/1.1 201) 4 headers in 162 bytes (1 switches on core 0)
2026-05-18 01:51:26.409 9 INFO neutron.db.ovn_revision_numbers_db [None req-80e81abe-7a1b-4e2c-9939-c7259fa35a71 23285380e1224a3b89634b6b94da2754 e364a0a66a9a45288d27e9bd89902006 - - default default] Successfully bumped revision number for resource c895d8c1-a40d-48d4-8ed4-c638f02a5206 (type: router_ports) to 1 /var/lib/openstack/lib/python3.12/site-packages/pycadf/identifier.py:70: UserWarning: Invalid uuid: neutron. To ensure interoperability, identifiers should be a valid uuid. warnings.warn(('Invalid uuid: %s. To ensure interoperability, ' [pid: 9|app: 0|req: 872/1984] 10.0.0.163 () {34 vars in 783 bytes} [Mon May 18 01:51:23 2026] PUT /v2.0/routers/57c4e237-6b35-4840-a01b-f2ae6b8f4841/add_router_interface => generated 309 bytes in 2892 msecs (HTTP/1.1 200) 4 headers in 157 bytes (1 switches on core 0)
2026-05-18 01:51:26.745 8 INFO neutron.db.ovn_revision_numbers_db [None req-69337e06-151b-4a83-8cef-b540e521b2ce 897370e70f074a7089a69997c9ad8c93 6bd7e2bccaa74b42b36bde920ae9897b - - default default] Successfully bumped revision number for resource d1334cb7-c56b-4e31-aaf5-bb774a1ded9a (type: ports) to 2 [pid: 8|app: 0|req: 1113/1985] 10.0.0.163 () {34 vars in 737 bytes} [Mon May 18 01:51:26 2026] PUT /v2.0/ports/d1334cb7-c56b-4e31-aaf5-bb774a1ded9a => generated 752 bytes in 344 msecs (HTTP/1.1 200) 4 headers in 157 bytes (1 switches on core 0) /var/lib/openstack/lib/python3.12/site-packages/pycadf/identifier.py:70: UserWarning: Invalid uuid: neutron. To ensure interoperability, identifiers should be a valid uuid. warnings.warn(('Invalid uuid: %s. To ensure interoperability, '
2026-05-18 01:51:26.890 8 INFO neutron_taas.services.taas.taas_plugin [None req-5e1c93a6-db28-4db0-a820-ae88c4db0211 897370e70f074a7089a69997c9ad8c93 6bd7e2bccaa74b42b36bde920ae9897b - - default default] TaaS: Handle Delete Port: d1334cb7-c56b-4e31-aaf5-bb774a1ded9a
2026-05-18 01:51:26.895 8 INFO neutron_taas.services.taas.tap_mirror_plugin [None req-5e1c93a6-db28-4db0-a820-ae88c4db0211 897370e70f074a7089a69997c9ad8c93 6bd7e2bccaa74b42b36bde920ae9897b - - default default] Tap Mirror: Handle Delete Port: d1334cb7-c56b-4e31-aaf5-bb774a1ded9a [pid: 8|app: 0|req: 1114/1986] 10.0.0.163 () {32 vars in 720 bytes} [Mon May 18 01:51:26 2026] DELETE /v2.0/ports/d1334cb7-c56b-4e31-aaf5-bb774a1ded9a => generated 0 bytes in 266 msecs (HTTP/1.1 204) 3 headers in 131 bytes (1 switches on core 0) [pid: 9|app: 0|req: 873/1987] 10.0.0.163 () {32 vars in 649 bytes} [Mon May 18 01:51:26 2026] GET /v2.0/networks => generated 5158 bytes in 651 msecs (HTTP/1.1 200) 4 headers in 158 bytes (1 switches on core 0) [pid: 8|app: 0|req: 1115/1988] 10.0.0.163 () {32 vars in 643 bytes} [Mon May 18 01:51:27 2026] GET /v2.0/ports => generated 1537 bytes in 39 msecs (HTTP/1.1 200) 4 headers in 158 bytes (1 switches on core 0)
2026-05-18 01:51:27.097 8 INFO neutron.pecan_wsgi.hooks.translation [None req-82826219-ab7b-4615-bcb7-6ae010706aa7 897370e70f074a7089a69997c9ad8c93 6bd7e2bccaa74b42b36bde920ae9897b - - default default] GET failed (client error): The resource could not be found. [pid: 8|app: 0|req: 1116/1989] 10.0.0.163 () {32 vars in 717 bytes} [Mon May 18 01:51:27 2026] GET /v2.0/ports/d1334cb7-c56b-4e31-aaf5-bb774a1ded9a => generated 132 bytes in 17 msecs (HTTP/1.1 404) 4 headers in 164 bytes (1 switches on core 0) [pid: 9|app: 0|req: 874/1990] 10.0.0.163 () {32 vars in 647 bytes} [Mon May 18 01:51:27 2026] GET /v2.0/subnets => generated 3328 bytes in 39 msecs (HTTP/1.1 200) 4 headers in 158 bytes (1 switches on core 0) [pid: 8|app: 0|req: 1117/1991] 10.0.0.163 () {32 vars in 643 bytes} [Mon May 18 01:51:27 2026] GET /v2.0/ports => generated 1537 bytes in 43 msecs (HTTP/1.1 200) 4 headers in 158 bytes (1 switches on core 0) [pid: 9|app: 0|req: 875/1992] 10.0.0.163 () {32 vars in 647 bytes} [Mon May 18 01:51:27 2026] GET /v2.0/routers => generated 2899 bytes in 61 msecs (HTTP/1.1 200) 4 headers in 158 bytes (1 switches on core 0) [pid: 8|app: 0|req: 1118/1993] 10.0.0.163 () {32 vars in 717 bytes} [Mon May 18 01:51:27 2026] GET /v2.0/ports/d7cda5da-e784-4402-8e41-dc034ed9a0ac => generated 778 bytes in 30 msecs (HTTP/1.1 200) 4 headers in 157 bytes (1 switches on core 0)
2026-05-18 01:51:27.208 9 INFO neutron.pecan_wsgi.hooks.translation [None req-8a52d875-1aa9-42e1-b9df-ddee8b129ed6 897370e70f074a7089a69997c9ad8c93 6bd7e2bccaa74b42b36bde920ae9897b - - default default] DELETE failed (client error): The resource could not be found. [pid: 9|app: 0|req: 876/1994] 10.0.0.163 () {32 vars in 720 bytes} [Mon May 18 01:51:27 2026] DELETE /v2.0/ports/affadecf-1692-46b8-ba22-a4166dd8debd => generated 132 bytes in 21 msecs (HTTP/1.1 404) 4 headers in 164 bytes (1 switches on core 0)
2026-05-18 01:51:27.263 8 INFO neutron.pecan_wsgi.hooks.translation [None req-4e7cc5a4-5e35-4d23-818c-a41bd2b94df5 897370e70f074a7089a69997c9ad8c93 6bd7e2bccaa74b42b36bde920ae9897b - - default default] DELETE failed (client error): The resource could not be found. [pid: 8|app: 0|req: 1119/1995] 10.0.0.163 () {32 vars in 724 bytes} [Mon May 18 01:51:27 2026] DELETE /v2.0/subnets/b0616435-6339-4796-8655-f1142fe57ddc => generated 136 bytes in 75 msecs (HTTP/1.1 404) 4 headers in 164 bytes (1 switches on core 0)
2026-05-18 01:51:27.334 9 INFO neutron.pecan_wsgi.hooks.translation [None req-a1ec4787-8560-469c-9f93-193b4b3a4866 897370e70f074a7089a69997c9ad8c93 6bd7e2bccaa74b42b36bde920ae9897b - - default default] DELETE failed (client error): The resource could not be found. [pid: 9|app: 0|req: 877/1996] 10.0.0.163 () {32 vars in 724 bytes} [Mon May 18 01:51:27 2026] DELETE /v2.0/subnets/6859b03d-dc08-4ffb-9a0d-00968c084f38 => generated 136 bytes in 20 msecs (HTTP/1.1 404) 4 headers in 164 bytes (1 switches on core 0)
2026-05-18 01:51:27.465 8 INFO neutron.db.ovn_revision_numbers_db [None req-236d4d68-c84f-4729-9cd9-4ee4ab284ad0 23285380e1224a3b89634b6b94da2754 e364a0a66a9a45288d27e9bd89902006 - - default default] Successfully bumped revision number for resource 3488985a-f635-4561-9d23-a8a45f34eea5 (type: security_groups) to 1
2026-05-18 01:51:27.477 8 INFO neutron.db.ovn_revision_numbers_db [None req-236d4d68-c84f-4729-9cd9-4ee4ab284ad0 23285380e1224a3b89634b6b94da2754 e364a0a66a9a45288d27e9bd89902006 - - default default] Successfully bumped revision number for resource e2f6eca2-940f-4d99-95ee-6f12efb64687 (type: security_group_rules) to 0
2026-05-18 01:51:27.488 8 INFO neutron.db.ovn_revision_numbers_db [None req-236d4d68-c84f-4729-9cd9-4ee4ab284ad0 23285380e1224a3b89634b6b94da2754 e364a0a66a9a45288d27e9bd89902006 - - default default] Successfully bumped revision number for resource fbb21c34-f5da-4211-ad89-6c8f807c8552 (type: security_group_rules) to 0
2026-05-18 01:51:27.503 9 INFO neutron_taas.services.taas.taas_plugin [None req-83a187e6-2062-49ad-96f1-f29589c04dab 897370e70f074a7089a69997c9ad8c93 6bd7e2bccaa74b42b36bde920ae9897b - - default default] TaaS: Handle Delete Port: d7cda5da-e784-4402-8e41-dc034ed9a0ac
2026-05-18 01:51:27.507 9 INFO neutron_taas.services.taas.tap_mirror_plugin [None req-83a187e6-2062-49ad-96f1-f29589c04dab 897370e70f074a7089a69997c9ad8c93 6bd7e2bccaa74b42b36bde920ae9897b - - default default] Tap Mirror: Handle Delete Port: d7cda5da-e784-4402-8e41-dc034ed9a0ac [pid: 8|app: 0|req: 1120/1997] 10.0.0.163 () {34 vars in 685 bytes} [Mon May 18 01:51:27 2026] POST /v2.0/security-groups => generated 1673 bytes in 198 msecs (HTTP/1.1 201) 4 headers in 163 bytes (1 switches on core 0) [pid: 9|app: 0|req: 878/1998] 10.0.0.163 () {32 vars in 720 bytes} [Mon May 18 01:51:27 2026] DELETE /v2.0/ports/d7cda5da-e784-4402-8e41-dc034ed9a0ac => generated 0 bytes in 321 msecs (HTTP/1.1 204) 3 headers in 131 bytes (1 switches on core 0)
2026-05-18 01:51:27.750 8 INFO neutron.db.ovn_revision_numbers_db [None req-caa2a07b-d35c-460b-bd35-e45a2c220371 23285380e1224a3b89634b6b94da2754 e364a0a66a9a45288d27e9bd89902006 - - default default] Successfully bumped revision number for resource d99b4aea-e5e9-49ea-b6d5-2521d81c00f9 (type: security_group_rules) to 0 [pid: 8|app: 0|req: 1121/1999] 10.0.0.163 () {34 vars in 695 bytes} [Mon May 18 01:51:27 2026] POST /v2.0/security-group-rules => generated 597 bytes in 256 msecs (HTTP/1.1 201) 4 headers in 162 bytes (1 switches on core 0)
2026-05-18 01:51:27.801 9 INFO neutron_taas.services.taas.taas_plugin [None req-8875bd95-1857-4a78-8edc-3111ab925c51 897370e70f074a7089a69997c9ad8c93 6bd7e2bccaa74b42b36bde920ae9897b - - default default] TaaS: Handle Delete Port: c1eb439e-b130-4641-9aca-1a09e4438e99
2026-05-18 01:51:27.803 9 INFO neutron_taas.services.taas.tap_mirror_plugin [None req-8875bd95-1857-4a78-8edc-3111ab925c51 897370e70f074a7089a69997c9ad8c93 6bd7e2bccaa74b42b36bde920ae9897b - - default default] Tap Mirror: Handle Delete Port: c1eb439e-b130-4641-9aca-1a09e4438e99
2026-05-18 01:51:27.975 8 INFO neutron.db.ovn_revision_numbers_db [None req-072cb330-dd45-4931-926b-8cf34a0e4b75 23285380e1224a3b89634b6b94da2754 e364a0a66a9a45288d27e9bd89902006 - - default default] Successfully bumped revision number for resource c844d27d-73b5-4155-833a-8a9be2df10aa (type: security_group_rules) to 0
2026-05-18 01:51:28.001 9 INFO neutron.services.segments.plugin [-] Segment 0df27e30-abe8-4c54-aecf-1a7a7790ed1f resource provider aggregate not found
2026-05-18 01:51:28.009 9 INFO neutron.services.segments.plugin [-] Segment 0df27e30-abe8-4c54-aecf-1a7a7790ed1f resource provider aggregate not found [pid: 8|app: 0|req: 1122/2000] 10.0.0.163 () {34 vars in 695 bytes} [Mon May 18 01:51:27 2026] POST /v2.0/security-group-rules => generated 596 bytes in 221 msecs (HTTP/1.1 201) 4 headers in 162 bytes (1 switches on core 0)
2026-05-18 01:51:28.017 9 INFO neutron.services.segments.plugin [-] Segment 0df27e30-abe8-4c54-aecf-1a7a7790ed1f resource provider not found; error: Placement Client Error (4xx): {"errors": [{"status": 404, "title": "Not Found", "detail": "The resource could not be found.\n\n No resource provider with uuid 0df27e30-abe8-4c54-aecf-1a7a7790ed1f found for delete ", "request_id": "req-74d719cc-e430-437f-8089-c01bfac864a8"}]}
2026-05-18 01:51:28.028 9 INFO neutron.services.segments.plugin [-] Segment 0df27e30-abe8-4c54-aecf-1a7a7790ed1f resource provider not found; error: Placement Client Error (4xx): {"errors": [{"status": 404, "title": "Not Found", "detail": "The resource could not be found.\n\n No resource provider with uuid 0df27e30-abe8-4c54-aecf-1a7a7790ed1f found for delete ", "request_id": "req-a53b5c5f-57c1-4361-bebb-f88a41d9dba6"}]} [pid: 9|app: 0|req: 879/2001] 10.0.0.163 () {32 vars in 726 bytes} [Mon May 18 01:51:27 2026] DELETE /v2.0/networks/1e346262-4d92-4c4a-ac70-683eab86ee52 => generated 0 bytes in 398 msecs (HTTP/1.1 204) 3 headers in 131 bytes (1 switches on core 0) [pid: 8|app: 0|req: 1123/2002] 10.0.0.42 () {34 vars in 989 bytes} [Mon May 18 01:51:28 2026] GET /v2.0/ports?device_id=2f267958-dee3-4ffc-b1e1-e319bfa51bfc => generated 1010 bytes in 102 msecs (HTTP/1.1 200) 4 headers in 158 bytes (1 switches on core 0) [pid: 8|app: 0|req: 1124/2003] 10.0.0.42 () {34 vars in 1119 bytes} [Mon May 18 01:51:28 2026] GET /v2.0/security-groups?id=5205798e-ab29-4d62-b742-33ab1c7ad713&id=1ee6c0d2-59d2-4d82-80df-dfa89ce89c7c&fields=id&fields=name => generated 206 bytes in 34 msecs (HTTP/1.1 200) 4 headers in 157 bytes (1 switches on core 0)
2026-05-18 01:51:28.258 9 INFO neutron.db.ovn_revision_numbers_db [None req-23f7e91a-eb9e-4883-9f40-896b6bfee315 23285380e1224a3b89634b6b94da2754 e364a0a66a9a45288d27e9bd89902006 - - default default] Successfully bumped revision number for resource c7ca45cb-2590-4ad2-b643-f119c7bae86b (type: security_group_rules) to 0 [pid: 9|app: 0|req: 880/2004] 10.0.0.163 () {34 vars in 695 bytes} [Mon May 18 01:51:28 2026] POST /v2.0/security-group-rules => generated 602 bytes in 224 msecs (HTTP/1.1 201) 4 headers in 162 bytes (1 switches on core 0)
2026-05-18 01:51:28.489 8 INFO neutron.db.ovn_revision_numbers_db [None req-42801977-9857-448b-8d73-4285efc7a5ef 23285380e1224a3b89634b6b94da2754 e364a0a66a9a45288d27e9bd89902006 - - default default] Successfully bumped revision number for resource f69ed6d4-603c-49a1-a52e-2fb67950e40a (type: security_group_rules) to 0 [pid: 8|app: 0|req: 1125/2005] 10.0.0.163 () {34 vars in 695 bytes} [Mon May 18 01:51:28 2026] POST /v2.0/security-group-rules => generated 601 bytes in 221 msecs (HTTP/1.1 201) 4 headers in 162 bytes (1 switches on core 0)
2026-05-18 01:51:28.569 9 INFO neutron.db.securitygroups_db [None req-6e8cd01b-35ca-40bf-9495-c860399298ed 23285380e1224a3b89634b6b94da2754 e364a0a66a9a45288d27e9bd89902006 - - default default] Project e364a0a66a9a45288d27e9bd89902006 added a security group rule with legacy IPv6 ICMP protocol name icmp, ipv6-icmp should be used instead. It was automatically converted.
2026-05-18 01:51:28.700 9 INFO neutron.db.ovn_revision_numbers_db [None req-6e8cd01b-35ca-40bf-9495-c860399298ed 23285380e1224a3b89634b6b94da2754 e364a0a66a9a45288d27e9bd89902006 - - default default] Successfully bumped revision number for resource 0554f5d9-c6d4-4312-aa24-e7aa6017de11 (type: security_group_rules) to 0 [pid: 9|app: 0|req: 881/2006] 10.0.0.163 () {34 vars in 695 bytes} [Mon May 18 01:51:28 2026] POST /v2.0/security-group-rules => generated 607 bytes in 205 msecs (HTTP/1.1 201) 4 headers in 162 bytes (1 switches on core 0) [pid: 8|app: 0|req: 1126/2007] 10.0.0.163 () {32 vars in 774 bytes} [Mon May 18 01:51:28 2026] GET /v2.0/security-groups?tenant_id=6bd7e2bccaa74b42b36bde920ae9897b&name=default => generated 2925 bytes in 191 msecs (HTTP/1.1 200) 4 headers in 158 bytes (1 switches on core 0)
2026-05-18 01:51:28.776 9 INFO neutron.db.securitygroups_db [None req-a8d9174c-c7c4-4a56-adc3-906dc387c195 23285380e1224a3b89634b6b94da2754 e364a0a66a9a45288d27e9bd89902006 - - default default] Project e364a0a66a9a45288d27e9bd89902006 added a security group rule with legacy IPv6 ICMP protocol name icmp, ipv6-icmp should be used instead. It was automatically converted.
2026-05-18 01:51:28.953 9 INFO neutron.db.ovn_revision_numbers_db [None req-a8d9174c-c7c4-4a56-adc3-906dc387c195 23285380e1224a3b89634b6b94da2754 e364a0a66a9a45288d27e9bd89902006 - - default default] Successfully bumped revision number for resource 60aec140-ba0d-49ee-9db7-af84109746eb (type: security_group_rules) to 0 [pid: 9|app: 0|req: 882/2008] 10.0.0.163 () {34 vars in 695 bytes} [Mon May 18 01:51:28 2026] POST /v2.0/security-group-rules => generated 606 bytes in 276 msecs (HTTP/1.1 201) 4 headers in 162 bytes (1 switches on core 0) [pid: 8|app: 0|req: 1127/2011] 10.0.0.163 () {32 vars in 740 bytes} [Mon May 18 01:51:28 2026] DELETE /v2.0/security-groups/fd56e0a9-db49-4c85-aaa7-eefe12e8a92a => generated 0 bytes in 379 msecs (HTTP/1.1 204) 2 headers in 112 bytes (1 switches on core 0) [pid: 9|app: 0|req: 885/2012] 10.0.0.42 () {34 vars in 989 bytes} [Mon May 18 01:51:29 2026] GET /v2.0/ports?device_id=2f267958-dee3-4ffc-b1e1-e319bfa51bfc => generated 1010 bytes in 84 msecs (HTTP/1.1 200) 4 headers in 158 bytes (1 switches on core 0) [pid: 8|app: 0|req: 1128/2013] 10.0.0.42 () {34 vars in 1119 bytes} [Mon May 18 01:51:29 2026] GET /v2.0/security-groups?id=5205798e-ab29-4d62-b742-33ab1c7ad713&id=1ee6c0d2-59d2-4d82-80df-dfa89ce89c7c&fields=id&fields=name => generated 206 bytes in 37 msecs (HTTP/1.1 200) 4 headers in 157 bytes (1 switches on core 0) [pid: 9|app: 0|req: 886/2014] 10.0.0.163 () {32 vars in 649 bytes} [Mon May 18 01:51:29 2026] GET /v2.0/networks => generated 1298 bytes in 201 msecs (HTTP/1.1 200) 4 headers in 158 bytes (1 switches on core 0) [pid: 9|app: 0|req: 887/2015] 10.0.0.42 () {34 vars in 1097 bytes} [Mon May 18 01:51:29 2026] GET /v2.0/security-groups?name=tempest-secgroup-smoke-777069541&fields=id&tenant_id=e364a0a66a9a45288d27e9bd89902006 => generated 69 bytes in 54 msecs (HTTP/1.1 200) 4 headers in 156 bytes (1 switches on core 0) [pid: 9|app: 0|req: 888/2016] 10.0.0.42 () {34 vars in 981 bytes} [Mon May 18 01:51:29 2026] GET /v2.0/networks?id=442c519b-6ff1-4717-b8a0-ef08b35a372e => generated 661 bytes in 46 msecs (HTTP/1.1 200) 4 headers in 157 bytes (1 switches on core 0) [pid: 9|app: 0|req: 889/2017] 10.0.0.42 () {34 vars in 964 bytes} [Mon May 18 01:51:29 2026] GET /v2.0/quotas/e364a0a66a9a45288d27e9bd89902006 => generated 292 bytes in 9 msecs (HTTP/1.1 200) 4 headers in 157 bytes (1 switches on core 0)
2026-05-18 01:51:29.916 8 INFO neutron.db.ovn_revision_numbers_db [None req-fbb25809-e7bb-437f-87ec-a217b09e7a8a 0f258af878484c89903a3c28c7d410a4 55fc1345db5e405bb62a24299b32ae21 - - default default] Successfully bumped revision number for resource a4846526-0e2e-4f7f-8dcf-08c80434165b (type: security_groups) to 1
2026-05-18 01:51:29.931 8 INFO neutron.db.ovn_revision_numbers_db [None req-fbb25809-e7bb-437f-87ec-a217b09e7a8a 0f258af878484c89903a3c28c7d410a4 55fc1345db5e405bb62a24299b32ae21 - - default default] Successfully bumped revision number for resource 07244d8b-b77f-4a9d-b880-55bc90ec7fdf (type: security_group_rules) to 0
2026-05-18 01:51:29.945 8 INFO neutron.db.ovn_revision_numbers_db [None req-fbb25809-e7bb-437f-87ec-a217b09e7a8a 0f258af878484c89903a3c28c7d410a4 55fc1345db5e405bb62a24299b32ae21 - - default default] Successfully bumped revision number for resource 09d0322a-8270-4644-b5da-8e1a4d1d402c (type: security_group_rules) to 0
2026-05-18 01:51:29.958 8 INFO neutron.db.ovn_revision_numbers_db [None req-fbb25809-e7bb-437f-87ec-a217b09e7a8a 0f258af878484c89903a3c28c7d410a4 55fc1345db5e405bb62a24299b32ae21 - - default default] Successfully bumped revision number for resource 2b0abf6b-d505-4fc9-a773-997ee5eca19f (type: security_group_rules) to 0
2026-05-18 01:51:29.969 8 INFO neutron.db.ovn_revision_numbers_db [None req-fbb25809-e7bb-437f-87ec-a217b09e7a8a 0f258af878484c89903a3c28c7d410a4 55fc1345db5e405bb62a24299b32ae21 - - default default] Successfully bumped revision number for resource 6f3167e7-114a-4a05-9c2f-54374c535d9e (type: security_group_rules) to 0 [pid: 9|app: 0|req: 890/2018] 10.0.0.42 () {34 vars in 1001 bytes} [Mon May 18 01:51:29 2026] GET /v2.0/ports?tenant_id=e364a0a66a9a45288d27e9bd89902006&fields=id => generated 103 bytes in 123 msecs (HTTP/1.1 200) 4 headers in 157 bytes (1 switches on core 0) [pid: 9|app: 0|req: 891/2019] 10.0.0.42 () {34 vars in 1007 bytes} [Mon May 18 01:51:29 2026] GET /v2.0/networks/442c519b-6ff1-4717-b8a0-ef08b35a372e?fields=segments => generated 14 bytes in 46 msecs (HTTP/1.1 200) 4 headers in 156 bytes (1 switches on core 0)
2026-05-18 01:51:30.058 8 INFO neutron.db.segments_db [None req-fbb25809-e7bb-437f-87ec-a217b09e7a8a 0f258af878484c89903a3c28c7d410a4 55fc1345db5e405bb62a24299b32ae21 - - default default] Added segment b18ccb56-c963-4d86-a062-b81b488beb85 of type geneve for network e69d014b-c750-4a39-906b-e09ea5221ebe [pid: 9|app: 0|req: 892/2020] 10.0.0.42 () {34 vars in 1107 bytes} [Mon May 18 01:51:30 2026] GET /v2.0/networks/442c519b-6ff1-4717-b8a0-ef08b35a372e?fields=provider%3Aphysical_network&fields=provider%3Anetwork_type => generated 79 bytes in 45 msecs (HTTP/1.1 200) 4 headers in 156 bytes (1 switches on core 0) [pid: 9|app: 0|req: 893/2021] 199.204.45.109 () {34 vars in 994 bytes} [Mon May 18 01:51:30 2026] GET /v2.0/ports?device_id=2f267958-dee3-4ffc-b1e1-e319bfa51bfc => generated 1010 bytes in 62 msecs (HTTP/1.1 200) 4 headers in 158 bytes (1 switches on core 0)
2026-05-18 01:51:30.197 8 INFO neutron.db.ovn_revision_numbers_db [None req-fbb25809-e7bb-437f-87ec-a217b09e7a8a 0f258af878484c89903a3c28c7d410a4 55fc1345db5e405bb62a24299b32ae21 - - default default] Successfully bumped revision number for resource e69d014b-c750-4a39-906b-e09ea5221ebe (type: networks) to 1
2026-05-18 01:51:30.359 9 INFO neutron_taas.services.taas.taas_plugin [req-25d318b6-fa47-498c-ac11-98b1c939bb58 req-24ce9844-e13f-4bf3-90d8-d4e807a357d7 55623de45bba4813a4b3dc5066540b90 b479ba357c8e4a00ac94dae9438a0555 - - default default] TaaS: Handle Delete Port: 4b56b164-8d58-47ac-8d09-b22389d39ec8
2026-05-18 01:51:30.365 9 INFO neutron_taas.services.taas.tap_mirror_plugin [req-25d318b6-fa47-498c-ac11-98b1c939bb58 req-24ce9844-e13f-4bf3-90d8-d4e807a357d7 55623de45bba4813a4b3dc5066540b90 b479ba357c8e4a00ac94dae9438a0555 - - default default] Tap Mirror: Handle Delete Port: 4b56b164-8d58-47ac-8d09-b22389d39ec8
2026-05-18 01:51:30.422 8 WARNING neutron.scheduler.dhcp_agent_scheduler [None req-fbb25809-e7bb-437f-87ec-a217b09e7a8a 0f258af878484c89903a3c28c7d410a4 55fc1345db5e405bb62a24299b32ae21 - - default default] No more DHCP agents
2026-05-18 01:51:30.424 8 WARNING neutron.api.rpc.agentnotifiers.dhcp_rpc_agent_api [None req-fbb25809-e7bb-437f-87ec-a217b09e7a8a 0f258af878484c89903a3c28c7d410a4 55fc1345db5e405bb62a24299b32ae21 - - default default] Unable to schedule network e69d014b-c750-4a39-906b-e09ea5221ebe: no agents available; will retry on subsequent port and subnet creation events.
2026-05-18 01:51:30.536 8 INFO neutron.db.ovn_revision_numbers_db [None req-fbb25809-e7bb-437f-87ec-a217b09e7a8a 0f258af878484c89903a3c28c7d410a4 55fc1345db5e405bb62a24299b32ae21 - - default default] Successfully bumped revision number for resource 72d13fe5-435e-428b-95de-853073f26cf3 (type: ports) to 1 [pid: 8|app: 0|req: 1129/2022] 10.0.0.163 () {34 vars in 670 bytes} [Mon May 18 01:51:29 2026] POST /v2.0/networks => generated 631 bytes in 880 msecs (HTTP/1.1 201) 4 headers in 162 bytes (1 switches on core 0) [pid: 8|app: 0|req: 1130/2023] 10.0.0.42 () {34 vars in 989 bytes} [Mon May 18 01:51:30 2026] GET /v2.0/ports?device_id=ea1a8044-98fa-415d-9f8f-339a6d112eb7 => generated 12 bytes in 25 msecs (HTTP/1.1 200) 4 headers in 156 bytes (1 switches on core 0)
2026-05-18 01:51:30.608 9 INFO neutron.db.l3_db [req-25d318b6-fa47-498c-ac11-98b1c939bb58 req-24ce9844-e13f-4bf3-90d8-d4e807a357d7 55623de45bba4813a4b3dc5066540b90 b479ba357c8e4a00ac94dae9438a0555 - - default default] Floating IP 3bd31478-bfaa-4765-ab66-6e51ae9a9063 disassociated. External IP: 10.96.250.206, port: 4b56b164-8d58-47ac-8d09-b22389d39ec8. [pid: 8|app: 0|req: 1131/2024] 10.0.0.42 () {34 vars in 989 bytes} [Mon May 18 01:51:30 2026] GET /v2.0/ports?device_id=2f267958-dee3-4ffc-b1e1-e319bfa51bfc => generated 1010 bytes in 33 msecs (HTTP/1.1 200) 4 headers in 158 bytes (1 switches on core 0) [pid: 9|app: 0|req: 894/2025] 199.204.45.109 () {36 vars in 997 bytes} [Mon May 18 01:51:30 2026] DELETE /v2.0/ports/4b56b164-8d58-47ac-8d09-b22389d39ec8 => generated 0 bytes in 587 msecs (HTTP/1.1 204) 3 headers in 131 bytes (1 switches on core 0) [pid: 9|app: 0|req: 895/2026] 10.0.0.42 () {34 vars in 1119 bytes} [Mon May 18 01:51:30 2026] GET /v2.0/security-groups?id=5205798e-ab29-4d62-b742-33ab1c7ad713&id=1ee6c0d2-59d2-4d82-80df-dfa89ce89c7c&fields=id&fields=name => generated 206 bytes in 33 msecs (HTTP/1.1 200) 4 headers in 157 bytes (1 switches on core 0)
2026-05-18 01:51:30.812 9 INFO neutron.notifiers.nova [-] Nova event matching ['req-7d5435c6-3993-407c-aba9-5e96258e3a6b'] response: {'server_uuid': '2f267958-dee3-4ffc-b1e1-e319bfa51bfc', 'name': 'network-vif-deleted', 'tag': '4b56b164-8d58-47ac-8d09-b22389d39ec8', 'status': 'completed', 'code': 200}
2026-05-18 01:51:30.878 8 WARNING neutron.scheduler.dhcp_agent_scheduler [None req-9894be64-7e87-4011-98b6-b513e0a376b4 0f258af878484c89903a3c28c7d410a4 55fc1345db5e405bb62a24299b32ae21 - - default default] No more DHCP agents
2026-05-18 01:51:30.881 8 WARNING neutron.api.rpc.agentnotifiers.dhcp_rpc_agent_api [None req-9894be64-7e87-4011-98b6-b513e0a376b4 0f258af878484c89903a3c28c7d410a4 55fc1345db5e405bb62a24299b32ae21 - - default default] Unable to schedule network e69d014b-c750-4a39-906b-e09ea5221ebe: no agents available; will retry on subsequent port and subnet creation events.
2026-05-18 01:51:31.376 8 INFO neutron.db.ovn_revision_numbers_db [None req-03785eb1-866a-4c6c-b4f4-7ce97555b6bb - - - - - -] Successfully bumped revision number for resource 72d13fe5-435e-428b-95de-853073f26cf3 (type: ports) to 2
2026-05-18 01:51:31.403 8 INFO neutron.db.ovn_revision_numbers_db [None req-03785eb1-866a-4c6c-b4f4-7ce97555b6bb - - - - - -] Successfully bumped revision number for resource b808d06e-04ae-44ec-8af4-a636d6689b40 (type: subnets) to 0 [pid: 8|app: 0|req: 1132/2027] 10.0.0.163 () {34 vars in 669 bytes} [Mon May 18 01:51:30 2026] POST /v2.0/subnets => generated 626 bytes in 791 msecs (HTTP/1.1 201) 4 headers in 162 bytes (1 switches on core 0)
2026-05-18 01:51:31.488 9 WARNING neutron.plugins.ml2.drivers.ovn.mech_driver.ovsdb.ovn_client [None req-9bbed464-5d31-49ac-b797-17c16fe96daf - - - - - -] No hosting information found for port c895d8c1-a40d-48d4-8ed4-c638f02a5206: RuntimeError: No hosting information found for port c895d8c1-a40d-48d4-8ed4-c638f02a5206
2026-05-18 01:51:31.557 9 INFO neutron.db.segments_db [None req-b07e3be5-5e2d-4972-b70c-3b45e470b63c 0f258af878484c89903a3c28c7d410a4 55fc1345db5e405bb62a24299b32ae21 - - default default] Added segment bb8587eb-57c6-4c56-a5d3-62a704f3de4f of type geneve for network 2863e634-4f13-4d47-b2f6-4919d3e83ea6
2026-05-18 01:51:31.638 9 INFO neutron.db.ovn_revision_numbers_db [None req-9bbed464-5d31-49ac-b797-17c16fe96daf - - - - - -] Successfully bumped revision number for resource c895d8c1-a40d-48d4-8ed4-c638f02a5206 (type: router_ports) to 2
2026-05-18 01:51:31.639 9 INFO neutron.plugins.ml2.drivers.ovn.mech_driver.mech_driver [None req-9bbed464-5d31-49ac-b797-17c16fe96daf - - - - - -] OVN reports status down for port: d1334cb7-c56b-4e31-aaf5-bb774a1ded9a
2026-05-18 01:51:31.656 9 INFO neutron.plugins.ml2.drivers.ovn.mech_driver.mech_driver [None req-9bbed464-5d31-49ac-b797-17c16fe96daf - - - - - -] OVN reports status down for port: d1334cb7-c56b-4e31-aaf5-bb774a1ded9a
2026-05-18 01:51:31.673 9 INFO neutron.plugins.ml2.drivers.ovn.mech_driver.mech_driver [None req-9bbed464-5d31-49ac-b797-17c16fe96daf - - - - - -] OVN reports status down for port: 4b56b164-8d58-47ac-8d09-b22389d39ec8 [pid: 8|app: 0|req: 1133/2028] 10.0.0.42 () {34 vars in 989 bytes} [Mon May 18 01:51:31 2026] GET /v2.0/ports?device_id=ea1a8044-98fa-415d-9f8f-339a6d112eb7 => generated 12 bytes in 22 msecs (HTTP/1.1 200) 4 headers in 156 bytes (1 switches on core 0)
2026-05-18 01:51:31.695 9 INFO neutron.plugins.ml2.drivers.ovn.mech_driver.mech_driver [None req-9bbed464-5d31-49ac-b797-17c16fe96daf - - - - - -] OVN reports status down for port: 72d13fe5-435e-428b-95de-853073f26cf3
2026-05-18 01:51:31.783 9 INFO neutron.db.ovn_revision_numbers_db [None req-b07e3be5-5e2d-4972-b70c-3b45e470b63c 0f258af878484c89903a3c28c7d410a4 55fc1345db5e405bb62a24299b32ae21 - - default default] Successfully bumped revision number for resource 2863e634-4f13-4d47-b2f6-4919d3e83ea6 (type: networks) to 1 [pid: 8|app: 0|req: 1134/2029] 10.0.0.42 () {34 vars in 989 bytes} [Mon May 18 01:51:31 2026] GET /v2.0/ports?device_id=2f267958-dee3-4ffc-b1e1-e319bfa51bfc => generated 12 bytes in 24 msecs (HTTP/1.1 200) 4 headers in 156 bytes (1 switches on core 0)
2026-05-18 01:51:31.995 9 WARNING neutron.scheduler.dhcp_agent_scheduler [None req-b07e3be5-5e2d-4972-b70c-3b45e470b63c 0f258af878484c89903a3c28c7d410a4 55fc1345db5e405bb62a24299b32ae21 - - default default] No more DHCP agents
2026-05-18 01:51:31.997 9 WARNING neutron.api.rpc.agentnotifiers.dhcp_rpc_agent_api [None req-b07e3be5-5e2d-4972-b70c-3b45e470b63c 0f258af878484c89903a3c28c7d410a4 55fc1345db5e405bb62a24299b32ae21 - - default default] Unable to schedule network 2863e634-4f13-4d47-b2f6-4919d3e83ea6: no agents available; will retry on subsequent port and subnet creation events.
2026-05-18 01:51:32.069 9 INFO neutron.plugins.ml2.drivers.ovn.mech_driver.mech_driver [None req-9bbed464-5d31-49ac-b797-17c16fe96daf - - - - - -] OVN reports status down for port: 59e74e94-2b13-4531-9c01-c15a84d18e72
2026-05-18 01:51:32.123 9 INFO neutron.db.ovn_revision_numbers_db [None req-b07e3be5-5e2d-4972-b70c-3b45e470b63c 0f258af878484c89903a3c28c7d410a4 55fc1345db5e405bb62a24299b32ae21 - - default default] Successfully bumped revision number for resource 59e74e94-2b13-4531-9c01-c15a84d18e72 (type: ports) to 1 [pid: 9|app: 0|req: 896/2030] 10.0.0.163 () {34 vars in 670 bytes} [Mon May 18 01:51:31 2026] POST /v2.0/networks => generated 631 bytes in 732 msecs (HTTP/1.1 201) 4 headers in 162 bytes (1 switches on core 0)
2026-05-18 01:51:32.347 8 WARNING neutron.scheduler.dhcp_agent_scheduler [None req-38757750-7453-4a2f-a3b2-372f26f8d105 0f258af878484c89903a3c28c7d410a4 55fc1345db5e405bb62a24299b32ae21 - - default default] No more DHCP agents
2026-05-18 01:51:32.348 8 WARNING neutron.api.rpc.agentnotifiers.dhcp_rpc_agent_api [None req-38757750-7453-4a2f-a3b2-372f26f8d105 0f258af878484c89903a3c28c7d410a4 55fc1345db5e405bb62a24299b32ae21 - - default default] Unable to schedule network 2863e634-4f13-4d47-b2f6-4919d3e83ea6: no agents available; will retry on subsequent port and subnet creation events. /var/lib/openstack/lib/python3.12/site-packages/pycadf/identifier.py:70: UserWarning: Invalid uuid: neutron. To ensure interoperability, identifiers should be a valid uuid. warnings.warn(('Invalid uuid: %s. To ensure interoperability, ' [pid: 9|app: 0|req: 897/2031] 10.0.0.42 () {34 vars in 989 bytes} [Mon May 18 01:51:32 2026] GET /v2.0/ports?device_id=ea1a8044-98fa-415d-9f8f-339a6d112eb7 => generated 12 bytes in 58 msecs (HTTP/1.1 200) 4 headers in 156 bytes (1 switches on core 0)
2026-05-18 01:51:32.817 8 INFO neutron.db.ovn_revision_numbers_db [None req-9aa21268-a520-4d71-a587-8ba62cb903c2 - - - - - -] Successfully bumped revision number for resource 59e74e94-2b13-4531-9c01-c15a84d18e72 (type: ports) to 2
2026-05-18 01:51:32.848 8 INFO neutron.db.ovn_revision_numbers_db [None req-9aa21268-a520-4d71-a587-8ba62cb903c2 - - - - - -] Successfully bumped revision number for resource 0200dd6b-3ab7-45dc-98a5-25dc68379078 (type: subnets) to 0 [pid: 8|app: 0|req: 1135/2032] 10.0.0.163 () {34 vars in 669 bytes} [Mon May 18 01:51:32 2026] POST /v2.0/subnets => generated 629 bytes in 709 msecs (HTTP/1.1 201) 4 headers in 162 bytes (1 switches on core 0)
2026-05-18 01:51:32.961 9 INFO neutron.db.segments_db [None req-144d5e3f-f5a8-46ca-8a23-49afdfe6ce3b 0f258af878484c89903a3c28c7d410a4 55fc1345db5e405bb62a24299b32ae21 - - default default] Added segment c2b40ec9-1fee-49b6-905c-0df671e98b5a of type geneve for network 495b8e99-5072-4197-8975-458bce6c8166 [pid: 8|app: 0|req: 1136/2033] 10.0.0.42 () {34 vars in 989 bytes} [Mon May 18 01:51:32 2026] GET /v2.0/ports?device_id=2f267958-dee3-4ffc-b1e1-e319bfa51bfc => generated 12 bytes in 25 msecs (HTTP/1.1 200) 4 headers in 156 bytes (1 switches on core 0)
2026-05-18 01:51:33.090 9 INFO neutron.db.ovn_revision_numbers_db [None req-144d5e3f-f5a8-46ca-8a23-49afdfe6ce3b 0f258af878484c89903a3c28c7d410a4 55fc1345db5e405bb62a24299b32ae21 - - default default] Successfully bumped revision number for resource 495b8e99-5072-4197-8975-458bce6c8166 (type: networks) to 1
2026-05-18 01:51:33.261 9 WARNING neutron.scheduler.dhcp_agent_scheduler [None req-144d5e3f-f5a8-46ca-8a23-49afdfe6ce3b 0f258af878484c89903a3c28c7d410a4 55fc1345db5e405bb62a24299b32ae21 - - default default] No more DHCP agents
2026-05-18 01:51:33.262 9 WARNING neutron.api.rpc.agentnotifiers.dhcp_rpc_agent_api [None req-144d5e3f-f5a8-46ca-8a23-49afdfe6ce3b 0f258af878484c89903a3c28c7d410a4 55fc1345db5e405bb62a24299b32ae21 - - default default] Unable to schedule network 495b8e99-5072-4197-8975-458bce6c8166: no agents available; will retry on subsequent port and subnet creation events.
2026-05-18 01:51:33.341 9 INFO neutron.plugins.ml2.drivers.ovn.mech_driver.mech_driver [None req-9bbed464-5d31-49ac-b797-17c16fe96daf - - - - - -] OVN reports status down for port: b2a15337-c317-46d5-9fc3-7268443b2865
2026-05-18 01:51:33.414 9 INFO neutron.db.ovn_revision_numbers_db [None req-144d5e3f-f5a8-46ca-8a23-49afdfe6ce3b 0f258af878484c89903a3c28c7d410a4 55fc1345db5e405bb62a24299b32ae21 - - default default] Successfully bumped revision number for resource b2a15337-c317-46d5-9fc3-7268443b2865 (type: ports) to 1 [pid: 9|app: 0|req: 898/2034] 10.0.0.163 () {34 vars in 670 bytes} [Mon May 18 01:51:32 2026] POST /v2.0/networks => generated 631 bytes in 588 msecs (HTTP/1.1 201) 4 headers in 162 bytes (1 switches on core 0)
2026-05-18 01:51:33.670 8 WARNING neutron.scheduler.dhcp_agent_scheduler [None req-87325c23-4465-447f-a1c0-3bd9eb30c9d7 0f258af878484c89903a3c28c7d410a4 55fc1345db5e405bb62a24299b32ae21 - - default default] No more DHCP agents
2026-05-18 01:51:33.672 8 WARNING neutron.api.rpc.agentnotifiers.dhcp_rpc_agent_api [None req-87325c23-4465-447f-a1c0-3bd9eb30c9d7 0f258af878484c89903a3c28c7d410a4 55fc1345db5e405bb62a24299b32ae21 - - default default] Unable to schedule network 495b8e99-5072-4197-8975-458bce6c8166: no agents available; will retry on subsequent port and subnet creation events. [pid: 9|app: 0|req: 899/2035] 10.0.0.42 () {34 vars in 989 bytes} [Mon May 18 01:51:33 2026] GET /v2.0/ports?device_id=ea1a8044-98fa-415d-9f8f-339a6d112eb7 => generated 12 bytes in 31 msecs (HTTP/1.1 200) 4 headers in 156 bytes (1 switches on core 0) [pid: 9|app: 0|req: 900/2036] 10.0.0.42 () {34 vars in 989 bytes} [Mon May 18 01:51:34 2026] GET /v2.0/ports?device_id=2f267958-dee3-4ffc-b1e1-e319bfa51bfc => generated 12 bytes in 37 msecs (HTTP/1.1 200) 4 headers in 156 bytes (1 switches on core 0)
2026-05-18 01:51:34.143 8 INFO neutron.db.ovn_revision_numbers_db [None req-886fbabb-3b03-4859-8c4e-ff237bdfceed - - - - - -] Successfully bumped revision number for resource b2a15337-c317-46d5-9fc3-7268443b2865 (type: ports) to 2
2026-05-18 01:51:34.170 8 INFO neutron.db.ovn_revision_numbers_db [None req-886fbabb-3b03-4859-8c4e-ff237bdfceed - - - - - -] Successfully bumped revision number for resource 50645dbf-8ac1-4dd0-8cab-2285e8caba17 (type: subnets) to 0 [pid: 8|app: 0|req: 1137/2037] 10.0.0.163 () {34 vars in 669 bytes} [Mon May 18 01:51:33 2026] POST /v2.0/subnets => generated 629 bytes in 721 msecs (HTTP/1.1 201) 4 headers in 162 bytes (1 switches on core 0)
2026-05-18 01:51:34.262 8 INFO neutron.db.segments_db [None req-74c13b71-43e9-4856-b70a-2e29f540867b 0f258af878484c89903a3c28c7d410a4 55fc1345db5e405bb62a24299b32ae21 - - default default] Added segment 9ba6f5bf-d0f5-4269-a933-7f8e1594c32f of type geneve for network 43981758-b6ed-4ec2-bb51-2ad3722c9183
2026-05-18 01:51:34.368 8 INFO neutron.db.ovn_revision_numbers_db [None req-74c13b71-43e9-4856-b70a-2e29f540867b 0f258af878484c89903a3c28c7d410a4 55fc1345db5e405bb62a24299b32ae21 - - default default] Successfully bumped revision number for resource 43981758-b6ed-4ec2-bb51-2ad3722c9183 (type: networks) to 1
2026-05-18 01:51:34.508 9 INFO neutron.db.ovn_revision_numbers_db [None req-6958324e-7550-460d-b030-78ef5b90f1f6 2e41360efec94f78950b8106cf45b7e4 a33ebecdda3143f299543c12bbb7a81c - - default default] Successfully bumped revision number for resource 8efeb3bb-f29a-46ff-a964-7c903f4cbd54 (type: security_groups) to 1
2026-05-18 01:51:34.523 9 INFO neutron.db.ovn_revision_numbers_db [None req-6958324e-7550-460d-b030-78ef5b90f1f6 2e41360efec94f78950b8106cf45b7e4 a33ebecdda3143f299543c12bbb7a81c - - default default] Successfully bumped revision number for resource 04695fc1-ec8b-4742-8a7d-f37afef96a81 (type: security_group_rules) to 0
2026-05-18 01:51:34.535 9 INFO neutron.db.ovn_revision_numbers_db [None req-6958324e-7550-460d-b030-78ef5b90f1f6 2e41360efec94f78950b8106cf45b7e4 a33ebecdda3143f299543c12bbb7a81c - - default default] Successfully bumped revision number for resource 784e3655-5b38-43be-8fde-c476427c3559 (type: security_group_rules) to 0
2026-05-18 01:51:34.547 9 INFO neutron.db.ovn_revision_numbers_db [None req-6958324e-7550-460d-b030-78ef5b90f1f6 2e41360efec94f78950b8106cf45b7e4 a33ebecdda3143f299543c12bbb7a81c - - default default] Successfully bumped revision number for resource d04cb380-e697-4e14-812e-9e78ae2615b8 (type: security_group_rules) to 0
2026-05-18 01:51:34.553 8 WARNING neutron.scheduler.dhcp_agent_scheduler [None req-74c13b71-43e9-4856-b70a-2e29f540867b 0f258af878484c89903a3c28c7d410a4 55fc1345db5e405bb62a24299b32ae21 - - default default] No more DHCP agents
2026-05-18 01:51:34.555 8 WARNING neutron.api.rpc.agentnotifiers.dhcp_rpc_agent_api [None req-74c13b71-43e9-4856-b70a-2e29f540867b 0f258af878484c89903a3c28c7d410a4 55fc1345db5e405bb62a24299b32ae21 - - default default] Unable to schedule network 43981758-b6ed-4ec2-bb51-2ad3722c9183: no agents available; will retry on subsequent port and subnet creation events.
2026-05-18 01:51:34.557 9 INFO neutron.db.ovn_revision_numbers_db [None req-6958324e-7550-460d-b030-78ef5b90f1f6 2e41360efec94f78950b8106cf45b7e4 a33ebecdda3143f299543c12bbb7a81c - - default default] Successfully bumped revision number for resource fb980828-0209-4a12-bf5b-18d4222904fe (type: security_group_rules) to 0 [pid: 9|app: 0|req: 901/2038] 10.0.0.163 () {32 vars in 774 bytes} [Mon May 18 01:51:34 2026] GET /v2.0/security-groups?tenant_id=e0d189f0f607435a99537600a3ef2e30&name=default => generated 2925 bytes in 477 msecs (HTTP/1.1 200) 4 headers in 158 bytes (1 switches on core 0)
2026-05-18 01:51:34.661 8 INFO neutron.db.ovn_revision_numbers_db [None req-74c13b71-43e9-4856-b70a-2e29f540867b 0f258af878484c89903a3c28c7d410a4 55fc1345db5e405bb62a24299b32ae21 - - default default] Successfully bumped revision number for resource eb926ce2-2ed4-476e-bb0a-673c615392b5 (type: ports) to 1
2026-05-18 01:51:34.662 9 INFO neutron.plugins.ml2.drivers.ovn.mech_driver.mech_driver [None req-9bbed464-5d31-49ac-b797-17c16fe96daf - - - - - -] OVN reports status down for port: eb926ce2-2ed4-476e-bb0a-673c615392b5 [pid: 8|app: 0|req: 1138/2039] 10.0.0.163 () {34 vars in 670 bytes} [Mon May 18 01:51:34 2026] POST /v2.0/networks => generated 631 bytes in 489 msecs (HTTP/1.1 201) 4 headers in 162 bytes (1 switches on core 0) [pid: 9|app: 0|req: 902/2040] 199.204.45.109 () {34 vars in 986 bytes} [Mon May 18 01:51:34 2026] GET /v2.0/networks?id=442c519b-6ff1-4717-b8a0-ef08b35a372e => generated 661 bytes in 91 msecs (HTTP/1.1 200) 4 headers in 157 bytes (1 switches on core 0) [pid: 8|app: 0|req: 1139/2041] 10.0.0.163 () {32 vars in 740 bytes} [Mon May 18 01:51:34 2026] DELETE /v2.0/security-groups/8efeb3bb-f29a-46ff-a964-7c903f4cbd54 => generated 0 bytes in 281 msecs (HTTP/1.1 204) 2 headers in 112 bytes (1 switches on core 0) [pid: 8|app: 0|req: 1140/2042] 199.204.45.109 () {34 vars in 1050 bytes} [Mon May 18 01:51:34 2026] GET /v2.0/security-groups?fields=id&fields=name&tenant_id=e364a0a66a9a45288d27e9bd89902006 => generated 180 bytes in 29 msecs (HTTP/1.1 200) 4 headers in 157 bytes (1 switches on core 0)
2026-05-18 01:51:34.996 9 WARNING neutron.scheduler.dhcp_agent_scheduler [None req-cb475862-1146-40cb-8ae6-ba28df3852a7 0f258af878484c89903a3c28c7d410a4 55fc1345db5e405bb62a24299b32ae21 - - default default] No more DHCP agents
2026-05-18 01:51:34.997 9 WARNING neutron.api.rpc.agentnotifiers.dhcp_rpc_agent_api [None req-cb475862-1146-40cb-8ae6-ba28df3852a7 0f258af878484c89903a3c28c7d410a4 55fc1345db5e405bb62a24299b32ae21 - - default default] Unable to schedule network 43981758-b6ed-4ec2-bb51-2ad3722c9183: no agents available; will retry on subsequent port and subnet creation events. [pid: 8|app: 0|req: 1141/2043] 10.0.0.42 () {34 vars in 989 bytes} [Mon May 18 01:51:34 2026] GET /v2.0/ports?device_id=ea1a8044-98fa-415d-9f8f-339a6d112eb7 => generated 12 bytes in 20 msecs (HTTP/1.1 200) 4 headers in 156 bytes (1 switches on core 0)
2026-05-18 01:51:35.316 8 WARNING neutron.scheduler.dhcp_agent_scheduler [req-93afa1e0-9728-47b9-a20a-960e16678732 req-94312a1b-62ff-4a61-9bb1-c5484a6254cb 23285380e1224a3b89634b6b94da2754 e364a0a66a9a45288d27e9bd89902006 - - default default] No more DHCP agents
2026-05-18 01:51:35.318 8 WARNING neutron.api.rpc.agentnotifiers.dhcp_rpc_agent_api [req-93afa1e0-9728-47b9-a20a-960e16678732 req-94312a1b-62ff-4a61-9bb1-c5484a6254cb 23285380e1224a3b89634b6b94da2754 e364a0a66a9a45288d27e9bd89902006 - - default default] Unable to schedule network 442c519b-6ff1-4717-b8a0-ef08b35a372e: no agents available; will retry on subsequent port and subnet creation events.
2026-05-18 01:51:35.473 9 INFO neutron.plugins.ml2.drivers.ovn.mech_driver.mech_driver [None req-9bbed464-5d31-49ac-b797-17c16fe96daf - - - - - -] OVN reports status down for port: f1eb69f1-0404-4dda-87b8-dbccf021d327
2026-05-18 01:51:35.500 8 INFO neutron.db.ovn_revision_numbers_db [req-93afa1e0-9728-47b9-a20a-960e16678732 req-94312a1b-62ff-4a61-9bb1-c5484a6254cb 23285380e1224a3b89634b6b94da2754 e364a0a66a9a45288d27e9bd89902006 - - default default] Successfully bumped revision number for resource f1eb69f1-0404-4dda-87b8-dbccf021d327 (type: ports) to 1 [pid: 8|app: 0|req: 1142/2044] 199.204.45.109 () {38 vars in 955 bytes} [Mon May 18 01:51:35 2026] POST /v2.0/ports => generated 958 bytes in 583 msecs (HTTP/1.1 201) 4 headers in 162 bytes (1 switches on core 0) /var/lib/openstack/lib/python3.12/site-packages/pycadf/identifier.py:70: UserWarning: Invalid uuid: neutron. To ensure interoperability, identifiers should be a valid uuid. warnings.warn(('Invalid uuid: %s. To ensure interoperability, '
2026-05-18 01:51:35.620 9 INFO neutron.db.ovn_revision_numbers_db [None req-3c4f1030-e832-4d02-8ec7-ee42e40059fb - - - - - -] Successfully bumped revision number for resource eb926ce2-2ed4-476e-bb0a-673c615392b5 (type: ports) to 2
2026-05-18 01:51:35.658 9 INFO neutron.db.ovn_revision_numbers_db [None req-3c4f1030-e832-4d02-8ec7-ee42e40059fb - - - - - -] Successfully bumped revision number for resource fb51c9e5-f380-495e-8f8a-10ddf3486ecf (type: subnets) to 0 [pid: 9|app: 0|req: 903/2045] 10.0.0.163 () {34 vars in 669 bytes} [Mon May 18 01:51:34 2026] POST /v2.0/subnets => generated 629 bytes in 970 msecs (HTTP/1.1 201) 4 headers in 162 bytes (1 switches on core 0) [pid: 9|app: 0|req: 904/2046] 10.0.0.42 () {34 vars in 989 bytes} [Mon May 18 01:51:35 2026] GET /v2.0/ports?device_id=2f267958-dee3-4ffc-b1e1-e319bfa51bfc => generated 12 bytes in 16 msecs (HTTP/1.1 200) 4 headers in 156 bytes (1 switches on core 0)
2026-05-18 01:51:35.773 8 INFO neutron.db.ovn_revision_numbers_db [None req-4ef23e16-3adb-4610-b2bf-b17d588563d9 2e41360efec94f78950b8106cf45b7e4 a33ebecdda3143f299543c12bbb7a81c - - default default] Successfully bumped revision number for resource 30476b40-9555-4ed4-8065-cda1832d696d (type: security_groups) to 1
2026-05-18 01:51:35.787 8 INFO neutron.db.ovn_revision_numbers_db [None req-4ef23e16-3adb-4610-b2bf-b17d588563d9 2e41360efec94f78950b8106cf45b7e4 a33ebecdda3143f299543c12bbb7a81c - - default default] Successfully bumped revision number for resource 29f742e0-e3b4-41ab-b5e3-afaf66d9f2e5 (type: security_group_rules) to 0
