2026-05-18 01:51:16.523 9 INFO neutron.plugins.ml2.drivers.ovn.mech_driver.mech_driver [None req-c1dc1742-951c-4b4e-916e-c4e8c9509b40 - - - - - -] OVN reports status down for port: c1eb439e-b130-4641-9aca-1a09e4438e99 [pid: 8|app: 0|req: 1080/1936] 10.0.0.163 () {34 vars in 670 bytes} [Mon May 18 01:51:15 2026] POST /v2.0/networks => generated 649 bytes in 995 msecs (HTTP/1.1 201) 4 headers in 162 bytes (1 switches on core 0) [pid: 9|app: 0|req: 857/1937] 10.0.0.163 () {32 vars in 678 bytes} [Mon May 18 01:51:16 2026] GET /v2.0/ports?not-tags-any=blue => generated 6008 bytes in 180 msecs (HTTP/1.1 200) 4 headers in 158 bytes (1 switches on core 0) [pid: 8|app: 0|req: 1081/1938] 10.0.0.163 () {32 vars in 690 bytes} [Mon May 18 01:51:16 2026] GET /v2.0/ports?not-tags-any=red%2Cblue => generated 5268 bytes in 183 msecs (HTTP/1.1 200) 4 headers in 158 bytes (1 switches on core 0)
2026-05-18 01:51:16.817 9 WARNING neutron.scheduler.dhcp_agent_scheduler [None req-2d225f6d-9153-4a7e-9b66-1f1494af0f82 897370e70f074a7089a69997c9ad8c93 6bd7e2bccaa74b42b36bde920ae9897b - - default default] No more DHCP agents
2026-05-18 01:51:16.819 9 WARNING neutron.api.rpc.agentnotifiers.dhcp_rpc_agent_api [None req-2d225f6d-9153-4a7e-9b66-1f1494af0f82 897370e70f074a7089a69997c9ad8c93 6bd7e2bccaa74b42b36bde920ae9897b - - default default] Unable to schedule network 1e346262-4d92-4c4a-ac70-683eab86ee52: no agents available; will retry on subsequent port and subnet creation events.
2026-05-18 01:51:16.889 9 INFO neutron.plugins.ml2.drivers.ovn.mech_driver.mech_driver [None req-c1dc1742-951c-4b4e-916e-c4e8c9509b40 - - - - - -] OVN reports status down for port: d7cda5da-e784-4402-8e41-dc034ed9a0ac
2026-05-18 01:51:16.940 8 INFO neutron_taas.services.taas.taas_plugin [None req-c58716d6-ce3f-43cf-b580-8a99454d3f94 9bdb4af804ca47c68ccbc8c58365fab0 f4dbb32c8d554d6789b9968f24f2dff9 - - default default] TaaS: Handle Delete Port: e73a8b32-8a7c-47db-b876-ce2a4d62fce8
2026-05-18 01:51:16.943 8 INFO neutron_taas.services.taas.tap_mirror_plugin [None req-c58716d6-ce3f-43cf-b580-8a99454d3f94 9bdb4af804ca47c68ccbc8c58365fab0 f4dbb32c8d554d6789b9968f24f2dff9 - - default default] Tap Mirror: Handle Delete Port: e73a8b32-8a7c-47db-b876-ce2a4d62fce8
2026-05-18 01:51:16.969 9 INFO neutron.db.ovn_revision_numbers_db [None req-2d225f6d-9153-4a7e-9b66-1f1494af0f82 897370e70f074a7089a69997c9ad8c93 6bd7e2bccaa74b42b36bde920ae9897b - - default default] Successfully bumped revision number for resource d7cda5da-e784-4402-8e41-dc034ed9a0ac (type: ports) to 1 [pid: 9|app: 0|req: 858/1939] 10.0.0.163 () {34 vars in 665 bytes} [Mon May 18 01:51:16 2026] POST /v2.0/ports => generated 778 bytes in 487 msecs (HTTP/1.1 201) 4 headers in 162 bytes (1 switches on core 0) /var/lib/openstack/lib/python3.12/site-packages/pycadf/identifier.py:70: UserWarning: Invalid uuid: neutron. To ensure interoperability, identifiers should be a valid uuid. warnings.warn(('Invalid uuid: %s. To ensure interoperability, ' [pid: 8|app: 0|req: 1082/1940] 10.0.0.163 () {32 vars in 720 bytes} [Mon May 18 01:51:16 2026] DELETE /v2.0/ports/e73a8b32-8a7c-47db-b876-ce2a4d62fce8 => generated 0 bytes in 346 msecs (HTTP/1.1 204) 3 headers in 131 bytes (1 switches on core 0)
2026-05-18 01:51:17.147 9 INFO neutron.db.segments_db [None req-95a0f50f-2b9d-4585-aa57-a76d011f81c8 897370e70f074a7089a69997c9ad8c93 6bd7e2bccaa74b42b36bde920ae9897b - - default default] Added segment ee0417df-631e-4680-a869-382acfef4b79 of type geneve for network 1679b2c2-122b-482e-9a34-9da47b907224
2026-05-18 01:51:17.211 8 INFO neutron_taas.services.taas.taas_plugin [None req-6c3e600e-89c0-4820-a23c-ac385051f739 9bdb4af804ca47c68ccbc8c58365fab0 f4dbb32c8d554d6789b9968f24f2dff9 - - default default] TaaS: Handle Delete Port: bffb429c-d6f1-4600-ae1c-46ef4a244e9f
2026-05-18 01:51:17.214 8 INFO neutron_taas.services.taas.tap_mirror_plugin [None req-6c3e600e-89c0-4820-a23c-ac385051f739 9bdb4af804ca47c68ccbc8c58365fab0 f4dbb32c8d554d6789b9968f24f2dff9 - - default default] Tap Mirror: Handle Delete Port: bffb429c-d6f1-4600-ae1c-46ef4a244e9f
2026-05-18 01:51:17.262 9 INFO neutron.db.ovn_revision_numbers_db [None req-95a0f50f-2b9d-4585-aa57-a76d011f81c8 897370e70f074a7089a69997c9ad8c93 6bd7e2bccaa74b42b36bde920ae9897b - - default default] Successfully bumped revision number for resource 1679b2c2-122b-482e-9a34-9da47b907224 (type: networks) to 1 [pid: 8|app: 0|req: 1083/1941] 10.0.0.163 () {32 vars in 720 bytes} [Mon May 18 01:51:17 2026] DELETE /v2.0/ports/bffb429c-d6f1-4600-ae1c-46ef4a244e9f => generated 0 bytes in 273 msecs (HTTP/1.1 204) 3 headers in 131 bytes (1 switches on core 0)
2026-05-18 01:51:17.477 8 INFO neutron_taas.services.taas.taas_plugin [None req-bf1d1fea-d26a-4389-8558-fc95f28af53f 9bdb4af804ca47c68ccbc8c58365fab0 f4dbb32c8d554d6789b9968f24f2dff9 - - default default] TaaS: Handle Delete Port: 8adde56e-1b6d-480f-9b83-055c3b36209b
2026-05-18 01:51:17.482 8 INFO neutron_taas.services.taas.tap_mirror_plugin [None req-bf1d1fea-d26a-4389-8558-fc95f28af53f 9bdb4af804ca47c68ccbc8c58365fab0 f4dbb32c8d554d6789b9968f24f2dff9 - - default default] Tap Mirror: Handle Delete Port: 8adde56e-1b6d-480f-9b83-055c3b36209b
2026-05-18 01:51:17.502 9 WARNING neutron.scheduler.dhcp_agent_scheduler [None req-95a0f50f-2b9d-4585-aa57-a76d011f81c8 897370e70f074a7089a69997c9ad8c93 6bd7e2bccaa74b42b36bde920ae9897b - - default default] No more DHCP agents
2026-05-18 01:51:17.503 9 WARNING neutron.api.rpc.agentnotifiers.dhcp_rpc_agent_api [None req-95a0f50f-2b9d-4585-aa57-a76d011f81c8 897370e70f074a7089a69997c9ad8c93 6bd7e2bccaa74b42b36bde920ae9897b - - default default] Unable to schedule network 1679b2c2-122b-482e-9a34-9da47b907224: no agents available; will retry on subsequent port and subnet creation events.
2026-05-18 01:51:17.578 9 INFO neutron.plugins.ml2.drivers.ovn.mech_driver.mech_driver [None req-c1dc1742-951c-4b4e-916e-c4e8c9509b40 - - - - - -] OVN reports status down for port: 9d94c20c-5041-4378-8507-997d751c003f
2026-05-18 01:51:17.665 9 INFO neutron.db.ovn_revision_numbers_db [None req-95a0f50f-2b9d-4585-aa57-a76d011f81c8 897370e70f074a7089a69997c9ad8c93 6bd7e2bccaa74b42b36bde920ae9897b - - default default] Successfully bumped revision number for resource 9d94c20c-5041-4378-8507-997d751c003f (type: ports) to 1 [pid: 8|app: 0|req: 1084/1942] 10.0.0.163 () {32 vars in 720 bytes} [Mon May 18 01:51:17 2026] DELETE /v2.0/ports/8adde56e-1b6d-480f-9b83-055c3b36209b => generated 0 bytes in 323 msecs (HTTP/1.1 204) 3 headers in 131 bytes (1 switches on core 0) [pid: 9|app: 0|req: 859/1943] 10.0.0.163 () {34 vars in 670 bytes} [Mon May 18 01:51:17 2026] POST /v2.0/networks => generated 636 bytes in 687 msecs (HTTP/1.1 201) 4 headers in 162 bytes (1 switches on core 0)
2026-05-18 01:51:17.811 8 INFO neutron_taas.services.taas.taas_plugin [None req-3970f32b-2d4e-4c84-911f-40aed566176b 9bdb4af804ca47c68ccbc8c58365fab0 f4dbb32c8d554d6789b9968f24f2dff9 - - default default] TaaS: Handle Delete Port: cb8bcc2a-cae8-4db0-8193-dee93246b095
2026-05-18 01:51:17.814 8 INFO neutron_taas.services.taas.tap_mirror_plugin [None req-3970f32b-2d4e-4c84-911f-40aed566176b 9bdb4af804ca47c68ccbc8c58365fab0 f4dbb32c8d554d6789b9968f24f2dff9 - - default default] Tap Mirror: Handle Delete Port: cb8bcc2a-cae8-4db0-8193-dee93246b095 [pid: 8|app: 0|req: 1085/1944] 10.0.0.163 () {32 vars in 720 bytes} [Mon May 18 01:51:17 2026] DELETE /v2.0/ports/cb8bcc2a-cae8-4db0-8193-dee93246b095 => generated 0 bytes in 251 msecs (HTTP/1.1 204) 3 headers in 131 bytes (1 switches on core 0)
2026-05-18 01:51:17.982 9 WARNING neutron.scheduler.dhcp_agent_scheduler [None req-cb15f3e1-09d6-46e0-85cc-f1667e5cde37 897370e70f074a7089a69997c9ad8c93 6bd7e2bccaa74b42b36bde920ae9897b - - default default] No more DHCP agents
2026-05-18 01:51:17.983 9 WARNING neutron.api.rpc.agentnotifiers.dhcp_rpc_agent_api [None req-cb15f3e1-09d6-46e0-85cc-f1667e5cde37 897370e70f074a7089a69997c9ad8c93 6bd7e2bccaa74b42b36bde920ae9897b - - default default] Unable to schedule network 1679b2c2-122b-482e-9a34-9da47b907224: no agents available; will retry on subsequent port and subnet creation events.
2026-05-18 01:51:18.025 9 INFO neutron.db.ovn_revision_numbers_db [None req-cb15f3e1-09d6-46e0-85cc-f1667e5cde37 897370e70f074a7089a69997c9ad8c93 6bd7e2bccaa74b42b36bde920ae9897b - - default default] Successfully bumped revision number for resource 6859b03d-dc08-4ffb-9a0d-00968c084f38 (type: subnets) to 0 [pid: 9|app: 0|req: 860/1945] 10.0.0.163 () {34 vars in 669 bytes} [Mon May 18 01:51:17 2026] POST /v2.0/subnets => generated 646 bytes in 299 msecs (HTTP/1.1 201) 4 headers in 162 bytes (1 switches on core 0)
2026-05-18 01:51:18.104 8 INFO neutron_taas.services.taas.taas_plugin [None req-e94bbf34-8e5a-48f0-accc-26761bbf741e 9bdb4af804ca47c68ccbc8c58365fab0 f4dbb32c8d554d6789b9968f24f2dff9 - - default default] TaaS: Handle Delete Port: d5027f41-4c2e-4668-b034-7fbdd9266521
2026-05-18 01:51:18.108 8 INFO neutron_taas.services.taas.tap_mirror_plugin [None req-e94bbf34-8e5a-48f0-accc-26761bbf741e 9bdb4af804ca47c68ccbc8c58365fab0 f4dbb32c8d554d6789b9968f24f2dff9 - - default default] Tap Mirror: Handle Delete Port: d5027f41-4c2e-4668-b034-7fbdd9266521 [pid: 8|app: 0|req: 1086/1946] 10.0.0.163 () {32 vars in 720 bytes} [Mon May 18 01:51:17 2026] DELETE /v2.0/ports/d5027f41-4c2e-4668-b034-7fbdd9266521 => generated 0 bytes in 303 msecs (HTTP/1.1 204) 3 headers in 131 bytes (1 switches on core 0)
2026-05-18 01:51:18.399 9 WARNING neutron.scheduler.dhcp_agent_scheduler [None req-2609ed2f-706e-4efb-9d3d-d67113d69250 897370e70f074a7089a69997c9ad8c93 6bd7e2bccaa74b42b36bde920ae9897b - - default default] No more DHCP agents
2026-05-18 01:51:18.400 9 WARNING neutron.api.rpc.agentnotifiers.dhcp_rpc_agent_api [None req-2609ed2f-706e-4efb-9d3d-d67113d69250 897370e70f074a7089a69997c9ad8c93 6bd7e2bccaa74b42b36bde920ae9897b - - default default] Unable to schedule network 1679b2c2-122b-482e-9a34-9da47b907224: no agents available; will retry on subsequent port and subnet creation events.
2026-05-18 01:51:18.504 9 INFO neutron.plugins.ml2.drivers.ovn.mech_driver.mech_driver [None req-c1dc1742-951c-4b4e-916e-c4e8c9509b40 - - - - - -] OVN reports status down for port: ca84305a-acb0-4385-9577-714d5517d1f4
2026-05-18 01:51:18.585 9 INFO neutron.db.ovn_revision_numbers_db [None req-2609ed2f-706e-4efb-9d3d-d67113d69250 897370e70f074a7089a69997c9ad8c93 6bd7e2bccaa74b42b36bde920ae9897b - - default default] Successfully bumped revision number for resource ca84305a-acb0-4385-9577-714d5517d1f4 (type: ports) to 1 [pid: 9|app: 0|req: 861/1947] 10.0.0.163 () {34 vars in 665 bytes} [Mon May 18 01:51:18 2026] POST /v2.0/ports => generated 962 bytes in 591 msecs (HTTP/1.1 201) 4 headers in 162 bytes (1 switches on core 0) /var/lib/openstack/lib/python3.12/site-packages/pycadf/identifier.py:70: UserWarning: Invalid uuid: neutron. To ensure interoperability, identifiers should be a valid uuid. warnings.warn(('Invalid uuid: %s. To ensure interoperability, '
2026-05-18 01:51:18.709 8 INFO neutron.db.ovn_revision_numbers_db [None req-9ead3290-5743-4b6b-bd07-770360859d1e 23285380e1224a3b89634b6b94da2754 e364a0a66a9a45288d27e9bd89902006 - - default default] Successfully bumped revision number for resource 12e3e3ce-2feb-4289-8dca-f7fab5e83e9f (type: security_groups) to 1
2026-05-18 01:51:18.720 8 INFO neutron.db.ovn_revision_numbers_db [None req-9ead3290-5743-4b6b-bd07-770360859d1e 23285380e1224a3b89634b6b94da2754 e364a0a66a9a45288d27e9bd89902006 - - default default] Successfully bumped revision number for resource 68227471-4a45-484b-baa2-595c547d646f (type: security_group_rules) to 0
2026-05-18 01:51:18.732 8 INFO neutron.db.ovn_revision_numbers_db [None req-9ead3290-5743-4b6b-bd07-770360859d1e 23285380e1224a3b89634b6b94da2754 e364a0a66a9a45288d27e9bd89902006 - - default default] Successfully bumped revision number for resource eab55714-c49b-45e7-8bb8-b69279af8f00 (type: security_group_rules) to 0
2026-05-18 01:51:18.742 8 INFO neutron.db.ovn_revision_numbers_db [None req-9ead3290-5743-4b6b-bd07-770360859d1e 23285380e1224a3b89634b6b94da2754 e364a0a66a9a45288d27e9bd89902006 - - default default] Successfully bumped revision number for resource f309732a-e0d6-443e-ae92-7f54ccc366d6 (type: security_group_rules) to 0
2026-05-18 01:51:18.755 8 INFO neutron.db.ovn_revision_numbers_db [None req-9ead3290-5743-4b6b-bd07-770360859d1e 23285380e1224a3b89634b6b94da2754 e364a0a66a9a45288d27e9bd89902006 - - default default] Successfully bumped revision number for resource f8350bc2-86ec-4a22-9b03-d44cce070eed (type: security_group_rules) to 0
2026-05-18 01:51:18.807 9 INFO neutron_taas.services.taas.taas_plugin [None req-ab2aa1f4-0cea-4bf8-ba87-7faf6dea901d 9bdb4af804ca47c68ccbc8c58365fab0 f4dbb32c8d554d6789b9968f24f2dff9 - - default default] TaaS: Handle Delete Port: f8fea7fb-2453-4d1d-bfcf-c523a85ca23c
2026-05-18 01:51:18.810 9 INFO neutron_taas.services.taas.tap_mirror_plugin [None req-ab2aa1f4-0cea-4bf8-ba87-7faf6dea901d 9bdb4af804ca47c68ccbc8c58365fab0 f4dbb32c8d554d6789b9968f24f2dff9 - - default default] Tap Mirror: Handle Delete Port: f8fea7fb-2453-4d1d-bfcf-c523a85ca23c
2026-05-18 01:51:18.821 8 INFO neutron.db.segments_db [None req-9ead3290-5743-4b6b-bd07-770360859d1e 23285380e1224a3b89634b6b94da2754 e364a0a66a9a45288d27e9bd89902006 - - default default] Added segment dd421a06-8782-462e-8179-7a5f69b97bf5 of type geneve for network 442c519b-6ff1-4717-b8a0-ef08b35a372e
2026-05-18 01:51:18.956 8 INFO neutron.db.ovn_revision_numbers_db [None req-9ead3290-5743-4b6b-bd07-770360859d1e 23285380e1224a3b89634b6b94da2754 e364a0a66a9a45288d27e9bd89902006 - - default default] Successfully bumped revision number for resource 442c519b-6ff1-4717-b8a0-ef08b35a372e (type: networks) to 1
2026-05-18 01:51:19.046 9 INFO neutron.services.segments.plugin [-] Segment 66220a5c-9ae0-4731-8476-acd6f4750d87 resource provider aggregate not found
2026-05-18 01:51:19.058 9 INFO neutron.services.segments.plugin [-] Segment 66220a5c-9ae0-4731-8476-acd6f4750d87 resource provider aggregate not found
2026-05-18 01:51:19.065 9 INFO neutron.services.segments.plugin [-] Segment 66220a5c-9ae0-4731-8476-acd6f4750d87 resource provider not found; error: Placement Client Error (4xx): {"errors": [{"status": 404, "title": "Not Found", "detail": "The resource could not be found.\n\n No resource provider with uuid 66220a5c-9ae0-4731-8476-acd6f4750d87 found for delete ", "request_id": "req-6159c479-a634-4818-bd79-82696536f019"}]}
2026-05-18 01:51:19.075 9 INFO neutron.services.segments.plugin [-] Segment 66220a5c-9ae0-4731-8476-acd6f4750d87 resource provider not found; error: Placement Client Error (4xx): {"errors": [{"status": 404, "title": "Not Found", "detail": "The resource could not be found.\n\n No resource provider with uuid 66220a5c-9ae0-4731-8476-acd6f4750d87 found for delete ", "request_id": "req-313bd909-264c-4f37-9970-7ee2a6e115b6"}]} [pid: 9|app: 0|req: 862/1948] 10.0.0.163 () {32 vars in 726 bytes} [Mon May 18 01:51:18 2026] DELETE /v2.0/networks/4e3947b8-8a8e-4f48-b408-7238b100ad47 => generated 0 bytes in 473 msecs (HTTP/1.1 204) 3 headers in 131 bytes (1 switches on core 0)
2026-05-18 01:51:19.179 8 WARNING neutron.scheduler.dhcp_agent_scheduler [None req-9ead3290-5743-4b6b-bd07-770360859d1e 23285380e1224a3b89634b6b94da2754 e364a0a66a9a45288d27e9bd89902006 - - default default] No more DHCP agents
2026-05-18 01:51:19.180 8 WARNING neutron.api.rpc.agentnotifiers.dhcp_rpc_agent_api [None req-9ead3290-5743-4b6b-bd07-770360859d1e 23285380e1224a3b89634b6b94da2754 e364a0a66a9a45288d27e9bd89902006 - - default default] Unable to schedule network 442c519b-6ff1-4717-b8a0-ef08b35a372e: no agents available; will retry on subsequent port and subnet creation events.
2026-05-18 01:51:19.260 9 INFO neutron.plugins.ml2.drivers.ovn.mech_driver.mech_driver [None req-c1dc1742-951c-4b4e-916e-c4e8c9509b40 - - - - - -] OVN reports status down for port: e6a94411-9f84-4b9f-ae51-4a46049e225e
2026-05-18 01:51:19.284 9 INFO neutron_taas.services.taas.taas_plugin [None req-0c167c86-fa92-4fa1-8ba3-39c2ed1cbbe2 897370e70f074a7089a69997c9ad8c93 6bd7e2bccaa74b42b36bde920ae9897b - - default default] TaaS: Handle Delete Port: ca84305a-acb0-4385-9577-714d5517d1f4
2026-05-18 01:51:19.285 8 INFO neutron.db.ovn_revision_numbers_db [None req-9ead3290-5743-4b6b-bd07-770360859d1e 23285380e1224a3b89634b6b94da2754 e364a0a66a9a45288d27e9bd89902006 - - default default] Successfully bumped revision number for resource e6a94411-9f84-4b9f-ae51-4a46049e225e (type: ports) to 1
2026-05-18 01:51:19.294 9 INFO neutron_taas.services.taas.tap_mirror_plugin [None req-0c167c86-fa92-4fa1-8ba3-39c2ed1cbbe2 897370e70f074a7089a69997c9ad8c93 6bd7e2bccaa74b42b36bde920ae9897b - - default default] Tap Mirror: Handle Delete Port: ca84305a-acb0-4385-9577-714d5517d1f4 [pid: 8|app: 0|req: 1087/1949] 10.0.0.163 () {34 vars in 671 bytes} [Mon May 18 01:51:18 2026] POST /v2.0/networks => generated 633 bytes in 1044 msecs (HTTP/1.1 201) 4 headers in 162 bytes (1 switches on core 0)
2026-05-18 01:51:19.412 8 INFO neutron_taas.services.taas.taas_plugin [None req-3b94e72b-ffb7-4b14-8dac-d02972c14b0f 9bdb4af804ca47c68ccbc8c58365fab0 f4dbb32c8d554d6789b9968f24f2dff9 - - default default] TaaS: Handle Delete Port: 268b97ad-f54b-455e-8d02-f81f80c84ba6
2026-05-18 01:51:19.415 8 INFO neutron_taas.services.taas.tap_mirror_plugin [None req-3b94e72b-ffb7-4b14-8dac-d02972c14b0f 9bdb4af804ca47c68ccbc8c58365fab0 f4dbb32c8d554d6789b9968f24f2dff9 - - default default] Tap Mirror: Handle Delete Port: 268b97ad-f54b-455e-8d02-f81f80c84ba6 [pid: 9|app: 0|req: 863/1950] 10.0.0.163 () {32 vars in 720 bytes} [Mon May 18 01:51:19 2026] DELETE /v2.0/ports/ca84305a-acb0-4385-9577-714d5517d1f4 => generated 0 bytes in 387 msecs (HTTP/1.1 204) 3 headers in 131 bytes (1 switches on core 0)
2026-05-18 01:51:19.653 8 INFO neutron.services.segments.plugin [-] Segment 20624ef7-4e23-4d60-ace4-268958b8571f resource provider aggregate not found
2026-05-18 01:51:19.658 8 INFO neutron.services.segments.plugin [-] Segment 20624ef7-4e23-4d60-ace4-268958b8571f resource provider aggregate not found
2026-05-18 01:51:19.670 8 INFO neutron.services.segments.plugin [-] Segment 20624ef7-4e23-4d60-ace4-268958b8571f resource provider not found; error: Placement Client Error (4xx): {"errors": [{"status": 404, "title": "Not Found", "detail": "The resource could not be found.\n\n No resource provider with uuid 20624ef7-4e23-4d60-ace4-268958b8571f found for delete ", "request_id": "req-7bdd08c6-f21e-493c-95c1-2ab4c38175dc"}]}
2026-05-18 01:51:19.676 8 INFO neutron.services.segments.plugin [-] Segment 20624ef7-4e23-4d60-ace4-268958b8571f resource provider not found; error: Placement Client Error (4xx): {"errors": [{"status": 404, "title": "Not Found", "detail": "The resource could not be found.\n\n No resource provider with uuid 20624ef7-4e23-4d60-ace4-268958b8571f found for delete ", "request_id": "req-063d8150-eda3-405f-a8ec-0edd62a02bb8"}]} [pid: 8|app: 0|req: 1088/1951] 10.0.0.163 () {32 vars in 726 bytes} [Mon May 18 01:51:19 2026] DELETE /v2.0/networks/d6fc2ca5-e827-4a10-a52c-608a844a9249 => generated 0 bytes in 423 msecs (HTTP/1.1 204) 3 headers in 131 bytes (1 switches on core 0)
2026-05-18 01:51:19.742 8 INFO neutron.pecan_wsgi.hooks.translation [None req-7f42a2d4-8854-4177-ae8f-5630dd6941df 897370e70f074a7089a69997c9ad8c93 6bd7e2bccaa74b42b36bde920ae9897b - - default default] DELETE failed (client error): The resource could not be found. [pid: 8|app: 0|req: 1089/1952] 10.0.0.163 () {32 vars in 720 bytes} [Mon May 18 01:51:19 2026] DELETE /v2.0/ports/ca84305a-acb0-4385-9577-714d5517d1f4 => generated 132 bytes in 15 msecs (HTTP/1.1 404) 4 headers in 164 bytes (1 switches on core 0)
2026-05-18 01:51:19.854 8 INFO neutron_taas.services.taas.taas_plugin [None req-b11725b6-bec3-4a71-81a3-b3f0a2263c97 9bdb4af804ca47c68ccbc8c58365fab0 f4dbb32c8d554d6789b9968f24f2dff9 - - default default] TaaS: Handle Delete Port: 3397f900-7f8f-46ed-bef1-36f5f82507da
2026-05-18 01:51:19.856 8 INFO neutron_taas.services.taas.tap_mirror_plugin [None req-b11725b6-bec3-4a71-81a3-b3f0a2263c97 9bdb4af804ca47c68ccbc8c58365fab0 f4dbb32c8d554d6789b9968f24f2dff9 - - default default] Tap Mirror: Handle Delete Port: 3397f900-7f8f-46ed-bef1-36f5f82507da
2026-05-18 01:51:20.003 9 WARNING neutron.scheduler.dhcp_agent_scheduler [None req-5d0433b9-1a8b-41f7-8d9b-728f93f48122 23285380e1224a3b89634b6b94da2754 e364a0a66a9a45288d27e9bd89902006 - - default default] No more DHCP agents
2026-05-18 01:51:20.004 9 WARNING neutron.api.rpc.agentnotifiers.dhcp_rpc_agent_api [None req-5d0433b9-1a8b-41f7-8d9b-728f93f48122 23285380e1224a3b89634b6b94da2754 e364a0a66a9a45288d27e9bd89902006 - - default default] Unable to schedule network ef0f75f6-e8c4-45d2-81fa-3d4cab330354: no agents available; will retry on subsequent port and subnet creation events. [pid: 8|app: 0|req: 1090/1953] 10.0.0.163 () {32 vars in 726 bytes} [Mon May 18 01:51:19 2026] DELETE /v2.0/networks/591a183a-c2d8-4a85-b81f-6c9f797ab2ee => generated 0 bytes in 359 msecs (HTTP/1.1 204) 3 headers in 131 bytes (1 switches on core 0)
2026-05-18 01:51:20.130 8 INFO neutron.pecan_wsgi.hooks.translation [None req-b0644fa2-ea8e-42c9-ab3b-f89b1f87b643 897370e70f074a7089a69997c9ad8c93 6bd7e2bccaa74b42b36bde920ae9897b - - default default] GET failed (client error): The resource could not be found. [pid: 8|app: 0|req: 1091/1954] 10.0.0.163 () {32 vars in 717 bytes} [Mon May 18 01:51:20 2026] GET /v2.0/ports/ca84305a-acb0-4385-9577-714d5517d1f4 => generated 132 bytes in 31 msecs (HTTP/1.1 404) 4 headers in 164 bytes (1 switches on core 0)
2026-05-18 01:51:20.155 9 INFO neutron.plugins.ml2.drivers.ovn.mech_driver.mech_driver [None req-c1dc1742-951c-4b4e-916e-c4e8c9509b40 - - - - - -] OVN reports status down for port: 6a9a1902-33cd-48b2-8eb5-e6349c2c442f
2026-05-18 01:51:20.217 9 INFO neutron.db.ovn_revision_numbers_db [None req-5d0433b9-1a8b-41f7-8d9b-728f93f48122 23285380e1224a3b89634b6b94da2754 e364a0a66a9a45288d27e9bd89902006 - - default default] Successfully bumped revision number for resource 6a9a1902-33cd-48b2-8eb5-e6349c2c442f (type: ports) to 1
2026-05-18 01:51:20.284 8 INFO neutron_taas.services.taas.taas_plugin [None req-e81699ac-d7e9-4afb-8980-4d91d74030fc 9bdb4af804ca47c68ccbc8c58365fab0 f4dbb32c8d554d6789b9968f24f2dff9 - - default default] TaaS: Handle Delete Port: 12c64e0a-1b16-4b5d-be61-89be4f8d8ee7
2026-05-18 01:51:20.286 8 INFO neutron_taas.services.taas.tap_mirror_plugin [None req-e81699ac-d7e9-4afb-8980-4d91d74030fc 9bdb4af804ca47c68ccbc8c58365fab0 f4dbb32c8d554d6789b9968f24f2dff9 - - default default] Tap Mirror: Handle Delete Port: 12c64e0a-1b16-4b5d-be61-89be4f8d8ee7 [pid: 8|app: 0|req: 1092/1955] 10.0.0.163 () {32 vars in 726 bytes} [Mon May 18 01:51:20 2026] DELETE /v2.0/networks/2eb61a21-1a7c-41b9-aee0-9c4f86f12044 => generated 0 bytes in 368 msecs (HTTP/1.1 204) 3 headers in 131 bytes (1 switches on core 0) [pid: 8|app: 0|req: 1093/1956] 10.0.0.163 () {32 vars in 724 bytes} [Mon May 18 01:51:20 2026] DELETE /v2.0/subnets/6859b03d-dc08-4ffb-9a0d-00968c084f38 => generated 0 bytes in 150 msecs (HTTP/1.1 204) 3 headers in 131 bytes (1 switches on core 0)
2026-05-18 01:51:20.773 8 INFO neutron_taas.services.taas.taas_plugin [None req-fb6819de-6d8a-4ebd-a964-a780fb426e9e 9bdb4af804ca47c68ccbc8c58365fab0 f4dbb32c8d554d6789b9968f24f2dff9 - - default default] TaaS: Handle Delete Port: eb10ca1f-a411-4c72-a095-7450cef2671d
2026-05-18 01:51:20.776 8 INFO neutron_taas.services.taas.tap_mirror_plugin [None req-fb6819de-6d8a-4ebd-a964-a780fb426e9e 9bdb4af804ca47c68ccbc8c58365fab0 f4dbb32c8d554d6789b9968f24f2dff9 - - default default] Tap Mirror: Handle Delete Port: eb10ca1f-a411-4c72-a095-7450cef2671d
2026-05-18 01:51:20.857 9 INFO neutron.plugins.ml2.drivers.ovn.mech_driver.ovsdb.commands [None req-5c7bd1e4-4c08-43b2-aacd-dbc7806f7893 - - - - - -] Schedule LRP lrp-6a9a1902-33cd-48b2-8eb5-e6349c2c442f on gateway 951e2f90-2cef-4811-b2f0-fe50e36d7a4f with priority 1
2026-05-18 01:51:20.970 9 INFO neutron.plugins.ml2.drivers.ovn.mech_driver.ovsdb.ovsdb_monitor [None req-34b5723d-9f20-48b8-9a5e-cba1a5f82f38 - - - - - -] Router 57c4e237-6b35-4840-a01b-f2ae6b8f4841 is bound to host instance
2026-05-18 01:51:21.017 9 INFO neutron.plugins.ml2.drivers.ovn.mech_driver.mech_driver [None req-c1dc1742-951c-4b4e-916e-c4e8c9509b40 - - - - - -] OVN reports status up for port: 6a9a1902-33cd-48b2-8eb5-e6349c2c442f
2026-05-18 01:51:21.081 9 INFO neutron.plugins.ml2.plugin [None req-c1dc1742-951c-4b4e-916e-c4e8c9509b40 - - - - - -] Attempt 1 to provision port 6a9a1902-33cd-48b2-8eb5-e6349c2c442f [pid: 8|app: 0|req: 1094/1957] 10.0.0.163 () {32 vars in 726 bytes} [Mon May 18 01:51:20 2026] DELETE /v2.0/networks/b1f3df07-5064-4356-bbed-44918d8c4b63 => generated 0 bytes in 488 msecs (HTTP/1.1 204) 3 headers in 131 bytes (1 switches on core 0)
2026-05-18 01:51:21.196 9 INFO neutron.db.ovn_revision_numbers_db [None req-5d0433b9-1a8b-41f7-8d9b-728f93f48122 23285380e1224a3b89634b6b94da2754 e364a0a66a9a45288d27e9bd89902006 - - default default] Successfully bumped revision number for resource 6a9a1902-33cd-48b2-8eb5-e6349c2c442f (type: router_ports) to 1
2026-05-18 01:51:21.231 8 INFO neutron_taas.services.taas.taas_plugin [None req-0e074b5e-44d2-43f3-9bc0-c96deb0c4d0b 897370e70f074a7089a69997c9ad8c93 6bd7e2bccaa74b42b36bde920ae9897b - - default default] TaaS: Handle Delete Port: 9d94c20c-5041-4378-8507-997d751c003f
2026-05-18 01:51:21.234 8 INFO neutron_taas.services.taas.tap_mirror_plugin [None req-0e074b5e-44d2-43f3-9bc0-c96deb0c4d0b 897370e70f074a7089a69997c9ad8c93 6bd7e2bccaa74b42b36bde920ae9897b - - default default] Tap Mirror: Handle Delete Port: 9d94c20c-5041-4378-8507-997d751c003f
2026-05-18 01:51:21.443 9 INFO neutron.db.ovn_revision_numbers_db [None req-5d0433b9-1a8b-41f7-8d9b-728f93f48122 23285380e1224a3b89634b6b94da2754 e364a0a66a9a45288d27e9bd89902006 - - default default] Successfully bumped revision number for resource 57c4e237-6b35-4840-a01b-f2ae6b8f4841 (type: routers) to 2 [pid: 8|app: 0|req: 1095/1958] 10.0.0.163 () {32 vars in 726 bytes} [Mon May 18 01:51:21 2026] DELETE /v2.0/networks/1679b2c2-122b-482e-9a34-9da47b907224 => generated 0 bytes in 371 msecs (HTTP/1.1 204) 3 headers in 131 bytes (1 switches on core 0) [pid: 9|app: 0|req: 864/1959] 10.0.0.163 () {34 vars in 669 bytes} [Mon May 18 01:51:19 2026] POST /v2.0/routers => generated 954 bytes in 2031 msecs (HTTP/1.1 201) 4 headers in 162 bytes (1 switches on core 0)
2026-05-18 01:51:21.631 8 INFO neutron.db.segments_db [None req-e16020fe-46de-417d-982d-4dacd57e4757 897370e70f074a7089a69997c9ad8c93 6bd7e2bccaa74b42b36bde920ae9897b - - default default] Added segment 344889fb-466b-46ca-8d31-8ddb1526a93f of type geneve for network e603a41e-e9a4-46ae-9e4e-e57547508371
2026-05-18 01:51:21.697 8 INFO neutron.services.segments.plugin [-] Segment 8b9b734b-9370-44ee-bc9d-6fbf14abcb6c resource provider aggregate not found
2026-05-18 01:51:21.702 8 INFO neutron.services.segments.plugin [-] Segment 8b9b734b-9370-44ee-bc9d-6fbf14abcb6c resource provider aggregate not found
2026-05-18 01:51:21.726 8 INFO neutron.services.segments.plugin [-] Segment 8b9b734b-9370-44ee-bc9d-6fbf14abcb6c resource provider not found; error: Placement Client Error (4xx): {"errors": [{"status": 404, "title": "Not Found", "detail": "The resource could not be found.\n\n No resource provider with uuid 8b9b734b-9370-44ee-bc9d-6fbf14abcb6c found for delete ", "request_id": "req-c9fae770-5dd3-48db-acde-cd66ea0bd33d"}]}
2026-05-18 01:51:21.727 8 INFO neutron.services.segments.plugin [-] Segment 8b9b734b-9370-44ee-bc9d-6fbf14abcb6c resource provider not found; error: Placement Client Error (4xx): {"errors": [{"status": 404, "title": "Not Found", "detail": "The resource could not be found.\n\n No resource provider with uuid 8b9b734b-9370-44ee-bc9d-6fbf14abcb6c found for delete ", "request_id": "req-b8809574-8ec6-40bd-b995-f838d44632c1"}]}
2026-05-18 01:51:21.752 8 INFO neutron.services.segments.plugin [-] Segment a4b5a12a-4f73-48f3-8b4d-faa3ce08832a resource provider aggregate not found
2026-05-18 01:51:21.755 8 INFO neutron.services.segments.plugin [-] Segment a4b5a12a-4f73-48f3-8b4d-faa3ce08832a resource provider aggregate not found
2026-05-18 01:51:21.773 8 INFO neutron.services.segments.plugin [-] Segment a4b5a12a-4f73-48f3-8b4d-faa3ce08832a resource provider not found; error: Placement Client Error (4xx): {"errors": [{"status": 404, "title": "Not Found", "detail": "The resource could not be found.\n\n No resource provider with uuid a4b5a12a-4f73-48f3-8b4d-faa3ce08832a found for delete ", "request_id": "req-43c0d90b-8fe8-412d-90f9-969b20bfedd3"}]}
2026-05-18 01:51:21.791 8 INFO neutron.services.segments.plugin [-] Segment a4b5a12a-4f73-48f3-8b4d-faa3ce08832a resource provider not found; error: Placement Client Error (4xx): {"errors": [{"status": 404, "title": "Not Found", "detail": "The resource could not be found.\n\n No resource provider with uuid a4b5a12a-4f73-48f3-8b4d-faa3ce08832a found for delete ", "request_id": "req-4e3beb11-69b9-426c-a845-6e9fffd53a16"}]}
2026-05-18 01:51:21.810 8 INFO neutron.services.segments.plugin [-] Segment d9d3556a-9959-40b8-a73d-d5e88bde173c resource provider aggregate not found [pid: 9|app: 0|req: 865/1960] 10.0.0.163 () {32 vars in 776 bytes} [Mon May 18 01:51:21 2026] GET /v2.0/subnets?project_id=e364a0a66a9a45288d27e9bd89902006&cidr=10.100.0.0%2F28 => generated 14 bytes in 280 msecs (HTTP/1.1 200) 4 headers in 156 bytes (1 switches on core 0)
2026-05-18 01:51:21.815 8 INFO neutron.services.segments.plugin [-] Segment d9d3556a-9959-40b8-a73d-d5e88bde173c resource provider aggregate not found
2026-05-18 01:51:21.826 8 INFO neutron.db.ovn_revision_numbers_db [None req-e16020fe-46de-417d-982d-4dacd57e4757 897370e70f074a7089a69997c9ad8c93 6bd7e2bccaa74b42b36bde920ae9897b - - default default] Successfully bumped revision number for resource e603a41e-e9a4-46ae-9e4e-e57547508371 (type: networks) to 1
2026-05-18 01:51:21.830 8 INFO neutron.services.segments.plugin [-] Segment d9d3556a-9959-40b8-a73d-d5e88bde173c resource provider not found; error: Placement Client Error (4xx): {"errors": [{"status": 404, "title": "Not Found", "detail": "The resource could not be found.\n\n No resource provider with uuid d9d3556a-9959-40b8-a73d-d5e88bde173c found for delete ", "request_id": "req-656b40c5-7f45-4cdc-a824-bd628d5bd0e9"}]}
2026-05-18 01:51:21.834 8 INFO neutron.services.segments.plugin [-] Segment d9d3556a-9959-40b8-a73d-d5e88bde173c resource provider not found; error: Placement Client Error (4xx): {"errors": [{"status": 404, "title": "Not Found", "detail": "The resource could not be found.\n\n No resource provider with uuid d9d3556a-9959-40b8-a73d-d5e88bde173c found for delete ", "request_id": "req-47d14b8f-8a6d-4b79-9567-8646849b2d0e"}]}
2026-05-18 01:51:21.854 8 INFO neutron.services.segments.plugin [-] Segment ee0417df-631e-4680-a869-382acfef4b79 resource provider aggregate not found
2026-05-18 01:51:21.861 8 INFO neutron.services.segments.plugin [-] Segment ee0417df-631e-4680-a869-382acfef4b79 resource provider aggregate not found
2026-05-18 01:51:21.876 8 INFO neutron.services.segments.plugin [-] Segment ee0417df-631e-4680-a869-382acfef4b79 resource provider not found; error: Placement Client Error (4xx): {"errors": [{"status": 404, "title": "Not Found", "detail": "The resource could not be found.\n\n No resource provider with uuid ee0417df-631e-4680-a869-382acfef4b79 found for delete ", "request_id": "req-0f683f4c-5345-4cb1-aeb6-3ab776fa5e7b"}]}
2026-05-18 01:51:21.880 8 INFO neutron.services.segments.plugin [-] Segment ee0417df-631e-4680-a869-382acfef4b79 resource provider not found; error: Placement Client Error (4xx): {"errors": [{"status": 404, "title": "Not Found", "detail": "The resource could not be found.\n\n No resource provider with uuid ee0417df-631e-4680-a869-382acfef4b79 found for delete ", "request_id": "req-42559df8-81f7-4a98-b720-1f0201698529"}]} [pid: 9|app: 0|req: 866/1961] 10.0.0.163 () {32 vars in 694 bytes} [Mon May 18 01:51:21 2026] GET /v2.0/networks?router%3Aexternal=True => generated 753 bytes in 124 msecs (HTTP/1.1 200) 4 headers in 157 bytes (1 switches on core 0)
2026-05-18 01:51:22.039 8 WARNING neutron.scheduler.dhcp_agent_scheduler [None req-e16020fe-46de-417d-982d-4dacd57e4757 897370e70f074a7089a69997c9ad8c93 6bd7e2bccaa74b42b36bde920ae9897b - - default default] No more DHCP agents
2026-05-18 01:51:22.040 8 WARNING neutron.api.rpc.agentnotifiers.dhcp_rpc_agent_api [None req-e16020fe-46de-417d-982d-4dacd57e4757 897370e70f074a7089a69997c9ad8c93 6bd7e2bccaa74b42b36bde920ae9897b - - default default] Unable to schedule network e603a41e-e9a4-46ae-9e4e-e57547508371: no agents available; will retry on subsequent port and subnet creation events. [pid: 9|app: 0|req: 867/1962] 10.0.0.163 () {32 vars in 774 bytes} [Mon May 18 01:51:21 2026] GET /v2.0/security-groups?tenant_id=f4dbb32c8d554d6789b9968f24f2dff9&name=default => generated 2925 bytes in 216 msecs (HTTP/1.1 200) 4 headers in 158 bytes (1 switches on core 0)
2026-05-18 01:51:22.169 8 INFO neutron.db.ovn_revision_numbers_db [None req-e16020fe-46de-417d-982d-4dacd57e4757 897370e70f074a7089a69997c9ad8c93 6bd7e2bccaa74b42b36bde920ae9897b - - default default] Successfully bumped revision number for resource 95407818-c427-48ad-bcd2-80e89219058d (type: ports) to 1 [pid: 8|app: 0|req: 1096/1963] 10.0.0.163 () {34 vars in 670 bytes} [Mon May 18 01:51:21 2026] POST /v2.0/networks => generated 635 bytes in 667 msecs (HTTP/1.1 201) 4 headers in 162 bytes (1 switches on core 0) [pid: 9|app: 0|req: 868/1964] 10.0.0.163 () {32 vars in 784 bytes} [Mon May 18 01:51:22 2026] GET /v2.0/subnets?network_id=ef0f75f6-e8c4-45d2-81fa-3d4cab330354&cidr=10.100.0.0%2F28 => generated 14 bytes in 61 msecs (HTTP/1.1 200) 4 headers in 156 bytes (1 switches on core 0) [pid: 8|app: 0|req: 1097/1965] 10.0.0.163 () {32 vars in 740 bytes} [Mon May 18 01:51:22 2026] DELETE /v2.0/security-groups/2dfedb8e-e0b6-4f99-8160-17e3fc1fc1de => generated 0 bytes in 287 msecs (HTTP/1.1 204) 2 headers in 112 bytes (1 switches on core 0)
2026-05-18 01:51:22.668 8 WARNING neutron.scheduler.dhcp_agent_scheduler [None req-1b512d0d-221f-4caa-93d6-95bfa0130c70 23285380e1224a3b89634b6b94da2754 e364a0a66a9a45288d27e9bd89902006 - - default default] No more DHCP agents
2026-05-18 01:51:22.676 8 WARNING neutron.api.rpc.agentnotifiers.dhcp_rpc_agent_api [None req-1b512d0d-221f-4caa-93d6-95bfa0130c70 23285380e1224a3b89634b6b94da2754 e364a0a66a9a45288d27e9bd89902006 - - default default] Unable to schedule network 442c519b-6ff1-4717-b8a0-ef08b35a372e: no agents available; will retry on subsequent port and subnet creation events.
2026-05-18 01:51:22.718 9 WARNING neutron.scheduler.dhcp_agent_scheduler [None req-36f50b44-04c9-4337-9c67-80fd5411ed99 897370e70f074a7089a69997c9ad8c93 6bd7e2bccaa74b42b36bde920ae9897b - - default default] No more DHCP agents
2026-05-18 01:51:22.721 9 WARNING neutron.api.rpc.agentnotifiers.dhcp_rpc_agent_api [None req-36f50b44-04c9-4337-9c67-80fd5411ed99 897370e70f074a7089a69997c9ad8c93 6bd7e2bccaa74b42b36bde920ae9897b - - default default] Unable to schedule network e603a41e-e9a4-46ae-9e4e-e57547508371: no agents available; will retry on subsequent port and subnet creation events.
2026-05-18 01:51:22.727 9 INFO neutron.db.ovn_revision_numbers_db [None req-79fd8071-909f-493c-9df5-367b86a26e44 - - - - - -] Successfully bumped revision number for resource 6a9a1902-33cd-48b2-8eb5-e6349c2c442f (type: ports) to 4
2026-05-18 01:51:22.796 9 INFO neutron.db.ovn_revision_numbers_db [None req-36f50b44-04c9-4337-9c67-80fd5411ed99 897370e70f074a7089a69997c9ad8c93 6bd7e2bccaa74b42b36bde920ae9897b - - default default] Successfully bumped revision number for resource b0616435-6339-4796-8655-f1142fe57ddc (type: subnets) to 0 [pid: 9|app: 0|req: 869/1966] 10.0.0.163 () {34 vars in 669 bytes} [Mon May 18 01:51:22 2026] POST /v2.0/subnets => generated 646 bytes in 601 msecs (HTTP/1.1 201) 4 headers in 162 bytes (1 switches on core 0)
2026-05-18 01:51:23.089 9 INFO neutron.db.ovn_revision_numbers_db [None req-cd82ebb9-7523-4850-8114-c32476e70eab 2e41360efec94f78950b8106cf45b7e4 a33ebecdda3143f299543c12bbb7a81c - - default default] Successfully bumped revision number for resource a280e6c6-8fba-449f-8028-9868c68e248d (type: security_groups) to 1
2026-05-18 01:51:23.112 9 INFO neutron.db.ovn_revision_numbers_db [None req-cd82ebb9-7523-4850-8114-c32476e70eab 2e41360efec94f78950b8106cf45b7e4 a33ebecdda3143f299543c12bbb7a81c - - default default] Successfully bumped revision number for resource 40ad9d93-a12f-4e09-9b73-021cf022046e (type: security_group_rules) to 0
2026-05-18 01:51:23.147 9 INFO neutron.db.ovn_revision_numbers_db [None req-cd82ebb9-7523-4850-8114-c32476e70eab 2e41360efec94f78950b8106cf45b7e4 a33ebecdda3143f299543c12bbb7a81c - - default default] Successfully bumped revision number for resource b0e39cd6-7d23-46f2-843c-7f071ad7504c (type: security_group_rules) to 0
2026-05-18 01:51:23.209 9 INFO neutron.db.ovn_revision_numbers_db [None req-cd82ebb9-7523-4850-8114-c32476e70eab 2e41360efec94f78950b8106cf45b7e4 a33ebecdda3143f299543c12bbb7a81c - - default default] Successfully bumped revision number for resource cbee0373-5069-467e-bd84-7c6f428c6ef0 (type: security_group_rules) to 0
2026-05-18 01:51:23.236 8 INFO neutron.db.ovn_revision_numbers_db [None req-4957b843-fbaa-43bb-83ce-0a2ddada9840 - - - - - -] Successfully bumped revision number for resource e6a94411-9f84-4b9f-ae51-4a46049e225e (type: ports) to 2
2026-05-18 01:51:23.259 9 INFO neutron.db.ovn_revision_numbers_db [None req-cd82ebb9-7523-4850-8114-c32476e70eab 2e41360efec94f78950b8106cf45b7e4 a33ebecdda3143f299543c12bbb7a81c - - default default] Successfully bumped revision number for resource e2fe92e7-ecf5-4613-9981-250ffd9d135d (type: security_group_rules) to 0
2026-05-18 01:51:23.286 8 INFO neutron.db.ovn_revision_numbers_db [None req-4957b843-fbaa-43bb-83ce-0a2ddada9840 - - - - - -] Successfully bumped revision number for resource f94746d1-d55d-44d1-9c22-31591b710207 (type: subnets) to 0 [pid: 8|app: 0|req: 1098/1967] 10.0.0.163 () {34 vars in 669 bytes} [Mon May 18 01:51:22 2026] POST /v2.0/subnets => generated 656 bytes in 839 msecs (HTTP/1.1 201) 4 headers in 162 bytes (1 switches on core 0) [pid: 9|app: 0|req: 870/1968] 10.0.0.163 () {32 vars in 774 bytes} [Mon May 18 01:51:22 2026] GET /v2.0/security-groups?tenant_id=ff1fe5b54970409399bf0e8d6a253efb&name=default => generated 2925 bytes in 559 msecs (HTTP/1.1 200) 4 headers in 158 bytes (1 switches on core 0)
2026-05-18 01:51:23.400 9 INFO neutron.db.ovn_revision_numbers_db [None req-79fd8071-909f-493c-9df5-367b86a26e44 - - - - - -] Successfully bumped revision number for resource 6a9a1902-33cd-48b2-8eb5-e6349c2c442f (type: ports) to 5 [pid: 9|app: 0|req: 871/1969] 10.0.0.42 () {34 vars in 989 bytes} [Mon May 18 01:51:23 2026] GET /v2.0/ports?device_id=2f267958-dee3-4ffc-b1e1-e319bfa51bfc => generated 1010 bytes in 142 msecs (HTTP/1.1 200) 4 headers in 158 bytes (1 switches on core 0)
2026-05-18 01:51:23.597 8 WARNING neutron.scheduler.dhcp_agent_scheduler [None req-65c436ae-30a9-4eca-a0f3-46d4dd615ac7 897370e70f074a7089a69997c9ad8c93 6bd7e2bccaa74b42b36bde920ae9897b - - default default] No more DHCP agents
2026-05-18 01:51:23.598 8 WARNING neutron.api.rpc.agentnotifiers.dhcp_rpc_agent_api [None req-65c436ae-30a9-4eca-a0f3-46d4dd615ac7 897370e70f074a7089a69997c9ad8c93 6bd7e2bccaa74b42b36bde920ae9897b - - default default] Unable to schedule network e603a41e-e9a4-46ae-9e4e-e57547508371: no agents available; will retry on subsequent port and subnet creation events.
2026-05-18 01:51:23.749 8 INFO neutron.db.ovn_revision_numbers_db [None req-65c436ae-30a9-4eca-a0f3-46d4dd615ac7 897370e70f074a7089a69997c9ad8c93 6bd7e2bccaa74b42b36bde920ae9897b - - default default] Successfully bumped revision number for resource affadecf-1692-46b8-ba22-a4166dd8debd (type: ports) to 1 [pid: 8|app: 0|req: 1099/1970] 10.0.0.163 () {34 vars in 665 bytes} [Mon May 18 01:51:23 2026] POST /v2.0/ports => generated 927 bytes in 479 msecs (HTTP/1.1 201) 4 headers in 162 bytes (1 switches on core 0) [pid: 8|app: 0|req: 1100/1971] 10.0.0.163 () {32 vars in 740 bytes} [Mon May 18 01:51:23 2026] DELETE /v2.0/security-groups/a280e6c6-8fba-449f-8028-9868c68e248d => generated 0 bytes in 268 msecs (HTTP/1.1 204) 2 headers in 112 bytes (1 switches on core 0) [pid: 8|app: 0|req: 1101/1972] 10.0.0.42 () {34 vars in 1119 bytes} [Mon May 18 01:51:24 2026] GET /v2.0/security-groups?id=5205798e-ab29-4d62-b742-33ab1c7ad713&id=1ee6c0d2-59d2-4d82-80df-dfa89ce89c7c&fields=id&fields=name => generated 206 bytes in 31 msecs (HTTP/1.1 200) 4 headers in 157 bytes (1 switches on core 0)
2026-05-18 01:51:24.112 9 INFO neutron.plugins.ml2.drivers.ovn.mech_driver.mech_driver [None req-c1dc1742-951c-4b4e-916e-c4e8c9509b40 - - - - - -] OVN reports status down for port: 95407818-c427-48ad-bcd2-80e89219058d
2026-05-18 01:51:24.201 9 WARNING neutron.scheduler.dhcp_agent_scheduler [None req-80e81abe-7a1b-4e2c-9939-c7259fa35a71 23285380e1224a3b89634b6b94da2754 e364a0a66a9a45288d27e9bd89902006 - - default default] No more DHCP agents
2026-05-18 01:51:24.206 9 WARNING neutron.api.rpc.agentnotifiers.dhcp_rpc_agent_api [None req-80e81abe-7a1b-4e2c-9939-c7259fa35a71 23285380e1224a3b89634b6b94da2754 e364a0a66a9a45288d27e9bd89902006 - - default default] Unable to schedule network 442c519b-6ff1-4717-b8a0-ef08b35a372e: no agents available; will retry on subsequent port and subnet creation events.
2026-05-18 01:51:24.228 9 INFO neutron.plugins.ml2.drivers.ovn.mech_driver.mech_driver [None req-c1dc1742-951c-4b4e-916e-c4e8c9509b40 - - - - - -] OVN reports status down for port: affadecf-1692-46b8-ba22-a4166dd8debd
2026-05-18 01:51:24.231 8 INFO neutron_taas.services.taas.taas_plugin [None req-314f8bac-3570-4570-853d-9f3d6f133a66 897370e70f074a7089a69997c9ad8c93 6bd7e2bccaa74b42b36bde920ae9897b - - default default] TaaS: Handle Delete Port: affadecf-1692-46b8-ba22-a4166dd8debd
2026-05-18 01:51:24.234 8 INFO neutron_taas.services.taas.tap_mirror_plugin [None req-314f8bac-3570-4570-853d-9f3d6f133a66 897370e70f074a7089a69997c9ad8c93 6bd7e2bccaa74b42b36bde920ae9897b - - default default] Tap Mirror: Handle Delete Port: affadecf-1692-46b8-ba22-a4166dd8debd [pid: 8|app: 0|req: 1102/1973] 10.0.0.163 () {32 vars in 720 bytes} [Mon May 18 01:51:24 2026] DELETE /v2.0/ports/affadecf-1692-46b8-ba22-a4166dd8debd => generated 0 bytes in 287 msecs (HTTP/1.1 204) 3 headers in 131 bytes (1 switches on core 0)
2026-05-18 01:51:24.383 9 ERROR ovsdbapp.backend.ovs_idl.command [None req-c1dc1742-951c-4b4e-916e-c4e8c9509b40 - - - - - -] Error executing command (LspGetUpCommand): ovsdbapp.backend.ovs_idl.idlutils.RowNotFound: Cannot find Logical_Switch_Port with name=affadecf-1692-46b8-ba22-a4166dd8debd
2026-05-18 01:51:24.383 9 ERROR ovsdbapp.backend.ovs_idl.command
Traceback (most recent call last):
2026-05-18 01:51:24.383 9 ERROR ovsdbapp.backend.ovs_idl.command
File "/var/lib/openstack/lib/python3.12/site-packages/ovsdbapp/backend/ovs_idl/command.py", line 47, in execute
2026-05-18 01:51:24.383 9 ERROR ovsdbapp.backend.ovs_idl.command self.run_idl(None)
2026-05-18 01:51:24.383 9 ERROR ovsdbapp.backend.ovs_idl.command
File "/var/lib/openstack/lib/python3.12/site-packages/ovsdbapp/schema/ovn_northbound/commands.py", line 681, in run_idl
2026-05-18 01:51:24.383 9 ERROR ovsdbapp.backend.ovs_idl.command lsp = self.api.lookup('Logical_Switch_Port', self.port)
2026-05-18 01:51:24.383 9 ERROR ovsdbapp.backend.ovs_idl.command ^^^^^^^^^^^^^^^^^^^^^^^^^^^^^^^^^^^^^^^^^^^^^^^^^
2026-05-18 01:51:24.383 9 ERROR ovsdbapp.backend.ovs_idl.command
File "/var/lib/openstack/lib/python3.12/site-packages/ovsdbapp/backend/ovs_idl/__init__.py", line 184, in lookup
2026-05-18 01:51:24.383 9 ERROR ovsdbapp.backend.ovs_idl.command return self._lookup(table, record)
2026-05-18 01:51:24.383 9 ERROR ovsdbapp.backend.ovs_idl.command ^^^^^^^^^^^^^^^^^^^^^^^^^^^
2026-05-18 01:51:24.383 9 ERROR ovsdbapp.backend.ovs_idl.command
File "/var/lib/openstack/lib/python3.12/site-packages/ovsdbapp/backend/ovs_idl/__init__.py", line 235, in _lookup
2026-05-18 01:51:24.383 9 ERROR ovsdbapp.backend.ovs_idl.command row = idlutils.row_by_value(self, rl.table, rl.column, record)
2026-05-18 01:51:24.383 9 ERROR ovsdbapp.backend.ovs_idl.command ^^^^^^^^^^^^^^^^^^^^^^^^^^^^^^^^^^^^^^^^^^^^^^^^^^^^^^^^
2026-05-18 01:51:24.383 9 ERROR ovsdbapp.backend.ovs_idl.command
File "/var/lib/openstack/lib/python3.12/site-packages/ovsdbapp/backend/ovs_idl/idlutils.py", line 114, in row_by_value
2026-05-18 01:51:24.383 9 ERROR ovsdbapp.backend.ovs_idl.command raise RowNotFound(table=table, col=column, match=match)
2026-05-18 01:51:24.383 9 ERROR ovsdbapp.backend.ovs_idl.command ovsdbapp.backend.ovs_idl.idlutils.RowNotFound: Cannot find Logical_Switch_Port with name=affadecf-1692-46b8-ba22-a4166dd8debd
2026-05-18 01:51:24.383 9 ERROR ovsdbapp.backend.ovs_idl.command
2026-05-18 01:51:24.410 9 ERROR ovsdbapp.event [None req-c1dc1742-951c-4b4e-916e-c4e8c9509b40 - - - - - -] Unexpected exception in notify_loop: ovsdbapp.backend.ovs_idl.idlutils.RowNotFound: Cannot find Logical_Switch_Port with name=affadecf-1692-46b8-ba22-a4166dd8debd
2026-05-18 01:51:24.410 9 ERROR ovsdbapp.event
Traceback (most recent call last):
2026-05-18 01:51:24.410 9 ERROR ovsdbapp.event
File "/var/lib/openstack/lib/python3.12/site-packages/ovsdbapp/event.py", line 177, in notify_loop
2026-05-18 01:51:24.410 9 ERROR ovsdbapp.event match.run(event, row, updates)
2026-05-18 01:51:24.410 9 ERROR ovsdbapp.event
File "/var/lib/openstack/lib/python3.12/site-packages/neutron/plugins/ml2/drivers/ovn/mech_driver/ovsdb/ovsdb_monitor.py", line 481, in run
2026-05-18 01:51:24.410 9 ERROR ovsdbapp.event self.driver.set_port_status_down(row.name)
2026-05-18 01:51:24.410 9 ERROR ovsdbapp.event
File "/var/lib/openstack/lib/python3.12/site-packages/neutron/plugins/ml2/drivers/ovn/mech_driver/mech_driver.py", line 1386, in set_port_status_down
2026-05-18 01:51:24.410 9 ERROR ovsdbapp.event self._ovn_client.update_lsp_host_info(
2026-05-18 01:51:24.410 9 ERROR ovsdbapp.event
File "/var/lib/openstack/lib/python3.12/site-packages/neutron/plugins/ml2/drivers/ovn/mech_driver/ovsdb/ovn_client.py", line 312, in update_lsp_host_info
2026-05-18 01:51:24.410 9 ERROR ovsdbapp.event port_up = self._nb_idl.lsp_get_up(db_port.id).execute(
2026-05-18 01:51:24.410 9 ERROR ovsdbapp.event ^^^^^^^^^^^^^^^^^^^^^^^^^^^^^^^^^^^^^^^^^^^^
2026-05-18 01:51:24.410 9 ERROR ovsdbapp.event
File "/var/lib/openstack/lib/python3.12/site-packages/ovsdbapp/backend/ovs_idl/command.py", line 47, in execute
2026-05-18 01:51:24.410 9 ERROR ovsdbapp.event self.run_idl(None)
2026-05-18 01:51:24.410 9 ERROR ovsdbapp.event
File "/var/lib/openstack/lib/python3.12/site-packages/ovsdbapp/schema/ovn_northbound/commands.py", line 681, in run_idl
2026-05-18 01:51:24.410 9 ERROR ovsdbapp.event lsp = self.api.lookup('Logical_Switch_Port', self.port)
2026-05-18 01:51:24.410 9 ERROR ovsdbapp.event ^^^^^^^^^^^^^^^^^^^^^^^^^^^^^^^^^^^^^^^^^^^^^^^^^
2026-05-18 01:51:24.410 9 ERROR ovsdbapp.event
File "/var/lib/openstack/lib/python3.12/site-packages/ovsdbapp/backend/ovs_idl/__init__.py", line 184, in lookup
2026-05-18 01:51:24.410 9 ERROR ovsdbapp.event return self._lookup(table, record)
2026-05-18 01:51:24.410 9 ERROR ovsdbapp.event ^^^^^^^^^^^^^^^^^^^^^^^^^^^
2026-05-18 01:51:24.410 9 ERROR ovsdbapp.event
File "/var/lib/openstack/lib/python3.12/site-packages/ovsdbapp/backend/ovs_idl/__init__.py", line 235, in _lookup
2026-05-18 01:51:24.410 9 ERROR ovsdbapp.event row = idlutils.row_by_value(self, rl.table, rl.column, record)
2026-05-18 01:51:24.410 9 ERROR ovsdbapp.event ^^^^^^^^^^^^^^^^^^^^^^^^^^^^^^^^^^^^^^^^^^^^^^^^^^^^^^^^
2026-05-18 01:51:24.410 9 ERROR ovsdbapp.event
File "/var/lib/openstack/lib/python3.12/site-packages/ovsdbapp/backend/ovs_idl/idlutils.py", line 114, in row_by_value
2026-05-18 01:51:24.410 9 ERROR ovsdbapp.event raise RowNotFound(table=table, col=column, match=match)
2026-05-18 01:51:24.410 9 ERROR ovsdbapp.event ovsdbapp.backend.ovs_idl.idlutils.RowNotFound: Cannot find Logical_Switch_Port with name=affadecf-1692-46b8-ba22-a4166dd8debd
2026-05-18 01:51:24.410 9 ERROR ovsdbapp.event
2026-05-18 01:51:24.438 9 INFO neutron.plugins.ml2.drivers.ovn.mech_driver.mech_driver [None req-c1dc1742-951c-4b4e-916e-c4e8c9509b40 - - - - - -] OVN reports status down for port: c895d8c1-a40d-48d4-8ed4-c638f02a5206
2026-05-18 01:51:24.501 9 INFO neutron.db.ovn_revision_numbers_db [None req-80e81abe-7a1b-4e2c-9939-c7259fa35a71 23285380e1224a3b89634b6b94da2754 e364a0a66a9a45288d27e9bd89902006 - - default default] Successfully bumped revision number for resource c895d8c1-a40d-48d4-8ed4-c638f02a5206 (type: ports) to 1 [pid: 8|app: 0|req: 1103/1974] 10.0.0.163 () {32 vars in 736 bytes} [Mon May 18 01:51:24 2026] GET /v2.0/ports?device_id=2f267958-dee3-4ffc-b1e1-e319bfa51bfc => generated 1248 bytes in 221 msecs (HTTP/1.1 200) 4 headers in 158 bytes (1 switches on core 0)
2026-05-18 01:51:24.788 8 INFO neutron.db.ovn_revision_numbers_db [None req-3f641364-3493-4d88-9bc6-5684affdd5c0 2e41360efec94f78950b8106cf45b7e4 a33ebecdda3143f299543c12bbb7a81c - - default default] Successfully bumped revision number for resource f607af88-bb48-451b-8f30-4a20b37f819c (type: security_groups) to 1
2026-05-18 01:51:24.798 8 INFO neutron.db.ovn_revision_numbers_db [None req-3f641364-3493-4d88-9bc6-5684affdd5c0 2e41360efec94f78950b8106cf45b7e4 a33ebecdda3143f299543c12bbb7a81c - - default default] Successfully bumped revision number for resource 1b177890-2c10-45bb-80a9-09241e5806ba (type: security_group_rules) to 0
