2026-05-18 01:51:46.784 8 INFO neutron.notifiers.nova [-] Nova event matching ['req-82ac3ee3-a689-420a-8613-1fc7997c5b5f'] response: {'name': 'network-changed', 'server_uuid': 'ea1a8044-98fa-415d-9f8f-339a6d112eb7', 'tag': 'f1eb69f1-0404-4dda-87b8-dbccf021d327', 'status': 'completed', 'code': 200} [pid: 9|app: 0|req: 937/2136] 10.0.0.163 () {32 vars in 729 bytes} [Mon May 18 01:51:46 2026] GET /v2.0/floatingips/8f232384-8929-4d42-9378-dfe3a7ae7547 => generated 858 bytes in 52 msecs (HTTP/1.1 200) 4 headers in 157 bytes (1 switches on core 0) [pid: 8|app: 0|req: 1200/2137] 199.204.45.109 () {34 vars in 1080 bytes} [Mon May 18 01:51:47 2026] GET /v2.0/ports?tenant_id=e364a0a66a9a45288d27e9bd89902006&device_id=ea1a8044-98fa-415d-9f8f-339a6d112eb7 => generated 1213 bytes in 36 msecs (HTTP/1.1 200) 4 headers in 158 bytes (1 switches on core 0) [pid: 9|app: 0|req: 938/2138] 199.204.45.109 () {34 vars in 986 bytes} [Mon May 18 01:51:47 2026] GET /v2.0/networks?id=442c519b-6ff1-4717-b8a0-ef08b35a372e => generated 760 bytes in 52 msecs (HTTP/1.1 200) 4 headers in 157 bytes (1 switches on core 0) [pid: 8|app: 0|req: 1201/2139] 199.204.45.109 () {34 vars in 1060 bytes} [Mon May 18 01:51:47 2026] GET /v2.0/floatingips?fixed_ip_address=10.100.0.14&port_id=f1eb69f1-0404-4dda-87b8-dbccf021d327 => generated 861 bytes in 37 msecs (HTTP/1.1 200) 4 headers in 157 bytes (1 switches on core 0) [pid: 9|app: 0|req: 939/2140] 199.204.45.109 () {34 vars in 984 bytes} [Mon May 18 01:51:47 2026] GET /v2.0/subnets?id=f94746d1-d55d-44d1-9c22-31591b710207 => generated 677 bytes in 30 msecs (HTTP/1.1 200) 4 headers in 157 bytes (1 switches on core 0) [pid: 8|app: 0|req: 1202/2141] 199.204.45.109 () {34 vars in 1052 bytes} [Mon May 18 01:51:47 2026] GET /v2.0/ports?network_id=442c519b-6ff1-4717-b8a0-ef08b35a372e&device_owner=network%3Adhcp => generated 12 bytes in 20 msecs (HTTP/1.1 200) 4 headers in 156 bytes (1 switches on core 0) [pid: 9|app: 0|req: 940/2142] 199.204.45.109 () {34 vars in 1012 bytes} [Mon May 18 01:51:47 2026] GET /v2.0/networks/442c519b-6ff1-4717-b8a0-ef08b35a372e?fields=segments => generated 14 bytes in 48 msecs (HTTP/1.1 200) 4 headers in 156 bytes (1 switches on core 0) [pid: 8|app: 0|req: 1203/2143] 199.204.45.109 () {34 vars in 1112 bytes} [Mon May 18 01:51:47 2026] GET /v2.0/networks/442c519b-6ff1-4717-b8a0-ef08b35a372e?fields=provider%3Aphysical_network&fields=provider%3Anetwork_type => generated 79 bytes in 46 msecs (HTTP/1.1 200) 4 headers in 156 bytes (1 switches on core 0)
2026-05-18 01:51:48.875 9 INFO neutron.db.ovn_revision_numbers_db [None req-a622071a-f271-4334-9661-9a59ed15f410 488c90bbc0e742ee950beda16d61cfa6 4fa0d16eea894444afcec3031c9c6e60 - - default default] Successfully bumped revision number for resource 0e6e05d5-221f-4678-a991-d7e76a85433f (type: security_groups) to 1
2026-05-18 01:51:48.888 9 INFO neutron.db.ovn_revision_numbers_db [None req-a622071a-f271-4334-9661-9a59ed15f410 488c90bbc0e742ee950beda16d61cfa6 4fa0d16eea894444afcec3031c9c6e60 - - default default] Successfully bumped revision number for resource 02992b8f-5cf2-4d8a-b161-7747557954f2 (type: security_group_rules) to 0
2026-05-18 01:51:48.903 9 INFO neutron.db.ovn_revision_numbers_db [None req-a622071a-f271-4334-9661-9a59ed15f410 488c90bbc0e742ee950beda16d61cfa6 4fa0d16eea894444afcec3031c9c6e60 - - default default] Successfully bumped revision number for resource 08ac9eb4-5106-42a3-84a1-01af2c250d5b (type: security_group_rules) to 0
2026-05-18 01:51:48.915 9 INFO neutron.db.ovn_revision_numbers_db [None req-a622071a-f271-4334-9661-9a59ed15f410 488c90bbc0e742ee950beda16d61cfa6 4fa0d16eea894444afcec3031c9c6e60 - - default default] Successfully bumped revision number for resource 26bf69b1-002c-435c-8683-a4be2ed5f862 (type: security_group_rules) to 0
2026-05-18 01:51:48.927 9 INFO neutron.db.ovn_revision_numbers_db [None req-a622071a-f271-4334-9661-9a59ed15f410 488c90bbc0e742ee950beda16d61cfa6 4fa0d16eea894444afcec3031c9c6e60 - - default default] Successfully bumped revision number for resource 99ab85ce-68f8-4ef1-bf28-0db714f9ac3d (type: security_group_rules) to 0
2026-05-18 01:51:49.010 9 INFO neutron.db.segments_db [None req-a622071a-f271-4334-9661-9a59ed15f410 488c90bbc0e742ee950beda16d61cfa6 4fa0d16eea894444afcec3031c9c6e60 - - default default] Added segment 1e8a4dbf-49e1-4d23-af91-9578e6be8bcb of type geneve for network a3034d6e-c87f-4341-8699-7c52f33ba0eb
2026-05-18 01:51:49.136 9 INFO neutron.db.ovn_revision_numbers_db [None req-a622071a-f271-4334-9661-9a59ed15f410 488c90bbc0e742ee950beda16d61cfa6 4fa0d16eea894444afcec3031c9c6e60 - - default default] Successfully bumped revision number for resource a3034d6e-c87f-4341-8699-7c52f33ba0eb (type: networks) to 1
2026-05-18 01:51:49.292 9 WARNING neutron.scheduler.dhcp_agent_scheduler [None req-a622071a-f271-4334-9661-9a59ed15f410 488c90bbc0e742ee950beda16d61cfa6 4fa0d16eea894444afcec3031c9c6e60 - - default default] No more DHCP agents
2026-05-18 01:51:49.295 9 WARNING neutron.api.rpc.agentnotifiers.dhcp_rpc_agent_api [None req-a622071a-f271-4334-9661-9a59ed15f410 488c90bbc0e742ee950beda16d61cfa6 4fa0d16eea894444afcec3031c9c6e60 - - default default] Unable to schedule network a3034d6e-c87f-4341-8699-7c52f33ba0eb: no agents available; will retry on subsequent port and subnet creation events.
2026-05-18 01:51:49.356 9 INFO neutron.plugins.ml2.drivers.ovn.mech_driver.mech_driver [None req-a198a876-3235-4a04-8a72-e3077eca5b23 - - - - - -] OVN reports status down for port: 7e4f3fc1-485f-4842-9f7a-30aabd18d84a
2026-05-18 01:51:49.421 9 INFO neutron.db.ovn_revision_numbers_db [None req-a622071a-f271-4334-9661-9a59ed15f410 488c90bbc0e742ee950beda16d61cfa6 4fa0d16eea894444afcec3031c9c6e60 - - default default] Successfully bumped revision number for resource 7e4f3fc1-485f-4842-9f7a-30aabd18d84a (type: ports) to 1 [pid: 9|app: 0|req: 941/2144] 10.0.0.163 () {34 vars in 670 bytes} [Mon May 18 01:51:48 2026] POST /v2.0/networks => generated 730 bytes in 941 msecs (HTTP/1.1 201) 4 headers in 162 bytes (1 switches on core 0)
2026-05-18 01:51:49.594 8 WARNING neutron.scheduler.dhcp_agent_scheduler [None req-698dbdca-83d8-4e54-a7af-46b52ec43e98 488c90bbc0e742ee950beda16d61cfa6 4fa0d16eea894444afcec3031c9c6e60 - - default default] No more DHCP agents
2026-05-18 01:51:49.596 8 WARNING neutron.api.rpc.agentnotifiers.dhcp_rpc_agent_api [None req-698dbdca-83d8-4e54-a7af-46b52ec43e98 488c90bbc0e742ee950beda16d61cfa6 4fa0d16eea894444afcec3031c9c6e60 - - default default] Unable to schedule network a3034d6e-c87f-4341-8699-7c52f33ba0eb: no agents available; will retry on subsequent port and subnet creation events.
2026-05-18 01:51:49.913 9 INFO neutron.db.ovn_revision_numbers_db [None req-9b2b8f4f-be59-4a8d-b8ea-a61b7d39214f 2e41360efec94f78950b8106cf45b7e4 a33ebecdda3143f299543c12bbb7a81c - - default default] Successfully bumped revision number for resource a06b4ad8-ccde-4932-b30a-070e44d69621 (type: security_groups) to 1
2026-05-18 01:51:49.927 9 INFO neutron.db.ovn_revision_numbers_db [None req-9b2b8f4f-be59-4a8d-b8ea-a61b7d39214f 2e41360efec94f78950b8106cf45b7e4 a33ebecdda3143f299543c12bbb7a81c - - default default] Successfully bumped revision number for resource 0f5fc418-561c-45b5-ab39-e7429742965e (type: security_group_rules) to 0
2026-05-18 01:51:49.945 9 INFO neutron.db.ovn_revision_numbers_db [None req-9b2b8f4f-be59-4a8d-b8ea-a61b7d39214f 2e41360efec94f78950b8106cf45b7e4 a33ebecdda3143f299543c12bbb7a81c - - default default] Successfully bumped revision number for resource 7fbf6479-fa6f-45f1-83b9-2ca7c5ae785e (type: security_group_rules) to 0
2026-05-18 01:51:49.960 9 INFO neutron.db.ovn_revision_numbers_db [None req-9b2b8f4f-be59-4a8d-b8ea-a61b7d39214f 2e41360efec94f78950b8106cf45b7e4 a33ebecdda3143f299543c12bbb7a81c - - default default] Successfully bumped revision number for resource cd3b90e6-457e-41ee-b9b0-618456335bda (type: security_group_rules) to 0
2026-05-18 01:51:49.979 9 INFO neutron.db.ovn_revision_numbers_db [None req-9b2b8f4f-be59-4a8d-b8ea-a61b7d39214f 2e41360efec94f78950b8106cf45b7e4 a33ebecdda3143f299543c12bbb7a81c - - default default] Successfully bumped revision number for resource e8fbd3eb-1cd6-4999-9204-412e8437a5d3 (type: security_group_rules) to 0 [pid: 9|app: 0|req: 942/2145] 10.0.0.163 () {32 vars in 774 bytes} [Mon May 18 01:51:49 2026] GET /v2.0/security-groups?tenant_id=8110d412d566480ba05a15bf730e75ca&name=default => generated 2925 bytes in 427 msecs (HTTP/1.1 200) 4 headers in 158 bytes (1 switches on core 0)
2026-05-18 01:51:50.129 8 INFO neutron.db.ovn_revision_numbers_db [None req-42cbb3f6-94a3-4b92-bd9b-9bdd9e4e97f1 - - - - - -] Successfully bumped revision number for resource 7e4f3fc1-485f-4842-9f7a-30aabd18d84a (type: ports) to 2
2026-05-18 01:51:50.160 8 INFO neutron.db.ovn_revision_numbers_db [None req-42cbb3f6-94a3-4b92-bd9b-9bdd9e4e97f1 - - - - - -] Successfully bumped revision number for resource 35bce6f0-4eff-424d-97f9-e983f5e1f065 (type: subnets) to 0 [pid: 8|app: 0|req: 1204/2146] 10.0.0.163 () {34 vars in 669 bytes} [Mon May 18 01:51:49 2026] POST /v2.0/subnets => generated 644 bytes in 711 msecs (HTTP/1.1 201) 4 headers in 162 bytes (1 switches on core 0)
2026-05-18 01:51:50.277 9 INFO neutron.db.ovn_revision_numbers_db [None req-eb1ac995-3532-4f8f-90e9-723a06f62be2 66c8ac051327420da0a2017f08145182 aa5dcf466d6f49a59625652ac9c8f1fc - - default default] Successfully bumped revision number for resource ebfd99f0-6def-4c53-b409-15785c9b1109 (type: security_groups) to 1
2026-05-18 01:51:50.288 9 INFO neutron.db.ovn_revision_numbers_db [None req-eb1ac995-3532-4f8f-90e9-723a06f62be2 66c8ac051327420da0a2017f08145182 aa5dcf466d6f49a59625652ac9c8f1fc - - default default] Successfully bumped revision number for resource 1b709e2b-e3a0-4529-9c22-7364c36dcd5b (type: security_group_rules) to 0
2026-05-18 01:51:50.303 9 INFO neutron.db.ovn_revision_numbers_db [None req-eb1ac995-3532-4f8f-90e9-723a06f62be2 66c8ac051327420da0a2017f08145182 aa5dcf466d6f49a59625652ac9c8f1fc - - default default] Successfully bumped revision number for resource 4c61cb28-805e-47df-bca4-84c9f69692be (type: security_group_rules) to 0
2026-05-18 01:51:50.321 9 INFO neutron.db.ovn_revision_numbers_db [None req-eb1ac995-3532-4f8f-90e9-723a06f62be2 66c8ac051327420da0a2017f08145182 aa5dcf466d6f49a59625652ac9c8f1fc - - default default] Successfully bumped revision number for resource 5a14ecbd-d4d5-480c-a1b1-28602849fa99 (type: security_group_rules) to 0
2026-05-18 01:51:50.335 9 INFO neutron.db.ovn_revision_numbers_db [None req-eb1ac995-3532-4f8f-90e9-723a06f62be2 66c8ac051327420da0a2017f08145182 aa5dcf466d6f49a59625652ac9c8f1fc - - default default] Successfully bumped revision number for resource ce398b45-9cbb-4c98-8d61-0551f9eed1a1 (type: security_group_rules) to 0
2026-05-18 01:51:50.425 9 INFO neutron.db.segments_db [None req-eb1ac995-3532-4f8f-90e9-723a06f62be2 66c8ac051327420da0a2017f08145182 aa5dcf466d6f49a59625652ac9c8f1fc - - default default] Added segment c3717b86-40b4-49b9-9a7d-c9a46fb0bd3f of type geneve for network 0842e132-2eda-476f-b348-7116bff68b5f [pid: 8|app: 0|req: 1205/2147] 10.0.0.163 () {32 vars in 740 bytes} [Mon May 18 01:51:50 2026] DELETE /v2.0/security-groups/a06b4ad8-ccde-4932-b30a-070e44d69621 => generated 0 bytes in 292 msecs (HTTP/1.1 204) 2 headers in 112 bytes (1 switches on core 0)
2026-05-18 01:51:50.471 8 WARNING neutron.api.v2.base [None req-1e1ffb4d-9bca-4f23-8bb7-24428538627f 488c90bbc0e742ee950beda16d61cfa6 4fa0d16eea894444afcec3031c9c6e60 - - default default] An exception happened while processing the request body. The exception message is [Invalid input for target_tenant. Reason: 'None' is not a valid string.].: webob.exc.HTTPBadRequest: Invalid input for target_tenant. Reason: 'None' is not a valid string.
2026-05-18 01:51:50.472 8 INFO neutron.api.v2.resource [None req-1e1ffb4d-9bca-4f23-8bb7-24428538627f 488c90bbc0e742ee950beda16d61cfa6 4fa0d16eea894444afcec3031c9c6e60 - - default default] create failed (client error): Invalid input for target_tenant. Reason: 'None' is not a valid string. [pid: 8|app: 0|req: 1206/2148] 10.0.0.163 () {34 vars in 681 bytes} [Mon May 18 01:51:50 2026] POST /v2.0/rbac-policies => generated 143 bytes in 5 msecs (HTTP/1.1 400) 4 headers in 166 bytes (1 switches on core 0)
2026-05-18 01:51:50.572 9 INFO neutron.db.ovn_revision_numbers_db [None req-eb1ac995-3532-4f8f-90e9-723a06f62be2 66c8ac051327420da0a2017f08145182 aa5dcf466d6f49a59625652ac9c8f1fc - - default default] Successfully bumped revision number for resource 0842e132-2eda-476f-b348-7116bff68b5f (type: networks) to 1
2026-05-18 01:51:50.638 8 INFO neutron_taas.services.taas.taas_plugin [None req-a6661e09-85e1-4eea-a03d-fcd3e5e0888f 488c90bbc0e742ee950beda16d61cfa6 4fa0d16eea894444afcec3031c9c6e60 - - default default] TaaS: Handle Delete Port: 7e4f3fc1-485f-4842-9f7a-30aabd18d84a
2026-05-18 01:51:50.641 8 INFO neutron_taas.services.taas.tap_mirror_plugin [None req-a6661e09-85e1-4eea-a03d-fcd3e5e0888f 488c90bbc0e742ee950beda16d61cfa6 4fa0d16eea894444afcec3031c9c6e60 - - default default] Tap Mirror: Handle Delete Port: 7e4f3fc1-485f-4842-9f7a-30aabd18d84a
2026-05-18 01:51:50.712 9 WARNING neutron.scheduler.dhcp_agent_scheduler [None req-eb1ac995-3532-4f8f-90e9-723a06f62be2 66c8ac051327420da0a2017f08145182 aa5dcf466d6f49a59625652ac9c8f1fc - - default default] No more DHCP agents
2026-05-18 01:51:50.713 9 WARNING neutron.api.rpc.agentnotifiers.dhcp_rpc_agent_api [None req-eb1ac995-3532-4f8f-90e9-723a06f62be2 66c8ac051327420da0a2017f08145182 aa5dcf466d6f49a59625652ac9c8f1fc - - default default] Unable to schedule network 0842e132-2eda-476f-b348-7116bff68b5f: no agents available; will retry on subsequent port and subnet creation events.
2026-05-18 01:51:50.780 9 INFO neutron.plugins.ml2.drivers.ovn.mech_driver.mech_driver [None req-a198a876-3235-4a04-8a72-e3077eca5b23 - - - - - -] OVN reports status down for port: 89edc402-9b3e-44fb-a988-f073fdccf5fd
2026-05-18 01:51:50.892 9 INFO neutron.db.ovn_revision_numbers_db [None req-eb1ac995-3532-4f8f-90e9-723a06f62be2 66c8ac051327420da0a2017f08145182 aa5dcf466d6f49a59625652ac9c8f1fc - - default default] Successfully bumped revision number for resource 89edc402-9b3e-44fb-a988-f073fdccf5fd (type: ports) to 1 [pid: 9|app: 0|req: 943/2149] 10.0.0.163 () {34 vars in 670 bytes} [Mon May 18 01:51:50 2026] POST /v2.0/networks => generated 631 bytes in 924 msecs (HTTP/1.1 201) 4 headers in 162 bytes (1 switches on core 0)
2026-05-18 01:51:50.998 8 INFO neutron.services.segments.plugin [-] Segment 1e8a4dbf-49e1-4d23-af91-9578e6be8bcb resource provider aggregate not found
2026-05-18 01:51:51.008 8 INFO neutron.services.segments.plugin [-] Segment 1e8a4dbf-49e1-4d23-af91-9578e6be8bcb resource provider aggregate not found
2026-05-18 01:51:51.022 8 INFO neutron.services.segments.plugin [-] Segment 1e8a4dbf-49e1-4d23-af91-9578e6be8bcb resource provider not found; error: Placement Client Error (4xx): {"errors": [{"status": 404, "title": "Not Found", "detail": "The resource could not be found.\n\n No resource provider with uuid 1e8a4dbf-49e1-4d23-af91-9578e6be8bcb found for delete ", "request_id": "req-6d147f3b-7c58-4ef1-999e-8f3624d4179b"}]}
2026-05-18 01:51:51.028 8 INFO neutron.services.segments.plugin [-] Segment 1e8a4dbf-49e1-4d23-af91-9578e6be8bcb resource provider not found; error: Placement Client Error (4xx): {"errors": [{"status": 404, "title": "Not Found", "detail": "The resource could not be found.\n\n No resource provider with uuid 1e8a4dbf-49e1-4d23-af91-9578e6be8bcb found for delete ", "request_id": "req-84f105d4-0e5e-48eb-919a-74431816ad07"}]} [pid: 8|app: 0|req: 1207/2150] 10.0.0.163 () {32 vars in 726 bytes} [Mon May 18 01:51:50 2026] DELETE /v2.0/networks/a3034d6e-c87f-4341-8699-7c52f33ba0eb => generated 0 bytes in 591 msecs (HTTP/1.1 204) 3 headers in 131 bytes (1 switches on core 0)
2026-05-18 01:51:51.159 8 INFO neutron.db.segments_db [None req-46a0876c-56c2-4baa-a1f5-31acb80c774a 488c90bbc0e742ee950beda16d61cfa6 4fa0d16eea894444afcec3031c9c6e60 - - default default] Added segment e2003410-8360-413f-a776-af3b69332523 of type geneve for network b2add49e-a368-4067-869c-d424d0ed6a23
2026-05-18 01:51:51.211 9 WARNING neutron.scheduler.dhcp_agent_scheduler [None req-f1a11222-de55-4b36-9a4c-62cfccf26c36 66c8ac051327420da0a2017f08145182 aa5dcf466d6f49a59625652ac9c8f1fc - - default default] No more DHCP agents
2026-05-18 01:51:51.212 9 WARNING neutron.api.rpc.agentnotifiers.dhcp_rpc_agent_api [None req-f1a11222-de55-4b36-9a4c-62cfccf26c36 66c8ac051327420da0a2017f08145182 aa5dcf466d6f49a59625652ac9c8f1fc - - default default] Unable to schedule network 0842e132-2eda-476f-b348-7116bff68b5f: no agents available; will retry on subsequent port and subnet creation events.
2026-05-18 01:51:51.279 9 INFO neutron.plugins.ml2.drivers.ovn.mech_driver.mech_driver [None req-a198a876-3235-4a04-8a72-e3077eca5b23 - - - - - -] OVN reports status down for port: 7b1bb62f-6a13-4a45-a19e-de44a4a2b389
2026-05-18 01:51:51.371 8 INFO neutron.db.ovn_revision_numbers_db [None req-46a0876c-56c2-4baa-a1f5-31acb80c774a 488c90bbc0e742ee950beda16d61cfa6 4fa0d16eea894444afcec3031c9c6e60 - - default default] Successfully bumped revision number for resource b2add49e-a368-4067-869c-d424d0ed6a23 (type: networks) to 1
2026-05-18 01:51:51.401 9 INFO neutron.db.ovn_revision_numbers_db [None req-f1a11222-de55-4b36-9a4c-62cfccf26c36 66c8ac051327420da0a2017f08145182 aa5dcf466d6f49a59625652ac9c8f1fc - - default default] Successfully bumped revision number for resource 7b1bb62f-6a13-4a45-a19e-de44a4a2b389 (type: ports) to 1 [pid: 9|app: 0|req: 944/2151] 10.0.0.163 () {34 vars in 664 bytes} [Mon May 18 01:51:50 2026] POST /v2.0/ports => generated 743 bytes in 528 msecs (HTTP/1.1 201) 4 headers in 162 bytes (1 switches on core 0) /var/lib/openstack/lib/python3.12/site-packages/pycadf/identifier.py:70: UserWarning: Invalid uuid: neutron. To ensure interoperability, identifiers should be a valid uuid. warnings.warn(('Invalid uuid: %s. To ensure interoperability, '
2026-05-18 01:51:51.539 8 WARNING neutron.scheduler.dhcp_agent_scheduler [None req-46a0876c-56c2-4baa-a1f5-31acb80c774a 488c90bbc0e742ee950beda16d61cfa6 4fa0d16eea894444afcec3031c9c6e60 - - default default] No more DHCP agents
2026-05-18 01:51:51.541 8 WARNING neutron.api.rpc.agentnotifiers.dhcp_rpc_agent_api [None req-46a0876c-56c2-4baa-a1f5-31acb80c774a 488c90bbc0e742ee950beda16d61cfa6 4fa0d16eea894444afcec3031c9c6e60 - - default default] Unable to schedule network b2add49e-a368-4067-869c-d424d0ed6a23: no agents available; will retry on subsequent port and subnet creation events.
2026-05-18 01:51:51.635 9 INFO neutron.plugins.ml2.drivers.ovn.mech_driver.mech_driver [None req-a198a876-3235-4a04-8a72-e3077eca5b23 - - - - - -] OVN reports status down for port: 9bf9e0df-0733-4e4a-848d-9b2fe3c10e91
2026-05-18 01:51:51.649 8 INFO neutron.db.ovn_revision_numbers_db [None req-46a0876c-56c2-4baa-a1f5-31acb80c774a 488c90bbc0e742ee950beda16d61cfa6 4fa0d16eea894444afcec3031c9c6e60 - - default default] Successfully bumped revision number for resource 9bf9e0df-0733-4e4a-848d-9b2fe3c10e91 (type: ports) to 1 [pid: 8|app: 0|req: 1208/2152] 10.0.0.163 () {34 vars in 670 bytes} [Mon May 18 01:51:51 2026] POST /v2.0/networks => generated 730 bytes in 609 msecs (HTTP/1.1 201) 4 headers in 162 bytes (1 switches on core 0)
2026-05-18 01:51:51.843 8 WARNING neutron.scheduler.dhcp_agent_scheduler [None req-f2917910-2b4f-42ab-9ead-43e3e0a9b248 488c90bbc0e742ee950beda16d61cfa6 4fa0d16eea894444afcec3031c9c6e60 - - default default] No more DHCP agents
2026-05-18 01:51:51.844 8 WARNING neutron.api.rpc.agentnotifiers.dhcp_rpc_agent_api [None req-f2917910-2b4f-42ab-9ead-43e3e0a9b248 488c90bbc0e742ee950beda16d61cfa6 4fa0d16eea894444afcec3031c9c6e60 - - default default] Unable to schedule network b2add49e-a368-4067-869c-d424d0ed6a23: no agents available; will retry on subsequent port and subnet creation events. [pid: 9|app: 0|req: 945/2153] 10.0.0.163 () {34 vars in 666 bytes} [Mon May 18 01:51:51 2026] POST /v2.0/trunks => generated 409 bytes in 366 msecs (HTTP/1.1 201) 4 headers in 162 bytes (1 switches on core 0)
2026-05-18 01:51:51.953 9 INFO neutron.db.segments_db [None req-31674088-0fd1-446a-a8bf-f6f0e584d2db 66c8ac051327420da0a2017f08145182 aa5dcf466d6f49a59625652ac9c8f1fc - - default default] Added segment 23502974-6063-4e34-981f-9ea68e44a718 of type geneve for network 3c31f688-b7a2-4821-bca6-ddff4b6a8191
2026-05-18 01:51:52.090 9 INFO neutron.db.ovn_revision_numbers_db [None req-31674088-0fd1-446a-a8bf-f6f0e584d2db 66c8ac051327420da0a2017f08145182 aa5dcf466d6f49a59625652ac9c8f1fc - - default default] Successfully bumped revision number for resource 3c31f688-b7a2-4821-bca6-ddff4b6a8191 (type: networks) to 1
2026-05-18 01:51:52.290 8 INFO neutron.db.ovn_revision_numbers_db [None req-f9eb93d4-a228-4ab3-8bea-af02383a99dc - - - - - -] Successfully bumped revision number for resource 9bf9e0df-0733-4e4a-848d-9b2fe3c10e91 (type: ports) to 2
2026-05-18 01:51:52.303 9 WARNING neutron.scheduler.dhcp_agent_scheduler [None req-31674088-0fd1-446a-a8bf-f6f0e584d2db 66c8ac051327420da0a2017f08145182 aa5dcf466d6f49a59625652ac9c8f1fc - - default default] No more DHCP agents
2026-05-18 01:51:52.309 9 WARNING neutron.api.rpc.agentnotifiers.dhcp_rpc_agent_api [None req-31674088-0fd1-446a-a8bf-f6f0e584d2db 66c8ac051327420da0a2017f08145182 aa5dcf466d6f49a59625652ac9c8f1fc - - default default] Unable to schedule network 3c31f688-b7a2-4821-bca6-ddff4b6a8191: no agents available; will retry on subsequent port and subnet creation events.
2026-05-18 01:51:52.358 8 INFO neutron.db.ovn_revision_numbers_db [None req-f9eb93d4-a228-4ab3-8bea-af02383a99dc - - - - - -] Successfully bumped revision number for resource 87a915b3-2245-4ad5-ba66-99f142c17918 (type: subnets) to 0 [pid: 8|app: 0|req: 1209/2154] 10.0.0.163 () {34 vars in 669 bytes} [Mon May 18 01:51:51 2026] POST /v2.0/subnets => generated 647 bytes in 702 msecs (HTTP/1.1 201) 4 headers in 162 bytes (1 switches on core 0)
2026-05-18 01:51:52.401 9 INFO neutron.plugins.ml2.drivers.ovn.mech_driver.mech_driver [None req-a198a876-3235-4a04-8a72-e3077eca5b23 - - - - - -] OVN reports status down for port: de848dc3-4bf0-4e0b-86aa-3c346182cf7a
2026-05-18 01:51:52.408 8 WARNING neutron.api.v2.base [None req-399085cc-207e-40e5-a7bc-1f6b4dd45ad3 488c90bbc0e742ee950beda16d61cfa6 4fa0d16eea894444afcec3031c9c6e60 - - default default] An exception happened while processing the request body. The exception message is [Invalid input for target_tenant. Reason: '1234123412341234123412341234123412341234123412341234123412341234123412341234123412341234123412341234123412341234123412341234123412341234123412341234123412341234123412341234123412341234123412341234123412341234123412341234123412341234123412341234123412341234123412341234123412341234123412341234123412341234123412341234123412341234123412341234123412341234123412341234123412341234123412341234123412341234' exceeds maximum length of 255.].: webob.exc.HTTPBadRequest: Invalid input for target_tenant. Reason: '1234123412341234123412341234123412341234123412341234123412341234123412341234123412341234123412341234123412341234123412341234123412341234123412341234123412341234123412341234123412341234123412341234123412341234123412341234123412341234123412341234123412341234123412341234123412341234123412341234123412341234123412341234123412341234123412341234123412341234123412341234123412341234123412341234123412341234' exceeds maximum length of 255.
2026-05-18 01:51:52.408 8 INFO neutron.api.v2.resource [None req-399085cc-207e-40e5-a7bc-1f6b4dd45ad3 488c90bbc0e742ee950beda16d61cfa6 4fa0d16eea894444afcec3031c9c6e60 - - default default] create failed (client error): Invalid input for target_tenant. Reason: '1234123412341234123412341234123412341234123412341234123412341234123412341234123412341234123412341234123412341234123412341234123412341234123412341234123412341234123412341234123412341234123412341234123412341234123412341234123412341234123412341234123412341234123412341234123412341234123412341234123412341234123412341234123412341234123412341234123412341234123412341234123412341234123412341234123412341234' exceeds maximum length of 255. [pid: 8|app: 0|req: 1210/2155] 10.0.0.163 () {34 vars in 681 bytes} [Mon May 18 01:51:52 2026] POST /v2.0/rbac-policies => generated 547 bytes in 11 msecs (HTTP/1.1 400) 4 headers in 166 bytes (1 switches on core 0)
2026-05-18 01:51:52.499 9 INFO neutron.db.ovn_revision_numbers_db [None req-31674088-0fd1-446a-a8bf-f6f0e584d2db 66c8ac051327420da0a2017f08145182 aa5dcf466d6f49a59625652ac9c8f1fc - - default default] Successfully bumped revision number for resource de848dc3-4bf0-4e0b-86aa-3c346182cf7a (type: ports) to 1 [pid: 9|app: 0|req: 946/2156] 10.0.0.163 () {34 vars in 670 bytes} [Mon May 18 01:51:51 2026] POST /v2.0/networks => generated 632 bytes in 692 msecs (HTTP/1.1 201) 4 headers in 162 bytes (1 switches on core 0)
2026-05-18 01:51:52.572 8 INFO neutron_taas.services.taas.taas_plugin [None req-972458c4-3c17-401f-8620-7783f0550a97 488c90bbc0e742ee950beda16d61cfa6 4fa0d16eea894444afcec3031c9c6e60 - - default default] TaaS: Handle Delete Port: 9bf9e0df-0733-4e4a-848d-9b2fe3c10e91
2026-05-18 01:51:52.575 8 INFO neutron_taas.services.taas.tap_mirror_plugin [None req-972458c4-3c17-401f-8620-7783f0550a97 488c90bbc0e742ee950beda16d61cfa6 4fa0d16eea894444afcec3031c9c6e60 - - default default] Tap Mirror: Handle Delete Port: 9bf9e0df-0733-4e4a-848d-9b2fe3c10e91
2026-05-18 01:51:52.889 9 WARNING neutron.scheduler.dhcp_agent_scheduler [None req-28af62ee-74b4-43be-a1c9-ca26b80266f9 66c8ac051327420da0a2017f08145182 aa5dcf466d6f49a59625652ac9c8f1fc - - default default] No more DHCP agents
2026-05-18 01:51:52.892 9 WARNING neutron.api.rpc.agentnotifiers.dhcp_rpc_agent_api [None req-28af62ee-74b4-43be-a1c9-ca26b80266f9 66c8ac051327420da0a2017f08145182 aa5dcf466d6f49a59625652ac9c8f1fc - - default default] Unable to schedule network 3c31f688-b7a2-4821-bca6-ddff4b6a8191: no agents available; will retry on subsequent port and subnet creation events. [pid: 8|app: 0|req: 1211/2157] 10.0.0.163 () {32 vars in 726 bytes} [Mon May 18 01:51:52 2026] DELETE /v2.0/networks/b2add49e-a368-4067-869c-d424d0ed6a23 => generated 0 bytes in 529 msecs (HTTP/1.1 204) 3 headers in 131 bytes (1 switches on core 0)
2026-05-18 01:51:53.015 9 INFO neutron.plugins.ml2.drivers.ovn.mech_driver.mech_driver [None req-a198a876-3235-4a04-8a72-e3077eca5b23 - - - - - -] OVN reports status down for port: 432db7b9-0cc7-4c42-8a8d-1c53302070f7
2026-05-18 01:51:53.051 8 INFO neutron.services.segments.plugin [-] Segment e2003410-8360-413f-a776-af3b69332523 resource provider aggregate not found
2026-05-18 01:51:53.060 8 INFO neutron.services.segments.plugin [-] Segment e2003410-8360-413f-a776-af3b69332523 resource provider aggregate not found
2026-05-18 01:51:53.089 8 INFO neutron.db.segments_db [None req-ba312a12-e786-4c73-a2f8-7214b63d4386 488c90bbc0e742ee950beda16d61cfa6 4fa0d16eea894444afcec3031c9c6e60 - - default default] Added segment 9919b0d3-f6b9-4aa6-b6c1-06d541b730a6 of type geneve for network bf23c6bb-06f0-40a0-b669-3baf59b842e2
2026-05-18 01:51:53.097 8 INFO neutron.services.segments.plugin [-] Segment e2003410-8360-413f-a776-af3b69332523 resource provider not found; error: Placement Client Error (4xx): {"errors": [{"status": 404, "title": "Not Found", "detail": "The resource could not be found.\n\n No resource provider with uuid e2003410-8360-413f-a776-af3b69332523 found for delete ", "request_id": "req-2063c2a3-bbfc-44ff-8af3-9ae535c3bf81"}]}
2026-05-18 01:51:53.100 8 INFO neutron.services.segments.plugin [-] Segment e2003410-8360-413f-a776-af3b69332523 resource provider not found; error: Placement Client Error (4xx): {"errors": [{"status": 404, "title": "Not Found", "detail": "The resource could not be found.\n\n No resource provider with uuid e2003410-8360-413f-a776-af3b69332523 found for delete ", "request_id": "req-4321caa3-48bc-4844-b6b2-3899f664af74"}]}
2026-05-18 01:51:53.113 9 INFO neutron.db.ovn_revision_numbers_db [None req-28af62ee-74b4-43be-a1c9-ca26b80266f9 66c8ac051327420da0a2017f08145182 aa5dcf466d6f49a59625652ac9c8f1fc - - default default] Successfully bumped revision number for resource 432db7b9-0cc7-4c42-8a8d-1c53302070f7 (type: ports) to 1 [pid: 9|app: 0|req: 947/2158] 10.0.0.163 () {34 vars in 664 bytes} [Mon May 18 01:51:52 2026] POST /v2.0/ports => generated 743 bytes in 653 msecs (HTTP/1.1 201) 4 headers in 162 bytes (1 switches on core 0) /var/lib/openstack/lib/python3.12/site-packages/pycadf/identifier.py:70: UserWarning: Invalid uuid: neutron. To ensure interoperability, identifiers should be a valid uuid. warnings.warn(('Invalid uuid: %s. To ensure interoperability, '
2026-05-18 01:51:53.242 8 INFO neutron.db.ovn_revision_numbers_db [None req-ba312a12-e786-4c73-a2f8-7214b63d4386 488c90bbc0e742ee950beda16d61cfa6 4fa0d16eea894444afcec3031c9c6e60 - - default default] Successfully bumped revision number for resource bf23c6bb-06f0-40a0-b669-3baf59b842e2 (type: networks) to 1 [pid: 9|app: 0|req: 948/2159] 10.0.0.163 () {34 vars in 666 bytes} [Mon May 18 01:51:53 2026] POST /v2.0/trunks => generated 409 bytes in 208 msecs (HTTP/1.1 201) 4 headers in 162 bytes (1 switches on core 0)
2026-05-18 01:51:53.435 8 WARNING neutron.scheduler.dhcp_agent_scheduler [None req-ba312a12-e786-4c73-a2f8-7214b63d4386 488c90bbc0e742ee950beda16d61cfa6 4fa0d16eea894444afcec3031c9c6e60 - - default default] No more DHCP agents
2026-05-18 01:51:53.437 8 WARNING neutron.api.rpc.agentnotifiers.dhcp_rpc_agent_api [None req-ba312a12-e786-4c73-a2f8-7214b63d4386 488c90bbc0e742ee950beda16d61cfa6 4fa0d16eea894444afcec3031c9c6e60 - - default default] Unable to schedule network bf23c6bb-06f0-40a0-b669-3baf59b842e2: no agents available; will retry on subsequent port and subnet creation events.
2026-05-18 01:51:53.545 9 INFO neutron.plugins.ml2.drivers.ovn.mech_driver.mech_driver [None req-a198a876-3235-4a04-8a72-e3077eca5b23 - - - - - -] OVN reports status down for port: 0542cb5c-895b-4f4d-becb-2f26aa17c68d
2026-05-18 01:51:53.563 8 INFO neutron.db.ovn_revision_numbers_db [None req-ba312a12-e786-4c73-a2f8-7214b63d4386 488c90bbc0e742ee950beda16d61cfa6 4fa0d16eea894444afcec3031c9c6e60 - - default default] Successfully bumped revision number for resource 0542cb5c-895b-4f4d-becb-2f26aa17c68d (type: ports) to 1
2026-05-18 01:51:53.572 9 INFO neutron.db.segments_db [None req-a38784ca-3a0e-43b7-8976-74c53f73f752 66c8ac051327420da0a2017f08145182 aa5dcf466d6f49a59625652ac9c8f1fc - - default default] Added segment 10245917-5e6c-4c29-8e4e-d110382110c8 of type geneve for network 3be0c0a2-b8e4-4e0f-822b-b1e4f4fee350 [pid: 8|app: 0|req: 1212/2160] 10.0.0.163 () {34 vars in 670 bytes} [Mon May 18 01:51:52 2026] POST /v2.0/networks => generated 730 bytes in 644 msecs (HTTP/1.1 201) 4 headers in 162 bytes (1 switches on core 0)
2026-05-18 01:51:53.770 9 INFO neutron.db.ovn_revision_numbers_db [None req-a38784ca-3a0e-43b7-8976-74c53f73f752 66c8ac051327420da0a2017f08145182 aa5dcf466d6f49a59625652ac9c8f1fc - - default default] Successfully bumped revision number for resource 3be0c0a2-b8e4-4e0f-822b-b1e4f4fee350 (type: networks) to 1
2026-05-18 01:51:53.824 8 WARNING neutron.scheduler.dhcp_agent_scheduler [None req-1cc2b406-5b13-43be-b681-bc25dc7d5086 488c90bbc0e742ee950beda16d61cfa6 4fa0d16eea894444afcec3031c9c6e60 - - default default] No more DHCP agents
2026-05-18 01:51:53.825 8 WARNING neutron.api.rpc.agentnotifiers.dhcp_rpc_agent_api [None req-1cc2b406-5b13-43be-b681-bc25dc7d5086 488c90bbc0e742ee950beda16d61cfa6 4fa0d16eea894444afcec3031c9c6e60 - - default default] Unable to schedule network bf23c6bb-06f0-40a0-b669-3baf59b842e2: no agents available; will retry on subsequent port and subnet creation events.
2026-05-18 01:51:53.990 9 WARNING neutron.scheduler.dhcp_agent_scheduler [None req-a38784ca-3a0e-43b7-8976-74c53f73f752 66c8ac051327420da0a2017f08145182 aa5dcf466d6f49a59625652ac9c8f1fc - - default default] No more DHCP agents
2026-05-18 01:51:53.992 9 WARNING neutron.api.rpc.agentnotifiers.dhcp_rpc_agent_api [None req-a38784ca-3a0e-43b7-8976-74c53f73f752 66c8ac051327420da0a2017f08145182 aa5dcf466d6f49a59625652ac9c8f1fc - - default default] Unable to schedule network 3be0c0a2-b8e4-4e0f-822b-b1e4f4fee350: no agents available; will retry on subsequent port and subnet creation events.
2026-05-18 01:51:54.078 9 INFO neutron.plugins.ml2.drivers.ovn.mech_driver.mech_driver [None req-a198a876-3235-4a04-8a72-e3077eca5b23 - - - - - -] OVN reports status down for port: 324cc475-c8be-464c-8b49-5071036ec7a7
2026-05-18 01:51:54.146 9 INFO neutron.db.ovn_revision_numbers_db [None req-a38784ca-3a0e-43b7-8976-74c53f73f752 66c8ac051327420da0a2017f08145182 aa5dcf466d6f49a59625652ac9c8f1fc - - default default] Successfully bumped revision number for resource 324cc475-c8be-464c-8b49-5071036ec7a7 (type: ports) to 1 [pid: 9|app: 0|req: 949/2161] 10.0.0.163 () {34 vars in 670 bytes} [Mon May 18 01:51:53 2026] POST /v2.0/networks => generated 631 bytes in 739 msecs (HTTP/1.1 201) 4 headers in 162 bytes (1 switches on core 0)
2026-05-18 01:51:54.421 9 WARNING neutron.scheduler.dhcp_agent_scheduler [None req-9a60a7f6-b84f-4839-a556-ca2df2dcfc2a 66c8ac051327420da0a2017f08145182 aa5dcf466d6f49a59625652ac9c8f1fc - - default default] No more DHCP agents
2026-05-18 01:51:54.424 9 WARNING neutron.api.rpc.agentnotifiers.dhcp_rpc_agent_api [None req-9a60a7f6-b84f-4839-a556-ca2df2dcfc2a 66c8ac051327420da0a2017f08145182 aa5dcf466d6f49a59625652ac9c8f1fc - - default default] Unable to schedule network 3be0c0a2-b8e4-4e0f-822b-b1e4f4fee350: no agents available; will retry on subsequent port and subnet creation events.
2026-05-18 01:51:54.446 8 INFO neutron.db.ovn_revision_numbers_db [None req-aace6c13-7cff-4bce-b2e3-0d7125df840f - - - - - -] Successfully bumped revision number for resource 0542cb5c-895b-4f4d-becb-2f26aa17c68d (type: ports) to 2
2026-05-18 01:51:54.526 8 INFO neutron.db.ovn_revision_numbers_db [None req-aace6c13-7cff-4bce-b2e3-0d7125df840f - - - - - -] Successfully bumped revision number for resource 3fe9fcf3-256a-448b-8c60-04420b88d944 (type: subnets) to 0
2026-05-18 01:51:54.530 9 INFO neutron.plugins.ml2.drivers.ovn.mech_driver.mech_driver [None req-a198a876-3235-4a04-8a72-e3077eca5b23 - - - - - -] OVN reports status down for port: 993e0002-3d81-4aef-b760-0a9221a81cc4 [pid: 8|app: 0|req: 1213/2162] 10.0.0.163 () {34 vars in 669 bytes} [Mon May 18 01:51:53 2026] POST /v2.0/subnets => generated 647 bytes in 942 msecs (HTTP/1.1 201) 4 headers in 162 bytes (1 switches on core 0)
2026-05-18 01:51:54.737 9 INFO neutron.db.ovn_revision_numbers_db [None req-9a60a7f6-b84f-4839-a556-ca2df2dcfc2a 66c8ac051327420da0a2017f08145182 aa5dcf466d6f49a59625652ac9c8f1fc - - default default] Successfully bumped revision number for resource 993e0002-3d81-4aef-b760-0a9221a81cc4 (type: ports) to 1 [pid: 9|app: 0|req: 950/2163] 10.0.0.163 () {34 vars in 664 bytes} [Mon May 18 01:51:54 2026] POST /v2.0/ports => generated 743 bytes in 626 msecs (HTTP/1.1 201) 4 headers in 162 bytes (1 switches on core 0) /var/lib/openstack/lib/python3.12/site-packages/pycadf/identifier.py:70: UserWarning: Invalid uuid: neutron. To ensure interoperability, identifiers should be a valid uuid. warnings.warn(('Invalid uuid: %s. To ensure interoperability, ' [pid: 8|app: 0|req: 1214/2164] 10.0.0.163 () {34 vars in 681 bytes} [Mon May 18 01:51:54 2026] POST /v2.0/rbac-policies => generated 324 bytes in 309 msecs (HTTP/1.1 201) 4 headers in 162 bytes (1 switches on core 0) [pid: 9|app: 0|req: 951/2165] 10.0.0.163 () {34 vars in 666 bytes} [Mon May 18 01:51:54 2026] POST /v2.0/trunks => generated 409 bytes in 151 msecs (HTTP/1.1 201) 4 headers in 162 bytes (1 switches on core 0)
2026-05-18 01:51:55.069 8 INFO neutron.db.segments_db [None req-fa9df096-9458-4338-a990-4635d74bac5c 66c8ac051327420da0a2017f08145182 aa5dcf466d6f49a59625652ac9c8f1fc - - default default] Added segment 2cbdb18f-b810-482e-8c0c-3e6444a77fd0 of type geneve for network 254cb3ed-2fe7-446c-87c3-0ef1c59ffbea
2026-05-18 01:51:55.184 8 INFO neutron.db.ovn_revision_numbers_db [None req-fa9df096-9458-4338-a990-4635d74bac5c 66c8ac051327420da0a2017f08145182 aa5dcf466d6f49a59625652ac9c8f1fc - - default default] Successfully bumped revision number for resource 254cb3ed-2fe7-446c-87c3-0ef1c59ffbea (type: networks) to 1
2026-05-18 01:51:55.340 8 WARNING neutron.scheduler.dhcp_agent_scheduler [None req-fa9df096-9458-4338-a990-4635d74bac5c 66c8ac051327420da0a2017f08145182 aa5dcf466d6f49a59625652ac9c8f1fc - - default default] No more DHCP agents
2026-05-18 01:51:55.341 8 WARNING neutron.api.rpc.agentnotifiers.dhcp_rpc_agent_api [None req-fa9df096-9458-4338-a990-4635d74bac5c 66c8ac051327420da0a2017f08145182 aa5dcf466d6f49a59625652ac9c8f1fc - - default default] Unable to schedule network 254cb3ed-2fe7-446c-87c3-0ef1c59ffbea: no agents available; will retry on subsequent port and subnet creation events. [pid: 9|app: 0|req: 952/2166] 10.0.0.163 () {32 vars in 723 bytes} [Mon May 18 01:51:55 2026] GET /v2.0/networks/bf23c6bb-06f0-40a0-b669-3baf59b842e2 => generated 655 bytes in 164 msecs (HTTP/1.1 200) 4 headers in 157 bytes (1 switches on core 0)
2026-05-18 01:51:55.425 9 INFO neutron.plugins.ml2.drivers.ovn.mech_driver.mech_driver [None req-a198a876-3235-4a04-8a72-e3077eca5b23 - - - - - -] OVN reports status down for port: 5303c685-ae05-4d34-9f2c-5f5a8758bb5a
2026-05-18 01:51:55.446 8 INFO neutron.db.ovn_revision_numbers_db [None req-fa9df096-9458-4338-a990-4635d74bac5c 66c8ac051327420da0a2017f08145182 aa5dcf466d6f49a59625652ac9c8f1fc - - default default] Successfully bumped revision number for resource 5303c685-ae05-4d34-9f2c-5f5a8758bb5a (type: ports) to 1 [pid: 8|app: 0|req: 1215/2167] 10.0.0.163 () {34 vars in 670 bytes} [Mon May 18 01:51:54 2026] POST /v2.0/networks => generated 632 bytes in 495 msecs (HTTP/1.1 201) 4 headers in 162 bytes (1 switches on core 0) [pid: 8|app: 0|req: 1216/2168] 10.0.0.123 () {34 vars in 990 bytes} [Mon May 18 01:51:55 2026] GET /v2.0/ports?device_id=ea1a8044-98fa-415d-9f8f-339a6d112eb7 => generated 1213 bytes in 34 msecs (HTTP/1.1 200) 4 headers in 158 bytes (1 switches on core 0) [pid: 8|app: 0|req: 1217/2169] 10.0.0.123 () {34 vars in 1040 bytes} [Mon May 18 01:51:55 2026] GET /v2.0/security-groups?id=3488985a-f635-4561-9d23-a8a45f34eea5&fields=id&fields=name => generated 113 bytes in 28 msecs (HTTP/1.1 200) 4 headers in 157 bytes (1 switches on core 0)
2026-05-18 01:51:55.770 9 WARNING neutron.scheduler.dhcp_agent_scheduler [None req-4ea158f9-4470-44c2-99b6-9a06ce179e0b 66c8ac051327420da0a2017f08145182 aa5dcf466d6f49a59625652ac9c8f1fc - - default default] No more DHCP agents
2026-05-18 01:51:55.772 9 WARNING neutron.api.rpc.agentnotifiers.dhcp_rpc_agent_api [None req-4ea158f9-4470-44c2-99b6-9a06ce179e0b 66c8ac051327420da0a2017f08145182 aa5dcf466d6f49a59625652ac9c8f1fc - - default default] Unable to schedule network 254cb3ed-2fe7-446c-87c3-0ef1c59ffbea: no agents available; will retry on subsequent port and subnet creation events.
2026-05-18 01:51:55.850 9 INFO neutron.plugins.ml2.drivers.ovn.mech_driver.mech_driver [None req-a198a876-3235-4a04-8a72-e3077eca5b23 - - - - - -] OVN reports status down for port: 6b988bd0-e060-4ecc-80ba-91918d0ad60d
2026-05-18 01:51:55.853 8 INFO neutron.pecan_wsgi.hooks.translation [None req-7cccef76-3379-44ac-88af-a2cf500bbe69 af558bb94fe24ae8b9150889028012df 29dbebf8db2f44c9a9431b122671786b - - default default] GET failed (client error): The resource could not be found. [pid: 8|app: 0|req: 1218/2170] 10.0.0.163 () {32 vars in 723 bytes} [Mon May 18 01:51:55 2026] GET /v2.0/networks/bf23c6bb-06f0-40a0-b669-3baf59b842e2 => generated 138 bytes in 81 msecs (HTTP/1.1 404) 4 headers in 164 bytes (1 switches on core 0)
2026-05-18 01:51:55.934 9 INFO neutron.db.ovn_revision_numbers_db [None req-4ea158f9-4470-44c2-99b6-9a06ce179e0b 66c8ac051327420da0a2017f08145182 aa5dcf466d6f49a59625652ac9c8f1fc - - default default] Successfully bumped revision number for resource 6b988bd0-e060-4ecc-80ba-91918d0ad60d (type: ports) to 1
2026-05-18 01:51:56.031 8 INFO neutron_taas.services.taas.taas_plugin [None req-b1ed6f6c-c3e8-4351-b4b1-8bd1b1ad5ace 488c90bbc0e742ee950beda16d61cfa6 4fa0d16eea894444afcec3031c9c6e60 - - default default] TaaS: Handle Delete Port: 0542cb5c-895b-4f4d-becb-2f26aa17c68d
2026-05-18 01:51:56.034 8 INFO neutron_taas.services.taas.tap_mirror_plugin [None req-b1ed6f6c-c3e8-4351-b4b1-8bd1b1ad5ace 488c90bbc0e742ee950beda16d61cfa6 4fa0d16eea894444afcec3031c9c6e60 - - default default] Tap Mirror: Handle Delete Port: 0542cb5c-895b-4f4d-becb-2f26aa17c68d [pid: 9|app: 0|req: 953/2171] 10.0.0.163 () {34 vars in 664 bytes} [Mon May 18 01:51:55 2026] POST /v2.0/ports => generated 743 bytes in 564 msecs (HTTP/1.1 201) 4 headers in 162 bytes (1 switches on core 0) /var/lib/openstack/lib/python3.12/site-packages/pycadf/identifier.py:70: UserWarning: Invalid uuid: neutron. To ensure interoperability, identifiers should be a valid uuid. warnings.warn(('Invalid uuid: %s. To ensure interoperability, ' [pid: 9|app: 0|req: 954/2172] 10.0.0.163 () {34 vars in 666 bytes} [Mon May 18 01:51:56 2026] POST /v2.0/trunks => generated 409 bytes in 220 msecs (HTTP/1.1 201) 4 headers in 162 bytes (1 switches on core 0)
2026-05-18 01:51:56.366 9 INFO neutron.db.segments_db [None req-e0478e44-ce27-4c40-9d52-cac0293ce9b8 66c8ac051327420da0a2017f08145182 aa5dcf466d6f49a59625652ac9c8f1fc - - default default] Added segment ccfc1009-f8ba-40d2-bd6b-65327e675ba2 of type geneve for network 747610fe-34d9-4a77-8cdc-2429acd1d080
2026-05-18 01:51:56.381 8 INFO neutron.services.segments.plugin [-] Segment 9919b0d3-f6b9-4aa6-b6c1-06d541b730a6 resource provider aggregate not found
2026-05-18 01:51:56.387 8 INFO neutron.services.segments.plugin [-] Segment 9919b0d3-f6b9-4aa6-b6c1-06d541b730a6 resource provider aggregate not found
2026-05-18 01:51:56.408 8 INFO neutron.services.segments.plugin [-] Segment 9919b0d3-f6b9-4aa6-b6c1-06d541b730a6 resource provider not found; error: Placement Client Error (4xx): {"errors": [{"status": 404, "title": "Not Found", "detail": "The resource could not be found.\n\n No resource provider with uuid 9919b0d3-f6b9-4aa6-b6c1-06d541b730a6 found for delete ", "request_id": "req-ca758c5f-df3a-4692-8a00-b376526d275d"}]}
2026-05-18 01:51:56.409 8 INFO neutron.services.segments.plugin [-] Segment 9919b0d3-f6b9-4aa6-b6c1-06d541b730a6 resource provider not found; error: Placement Client Error (4xx): {"errors": [{"status": 404, "title": "Not Found", "detail": "The resource could not be found.\n\n No resource provider with uuid 9919b0d3-f6b9-4aa6-b6c1-06d541b730a6 found for delete ", "request_id": "req-376f30a8-abb3-4697-98dd-47fd4013ce3c"}]} [pid: 8|app: 0|req: 1219/2173] 10.0.0.163 () {32 vars in 726 bytes} [Mon May 18 01:51:55 2026] DELETE /v2.0/networks/bf23c6bb-06f0-40a0-b669-3baf59b842e2 => generated 0 bytes in 593 msecs (HTTP/1.1 204) 3 headers in 131 bytes (1 switches on core 0)
2026-05-18 01:51:56.473 8 INFO neutron.pecan_wsgi.hooks.translation [None req-de1462fe-bad4-46ae-bd8e-c30b451e9949 488c90bbc0e742ee950beda16d61cfa6 4fa0d16eea894444afcec3031c9c6e60 - - default default] DELETE failed (client error): The resource could not be found. [pid: 8|app: 0|req: 1220/2174] 10.0.0.163 () {32 vars in 724 bytes} [Mon May 18 01:51:56 2026] DELETE /v2.0/subnets/35bce6f0-4eff-424d-97f9-e983f5e1f065 => generated 136 bytes in 15 msecs (HTTP/1.1 404) 4 headers in 164 bytes (1 switches on core 0)
2026-05-18 01:51:56.516 8 INFO neutron.pecan_wsgi.hooks.translation [None req-b2c3b7f2-5aa1-479e-9fb7-a957639d9093 488c90bbc0e742ee950beda16d61cfa6 4fa0d16eea894444afcec3031c9c6e60 - - default default] DELETE failed (client error): The resource could not be found. [pid: 8|app: 0|req: 1221/2175] 10.0.0.163 () {32 vars in 724 bytes} [Mon May 18 01:51:56 2026] DELETE /v2.0/subnets/87a915b3-2245-4ad5-ba66-99f142c17918 => generated 136 bytes in 34 msecs (HTTP/1.1 404) 4 headers in 164 bytes (1 switches on core 0)
2026-05-18 01:51:56.538 9 INFO neutron.db.ovn_revision_numbers_db [None req-e0478e44-ce27-4c40-9d52-cac0293ce9b8 66c8ac051327420da0a2017f08145182 aa5dcf466d6f49a59625652ac9c8f1fc - - default default] Successfully bumped revision number for resource 747610fe-34d9-4a77-8cdc-2429acd1d080 (type: networks) to 1
2026-05-18 01:51:56.546 8 INFO neutron.pecan_wsgi.hooks.translation [None req-8e497bd2-9550-47e0-8f4e-7792b6b8962c 488c90bbc0e742ee950beda16d61cfa6 4fa0d16eea894444afcec3031c9c6e60 - - default default] DELETE failed (client error): The resource could not be found. [pid: 8|app: 0|req: 1222/2176] 10.0.0.163 () {32 vars in 724 bytes} [Mon May 18 01:51:56 2026] DELETE /v2.0/subnets/3fe9fcf3-256a-448b-8c60-04420b88d944 => generated 136 bytes in 24 msecs (HTTP/1.1 404) 4 headers in 164 bytes (1 switches on core 0)
2026-05-18 01:51:56.720 9 WARNING neutron.scheduler.dhcp_agent_scheduler [None req-e0478e44-ce27-4c40-9d52-cac0293ce9b8 66c8ac051327420da0a2017f08145182 aa5dcf466d6f49a59625652ac9c8f1fc - - default default] No more DHCP agents
2026-05-18 01:51:56.722 9 WARNING neutron.api.rpc.agentnotifiers.dhcp_rpc_agent_api [None req-e0478e44-ce27-4c40-9d52-cac0293ce9b8 66c8ac051327420da0a2017f08145182 aa5dcf466d6f49a59625652ac9c8f1fc - - default default] Unable to schedule network 747610fe-34d9-4a77-8cdc-2429acd1d080: no agents available; will retry on subsequent port and subnet creation events.
2026-05-18 01:51:56.788 9 INFO neutron.plugins.ml2.drivers.ovn.mech_driver.mech_driver [None req-a198a876-3235-4a04-8a72-e3077eca5b23 - - - - - -] OVN reports status down for port: b93e4582-d49f-4446-b0c1-e5f6242a567e
2026-05-18 01:51:56.857 9 INFO neutron.db.ovn_revision_numbers_db [None req-e0478e44-ce27-4c40-9d52-cac0293ce9b8 66c8ac051327420da0a2017f08145182 aa5dcf466d6f49a59625652ac9c8f1fc - - default default] Successfully bumped revision number for resource b93e4582-d49f-4446-b0c1-e5f6242a567e (type: ports) to 1 [pid: 9|app: 0|req: 955/2177] 10.0.0.163 () {34 vars in 670 bytes} [Mon May 18 01:51:56 2026] POST /v2.0/networks => generated 631 bytes in 639 msecs (HTTP/1.1 201) 4 headers in 162 bytes (1 switches on core 0)
2026-05-18 01:51:57.122 8 WARNING neutron.scheduler.dhcp_agent_scheduler [None req-e9f4c54a-0d63-4f5c-9bf6-adf4629f04e6 66c8ac051327420da0a2017f08145182 aa5dcf466d6f49a59625652ac9c8f1fc - - default default] No more DHCP agents
2026-05-18 01:51:57.124 8 WARNING neutron.api.rpc.agentnotifiers.dhcp_rpc_agent_api [None req-e9f4c54a-0d63-4f5c-9bf6-adf4629f04e6 66c8ac051327420da0a2017f08145182 aa5dcf466d6f49a59625652ac9c8f1fc - - default default] Unable to schedule network 747610fe-34d9-4a77-8cdc-2429acd1d080: no agents available; will retry on subsequent port and subnet creation events.
2026-05-18 01:51:57.197 9 INFO neutron.plugins.ml2.drivers.ovn.mech_driver.mech_driver [None req-a198a876-3235-4a04-8a72-e3077eca5b23 - - - - - -] OVN reports status down for port: 0bb62aa4-54db-4da9-b135-5ac8ce9cdeab
2026-05-18 01:51:57.246 8 INFO neutron.db.ovn_revision_numbers_db [None req-e9f4c54a-0d63-4f5c-9bf6-adf4629f04e6 66c8ac051327420da0a2017f08145182 aa5dcf466d6f49a59625652ac9c8f1fc - - default default] Successfully bumped revision number for resource 0bb62aa4-54db-4da9-b135-5ac8ce9cdeab (type: ports) to 1 [pid: 8|app: 0|req: 1223/2178] 10.0.0.163 () {34 vars in 664 bytes} [Mon May 18 01:51:56 2026] POST /v2.0/ports => generated 743 bytes in 383 msecs (HTTP/1.1 201) 4 headers in 162 bytes (1 switches on core 0) [pid: 9|app: 0|req: 956/2179] 10.0.0.163 () {34 vars in 666 bytes} [Mon May 18 01:51:57 2026] POST /v2.0/trunks => generated 409 bytes in 165 msecs (HTTP/1.1 201) 4 headers in 162 bytes (1 switches on core 0) [pid: 9|app: 0|req: 957/2180] 10.0.0.163 () {34 vars in 749 bytes} [Mon May 18 01:51:57 2026] PUT /v2.0/trunks/f7800f8e-bd36-4e94-a10a-f73c3233f7ed/tags => generated 17 bytes in 32 msecs (HTTP/1.1 200) 4 headers in 156 bytes (1 switches on core 0) /var/lib/openstack/lib/python3.12/site-packages/pycadf/identifier.py:70: UserWarning: Invalid uuid: neutron. To ensure interoperability, identifiers should be a valid uuid. warnings.warn(('Invalid uuid: %s. To ensure interoperability, ' [pid: 9|app: 0|req: 958/2181] 10.0.0.163 () {34 vars in 749 bytes} [Mon May 18 01:51:57 2026] PUT /v2.0/trunks/810a73ee-7503-41eb-ae64-f279c045ac79/tags => generated 25 bytes in 33 msecs (HTTP/1.1 200) 4 headers in 156 bytes (1 switches on core 0) [pid: 9|app: 0|req: 959/2182] 10.0.0.163 () {34 vars in 749 bytes} [Mon May 18 01:51:57 2026] PUT /v2.0/trunks/01f4845f-c653-4cff-9a32-e661b543f823/tags => generated 34 bytes in 37 msecs (HTTP/1.1 200) 4 headers in 156 bytes (1 switches on core 0) [pid: 9|app: 0|req: 960/2183] 10.0.0.163 () {34 vars in 749 bytes} [Mon May 18 01:51:57 2026] PUT /v2.0/trunks/67a7257a-7ffa-47cd-bbcc-0f7072d497fa/tags => generated 19 bytes in 30 msecs (HTTP/1.1 200) 4 headers in 156 bytes (1 switches on core 0) [pid: 9|app: 0|req: 961/2184] 10.0.0.163 () {32 vars in 662 bytes} [Mon May 18 01:51:57 2026] GET /v2.0/trunks?tags=red => generated 1252 bytes in 26 msecs (HTTP/1.1 200) 4 headers in 158 bytes (1 switches on core 0) [pid: 9|app: 0|req: 962/2185] 10.0.0.163 () {32 vars in 676 bytes} [Mon May 18 01:51:57 2026] GET /v2.0/trunks?tags=red%2Cblue => generated 847 bytes in 27 msecs (HTTP/1.1 200) 4 headers in 157 bytes (1 switches on core 0) [pid: 9|app: 0|req: 963/2186] 10.0.0.163 () {32 vars in 672 bytes} [Mon May 18 01:51:57 2026] GET /v2.0/trunks?tags-any=blue => generated 847 bytes in 30 msecs (HTTP/1.1 200) 4 headers in 157 bytes (1 switches on core 0)
2026-05-18 01:51:57.725 8 INFO neutron.db.ovn_revision_numbers_db [None req-9b790aa9-1ebc-4df5-947e-8f1ea8f6fd93 2e41360efec94f78950b8106cf45b7e4 a33ebecdda3143f299543c12bbb7a81c - - default default] Successfully bumped revision number for resource 11b74ba9-164b-4552-b03f-2ebf8aff96a5 (type: security_groups) to 1
