2026-04-14 04:53:54.315 7 WARNING neutron.api.rpc.agentnotifiers.dhcp_rpc_agent_api [None req-26dac9f2-5266-4a60-b1a4-f64b19be0f18 ceadb1d151af46e492196e42a5e6edba 20b29fa209e74feba869335c08d3033d - - default default] Unable to schedule network ca14ca28-36f9-4d20-9ec9-5f6c250cfbd5: no agents available; will retry on subsequent port and subnet creation events.
2026-04-14 04:53:54.371 8 INFO neutron.db.ovn_revision_numbers_db [None req-107d5861-6e07-464a-8bba-2e4fb6536975 30e8274076bd420590f875b425724457 9fe95260b73f4d55bf2e13e8b7dda76d - - default default] Successfully bumped revision number for resource 1dbdcc53-31cc-43e0-bce0-4ec27b74c3f3 (type: security_groups) to 1
2026-04-14 04:53:54.384 8 INFO neutron.db.ovn_revision_numbers_db [None req-107d5861-6e07-464a-8bba-2e4fb6536975 30e8274076bd420590f875b425724457 9fe95260b73f4d55bf2e13e8b7dda76d - - default default] Successfully bumped revision number for resource 4a5b6e6c-3125-4c52-ad27-b611c7e51804 (type: security_group_rules) to 0
2026-04-14 04:53:54.395 8 INFO neutron.db.ovn_revision_numbers_db [None req-107d5861-6e07-464a-8bba-2e4fb6536975 30e8274076bd420590f875b425724457 9fe95260b73f4d55bf2e13e8b7dda76d - - default default] Successfully bumped revision number for resource 5e1c7269-67a2-4940-8da5-fd047caae9e3 (type: security_group_rules) to 0
2026-04-14 04:53:54.406 8 INFO neutron.db.ovn_revision_numbers_db [None req-107d5861-6e07-464a-8bba-2e4fb6536975 30e8274076bd420590f875b425724457 9fe95260b73f4d55bf2e13e8b7dda76d - - default default] Successfully bumped revision number for resource b056d111-c826-41aa-8c96-65b9a4eb8e15 (type: security_group_rules) to 0
2026-04-14 04:53:54.417 8 INFO neutron.db.ovn_revision_numbers_db [None req-107d5861-6e07-464a-8bba-2e4fb6536975 30e8274076bd420590f875b425724457 9fe95260b73f4d55bf2e13e8b7dda76d - - default default] Successfully bumped revision number for resource d2466ca8-25ca-4918-b337-52d28ad0454a (type: security_group_rules) to 0 [pid: 8|app: 0|req: 1202/2486] 10.0.0.149 () {32 vars in 774 bytes} [Tue Apr 14 04:53:54 2026] GET /v2.0/security-groups?tenant_id=13581c27c5494433b21f11f1ab825d0d&name=default => generated 2929 bytes in 204 msecs (HTTP/1.1 200) 4 headers in 158 bytes (1 switches on core 0)
2026-04-14 04:53:54.539 8 INFO neutron.api.v2.resource [None req-caf73fdf-bf6d-46c9-9fbf-e01b400319d3 6c7c2fa3ac0b4213a747d9a61f3ad8a9 0a2df767a1e54a9da70eb4685b84a23d - - default default] create failed (client error): The server could not comply with the request since it is either malformed or otherwise incorrect. [pid: 8|app: 0|req: 1203/2487] 10.0.0.149 () {34 vars in 685 bytes} [Tue Apr 14 04:53:54 2026] POST /v2.0/vpn/vpnservices => generated 194 bytes in 87 msecs (HTTP/1.1 400) 4 headers in 166 bytes (1 switches on core 0)
2026-04-14 04:53:54.773 7 INFO neutron.db.ovn_revision_numbers_db [None req-6cc4c52a-bcde-4a15-b714-e42ce30175c3 - - - - - -] Successfully bumped revision number for resource 40969dbd-21fd-4ff2-8173-4a6e31f75e92 (type: ports) to 2 [pid: 8|app: 0|req: 1204/2488] 10.0.0.149 () {32 vars in 740 bytes} [Tue Apr 14 04:53:54 2026] DELETE /v2.0/security-groups/1dbdcc53-31cc-43e0-bce0-4ec27b74c3f3 => generated 0 bytes in 236 msecs (HTTP/1.1 204) 2 headers in 112 bytes (1 switches on core 0)
2026-04-14 04:53:54.814 7 INFO neutron.db.ovn_revision_numbers_db [None req-6cc4c52a-bcde-4a15-b714-e42ce30175c3 - - - - - -] Successfully bumped revision number for resource ef79a2f3-8714-4f44-ba22-33f5f7d87558 (type: subnets) to 0 [pid: 7|app: 0|req: 1285/2489] 10.0.0.149 () {34 vars in 669 bytes} [Tue Apr 14 04:53:54 2026] POST /v2.0/subnets => generated 657 bytes in 716 msecs (HTTP/1.1 201) 4 headers in 162 bytes (1 switches on core 0)
2026-04-14 04:53:54.899 8 INFO neutron_taas.services.taas.taas_plugin [None req-ab95552a-73ff-479d-b119-ab256e0364c8 6c7c2fa3ac0b4213a747d9a61f3ad8a9 0a2df767a1e54a9da70eb4685b84a23d - - default default] TaaS: Handle Delete Port: 3bf35362-419f-411d-bc91-ccbe622bc8a6
2026-04-14 04:53:54.902 8 INFO neutron_taas.services.taas.tap_mirror_plugin [None req-ab95552a-73ff-479d-b119-ab256e0364c8 6c7c2fa3ac0b4213a747d9a61f3ad8a9 0a2df767a1e54a9da70eb4685b84a23d - - default default] Tap Mirror: Handle Delete Port: 3bf35362-419f-411d-bc91-ccbe622bc8a6 [pid: 7|app: 0|req: 1286/2490] 10.0.0.149 () {32 vars in 722 bytes} [Tue Apr 14 04:53:54 2026] GET /v2.0/subnetpools?name=shared-default-subnetpool-v6 => generated 19 bytes in 138 msecs (HTTP/1.1 200) 4 headers in 156 bytes (1 switches on core 0)
2026-04-14 04:53:55.136 7 INFO neutron.db.ovn_revision_numbers_db [None req-0d2c27c5-0e3d-4cba-b20a-976f016d0589 30e8274076bd420590f875b425724457 9fe95260b73f4d55bf2e13e8b7dda76d - - default default] Successfully bumped revision number for resource 28dd738d-ce0b-463f-a9e4-9ff4ede5d624 (type: security_groups) to 1
2026-04-14 04:53:55.147 7 INFO neutron.db.ovn_revision_numbers_db [None req-0d2c27c5-0e3d-4cba-b20a-976f016d0589 30e8274076bd420590f875b425724457 9fe95260b73f4d55bf2e13e8b7dda76d - - default default] Successfully bumped revision number for resource 0799be9d-3e56-4427-babd-6fc0169d1f2d (type: security_group_rules) to 0
2026-04-14 04:53:55.159 7 INFO neutron.db.ovn_revision_numbers_db [None req-0d2c27c5-0e3d-4cba-b20a-976f016d0589 30e8274076bd420590f875b425724457 9fe95260b73f4d55bf2e13e8b7dda76d - - default default] Successfully bumped revision number for resource 166ed460-048e-4ce3-9beb-eb99e34ac24b (type: security_group_rules) to 0
2026-04-14 04:53:55.169 7 INFO neutron.db.ovn_revision_numbers_db [None req-0d2c27c5-0e3d-4cba-b20a-976f016d0589 30e8274076bd420590f875b425724457 9fe95260b73f4d55bf2e13e8b7dda76d - - default default] Successfully bumped revision number for resource 722526c3-352b-4a4e-a971-43f8ad863760 (type: security_group_rules) to 0
2026-04-14 04:53:55.180 7 INFO neutron.db.ovn_revision_numbers_db [None req-0d2c27c5-0e3d-4cba-b20a-976f016d0589 30e8274076bd420590f875b425724457 9fe95260b73f4d55bf2e13e8b7dda76d - - default default] Successfully bumped revision number for resource daec3318-ed72-4fa0-9d4e-7a35489f1d8a (type: security_group_rules) to 0
2026-04-14 04:53:55.208 8 INFO neutron.services.segments.plugin [-] Segment c45b0917-6246-48d1-9257-cbe0ca4e0367 resource provider aggregate not found [pid: 7|app: 0|req: 1287/2491] 10.0.0.149 () {32 vars in 774 bytes} [Tue Apr 14 04:53:54 2026] GET /v2.0/security-groups?tenant_id=371d6c08b14948cea476065ab2d3955d&name=default => generated 2929 bytes in 233 msecs (HTTP/1.1 200) 4 headers in 158 bytes (1 switches on core 0)
2026-04-14 04:53:55.216 8 INFO neutron.services.segments.plugin [-] Segment c45b0917-6246-48d1-9257-cbe0ca4e0367 resource provider aggregate not found
2026-04-14 04:53:55.228 8 INFO neutron.services.segments.plugin [-] Segment c45b0917-6246-48d1-9257-cbe0ca4e0367 resource provider not found; error: Placement Client Error (4xx): {"errors": [{"status": 404, "title": "Not Found", "detail": "The resource could not be found.\n\n No resource provider with uuid c45b0917-6246-48d1-9257-cbe0ca4e0367 found for delete ", "request_id": "req-0cfd7360-e07f-4288-bb62-151355c913d9"}]}
2026-04-14 04:53:55.240 8 INFO neutron.services.segments.plugin [-] Segment c45b0917-6246-48d1-9257-cbe0ca4e0367 resource provider not found; error: Placement Client Error (4xx): {"errors": [{"status": 404, "title": "Not Found", "detail": "The resource could not be found.\n\n No resource provider with uuid c45b0917-6246-48d1-9257-cbe0ca4e0367 found for delete ", "request_id": "req-97f07890-445b-47b7-ac6e-61dc8cd8ecba"}]} [pid: 8|app: 0|req: 1205/2492] 10.0.0.149 () {32 vars in 726 bytes} [Tue Apr 14 04:53:54 2026] DELETE /v2.0/networks/da1ddb6a-c0d4-472b-8769-020f95607ae5 => generated 0 bytes in 482 msecs (HTTP/1.1 204) 3 headers in 131 bytes (1 switches on core 0)
2026-04-14 04:53:55.410 7 WARNING neutron.scheduler.dhcp_agent_scheduler [None req-ade4437e-0b13-41ca-b120-753c2604fc5c ceadb1d151af46e492196e42a5e6edba 20b29fa209e74feba869335c08d3033d - - default default] No more DHCP agents
2026-04-14 04:53:55.411 7 WARNING neutron.api.rpc.agentnotifiers.dhcp_rpc_agent_api [None req-ade4437e-0b13-41ca-b120-753c2604fc5c ceadb1d151af46e492196e42a5e6edba 20b29fa209e74feba869335c08d3033d - - default default] Unable to schedule network ca14ca28-36f9-4d20-9ec9-5f6c250cfbd5: no agents available; will retry on subsequent port and subnet creation events.
2026-04-14 04:53:55.434 7 INFO neutron.db.ovn_revision_numbers_db [None req-ade4437e-0b13-41ca-b120-753c2604fc5c ceadb1d151af46e492196e42a5e6edba 20b29fa209e74feba869335c08d3033d - - default default] Successfully bumped revision number for resource 2ecabdd4-7812-4cc7-b900-681c47a2e688 (type: subnets) to 0 [pid: 7|app: 0|req: 1288/2493] 10.0.0.149 () {34 vars in 669 bytes} [Tue Apr 14 04:53:55 2026] POST /v2.0/subnets => generated 731 bytes in 234 msecs (HTTP/1.1 201) 4 headers in 162 bytes (1 switches on core 0) [pid: 8|app: 0|req: 1206/2494] 10.0.0.149 () {32 vars in 740 bytes} [Tue Apr 14 04:53:55 2026] DELETE /v2.0/security-groups/28dd738d-ce0b-463f-a9e4-9ff4ede5d624 => generated 0 bytes in 208 msecs (HTTP/1.1 204) 2 headers in 112 bytes (1 switches on core 0)
2026-04-14 04:53:55.546 8 INFO neutron.db.segments_db [None req-4bd87def-6441-4185-9276-8815bd35a781 ceadb1d151af46e492196e42a5e6edba 20b29fa209e74feba869335c08d3033d - - default default] Added segment 90db1106-6e90-41fc-a0f4-97312a894663 of type geneve for network 421fefe2-47d5-4272-84fc-1ff0f98c8a33
2026-04-14 04:53:55.645 8 INFO neutron.db.ovn_revision_numbers_db [None req-4bd87def-6441-4185-9276-8815bd35a781 ceadb1d151af46e492196e42a5e6edba 20b29fa209e74feba869335c08d3033d - - default default] Successfully bumped revision number for resource 421fefe2-47d5-4272-84fc-1ff0f98c8a33 (type: networks) to 1
2026-04-14 04:53:55.739 7 INFO neutron_taas.services.taas.taas_plugin [None req-6cff519b-ad84-4128-8522-bf309ae2c65f 6c7c2fa3ac0b4213a747d9a61f3ad8a9 0a2df767a1e54a9da70eb4685b84a23d - - default default] TaaS: Handle Delete Port: b5010840-269b-4936-823a-5973dcc7d71b
2026-04-14 04:53:55.743 7 INFO neutron_taas.services.taas.tap_mirror_plugin [None req-6cff519b-ad84-4128-8522-bf309ae2c65f 6c7c2fa3ac0b4213a747d9a61f3ad8a9 0a2df767a1e54a9da70eb4685b84a23d - - default default] Tap Mirror: Handle Delete Port: b5010840-269b-4936-823a-5973dcc7d71b
2026-04-14 04:53:55.823 8 WARNING neutron.scheduler.dhcp_agent_scheduler [None req-4bd87def-6441-4185-9276-8815bd35a781 ceadb1d151af46e492196e42a5e6edba 20b29fa209e74feba869335c08d3033d - - default default] No more DHCP agents
2026-04-14 04:53:55.824 8 WARNING neutron.api.rpc.agentnotifiers.dhcp_rpc_agent_api [None req-4bd87def-6441-4185-9276-8815bd35a781 ceadb1d151af46e492196e42a5e6edba 20b29fa209e74feba869335c08d3033d - - default default] Unable to schedule network 421fefe2-47d5-4272-84fc-1ff0f98c8a33: no agents available; will retry on subsequent port and subnet creation events.
2026-04-14 04:53:55.882 7 INFO neutron.plugins.ml2.drivers.ovn.mech_driver.mech_driver [None req-d0ae7e29-97a2-4a13-80b9-b97589a14e6e - - - - - -] OVN reports status down for port: b3fe452f-0097-424e-bbd7-95b596e0356e
2026-04-14 04:53:55.899 8 INFO neutron.db.ovn_revision_numbers_db [None req-4bd87def-6441-4185-9276-8815bd35a781 ceadb1d151af46e492196e42a5e6edba 20b29fa209e74feba869335c08d3033d - - default default] Successfully bumped revision number for resource b3fe452f-0097-424e-bbd7-95b596e0356e (type: ports) to 1 [pid: 8|app: 0|req: 1207/2495] 10.0.0.149 () {34 vars in 670 bytes} [Tue Apr 14 04:53:55 2026] POST /v2.0/networks => generated 657 bytes in 456 msecs (HTTP/1.1 201) 4 headers in 162 bytes (1 switches on core 0)
2026-04-14 04:53:56.138 8 WARNING neutron.scheduler.dhcp_agent_scheduler [None req-a43281f6-c68f-45a4-a750-83f424c9e6b5 ceadb1d151af46e492196e42a5e6edba 20b29fa209e74feba869335c08d3033d - - default default] No more DHCP agents
2026-04-14 04:53:56.139 8 WARNING neutron.api.rpc.agentnotifiers.dhcp_rpc_agent_api [None req-a43281f6-c68f-45a4-a750-83f424c9e6b5 ceadb1d151af46e492196e42a5e6edba 20b29fa209e74feba869335c08d3033d - - default default] Unable to schedule network 421fefe2-47d5-4272-84fc-1ff0f98c8a33: no agents available; will retry on subsequent port and subnet creation events. [pid: 7|app: 0|req: 1289/2496] 10.0.0.149 () {32 vars in 724 bytes} [Tue Apr 14 04:53:55 2026] DELETE /v2.0/routers/f3cf44f0-5287-432e-88a0-e2949aadb356 => generated 0 bytes in 763 msecs (HTTP/1.1 204) 2 headers in 112 bytes (1 switches on core 0)
2026-04-14 04:53:56.226 7 WARNING neutron.api.v2.base [None req-81acc263-2d20-4e8c-b5f3-23ed4bb626c8 63c620bd33b0470cabed6cb8a2c8006f cb998e8e74154ceba2371ebc2ab004a2 - - default default] An exception happened while processing the request body. The exception message is [Invalid input for description. Reason: 'yyyyyyyyyyyyyyyyyyyyyyyyyyyyyyyyyyyyyyyyyyyyyyyyyyyyyyyyyyyyyyyyyyyyyyyyyyyyyyyyyyyyyyyyyyyyyyyyyyyyyyyyyyyyyyyyyyyyyyyyyyyyyyyyyyyyyyyyyyyyyyyyyyyyyyyyyyyyyyyyyyyyyyyyyyyyyyyyyyyyyyyyyyyyyyyyyyyyyyyyyyyyyyyyyyyyyyyyyyyyyyyyyyyyyyyyyyyyyyyyyyyyyyyyyyyyyyyy' exceeds maximum length of 255.].: webob.exc.HTTPBadRequest: Invalid input for description. Reason: 'yyyyyyyyyyyyyyyyyyyyyyyyyyyyyyyyyyyyyyyyyyyyyyyyyyyyyyyyyyyyyyyyyyyyyyyyyyyyyyyyyyyyyyyyyyyyyyyyyyyyyyyyyyyyyyyyyyyyyyyyyyyyyyyyyyyyyyyyyyyyyyyyyyyyyyyyyyyyyyyyyyyyyyyyyyyyyyyyyyyyyyyyyyyyyyyyyyyyyyyyyyyyyyyyyyyyyyyyyyyyyyyyyyyyyyyyyyyyyyyyyyyyyyyyyyyyyyyy' exceeds maximum length of 255.
2026-04-14 04:53:56.227 7 INFO neutron.api.v2.resource [None req-81acc263-2d20-4e8c-b5f3-23ed4bb626c8 63c620bd33b0470cabed6cb8a2c8006f cb998e8e74154ceba2371ebc2ab004a2 - - default default] create failed (client error): Invalid input for description. Reason: 'yyyyyyyyyyyyyyyyyyyyyyyyyyyyyyyyyyyyyyyyyyyyyyyyyyyyyyyyyyyyyyyyyyyyyyyyyyyyyyyyyyyyyyyyyyyyyyyyyyyyyyyyyyyyyyyyyyyyyyyyyyyyyyyyyyyyyyyyyyyyyyyyyyyyyyyyyyyyyyyyyyyyyyyyyyyyyyyyyyyyyyyyyyyyyyyyyyyyyyyyyyyyyyyyyyyyyyyyyyyyyyyyyyyyyyyyyyyyyyyyyyyyyyyyyyyyyyyy' exceeds maximum length of 255. [pid: 7|app: 0|req: 1290/2497] 10.0.0.149 () {34 vars in 685 bytes} [Tue Apr 14 04:53:56 2026] POST /v2.0/vpn/vpnservices => generated 401 bytes in 7 msecs (HTTP/1.1 400) 4 headers in 166 bytes (1 switches on core 0)
2026-04-14 04:53:56.237 7 WARNING neutron.api.v2.base [None req-85b7f206-f29b-4f27-83e0-641289fe42f9 63c620bd33b0470cabed6cb8a2c8006f cb998e8e74154ceba2371ebc2ab004a2 - - default default] An exception happened while processing the request body. The exception message is [Invalid input for name. Reason: 'xxxxxxxxxxxxxxxxxxxxxxxxxxxxxxxxxxxxxxxxxxxxxxxxxxxxxxxxxxxxxxxxxxxxxxxxxxxxxxxxxxxxxxxxxxxxxxxxxxxxxxxxxxxxxxxxxxxxxxxxxxxxxxxxxxxxxxxxxxxxxxxxxxxxxxxxxxxxxxxxxxxxxxxxxxxxxxxxxxxxxxxxxxxxxxxxxxxxxxxxxxxxxxxxxxxxxxxxxxxxxxxxxxxxxxxxxxxxxxxxxxxxxxxxxxxxxxxx' exceeds maximum length of 255.].: webob.exc.HTTPBadRequest: Invalid input for name. Reason: 'xxxxxxxxxxxxxxxxxxxxxxxxxxxxxxxxxxxxxxxxxxxxxxxxxxxxxxxxxxxxxxxxxxxxxxxxxxxxxxxxxxxxxxxxxxxxxxxxxxxxxxxxxxxxxxxxxxxxxxxxxxxxxxxxxxxxxxxxxxxxxxxxxxxxxxxxxxxxxxxxxxxxxxxxxxxxxxxxxxxxxxxxxxxxxxxxxxxxxxxxxxxxxxxxxxxxxxxxxxxxxxxxxxxxxxxxxxxxxxxxxxxxxxxxxxxxxxxx' exceeds maximum length of 255.
2026-04-14 04:53:56.237 7 INFO neutron.api.v2.resource [None req-85b7f206-f29b-4f27-83e0-641289fe42f9 63c620bd33b0470cabed6cb8a2c8006f cb998e8e74154ceba2371ebc2ab004a2 - - default default] create failed (client error): Invalid input for name. Reason: 'xxxxxxxxxxxxxxxxxxxxxxxxxxxxxxxxxxxxxxxxxxxxxxxxxxxxxxxxxxxxxxxxxxxxxxxxxxxxxxxxxxxxxxxxxxxxxxxxxxxxxxxxxxxxxxxxxxxxxxxxxxxxxxxxxxxxxxxxxxxxxxxxxxxxxxxxxxxxxxxxxxxxxxxxxxxxxxxxxxxxxxxxxxxxxxxxxxxxxxxxxxxxxxxxxxxxxxxxxxxxxxxxxxxxxxxxxxxxxxxxxxxxxxxxxxxxxxxx' exceeds maximum length of 255. [pid: 7|app: 0|req: 1291/2498] 10.0.0.149 () {34 vars in 685 bytes} [Tue Apr 14 04:53:56 2026] POST /v2.0/vpn/vpnservices => generated 394 bytes in 6 msecs (HTTP/1.1 400) 4 headers in 166 bytes (1 switches on core 0)
2026-04-14 04:53:56.273 7 INFO neutron.api.v2.resource [None req-0e0cf1aa-4135-43b4-ba65-890ce81a1ef0 63c620bd33b0470cabed6cb8a2c8006f cb998e8e74154ceba2371ebc2ab004a2 - - default default] create failed (client error): The server could not comply with the request since it is either malformed or otherwise incorrect. [pid: 7|app: 0|req: 1292/2499] 10.0.0.149 () {34 vars in 693 bytes} [Tue Apr 14 04:53:56 2026] POST /v2.0/vpn/endpoint-groups => generated 183 bytes in 29 msecs (HTTP/1.1 400) 4 headers in 166 bytes (1 switches on core 0)
2026-04-14 04:53:56.315 7 INFO neutron.api.v2.resource [None req-65a8d6ba-622a-4fb6-afea-bdea76560680 63c620bd33b0470cabed6cb8a2c8006f cb998e8e74154ceba2371ebc2ab004a2 - - default default] create failed (client error): The server could not comply with the request since it is either malformed or otherwise incorrect. [pid: 7|app: 0|req: 1293/2500] 10.0.0.149 () {34 vars in 693 bytes} [Tue Apr 14 04:53:56 2026] POST /v2.0/vpn/endpoint-groups => generated 160 bytes in 35 msecs (HTTP/1.1 400) 4 headers in 166 bytes (1 switches on core 0)
2026-04-14 04:53:56.358 7 INFO neutron.api.v2.resource [None req-7c76c84a-bb2b-450f-afa2-840b82697f45 63c620bd33b0470cabed6cb8a2c8006f cb998e8e74154ceba2371ebc2ab004a2 - - default default] create failed (client error): The server could not comply with the request since it is either malformed or otherwise incorrect. [pid: 7|app: 0|req: 1294/2501] 10.0.0.149 () {34 vars in 693 bytes} [Tue Apr 14 04:53:56 2026] POST /v2.0/vpn/endpoint-groups => generated 154 bytes in 39 msecs (HTTP/1.1 400) 4 headers in 166 bytes (1 switches on core 0) [pid: 7|app: 0|req: 1295/2502] 10.0.0.149 () {32 vars in 663 bytes} [Tue Apr 14 04:53:56 2026] GET /v2.0/vpn/ikepolicies => generated 407 bytes in 12 msecs (HTTP/1.1 200) 4 headers in 157 bytes (1 switches on core 0) [pid: 7|app: 0|req: 1296/2503] 10.0.0.149 () {32 vars in 667 bytes} [Tue Apr 14 04:53:56 2026] GET /v2.0/vpn/ipsecpolicies => generated 417 bytes in 11 msecs (HTTP/1.1 200) 4 headers in 157 bytes (1 switches on core 0) [pid: 7|app: 0|req: 1297/2504] 10.0.0.149 () {32 vars in 685 bytes} [Tue Apr 14 04:53:56 2026] GET /v2.0/vpn/ipsec-site-connections => generated 795 bytes in 10 msecs (HTTP/1.1 200) 4 headers in 157 bytes (1 switches on core 0) [pid: 7|app: 0|req: 1298/2505] 10.0.0.149 () {32 vars in 663 bytes} [Tue Apr 14 04:53:56 2026] GET /v2.0/vpn/vpnservices => generated 862 bytes in 10 msecs (HTTP/1.1 200) 4 headers in 157 bytes (1 switches on core 0) [pid: 7|app: 0|req: 1299/2506] 10.0.0.149 () {32 vars in 745 bytes} [Tue Apr 14 04:53:56 2026] GET /v2.0/vpn/endpoint-groups/174abea4-b92c-4284-a7a2-fcd8326160d0 => generated 329 bytes in 10 msecs (HTTP/1.1 200) 4 headers in 157 bytes (1 switches on core 0) [pid: 7|app: 0|req: 1300/2507] 10.0.0.149 () {32 vars in 745 bytes} [Tue Apr 14 04:53:56 2026] GET /v2.0/vpn/endpoint-groups/298b3831-c5f0-447a-9af4-7056c762c3b3 => generated 319 bytes in 12 msecs (HTTP/1.1 200) 4 headers in 157 bytes (1 switches on core 0) [pid: 7|app: 0|req: 1301/2508] 10.0.0.149 () {32 vars in 737 bytes} [Tue Apr 14 04:53:56 2026] GET /v2.0/vpn/ikepolicies/c74010b3-0ad6-47ba-a865-35b1cf746a43 => generated 403 bytes in 9 msecs (HTTP/1.1 200) 4 headers in 157 bytes (1 switches on core 0) [pid: 7|app: 0|req: 1302/2509] 10.0.0.149 () {32 vars in 741 bytes} [Tue Apr 14 04:53:56 2026] GET /v2.0/vpn/ipsecpolicies/b27a6ed8-5944-4c97-982a-8efcba6bd600 => generated 413 bytes in 9 msecs (HTTP/1.1 200) 4 headers in 157 bytes (1 switches on core 0) [pid: 7|app: 0|req: 1303/2510] 10.0.0.149 () {32 vars in 737 bytes} [Tue Apr 14 04:53:56 2026] GET /v2.0/vpn/vpnservices/0779b842-71f2-4e92-9027-5ddf532749f4 => generated 449 bytes in 12 msecs (HTTP/1.1 200) 4 headers in 157 bytes (1 switches on core 0)
2026-04-14 04:53:56.611 8 INFO neutron.db.ovn_revision_numbers_db [None req-2562d5bc-f660-4e2c-8982-4e143905c103 - - - - - -] Successfully bumped revision number for resource b3fe452f-0097-424e-bbd7-95b596e0356e (type: ports) to 2
2026-04-14 04:53:56.656 8 INFO neutron.db.ovn_revision_numbers_db [None req-2562d5bc-f660-4e2c-8982-4e143905c103 - - - - - -] Successfully bumped revision number for resource c31e6acf-7794-4460-a790-31fe5c90fbdb (type: subnets) to 0 [pid: 8|app: 0|req: 1208/2511] 10.0.0.149 () {34 vars in 669 bytes} [Tue Apr 14 04:53:55 2026] POST /v2.0/subnets => generated 655 bytes in 742 msecs (HTTP/1.1 201) 4 headers in 162 bytes (1 switches on core 0)
2026-04-14 04:53:56.865 8 WARNING neutron.scheduler.dhcp_agent_scheduler [None req-abfbb0ae-83e7-4ef8-8e44-63f26fedbf6d ceadb1d151af46e492196e42a5e6edba 20b29fa209e74feba869335c08d3033d - - default default] No more DHCP agents
2026-04-14 04:53:56.866 8 WARNING neutron.api.rpc.agentnotifiers.dhcp_rpc_agent_api [None req-abfbb0ae-83e7-4ef8-8e44-63f26fedbf6d ceadb1d151af46e492196e42a5e6edba 20b29fa209e74feba869335c08d3033d - - default default] Unable to schedule network 421fefe2-47d5-4272-84fc-1ff0f98c8a33: no agents available; will retry on subsequent port and subnet creation events.
2026-04-14 04:53:56.895 8 INFO neutron.db.ovn_revision_numbers_db [None req-abfbb0ae-83e7-4ef8-8e44-63f26fedbf6d ceadb1d151af46e492196e42a5e6edba 20b29fa209e74feba869335c08d3033d - - default default] Successfully bumped revision number for resource 31f41eb2-dc76-476f-9c70-fc623df02019 (type: subnets) to 0 [pid: 8|app: 0|req: 1209/2512] 10.0.0.149 () {34 vars in 669 bytes} [Tue Apr 14 04:53:56 2026] POST /v2.0/subnets => generated 725 bytes in 235 msecs (HTTP/1.1 201) 4 headers in 162 bytes (1 switches on core 0)
2026-04-14 04:53:57.001 8 INFO neutron.db.segments_db [None req-89463eb4-b61c-405b-8fec-e8f3e2a395f4 ceadb1d151af46e492196e42a5e6edba 20b29fa209e74feba869335c08d3033d - - default default] Added segment 0cee91b4-a48c-46e1-a1f6-cee71fc8f453 of type geneve for network 2ea6146e-8e82-439d-94c9-0fec2117e7d4
2026-04-14 04:53:57.033 7 INFO neutron.db.ovn_revision_numbers_db [None req-5ee01ec3-83e2-433b-b23f-83267b81ee92 63c620bd33b0470cabed6cb8a2c8006f cb998e8e74154ceba2371ebc2ab004a2 - - default default] Successfully bumped revision number for resource 2070527d-558b-4a0a-a340-269ca159dfaf (type: routers) to 10 [pid: 7|app: 0|req: 1304/2513] 10.0.0.149 () {32 vars in 762 bytes} [Tue Apr 14 04:53:56 2026] DELETE /v2.0/vpn/ipsec-site-connections/00d520b2-c49e-4033-a6e5-bc9e6e58d27c => generated 0 bytes in 541 msecs (HTTP/1.1 204) 2 headers in 112 bytes (1 switches on core 0) [pid: 7|app: 0|req: 1305/2514] 10.0.0.149 () {32 vars in 748 bytes} [Tue Apr 14 04:53:57 2026] DELETE /v2.0/vpn/endpoint-groups/174abea4-b92c-4284-a7a2-fcd8326160d0 => generated 0 bytes in 29 msecs (HTTP/1.1 204) 2 headers in 112 bytes (1 switches on core 0)
2026-04-14 04:53:57.107 8 INFO neutron.db.ovn_revision_numbers_db [None req-89463eb4-b61c-405b-8fec-e8f3e2a395f4 ceadb1d151af46e492196e42a5e6edba 20b29fa209e74feba869335c08d3033d - - default default] Successfully bumped revision number for resource 2ea6146e-8e82-439d-94c9-0fec2117e7d4 (type: networks) to 1 [pid: 7|app: 0|req: 1306/2515] 10.0.0.149 () {32 vars in 748 bytes} [Tue Apr 14 04:53:57 2026] DELETE /v2.0/vpn/endpoint-groups/298b3831-c5f0-447a-9af4-7056c762c3b3 => generated 0 bytes in 23 msecs (HTTP/1.1 204) 2 headers in 112 bytes (1 switches on core 0) [pid: 7|app: 0|req: 1307/2516] 10.0.0.149 () {32 vars in 744 bytes} [Tue Apr 14 04:53:57 2026] DELETE /v2.0/vpn/ipsecpolicies/b27a6ed8-5944-4c97-982a-8efcba6bd600 => generated 0 bytes in 42 msecs (HTTP/1.1 204) 2 headers in 112 bytes (1 switches on core 0) [pid: 7|app: 0|req: 1308/2517] 10.0.0.149 () {32 vars in 740 bytes} [Tue Apr 14 04:53:57 2026] DELETE /v2.0/vpn/ikepolicies/c74010b3-0ad6-47ba-a865-35b1cf746a43 => generated 0 bytes in 28 msecs (HTTP/1.1 204) 2 headers in 112 bytes (1 switches on core 0) [pid: 7|app: 0|req: 1309/2518] 10.0.0.149 () {32 vars in 740 bytes} [Tue Apr 14 04:53:57 2026] DELETE /v2.0/vpn/vpnservices/0779b842-71f2-4e92-9027-5ddf532749f4 => generated 0 bytes in 58 msecs (HTTP/1.1 204) 2 headers in 112 bytes (1 switches on core 0)
2026-04-14 04:53:57.282 8 WARNING neutron.scheduler.dhcp_agent_scheduler [None req-89463eb4-b61c-405b-8fec-e8f3e2a395f4 ceadb1d151af46e492196e42a5e6edba 20b29fa209e74feba869335c08d3033d - - default default] No more DHCP agents
2026-04-14 04:53:57.283 8 WARNING neutron.api.rpc.agentnotifiers.dhcp_rpc_agent_api [None req-89463eb4-b61c-405b-8fec-e8f3e2a395f4 ceadb1d151af46e492196e42a5e6edba 20b29fa209e74feba869335c08d3033d - - default default] Unable to schedule network 2ea6146e-8e82-439d-94c9-0fec2117e7d4: no agents available; will retry on subsequent port and subnet creation events.
2026-04-14 04:53:57.376 8 INFO neutron.db.ovn_revision_numbers_db [None req-89463eb4-b61c-405b-8fec-e8f3e2a395f4 ceadb1d151af46e492196e42a5e6edba 20b29fa209e74feba869335c08d3033d - - default default] Successfully bumped revision number for resource d4ed72c8-0568-4eaf-af64-6a99f8872945 (type: ports) to 1 [pid: 8|app: 0|req: 1210/2519] 10.0.0.149 () {34 vars in 670 bytes} [Tue Apr 14 04:53:56 2026] POST /v2.0/networks => generated 656 bytes in 484 msecs (HTTP/1.1 201) 4 headers in 162 bytes (1 switches on core 0)
2026-04-14 04:53:57.583 8 WARNING neutron.scheduler.dhcp_agent_scheduler [None req-3dffe858-2231-4dd0-a062-a6fb1a8d9bdc ceadb1d151af46e492196e42a5e6edba 20b29fa209e74feba869335c08d3033d - - default default] No more DHCP agents
2026-04-14 04:53:57.584 8 WARNING neutron.api.rpc.agentnotifiers.dhcp_rpc_agent_api [None req-3dffe858-2231-4dd0-a062-a6fb1a8d9bdc ceadb1d151af46e492196e42a5e6edba 20b29fa209e74feba869335c08d3033d - - default default] Unable to schedule network 2ea6146e-8e82-439d-94c9-0fec2117e7d4: no agents available; will retry on subsequent port and subnet creation events.
2026-04-14 04:53:57.614 7 INFO neutron_taas.services.taas.taas_plugin [None req-2d278418-e18b-4ff5-b4ae-b5a2cda651f8 63c620bd33b0470cabed6cb8a2c8006f cb998e8e74154ceba2371ebc2ab004a2 - - default default] TaaS: Handle Delete Port: e0a647e8-42b9-4e9a-92d7-6ae979a71e6a
2026-04-14 04:53:57.617 7 INFO neutron_taas.services.taas.tap_mirror_plugin [None req-2d278418-e18b-4ff5-b4ae-b5a2cda651f8 63c620bd33b0470cabed6cb8a2c8006f cb998e8e74154ceba2371ebc2ab004a2 - - default default] Tap Mirror: Handle Delete Port: e0a647e8-42b9-4e9a-92d7-6ae979a71e6a
2026-04-14 04:53:57.901 7 INFO neutron_taas.services.taas.taas_plugin [None req-5ead7d26-3bf6-4258-97a6-72102b0ff497 - - - - - -] TaaS: Handle Delete Port: 597a61a8-5f42-4d98-bb55-f3dea38121f2
2026-04-14 04:53:57.914 7 INFO neutron_taas.services.taas.tap_mirror_plugin [None req-5ead7d26-3bf6-4258-97a6-72102b0ff497 - - - - - -] Tap Mirror: Handle Delete Port: 597a61a8-5f42-4d98-bb55-f3dea38121f2
2026-04-14 04:53:57.949 8 INFO neutron.db.ovn_revision_numbers_db [None req-cb415b7f-d947-4ac1-a732-a743eaf4c476 - - - - - -] Successfully bumped revision number for resource d4ed72c8-0568-4eaf-af64-6a99f8872945 (type: ports) to 2
2026-04-14 04:53:57.975 8 INFO neutron.db.ovn_revision_numbers_db [None req-cb415b7f-d947-4ac1-a732-a743eaf4c476 - - - - - -] Successfully bumped revision number for resource d5d92958-d3b1-46a0-9b64-0cf185792f8c (type: subnets) to 0 [pid: 8|app: 0|req: 1211/2520] 10.0.0.149 () {34 vars in 669 bytes} [Tue Apr 14 04:53:57 2026] POST /v2.0/subnets => generated 656 bytes in 586 msecs (HTTP/1.1 201) 4 headers in 162 bytes (1 switches on core 0)
2026-04-14 04:53:58.292 7 INFO neutron_taas.services.taas.taas_plugin [None req-984b9c0e-5080-419e-a2cd-21fa9dfcefc3 - - - - - -] TaaS: Handle Delete Port: 2868a056-76a7-4aef-8632-3019c31c91ad
2026-04-14 04:53:58.295 7 INFO neutron_taas.services.taas.tap_mirror_plugin [None req-984b9c0e-5080-419e-a2cd-21fa9dfcefc3 - - - - - -] Tap Mirror: Handle Delete Port: 2868a056-76a7-4aef-8632-3019c31c91ad
2026-04-14 04:53:58.320 8 WARNING neutron.scheduler.dhcp_agent_scheduler [None req-9f44ee4b-90e6-433a-92f8-21f14e8b83fb ceadb1d151af46e492196e42a5e6edba 20b29fa209e74feba869335c08d3033d - - default default] No more DHCP agents
2026-04-14 04:53:58.321 8 WARNING neutron.api.rpc.agentnotifiers.dhcp_rpc_agent_api [None req-9f44ee4b-90e6-433a-92f8-21f14e8b83fb ceadb1d151af46e492196e42a5e6edba 20b29fa209e74feba869335c08d3033d - - default default] Unable to schedule network 2ea6146e-8e82-439d-94c9-0fec2117e7d4: no agents available; will retry on subsequent port and subnet creation events.
2026-04-14 04:53:58.354 8 INFO neutron.db.ovn_revision_numbers_db [None req-9f44ee4b-90e6-433a-92f8-21f14e8b83fb ceadb1d151af46e492196e42a5e6edba 20b29fa209e74feba869335c08d3033d - - default default] Successfully bumped revision number for resource c1c6e04a-acec-43e3-98ff-7a7eb880a687 (type: subnets) to 0 [pid: 8|app: 0|req: 1212/2521] 10.0.0.149 () {34 vars in 669 bytes} [Tue Apr 14 04:53:58 2026] POST /v2.0/subnets => generated 729 bytes in 233 msecs (HTTP/1.1 201) 4 headers in 162 bytes (1 switches on core 0)
2026-04-14 04:53:58.785 8 WARNING neutron.scheduler.dhcp_agent_scheduler [None req-da91f81a-eb80-4bd1-a015-b9fbb974f29b ceadb1d151af46e492196e42a5e6edba 20b29fa209e74feba869335c08d3033d - - default default] No more DHCP agents
2026-04-14 04:53:58.787 8 WARNING neutron.api.rpc.agentnotifiers.dhcp_rpc_agent_api [None req-da91f81a-eb80-4bd1-a015-b9fbb974f29b ceadb1d151af46e492196e42a5e6edba 20b29fa209e74feba869335c08d3033d - - default default] Unable to schedule network c89cf726-0b5a-4212-aa66-57332c0c654d: no agents available; will retry on subsequent port and subnet creation events.
2026-04-14 04:53:58.968 8 INFO neutron.db.ovn_revision_numbers_db [None req-da91f81a-eb80-4bd1-a015-b9fbb974f29b ceadb1d151af46e492196e42a5e6edba 20b29fa209e74feba869335c08d3033d - - default default] Successfully bumped revision number for resource 3b242162-768e-49c6-8c4e-77debabaadcd (type: ports) to 1
2026-04-14 04:53:59.053 8 WARNING neutron.plugins.ml2.drivers.ovn.mech_driver.ovsdb.ovn_client [None req-71c4e4c0-afb3-4977-ac68-29d03f5e11ba - - - - - -] No port found with ID b5010840-269b-4936-823a-5973dcc7d71b: RuntimeError: No port found with ID b5010840-269b-4936-823a-5973dcc7d71b
2026-04-14 04:53:59.054 8 INFO neutron.plugins.ml2.drivers.ovn.mech_driver.mech_driver [None req-71c4e4c0-afb3-4977-ac68-29d03f5e11ba - - - - - -] OVN reports status down for port: d4ed72c8-0568-4eaf-af64-6a99f8872945
2026-04-14 04:53:59.187 8 INFO neutron.plugins.ml2.drivers.ovn.mech_driver.mech_driver [None req-71c4e4c0-afb3-4977-ac68-29d03f5e11ba - - - - - -] OVN reports status down for port: 3b242162-768e-49c6-8c4e-77debabaadcd
2026-04-14 04:53:59.215 7 INFO neutron_taas.services.taas.taas_plugin [None req-984b9c0e-5080-419e-a2cd-21fa9dfcefc3 - - - - - -] TaaS: Handle Delete Port: dd6c4ab3-cdfa-4e35-8372-377c0b66837d
2026-04-14 04:53:59.218 7 INFO neutron_taas.services.taas.tap_mirror_plugin [None req-984b9c0e-5080-419e-a2cd-21fa9dfcefc3 - - - - - -] Tap Mirror: Handle Delete Port: dd6c4ab3-cdfa-4e35-8372-377c0b66837d
2026-04-14 04:53:59.394 7 INFO neutron.services.segments.plugin [-] Segment c46723ed-da02-46b2-856c-1baa7851296c resource provider aggregate not found
2026-04-14 04:53:59.400 7 INFO neutron.services.segments.plugin [-] Segment c46723ed-da02-46b2-856c-1baa7851296c resource provider aggregate not found
2026-04-14 04:53:59.419 7 INFO neutron.services.segments.plugin [-] Segment c46723ed-da02-46b2-856c-1baa7851296c resource provider not found; error: Placement Client Error (4xx): {"errors": [{"status": 404, "title": "Not Found", "detail": "The resource could not be found.\n\n No resource provider with uuid c46723ed-da02-46b2-856c-1baa7851296c found for delete ", "request_id": "req-046a400e-35c1-428c-9ac2-365e69bc8f2b"}]}
2026-04-14 04:53:59.420 7 INFO neutron.services.segments.plugin [-] Segment c46723ed-da02-46b2-856c-1baa7851296c resource provider not found; error: Placement Client Error (4xx): {"errors": [{"status": 404, "title": "Not Found", "detail": "The resource could not be found.\n\n No resource provider with uuid c46723ed-da02-46b2-856c-1baa7851296c found for delete ", "request_id": "req-7d5982a7-bfc9-4772-9ff2-da4458dab8d9"}]} [pid: 7|app: 0|req: 1310/2522] 10.0.0.149 () {32 vars in 740 bytes} [Tue Apr 14 04:53:57 2026] DELETE /v2.0/vpn/vpnservices/a6a15380-544d-4e13-9765-e1bb50879f7a => generated 0 bytes in 2203 msecs (HTTP/1.1 204) 2 headers in 112 bytes (1 switches on core 0) /var/lib/openstack/lib/python3.12/site-packages/pycadf/identifier.py:70: UserWarning: Invalid uuid: neutron. To ensure interoperability, identifiers should be a valid uuid. warnings.warn(('Invalid uuid: %s. To ensure interoperability, '
2026-04-14 04:53:59.698 8 INFO neutron.plugins.ml2.drivers.ovn.mech_driver.ovsdb.commands [None req-a8571992-8148-44ed-b60e-9cb70370335d - - - - - -] Schedule LRP lrp-3b242162-768e-49c6-8c4e-77debabaadcd on gateway 78377c3c-d04b-4871-8684-ef5cf6530939 with priority 1
2026-04-14 04:53:59.751 8 INFO neutron.plugins.ml2.drivers.ovn.mech_driver.mech_driver [None req-71c4e4c0-afb3-4977-ac68-29d03f5e11ba - - - - - -] OVN reports status up for port: 3b242162-768e-49c6-8c4e-77debabaadcd
2026-04-14 04:53:59.793 8 INFO neutron.plugins.ml2.plugin [None req-71c4e4c0-afb3-4977-ac68-29d03f5e11ba - - - - - -] Attempt 1 to provision port 3b242162-768e-49c6-8c4e-77debabaadcd
2026-04-14 04:53:59.836 8 INFO neutron.db.ovn_revision_numbers_db [None req-da91f81a-eb80-4bd1-a015-b9fbb974f29b ceadb1d151af46e492196e42a5e6edba 20b29fa209e74feba869335c08d3033d - - default default] Successfully bumped revision number for resource 3b242162-768e-49c6-8c4e-77debabaadcd (type: router_ports) to 1
2026-04-14 04:53:59.854 7 INFO neutron.plugins.ml2.drivers.ovn.mech_driver.ovsdb.ovsdb_monitor [None req-338af292-9dd0-4818-a7ac-43fed1c4b0a0 - - - - - -] Router f8492a58-f0d7-4581-a9f6-90d84c9c887f is bound to host instance
2026-04-14 04:53:59.946 8 INFO neutron.db.ovn_revision_numbers_db [None req-da91f81a-eb80-4bd1-a015-b9fbb974f29b ceadb1d151af46e492196e42a5e6edba 20b29fa209e74feba869335c08d3033d - - default default] Successfully bumped revision number for resource f8492a58-f0d7-4581-a9f6-90d84c9c887f (type: routers) to 2 [pid: 8|app: 0|req: 1213/2523] 10.0.0.149 () {34 vars in 669 bytes} [Tue Apr 14 04:53:58 2026] POST /v2.0/routers => generated 944 bytes in 1588 msecs (HTTP/1.1 201) 4 headers in 162 bytes (1 switches on core 0) [pid: 8|app: 0|req: 1214/2524] 10.0.0.149 () {32 vars in 721 bytes} [Tue Apr 14 04:53:59 2026] GET /v2.0/routers/2070527d-558b-4a0a-a340-269ca159dfaf => generated 942 bytes in 64 msecs (HTTP/1.1 200) 4 headers in 157 bytes (1 switches on core 0)
2026-04-14 04:54:00.043 7 WARNING neutron.scheduler.dhcp_agent_scheduler [None req-7926be92-250b-4a9d-8128-6b5778bb763d 467a86898913460fa573c45a794515fa a5d7e92e17964ef69532059fc639a2a2 - - default default] No more DHCP agents
2026-04-14 04:54:00.046 7 WARNING neutron.api.rpc.agentnotifiers.dhcp_rpc_agent_api [None req-7926be92-250b-4a9d-8128-6b5778bb763d 467a86898913460fa573c45a794515fa a5d7e92e17964ef69532059fc639a2a2 - - default default] Unable to schedule network c89cf726-0b5a-4212-aa66-57332c0c654d: no agents available; will retry on subsequent port and subnet creation events.
2026-04-14 04:54:00.524 8 WARNING neutron.scheduler.dhcp_agent_scheduler [None req-78a0ded1-3ddc-46f1-b5b5-a528618fba7c ceadb1d151af46e492196e42a5e6edba 20b29fa209e74feba869335c08d3033d - - default default] No more DHCP agents
2026-04-14 04:54:00.526 8 WARNING neutron.api.rpc.agentnotifiers.dhcp_rpc_agent_api [None req-78a0ded1-3ddc-46f1-b5b5-a528618fba7c ceadb1d151af46e492196e42a5e6edba 20b29fa209e74feba869335c08d3033d - - default default] Unable to schedule network ca14ca28-36f9-4d20-9ec9-5f6c250cfbd5: no agents available; will retry on subsequent port and subnet creation events. [pid: 7|app: 0|req: 1311/2525] 10.0.0.149 () {34 vars in 676 bytes} [Tue Apr 14 04:53:59 2026] POST /v2.0/floatingips => generated 552 bytes in 1133 msecs (HTTP/1.1 201) 4 headers in 162 bytes (1 switches on core 0)
2026-04-14 04:54:00.705 8 INFO neutron.db.ovn_revision_numbers_db [None req-78a0ded1-3ddc-46f1-b5b5-a528618fba7c ceadb1d151af46e492196e42a5e6edba 20b29fa209e74feba869335c08d3033d - - default default] Successfully bumped revision number for resource 6eebd21e-c86e-4966-9b26-8158c044aad6 (type: ports) to 1
2026-04-14 04:54:01.379 7 INFO neutron.db.ovn_revision_numbers_db [None req-ba17ba70-338a-4806-976d-183d5cf0f036 - - - - - -] Successfully bumped revision number for resource 3b242162-768e-49c6-8c4e-77debabaadcd (type: ports) to 4
2026-04-14 04:54:01.793 7 INFO neutron.db.ovn_revision_numbers_db [None req-e07f9f16-8586-4d76-8e4a-12b18ad53436 63c620bd33b0470cabed6cb8a2c8006f cb998e8e74154ceba2371ebc2ab004a2 - - default default] Successfully bumped revision number for resource 2070527d-558b-4a0a-a340-269ca159dfaf (type: routers) to 11 [pid: 7|app: 0|req: 1312/2526] 10.0.0.149 () {34 vars in 742 bytes} [Tue Apr 14 04:54:00 2026] PUT /v2.0/routers/2070527d-558b-4a0a-a340-269ca159dfaf => generated 942 bytes in 1212 msecs (HTTP/1.1 200) 4 headers in 157 bytes (1 switches on core 0)
2026-04-14 04:54:01.920 8 WARNING neutron.scheduler.dhcp_agent_scheduler [None req-78a0ded1-3ddc-46f1-b5b5-a528618fba7c ceadb1d151af46e492196e42a5e6edba 20b29fa209e74feba869335c08d3033d - - default default] No more DHCP agents
2026-04-14 04:54:01.922 8 WARNING neutron.api.rpc.agentnotifiers.dhcp_rpc_agent_api [None req-78a0ded1-3ddc-46f1-b5b5-a528618fba7c ceadb1d151af46e492196e42a5e6edba 20b29fa209e74feba869335c08d3033d - - default default] Unable to schedule network ca14ca28-36f9-4d20-9ec9-5f6c250cfbd5: no agents available; will retry on subsequent port and subnet creation events. [pid: 7|app: 0|req: 1313/2527] 10.0.0.149 () {34 vars in 759 bytes} [Tue Apr 14 04:54:01 2026] PUT /v2.0/floatingips/3f2f8bb3-fe8a-43e0-b81c-f20644ee53b2/tags => generated 25 bytes in 163 msecs (HTTP/1.1 200) 4 headers in 156 bytes (1 switches on core 0)
2026-04-14 04:54:02.099 7 INFO neutron.db.ovn_revision_numbers_db [None req-ba17ba70-338a-4806-976d-183d5cf0f036 - - - - - -] Successfully bumped revision number for resource 3b242162-768e-49c6-8c4e-77debabaadcd (type: ports) to 5 [pid: 7|app: 0|req: 1314/2528] 10.0.0.149 () {32 vars in 736 bytes} [Tue Apr 14 04:54:01 2026] GET /v2.0/ports?device_id=2070527d-558b-4a0a-a340-269ca159dfaf => generated 946 bytes in 146 msecs (HTTP/1.1 200) 4 headers in 157 bytes (1 switches on core 0) [pid: 7|app: 0|req: 1315/2529] 10.0.0.149 () {32 vars in 739 bytes} [Tue Apr 14 04:54:02 2026] GET /v2.0/floatingips/3f2f8bb3-fe8a-43e0-b81c-f20644ee53b2/tags => generated 25 bytes in 99 msecs (HTTP/1.1 200) 4 headers in 156 bytes (1 switches on core 0)
2026-04-14 04:54:02.284 8 INFO neutron.db.ovn_revision_numbers_db [None req-78a0ded1-3ddc-46f1-b5b5-a528618fba7c ceadb1d151af46e492196e42a5e6edba 20b29fa209e74feba869335c08d3033d - - default default] Successfully bumped revision number for resource 6eebd21e-c86e-4966-9b26-8158c044aad6 (type: router_ports) to 1 [pid: 8|app: 0|req: 1215/2530] 10.0.0.149 () {34 vars in 783 bytes} [Tue Apr 14 04:54:00 2026] PUT /v2.0/routers/f8492a58-f0d7-4581-a9f6-90d84c9c887f/add_router_interface => generated 309 bytes in 2262 msecs (HTTP/1.1 200) 4 headers in 157 bytes (1 switches on core 0) [pid: 8|app: 0|req: 1216/2531] 10.0.0.149 () {34 vars in 770 bytes} [Tue Apr 14 04:54:02 2026] PUT /v2.0/floatingips/3f2f8bb3-fe8a-43e0-b81c-f20644ee53b2/tags/green => generated 4 bytes in 63 msecs (HTTP/1.1 201) 4 headers in 160 bytes (1 switches on core 0)
2026-04-14 04:54:02.503 8 INFO neutron.plugins.ml2.drivers.ovn.mech_driver.mech_driver [None req-71c4e4c0-afb3-4977-ac68-29d03f5e11ba - - - - - -] OVN reports status down for port: 6eebd21e-c86e-4966-9b26-8158c044aad6
2026-04-14 04:54:02.529 7 INFO neutron_taas.services.taas.taas_plugin [None req-c685f113-7abc-4213-aa74-83d7d154b820 63c620bd33b0470cabed6cb8a2c8006f cb998e8e74154ceba2371ebc2ab004a2 - - default default] TaaS: Handle Delete Port: 9e670455-c9a6-40a5-9f2d-a7dc2b8a7def
2026-04-14 04:54:02.532 7 INFO neutron_taas.services.taas.tap_mirror_plugin [None req-c685f113-7abc-4213-aa74-83d7d154b820 63c620bd33b0470cabed6cb8a2c8006f cb998e8e74154ceba2371ebc2ab004a2 - - default default] Tap Mirror: Handle Delete Port: 9e670455-c9a6-40a5-9f2d-a7dc2b8a7def
2026-04-14 04:54:02.601 8 WARNING neutron.plugins.ml2.drivers.ovn.mech_driver.ovsdb.ovn_client [None req-71c4e4c0-afb3-4977-ac68-29d03f5e11ba - - - - - -] Logical_Switch_Port %s host information not removed, the port state is up
2026-04-14 04:54:02.602 8 INFO neutron.plugins.ml2.drivers.ovn.mech_driver.mech_driver [None req-71c4e4c0-afb3-4977-ac68-29d03f5e11ba - - - - - -] OVN reports status up for port: 6eebd21e-c86e-4966-9b26-8158c044aad6
2026-04-14 04:54:02.624 8 INFO neutron.plugins.ml2.plugin [None req-71c4e4c0-afb3-4977-ac68-29d03f5e11ba - - - - - -] Attempt 1 to provision port 6eebd21e-c86e-4966-9b26-8158c044aad6 [pid: 7|app: 0|req: 1316/2532] 10.0.0.149 () {34 vars in 789 bytes} [Tue Apr 14 04:54:02 2026] PUT /v2.0/routers/2070527d-558b-4a0a-a340-269ca159dfaf/remove_router_interface => generated 309 bytes in 803 msecs (HTTP/1.1 200) 4 headers in 157 bytes (1 switches on core 0) /var/lib/openstack/lib/python3.12/site-packages/pycadf/identifier.py:70: UserWarning: Invalid uuid: neutron. To ensure interoperability, identifiers should be a valid uuid. warnings.warn(('Invalid uuid: %s. To ensure interoperability, ' [pid: 7|app: 0|req: 1317/2533] 10.0.0.149 () {32 vars in 739 bytes} [Tue Apr 14 04:54:03 2026] GET /v2.0/floatingips/3f2f8bb3-fe8a-43e0-b81c-f20644ee53b2/tags => generated 34 bytes in 37 msecs (HTTP/1.1 200) 4 headers in 156 bytes (1 switches on core 0)
2026-04-14 04:54:03.151 8 WARNING neutron.scheduler.dhcp_agent_scheduler [None req-1eb74ea0-3954-49ef-842a-62dccc9a84ba ceadb1d151af46e492196e42a5e6edba 20b29fa209e74feba869335c08d3033d - - default default] No more DHCP agents
2026-04-14 04:54:03.154 8 WARNING neutron.api.rpc.agentnotifiers.dhcp_rpc_agent_api [None req-1eb74ea0-3954-49ef-842a-62dccc9a84ba ceadb1d151af46e492196e42a5e6edba 20b29fa209e74feba869335c08d3033d - - default default] Unable to schedule network 421fefe2-47d5-4272-84fc-1ff0f98c8a33: no agents available; will retry on subsequent port and subnet creation events.
2026-04-14 04:54:03.365 8 INFO neutron.db.ovn_revision_numbers_db [None req-71c4e4c0-afb3-4977-ac68-29d03f5e11ba - - - - - -] Successfully bumped revision number for resource 6eebd21e-c86e-4966-9b26-8158c044aad6 (type: ports) to 2
2026-04-14 04:54:03.366 7 INFO neutron_taas.services.taas.taas_plugin [None req-223379af-d6b2-4425-b57d-2091a971d46c 63c620bd33b0470cabed6cb8a2c8006f cb998e8e74154ceba2371ebc2ab004a2 - - default default] TaaS: Handle Delete Port: 99a96607-748a-4c11-9c9a-84b8fafd123b
2026-04-14 04:54:03.370 7 INFO neutron_taas.services.taas.tap_mirror_plugin [None req-223379af-d6b2-4425-b57d-2091a971d46c 63c620bd33b0470cabed6cb8a2c8006f cb998e8e74154ceba2371ebc2ab004a2 - - default default] Tap Mirror: Handle Delete Port: 99a96607-748a-4c11-9c9a-84b8fafd123b
2026-04-14 04:54:03.426 7 INFO neutron.plugins.ml2.drivers.ovn.mech_driver.mech_driver [None req-d0ae7e29-97a2-4a13-80b9-b97589a14e6e - - - - - -] OVN reports status down for port: 58d44a8f-3d0a-4375-a947-33d8abd5a776
2026-04-14 04:54:03.454 8 INFO neutron.db.ovn_revision_numbers_db [None req-1eb74ea0-3954-49ef-842a-62dccc9a84ba ceadb1d151af46e492196e42a5e6edba 20b29fa209e74feba869335c08d3033d - - default default] Successfully bumped revision number for resource 58d44a8f-3d0a-4375-a947-33d8abd5a776 (type: ports) to 1 [pid: 7|app: 0|req: 1318/2534] 10.0.0.149 () {32 vars in 724 bytes} [Tue Apr 14 04:54:03 2026] DELETE /v2.0/routers/2070527d-558b-4a0a-a340-269ca159dfaf => generated 0 bytes in 752 msecs (HTTP/1.1 204) 2 headers in 112 bytes (1 switches on core 0) [pid: 7|app: 0|req: 1319/2535] 10.0.0.149 () {34 vars in 766 bytes} [Tue Apr 14 04:54:03 2026] PUT /v2.0/floatingips/3f2f8bb3-fe8a-43e0-b81c-f20644ee53b2/tags/red => generated 4 bytes in 53 msecs (HTTP/1.1 201) 4 headers in 160 bytes (1 switches on core 0) [pid: 7|app: 0|req: 1320/2536] 10.0.0.149 () {32 vars in 721 bytes} [Tue Apr 14 04:54:03 2026] GET /v2.0/routers/7013e6f4-9be0-4bb9-b178-2eacb2dafe13 => generated 943 bytes in 75 msecs (HTTP/1.1 200) 4 headers in 157 bytes (1 switches on core 0) [pid: 7|app: 0|req: 1321/2537] 10.0.0.149 () {32 vars in 739 bytes} [Tue Apr 14 04:54:03 2026] GET /v2.0/floatingips/3f2f8bb3-fe8a-43e0-b81c-f20644ee53b2/tags => generated 34 bytes in 41 msecs (HTTP/1.1 200) 4 headers in 156 bytes (1 switches on core 0)
2026-04-14 04:54:04.188 7 INFO neutron.plugins.ml2.drivers.ovn.mech_driver.mech_driver [None req-d0ae7e29-97a2-4a13-80b9-b97589a14e6e - - - - - -] OVN reports status up for port: 58d44a8f-3d0a-4375-a947-33d8abd5a776
2026-04-14 04:54:04.211 7 INFO neutron.plugins.ml2.plugin [None req-d0ae7e29-97a2-4a13-80b9-b97589a14e6e - - - - - -] Attempt 1 to provision port 58d44a8f-3d0a-4375-a947-33d8abd5a776
2026-04-14 04:54:04.242 8 WARNING neutron.scheduler.dhcp_agent_scheduler [None req-1eb74ea0-3954-49ef-842a-62dccc9a84ba ceadb1d151af46e492196e42a5e6edba 20b29fa209e74feba869335c08d3033d - - default default] No more DHCP agents
2026-04-14 04:54:04.243 8 WARNING neutron.api.rpc.agentnotifiers.dhcp_rpc_agent_api [None req-1eb74ea0-3954-49ef-842a-62dccc9a84ba ceadb1d151af46e492196e42a5e6edba 20b29fa209e74feba869335c08d3033d - - default default] Unable to schedule network 421fefe2-47d5-4272-84fc-1ff0f98c8a33: no agents available; will retry on subsequent port and subnet creation events.
2026-04-14 04:54:04.566 8 INFO neutron.db.ovn_revision_numbers_db [None req-1eb74ea0-3954-49ef-842a-62dccc9a84ba ceadb1d151af46e492196e42a5e6edba 20b29fa209e74feba869335c08d3033d - - default default] Successfully bumped revision number for resource 58d44a8f-3d0a-4375-a947-33d8abd5a776 (type: router_ports) to 1 [pid: 8|app: 0|req: 1217/2540] 10.0.0.149 () {34 vars in 783 bytes} [Tue Apr 14 04:54:02 2026] PUT /v2.0/routers/f8492a58-f0d7-4581-a9f6-90d84c9c887f/add_router_interface => generated 309 bytes in 2218 msecs (HTTP/1.1 200) 4 headers in 157 bytes (1 switches on core 0) [pid: 8|app: 0|req: 1218/2541] 10.0.0.149 () {34 vars in 788 bytes} [Tue Apr 14 04:54:04 2026] PUT /v2.0/floatingips/3f2f8bb3-fe8a-43e0-b81c-f20644ee53b2/tags/black.or.white => generated 4 bytes in 59 msecs (HTTP/1.1 201) 4 headers in 160 bytes (1 switches on core 0)
2026-04-14 04:54:05.020 7 INFO neutron.db.ovn_revision_numbers_db [None req-a6e9445d-2c0d-4501-81f2-14845abcf3af 63c620bd33b0470cabed6cb8a2c8006f cb998e8e74154ceba2371ebc2ab004a2 - - default default] Successfully bumped revision number for resource 7013e6f4-9be0-4bb9-b178-2eacb2dafe13 (type: routers) to 5 [pid: 7|app: 0|req: 1324/2542] 10.0.0.149 () {34 vars in 742 bytes} [Tue Apr 14 04:54:03 2026] PUT /v2.0/routers/7013e6f4-9be0-4bb9-b178-2eacb2dafe13 => generated 943 bytes in 1046 msecs (HTTP/1.1 200) 4 headers in 157 bytes (1 switches on core 0) [pid: 7|app: 0|req: 1325/2543] 10.0.0.149 () {32 vars in 739 bytes} [Tue Apr 14 04:54:05 2026] GET /v2.0/floatingips/3f2f8bb3-fe8a-43e0-b81c-f20644ee53b2/tags => generated 52 bytes in 48 msecs (HTTP/1.1 200) 4 headers in 156 bytes (1 switches on core 0)
2026-04-14 04:54:05.115 7 INFO neutron.db.ovn_revision_numbers_db [None req-d0ae7e29-97a2-4a13-80b9-b97589a14e6e - - - - - -] Successfully bumped revision number for resource 58d44a8f-3d0a-4375-a947-33d8abd5a776 (type: ports) to 2
2026-04-14 04:54:05.145 8 WARNING neutron.scheduler.dhcp_agent_scheduler [None req-ca0ca66f-c0a9-406c-8a58-812bb44b0a4b ceadb1d151af46e492196e42a5e6edba 20b29fa209e74feba869335c08d3033d - - default default] No more DHCP agents
2026-04-14 04:54:05.146 8 WARNING neutron.api.rpc.agentnotifiers.dhcp_rpc_agent_api [None req-ca0ca66f-c0a9-406c-8a58-812bb44b0a4b ceadb1d151af46e492196e42a5e6edba 20b29fa209e74feba869335c08d3033d - - default default] Unable to schedule network 2ea6146e-8e82-439d-94c9-0fec2117e7d4: no agents available; will retry on subsequent port and subnet creation events. [pid: 7|app: 0|req: 1326/2544] 10.0.0.149 () {32 vars in 736 bytes} [Tue Apr 14 04:54:05 2026] GET /v2.0/ports?device_id=7013e6f4-9be0-4bb9-b178-2eacb2dafe13 => generated 950 bytes in 102 msecs (HTTP/1.1 200) 4 headers in 157 bytes (1 switches on core 0)
2026-04-14 04:54:05.276 8 INFO neutron.db.ovn_revision_numbers_db [None req-ca0ca66f-c0a9-406c-8a58-812bb44b0a4b ceadb1d151af46e492196e42a5e6edba 20b29fa209e74feba869335c08d3033d - - default default] Successfully bumped revision number for resource 3b5ad824-d422-4e8a-9ff9-beef9576fc19 (type: ports) to 1 [pid: 7|app: 0|req: 1327/2545] 10.0.0.149 () {34 vars in 759 bytes} [Tue Apr 14 04:54:05 2026] PUT /v2.0/floatingips/3f2f8bb3-fe8a-43e0-b81c-f20644ee53b2/tags => generated 37 bytes in 115 msecs (HTTP/1.1 200) 4 headers in 156 bytes (1 switches on core 0)
2026-04-14 04:54:05.994 8 WARNING neutron.scheduler.dhcp_agent_scheduler [None req-ca0ca66f-c0a9-406c-8a58-812bb44b0a4b ceadb1d151af46e492196e42a5e6edba 20b29fa209e74feba869335c08d3033d - - default default] No more DHCP agents
2026-04-14 04:54:05.998 8 WARNING neutron.api.rpc.agentnotifiers.dhcp_rpc_agent_api [None req-ca0ca66f-c0a9-406c-8a58-812bb44b0a4b ceadb1d151af46e492196e42a5e6edba 20b29fa209e74feba869335c08d3033d - - default default] Unable to schedule network 2ea6146e-8e82-439d-94c9-0fec2117e7d4: no agents available; will retry on subsequent port and subnet creation events.
2026-04-14 04:54:06.299 7 INFO neutron_taas.services.taas.taas_plugin [None req-1bc041a5-4074-48ee-acca-1f44a1159008 63c620bd33b0470cabed6cb8a2c8006f cb998e8e74154ceba2371ebc2ab004a2 - - default default] TaaS: Handle Delete Port: a1b544ee-076e-4cf0-9526-f989f76a8369
2026-04-14 04:54:06.305 7 INFO neutron_taas.services.taas.tap_mirror_plugin [None req-1bc041a5-4074-48ee-acca-1f44a1159008 63c620bd33b0470cabed6cb8a2c8006f cb998e8e74154ceba2371ebc2ab004a2 - - default default] Tap Mirror: Handle Delete Port: a1b544ee-076e-4cf0-9526-f989f76a8369
