2026-04-14 04:52:58.632 7 INFO neutron.db.ovn_revision_numbers_db [None req-33a86962-cf19-4dc8-b6e0-696064aaa34b 30e8274076bd420590f875b425724457 9fe95260b73f4d55bf2e13e8b7dda76d - - default default] Successfully bumped revision number for resource cde3ba3e-faee-4938-832f-ee9533a2ed93 (type: security_group_rules) to 0
2026-04-14 04:52:58.644 7 INFO neutron.db.ovn_revision_numbers_db [None req-33a86962-cf19-4dc8-b6e0-696064aaa34b 30e8274076bd420590f875b425724457 9fe95260b73f4d55bf2e13e8b7dda76d - - default default] Successfully bumped revision number for resource d18e2979-7936-41ca-8df4-ff04a7aa37c5 (type: security_group_rules) to 0
2026-04-14 04:52:58.674 8 INFO neutron.api.v2.resource [None req-dbdb3cb9-42f4-4088-9325-6790cf98186a 5b2ffd58a3e84b0b8c8dfa8c5a519a05 d2e14ffdf1c4402bb73f7d1e3333a7c0 - - default default] delete failed (client error): The resource could not be found. [pid: 8|app: 0|req: 1035/2060] 10.0.0.149 () {32 vars in 748 bytes} [Tue Apr 14 04:52:58 2026] DELETE /v2.0/policies/3fe1679d-cf48-4b08-86e0-662630de9402/tags/green => generated 99 bytes in 40 msecs (HTTP/1.1 404) 4 headers in 163 bytes (1 switches on core 0) [pid: 7|app: 0|req: 1026/2061] 10.0.0.149 () {32 vars in 774 bytes} [Tue Apr 14 04:52:58 2026] GET /v2.0/security-groups?tenant_id=fedb87b7c3344ac28e6eac2c001d798e&name=default => generated 2925 bytes in 251 msecs (HTTP/1.1 200) 4 headers in 158 bytes (1 switches on core 0) [pid: 8|app: 0|req: 1036/2062] 10.0.0.149 () {32 vars in 736 bytes} [Tue Apr 14 04:52:58 2026] DELETE /v2.0/policies/3fe1679d-cf48-4b08-86e0-662630de9402/tags => generated 0 bytes in 45 msecs (HTTP/1.1 204) 2 headers in 112 bytes (1 switches on core 0) [pid: 8|app: 0|req: 1037/2063] 10.0.0.149 () {32 vars in 733 bytes} [Tue Apr 14 04:52:58 2026] GET /v2.0/policies/3fe1679d-cf48-4b08-86e0-662630de9402/tags => generated 12 bytes in 28 msecs (HTTP/1.1 200) 4 headers in 156 bytes (1 switches on core 0) [pid: 8|app: 0|req: 1038/2064] 10.0.0.149 () {32 vars in 734 bytes} [Tue Apr 14 04:52:58 2026] DELETE /v2.0/qos/policies/3fe1679d-cf48-4b08-86e0-662630de9402 => generated 0 bytes in 42 msecs (HTTP/1.1 204) 2 headers in 112 bytes (1 switches on core 0) [pid: 7|app: 0|req: 1027/2065] 10.0.0.149 () {32 vars in 740 bytes} [Tue Apr 14 04:52:58 2026] DELETE /v2.0/security-groups/14933b26-a66a-43c2-863e-05ccc48d4707 => generated 0 bytes in 283 msecs (HTTP/1.1 204) 2 headers in 112 bytes (1 switches on core 0)
2026-04-14 04:52:59.650 8 INFO neutron.db.ovn_revision_numbers_db [None req-af3b84b4-25fb-4a91-994a-a2561591023f 30e8274076bd420590f875b425724457 9fe95260b73f4d55bf2e13e8b7dda76d - - default default] Successfully bumped revision number for resource 2d391033-1f8f-4483-8b39-e65c14fb00fb (type: security_groups) to 1
2026-04-14 04:52:59.665 8 INFO neutron.db.ovn_revision_numbers_db [None req-af3b84b4-25fb-4a91-994a-a2561591023f 30e8274076bd420590f875b425724457 9fe95260b73f4d55bf2e13e8b7dda76d - - default default] Successfully bumped revision number for resource 257bcbdc-3850-431a-8e90-225443beeef4 (type: security_group_rules) to 0
2026-04-14 04:52:59.684 8 INFO neutron.db.ovn_revision_numbers_db [None req-af3b84b4-25fb-4a91-994a-a2561591023f 30e8274076bd420590f875b425724457 9fe95260b73f4d55bf2e13e8b7dda76d - - default default] Successfully bumped revision number for resource 77677d31-7eb5-454a-96b6-40227edd417c (type: security_group_rules) to 0
2026-04-14 04:52:59.696 8 INFO neutron.db.ovn_revision_numbers_db [None req-af3b84b4-25fb-4a91-994a-a2561591023f 30e8274076bd420590f875b425724457 9fe95260b73f4d55bf2e13e8b7dda76d - - default default] Successfully bumped revision number for resource 81bef922-5f22-433a-82a8-39e2f0dd625d (type: security_group_rules) to 0
2026-04-14 04:52:59.709 8 INFO neutron.db.ovn_revision_numbers_db [None req-af3b84b4-25fb-4a91-994a-a2561591023f 30e8274076bd420590f875b425724457 9fe95260b73f4d55bf2e13e8b7dda76d - - default default] Successfully bumped revision number for resource c830e184-b14e-4685-93cb-219010b57225 (type: security_group_rules) to 0 [pid: 8|app: 0|req: 1039/2066] 10.0.0.149 () {32 vars in 774 bytes} [Tue Apr 14 04:52:59 2026] GET /v2.0/security-groups?tenant_id=22c863cd0754461e890653c2ba6c53b7&name=default => generated 2925 bytes in 342 msecs (HTTP/1.1 200) 4 headers in 158 bytes (1 switches on core 0) [pid: 7|app: 0|req: 1028/2067] 10.0.0.149 () {32 vars in 740 bytes} [Tue Apr 14 04:52:59 2026] DELETE /v2.0/security-groups/2d391033-1f8f-4483-8b39-e65c14fb00fb => generated 0 bytes in 291 msecs (HTTP/1.1 204) 2 headers in 112 bytes (1 switches on core 0)
2026-04-14 04:53:00.264 8 INFO neutron.db.ovn_revision_numbers_db [None req-b8eca621-b2ca-46a5-b9b4-cedb62932b41 30e8274076bd420590f875b425724457 9fe95260b73f4d55bf2e13e8b7dda76d - - default default] Successfully bumped revision number for resource e7010e1a-17f8-48ed-a119-f040abc31b34 (type: security_groups) to 1
2026-04-14 04:53:00.280 8 INFO neutron.db.ovn_revision_numbers_db [None req-b8eca621-b2ca-46a5-b9b4-cedb62932b41 30e8274076bd420590f875b425724457 9fe95260b73f4d55bf2e13e8b7dda76d - - default default] Successfully bumped revision number for resource 138685e1-1c53-4763-9596-e26c3fee65eb (type: security_group_rules) to 0
2026-04-14 04:53:00.300 8 INFO neutron.db.ovn_revision_numbers_db [None req-b8eca621-b2ca-46a5-b9b4-cedb62932b41 30e8274076bd420590f875b425724457 9fe95260b73f4d55bf2e13e8b7dda76d - - default default] Successfully bumped revision number for resource 28219af2-5205-468b-8c4d-809c605f1085 (type: security_group_rules) to 0
2026-04-14 04:53:00.313 8 INFO neutron.db.ovn_revision_numbers_db [None req-b8eca621-b2ca-46a5-b9b4-cedb62932b41 30e8274076bd420590f875b425724457 9fe95260b73f4d55bf2e13e8b7dda76d - - default default] Successfully bumped revision number for resource 44d084be-ac0f-4f5b-b8a1-a90199400df4 (type: security_group_rules) to 0
2026-04-14 04:53:00.326 8 INFO neutron.db.ovn_revision_numbers_db [None req-b8eca621-b2ca-46a5-b9b4-cedb62932b41 30e8274076bd420590f875b425724457 9fe95260b73f4d55bf2e13e8b7dda76d - - default default] Successfully bumped revision number for resource b2cc56f1-464a-4287-89b7-b448f0197845 (type: security_group_rules) to 0 [pid: 8|app: 0|req: 1040/2068] 10.0.0.149 () {32 vars in 774 bytes} [Tue Apr 14 04:53:00 2026] GET /v2.0/security-groups?tenant_id=d2e14ffdf1c4402bb73f7d1e3333a7c0&name=default => generated 2925 bytes in 243 msecs (HTTP/1.1 200) 4 headers in 158 bytes (1 switches on core 0) [pid: 7|app: 0|req: 1029/2069] 10.0.0.149 () {32 vars in 740 bytes} [Tue Apr 14 04:53:00 2026] DELETE /v2.0/security-groups/e7010e1a-17f8-48ed-a119-f040abc31b34 => generated 0 bytes in 243 msecs (HTTP/1.1 204) 2 headers in 112 bytes (1 switches on core 0)
2026-04-14 04:53:02.670 8 INFO neutron.db.ovn_revision_numbers_db [None req-58f64388-1102-4b7f-83c7-7f3ae20e6ca5 be852e0ef83a48c7ad90c81d98d70929 a68a0e53086b4ea19b8c8a53a02a4b26 - - default default] Successfully bumped revision number for resource 902c7423-c2ea-49b1-b75d-49a61b4b8552 (type: security_groups) to 1
2026-04-14 04:53:02.684 8 INFO neutron.db.ovn_revision_numbers_db [None req-58f64388-1102-4b7f-83c7-7f3ae20e6ca5 be852e0ef83a48c7ad90c81d98d70929 a68a0e53086b4ea19b8c8a53a02a4b26 - - default default] Successfully bumped revision number for resource 25ca6ff9-ed52-45c8-b52e-60a6042b102a (type: security_group_rules) to 0
2026-04-14 04:53:02.695 8 INFO neutron.db.ovn_revision_numbers_db [None req-58f64388-1102-4b7f-83c7-7f3ae20e6ca5 be852e0ef83a48c7ad90c81d98d70929 a68a0e53086b4ea19b8c8a53a02a4b26 - - default default] Successfully bumped revision number for resource 46e52f25-e65d-495d-8b3f-6685606fb604 (type: security_group_rules) to 0
2026-04-14 04:53:02.722 8 INFO neutron.db.ovn_revision_numbers_db [None req-58f64388-1102-4b7f-83c7-7f3ae20e6ca5 be852e0ef83a48c7ad90c81d98d70929 a68a0e53086b4ea19b8c8a53a02a4b26 - - default default] Successfully bumped revision number for resource e1bb03d0-1029-4a3f-b5f9-d30db6ec128a (type: security_group_rules) to 0
2026-04-14 04:53:02.735 8 INFO neutron.db.ovn_revision_numbers_db [None req-58f64388-1102-4b7f-83c7-7f3ae20e6ca5 be852e0ef83a48c7ad90c81d98d70929 a68a0e53086b4ea19b8c8a53a02a4b26 - - default default] Successfully bumped revision number for resource e456f9ea-e3a2-453a-b3ce-fc5aadb26705 (type: security_group_rules) to 0
2026-04-14 04:53:02.819 8 INFO neutron.db.segments_db [None req-58f64388-1102-4b7f-83c7-7f3ae20e6ca5 be852e0ef83a48c7ad90c81d98d70929 a68a0e53086b4ea19b8c8a53a02a4b26 - - default default] Added segment 2c86b1a1-a9aa-4423-a819-ff5dc760c3f8 of type geneve for network 557e9555-5959-4b66-9b11-a17d9702f32f
2026-04-14 04:53:02.943 8 INFO neutron.db.ovn_revision_numbers_db [None req-58f64388-1102-4b7f-83c7-7f3ae20e6ca5 be852e0ef83a48c7ad90c81d98d70929 a68a0e53086b4ea19b8c8a53a02a4b26 - - default default] Successfully bumped revision number for resource 557e9555-5959-4b66-9b11-a17d9702f32f (type: networks) to 1
2026-04-14 04:53:03.095 8 WARNING neutron.scheduler.dhcp_agent_scheduler [None req-58f64388-1102-4b7f-83c7-7f3ae20e6ca5 be852e0ef83a48c7ad90c81d98d70929 a68a0e53086b4ea19b8c8a53a02a4b26 - - default default] No more DHCP agents
2026-04-14 04:53:03.096 8 WARNING neutron.api.rpc.agentnotifiers.dhcp_rpc_agent_api [None req-58f64388-1102-4b7f-83c7-7f3ae20e6ca5 be852e0ef83a48c7ad90c81d98d70929 a68a0e53086b4ea19b8c8a53a02a4b26 - - default default] Unable to schedule network 557e9555-5959-4b66-9b11-a17d9702f32f: no agents available; will retry on subsequent port and subnet creation events.
2026-04-14 04:53:03.148 7 INFO neutron.plugins.ml2.drivers.ovn.mech_driver.mech_driver [None req-8fb4684a-22b1-4b39-aa1c-344fbf118392 - - - - - -] OVN reports status down for port: 83d40ec0-0039-4cbf-9035-8cbb0246f0c8
2026-04-14 04:53:03.165 8 INFO neutron.db.ovn_revision_numbers_db [None req-58f64388-1102-4b7f-83c7-7f3ae20e6ca5 be852e0ef83a48c7ad90c81d98d70929 a68a0e53086b4ea19b8c8a53a02a4b26 - - default default] Successfully bumped revision number for resource 83d40ec0-0039-4cbf-9035-8cbb0246f0c8 (type: ports) to 1 [pid: 8|app: 0|req: 1041/2070] 10.0.0.149 () {34 vars in 670 bytes} [Tue Apr 14 04:53:02 2026] POST /v2.0/networks => generated 651 bytes in 857 msecs (HTTP/1.1 201) 4 headers in 162 bytes (1 switches on core 0)
2026-04-14 04:53:03.416 7 WARNING neutron.scheduler.dhcp_agent_scheduler [None req-688c3a38-b280-4d4c-981c-70542571c0af be852e0ef83a48c7ad90c81d98d70929 a68a0e53086b4ea19b8c8a53a02a4b26 - - default default] No more DHCP agents
2026-04-14 04:53:03.417 7 WARNING neutron.api.rpc.agentnotifiers.dhcp_rpc_agent_api [None req-688c3a38-b280-4d4c-981c-70542571c0af be852e0ef83a48c7ad90c81d98d70929 a68a0e53086b4ea19b8c8a53a02a4b26 - - default default] Unable to schedule network 557e9555-5959-4b66-9b11-a17d9702f32f: no agents available; will retry on subsequent port and subnet creation events.
2026-04-14 04:53:03.473 7 INFO neutron.plugins.ml2.drivers.ovn.mech_driver.mech_driver [None req-8fb4684a-22b1-4b39-aa1c-344fbf118392 - - - - - -] OVN reports status down for port: 4e839e05-372b-44e2-96fc-f021141ce1f7
2026-04-14 04:53:03.522 8 INFO neutron.db.ovn_revision_numbers_db [None req-ca609210-bf9f-425d-adb9-70cdbdbad129 95b145b97d324247861d603a0d005c71 ae1fdf500272495cb94cd27a65edccac - - default default] Successfully bumped revision number for resource 641d02a7-e4d8-4239-9656-9c5c3048337f (type: security_groups) to 1
2026-04-14 04:53:03.534 8 INFO neutron.db.ovn_revision_numbers_db [None req-ca609210-bf9f-425d-adb9-70cdbdbad129 95b145b97d324247861d603a0d005c71 ae1fdf500272495cb94cd27a65edccac - - default default] Successfully bumped revision number for resource 12b3afb0-0109-4c27-826a-03d12d7651c2 (type: security_group_rules) to 0
2026-04-14 04:53:03.539 7 INFO neutron.db.ovn_revision_numbers_db [None req-688c3a38-b280-4d4c-981c-70542571c0af be852e0ef83a48c7ad90c81d98d70929 a68a0e53086b4ea19b8c8a53a02a4b26 - - default default] Successfully bumped revision number for resource 4e839e05-372b-44e2-96fc-f021141ce1f7 (type: ports) to 1
2026-04-14 04:53:03.551 8 INFO neutron.db.ovn_revision_numbers_db [None req-ca609210-bf9f-425d-adb9-70cdbdbad129 95b145b97d324247861d603a0d005c71 ae1fdf500272495cb94cd27a65edccac - - default default] Successfully bumped revision number for resource 7e6ee7f1-265f-40ea-8fce-d24aee3ebd41 (type: security_group_rules) to 0
2026-04-14 04:53:03.564 8 INFO neutron.db.ovn_revision_numbers_db [None req-ca609210-bf9f-425d-adb9-70cdbdbad129 95b145b97d324247861d603a0d005c71 ae1fdf500272495cb94cd27a65edccac - - default default] Successfully bumped revision number for resource b7bf9892-16e7-42c8-bd32-3fd0d1d9f834 (type: security_group_rules) to 0
2026-04-14 04:53:03.579 8 INFO neutron.db.ovn_revision_numbers_db [None req-ca609210-bf9f-425d-adb9-70cdbdbad129 95b145b97d324247861d603a0d005c71 ae1fdf500272495cb94cd27a65edccac - - default default] Successfully bumped revision number for resource d7e76156-b9a2-4eaa-8afc-ee04ae765d25 (type: security_group_rules) to 0 [pid: 7|app: 0|req: 1030/2071] 10.0.0.149 () {34 vars in 664 bytes} [Tue Apr 14 04:53:03 2026] POST /v2.0/ports => generated 743 bytes in 400 msecs (HTTP/1.1 201) 4 headers in 162 bytes (1 switches on core 0) /var/lib/openstack/lib/python3.12/site-packages/pycadf/identifier.py:70: UserWarning: Invalid uuid: neutron. To ensure interoperability, identifiers should be a valid uuid. warnings.warn(('Invalid uuid: %s. To ensure interoperability, '
2026-04-14 04:53:03.658 8 INFO neutron.db.segments_db [None req-ca609210-bf9f-425d-adb9-70cdbdbad129 95b145b97d324247861d603a0d005c71 ae1fdf500272495cb94cd27a65edccac - - default default] Added segment 2bae25cd-9468-4d76-93a7-fcbc82daa623 of type geneve for network 025c301f-97e1-47b0-af9a-279f3729b3c7
2026-04-14 04:53:03.797 8 INFO neutron.db.ovn_revision_numbers_db [None req-ca609210-bf9f-425d-adb9-70cdbdbad129 95b145b97d324247861d603a0d005c71 ae1fdf500272495cb94cd27a65edccac - - default default] Successfully bumped revision number for resource 025c301f-97e1-47b0-af9a-279f3729b3c7 (type: networks) to 1 [pid: 7|app: 0|req: 1031/2072] 10.0.0.149 () {34 vars in 666 bytes} [Tue Apr 14 04:53:03 2026] POST /v2.0/trunks => generated 409 bytes in 235 msecs (HTTP/1.1 201) 4 headers in 162 bytes (1 switches on core 0)
2026-04-14 04:53:03.979 8 WARNING neutron.scheduler.dhcp_agent_scheduler [None req-ca609210-bf9f-425d-adb9-70cdbdbad129 95b145b97d324247861d603a0d005c71 ae1fdf500272495cb94cd27a65edccac - - default default] No more DHCP agents
2026-04-14 04:53:03.981 8 WARNING neutron.api.rpc.agentnotifiers.dhcp_rpc_agent_api [None req-ca609210-bf9f-425d-adb9-70cdbdbad129 95b145b97d324247861d603a0d005c71 ae1fdf500272495cb94cd27a65edccac - - default default] Unable to schedule network 025c301f-97e1-47b0-af9a-279f3729b3c7: no agents available; will retry on subsequent port and subnet creation events.
2026-04-14 04:53:04.030 7 INFO neutron.db.ovn_revision_numbers_db [None req-d119d86d-e535-48bf-b4c0-3c6ae75a6a57 63c620bd33b0470cabed6cb8a2c8006f cb998e8e74154ceba2371ebc2ab004a2 - - default default] Successfully bumped revision number for resource 1a185fd0-d945-410d-b55a-4365a6383407 (type: security_groups) to 1
2026-04-14 04:53:04.040 7 INFO neutron.db.ovn_revision_numbers_db [None req-d119d86d-e535-48bf-b4c0-3c6ae75a6a57 63c620bd33b0470cabed6cb8a2c8006f cb998e8e74154ceba2371ebc2ab004a2 - - default default] Successfully bumped revision number for resource 23b22c49-52b3-44c6-977e-a74578fec6b2 (type: security_group_rules) to 0
2026-04-14 04:53:04.063 7 INFO neutron.db.ovn_revision_numbers_db [None req-d119d86d-e535-48bf-b4c0-3c6ae75a6a57 63c620bd33b0470cabed6cb8a2c8006f cb998e8e74154ceba2371ebc2ab004a2 - - default default] Successfully bumped revision number for resource 39686a9e-9561-489d-b7cf-634faa57941c (type: security_group_rules) to 0
2026-04-14 04:53:04.073 8 INFO neutron.plugins.ml2.drivers.ovn.mech_driver.mech_driver [None req-36430eb7-8a71-4007-bbb7-bd71f9588cf9 - - - - - -] OVN reports status down for port: a0ac4512-32ce-4682-844a-21427637bd82
2026-04-14 04:53:04.077 7 INFO neutron.db.ovn_revision_numbers_db [None req-d119d86d-e535-48bf-b4c0-3c6ae75a6a57 63c620bd33b0470cabed6cb8a2c8006f cb998e8e74154ceba2371ebc2ab004a2 - - default default] Successfully bumped revision number for resource 996021ad-594d-436f-b480-17b9b6dc7397 (type: security_group_rules) to 0
2026-04-14 04:53:04.091 7 INFO neutron.db.ovn_revision_numbers_db [None req-d119d86d-e535-48bf-b4c0-3c6ae75a6a57 63c620bd33b0470cabed6cb8a2c8006f cb998e8e74154ceba2371ebc2ab004a2 - - default default] Successfully bumped revision number for resource cb42e140-85f1-44b4-a4f0-d3d129e034fa (type: security_group_rules) to 0
2026-04-14 04:53:04.126 8 INFO neutron.db.ovn_revision_numbers_db [None req-ca609210-bf9f-425d-adb9-70cdbdbad129 95b145b97d324247861d603a0d005c71 ae1fdf500272495cb94cd27a65edccac - - default default] Successfully bumped revision number for resource a0ac4512-32ce-4682-844a-21427637bd82 (type: ports) to 1 [pid: 8|app: 0|req: 1042/2073] 10.0.0.149 () {34 vars in 670 bytes} [Tue Apr 14 04:53:03 2026] POST /v2.0/networks => generated 651 bytes in 953 msecs (HTTP/1.1 201) 4 headers in 162 bytes (1 switches on core 0)
2026-04-14 04:53:04.165 7 INFO neutron.db.segments_db [None req-d119d86d-e535-48bf-b4c0-3c6ae75a6a57 63c620bd33b0470cabed6cb8a2c8006f cb998e8e74154ceba2371ebc2ab004a2 - - default default] Added segment 8cd4f36b-4c9b-437b-bfbf-eafe5dad5bfa of type geneve for network 4df56d8e-426a-4e0a-bd86-90f5b51cc9c7
2026-04-14 04:53:04.267 7 INFO neutron.db.ovn_revision_numbers_db [None req-d119d86d-e535-48bf-b4c0-3c6ae75a6a57 63c620bd33b0470cabed6cb8a2c8006f cb998e8e74154ceba2371ebc2ab004a2 - - default default] Successfully bumped revision number for resource 4df56d8e-426a-4e0a-bd86-90f5b51cc9c7 (type: networks) to 1
2026-04-14 04:53:04.267 8 INFO neutron.db.segments_db [None req-1b09214e-3b8d-4f4c-973f-f46ff0543d2b be852e0ef83a48c7ad90c81d98d70929 a68a0e53086b4ea19b8c8a53a02a4b26 - - default default] Added segment 39e73562-3793-4232-ac99-ce8587ac0888 of type geneve for network 7e48beb4-e7b6-4eca-ad8f-a3ce6789fa03
2026-04-14 04:53:04.369 8 INFO neutron.db.ovn_revision_numbers_db [None req-1b09214e-3b8d-4f4c-973f-f46ff0543d2b be852e0ef83a48c7ad90c81d98d70929 a68a0e53086b4ea19b8c8a53a02a4b26 - - default default] Successfully bumped revision number for resource 7e48beb4-e7b6-4eca-ad8f-a3ce6789fa03 (type: networks) to 1
2026-04-14 04:53:04.442 7 WARNING neutron.scheduler.dhcp_agent_scheduler [None req-d119d86d-e535-48bf-b4c0-3c6ae75a6a57 63c620bd33b0470cabed6cb8a2c8006f cb998e8e74154ceba2371ebc2ab004a2 - - default default] No more DHCP agents
2026-04-14 04:53:04.443 7 WARNING neutron.api.rpc.agentnotifiers.dhcp_rpc_agent_api [None req-d119d86d-e535-48bf-b4c0-3c6ae75a6a57 63c620bd33b0470cabed6cb8a2c8006f cb998e8e74154ceba2371ebc2ab004a2 - - default default] Unable to schedule network 4df56d8e-426a-4e0a-bd86-90f5b51cc9c7: no agents available; will retry on subsequent port and subnet creation events.
2026-04-14 04:53:04.514 8 INFO neutron.plugins.ml2.drivers.ovn.mech_driver.mech_driver [None req-36430eb7-8a71-4007-bbb7-bd71f9588cf9 - - - - - -] OVN reports status down for port: f9403260-57e4-4f6b-b2ea-b7d8e688f04a
2026-04-14 04:53:04.527 7 INFO neutron.db.ovn_revision_numbers_db [None req-d119d86d-e535-48bf-b4c0-3c6ae75a6a57 63c620bd33b0470cabed6cb8a2c8006f cb998e8e74154ceba2371ebc2ab004a2 - - default default] Successfully bumped revision number for resource f9403260-57e4-4f6b-b2ea-b7d8e688f04a (type: ports) to 1 [pid: 7|app: 0|req: 1032/2074] 10.0.0.149 () {34 vars in 670 bytes} [Tue Apr 14 04:53:03 2026] POST /v2.0/networks => generated 646 bytes in 719 msecs (HTTP/1.1 201) 4 headers in 162 bytes (1 switches on core 0)
2026-04-14 04:53:04.557 8 WARNING neutron.scheduler.dhcp_agent_scheduler [None req-1b09214e-3b8d-4f4c-973f-f46ff0543d2b be852e0ef83a48c7ad90c81d98d70929 a68a0e53086b4ea19b8c8a53a02a4b26 - - default default] No more DHCP agents
2026-04-14 04:53:04.559 8 WARNING neutron.api.rpc.agentnotifiers.dhcp_rpc_agent_api [None req-1b09214e-3b8d-4f4c-973f-f46ff0543d2b be852e0ef83a48c7ad90c81d98d70929 a68a0e53086b4ea19b8c8a53a02a4b26 - - default default] Unable to schedule network 7e48beb4-e7b6-4eca-ad8f-a3ce6789fa03: no agents available; will retry on subsequent port and subnet creation events.
2026-04-14 04:53:04.643 8 INFO neutron.plugins.ml2.drivers.ovn.mech_driver.mech_driver [None req-36430eb7-8a71-4007-bbb7-bd71f9588cf9 - - - - - -] OVN reports status down for port: ed465b11-5a0f-47fc-9193-5efde7579a5e
2026-04-14 04:53:04.646 7 INFO neutron.db.segments_db [None req-af4c1030-1261-434d-b500-77036804ea08 95b145b97d324247861d603a0d005c71 ae1fdf500272495cb94cd27a65edccac - - default default] Added segment bcefd89e-5038-45af-a45e-e895398ca5fd of type geneve for network 7e4a677f-06fe-4b23-ad23-f10ee5aacd9f
2026-04-14 04:53:04.697 8 INFO neutron.db.ovn_revision_numbers_db [None req-1b09214e-3b8d-4f4c-973f-f46ff0543d2b be852e0ef83a48c7ad90c81d98d70929 a68a0e53086b4ea19b8c8a53a02a4b26 - - default default] Successfully bumped revision number for resource ed465b11-5a0f-47fc-9193-5efde7579a5e (type: ports) to 1 [pid: 8|app: 0|req: 1043/2077] 10.0.0.149 () {34 vars in 670 bytes} [Tue Apr 14 04:53:04 2026] POST /v2.0/networks => generated 649 bytes in 583 msecs (HTTP/1.1 201) 4 headers in 162 bytes (1 switches on core 0)
2026-04-14 04:53:04.760 7 INFO neutron.db.ovn_revision_numbers_db [None req-af4c1030-1261-434d-b500-77036804ea08 95b145b97d324247861d603a0d005c71 ae1fdf500272495cb94cd27a65edccac - - default default] Successfully bumped revision number for resource 7e4a677f-06fe-4b23-ad23-f10ee5aacd9f (type: networks) to 1
2026-04-14 04:53:04.910 7 WARNING neutron.scheduler.dhcp_agent_scheduler [None req-af4c1030-1261-434d-b500-77036804ea08 95b145b97d324247861d603a0d005c71 ae1fdf500272495cb94cd27a65edccac - - default default] No more DHCP agents
2026-04-14 04:53:04.911 7 WARNING neutron.api.rpc.agentnotifiers.dhcp_rpc_agent_api [None req-af4c1030-1261-434d-b500-77036804ea08 95b145b97d324247861d603a0d005c71 ae1fdf500272495cb94cd27a65edccac - - default default] Unable to schedule network 7e4a677f-06fe-4b23-ad23-f10ee5aacd9f: no agents available; will retry on subsequent port and subnet creation events.
2026-04-14 04:53:04.936 8 WARNING neutron.scheduler.dhcp_agent_scheduler [None req-01f5c5ee-4440-4c0a-9d5f-cb0dc236cfd6 63c620bd33b0470cabed6cb8a2c8006f cb998e8e74154ceba2371ebc2ab004a2 - - default default] No more DHCP agents
2026-04-14 04:53:04.938 8 WARNING neutron.api.rpc.agentnotifiers.dhcp_rpc_agent_api [None req-01f5c5ee-4440-4c0a-9d5f-cb0dc236cfd6 63c620bd33b0470cabed6cb8a2c8006f cb998e8e74154ceba2371ebc2ab004a2 - - default default] Unable to schedule network 4df56d8e-426a-4e0a-bd86-90f5b51cc9c7: no agents available; will retry on subsequent port and subnet creation events.
2026-04-14 04:53:04.965 7 INFO neutron.plugins.ml2.drivers.ovn.mech_driver.mech_driver [None req-8fb4684a-22b1-4b39-aa1c-344fbf118392 - - - - - -] OVN reports status down for port: d060a102-4d0c-4320-80de-78a92c25bbf9
2026-04-14 04:53:05.019 7 INFO neutron.db.ovn_revision_numbers_db [None req-af4c1030-1261-434d-b500-77036804ea08 95b145b97d324247861d603a0d005c71 ae1fdf500272495cb94cd27a65edccac - - default default] Successfully bumped revision number for resource d060a102-4d0c-4320-80de-78a92c25bbf9 (type: ports) to 1 [pid: 7|app: 0|req: 1035/2078] 10.0.0.149 () {34 vars in 670 bytes} [Tue Apr 14 04:53:04 2026] POST /v2.0/networks => generated 650 bytes in 492 msecs (HTTP/1.1 201) 4 headers in 162 bytes (1 switches on core 0)
2026-04-14 04:53:05.277 7 WARNING neutron.scheduler.dhcp_agent_scheduler [None req-b721da59-f77f-4c9d-83d4-8c78efbe0d4a be852e0ef83a48c7ad90c81d98d70929 a68a0e53086b4ea19b8c8a53a02a4b26 - - default default] No more DHCP agents
2026-04-14 04:53:05.278 7 WARNING neutron.api.rpc.agentnotifiers.dhcp_rpc_agent_api [None req-b721da59-f77f-4c9d-83d4-8c78efbe0d4a be852e0ef83a48c7ad90c81d98d70929 a68a0e53086b4ea19b8c8a53a02a4b26 - - default default] Unable to schedule network 7e48beb4-e7b6-4eca-ad8f-a3ce6789fa03: no agents available; will retry on subsequent port and subnet creation events.
2026-04-14 04:53:05.348 7 INFO neutron.plugins.ml2.drivers.ovn.mech_driver.mech_driver [None req-8fb4684a-22b1-4b39-aa1c-344fbf118392 - - - - - -] OVN reports status down for port: 5d449e5f-174d-45fa-906c-1c5c04482cbd
2026-04-14 04:53:05.436 7 INFO neutron.db.ovn_revision_numbers_db [None req-b721da59-f77f-4c9d-83d4-8c78efbe0d4a be852e0ef83a48c7ad90c81d98d70929 a68a0e53086b4ea19b8c8a53a02a4b26 - - default default] Successfully bumped revision number for resource 5d449e5f-174d-45fa-906c-1c5c04482cbd (type: ports) to 1
2026-04-14 04:53:05.460 8 INFO neutron.db.ovn_revision_numbers_db [None req-852255ff-3287-4d42-bf14-ada81537590d - - - - - -] Successfully bumped revision number for resource f9403260-57e4-4f6b-b2ea-b7d8e688f04a (type: ports) to 2
2026-04-14 04:53:05.491 8 INFO neutron.db.ovn_revision_numbers_db [None req-852255ff-3287-4d42-bf14-ada81537590d - - - - - -] Successfully bumped revision number for resource 08a5849b-74b5-42a0-9303-fa7d494233c7 (type: subnets) to 0 [pid: 8|app: 0|req: 1044/2079] 10.0.0.149 () {34 vars in 669 bytes} [Tue Apr 14 04:53:04 2026] POST /v2.0/subnets => generated 626 bytes in 763 msecs (HTTP/1.1 201) 4 headers in 162 bytes (1 switches on core 0) [pid: 7|app: 0|req: 1036/2080] 10.0.0.149 () {34 vars in 664 bytes} [Tue Apr 14 04:53:05 2026] POST /v2.0/ports => generated 743 bytes in 471 msecs (HTTP/1.1 201) 4 headers in 162 bytes (1 switches on core 0) /var/lib/openstack/lib/python3.12/site-packages/pycadf/identifier.py:70: UserWarning: Invalid uuid: neutron. To ensure interoperability, identifiers should be a valid uuid. warnings.warn(('Invalid uuid: %s. To ensure interoperability, ' [pid: 7|app: 0|req: 1037/2081] 10.0.0.220 () {34 vars in 990 bytes} [Tue Apr 14 04:53:05 2026] GET /v2.0/ports?device_id=6dbb9940-30fe-48e7-82a1-0ed2ad97e93e => generated 1213 bytes in 34 msecs (HTTP/1.1 200) 4 headers in 158 bytes (1 switches on core 0)
2026-04-14 04:53:05.593 8 INFO neutron.db.segments_db [None req-33b1e7ec-ac16-42ae-838b-915c4ddf95d8 95b145b97d324247861d603a0d005c71 ae1fdf500272495cb94cd27a65edccac - - default default] Added segment 67619b6b-5cbe-41d7-bc1b-38c22646a01f of type geneve for network fb373aea-57d9-4d27-a00a-4c78ede8c07e
2026-04-14 04:53:05.716 8 INFO neutron.db.ovn_revision_numbers_db [None req-33b1e7ec-ac16-42ae-838b-915c4ddf95d8 95b145b97d324247861d603a0d005c71 ae1fdf500272495cb94cd27a65edccac - - default default] Successfully bumped revision number for resource fb373aea-57d9-4d27-a00a-4c78ede8c07e (type: networks) to 1
2026-04-14 04:53:05.866 8 WARNING neutron.scheduler.dhcp_agent_scheduler [None req-33b1e7ec-ac16-42ae-838b-915c4ddf95d8 95b145b97d324247861d603a0d005c71 ae1fdf500272495cb94cd27a65edccac - - default default] No more DHCP agents
2026-04-14 04:53:05.868 8 WARNING neutron.api.rpc.agentnotifiers.dhcp_rpc_agent_api [None req-33b1e7ec-ac16-42ae-838b-915c4ddf95d8 95b145b97d324247861d603a0d005c71 ae1fdf500272495cb94cd27a65edccac - - default default] Unable to schedule network fb373aea-57d9-4d27-a00a-4c78ede8c07e: no agents available; will retry on subsequent port and subnet creation events.
2026-04-14 04:53:05.932 8 INFO neutron.db.ovn_revision_numbers_db [None req-33b1e7ec-ac16-42ae-838b-915c4ddf95d8 95b145b97d324247861d603a0d005c71 ae1fdf500272495cb94cd27a65edccac - - default default] Successfully bumped revision number for resource b1b5ad60-baa6-446d-bc08-6572220f5ad4 (type: ports) to 1
2026-04-14 04:53:05.954 7 INFO neutron.plugins.ml2.drivers.ovn.mech_driver.mech_driver [None req-8fb4684a-22b1-4b39-aa1c-344fbf118392 - - - - - -] OVN reports status down for port: b1b5ad60-baa6-446d-bc08-6572220f5ad4 [pid: 8|app: 0|req: 1045/2082] 10.0.0.149 () {34 vars in 670 bytes} [Tue Apr 14 04:53:05 2026] POST /v2.0/networks => generated 651 bytes in 448 msecs (HTTP/1.1 201) 4 headers in 162 bytes (1 switches on core 0)
2026-04-14 04:53:06.109 7 WARNING neutron.scheduler.dhcp_agent_scheduler [None req-baf17d05-ce47-4ee0-88f0-80785643142d 63c620bd33b0470cabed6cb8a2c8006f cb998e8e74154ceba2371ebc2ab004a2 - - default default] No more DHCP agents
2026-04-14 04:53:06.110 7 WARNING neutron.api.rpc.agentnotifiers.dhcp_rpc_agent_api [None req-baf17d05-ce47-4ee0-88f0-80785643142d 63c620bd33b0470cabed6cb8a2c8006f cb998e8e74154ceba2371ebc2ab004a2 - - default default] Unable to schedule network c89cf726-0b5a-4212-aa66-57332c0c654d: no agents available; will retry on subsequent port and subnet creation events. [pid: 8|app: 0|req: 1046/2083] 10.0.0.149 () {34 vars in 666 bytes} [Tue Apr 14 04:53:05 2026] POST /v2.0/trunks => generated 409 bytes in 262 msecs (HTTP/1.1 201) 4 headers in 162 bytes (1 switches on core 0)
2026-04-14 04:53:06.241 7 INFO neutron.db.ovn_revision_numbers_db [None req-baf17d05-ce47-4ee0-88f0-80785643142d 63c620bd33b0470cabed6cb8a2c8006f cb998e8e74154ceba2371ebc2ab004a2 - - default default] Successfully bumped revision number for resource 99a96607-748a-4c11-9c9a-84b8fafd123b (type: ports) to 1
2026-04-14 04:53:06.242 8 INFO neutron.plugins.ml2.drivers.ovn.mech_driver.mech_driver [None req-36430eb7-8a71-4007-bbb7-bd71f9588cf9 - - - - - -] OVN reports status down for port: 99a96607-748a-4c11-9c9a-84b8fafd123b [pid: 8|app: 0|req: 1047/2084] 10.0.0.220 () {34 vars in 1040 bytes} [Tue Apr 14 04:53:06 2026] GET /v2.0/security-groups?id=15a65358-d903-4a52-b24d-178ade414fd5&fields=id&fields=name => generated 114 bytes in 44 msecs (HTTP/1.1 200) 4 headers in 157 bytes (1 switches on core 0)
2026-04-14 04:53:06.375 8 INFO neutron.db.segments_db [None req-7069b6cd-f6fc-4d45-b3d6-91fbc7c834e8 95b145b97d324247861d603a0d005c71 ae1fdf500272495cb94cd27a65edccac - - default default] Added segment 44fd6992-e59e-4089-a9f2-2461bef08e81 of type geneve for network 99a3646b-e7a8-4ccf-93d7-ae653de4b5a7
2026-04-14 04:53:06.487 8 INFO neutron.db.ovn_revision_numbers_db [None req-7069b6cd-f6fc-4d45-b3d6-91fbc7c834e8 95b145b97d324247861d603a0d005c71 ae1fdf500272495cb94cd27a65edccac - - default default] Successfully bumped revision number for resource 99a3646b-e7a8-4ccf-93d7-ae653de4b5a7 (type: networks) to 1
2026-04-14 04:53:06.651 8 WARNING neutron.scheduler.dhcp_agent_scheduler [None req-7069b6cd-f6fc-4d45-b3d6-91fbc7c834e8 95b145b97d324247861d603a0d005c71 ae1fdf500272495cb94cd27a65edccac - - default default] No more DHCP agents
2026-04-14 04:53:06.652 8 WARNING neutron.api.rpc.agentnotifiers.dhcp_rpc_agent_api [None req-7069b6cd-f6fc-4d45-b3d6-91fbc7c834e8 95b145b97d324247861d603a0d005c71 ae1fdf500272495cb94cd27a65edccac - - default default] Unable to schedule network 99a3646b-e7a8-4ccf-93d7-ae653de4b5a7: no agents available; will retry on subsequent port and subnet creation events.
2026-04-14 04:53:06.697 8 INFO neutron.plugins.ml2.drivers.ovn.mech_driver.mech_driver [None req-36430eb7-8a71-4007-bbb7-bd71f9588cf9 - - - - - -] OVN reports status down for port: 651d207f-37f6-4ec0-b45c-fdc82bc87086
2026-04-14 04:53:06.755 8 INFO neutron.db.ovn_revision_numbers_db [None req-7069b6cd-f6fc-4d45-b3d6-91fbc7c834e8 95b145b97d324247861d603a0d005c71 ae1fdf500272495cb94cd27a65edccac - - default default] Successfully bumped revision number for resource 651d207f-37f6-4ec0-b45c-fdc82bc87086 (type: ports) to 1 [pid: 8|app: 0|req: 1048/2085] 10.0.0.149 () {34 vars in 670 bytes} [Tue Apr 14 04:53:06 2026] POST /v2.0/networks => generated 650 bytes in 540 msecs (HTTP/1.1 201) 4 headers in 162 bytes (1 switches on core 0)
2026-04-14 04:53:06.816 7 INFO neutron.plugins.ml2.drivers.ovn.mech_driver.ovsdb.commands [None req-b45f354d-379f-4556-928e-a075956bfd80 - - - - - -] Schedule LRP lrp-99a96607-748a-4c11-9c9a-84b8fafd123b on gateway 78377c3c-d04b-4871-8684-ef5cf6530939 with priority 1
2026-04-14 04:53:06.863 8 INFO neutron.plugins.ml2.drivers.ovn.mech_driver.mech_driver [None req-36430eb7-8a71-4007-bbb7-bd71f9588cf9 - - - - - -] OVN reports status up for port: 99a96607-748a-4c11-9c9a-84b8fafd123b
2026-04-14 04:53:06.874 7 INFO neutron.db.ovn_revision_numbers_db [None req-baf17d05-ce47-4ee0-88f0-80785643142d 63c620bd33b0470cabed6cb8a2c8006f cb998e8e74154ceba2371ebc2ab004a2 - - default default] Successfully bumped revision number for resource 99a96607-748a-4c11-9c9a-84b8fafd123b (type: router_ports) to 1
2026-04-14 04:53:06.891 8 INFO neutron.plugins.ml2.plugin [None req-36430eb7-8a71-4007-bbb7-bd71f9588cf9 - - - - - -] Attempt 1 to provision port 99a96607-748a-4c11-9c9a-84b8fafd123b
2026-04-14 04:53:06.947 7 INFO neutron.db.ovn_revision_numbers_db [None req-baf17d05-ce47-4ee0-88f0-80785643142d 63c620bd33b0470cabed6cb8a2c8006f cb998e8e74154ceba2371ebc2ab004a2 - - default default] Successfully bumped revision number for resource 2070527d-558b-4a0a-a340-269ca159dfaf (type: routers) to 2
2026-04-14 04:53:06.953 8 INFO neutron.db.segments_db [None req-fa1f659d-8062-4a1e-bfd8-65aefdf0c8fb be852e0ef83a48c7ad90c81d98d70929 a68a0e53086b4ea19b8c8a53a02a4b26 - - default default] Added segment 6f290677-0fed-42fe-8092-4d81f8dea066 of type geneve for network 1e05d938-3c3d-4c76-a70e-c65ee2a90035 [pid: 7|app: 0|req: 1038/2086] 10.0.0.149 () {34 vars in 669 bytes} [Tue Apr 14 04:53:05 2026] POST /v2.0/routers => generated 935 bytes in 1409 msecs (HTTP/1.1 201) 4 headers in 162 bytes (1 switches on core 0)
2026-04-14 04:53:07.065 7 INFO neutron.db.segments_db [None req-27262327-ea1c-49ba-a5f7-ca5bda694811 95b145b97d324247861d603a0d005c71 ae1fdf500272495cb94cd27a65edccac - - default default] Added segment 4e45dd22-1b8e-4411-bd24-d33a5739e2f0 of type geneve for network 5dec27de-28d3-44fb-9cec-9abdf07b4ba5
2026-04-14 04:53:07.081 8 INFO neutron.db.ovn_revision_numbers_db [None req-fa1f659d-8062-4a1e-bfd8-65aefdf0c8fb be852e0ef83a48c7ad90c81d98d70929 a68a0e53086b4ea19b8c8a53a02a4b26 - - default default] Successfully bumped revision number for resource 1e05d938-3c3d-4c76-a70e-c65ee2a90035 (type: networks) to 1
2026-04-14 04:53:07.201 7 INFO neutron.db.ovn_revision_numbers_db [None req-27262327-ea1c-49ba-a5f7-ca5bda694811 95b145b97d324247861d603a0d005c71 ae1fdf500272495cb94cd27a65edccac - - default default] Successfully bumped revision number for resource 5dec27de-28d3-44fb-9cec-9abdf07b4ba5 (type: networks) to 1
2026-04-14 04:53:07.273 8 WARNING neutron.scheduler.dhcp_agent_scheduler [None req-fa1f659d-8062-4a1e-bfd8-65aefdf0c8fb be852e0ef83a48c7ad90c81d98d70929 a68a0e53086b4ea19b8c8a53a02a4b26 - - default default] No more DHCP agents
2026-04-14 04:53:07.274 8 WARNING neutron.api.rpc.agentnotifiers.dhcp_rpc_agent_api [None req-fa1f659d-8062-4a1e-bfd8-65aefdf0c8fb be852e0ef83a48c7ad90c81d98d70929 a68a0e53086b4ea19b8c8a53a02a4b26 - - default default] Unable to schedule network 1e05d938-3c3d-4c76-a70e-c65ee2a90035: no agents available; will retry on subsequent port and subnet creation events.
2026-04-14 04:53:07.338 7 INFO neutron.plugins.ml2.drivers.ovn.mech_driver.mech_driver [None req-8fb4684a-22b1-4b39-aa1c-344fbf118392 - - - - - -] OVN reports status down for port: f58a43c4-865d-47bb-b56a-b86b6045a497
2026-04-14 04:53:07.350 8 INFO neutron.db.ovn_revision_numbers_db [None req-fa1f659d-8062-4a1e-bfd8-65aefdf0c8fb be852e0ef83a48c7ad90c81d98d70929 a68a0e53086b4ea19b8c8a53a02a4b26 - - default default] Successfully bumped revision number for resource f58a43c4-865d-47bb-b56a-b86b6045a497 (type: ports) to 1 [pid: 8|app: 0|req: 1049/2087] 10.0.0.149 () {34 vars in 670 bytes} [Tue Apr 14 04:53:06 2026] POST /v2.0/networks => generated 651 bytes in 566 msecs (HTTP/1.1 201) 4 headers in 162 bytes (1 switches on core 0)
2026-04-14 04:53:07.421 7 WARNING neutron.scheduler.dhcp_agent_scheduler [None req-27262327-ea1c-49ba-a5f7-ca5bda694811 95b145b97d324247861d603a0d005c71 ae1fdf500272495cb94cd27a65edccac - - default default] No more DHCP agents
2026-04-14 04:53:07.429 7 WARNING neutron.api.rpc.agentnotifiers.dhcp_rpc_agent_api [None req-27262327-ea1c-49ba-a5f7-ca5bda694811 95b145b97d324247861d603a0d005c71 ae1fdf500272495cb94cd27a65edccac - - default default] Unable to schedule network 5dec27de-28d3-44fb-9cec-9abdf07b4ba5: no agents available; will retry on subsequent port and subnet creation events.
2026-04-14 04:53:07.531 7 INFO neutron.db.ovn_revision_numbers_db [None req-27262327-ea1c-49ba-a5f7-ca5bda694811 95b145b97d324247861d603a0d005c71 ae1fdf500272495cb94cd27a65edccac - - default default] Successfully bumped revision number for resource 6b582c12-3daf-4680-ad1f-e3e5c69a33eb (type: ports) to 1 [pid: 7|app: 0|req: 1039/2088] 10.0.0.149 () {34 vars in 670 bytes} [Tue Apr 14 04:53:06 2026] POST /v2.0/networks => generated 651 bytes in 589 msecs (HTTP/1.1 201) 4 headers in 162 bytes (1 switches on core 0)
2026-04-14 04:53:07.795 7 WARNING neutron.scheduler.dhcp_agent_scheduler [None req-492055d7-76b1-4d70-ba1f-e87beed2f5a7 be852e0ef83a48c7ad90c81d98d70929 a68a0e53086b4ea19b8c8a53a02a4b26 - - default default] No more DHCP agents
2026-04-14 04:53:07.796 7 WARNING neutron.api.rpc.agentnotifiers.dhcp_rpc_agent_api [None req-492055d7-76b1-4d70-ba1f-e87beed2f5a7 be852e0ef83a48c7ad90c81d98d70929 a68a0e53086b4ea19b8c8a53a02a4b26 - - default default] Unable to schedule network 1e05d938-3c3d-4c76-a70e-c65ee2a90035: no agents available; will retry on subsequent port and subnet creation events.
2026-04-14 04:53:07.908 7 INFO neutron.db.ovn_revision_numbers_db [None req-492055d7-76b1-4d70-ba1f-e87beed2f5a7 be852e0ef83a48c7ad90c81d98d70929 a68a0e53086b4ea19b8c8a53a02a4b26 - - default default] Successfully bumped revision number for resource 83f24eb9-195b-48b9-8482-c29a72b3b99a (type: ports) to 1 [pid: 7|app: 0|req: 1040/2089] 10.0.0.149 () {34 vars in 664 bytes} [Tue Apr 14 04:53:07 2026] POST /v2.0/ports => generated 743 bytes in 398 msecs (HTTP/1.1 201) 4 headers in 162 bytes (1 switches on core 0) /var/lib/openstack/lib/python3.12/site-packages/pycadf/identifier.py:70: UserWarning: Invalid uuid: neutron. To ensure interoperability, identifiers should be a valid uuid. warnings.warn(('Invalid uuid: %s. To ensure interoperability, '
2026-04-14 04:53:07.981 8 WARNING neutron.scheduler.dhcp_agent_scheduler [None req-a9d67408-c398-4bbf-9e78-09ae47ab6914 63c620bd33b0470cabed6cb8a2c8006f cb998e8e74154ceba2371ebc2ab004a2 - - default default] No more DHCP agents
2026-04-14 04:53:07.983 8 WARNING neutron.api.rpc.agentnotifiers.dhcp_rpc_agent_api [None req-a9d67408-c398-4bbf-9e78-09ae47ab6914 63c620bd33b0470cabed6cb8a2c8006f cb998e8e74154ceba2371ebc2ab004a2 - - default default] Unable to schedule network 4df56d8e-426a-4e0a-bd86-90f5b51cc9c7: no agents available; will retry on subsequent port and subnet creation events. [pid: 7|app: 0|req: 1041/2090] 10.0.0.149 () {34 vars in 753 bytes} [Tue Apr 14 04:53:07 2026] PUT /v2.0/networks/025c301f-97e1-47b0-af9a-279f3729b3c7/tags => generated 17 bytes in 51 msecs (HTTP/1.1 200) 4 headers in 156 bytes (1 switches on core 0) [pid: 7|app: 0|req: 1042/2091] 10.0.0.175 () {34 vars in 990 bytes} [Tue Apr 14 04:53:08 2026] GET /v2.0/ports?device_id=6dbb9940-30fe-48e7-82a1-0ed2ad97e93e => generated 975 bytes in 84 msecs (HTTP/1.1 200) 4 headers in 157 bytes (1 switches on core 0)
2026-04-14 04:53:08.100 7 INFO neutron.plugins.ml2.drivers.ovn.mech_driver.mech_driver [None req-8fb4684a-22b1-4b39-aa1c-344fbf118392 - - - - - -] OVN reports status down for port: 9e670455-c9a6-40a5-9f2d-a7dc2b8a7def
2026-04-14 04:53:08.116 8 INFO neutron.db.ovn_revision_numbers_db [None req-a9d67408-c398-4bbf-9e78-09ae47ab6914 63c620bd33b0470cabed6cb8a2c8006f cb998e8e74154ceba2371ebc2ab004a2 - - default default] Successfully bumped revision number for resource 9e670455-c9a6-40a5-9f2d-a7dc2b8a7def (type: ports) to 1 [pid: 7|app: 0|req: 1043/2092] 10.0.0.149 () {34 vars in 666 bytes} [Tue Apr 14 04:53:08 2026] POST /v2.0/trunks => generated 409 bytes in 211 msecs (HTTP/1.1 201) 4 headers in 162 bytes (1 switches on core 0) [pid: 7|app: 0|req: 1044/2093] 10.0.0.149 () {34 vars in 753 bytes} [Tue Apr 14 04:53:08 2026] PUT /v2.0/networks/7e4a677f-06fe-4b23-ad23-f10ee5aacd9f/tags => generated 25 bytes in 52 msecs (HTTP/1.1 200) 4 headers in 156 bytes (1 switches on core 0) [pid: 7|app: 0|req: 1045/2094] 10.0.0.175 () {34 vars in 1040 bytes} [Tue Apr 14 04:53:08 2026] GET /v2.0/security-groups?id=15a65358-d903-4a52-b24d-178ade414fd5&fields=id&fields=name => generated 114 bytes in 33 msecs (HTTP/1.1 200) 4 headers in 157 bytes (1 switches on core 0)
2026-04-14 04:53:08.475 7 INFO neutron.db.segments_db [None req-dacc2047-7950-47e0-8b6b-2b942a9676d2 be852e0ef83a48c7ad90c81d98d70929 a68a0e53086b4ea19b8c8a53a02a4b26 - - default default] Added segment 080605b4-621f-450b-8d05-ab8caa2a890a of type geneve for network 714e6e44-14f3-4baf-bb74-b12eab08fe01
2026-04-14 04:53:08.593 7 INFO neutron.db.ovn_revision_numbers_db [None req-dacc2047-7950-47e0-8b6b-2b942a9676d2 be852e0ef83a48c7ad90c81d98d70929 a68a0e53086b4ea19b8c8a53a02a4b26 - - default default] Successfully bumped revision number for resource 714e6e44-14f3-4baf-bb74-b12eab08fe01 (type: networks) to 1
2026-04-14 04:53:08.739 7 INFO neutron.plugins.ml2.drivers.ovn.mech_driver.mech_driver [None req-8fb4684a-22b1-4b39-aa1c-344fbf118392 - - - - - -] OVN reports status up for port: 9e670455-c9a6-40a5-9f2d-a7dc2b8a7def
2026-04-14 04:53:08.764 7 INFO neutron.plugins.ml2.plugin [None req-8fb4684a-22b1-4b39-aa1c-344fbf118392 - - - - - -] Attempt 1 to provision port 9e670455-c9a6-40a5-9f2d-a7dc2b8a7def
2026-04-14 04:53:08.798 7 WARNING neutron.scheduler.dhcp_agent_scheduler [None req-dacc2047-7950-47e0-8b6b-2b942a9676d2 be852e0ef83a48c7ad90c81d98d70929 a68a0e53086b4ea19b8c8a53a02a4b26 - - default default] No more DHCP agents
2026-04-14 04:53:08.800 7 WARNING neutron.api.rpc.agentnotifiers.dhcp_rpc_agent_api [None req-dacc2047-7950-47e0-8b6b-2b942a9676d2 be852e0ef83a48c7ad90c81d98d70929 a68a0e53086b4ea19b8c8a53a02a4b26 - - default default] Unable to schedule network 714e6e44-14f3-4baf-bb74-b12eab08fe01: no agents available; will retry on subsequent port and subnet creation events.
2026-04-14 04:53:08.808 8 WARNING neutron.scheduler.dhcp_agent_scheduler [None req-a9d67408-c398-4bbf-9e78-09ae47ab6914 63c620bd33b0470cabed6cb8a2c8006f cb998e8e74154ceba2371ebc2ab004a2 - - default default] No more DHCP agents
2026-04-14 04:53:08.810 8 WARNING neutron.api.rpc.agentnotifiers.dhcp_rpc_agent_api [None req-a9d67408-c398-4bbf-9e78-09ae47ab6914 63c620bd33b0470cabed6cb8a2c8006f cb998e8e74154ceba2371ebc2ab004a2 - - default default] Unable to schedule network 4df56d8e-426a-4e0a-bd86-90f5b51cc9c7: no agents available; will retry on subsequent port and subnet creation events.
2026-04-14 04:53:08.962 7 INFO neutron.db.ovn_revision_numbers_db [None req-dacc2047-7950-47e0-8b6b-2b942a9676d2 be852e0ef83a48c7ad90c81d98d70929 a68a0e53086b4ea19b8c8a53a02a4b26 - - default default] Successfully bumped revision number for resource 5071c8bd-cde6-4103-bfde-016f0339b5d7 (type: ports) to 1 [pid: 7|app: 0|req: 1046/2095] 10.0.0.149 () {34 vars in 670 bytes} [Tue Apr 14 04:53:08 2026] POST /v2.0/networks => generated 650 bytes in 657 msecs (HTTP/1.1 201) 4 headers in 162 bytes (1 switches on core 0) [pid: 7|app: 0|req: 1047/2096] 10.0.0.149 () {34 vars in 753 bytes} [Tue Apr 14 04:53:09 2026] PUT /v2.0/networks/fb373aea-57d9-4d27-a00a-4c78ede8c07e/tags => generated 34 bytes in 99 msecs (HTTP/1.1 200) 4 headers in 156 bytes (1 switches on core 0)
2026-04-14 04:53:09.189 8 INFO neutron.db.ovn_revision_numbers_db [None req-a9d67408-c398-4bbf-9e78-09ae47ab6914 63c620bd33b0470cabed6cb8a2c8006f cb998e8e74154ceba2371ebc2ab004a2 - - default default] Successfully bumped revision number for resource 9e670455-c9a6-40a5-9f2d-a7dc2b8a7def (type: router_ports) to 1 [pid: 8|app: 0|req: 1050/2097] 10.0.0.149 () {34 vars in 783 bytes} [Tue Apr 14 04:53:07 2026] PUT /v2.0/routers/2070527d-558b-4a0a-a340-269ca159dfaf/add_router_interface => generated 309 bytes in 1825 msecs (HTTP/1.1 200) 4 headers in 157 bytes (1 switches on core 0) [pid: 8|app: 0|req: 1051/2098] 10.0.0.149 () {34 vars in 753 bytes} [Tue Apr 14 04:53:09 2026] PUT /v2.0/networks/99a3646b-e7a8-4ccf-93d7-ae653de4b5a7/tags => generated 19 bytes in 49 msecs (HTTP/1.1 200) 4 headers in 156 bytes (1 switches on core 0)
2026-04-14 04:53:09.568 7 INFO neutron.db.ovn_revision_numbers_db [None req-8fb4684a-22b1-4b39-aa1c-344fbf118392 - - - - - -] Successfully bumped revision number for resource 9e670455-c9a6-40a5-9f2d-a7dc2b8a7def (type: ports) to 2
2026-04-14 04:53:09.646 7 WARNING neutron.scheduler.dhcp_agent_scheduler [None req-0ddead8a-beb5-404b-9948-585efe5d9c2d be852e0ef83a48c7ad90c81d98d70929 a68a0e53086b4ea19b8c8a53a02a4b26 - - default default] No more DHCP agents
2026-04-14 04:53:09.649 7 WARNING neutron.api.rpc.agentnotifiers.dhcp_rpc_agent_api [None req-0ddead8a-beb5-404b-9948-585efe5d9c2d be852e0ef83a48c7ad90c81d98d70929 a68a0e53086b4ea19b8c8a53a02a4b26 - - default default] Unable to schedule network 714e6e44-14f3-4baf-bb74-b12eab08fe01: no agents available; will retry on subsequent port and subnet creation events.
2026-04-14 04:53:09.783 7 INFO neutron.db.ovn_revision_numbers_db [None req-0ddead8a-beb5-404b-9948-585efe5d9c2d be852e0ef83a48c7ad90c81d98d70929 a68a0e53086b4ea19b8c8a53a02a4b26 - - default default] Successfully bumped revision number for resource 4e705f9f-a0ee-4363-9a97-b9866d71f601 (type: ports) to 1 [pid: 7|app: 0|req: 1048/2099] 10.0.0.149 () {34 vars in 664 bytes} [Tue Apr 14 04:53:09 2026] POST /v2.0/ports => generated 743 bytes in 682 msecs (HTTP/1.1 201) 4 headers in 162 bytes (1 switches on core 0) /var/lib/openstack/lib/python3.12/site-packages/pycadf/identifier.py:70: UserWarning: Invalid uuid: neutron. To ensure interoperability, identifiers should be a valid uuid. warnings.warn(('Invalid uuid: %s. To ensure interoperability, '
2026-04-14 04:53:09.870 8 WARNING neutron.scheduler.dhcp_agent_scheduler [None req-ed68e815-f4f8-434b-acac-cd0cf71dd32e - - - - - -] No more DHCP agents
2026-04-14 04:53:09.871 8 WARNING neutron.api.rpc.agentnotifiers.dhcp_rpc_agent_api [None req-ed68e815-f4f8-434b-acac-cd0cf71dd32e - - - - - -] Unable to schedule network c89cf726-0b5a-4212-aa66-57332c0c654d: no agents available; will retry on subsequent port and subnet creation events. [pid: 7|app: 0|req: 1049/2100] 10.0.0.149 () {32 vars in 666 bytes} [Tue Apr 14 04:53:09 2026] GET /v2.0/networks?tags=red => generated 1988 bytes in 53 msecs (HTTP/1.1 200) 4 headers in 158 bytes (1 switches on core 0) [pid: 7|app: 0|req: 1050/2101] 10.0.0.175 () {34 vars in 990 bytes} [Tue Apr 14 04:53:09 2026] GET /v2.0/ports?device_id=6dbb9940-30fe-48e7-82a1-0ed2ad97e93e => generated 975 bytes in 27 msecs (HTTP/1.1 200) 4 headers in 157 bytes (1 switches on core 0)
2026-04-14 04:53:10.025 8 INFO neutron.db.ovn_revision_numbers_db [None req-ed68e815-f4f8-434b-acac-cd0cf71dd32e - - - - - -] Successfully bumped revision number for resource e0a647e8-42b9-4e9a-92d7-6ae979a71e6a (type: ports) to 1 [pid: 7|app: 0|req: 1051/2102] 10.0.0.149 () {34 vars in 666 bytes} [Tue Apr 14 04:53:09 2026] POST /v2.0/trunks => generated 409 bytes in 195 msecs (HTTP/1.1 201) 4 headers in 162 bytes (1 switches on core 0) [pid: 7|app: 0|req: 1052/2103] 10.0.0.149 () {32 vars in 680 bytes} [Tue Apr 14 04:53:10 2026] GET /v2.0/networks?tags=red%2Cblue => generated 1337 bytes in 55 msecs (HTTP/1.1 200) 4 headers in 158 bytes (1 switches on core 0) [pid: 7|app: 0|req: 1053/2104] 10.0.0.175 () {34 vars in 1040 bytes} [Tue Apr 14 04:53:10 2026] GET /v2.0/security-groups?id=15a65358-d903-4a52-b24d-178ade414fd5&fields=id&fields=name => generated 114 bytes in 28 msecs (HTTP/1.1 200) 4 headers in 157 bytes (1 switches on core 0)
2026-04-14 04:53:10.260 8 INFO neutron.db.ovn_revision_numbers_db [None req-ed68e815-f4f8-434b-acac-cd0cf71dd32e - - - - - -] Successfully bumped revision number for resource e0a647e8-42b9-4e9a-92d7-6ae979a71e6a (type: ports) to 3
2026-04-14 04:53:10.286 7 INFO neutron.db.segments_db [None req-efbbbdfa-ffe0-45d6-a7f1-53917eef2b5a be852e0ef83a48c7ad90c81d98d70929 a68a0e53086b4ea19b8c8a53a02a4b26 - - default default] Added segment e980ae87-c059-4b4e-8535-daa4c312a4ca of type geneve for network 50e2a09f-d6fc-4e10-a743-ed76e534a7d4
2026-04-14 04:53:10.324 8 INFO neutron.db.segments_db [None req-ed68e815-f4f8-434b-acac-cd0cf71dd32e - - - - - -] Added segment c46723ed-da02-46b2-856c-1baa7851296c of type geneve for network 1345c166-2bbe-4a94-a1d2-fd062547a7ef
2026-04-14 04:53:10.394 7 INFO neutron.db.ovn_revision_numbers_db [None req-efbbbdfa-ffe0-45d6-a7f1-53917eef2b5a be852e0ef83a48c7ad90c81d98d70929 a68a0e53086b4ea19b8c8a53a02a4b26 - - default default] Successfully bumped revision number for resource 50e2a09f-d6fc-4e10-a743-ed76e534a7d4 (type: networks) to 1
2026-04-14 04:53:10.464 8 INFO neutron.db.ovn_revision_numbers_db [None req-a4407ef2-86a8-4650-b913-1a52ffeb7614 - - - - - -] Successfully bumped revision number for resource 1345c166-2bbe-4a94-a1d2-fd062547a7ef (type: networks) to 1
2026-04-14 04:53:10.545 7 WARNING neutron.scheduler.dhcp_agent_scheduler [None req-efbbbdfa-ffe0-45d6-a7f1-53917eef2b5a be852e0ef83a48c7ad90c81d98d70929 a68a0e53086b4ea19b8c8a53a02a4b26 - - default default] No more DHCP agents
2026-04-14 04:53:10.546 7 WARNING neutron.api.rpc.agentnotifiers.dhcp_rpc_agent_api [None req-efbbbdfa-ffe0-45d6-a7f1-53917eef2b5a be852e0ef83a48c7ad90c81d98d70929 a68a0e53086b4ea19b8c8a53a02a4b26 - - default default] Unable to schedule network 50e2a09f-d6fc-4e10-a743-ed76e534a7d4: no agents available; will retry on subsequent port and subnet creation events.
2026-04-14 04:53:10.622 8 WARNING neutron.scheduler.dhcp_agent_scheduler [None req-a4407ef2-86a8-4650-b913-1a52ffeb7614 - - - - - -] No more DHCP agents
2026-04-14 04:53:10.624 8 WARNING neutron.api.rpc.agentnotifiers.dhcp_rpc_agent_api [None req-a4407ef2-86a8-4650-b913-1a52ffeb7614 - - - - - -] Unable to schedule network 1345c166-2bbe-4a94-a1d2-fd062547a7ef: no agents available; will retry on subsequent port and subnet creation events.
