2026-04-14 04:49:43.798 8 INFO placement.requestlog [req-462bdcb0-0469-4a6e-89bc-a155ed07c9a2 req-abad4162-6c33-450f-baef-09ec275a8605 6afc6bccb3aa450eaed8096e3ff511ab 1582c2d6d733473f8a27646a5817a308 - - 775ffc775a0448b0bacc8ce52784261b 775ffc775a0448b0bacc8ce52784261b] 199.204.45.138 "GET /resource_providers/ec3b76c2-6216-4109-90f7-b432d722c2a1/allocations" status: 200 len: 338 microversion: 1.0 [pid: 8|app: 0|req: 173/347] 199.204.45.138 () {32 vars in 857 bytes} [Tue Apr 14 04:49:43 2026] GET /resource_providers/ec3b76c2-6216-4109-90f7-b432d722c2a1/allocations => generated 338 bytes in 17 msecs (HTTP/1.1 200) 6 headers in 224 bytes (1 switches on core 0)
2026-04-14 04:49:43.816 7 INFO placement.requestlog [req-462bdcb0-0469-4a6e-89bc-a155ed07c9a2 req-3ca0d5a8-124f-4d76-8273-5ce17d02d721 6afc6bccb3aa450eaed8096e3ff511ab 1582c2d6d733473f8a27646a5817a308 - - 775ffc775a0448b0bacc8ce52784261b 775ffc775a0448b0bacc8ce52784261b] 199.204.45.138 "GET /allocations/9f66abf2-f2b8-43cf-94dd-69a1857c80dc" status: 200 len: 257 microversion: 1.28 [pid: 7|app: 0|req: 175/348] 199.204.45.138 () {34 vars in 863 bytes} [Tue Apr 14 04:49:43 2026] GET /allocations/9f66abf2-f2b8-43cf-94dd-69a1857c80dc => generated 257 bytes in 14 msecs (HTTP/1.1 200) 8 headers in 296 bytes (1 switches on core 0)
2026-04-14 04:49:43.832 8 INFO placement.requestlog [req-462bdcb0-0469-4a6e-89bc-a155ed07c9a2 req-0566ed02-c530-4194-a0c4-fd44ffba9611 6afc6bccb3aa450eaed8096e3ff511ab 1582c2d6d733473f8a27646a5817a308 - - 775ffc775a0448b0bacc8ce52784261b 775ffc775a0448b0bacc8ce52784261b] 199.204.45.138 "GET /allocations/12f4ac58-795e-40ca-bb48-e65c38b7c2d4" status: 200 len: 257 microversion: 1.28 [pid: 8|app: 0|req: 174/349] 199.204.45.138 () {34 vars in 863 bytes} [Tue Apr 14 04:49:43 2026] GET /allocations/12f4ac58-795e-40ca-bb48-e65c38b7c2d4 => generated 257 bytes in 11 msecs (HTTP/1.1 200) 8 headers in 296 bytes (1 switches on core 0)
2026-04-14 04:49:43.855 7 INFO placement.requestlog [req-462bdcb0-0469-4a6e-89bc-a155ed07c9a2 req-59b193b1-9462-4ab9-a869-2ce877547faf 6afc6bccb3aa450eaed8096e3ff511ab 1582c2d6d733473f8a27646a5817a308 - - 775ffc775a0448b0bacc8ce52784261b 775ffc775a0448b0bacc8ce52784261b] 199.204.45.138 "GET /allocations/f6e54687-2367-4823-a4bf-279458a5bc77" status: 200 len: 243 microversion: 1.28 [pid: 7|app: 0|req: 176/350] 199.204.45.138 () {34 vars in 863 bytes} [Tue Apr 14 04:49:43 2026] GET /allocations/f6e54687-2367-4823-a4bf-279458a5bc77 => generated 243 bytes in 18 msecs (HTTP/1.1 200) 8 headers in 296 bytes (1 switches on core 0)
2026-04-14 04:49:44.567 8 INFO placement.requestlog [req-db5f2290-f3f1-40a6-95e7-ac89c0aed59c req-d581cb09-2fc5-4239-90ae-2625cda94b19 6afc6bccb3aa450eaed8096e3ff511ab 1582c2d6d733473f8a27646a5817a308 - - 775ffc775a0448b0bacc8ce52784261b 775ffc775a0448b0bacc8ce52784261b] 10.0.0.158 "GET /allocation_candidates?limit=1000&resources=DISK_GB%3A1%2CMEMORY_MB%3A512%2CVCPU%3A1&root_required=%21COMPUTE_STATUS_DISABLED" status: 200 len: 2784 microversion: 1.36 [pid: 8|app: 0|req: 175/351] 10.0.0.158 () {34 vars in 1012 bytes} [Tue Apr 14 04:49:44 2026] GET /allocation_candidates?limit=1000&resources=DISK_GB%3A1%2CMEMORY_MB%3A512%2CVCPU%3A1&root_required=%21COMPUTE_STATUS_DISABLED => generated 2784 bytes in 45 msecs (HTTP/1.1 200) 8 headers in 297 bytes (1 switches on core 0)
2026-04-14 04:49:44.592 7 INFO placement.requestlog [req-db5f2290-f3f1-40a6-95e7-ac89c0aed59c req-088850f3-59bb-4ed0-b238-8a64afe1e799 6afc6bccb3aa450eaed8096e3ff511ab 1582c2d6d733473f8a27646a5817a308 - - 775ffc775a0448b0bacc8ce52784261b 775ffc775a0448b0bacc8ce52784261b] 10.0.0.158 "GET /allocations/98f1a617-2da9-4742-af75-37353c88b24e" status: 200 len: 19 microversion: 1.28 [pid: 7|app: 0|req: 177/352] 10.0.0.158 () {34 vars in 861 bytes} [Tue Apr 14 04:49:44 2026] GET /allocations/98f1a617-2da9-4742-af75-37353c88b24e => generated 19 bytes in 8 msecs (HTTP/1.1 200) 8 headers in 295 bytes (1 switches on core 0)
2026-04-14 04:49:44.656 8 INFO placement.requestlog [req-db5f2290-f3f1-40a6-95e7-ac89c0aed59c req-23ba29c5-9512-4831-be58-84034acb57eb 6afc6bccb3aa450eaed8096e3ff511ab 1582c2d6d733473f8a27646a5817a308 - - 775ffc775a0448b0bacc8ce52784261b 775ffc775a0448b0bacc8ce52784261b] 10.0.0.158 "PUT /allocations/98f1a617-2da9-4742-af75-37353c88b24e" status: 204 len: 0 microversion: 1.36 [pid: 8|app: 0|req: 176/353] 10.0.0.158 () {38 vars in 914 bytes} [Tue Apr 14 04:49:44 2026] PUT /allocations/98f1a617-2da9-4742-af75-37353c88b24e => generated 0 bytes in 57 msecs (HTTP/1.1 204) 5 headers in 199 bytes (1 switches on core 0)
2026-04-14 04:49:44.904 7 INFO placement.requestlog [req-462bdcb0-0469-4a6e-89bc-a155ed07c9a2 req-3f15725d-2b88-48db-8fee-d30d184757b9 6afc6bccb3aa450eaed8096e3ff511ab 1582c2d6d733473f8a27646a5817a308 - - 775ffc775a0448b0bacc8ce52784261b 775ffc775a0448b0bacc8ce52784261b] 199.204.45.138 "DELETE /allocations/12f4ac58-795e-40ca-bb48-e65c38b7c2d4" status: 204 len: 0 microversion: 1.0 [pid: 7|app: 0|req: 178/354] 199.204.45.138 () {34 vars in 841 bytes} [Tue Apr 14 04:49:44 2026] DELETE /allocations/12f4ac58-795e-40ca-bb48-e65c38b7c2d4 => generated 0 bytes in 21 msecs (HTTP/1.1 204) 5 headers in 198 bytes (1 switches on core 0)
2026-04-14 04:49:45.911 8 INFO placement.requestlog [req-e600fdd5-c848-46ff-8ffe-26c801526c1d req-73668633-96a2-4da1-bb24-8579d0e4f01e 6afc6bccb3aa450eaed8096e3ff511ab 1582c2d6d733473f8a27646a5817a308 - - 775ffc775a0448b0bacc8ce52784261b 775ffc775a0448b0bacc8ce52784261b] 199.204.45.138 "GET /resource_providers/ec3b76c2-6216-4109-90f7-b432d722c2a1/allocations" status: 200 len: 338 microversion: 1.0 [pid: 8|app: 0|req: 177/355] 199.204.45.138 () {32 vars in 857 bytes} [Tue Apr 14 04:49:45 2026] GET /resource_providers/ec3b76c2-6216-4109-90f7-b432d722c2a1/allocations => generated 338 bytes in 15 msecs (HTTP/1.1 200) 6 headers in 224 bytes (1 switches on core 0)
2026-04-14 04:49:46.201 7 INFO placement.requestlog [req-db5f2290-f3f1-40a6-95e7-ac89c0aed59c req-8961bfd3-efcc-4f4a-ac94-60642c5dd0dd 6afc6bccb3aa450eaed8096e3ff511ab 1582c2d6d733473f8a27646a5817a308 - - 775ffc775a0448b0bacc8ce52784261b 775ffc775a0448b0bacc8ce52784261b] 199.204.45.138 "GET /allocations/98f1a617-2da9-4742-af75-37353c88b24e" status: 200 len: 257 microversion: 1.28 [pid: 7|app: 0|req: 179/356] 199.204.45.138 () {34 vars in 863 bytes} [Tue Apr 14 04:49:46 2026] GET /allocations/98f1a617-2da9-4742-af75-37353c88b24e => generated 257 bytes in 30 msecs (HTTP/1.1 200) 8 headers in 296 bytes (1 switches on core 0)
2026-04-14 04:49:46.453 8 INFO placement.requestlog [req-e600fdd5-c848-46ff-8ffe-26c801526c1d req-2e8f2c14-58a2-4bfa-9ba7-9cf8f521be23 6afc6bccb3aa450eaed8096e3ff511ab 1582c2d6d733473f8a27646a5817a308 - - 775ffc775a0448b0bacc8ce52784261b 775ffc775a0448b0bacc8ce52784261b] 199.204.45.138 "GET /resource_providers/ec3b76c2-6216-4109-90f7-b432d722c2a1/allocations" status: 200 len: 338 microversion: 1.0 [pid: 8|app: 0|req: 178/357] 199.204.45.138 () {32 vars in 857 bytes} [Tue Apr 14 04:49:46 2026] GET /resource_providers/ec3b76c2-6216-4109-90f7-b432d722c2a1/allocations => generated 338 bytes in 22 msecs (HTTP/1.1 200) 6 headers in 224 bytes (1 switches on core 0)
2026-04-14 04:49:46.482 7 INFO placement.requestlog [req-e600fdd5-c848-46ff-8ffe-26c801526c1d req-ebedbdbc-b4f2-4b05-906e-9ee01038c5bc 6afc6bccb3aa450eaed8096e3ff511ab 1582c2d6d733473f8a27646a5817a308 - - 775ffc775a0448b0bacc8ce52784261b 775ffc775a0448b0bacc8ce52784261b] 199.204.45.138 "GET /allocations/9f66abf2-f2b8-43cf-94dd-69a1857c80dc" status: 200 len: 257 microversion: 1.28 [pid: 7|app: 0|req: 180/358] 199.204.45.138 () {34 vars in 863 bytes} [Tue Apr 14 04:49:46 2026] GET /allocations/9f66abf2-f2b8-43cf-94dd-69a1857c80dc => generated 257 bytes in 23 msecs (HTTP/1.1 200) 8 headers in 296 bytes (1 switches on core 0)
2026-04-14 04:49:46.500 8 INFO placement.requestlog [req-e600fdd5-c848-46ff-8ffe-26c801526c1d req-c0246d7d-3525-43d8-bbb7-530d4362e42d 6afc6bccb3aa450eaed8096e3ff511ab 1582c2d6d733473f8a27646a5817a308 - - 775ffc775a0448b0bacc8ce52784261b 775ffc775a0448b0bacc8ce52784261b] 199.204.45.138 "GET /allocations/98f1a617-2da9-4742-af75-37353c88b24e" status: 200 len: 257 microversion: 1.28 [pid: 8|app: 0|req: 179/359] 199.204.45.138 () {34 vars in 863 bytes} [Tue Apr 14 04:49:46 2026] GET /allocations/98f1a617-2da9-4742-af75-37353c88b24e => generated 257 bytes in 11 msecs (HTTP/1.1 200) 8 headers in 296 bytes (1 switches on core 0)
2026-04-14 04:49:46.516 7 INFO placement.requestlog [req-e600fdd5-c848-46ff-8ffe-26c801526c1d req-c092854c-e155-47cb-8e63-2b71392509f9 6afc6bccb3aa450eaed8096e3ff511ab 1582c2d6d733473f8a27646a5817a308 - - 775ffc775a0448b0bacc8ce52784261b 775ffc775a0448b0bacc8ce52784261b] 199.204.45.138 "GET /allocations/f6e54687-2367-4823-a4bf-279458a5bc77" status: 200 len: 243 microversion: 1.28 [pid: 7|app: 0|req: 181/360] 199.204.45.138 () {34 vars in 863 bytes} [Tue Apr 14 04:49:46 2026] GET /allocations/f6e54687-2367-4823-a4bf-279458a5bc77 => generated 243 bytes in 12 msecs (HTTP/1.1 200) 8 headers in 296 bytes (1 switches on core 0)
2026-04-14 04:49:48.587 8 INFO placement.requestlog [req-db5f2290-f3f1-40a6-95e7-ac89c0aed59c req-8bad3264-2749-4175-8015-9817d6eb0955 6afc6bccb3aa450eaed8096e3ff511ab 1582c2d6d733473f8a27646a5817a308 - - 775ffc775a0448b0bacc8ce52784261b 775ffc775a0448b0bacc8ce52784261b] 199.204.45.138 "GET /resource_providers/ec3b76c2-6216-4109-90f7-b432d722c2a1/allocations" status: 200 len: 338 microversion: 1.0 [pid: 8|app: 0|req: 180/361] 199.204.45.138 () {32 vars in 857 bytes} [Tue Apr 14 04:49:48 2026] GET /resource_providers/ec3b76c2-6216-4109-90f7-b432d722c2a1/allocations => generated 338 bytes in 17 msecs (HTTP/1.1 200) 6 headers in 224 bytes (1 switches on core 0)
2026-04-14 04:49:48.605 7 INFO placement.requestlog [req-db5f2290-f3f1-40a6-95e7-ac89c0aed59c req-968a7ca3-5e2a-47ab-a02c-4c5055f080c3 6afc6bccb3aa450eaed8096e3ff511ab 1582c2d6d733473f8a27646a5817a308 - - 775ffc775a0448b0bacc8ce52784261b 775ffc775a0448b0bacc8ce52784261b] 199.204.45.138 "GET /allocations/9f66abf2-f2b8-43cf-94dd-69a1857c80dc" status: 200 len: 257 microversion: 1.28 [pid: 7|app: 0|req: 182/362] 199.204.45.138 () {34 vars in 863 bytes} [Tue Apr 14 04:49:48 2026] GET /allocations/9f66abf2-f2b8-43cf-94dd-69a1857c80dc => generated 257 bytes in 11 msecs (HTTP/1.1 200) 8 headers in 296 bytes (1 switches on core 0)
2026-04-14 04:49:48.621 8 INFO placement.requestlog [req-db5f2290-f3f1-40a6-95e7-ac89c0aed59c req-b7064d97-45d1-4721-81d2-21776c3b6214 6afc6bccb3aa450eaed8096e3ff511ab 1582c2d6d733473f8a27646a5817a308 - - 775ffc775a0448b0bacc8ce52784261b 775ffc775a0448b0bacc8ce52784261b] 199.204.45.138 "GET /allocations/98f1a617-2da9-4742-af75-37353c88b24e" status: 200 len: 257 microversion: 1.28 [pid: 8|app: 0|req: 181/363] 199.204.45.138 () {34 vars in 863 bytes} [Tue Apr 14 04:49:48 2026] GET /allocations/98f1a617-2da9-4742-af75-37353c88b24e => generated 257 bytes in 9 msecs (HTTP/1.1 200) 8 headers in 296 bytes (1 switches on core 0)
2026-04-14 04:49:48.637 7 INFO placement.requestlog [req-db5f2290-f3f1-40a6-95e7-ac89c0aed59c req-9be0a4b0-2cfa-405d-815d-79ccc3ab05cb 6afc6bccb3aa450eaed8096e3ff511ab 1582c2d6d733473f8a27646a5817a308 - - 775ffc775a0448b0bacc8ce52784261b 775ffc775a0448b0bacc8ce52784261b] 199.204.45.138 "GET /allocations/f6e54687-2367-4823-a4bf-279458a5bc77" status: 200 len: 243 microversion: 1.28 [pid: 7|app: 0|req: 183/364] 199.204.45.138 () {34 vars in 863 bytes} [Tue Apr 14 04:49:48 2026] GET /allocations/f6e54687-2367-4823-a4bf-279458a5bc77 => generated 243 bytes in 11 msecs (HTTP/1.1 200) 8 headers in 296 bytes (1 switches on core 0)
2026-04-14 04:49:50.481 7 INFO placement.requestlog [None req-ccaa8b13-1ee0-4ddd-b076-43672dba4fb1 d8d440ece2fe4161b56d32aa76cbf91a 1582c2d6d733473f8a27646a5817a308 - - 775ffc775a0448b0bacc8ce52784261b 775ffc775a0448b0bacc8ce52784261b] 10.0.0.16 "GET /resource_providers/e3f2e402-d6e8-4bbd-bdb7-2cd72bcc9619/aggregates" status: 404 len: 235 microversion: 1.1 [pid: 7|app: 0|req: 184/365] 10.0.0.16 () {32 vars in 815 bytes} [Tue Apr 14 04:49:50 2026] GET /resource_providers/e3f2e402-d6e8-4bbd-bdb7-2cd72bcc9619/aggregates => generated 235 bytes in 107 msecs (HTTP/1.1 404) 5 headers in 202 bytes (1 switches on core 0)
2026-04-14 04:49:50.488 8 INFO placement.requestlog [None req-0bce8704-de4f-436f-b3de-59fa1823004f d8d440ece2fe4161b56d32aa76cbf91a 1582c2d6d733473f8a27646a5817a308 - - 775ffc775a0448b0bacc8ce52784261b 775ffc775a0448b0bacc8ce52784261b] 10.0.0.16 "GET /resource_providers/e3f2e402-d6e8-4bbd-bdb7-2cd72bcc9619/aggregates" status: 404 len: 235 microversion: 1.1 [pid: 8|app: 0|req: 182/366] 10.0.0.16 () {32 vars in 815 bytes} [Tue Apr 14 04:49:50 2026] GET /resource_providers/e3f2e402-d6e8-4bbd-bdb7-2cd72bcc9619/aggregates => generated 235 bytes in 115 msecs (HTTP/1.1 404) 5 headers in 202 bytes (1 switches on core 0)
2026-04-14 04:49:50.506 7 INFO placement.requestlog [None req-e31bfeee-e392-47d8-81ec-0cb37db61517 d8d440ece2fe4161b56d32aa76cbf91a 1582c2d6d733473f8a27646a5817a308 - - 775ffc775a0448b0bacc8ce52784261b 775ffc775a0448b0bacc8ce52784261b] 10.0.0.16 "DELETE /resource_providers/e3f2e402-d6e8-4bbd-bdb7-2cd72bcc9619" status: 404 len: 246 microversion: 1.1 [pid: 7|app: 0|req: 185/367] 10.0.0.16 () {34 vars in 815 bytes} [Tue Apr 14 04:49:50 2026] DELETE /resource_providers/e3f2e402-d6e8-4bbd-bdb7-2cd72bcc9619 => generated 246 bytes in 5 msecs (HTTP/1.1 404) 6 headers in 231 bytes (1 switches on core 0)
2026-04-14 04:49:50.512 8 INFO placement.requestlog [None req-7e10c84f-a4ef-4b59-b394-4a0be2681882 d8d440ece2fe4161b56d32aa76cbf91a 1582c2d6d733473f8a27646a5817a308 - - 775ffc775a0448b0bacc8ce52784261b 775ffc775a0448b0bacc8ce52784261b] 10.0.0.16 "DELETE /resource_providers/e3f2e402-d6e8-4bbd-bdb7-2cd72bcc9619" status: 404 len: 246 microversion: 1.1 [pid: 8|app: 0|req: 183/368] 10.0.0.16 () {34 vars in 815 bytes} [Tue Apr 14 04:49:50 2026] DELETE /resource_providers/e3f2e402-d6e8-4bbd-bdb7-2cd72bcc9619 => generated 246 bytes in 8 msecs (HTTP/1.1 404) 6 headers in 231 bytes (1 switches on core 0)
2026-04-14 04:49:52.532 7 INFO placement.requestlog [req-8bb5f7ad-26df-43f0-ab01-8f81977a0bc5 req-0c70ebf1-c19b-4a9b-a268-b2f8cf2038ef 6afc6bccb3aa450eaed8096e3ff511ab 1582c2d6d733473f8a27646a5817a308 - - 775ffc775a0448b0bacc8ce52784261b 775ffc775a0448b0bacc8ce52784261b] 199.204.45.138 "GET /resource_providers/ec3b76c2-6216-4109-90f7-b432d722c2a1/allocations" status: 200 len: 338 microversion: 1.0 [pid: 7|app: 0|req: 186/369] 199.204.45.138 () {32 vars in 857 bytes} [Tue Apr 14 04:49:52 2026] GET /resource_providers/ec3b76c2-6216-4109-90f7-b432d722c2a1/allocations => generated 338 bytes in 19 msecs (HTTP/1.1 200) 6 headers in 224 bytes (1 switches on core 0)
2026-04-14 04:49:52.547 8 INFO placement.requestlog [req-8bb5f7ad-26df-43f0-ab01-8f81977a0bc5 req-99d2823d-be4e-4f4a-ab7b-733436c45464 6afc6bccb3aa450eaed8096e3ff511ab 1582c2d6d733473f8a27646a5817a308 - - 775ffc775a0448b0bacc8ce52784261b 775ffc775a0448b0bacc8ce52784261b] 199.204.45.138 "GET /allocations/9f66abf2-f2b8-43cf-94dd-69a1857c80dc" status: 200 len: 257 microversion: 1.28 [pid: 8|app: 0|req: 184/370] 199.204.45.138 () {34 vars in 863 bytes} [Tue Apr 14 04:49:52 2026] GET /allocations/9f66abf2-f2b8-43cf-94dd-69a1857c80dc => generated 257 bytes in 10 msecs (HTTP/1.1 200) 8 headers in 296 bytes (1 switches on core 0)
2026-04-14 04:49:52.565 7 INFO placement.requestlog [req-8bb5f7ad-26df-43f0-ab01-8f81977a0bc5 req-de3f4b22-9fc4-4724-9888-66a866b65bf3 6afc6bccb3aa450eaed8096e3ff511ab 1582c2d6d733473f8a27646a5817a308 - - 775ffc775a0448b0bacc8ce52784261b 775ffc775a0448b0bacc8ce52784261b] 199.204.45.138 "GET /allocations/98f1a617-2da9-4742-af75-37353c88b24e" status: 200 len: 257 microversion: 1.28 [pid: 7|app: 0|req: 187/371] 199.204.45.138 () {34 vars in 863 bytes} [Tue Apr 14 04:49:52 2026] GET /allocations/98f1a617-2da9-4742-af75-37353c88b24e => generated 257 bytes in 13 msecs (HTTP/1.1 200) 8 headers in 296 bytes (1 switches on core 0)
2026-04-14 04:49:52.588 8 INFO placement.requestlog [req-8bb5f7ad-26df-43f0-ab01-8f81977a0bc5 req-197f3935-f0fb-47b4-acd1-3a88b4b02562 6afc6bccb3aa450eaed8096e3ff511ab 1582c2d6d733473f8a27646a5817a308 - - 775ffc775a0448b0bacc8ce52784261b 775ffc775a0448b0bacc8ce52784261b] 199.204.45.138 "GET /allocations/f6e54687-2367-4823-a4bf-279458a5bc77" status: 200 len: 243 microversion: 1.28 [pid: 8|app: 0|req: 185/372] 199.204.45.138 () {34 vars in 863 bytes} [Tue Apr 14 04:49:52 2026] GET /allocations/f6e54687-2367-4823-a4bf-279458a5bc77 => generated 243 bytes in 14 msecs (HTTP/1.1 200) 8 headers in 296 bytes (1 switches on core 0)
2026-04-14 04:49:53.551 8 INFO placement.requestlog [None req-3bd00276-a464-4f0b-bdfc-b846f358e533 - - - - - -] 10.0.0.105 "GET /" status: 200 len: 136 microversion: 1.0
2026-04-14 04:49:53.551 7 INFO placement.requestlog [None req-f531bbc4-06ba-4a73-a6db-2436b90e29c0 - - - - - -] 10.0.0.105 "GET /" status: 200 len: 136 microversion: 1.0
2026-04-14 04:49:53.636 8 INFO placement.requestlog [req-8bb5f7ad-26df-43f0-ab01-8f81977a0bc5 req-03bcef36-288c-44c8-a1c2-a841bed7efdb 6afc6bccb3aa450eaed8096e3ff511ab 1582c2d6d733473f8a27646a5817a308 - - 775ffc775a0448b0bacc8ce52784261b 775ffc775a0448b0bacc8ce52784261b] 199.204.45.138 "DELETE /allocations/f6e54687-2367-4823-a4bf-279458a5bc77" status: 204 len: 0 microversion: 1.0 [pid: 8|app: 0|req: 187/375] 199.204.45.138 () {34 vars in 841 bytes} [Tue Apr 14 04:49:53 2026] DELETE /allocations/f6e54687-2367-4823-a4bf-279458a5bc77 => generated 0 bytes in 25 msecs (HTTP/1.1 204) 5 headers in 198 bytes (1 switches on core 0)
2026-04-14 04:49:57.849 8 INFO placement.requestlog [None req-f8cd2e39-f3aa-447e-ba8d-45a0e0a7cf70 d8d440ece2fe4161b56d32aa76cbf91a 1582c2d6d733473f8a27646a5817a308 - - 775ffc775a0448b0bacc8ce52784261b 775ffc775a0448b0bacc8ce52784261b] 10.0.0.16 "GET /resource_providers/29019d47-e221-4f36-9f36-56a93d8baa59/aggregates" status: 404 len: 235 microversion: 1.1 [pid: 8|app: 0|req: 188/376] 10.0.0.16 () {32 vars in 815 bytes} [Tue Apr 14 04:49:57 2026] GET /resource_providers/29019d47-e221-4f36-9f36-56a93d8baa59/aggregates => generated 235 bytes in 8 msecs (HTTP/1.1 404) 5 headers in 202 bytes (1 switches on core 0)
2026-04-14 04:49:57.850 7 INFO placement.requestlog [None req-418da4ef-7639-416e-b128-f2b2421b4440 d8d440ece2fe4161b56d32aa76cbf91a 1582c2d6d733473f8a27646a5817a308 - - 775ffc775a0448b0bacc8ce52784261b 775ffc775a0448b0bacc8ce52784261b] 10.0.0.16 "GET /resource_providers/29019d47-e221-4f36-9f36-56a93d8baa59/aggregates" status: 404 len: 235 microversion: 1.1 [pid: 7|app: 0|req: 189/377] 10.0.0.16 () {32 vars in 815 bytes} [Tue Apr 14 04:49:57 2026] GET /resource_providers/29019d47-e221-4f36-9f36-56a93d8baa59/aggregates => generated 235 bytes in 9 msecs (HTTP/1.1 404) 5 headers in 202 bytes (1 switches on core 0)
2026-04-14 04:49:57.876 8 INFO placement.requestlog [None req-2a73e154-a174-4d56-9245-38c32b04a9ff d8d440ece2fe4161b56d32aa76cbf91a 1582c2d6d733473f8a27646a5817a308 - - 775ffc775a0448b0bacc8ce52784261b 775ffc775a0448b0bacc8ce52784261b] 10.0.0.16 "DELETE /resource_providers/29019d47-e221-4f36-9f36-56a93d8baa59" status: 404 len: 246 microversion: 1.1 [pid: 8|app: 0|req: 189/378] 10.0.0.16 () {34 vars in 815 bytes} [Tue Apr 14 04:49:57 2026] DELETE /resource_providers/29019d47-e221-4f36-9f36-56a93d8baa59 => generated 246 bytes in 14 msecs (HTTP/1.1 404) 6 headers in 231 bytes (1 switches on core 0)
2026-04-14 04:49:57.881 7 INFO placement.requestlog [None req-4fa4a0ad-5317-40cb-a5d8-9b147581a7a4 d8d440ece2fe4161b56d32aa76cbf91a 1582c2d6d733473f8a27646a5817a308 - - 775ffc775a0448b0bacc8ce52784261b 775ffc775a0448b0bacc8ce52784261b] 10.0.0.16 "DELETE /resource_providers/29019d47-e221-4f36-9f36-56a93d8baa59" status: 404 len: 246 microversion: 1.1 [pid: 7|app: 0|req: 190/379] 10.0.0.16 () {34 vars in 815 bytes} [Tue Apr 14 04:49:57 2026] DELETE /resource_providers/29019d47-e221-4f36-9f36-56a93d8baa59 => generated 246 bytes in 11 msecs (HTTP/1.1 404) 6 headers in 231 bytes (1 switches on core 0)
2026-04-14 04:50:03.201 8 INFO placement.requestlog [req-d03ab2ea-b4ed-4b63-82eb-15d539e3fc63 req-9eeeba3e-a154-4a92-8688-e7fe1c62db8a 6afc6bccb3aa450eaed8096e3ff511ab 1582c2d6d733473f8a27646a5817a308 - - 775ffc775a0448b0bacc8ce52784261b 775ffc775a0448b0bacc8ce52784261b] 10.0.0.158 "GET /allocation_candidates?limit=1000&resources=DISK_GB%3A1%2CMEMORY_MB%3A512%2CVCPU%3A1&root_required=%21COMPUTE_STATUS_DISABLED" status: 200 len: 2784 microversion: 1.36 [pid: 8|app: 0|req: 190/380] 10.0.0.158 () {34 vars in 1012 bytes} [Tue Apr 14 04:50:03 2026] GET /allocation_candidates?limit=1000&resources=DISK_GB%3A1%2CMEMORY_MB%3A512%2CVCPU%3A1&root_required=%21COMPUTE_STATUS_DISABLED => generated 2784 bytes in 76 msecs (HTTP/1.1 200) 8 headers in 297 bytes (1 switches on core 0)
2026-04-14 04:50:03.239 7 INFO placement.requestlog [req-d03ab2ea-b4ed-4b63-82eb-15d539e3fc63 req-c1a2f1d8-e1da-403d-b4fb-afa77b10e67e 6afc6bccb3aa450eaed8096e3ff511ab 1582c2d6d733473f8a27646a5817a308 - - 775ffc775a0448b0bacc8ce52784261b 775ffc775a0448b0bacc8ce52784261b] 10.0.0.158 "GET /allocations/5a759dcd-5215-4ddf-b3da-5c1e9ed2477b" status: 200 len: 19 microversion: 1.28 [pid: 7|app: 0|req: 191/381] 10.0.0.158 () {34 vars in 861 bytes} [Tue Apr 14 04:50:03 2026] GET /allocations/5a759dcd-5215-4ddf-b3da-5c1e9ed2477b => generated 19 bytes in 9 msecs (HTTP/1.1 200) 8 headers in 295 bytes (1 switches on core 0)
2026-04-14 04:50:03.348 8 INFO placement.requestlog [req-d03ab2ea-b4ed-4b63-82eb-15d539e3fc63 req-eab1233e-8a83-48e7-95c2-7d781ab26f22 6afc6bccb3aa450eaed8096e3ff511ab 1582c2d6d733473f8a27646a5817a308 - - 775ffc775a0448b0bacc8ce52784261b 775ffc775a0448b0bacc8ce52784261b] 10.0.0.158 "PUT /allocations/5a759dcd-5215-4ddf-b3da-5c1e9ed2477b" status: 204 len: 0 microversion: 1.36 [pid: 8|app: 0|req: 191/382] 10.0.0.158 () {38 vars in 914 bytes} [Tue Apr 14 04:50:03 2026] PUT /allocations/5a759dcd-5215-4ddf-b3da-5c1e9ed2477b => generated 0 bytes in 99 msecs (HTTP/1.1 204) 5 headers in 199 bytes (1 switches on core 0)
2026-04-14 04:50:03.551 8 INFO placement.requestlog [None req-ce33d1bd-6563-441b-8bbc-a9f8a8868fa1 - - - - - -] 10.0.0.105 "GET /" status: 200 len: 136 microversion: 1.0
2026-04-14 04:50:03.551 7 INFO placement.requestlog [None req-088a7291-d99d-4573-a65d-f2827c050c87 - - - - - -] 10.0.0.105 "GET /" status: 200 len: 136 microversion: 1.0
2026-04-14 04:50:04.789 8 INFO placement.requestlog [req-d03ab2ea-b4ed-4b63-82eb-15d539e3fc63 req-dac8bb60-6704-4c6d-87b9-6b149d9cfd8f 6afc6bccb3aa450eaed8096e3ff511ab 1582c2d6d733473f8a27646a5817a308 - - 775ffc775a0448b0bacc8ce52784261b 775ffc775a0448b0bacc8ce52784261b] 199.204.45.138 "GET /allocations/5a759dcd-5215-4ddf-b3da-5c1e9ed2477b" status: 200 len: 257 microversion: 1.28 [pid: 8|app: 0|req: 193/385] 199.204.45.138 () {34 vars in 863 bytes} [Tue Apr 14 04:50:04 2026] GET /allocations/5a759dcd-5215-4ddf-b3da-5c1e9ed2477b => generated 257 bytes in 12 msecs (HTTP/1.1 200) 8 headers in 296 bytes (1 switches on core 0)
2026-04-14 04:50:05.844 7 INFO placement.requestlog [req-d03ab2ea-b4ed-4b63-82eb-15d539e3fc63 req-711c6c51-ec75-4595-93c7-d46e1ae11adc 6afc6bccb3aa450eaed8096e3ff511ab 1582c2d6d733473f8a27646a5817a308 - - 775ffc775a0448b0bacc8ce52784261b 775ffc775a0448b0bacc8ce52784261b] 199.204.45.138 "GET /resource_providers/ec3b76c2-6216-4109-90f7-b432d722c2a1/allocations" status: 200 len: 352 microversion: 1.0 [pid: 7|app: 0|req: 193/386] 199.204.45.138 () {32 vars in 857 bytes} [Tue Apr 14 04:50:05 2026] GET /resource_providers/ec3b76c2-6216-4109-90f7-b432d722c2a1/allocations => generated 352 bytes in 29 msecs (HTTP/1.1 200) 6 headers in 224 bytes (1 switches on core 0)
2026-04-14 04:50:05.890 8 INFO placement.requestlog [req-d03ab2ea-b4ed-4b63-82eb-15d539e3fc63 req-6eb7308e-a50e-41ec-894e-07b68d4e3c57 6afc6bccb3aa450eaed8096e3ff511ab 1582c2d6d733473f8a27646a5817a308 - - 775ffc775a0448b0bacc8ce52784261b 775ffc775a0448b0bacc8ce52784261b] 199.204.45.138 "GET /allocations/9f66abf2-f2b8-43cf-94dd-69a1857c80dc" status: 200 len: 257 microversion: 1.28 [pid: 8|app: 0|req: 194/387] 199.204.45.138 () {34 vars in 863 bytes} [Tue Apr 14 04:50:05 2026] GET /allocations/9f66abf2-f2b8-43cf-94dd-69a1857c80dc => generated 257 bytes in 41 msecs (HTTP/1.1 200) 8 headers in 296 bytes (1 switches on core 0)
2026-04-14 04:50:05.911 7 INFO placement.requestlog [req-d03ab2ea-b4ed-4b63-82eb-15d539e3fc63 req-79e03d16-c6c3-4a9e-896f-dc908e2aaa6d 6afc6bccb3aa450eaed8096e3ff511ab 1582c2d6d733473f8a27646a5817a308 - - 775ffc775a0448b0bacc8ce52784261b 775ffc775a0448b0bacc8ce52784261b] 199.204.45.138 "GET /allocations/98f1a617-2da9-4742-af75-37353c88b24e" status: 200 len: 257 microversion: 1.28 [pid: 7|app: 0|req: 194/388] 199.204.45.138 () {34 vars in 863 bytes} [Tue Apr 14 04:50:05 2026] GET /allocations/98f1a617-2da9-4742-af75-37353c88b24e => generated 257 bytes in 16 msecs (HTTP/1.1 200) 8 headers in 296 bytes (1 switches on core 0)
2026-04-14 04:50:05.929 8 INFO placement.requestlog [req-d03ab2ea-b4ed-4b63-82eb-15d539e3fc63 req-1db616a3-9e63-418e-a591-308492d9cf31 6afc6bccb3aa450eaed8096e3ff511ab 1582c2d6d733473f8a27646a5817a308 - - 775ffc775a0448b0bacc8ce52784261b 775ffc775a0448b0bacc8ce52784261b] 199.204.45.138 "GET /allocations/5a759dcd-5215-4ddf-b3da-5c1e9ed2477b" status: 200 len: 257 microversion: 1.28 [pid: 8|app: 0|req: 195/389] 199.204.45.138 () {34 vars in 863 bytes} [Tue Apr 14 04:50:05 2026] GET /allocations/5a759dcd-5215-4ddf-b3da-5c1e9ed2477b => generated 257 bytes in 12 msecs (HTTP/1.1 200) 8 headers in 296 bytes (1 switches on core 0)
2026-04-14 04:50:09.736 8 INFO placement.requestlog [None req-3d299b66-a3ca-457d-a014-1411941dfec0 d8d440ece2fe4161b56d32aa76cbf91a 1582c2d6d733473f8a27646a5817a308 - - 775ffc775a0448b0bacc8ce52784261b 775ffc775a0448b0bacc8ce52784261b] 10.0.0.16 "GET /resource_providers/ce06ea5d-fbb8-4583-9831-0be9404beaf3/aggregates" status: 404 len: 235 microversion: 1.1 [pid: 8|app: 0|req: 196/390] 10.0.0.16 () {32 vars in 815 bytes} [Tue Apr 14 04:50:09 2026] GET /resource_providers/ce06ea5d-fbb8-4583-9831-0be9404beaf3/aggregates => generated 235 bytes in 9 msecs (HTTP/1.1 404) 5 headers in 202 bytes (1 switches on core 0)
2026-04-14 04:50:09.740 7 INFO placement.requestlog [None req-def98e07-684c-44f9-9754-91e54aad3db7 d8d440ece2fe4161b56d32aa76cbf91a 1582c2d6d733473f8a27646a5817a308 - - 775ffc775a0448b0bacc8ce52784261b 775ffc775a0448b0bacc8ce52784261b] 10.0.0.16 "GET /resource_providers/ce06ea5d-fbb8-4583-9831-0be9404beaf3/aggregates" status: 404 len: 235 microversion: 1.1 [pid: 7|app: 0|req: 195/391] 10.0.0.16 () {32 vars in 815 bytes} [Tue Apr 14 04:50:09 2026] GET /resource_providers/ce06ea5d-fbb8-4583-9831-0be9404beaf3/aggregates => generated 235 bytes in 12 msecs (HTTP/1.1 404) 5 headers in 202 bytes (1 switches on core 0)
2026-04-14 04:50:09.764 7 INFO placement.requestlog [None req-6416d4f2-3cfb-4692-ab2f-13a929c94f91 d8d440ece2fe4161b56d32aa76cbf91a 1582c2d6d733473f8a27646a5817a308 - - 775ffc775a0448b0bacc8ce52784261b 775ffc775a0448b0bacc8ce52784261b] 10.0.0.16 "DELETE /resource_providers/ce06ea5d-fbb8-4583-9831-0be9404beaf3" status: 404 len: 246 microversion: 1.1 [pid: 7|app: 0|req: 196/392] 10.0.0.16 () {34 vars in 815 bytes} [Tue Apr 14 04:50:09 2026] DELETE /resource_providers/ce06ea5d-fbb8-4583-9831-0be9404beaf3 => generated 246 bytes in 10 msecs (HTTP/1.1 404) 6 headers in 231 bytes (1 switches on core 0)
2026-04-14 04:50:09.766 8 INFO placement.requestlog [None req-517277ef-47eb-4206-8b6e-bcd664c5c8cc d8d440ece2fe4161b56d32aa76cbf91a 1582c2d6d733473f8a27646a5817a308 - - 775ffc775a0448b0bacc8ce52784261b 775ffc775a0448b0bacc8ce52784261b] 10.0.0.16 "DELETE /resource_providers/ce06ea5d-fbb8-4583-9831-0be9404beaf3" status: 404 len: 246 microversion: 1.1 [pid: 8|app: 0|req: 197/393] 10.0.0.16 () {34 vars in 815 bytes} [Tue Apr 14 04:50:09 2026] DELETE /resource_providers/ce06ea5d-fbb8-4583-9831-0be9404beaf3 => generated 246 bytes in 16 msecs (HTTP/1.1 404) 6 headers in 231 bytes (1 switches on core 0)
2026-04-14 04:50:10.115 7 INFO placement.requestlog [None req-86b4e33d-a326-45b4-9f21-0acc8fadc9bd d8d440ece2fe4161b56d32aa76cbf91a 1582c2d6d733473f8a27646a5817a308 - - 775ffc775a0448b0bacc8ce52784261b 775ffc775a0448b0bacc8ce52784261b] 10.0.0.16 "GET /resource_providers/09a38ea7-7bda-4be5-bd62-1847253540dc/aggregates" status: 404 len: 235 microversion: 1.1 [pid: 7|app: 0|req: 197/394] 10.0.0.16 () {32 vars in 815 bytes} [Tue Apr 14 04:50:10 2026] GET /resource_providers/09a38ea7-7bda-4be5-bd62-1847253540dc/aggregates => generated 235 bytes in 8 msecs (HTTP/1.1 404) 5 headers in 202 bytes (1 switches on core 0)
2026-04-14 04:50:10.117 8 INFO placement.requestlog [None req-369e345d-e7f4-4480-9933-794ffdb8933e d8d440ece2fe4161b56d32aa76cbf91a 1582c2d6d733473f8a27646a5817a308 - - 775ffc775a0448b0bacc8ce52784261b 775ffc775a0448b0bacc8ce52784261b] 10.0.0.16 "GET /resource_providers/09a38ea7-7bda-4be5-bd62-1847253540dc/aggregates" status: 404 len: 235 microversion: 1.1 [pid: 8|app: 0|req: 198/395] 10.0.0.16 () {32 vars in 815 bytes} [Tue Apr 14 04:50:10 2026] GET /resource_providers/09a38ea7-7bda-4be5-bd62-1847253540dc/aggregates => generated 235 bytes in 7 msecs (HTTP/1.1 404) 5 headers in 202 bytes (1 switches on core 0)
2026-04-14 04:50:10.136 7 INFO placement.requestlog [None req-aa0731a6-a146-427a-ac86-0c0267fa7199 d8d440ece2fe4161b56d32aa76cbf91a 1582c2d6d733473f8a27646a5817a308 - - 775ffc775a0448b0bacc8ce52784261b 775ffc775a0448b0bacc8ce52784261b] 10.0.0.16 "DELETE /resource_providers/09a38ea7-7bda-4be5-bd62-1847253540dc" status: 404 len: 246 microversion: 1.1 [pid: 7|app: 0|req: 198/396] 10.0.0.16 () {34 vars in 815 bytes} [Tue Apr 14 04:50:10 2026] DELETE /resource_providers/09a38ea7-7bda-4be5-bd62-1847253540dc => generated 246 bytes in 7 msecs (HTTP/1.1 404) 6 headers in 231 bytes (1 switches on core 0)
2026-04-14 04:50:10.143 8 INFO placement.requestlog [None req-c9fc7eb6-d8c0-4b19-b0dd-16b9e4c2f41b d8d440ece2fe4161b56d32aa76cbf91a 1582c2d6d733473f8a27646a5817a308 - - 775ffc775a0448b0bacc8ce52784261b 775ffc775a0448b0bacc8ce52784261b] 10.0.0.16 "DELETE /resource_providers/09a38ea7-7bda-4be5-bd62-1847253540dc" status: 404 len: 246 microversion: 1.1 [pid: 8|app: 0|req: 199/397] 10.0.0.16 () {34 vars in 815 bytes} [Tue Apr 14 04:50:10 2026] DELETE /resource_providers/09a38ea7-7bda-4be5-bd62-1847253540dc => generated 246 bytes in 12 msecs (HTTP/1.1 404) 6 headers in 231 bytes (1 switches on core 0)
2026-04-14 04:50:13.551 7 INFO placement.requestlog [None req-2551b3a4-bb4f-4673-ae06-33f2f7043b35 - - - - - -] 10.0.0.105 "GET /" status: 200 len: 136 microversion: 1.0
2026-04-14 04:50:13.551 8 INFO placement.requestlog [None req-7958a910-b545-446d-a269-db7147ada193 - - - - - -] 10.0.0.105 "GET /" status: 200 len: 136 microversion: 1.0
2026-04-14 04:50:16.059 7 INFO placement.requestlog [None req-4e4fc017-e997-4dcf-9cd9-bbb11ab08f55 d8d440ece2fe4161b56d32aa76cbf91a 1582c2d6d733473f8a27646a5817a308 - - 775ffc775a0448b0bacc8ce52784261b 775ffc775a0448b0bacc8ce52784261b] 10.0.0.16 "GET /resource_providers/ee504e4e-b6d7-4603-9c71-642c413bfd2f/aggregates" status: 404 len: 235 microversion: 1.1 [pid: 7|app: 0|req: 200/400] 10.0.0.16 () {32 vars in 815 bytes} [Tue Apr 14 04:50:16 2026] GET /resource_providers/ee504e4e-b6d7-4603-9c71-642c413bfd2f/aggregates => generated 235 bytes in 10 msecs (HTTP/1.1 404) 5 headers in 202 bytes (1 switches on core 0)
2026-04-14 04:50:16.066 8 INFO placement.requestlog [None req-1572c5da-bc8b-424b-8a25-6dc8777cef7b d8d440ece2fe4161b56d32aa76cbf91a 1582c2d6d733473f8a27646a5817a308 - - 775ffc775a0448b0bacc8ce52784261b 775ffc775a0448b0bacc8ce52784261b] 10.0.0.16 "GET /resource_providers/ee504e4e-b6d7-4603-9c71-642c413bfd2f/aggregates" status: 404 len: 235 microversion: 1.1 [pid: 8|app: 0|req: 201/401] 10.0.0.16 () {32 vars in 815 bytes} [Tue Apr 14 04:50:16 2026] GET /resource_providers/ee504e4e-b6d7-4603-9c71-642c413bfd2f/aggregates => generated 235 bytes in 14 msecs (HTTP/1.1 404) 5 headers in 202 bytes (1 switches on core 0)
2026-04-14 04:50:16.087 7 INFO placement.requestlog [None req-55769ed6-0a6f-4321-98d9-8c4670af0a8e d8d440ece2fe4161b56d32aa76cbf91a 1582c2d6d733473f8a27646a5817a308 - - 775ffc775a0448b0bacc8ce52784261b 775ffc775a0448b0bacc8ce52784261b] 10.0.0.16 "DELETE /resource_providers/ee504e4e-b6d7-4603-9c71-642c413bfd2f" status: 404 len: 246 microversion: 1.1 [pid: 7|app: 0|req: 201/402] 10.0.0.16 () {34 vars in 815 bytes} [Tue Apr 14 04:50:16 2026] DELETE /resource_providers/ee504e4e-b6d7-4603-9c71-642c413bfd2f => generated 246 bytes in 12 msecs (HTTP/1.1 404) 6 headers in 231 bytes (1 switches on core 0)
2026-04-14 04:50:16.089 8 INFO placement.requestlog [None req-a6fe32da-cae4-4109-b7cd-c6f07d387f28 d8d440ece2fe4161b56d32aa76cbf91a 1582c2d6d733473f8a27646a5817a308 - - 775ffc775a0448b0bacc8ce52784261b 775ffc775a0448b0bacc8ce52784261b] 10.0.0.16 "DELETE /resource_providers/ee504e4e-b6d7-4603-9c71-642c413bfd2f" status: 404 len: 246 microversion: 1.1 [pid: 8|app: 0|req: 202/403] 10.0.0.16 () {34 vars in 815 bytes} [Tue Apr 14 04:50:16 2026] DELETE /resource_providers/ee504e4e-b6d7-4603-9c71-642c413bfd2f => generated 246 bytes in 13 msecs (HTTP/1.1 404) 6 headers in 231 bytes (1 switches on core 0)
2026-04-14 04:50:17.213 7 INFO placement.requestlog [None req-3733d35f-dbcf-4e9f-b16a-463d9668ab5a d8d440ece2fe4161b56d32aa76cbf91a 1582c2d6d733473f8a27646a5817a308 - - 775ffc775a0448b0bacc8ce52784261b 775ffc775a0448b0bacc8ce52784261b] 10.0.0.16 "GET /resource_providers/c4a3595f-4736-4629-be36-a7428f49c3fa/aggregates" status: 404 len: 235 microversion: 1.1 [pid: 7|app: 0|req: 202/404] 10.0.0.16 () {32 vars in 815 bytes} [Tue Apr 14 04:50:17 2026] GET /resource_providers/c4a3595f-4736-4629-be36-a7428f49c3fa/aggregates => generated 235 bytes in 13 msecs (HTTP/1.1 404) 5 headers in 202 bytes (1 switches on core 0)
2026-04-14 04:50:17.221 8 INFO placement.requestlog [None req-772be81b-531f-4b7f-89d4-73336cfaf397 d8d440ece2fe4161b56d32aa76cbf91a 1582c2d6d733473f8a27646a5817a308 - - 775ffc775a0448b0bacc8ce52784261b 775ffc775a0448b0bacc8ce52784261b] 10.0.0.16 "GET /resource_providers/c4a3595f-4736-4629-be36-a7428f49c3fa/aggregates" status: 404 len: 235 microversion: 1.1 [pid: 8|app: 0|req: 203/405] 10.0.0.16 () {32 vars in 815 bytes} [Tue Apr 14 04:50:17 2026] GET /resource_providers/c4a3595f-4736-4629-be36-a7428f49c3fa/aggregates => generated 235 bytes in 14 msecs (HTTP/1.1 404) 5 headers in 202 bytes (1 switches on core 0)
2026-04-14 04:50:17.236 7 INFO placement.requestlog [None req-d4e26a58-c6c6-4ffc-bc54-71b6410b9ca8 d8d440ece2fe4161b56d32aa76cbf91a 1582c2d6d733473f8a27646a5817a308 - - 775ffc775a0448b0bacc8ce52784261b 775ffc775a0448b0bacc8ce52784261b] 10.0.0.16 "DELETE /resource_providers/c4a3595f-4736-4629-be36-a7428f49c3fa" status: 404 len: 246 microversion: 1.1 [pid: 7|app: 0|req: 203/406] 10.0.0.16 () {34 vars in 815 bytes} [Tue Apr 14 04:50:17 2026] DELETE /resource_providers/c4a3595f-4736-4629-be36-a7428f49c3fa => generated 246 bytes in 9 msecs (HTTP/1.1 404) 6 headers in 231 bytes (1 switches on core 0)
2026-04-14 04:50:17.243 8 INFO placement.requestlog [None req-bcfd079b-cd1d-41dd-b96e-9e012d583ede d8d440ece2fe4161b56d32aa76cbf91a 1582c2d6d733473f8a27646a5817a308 - - 775ffc775a0448b0bacc8ce52784261b 775ffc775a0448b0bacc8ce52784261b] 10.0.0.16 "DELETE /resource_providers/c4a3595f-4736-4629-be36-a7428f49c3fa" status: 404 len: 246 microversion: 1.1 [pid: 8|app: 0|req: 204/407] 10.0.0.16 () {34 vars in 815 bytes} [Tue Apr 14 04:50:17 2026] DELETE /resource_providers/c4a3595f-4736-4629-be36-a7428f49c3fa => generated 246 bytes in 9 msecs (HTTP/1.1 404) 6 headers in 231 bytes (1 switches on core 0)
2026-04-14 04:50:18.119 8 INFO placement.requestlog [None req-a26d628d-3c9a-44f3-a36f-eceaa74cbdfb d8d440ece2fe4161b56d32aa76cbf91a 1582c2d6d733473f8a27646a5817a308 - - 775ffc775a0448b0bacc8ce52784261b 775ffc775a0448b0bacc8ce52784261b] 10.0.0.16 "GET /resource_providers/40bbba02-086a-4cb8-8fd0-c66abbfb697e/aggregates" status: 404 len: 235 microversion: 1.1 [pid: 8|app: 0|req: 205/408] 10.0.0.16 () {32 vars in 815 bytes} [Tue Apr 14 04:50:18 2026] GET /resource_providers/40bbba02-086a-4cb8-8fd0-c66abbfb697e/aggregates => generated 235 bytes in 11 msecs (HTTP/1.1 404) 5 headers in 202 bytes (1 switches on core 0)
2026-04-14 04:50:18.122 7 INFO placement.requestlog [None req-168a32f1-6458-4e43-a59f-cb1593a22081 d8d440ece2fe4161b56d32aa76cbf91a 1582c2d6d733473f8a27646a5817a308 - - 775ffc775a0448b0bacc8ce52784261b 775ffc775a0448b0bacc8ce52784261b] 10.0.0.16 "GET /resource_providers/40bbba02-086a-4cb8-8fd0-c66abbfb697e/aggregates" status: 404 len: 235 microversion: 1.1 [pid: 7|app: 0|req: 204/409] 10.0.0.16 () {32 vars in 815 bytes} [Tue Apr 14 04:50:18 2026] GET /resource_providers/40bbba02-086a-4cb8-8fd0-c66abbfb697e/aggregates => generated 235 bytes in 17 msecs (HTTP/1.1 404) 5 headers in 202 bytes (1 switches on core 0)
2026-04-14 04:50:18.141 8 INFO placement.requestlog [None req-e6974c0d-2ef0-4fe1-8997-5ff3282436c4 d8d440ece2fe4161b56d32aa76cbf91a 1582c2d6d733473f8a27646a5817a308 - - 775ffc775a0448b0bacc8ce52784261b 775ffc775a0448b0bacc8ce52784261b] 10.0.0.16 "DELETE /resource_providers/40bbba02-086a-4cb8-8fd0-c66abbfb697e" status: 404 len: 246 microversion: 1.1 [pid: 8|app: 0|req: 206/410] 10.0.0.16 () {34 vars in 815 bytes} [Tue Apr 14 04:50:18 2026] DELETE /resource_providers/40bbba02-086a-4cb8-8fd0-c66abbfb697e => generated 246 bytes in 9 msecs (HTTP/1.1 404) 6 headers in 231 bytes (1 switches on core 0)
2026-04-14 04:50:18.143 7 INFO placement.requestlog [None req-1fb3e345-3e03-40e7-b25d-06d6eae3c76f d8d440ece2fe4161b56d32aa76cbf91a 1582c2d6d733473f8a27646a5817a308 - - 775ffc775a0448b0bacc8ce52784261b 775ffc775a0448b0bacc8ce52784261b] 10.0.0.16 "DELETE /resource_providers/40bbba02-086a-4cb8-8fd0-c66abbfb697e" status: 404 len: 246 microversion: 1.1 [pid: 7|app: 0|req: 205/411] 10.0.0.16 () {34 vars in 815 bytes} [Tue Apr 14 04:50:18 2026] DELETE /resource_providers/40bbba02-086a-4cb8-8fd0-c66abbfb697e => generated 246 bytes in 11 msecs (HTTP/1.1 404) 6 headers in 231 bytes (1 switches on core 0)
2026-04-14 04:50:19.262 8 INFO placement.requestlog [None req-4c5bf704-0048-4adc-8219-f5f8735e8345 d8d440ece2fe4161b56d32aa76cbf91a 1582c2d6d733473f8a27646a5817a308 - - 775ffc775a0448b0bacc8ce52784261b 775ffc775a0448b0bacc8ce52784261b] 10.0.0.16 "GET /resource_providers/5b53ff4a-4438-4b9d-a92c-f021c9d6379d/aggregates" status: 404 len: 235 microversion: 1.1 [pid: 8|app: 0|req: 207/412] 10.0.0.16 () {32 vars in 815 bytes} [Tue Apr 14 04:50:19 2026] GET /resource_providers/5b53ff4a-4438-4b9d-a92c-f021c9d6379d/aggregates => generated 235 bytes in 10 msecs (HTTP/1.1 404) 5 headers in 202 bytes (1 switches on core 0)
2026-04-14 04:50:19.282 7 INFO placement.requestlog [None req-e17bc0fe-0a06-4416-baa4-6f2219d02d70 d8d440ece2fe4161b56d32aa76cbf91a 1582c2d6d733473f8a27646a5817a308 - - 775ffc775a0448b0bacc8ce52784261b 775ffc775a0448b0bacc8ce52784261b] 10.0.0.16 "GET /resource_providers/5b53ff4a-4438-4b9d-a92c-f021c9d6379d/aggregates" status: 404 len: 235 microversion: 1.1 [pid: 7|app: 0|req: 206/413] 10.0.0.16 () {32 vars in 815 bytes} [Tue Apr 14 04:50:19 2026] GET /resource_providers/5b53ff4a-4438-4b9d-a92c-f021c9d6379d/aggregates => generated 235 bytes in 11 msecs (HTTP/1.1 404) 5 headers in 202 bytes (1 switches on core 0)
2026-04-14 04:50:19.299 8 INFO placement.requestlog [None req-ed2a3f74-d041-4904-88aa-cf197ee3d4a5 d8d440ece2fe4161b56d32aa76cbf91a 1582c2d6d733473f8a27646a5817a308 - - 775ffc775a0448b0bacc8ce52784261b 775ffc775a0448b0bacc8ce52784261b] 10.0.0.16 "DELETE /resource_providers/5b53ff4a-4438-4b9d-a92c-f021c9d6379d" status: 404 len: 246 microversion: 1.1 [pid: 8|app: 0|req: 208/414] 10.0.0.16 () {34 vars in 815 bytes} [Tue Apr 14 04:50:19 2026] DELETE /resource_providers/5b53ff4a-4438-4b9d-a92c-f021c9d6379d => generated 246 bytes in 18 msecs (HTTP/1.1 404) 6 headers in 231 bytes (1 switches on core 0)
2026-04-14 04:50:19.326 7 INFO placement.requestlog [None req-5779ba1a-f456-40d8-b353-6ca6e3c28a48 d8d440ece2fe4161b56d32aa76cbf91a 1582c2d6d733473f8a27646a5817a308 - - 775ffc775a0448b0bacc8ce52784261b 775ffc775a0448b0bacc8ce52784261b] 10.0.0.16 "DELETE /resource_providers/5b53ff4a-4438-4b9d-a92c-f021c9d6379d" status: 404 len: 246 microversion: 1.1 [pid: 7|app: 0|req: 207/415] 10.0.0.16 () {34 vars in 815 bytes} [Tue Apr 14 04:50:19 2026] DELETE /resource_providers/5b53ff4a-4438-4b9d-a92c-f021c9d6379d => generated 246 bytes in 33 msecs (HTTP/1.1 404) 6 headers in 231 bytes (1 switches on core 0)
2026-04-14 04:50:22.421 8 INFO placement.requestlog [req-bc7bc89c-d622-4086-ae97-ef556b6fd72b req-28f979f9-f53e-4737-9176-c07ecfd57d32 6afc6bccb3aa450eaed8096e3ff511ab 1582c2d6d733473f8a27646a5817a308 - - 775ffc775a0448b0bacc8ce52784261b 775ffc775a0448b0bacc8ce52784261b] 199.204.45.138 "GET /resource_providers/ec3b76c2-6216-4109-90f7-b432d722c2a1/allocations" status: 200 len: 352 microversion: 1.0 [pid: 8|app: 0|req: 209/416] 199.204.45.138 () {32 vars in 857 bytes} [Tue Apr 14 04:50:22 2026] GET /resource_providers/ec3b76c2-6216-4109-90f7-b432d722c2a1/allocations => generated 352 bytes in 17 msecs (HTTP/1.1 200) 6 headers in 224 bytes (1 switches on core 0)
2026-04-14 04:50:22.444 7 INFO placement.requestlog [req-bc7bc89c-d622-4086-ae97-ef556b6fd72b req-ab706292-697b-4c12-b0b6-22b7fa08a547 6afc6bccb3aa450eaed8096e3ff511ab 1582c2d6d733473f8a27646a5817a308 - - 775ffc775a0448b0bacc8ce52784261b 775ffc775a0448b0bacc8ce52784261b] 199.204.45.138 "GET /allocations/9f66abf2-f2b8-43cf-94dd-69a1857c80dc" status: 200 len: 257 microversion: 1.28 [pid: 7|app: 0|req: 208/417] 199.204.45.138 () {34 vars in 863 bytes} [Tue Apr 14 04:50:22 2026] GET /allocations/9f66abf2-f2b8-43cf-94dd-69a1857c80dc => generated 257 bytes in 19 msecs (HTTP/1.1 200) 8 headers in 296 bytes (1 switches on core 0)
2026-04-14 04:50:22.461 8 INFO placement.requestlog [req-bc7bc89c-d622-4086-ae97-ef556b6fd72b req-b36d4923-ebdf-4ef1-b3bf-a500177208c6 6afc6bccb3aa450eaed8096e3ff511ab 1582c2d6d733473f8a27646a5817a308 - - 775ffc775a0448b0bacc8ce52784261b 775ffc775a0448b0bacc8ce52784261b] 199.204.45.138 "GET /allocations/98f1a617-2da9-4742-af75-37353c88b24e" status: 200 len: 257 microversion: 1.28 [pid: 8|app: 0|req: 210/418] 199.204.45.138 () {34 vars in 863 bytes} [Tue Apr 14 04:50:22 2026] GET /allocations/98f1a617-2da9-4742-af75-37353c88b24e => generated 257 bytes in 11 msecs (HTTP/1.1 200) 8 headers in 296 bytes (1 switches on core 0)
2026-04-14 04:50:22.480 7 INFO placement.requestlog [req-bc7bc89c-d622-4086-ae97-ef556b6fd72b req-fe39ea49-11af-44f0-a926-69d2d79219f0 6afc6bccb3aa450eaed8096e3ff511ab 1582c2d6d733473f8a27646a5817a308 - - 775ffc775a0448b0bacc8ce52784261b 775ffc775a0448b0bacc8ce52784261b] 199.204.45.138 "GET /allocations/5a759dcd-5215-4ddf-b3da-5c1e9ed2477b" status: 200 len: 257 microversion: 1.28 [pid: 7|app: 0|req: 209/419] 199.204.45.138 () {34 vars in 863 bytes} [Tue Apr 14 04:50:22 2026] GET /allocations/5a759dcd-5215-4ddf-b3da-5c1e9ed2477b => generated 257 bytes in 13 msecs (HTTP/1.1 200) 8 headers in 296 bytes (1 switches on core 0)
2026-04-14 04:50:23.543 8 INFO placement.requestlog [req-bc7bc89c-d622-4086-ae97-ef556b6fd72b req-287ad7d6-28ca-454f-ac1d-53668d6d0c3c 6afc6bccb3aa450eaed8096e3ff511ab 1582c2d6d733473f8a27646a5817a308 - - 775ffc775a0448b0bacc8ce52784261b 775ffc775a0448b0bacc8ce52784261b] 199.204.45.138 "DELETE /allocations/5a759dcd-5215-4ddf-b3da-5c1e9ed2477b" status: 204 len: 0 microversion: 1.0 [pid: 8|app: 0|req: 211/420] 199.204.45.138 () {34 vars in 841 bytes} [Tue Apr 14 04:50:23 2026] DELETE /allocations/5a759dcd-5215-4ddf-b3da-5c1e9ed2477b => generated 0 bytes in 37 msecs (HTTP/1.1 204) 5 headers in 198 bytes (1 switches on core 0)
2026-04-14 04:50:23.551 8 INFO placement.requestlog [None req-31d115be-da77-4996-8ed9-08f4c8f27052 - - - - - -] 10.0.0.105 "GET /" status: 200 len: 136 microversion: 1.0
2026-04-14 04:50:23.552 8 INFO placement.requestlog [None req-889e5aaa-9887-4cae-8108-139fee0a1aa8 - - - - - -] 10.0.0.105 "GET /" status: 200 len: 136 microversion: 1.0
2026-04-14 04:50:23.555 7 INFO placement.requestlog [req-9ae965be-1f06-4dc4-aeb7-5e2d428aa77b req-22b01456-28d6-47ae-be7f-d0ff19882491 6afc6bccb3aa450eaed8096e3ff511ab 1582c2d6d733473f8a27646a5817a308 - - 775ffc775a0448b0bacc8ce52784261b 775ffc775a0448b0bacc8ce52784261b] 199.204.45.138 "GET /resource_providers/ec3b76c2-6216-4109-90f7-b432d722c2a1/allocations" status: 200 len: 252 microversion: 1.0 [pid: 7|app: 0|req: 210/423] 199.204.45.138 () {32 vars in 857 bytes} [Tue Apr 14 04:50:23 2026] GET /resource_providers/ec3b76c2-6216-4109-90f7-b432d722c2a1/allocations => generated 252 bytes in 30 msecs (HTTP/1.1 200) 6 headers in 224 bytes (1 switches on core 0)
2026-04-14 04:50:23.576 8 INFO placement.requestlog [req-9ae965be-1f06-4dc4-aeb7-5e2d428aa77b req-676d82db-97e3-4c06-bd21-0b324a89ee68 6afc6bccb3aa450eaed8096e3ff511ab 1582c2d6d733473f8a27646a5817a308 - - 775ffc775a0448b0bacc8ce52784261b 775ffc775a0448b0bacc8ce52784261b] 199.204.45.138 "GET /allocations/9f66abf2-f2b8-43cf-94dd-69a1857c80dc" status: 200 len: 257 microversion: 1.28 [pid: 8|app: 0|req: 214/424] 199.204.45.138 () {34 vars in 863 bytes} [Tue Apr 14 04:50:23 2026] GET /allocations/9f66abf2-f2b8-43cf-94dd-69a1857c80dc => generated 257 bytes in 14 msecs (HTTP/1.1 200) 8 headers in 296 bytes (1 switches on core 0)
2026-04-14 04:50:23.596 7 INFO placement.requestlog [req-9ae965be-1f06-4dc4-aeb7-5e2d428aa77b req-03197559-c47d-446b-8b78-216ee1b2c8b1 6afc6bccb3aa450eaed8096e3ff511ab 1582c2d6d733473f8a27646a5817a308 - - 775ffc775a0448b0bacc8ce52784261b 775ffc775a0448b0bacc8ce52784261b] 199.204.45.138 "GET /allocations/98f1a617-2da9-4742-af75-37353c88b24e" status: 200 len: 257 microversion: 1.28 [pid: 7|app: 0|req: 211/425] 199.204.45.138 () {34 vars in 863 bytes} [Tue Apr 14 04:50:23 2026] GET /allocations/98f1a617-2da9-4742-af75-37353c88b24e => generated 257 bytes in 14 msecs (HTTP/1.1 200) 8 headers in 296 bytes (1 switches on core 0)
2026-04-14 04:50:24.655 8 INFO placement.requestlog [req-9ae965be-1f06-4dc4-aeb7-5e2d428aa77b req-555c1384-5434-4457-9f1e-a4e022a70586 6afc6bccb3aa450eaed8096e3ff511ab 1582c2d6d733473f8a27646a5817a308 - - 775ffc775a0448b0bacc8ce52784261b 775ffc775a0448b0bacc8ce52784261b] 199.204.45.138 "DELETE /allocations/9f66abf2-f2b8-43cf-94dd-69a1857c80dc" status: 204 len: 0 microversion: 1.0 [pid: 8|app: 0|req: 215/426] 199.204.45.138 () {34 vars in 841 bytes} [Tue Apr 14 04:50:24 2026] DELETE /allocations/9f66abf2-f2b8-43cf-94dd-69a1857c80dc => generated 0 bytes in 39 msecs (HTTP/1.1 204) 5 headers in 198 bytes (1 switches on core 0)
2026-04-14 04:50:24.700 7 INFO placement.requestlog [None req-3690ce42-5470-425d-bdfe-831d38bea67a d8d440ece2fe4161b56d32aa76cbf91a 1582c2d6d733473f8a27646a5817a308 - - 775ffc775a0448b0bacc8ce52784261b 775ffc775a0448b0bacc8ce52784261b] 10.0.0.16 "GET /resource_providers/5e9ecba7-68d0-4bb6-af36-1d90660af9ad/aggregates" status: 404 len: 235 microversion: 1.1 [pid: 7|app: 0|req: 212/427] 10.0.0.16 () {32 vars in 815 bytes} [Tue Apr 14 04:50:24 2026] GET /resource_providers/5e9ecba7-68d0-4bb6-af36-1d90660af9ad/aggregates => generated 235 bytes in 10 msecs (HTTP/1.1 404) 5 headers in 202 bytes (1 switches on core 0)
2026-04-14 04:50:24.703 8 INFO placement.requestlog [None req-944cbd5e-84d3-4fab-9ec4-1830df17f24f d8d440ece2fe4161b56d32aa76cbf91a 1582c2d6d733473f8a27646a5817a308 - - 775ffc775a0448b0bacc8ce52784261b 775ffc775a0448b0bacc8ce52784261b] 10.0.0.16 "GET /resource_providers/5e9ecba7-68d0-4bb6-af36-1d90660af9ad/aggregates" status: 404 len: 235 microversion: 1.1 [pid: 8|app: 0|req: 216/428] 10.0.0.16 () {32 vars in 815 bytes} [Tue Apr 14 04:50:24 2026] GET /resource_providers/5e9ecba7-68d0-4bb6-af36-1d90660af9ad/aggregates => generated 235 bytes in 12 msecs (HTTP/1.1 404) 5 headers in 202 bytes (1 switches on core 0)
2026-04-14 04:50:24.724 7 INFO placement.requestlog [None req-961a9891-19da-4f15-8e5c-3504853cfe66 d8d440ece2fe4161b56d32aa76cbf91a 1582c2d6d733473f8a27646a5817a308 - - 775ffc775a0448b0bacc8ce52784261b 775ffc775a0448b0bacc8ce52784261b] 10.0.0.16 "DELETE /resource_providers/5e9ecba7-68d0-4bb6-af36-1d90660af9ad" status: 404 len: 246 microversion: 1.1 [pid: 7|app: 0|req: 213/429] 10.0.0.16 () {34 vars in 815 bytes} [Tue Apr 14 04:50:24 2026] DELETE /resource_providers/5e9ecba7-68d0-4bb6-af36-1d90660af9ad => generated 246 bytes in 13 msecs (HTTP/1.1 404) 6 headers in 231 bytes (1 switches on core 0)
2026-04-14 04:50:24.727 8 INFO placement.requestlog [None req-dac1d93a-f545-43e0-8d4b-92ce2e7ccbe7 d8d440ece2fe4161b56d32aa76cbf91a 1582c2d6d733473f8a27646a5817a308 - - 775ffc775a0448b0bacc8ce52784261b 775ffc775a0448b0bacc8ce52784261b] 10.0.0.16 "DELETE /resource_providers/5e9ecba7-68d0-4bb6-af36-1d90660af9ad" status: 404 len: 246 microversion: 1.1 [pid: 8|app: 0|req: 217/430] 10.0.0.16 () {34 vars in 815 bytes} [Tue Apr 14 04:50:24 2026] DELETE /resource_providers/5e9ecba7-68d0-4bb6-af36-1d90660af9ad => generated 246 bytes in 12 msecs (HTTP/1.1 404) 6 headers in 231 bytes (1 switches on core 0)
2026-04-14 04:50:27.064 8 INFO placement.requestlog [None req-722dfa53-12a6-46aa-99a4-a318549c92b3 d8d440ece2fe4161b56d32aa76cbf91a 1582c2d6d733473f8a27646a5817a308 - - 775ffc775a0448b0bacc8ce52784261b 775ffc775a0448b0bacc8ce52784261b] 10.0.0.16 "GET /resource_providers/99b71624-b86a-4729-b957-297ae71f84e9/aggregates" status: 404 len: 235 microversion: 1.1 [pid: 8|app: 0|req: 218/431] 10.0.0.16 () {32 vars in 815 bytes} [Tue Apr 14 04:50:27 2026] GET /resource_providers/99b71624-b86a-4729-b957-297ae71f84e9/aggregates => generated 235 bytes in 10 msecs (HTTP/1.1 404) 5 headers in 202 bytes (1 switches on core 0)
