Apr 02 10:37:51.695330 np0000162858 devstack@neutron-api.service[102417]: DEBUG neutron_lib.callbacks.manager [None req-ca9b8949-b9c2-4a76-9683-19f8d841a68d None None] Subscribe: > logging-plugin after_init 55550000, False {{(pid=102417) subscribe /opt/stack/data/venv/lib/python3.12/site-packages/neutron_lib/callbacks/manager.py:52}}
Apr 02 10:37:51.695401 np0000162858 devstack@neutron-api.service[102419]: DEBUG neutron_lib.callbacks.manager [None req-7a2b764e-2181-4f80-a42a-0e7cc414e388 None None] Subscribe: > router_interface after_delete 55550000, False {{(pid=102419) subscribe /opt/stack/data/venv/lib/python3.12/site-packages/neutron_lib/callbacks/manager.py:52}}
Apr 02 10:37:51.695501 np0000162858 devstack@neutron-api.service[102419]: DEBUG neutron_lib.callbacks.manager [None req-7a2b764e-2181-4f80-a42a-0e7cc414e388 None None] Subscribe: > router after_create 55550000, False {{(pid=102419) subscribe /opt/stack/data/venv/lib/python3.12/site-packages/neutron_lib/callbacks/manager.py:52}}
Apr 02 10:37:51.695601 np0000162858 devstack@neutron-api.service[102419]: DEBUG neutron_lib.callbacks.manager [None req-7a2b764e-2181-4f80-a42a-0e7cc414e388 None None] Subscribe: > router precommit_create 55550000, False {{(pid=102419) subscribe /opt/stack/data/venv/lib/python3.12/site-packages/neutron_lib/callbacks/manager.py:52}}
Apr 02 10:37:51.695701 np0000162858 devstack@neutron-api.service[102419]: DEBUG neutron_lib.callbacks.manager [None req-7a2b764e-2181-4f80-a42a-0e7cc414e388 None None] Subscribe: > router after_delete 55550000, False {{(pid=102419) subscribe /opt/stack/data/venv/lib/python3.12/site-packages/neutron_lib/callbacks/manager.py:52}}
Apr 02 10:37:51.695731 np0000162858 devstack@neutron-api.service[102417]: INFO neutron.services.logapi.drivers.ovn.driver [None req-ca9b8949-b9c2-4a76-9683-19f8d841a68d None None] OVN logging driver registered
Apr 02 10:37:51.695821 np0000162858 devstack@neutron-api.service[102419]: DEBUG neutron_lib.callbacks.manager [None req-7a2b764e-2181-4f80-a42a-0e7cc414e388 None None] Subscribe: > router after_update 55550000, False {{(pid=102419) subscribe /opt/stack/data/venv/lib/python3.12/site-packages/neutron_lib/callbacks/manager.py:52}}
Apr 02 10:37:51.695929 np0000162858 devstack@neutron-api.service[102419]: DEBUG neutron.services.service_base [None req-7a2b764e-2181-4f80-a42a-0e7cc414e388 None None] Loaded 'neutron.services.ovn_l3.service_providers.ovn.OvnDriver' provider for service L3_ROUTER_NAT {{(pid=102419) load_drivers /opt/stack/neutron/neutron/services/service_base.py:49}}
Apr 02 10:37:51.696045 np0000162858 devstack@neutron-api.service[102419]: DEBUG neutron_lib.callbacks.manager [None req-7a2b764e-2181-4f80-a42a-0e7cc414e388 None None] Subscribe: > process after_init 55550001, True {{(pid=102419) subscribe /opt/stack/data/venv/lib/python3.12/site-packages/neutron_lib/callbacks/manager.py:52}}
Apr 02 10:37:51.696180 np0000162858 devstack@neutron-api.service[102419]: DEBUG neutron.manager [None req-7a2b764e-2181-4f80-a42a-0e7cc414e388 None None] Successfully loaded L3_ROUTER_NAT plugin. Description: L3 Router Service Plugin for basic L3 forwarding using OVN {{(pid=102419) _create_and_add_service_plugin /opt/stack/neutron/neutron/manager.py:239}}
Apr 02 10:37:51.696248 np0000162858 devstack@neutron-api.service[102419]: INFO neutron.manager [None req-7a2b764e-2181-4f80-a42a-0e7cc414e388 None None] Loading Plugin: auto_allocate
Apr 02 10:37:51.697104 np0000162858 devstack@neutron-api.service[102419]: DEBUG neutron_lib.callbacks.manager [None req-7a2b764e-2181-4f80-a42a-0e7cc414e388 None None] Subscribe: network precommit_update 55550000, False {{(pid=102419) subscribe /opt/stack/data/venv/lib/python3.12/site-packages/neutron_lib/callbacks/manager.py:52}}
Apr 02 10:37:51.697132 np0000162858 devstack@neutron-api.service[102417]: DEBUG neutron.plugins.ml2.plugin [None req-ca9b8949-b9c2-4a76-9683-19f8d841a68d None None] neutron.plugins.ml2.plugin.Ml2Plugin method _start_rpc_notifiers called with arguments () {} {{(pid=102417) wrapper /opt/stack/data/venv/lib/python3.12/site-packages/oslo_log/helpers.py:77}}
Apr 02 10:37:51.697212 np0000162858 devstack@neutron-api.service[102419]: DEBUG neutron_lib.callbacks.manager [None req-7a2b764e-2181-4f80-a42a-0e7cc414e388 None None] Subscribe: network precommit_create 55550000, False {{(pid=102419) subscribe /opt/stack/data/venv/lib/python3.12/site-packages/neutron_lib/callbacks/manager.py:52}}
Apr 02 10:37:51.697371 np0000162858 devstack@neutron-api.service[102417]: DEBUG neutron_lib.callbacks.manager [None req-ca9b8949-b9c2-4a76-9683-19f8d841a68d None None] Subscribe: > port after_create 55550000, False {{(pid=102417) subscribe /opt/stack/data/venv/lib/python3.12/site-packages/neutron_lib/callbacks/manager.py:52}}
Apr 02 10:37:51.697407 np0000162858 devstack@neutron-api.service[102419]: DEBUG neutron.manager [None req-7a2b764e-2181-4f80-a42a-0e7cc414e388 None None] Successfully loaded auto-allocated-topology plugin. Description: Auto Allocated Topology - aka get me a network. {{(pid=102419) _create_and_add_service_plugin /opt/stack/neutron/neutron/manager.py:239}}
Apr 02 10:37:51.697510 np0000162858 devstack@neutron-api.service[102417]: DEBUG neutron_lib.callbacks.manager [None req-ca9b8949-b9c2-4a76-9683-19f8d841a68d None None] Subscribe: > port after_update 55550000, False {{(pid=102417) subscribe /opt/stack/data/venv/lib/python3.12/site-packages/neutron_lib/callbacks/manager.py:52}}
Apr 02 10:37:51.697536 np0000162858 devstack@neutron-api.service[102419]: INFO neutron.manager [None req-7a2b764e-2181-4f80-a42a-0e7cc414e388 None None] Loading Plugin: tag
Apr 02 10:37:51.697594 np0000162858 devstack@neutron-api.service[102417]: DEBUG neutron_lib.callbacks.manager [None req-ca9b8949-b9c2-4a76-9683-19f8d841a68d None None] Subscribe: > port after_delete 55550000, False {{(pid=102417) subscribe /opt/stack/data/venv/lib/python3.12/site-packages/neutron_lib/callbacks/manager.py:52}}
Apr 02 10:37:51.697691 np0000162858 devstack@neutron-api.service[102417]: DEBUG neutron_lib.callbacks.manager [None req-ca9b8949-b9c2-4a76-9683-19f8d841a68d None None] Subscribe: > subnet after_create 55550000, False {{(pid=102417) subscribe /opt/stack/data/venv/lib/python3.12/site-packages/neutron_lib/callbacks/manager.py:52}}
Apr 02 10:37:51.697797 np0000162858 devstack@neutron-api.service[102417]: DEBUG neutron_lib.callbacks.manager [None req-ca9b8949-b9c2-4a76-9683-19f8d841a68d None None] Subscribe: > subnet after_update 55550000, False {{(pid=102417) subscribe /opt/stack/data/venv/lib/python3.12/site-packages/neutron_lib/callbacks/manager.py:52}}
Apr 02 10:37:51.697974 np0000162858 devstack@neutron-api.service[102417]: DEBUG neutron_lib.callbacks.manager [None req-ca9b8949-b9c2-4a76-9683-19f8d841a68d None None] Subscribe: > subnet after_delete 55550000, False {{(pid=102417) subscribe /opt/stack/data/venv/lib/python3.12/site-packages/neutron_lib/callbacks/manager.py:52}}
Apr 02 10:37:51.698066 np0000162858 devstack@neutron-api.service[102417]: DEBUG neutron_lib.callbacks.manager [None req-ca9b8949-b9c2-4a76-9683-19f8d841a68d None None] Subscribe: > network after_create 55550000, False {{(pid=102417) subscribe /opt/stack/data/venv/lib/python3.12/site-packages/neutron_lib/callbacks/manager.py:52}}
Apr 02 10:37:51.698152 np0000162858 devstack@neutron-api.service[102417]: DEBUG neutron_lib.callbacks.manager [None req-ca9b8949-b9c2-4a76-9683-19f8d841a68d None None] Subscribe: > network after_update 55550000, False {{(pid=102417) subscribe /opt/stack/data/venv/lib/python3.12/site-packages/neutron_lib/callbacks/manager.py:52}}
Apr 02 10:37:51.698238 np0000162858 devstack@neutron-api.service[102417]: DEBUG neutron_lib.callbacks.manager [None req-ca9b8949-b9c2-4a76-9683-19f8d841a68d None None] Subscribe: > network after_delete 55550000, False {{(pid=102417) subscribe /opt/stack/data/venv/lib/python3.12/site-packages/neutron_lib/callbacks/manager.py:52}}
Apr 02 10:37:51.698338 np0000162858 devstack@neutron-api.service[102417]: DEBUG neutron_lib.callbacks.manager [None req-ca9b8949-b9c2-4a76-9683-19f8d841a68d None None] Subscribe: > security_group after_create 55550000, False {{(pid=102417) subscribe /opt/stack/data/venv/lib/python3.12/site-packages/neutron_lib/callbacks/manager.py:52}}
Apr 02 10:37:51.698467 np0000162858 devstack@neutron-api.service[102417]: DEBUG neutron_lib.callbacks.manager [None req-ca9b8949-b9c2-4a76-9683-19f8d841a68d None None] Subscribe: > security_group after_update 55550000, False {{(pid=102417) subscribe /opt/stack/data/venv/lib/python3.12/site-packages/neutron_lib/callbacks/manager.py:52}}
Apr 02 10:37:51.698554 np0000162858 devstack@neutron-api.service[102417]: DEBUG neutron_lib.callbacks.manager [None req-ca9b8949-b9c2-4a76-9683-19f8d841a68d None None] Subscribe: > security_group after_delete 55550000, False {{(pid=102417) subscribe /opt/stack/data/venv/lib/python3.12/site-packages/neutron_lib/callbacks/manager.py:52}}
Apr 02 10:37:51.698644 np0000162858 devstack@neutron-api.service[102417]: DEBUG neutron_lib.callbacks.manager [None req-ca9b8949-b9c2-4a76-9683-19f8d841a68d None None] Subscribe: > security_group_rule after_create 55550000, False {{(pid=102417) subscribe /opt/stack/data/venv/lib/python3.12/site-packages/neutron_lib/callbacks/manager.py:52}}
Apr 02 10:37:51.698731 np0000162858 devstack@neutron-api.service[102417]: DEBUG neutron_lib.callbacks.manager [None req-ca9b8949-b9c2-4a76-9683-19f8d841a68d None None] Subscribe: > security_group_rule after_update 55550000, False {{(pid=102417) subscribe /opt/stack/data/venv/lib/python3.12/site-packages/neutron_lib/callbacks/manager.py:52}}
Apr 02 10:37:51.698877 np0000162858 devstack@neutron-api.service[102417]: DEBUG neutron_lib.callbacks.manager [None req-ca9b8949-b9c2-4a76-9683-19f8d841a68d None None] Subscribe: > security_group_rule after_delete 55550000, False {{(pid=102417) subscribe /opt/stack/data/venv/lib/python3.12/site-packages/neutron_lib/callbacks/manager.py:52}}
Apr 02 10:37:51.698958 np0000162858 devstack@neutron-api.service[102417]: DEBUG neutron_lib.callbacks.manager [None req-ca9b8949-b9c2-4a76-9683-19f8d841a68d None None] Subscribe: > address_group after_create 55550000, False {{(pid=102417) subscribe /opt/stack/data/venv/lib/python3.12/site-packages/neutron_lib/callbacks/manager.py:52}}
Apr 02 10:37:51.699040 np0000162858 devstack@neutron-api.service[102417]: DEBUG neutron_lib.callbacks.manager [None req-ca9b8949-b9c2-4a76-9683-19f8d841a68d None None] Subscribe: > address_group after_update 55550000, False {{(pid=102417) subscribe /opt/stack/data/venv/lib/python3.12/site-packages/neutron_lib/callbacks/manager.py:52}}
Apr 02 10:37:51.699131 np0000162858 devstack@neutron-api.service[102417]: DEBUG neutron_lib.callbacks.manager [None req-ca9b8949-b9c2-4a76-9683-19f8d841a68d None None] Subscribe: > address_group after_delete 55550000, False {{(pid=102417) subscribe /opt/stack/data/venv/lib/python3.12/site-packages/neutron_lib/callbacks/manager.py:52}}
Apr 02 10:37:51.699234 np0000162858 devstack@neutron-api.service[102417]: DEBUG neutron.plugins.ml2.ovo_rpc [None req-ca9b8949-b9c2-4a76-9683-19f8d841a68d None None] ML2 OVO RPC backend initialized. {{(pid=102417) __init__ /opt/stack/neutron/neutron/plugins/ml2/ovo_rpc.py:117}}
Apr 02 10:37:51.699961 np0000162858 devstack@neutron-api.service[102417]: INFO neutron.quota [None req-ca9b8949-b9c2-4a76-9683-19f8d841a68d None None] Loaded quota_driver: .
Apr 02 10:37:51.700043 np0000162858 devstack@neutron-api.service[102419]: DEBUG neutron.manager [None req-7a2b764e-2181-4f80-a42a-0e7cc414e388 None None] Successfully loaded TAG plugin. Description: Tag support {{(pid=102419) _create_and_add_service_plugin /opt/stack/neutron/neutron/manager.py:239}}
Apr 02 10:37:51.700071 np0000162858 devstack@neutron-api.service[102417]: INFO neutron.plugins.ml2.plugin [None req-ca9b8949-b9c2-4a76-9683-19f8d841a68d None None] Modular L2 Plugin initialization complete
Apr 02 10:37:51.700107 np0000162858 devstack@neutron-api.service[102419]: INFO neutron.manager [None req-7a2b764e-2181-4f80-a42a-0e7cc414e388 None None] Loading Plugin: timestamp
Apr 02 10:37:51.700195 np0000162858 devstack@neutron-api.service[102417]: DEBUG neutron.manager [None req-ca9b8949-b9c2-4a76-9683-19f8d841a68d None None] Loading services supported by the core plugin {{(pid=102417) _load_services_from_core_plugin /opt/stack/neutron/neutron/manager.py:170}}
Apr 02 10:37:51.700305 np0000162858 devstack@neutron-api.service[102417]: INFO neutron.plugins.ml2.managers [None req-ca9b8949-b9c2-4a76-9683-19f8d841a68d None None] Got port-security extension from driver 'port_security'
Apr 02 10:37:51.700561 np0000162858 devstack@neutron-api.service[102417]: DEBUG neutron.manager [None req-ca9b8949-b9c2-4a76-9683-19f8d841a68d None None] Loading service plugins: ['ovn-router', 'auto_allocate', 'tag', 'timestamp', 'network_ip_availability', 'flavors', 'revisions'] {{(pid=102417) _load_service_plugins /opt/stack/neutron/neutron/manager.py:195}}
Apr 02 10:37:51.700644 np0000162858 devstack@neutron-api.service[102417]: INFO neutron.manager [None req-ca9b8949-b9c2-4a76-9683-19f8d841a68d None None] Loading Plugin: ovn-router
Apr 02 10:37:51.701255 np0000162858 devstack@neutron-api.service[102419]: DEBUG neutron.manager [None req-7a2b764e-2181-4f80-a42a-0e7cc414e388 None None] Successfully loaded timestamp plugin. Description: Adds timestamps to Neutron resources with standard attributes {{(pid=102419) _create_and_add_service_plugin /opt/stack/neutron/neutron/manager.py:239}}
Apr 02 10:37:51.701342 np0000162858 devstack@neutron-api.service[102419]: INFO neutron.manager [None req-7a2b764e-2181-4f80-a42a-0e7cc414e388 None None] Loading Plugin: network_ip_availability
Apr 02 10:37:51.702747 np0000162858 devstack@neutron-api.service[102419]: DEBUG neutron.manager [None req-7a2b764e-2181-4f80-a42a-0e7cc414e388 None None] Successfully loaded network-ip-availability plugin. Description: Provides IP availability data for each network and subnet. {{(pid=102419) _create_and_add_service_plugin /opt/stack/neutron/neutron/manager.py:239}}
Apr 02 10:37:51.702860 np0000162858 devstack@neutron-api.service[102419]: INFO neutron.manager [None req-7a2b764e-2181-4f80-a42a-0e7cc414e388 None None] Loading Plugin: flavors
Apr 02 10:37:51.703532 np0000162858 devstack@neutron-api.service[102420]: INFO neutron.plugins.ml2.drivers.type_vlan [None req-9aa2ec7d-047b-41f4-8fcf-e25e66e1e24d None None] VlanTypeDriver initialization complete
Apr 02 10:37:51.703695 np0000162858 devstack@neutron-api.service[102420]: INFO neutron.plugins.ml2.managers [None req-9aa2ec7d-047b-41f4-8fcf-e25e66e1e24d None None] Initializing extension driver 'port_security'
Apr 02 10:37:51.703764 np0000162858 devstack@neutron-api.service[102419]: DEBUG neutron.manager [None req-7a2b764e-2181-4f80-a42a-0e7cc414e388 None None] Successfully loaded FLAVORS plugin. Description: Neutron Flavors and Service Profiles manager plugin {{(pid=102419) _create_and_add_service_plugin /opt/stack/neutron/neutron/manager.py:239}}
Apr 02 10:37:51.703846 np0000162858 devstack@neutron-api.service[102419]: INFO neutron.manager [None req-7a2b764e-2181-4f80-a42a-0e7cc414e388 None None] Loading Plugin: revisions
Apr 02 10:37:51.703874 np0000162858 devstack@neutron-api.service[102420]: INFO neutron.plugins.ml2.extensions.port_security [None req-9aa2ec7d-047b-41f4-8fcf-e25e66e1e24d None None] PortSecurityExtensionDriver initialization complete
Apr 02 10:37:51.703931 np0000162858 devstack@neutron-api.service[102420]: INFO neutron.plugins.ml2.managers [None req-9aa2ec7d-047b-41f4-8fcf-e25e66e1e24d None None] Initializing extension driver 'qos'
Apr 02 10:37:51.704065 np0000162858 devstack@neutron-api.service[102420]: DEBUG neutron.plugins.ml2.extensions.qos [None req-9aa2ec7d-047b-41f4-8fcf-e25e66e1e24d None None] QosExtensionDriver initialization complete {{(pid=102420) initialize /opt/stack/neutron/neutron/plugins/ml2/extensions/qos.py:31}}
Apr 02 10:37:51.704147 np0000162858 devstack@neutron-api.service[102420]: INFO neutron.plugins.ml2.managers [None req-9aa2ec7d-047b-41f4-8fcf-e25e66e1e24d None None] Initializing mechanism driver 'ovn'
Apr 02 10:37:51.704229 np0000162858 devstack@neutron-api.service[102420]: INFO neutron.plugins.ml2.drivers.ovn.mech_driver.mech_driver [None req-9aa2ec7d-047b-41f4-8fcf-e25e66e1e24d None None] Starting OVNMechanismDriver
Apr 02 10:37:51.704720 np0000162858 devstack@neutron-api.service[102419]: DEBUG neutron.manager [None req-7a2b764e-2181-4f80-a42a-0e7cc414e388 None None] Successfully loaded revision_plugin plugin. Description: Adds revision numbers to resources. {{(pid=102419) _create_and_add_service_plugin /opt/stack/neutron/neutron/manager.py:239}}
Apr 02 10:37:51.704865 np0000162858 devstack@neutron-api.service[102419]: DEBUG oslo_concurrency.lockutils [None req-7a2b764e-2181-4f80-a42a-0e7cc414e388 None None] Lock "manager" "released" by "neutron.manager.NeutronManager._create_instance" :: held 4.241s {{(pid=102419) inner /opt/stack/data/venv/lib/python3.12/site-packages/oslo_concurrency/lockutils.py:538}}
Apr 02 10:37:51.705074 np0000162858 devstack@neutron-api.service[102419]: DEBUG neutron.api.extensions [None req-7a2b764e-2181-4f80-a42a-0e7cc414e388 None None] get_extension_paths = OrderedDict({'/opt/stack/neutron/neutron/extensions': 1}) {{(pid=102419) get_extensions_path /opt/stack/neutron/neutron/api/extensions.py:640}}
Apr 02 10:37:51.705159 np0000162858 devstack@neutron-api.service[102419]: INFO neutron.api.extensions [None req-7a2b764e-2181-4f80-a42a-0e7cc414e388 None None] Initializing extension manager.
Apr 02 10:37:51.705417 np0000162858 devstack@neutron-api.service[102419]: DEBUG neutron.api.extensions [None req-7a2b764e-2181-4f80-a42a-0e7cc414e388 None None] Loading extension file: __init__.py {{(pid=102419) _load_all_extensions_from_path /opt/stack/neutron/neutron/api/extensions.py:449}}
Apr 02 10:37:51.705493 np0000162858 devstack@neutron-api.service[102419]: DEBUG neutron.api.extensions [None req-7a2b764e-2181-4f80-a42a-0e7cc414e388 None None] Loading extension file: __pycache__ {{(pid=102419) _load_all_extensions_from_path /opt/stack/neutron/neutron/api/extensions.py:449}}
Apr 02 10:37:51.705578 np0000162858 devstack@neutron-api.service[102419]: DEBUG neutron.api.extensions [None req-7a2b764e-2181-4f80-a42a-0e7cc414e388 None None] Loading extension file: address_group.py {{(pid=102419) _load_all_extensions_from_path /opt/stack/neutron/neutron/api/extensions.py:449}}
Apr 02 10:37:51.705753 np0000162858 devstack@neutron-api.service[102420]: DEBUG neutron_lib.callbacks.manager [None req-9aa2ec7d-047b-41f4-8fcf-e25e66e1e24d None None] Subscribe: > process before_spawn 55550000, False {{(pid=102420) subscribe /opt/stack/data/venv/lib/python3.12/site-packages/neutron_lib/callbacks/manager.py:52}}
Apr 02 10:37:51.705945 np0000162858 devstack@neutron-api.service[102419]: DEBUG neutron.api.extensions [None req-7a2b764e-2181-4f80-a42a-0e7cc414e388 None None] Ext name="Address group" alias="address-group" description="Support address group" updated="2020-07-15T10:00:00-00:00" {{(pid=102419) _check_extension /opt/stack/neutron/neutron/api/extensions.py:415}}
Apr 02 10:37:51.705975 np0000162858 devstack@neutron-api.service[102420]: DEBUG neutron_lib.callbacks.manager [None req-9aa2ec7d-047b-41f4-8fcf-e25e66e1e24d None None] Subscribe: > process after_init 55550000, True {{(pid=102420) subscribe /opt/stack/data/venv/lib/python3.12/site-packages/neutron_lib/callbacks/manager.py:52}}
Apr 02 10:37:51.706055 np0000162858 devstack@neutron-api.service[102420]: DEBUG neutron_lib.callbacks.manager [None req-9aa2ec7d-047b-41f4-8fcf-e25e66e1e24d None None] Subscribe: > segment after_create 55550000, False {{(pid=102420) subscribe /opt/stack/data/venv/lib/python3.12/site-packages/neutron_lib/callbacks/manager.py:52}}
Apr 02 10:37:51.706133 np0000162858 devstack@neutron-api.service[102419]: INFO neutron.api.extensions [None req-7a2b764e-2181-4f80-a42a-0e7cc414e388 None None] Loaded extension: address-group
Apr 02 10:37:51.706197 np0000162858 devstack@neutron-api.service[102420]: DEBUG neutron_lib.callbacks.manager [None req-9aa2ec7d-047b-41f4-8fcf-e25e66e1e24d None None] Subscribe: > segment after_create 55550000, False {{(pid=102420) subscribe /opt/stack/data/venv/lib/python3.12/site-packages/neutron_lib/callbacks/manager.py:52}}
Apr 02 10:37:51.706227 np0000162858 devstack@neutron-api.service[102419]: DEBUG neutron.api.extensions [None req-7a2b764e-2181-4f80-a42a-0e7cc414e388 None None] Loading extension file: address_scope.py {{(pid=102419) _load_all_extensions_from_path /opt/stack/neutron/neutron/api/extensions.py:449}}
Apr 02 10:37:51.706292 np0000162858 devstack@neutron-api.service[102420]: DEBUG neutron_lib.callbacks.manager [None req-9aa2ec7d-047b-41f4-8fcf-e25e66e1e24d None None] Subscribe: > segment after_delete 55550000, False {{(pid=102420) subscribe /opt/stack/data/venv/lib/python3.12/site-packages/neutron_lib/callbacks/manager.py:52}}
Apr 02 10:37:51.706349 np0000162858 devstack@neutron-api.service[102420]: DEBUG neutron_lib.callbacks.manager [None req-9aa2ec7d-047b-41f4-8fcf-e25e66e1e24d None None] Subscribe: > allowed_address_pair before_create 55550000, False {{(pid=102420) subscribe /opt/stack/data/venv/lib/python3.12/site-packages/neutron_lib/callbacks/manager.py:52}}
Apr 02 10:37:51.706462 np0000162858 devstack@neutron-api.service[102420]: DEBUG neutron_lib.callbacks.manager [None req-9aa2ec7d-047b-41f4-8fcf-e25e66e1e24d None None] Subscribe: > security_group precommit_create 55550000, False {{(pid=102420) subscribe /opt/stack/data/venv/lib/python3.12/site-packages/neutron_lib/callbacks/manager.py:52}}
Apr 02 10:37:51.706529 np0000162858 devstack@neutron-api.service[102419]: DEBUG neutron.api.extensions [None req-7a2b764e-2181-4f80-a42a-0e7cc414e388 None None] Ext name="Address scope" alias="address-scope" description="Address scopes extension." updated="2015-07-26T10:00:00-00:00" {{(pid=102419) _check_extension /opt/stack/neutron/neutron/api/extensions.py:415}}
Apr 02 10:37:51.706557 np0000162858 devstack@neutron-api.service[102420]: DEBUG neutron_lib.callbacks.manager [None req-9aa2ec7d-047b-41f4-8fcf-e25e66e1e24d None None] Subscribe: > security_group after_update 55550000, False {{(pid=102420) subscribe /opt/stack/data/venv/lib/python3.12/site-packages/neutron_lib/callbacks/manager.py:52}}
Apr 02 10:37:51.706684 np0000162858 devstack@neutron-api.service[102420]: DEBUG neutron_lib.callbacks.manager [None req-9aa2ec7d-047b-41f4-8fcf-e25e66e1e24d None None] Subscribe: > security_group after_create 55550000, False {{(pid=102420) subscribe /opt/stack/data/venv/lib/python3.12/site-packages/neutron_lib/callbacks/manager.py:52}}
Apr 02 10:37:51.706718 np0000162858 devstack@neutron-api.service[102419]: INFO neutron.api.extensions [None req-7a2b764e-2181-4f80-a42a-0e7cc414e388 None None] Loaded extension: address-scope
Apr 02 10:37:51.706778 np0000162858 devstack@neutron-api.service[102420]: DEBUG neutron_lib.callbacks.manager [None req-9aa2ec7d-047b-41f4-8fcf-e25e66e1e24d None None] Subscribe: > security_group precommit_delete 55550000, False {{(pid=102420) subscribe /opt/stack/data/venv/lib/python3.12/site-packages/neutron_lib/callbacks/manager.py:52}}
Apr 02 10:37:51.706823 np0000162858 devstack@neutron-api.service[102419]: DEBUG neutron.api.extensions [None req-7a2b764e-2181-4f80-a42a-0e7cc414e388 None None] Loading extension file: admin_state_down_before_update.py {{(pid=102419) _load_all_extensions_from_path /opt/stack/neutron/neutron/api/extensions.py:449}}
Apr 02 10:37:51.706880 np0000162858 devstack@neutron-api.service[102420]: DEBUG neutron_lib.callbacks.manager [None req-9aa2ec7d-047b-41f4-8fcf-e25e66e1e24d None None] Subscribe: > security_group after_delete 55550000, False {{(pid=102420) subscribe /opt/stack/data/venv/lib/python3.12/site-packages/neutron_lib/callbacks/manager.py:52}}
Apr 02 10:37:51.706986 np0000162858 devstack@neutron-api.service[102420]: DEBUG neutron_lib.callbacks.manager [None req-9aa2ec7d-047b-41f4-8fcf-e25e66e1e24d None None] Subscribe: > security_group_rule precommit_create 55550000, False {{(pid=102420) subscribe /opt/stack/data/venv/lib/python3.12/site-packages/neutron_lib/callbacks/manager.py:52}}
Apr 02 10:37:51.707046 np0000162858 devstack@neutron-api.service[102419]: DEBUG neutron.api.extensions [None req-7a2b764e-2181-4f80-a42a-0e7cc414e388 None None] Ext name="Enforce Router's Admin State Down Before Update Extension" alias="router-admin-state-down-before-update" description="Ensure that the admin state of a router is DOWN (admin_state_up=False) before updating the distributed attribute" updated="2019-07-02T15:56:00" {{(pid=102419) _check_extension /opt/stack/neutron/neutron/api/extensions.py:415}}
Apr 02 10:37:51.707079 np0000162858 devstack@neutron-api.service[102420]: DEBUG neutron_lib.callbacks.manager [None req-9aa2ec7d-047b-41f4-8fcf-e25e66e1e24d None None] Subscribe: > security_group_rule after_create 55550000, False {{(pid=102420) subscribe /opt/stack/data/venv/lib/python3.12/site-packages/neutron_lib/callbacks/manager.py:52}}
Apr 02 10:37:51.707201 np0000162858 devstack@neutron-api.service[102420]: DEBUG neutron_lib.callbacks.manager [None req-9aa2ec7d-047b-41f4-8fcf-e25e66e1e24d None None] Subscribe: > security_group_rule before_delete 55550000, False {{(pid=102420) subscribe /opt/stack/data/venv/lib/python3.12/site-packages/neutron_lib/callbacks/manager.py:52}}
Apr 02 10:37:51.707230 np0000162858 devstack@neutron-api.service[102419]: INFO neutron.api.extensions [None req-7a2b764e-2181-4f80-a42a-0e7cc414e388 None None] Extension router-admin-state-down-before-update not supported by any of loaded plugins
Apr 02 10:37:51.707290 np0000162858 devstack@neutron-api.service[102419]: DEBUG neutron.api.extensions [None req-7a2b764e-2181-4f80-a42a-0e7cc414e388 None None] Loading extension file: agent.py {{(pid=102419) _load_all_extensions_from_path /opt/stack/neutron/neutron/api/extensions.py:449}}
Apr 02 10:37:51.707318 np0000162858 devstack@neutron-api.service[102420]: DEBUG neutron_lib.callbacks.manager [None req-9aa2ec7d-047b-41f4-8fcf-e25e66e1e24d None None] Subscribe: > address_group after_create 55550000, False {{(pid=102420) subscribe /opt/stack/data/venv/lib/python3.12/site-packages/neutron_lib/callbacks/manager.py:52}}
Apr 02 10:37:51.707376 np0000162858 devstack@neutron-api.service[102420]: DEBUG neutron_lib.callbacks.manager [None req-9aa2ec7d-047b-41f4-8fcf-e25e66e1e24d None None] Subscribe: > address_group after_update 55550000, False {{(pid=102420) subscribe /opt/stack/data/venv/lib/python3.12/site-packages/neutron_lib/callbacks/manager.py:52}}
Apr 02 10:37:51.707483 np0000162858 devstack@neutron-api.service[102420]: DEBUG neutron_lib.callbacks.manager [None req-9aa2ec7d-047b-41f4-8fcf-e25e66e1e24d None None] Subscribe: > address_group after_delete 55550000, False {{(pid=102420) subscribe /opt/stack/data/venv/lib/python3.12/site-packages/neutron_lib/callbacks/manager.py:52}}
Apr 02 10:37:51.707556 np0000162858 devstack@neutron-api.service[102419]: DEBUG neutron.api.extensions [None req-7a2b764e-2181-4f80-a42a-0e7cc414e388 None None] Ext name="agent" alias="agent" description="The agent management extension." updated="2013-02-03T10:00:00-00:00" {{(pid=102419) _check_extension /opt/stack/neutron/neutron/api/extensions.py:415}}
Apr 02 10:37:51.707692 np0000162858 devstack@neutron-api.service[102420]: DEBUG neutron_lib.callbacks.manager [None req-9aa2ec7d-047b-41f4-8fcf-e25e66e1e24d None None] Subscribe: > qos_plugin after_init 55550000, False {{(pid=102420) subscribe /opt/stack/data/venv/lib/python3.12/site-packages/neutron_lib/callbacks/manager.py:52}}
Apr 02 10:37:51.707731 np0000162858 devstack@neutron-api.service[102419]: INFO neutron.api.extensions [None req-7a2b764e-2181-4f80-a42a-0e7cc414e388 None None] Loaded extension: agent
Apr 02 10:37:51.707828 np0000162858 devstack@neutron-api.service[102419]: DEBUG neutron.api.extensions [None req-7a2b764e-2181-4f80-a42a-0e7cc414e388 None None] Loading extension file: agent_resources_synced.py {{(pid=102419) _load_all_extensions_from_path /opt/stack/neutron/neutron/api/extensions.py:449}}
Apr 02 10:37:51.707859 np0000162858 devstack@neutron-api.service[102420]: DEBUG neutron_lib.callbacks.manager [None req-9aa2ec7d-047b-41f4-8fcf-e25e66e1e24d None None] Subscribe: > trunk_plugin after_init 55550000, False {{(pid=102420) subscribe /opt/stack/data/venv/lib/python3.12/site-packages/neutron_lib/callbacks/manager.py:52}}
Apr 02 10:37:51.708048 np0000162858 devstack@neutron-api.service[102419]: DEBUG neutron.api.extensions [None req-7a2b764e-2181-4f80-a42a-0e7cc414e388 None None] Ext name="Agent's Resource View Synced to Placement" alias="agent-resources-synced" description="Stores success/failure of last sync to Placement" updated="2018-12-19T00:00:00-00:00" {{(pid=102419) _check_extension /opt/stack/neutron/neutron/api/extensions.py:415}}
Apr 02 10:37:51.708080 np0000162858 devstack@neutron-api.service[102420]: DEBUG neutron_lib.callbacks.manager [None req-9aa2ec7d-047b-41f4-8fcf-e25e66e1e24d None None] Subscribe: > logging-plugin after_init 55550000, False {{(pid=102420) subscribe /opt/stack/data/venv/lib/python3.12/site-packages/neutron_lib/callbacks/manager.py:52}}
Apr 02 10:37:51.708220 np0000162858 devstack@neutron-api.service[102419]: INFO neutron.api.extensions [None req-7a2b764e-2181-4f80-a42a-0e7cc414e388 None None] Extension agent-resources-synced not supported by any of loaded plugins
Apr 02 10:37:51.708302 np0000162858 devstack@neutron-api.service[102419]: DEBUG neutron.api.extensions [None req-7a2b764e-2181-4f80-a42a-0e7cc414e388 None None] Loading extension file: allowedaddresspairs.py {{(pid=102419) _load_all_extensions_from_path /opt/stack/neutron/neutron/api/extensions.py:449}}
Apr 02 10:37:51.708493 np0000162858 devstack@neutron-api.service[102420]: INFO neutron.services.logapi.drivers.ovn.driver [None req-9aa2ec7d-047b-41f4-8fcf-e25e66e1e24d None None] OVN logging driver registered
Apr 02 10:37:51.708937 np0000162858 devstack@neutron-api.service[102417]: DEBUG neutron_lib.callbacks.manager [None req-ca9b8949-b9c2-4a76-9683-19f8d841a68d None None] Subscribe: > router before_delete 55550000, False {{(pid=102417) subscribe /opt/stack/data/venv/lib/python3.12/site-packages/neutron_lib/callbacks/manager.py:52}}
Apr 02 10:37:51.708968 np0000162858 devstack@neutron-api.service[102419]: DEBUG neutron.api.extensions [None req-7a2b764e-2181-4f80-a42a-0e7cc414e388 None None] Ext name="Allowed Address Pairs" alias="allowed-address-pairs" description="Provides allowed address pairs" updated="2013-07-23T10:00:00-00:00" {{(pid=102419) _check_extension /opt/stack/neutron/neutron/api/extensions.py:415}}
Apr 02 10:37:51.709054 np0000162858 devstack@neutron-api.service[102417]: DEBUG neutron_lib.callbacks.manager [None req-ca9b8949-b9c2-4a76-9683-19f8d841a68d None None] Subscribe: port after_update 55550000, False {{(pid=102417) subscribe /opt/stack/data/venv/lib/python3.12/site-packages/neutron_lib/callbacks/manager.py:52}}
Apr 02 10:37:51.709114 np0000162858 devstack@neutron-api.service[102419]: INFO neutron.api.extensions [None req-7a2b764e-2181-4f80-a42a-0e7cc414e388 None None] Loaded extension: allowed-address-pairs
Apr 02 10:37:51.709168 np0000162858 devstack@neutron-api.service[102417]: DEBUG neutron_lib.callbacks.manager [None req-ca9b8949-b9c2-4a76-9683-19f8d841a68d None None] Subscribe: port after_delete 55550000, False {{(pid=102417) subscribe /opt/stack/data/venv/lib/python3.12/site-packages/neutron_lib/callbacks/manager.py:52}}
Apr 02 10:37:51.709204 np0000162858 devstack@neutron-api.service[102419]: DEBUG neutron.api.extensions [None req-7a2b764e-2181-4f80-a42a-0e7cc414e388 None None] Loading extension file: auto_allocated_topology.py {{(pid=102419) _load_all_extensions_from_path /opt/stack/neutron/neutron/api/extensions.py:449}}
Apr 02 10:37:51.709267 np0000162858 devstack@neutron-api.service[102417]: DEBUG neutron_lib.callbacks.manager [None req-ca9b8949-b9c2-4a76-9683-19f8d841a68d None None] Subscribe: subnet after_update 55550000, False {{(pid=102417) subscribe /opt/stack/data/venv/lib/python3.12/site-packages/neutron_lib/callbacks/manager.py:52}}
Apr 02 10:37:51.709349 np0000162858 devstack@neutron-api.service[102417]: DEBUG neutron_lib.callbacks.manager [None req-ca9b8949-b9c2-4a76-9683-19f8d841a68d None None] Subscribe: subnetpool_address_scope after_update 55550000, False {{(pid=102417) subscribe /opt/stack/data/venv/lib/python3.12/site-packages/neutron_lib/callbacks/manager.py:52}}
Apr 02 10:37:51.709440 np0000162858 devstack@neutron-api.service[102419]: DEBUG neutron.api.extensions [None req-7a2b764e-2181-4f80-a42a-0e7cc414e388 None None] Ext name="Auto Allocated Topology Services" alias="auto-allocated-topology" description="Auto Allocated Topology Services." updated="2016-01-01T00:00:00-00:00" {{(pid=102419) _check_extension /opt/stack/neutron/neutron/api/extensions.py:415}}
Apr 02 10:37:51.709472 np0000162858 devstack@neutron-api.service[102417]: DEBUG neutron_lib.callbacks.manager [None req-ca9b8949-b9c2-4a76-9683-19f8d841a68d None None] Subscribe: port before_update 55550000, False {{(pid=102417) subscribe /opt/stack/data/venv/lib/python3.12/site-packages/neutron_lib/callbacks/manager.py:52}}
Apr 02 10:37:51.709550 np0000162858 devstack@neutron-api.service[102417]: DEBUG neutron_lib.callbacks.manager [None req-ca9b8949-b9c2-4a76-9683-19f8d841a68d None None] Subscribe: port after_update 55550000, False {{(pid=102417) subscribe /opt/stack/data/venv/lib/python3.12/site-packages/neutron_lib/callbacks/manager.py:52}}
Apr 02 10:37:51.709610 np0000162858 devstack@neutron-api.service[102419]: INFO neutron.api.extensions [None req-7a2b764e-2181-4f80-a42a-0e7cc414e388 None None] Loaded extension: auto-allocated-topology
Apr 02 10:37:51.709637 np0000162858 devstack@neutron-api.service[102417]: DEBUG neutron_lib.callbacks.manager [None req-ca9b8949-b9c2-4a76-9683-19f8d841a68d None None] Subscribe: > port precommit_delete 55550000, False {{(pid=102417) subscribe /opt/stack/data/venv/lib/python3.12/site-packages/neutron_lib/callbacks/manager.py:52}}
Apr 02 10:37:51.709699 np0000162858 devstack@neutron-api.service[102419]: DEBUG neutron.api.extensions [None req-7a2b764e-2181-4f80-a42a-0e7cc414e388 None None] Loading extension file: availability_zone.py {{(pid=102419) _load_all_extensions_from_path /opt/stack/neutron/neutron/api/extensions.py:449}}
Apr 02 10:37:51.709750 np0000162858 devstack@neutron-api.service[102417]: DEBUG neutron_lib.callbacks.manager [None req-ca9b8949-b9c2-4a76-9683-19f8d841a68d None None] Subscribe: port before_update 55550000, False {{(pid=102417) subscribe /opt/stack/data/venv/lib/python3.12/site-packages/neutron_lib/callbacks/manager.py:52}}
Apr 02 10:37:51.709883 np0000162858 devstack@neutron-api.service[102417]: DEBUG neutron_lib.callbacks.manager [None req-ca9b8949-b9c2-4a76-9683-19f8d841a68d None None] Subscribe: port before_delete 55550000, False {{(pid=102417) subscribe /opt/stack/data/venv/lib/python3.12/site-packages/neutron_lib/callbacks/manager.py:52}}
Apr 02 10:37:51.709944 np0000162858 devstack@neutron-api.service[102420]: DEBUG neutron.plugins.ml2.plugin [None req-9aa2ec7d-047b-41f4-8fcf-e25e66e1e24d None None] neutron.plugins.ml2.plugin.Ml2Plugin method _start_rpc_notifiers called with arguments () {} {{(pid=102420) wrapper /opt/stack/data/venv/lib/python3.12/site-packages/oslo_log/helpers.py:77}}
Apr 02 10:37:51.710005 np0000162858 devstack@neutron-api.service[102417]: DEBUG neutron_lib.callbacks.manager [None req-ca9b8949-b9c2-4a76-9683-19f8d841a68d None None] Subscribe: > router precommit_create 55550000, False {{(pid=102417) subscribe /opt/stack/data/venv/lib/python3.12/site-packages/neutron_lib/callbacks/manager.py:52}}
Apr 02 10:37:51.710040 np0000162858 devstack@neutron-api.service[102419]: DEBUG neutron.api.extensions [None req-7a2b764e-2181-4f80-a42a-0e7cc414e388 None None] Ext name="Availability Zone" alias="availability_zone" description="The availability zone extension." updated="2015-01-01T10:00:00-00:00" {{(pid=102419) _check_extension /opt/stack/neutron/neutron/api/extensions.py:415}}
Apr 02 10:37:51.710134 np0000162858 devstack@neutron-api.service[102417]: DEBUG neutron_lib.callbacks.manager [None req-ca9b8949-b9c2-4a76-9683-19f8d841a68d None None] Subscribe: > router precommit_create 55550000, False {{(pid=102417) subscribe /opt/stack/data/venv/lib/python3.12/site-packages/neutron_lib/callbacks/manager.py:52}}
Apr 02 10:37:51.710189 np0000162858 devstack@neutron-api.service[102419]: INFO neutron.api.extensions [None req-7a2b764e-2181-4f80-a42a-0e7cc414e388 None None] Loaded extension: availability_zone
Apr 02 10:37:51.710248 np0000162858 devstack@neutron-api.service[102420]: DEBUG neutron_lib.callbacks.manager [None req-9aa2ec7d-047b-41f4-8fcf-e25e66e1e24d None None] Subscribe: > port after_create 55550000, False {{(pid=102420) subscribe /opt/stack/data/venv/lib/python3.12/site-packages/neutron_lib/callbacks/manager.py:52}}
Apr 02 10:37:51.710277 np0000162858 devstack@neutron-api.service[102417]: DEBUG neutron_lib.callbacks.manager [None req-ca9b8949-b9c2-4a76-9683-19f8d841a68d None None] Subscribe: > router precommit_update 55550000, False {{(pid=102417) subscribe /opt/stack/data/venv/lib/python3.12/site-packages/neutron_lib/callbacks/manager.py:52}}
Apr 02 10:37:51.710343 np0000162858 devstack@neutron-api.service[102419]: DEBUG neutron.api.extensions [None req-7a2b764e-2181-4f80-a42a-0e7cc414e388 None None] Loading extension file: availability_zone_filter.py {{(pid=102419) _load_all_extensions_from_path /opt/stack/neutron/neutron/api/extensions.py:449}}
Apr 02 10:37:51.710402 np0000162858 devstack@neutron-api.service[102417]: DEBUG neutron_lib.callbacks.manager [None req-ca9b8949-b9c2-4a76-9683-19f8d841a68d None None] Subscribe: subnet after_update 55550000, False {{(pid=102417) subscribe /opt/stack/data/venv/lib/python3.12/site-packages/neutron_lib/callbacks/manager.py:52}}
Apr 02 10:37:51.710430 np0000162858 devstack@neutron-api.service[102420]: DEBUG neutron_lib.callbacks.manager [None req-9aa2ec7d-047b-41f4-8fcf-e25e66e1e24d None None] Subscribe: > port after_update 55550000, False {{(pid=102420) subscribe /opt/stack/data/venv/lib/python3.12/site-packages/neutron_lib/callbacks/manager.py:52}}
Apr 02 10:37:51.710430 np0000162858 devstack@neutron-api.service[102420]: DEBUG neutron_lib.callbacks.manager [None req-9aa2ec7d-047b-41f4-8fcf-e25e66e1e24d None None] Subscribe: > port after_delete 55550000, False {{(pid=102420) subscribe /opt/stack/data/venv/lib/python3.12/site-packages/neutron_lib/callbacks/manager.py:52}}
Apr 02 10:37:51.710514 np0000162858 devstack@neutron-api.service[102419]: DEBUG neutron.api.extensions [None req-7a2b764e-2181-4f80-a42a-0e7cc414e388 None None] Ext name="Availability Zone Filter Extension" alias="availability_zone_filter" description="Add filter parameters to AvailabilityZone resource" updated="2018-06-22T10:00:00-00:00" {{(pid=102419) _check_extension /opt/stack/neutron/neutron/api/extensions.py:415}}
Apr 02 10:37:51.710580 np0000162858 devstack@neutron-api.service[102420]: DEBUG neutron_lib.callbacks.manager [None req-9aa2ec7d-047b-41f4-8fcf-e25e66e1e24d None None] Subscribe: > subnet after_create 55550000, False {{(pid=102420) subscribe /opt/stack/data/venv/lib/python3.12/site-packages/neutron_lib/callbacks/manager.py:52}}
Apr 02 10:37:51.710656 np0000162858 devstack@neutron-api.service[102419]: INFO neutron.api.extensions [None req-7a2b764e-2181-4f80-a42a-0e7cc414e388 None None] Extension availability_zone_filter not supported by any of loaded plugins
Apr 02 10:37:51.710686 np0000162858 devstack@neutron-api.service[102420]: DEBUG neutron_lib.callbacks.manager [None req-9aa2ec7d-047b-41f4-8fcf-e25e66e1e24d None None] Subscribe: > subnet after_update 55550000, False {{(pid=102420) subscribe /opt/stack/data/venv/lib/python3.12/site-packages/neutron_lib/callbacks/manager.py:52}}
Apr 02 10:37:51.710783 np0000162858 devstack@neutron-api.service[102419]: DEBUG neutron.api.extensions [None req-7a2b764e-2181-4f80-a42a-0e7cc414e388 None None] Loading extension file: data_plane_status.py {{(pid=102419) _load_all_extensions_from_path /opt/stack/neutron/neutron/api/extensions.py:449}}
Apr 02 10:37:51.710824 np0000162858 devstack@neutron-api.service[102420]: DEBUG neutron_lib.callbacks.manager [None req-9aa2ec7d-047b-41f4-8fcf-e25e66e1e24d None None] Subscribe: > subnet after_delete 55550000, False {{(pid=102420) subscribe /opt/stack/data/venv/lib/python3.12/site-packages/neutron_lib/callbacks/manager.py:52}}
Apr 02 10:37:51.710975 np0000162858 devstack@neutron-api.service[102420]: DEBUG neutron_lib.callbacks.manager [None req-9aa2ec7d-047b-41f4-8fcf-e25e66e1e24d None None] Subscribe: > network after_create 55550000, False {{(pid=102420) subscribe /opt/stack/data/venv/lib/python3.12/site-packages/neutron_lib/callbacks/manager.py:52}}
Apr 02 10:37:51.711004 np0000162858 devstack@neutron-api.service[102417]: DEBUG neutron.quota.resource_registry [None req-ca9b8949-b9c2-4a76-9683-19f8d841a68d None None] Tracking information for resource: router configured {{(pid=102417) set_tracked_resource /opt/stack/neutron/neutron/quota/resource_registry.py:203}}
Apr 02 10:37:51.711032 np0000162858 devstack@neutron-api.service[102419]: DEBUG neutron.api.extensions [None req-7a2b764e-2181-4f80-a42a-0e7cc414e388 None None] Ext name="Port data plane status extension" alias="data-plane-status" description="Expose status of underlying data plane" updated="2017-01-24T10:00:00-00:00" {{(pid=102419) _check_extension /opt/stack/neutron/neutron/api/extensions.py:415}}
Apr 02 10:37:51.711129 np0000162858 devstack@neutron-api.service[102417]: DEBUG neutron.quota.resource_registry [None req-ca9b8949-b9c2-4a76-9683-19f8d841a68d None None] Tracking information for resource: floatingip configured {{(pid=102417) set_tracked_resource /opt/stack/neutron/neutron/quota/resource_registry.py:203}}
Apr 02 10:37:51.711189 np0000162858 devstack@neutron-api.service[102420]: DEBUG neutron_lib.callbacks.manager [None req-9aa2ec7d-047b-41f4-8fcf-e25e66e1e24d None None] Subscribe: > network after_update 55550000, False {{(pid=102420) subscribe /opt/stack/data/venv/lib/python3.12/site-packages/neutron_lib/callbacks/manager.py:52}}
Apr 02 10:37:51.711250 np0000162858 devstack@neutron-api.service[102419]: INFO neutron.api.extensions [None req-7a2b764e-2181-4f80-a42a-0e7cc414e388 None None] Extension data-plane-status not supported by any of loaded plugins
Apr 02 10:37:51.711277 np0000162858 devstack@neutron-api.service[102417]: INFO neutron.services.ovn_l3.plugin [None req-ca9b8949-b9c2-4a76-9683-19f8d841a68d None None] Starting OVNL3RouterPlugin
Apr 02 10:37:51.711331 np0000162858 devstack@neutron-api.service[102420]: DEBUG neutron_lib.callbacks.manager [None req-9aa2ec7d-047b-41f4-8fcf-e25e66e1e24d None None] Subscribe: > network after_delete 55550000, False {{(pid=102420) subscribe /opt/stack/data/venv/lib/python3.12/site-packages/neutron_lib/callbacks/manager.py:52}}
Apr 02 10:37:51.711395 np0000162858 devstack@neutron-api.service[102419]: DEBUG neutron.api.extensions [None req-7a2b764e-2181-4f80-a42a-0e7cc414e388 None None] Loading extension file: default_subnetpools.py {{(pid=102419) _load_all_extensions_from_path /opt/stack/neutron/neutron/api/extensions.py:449}}
Apr 02 10:37:51.711422 np0000162858 devstack@neutron-api.service[102420]: DEBUG neutron_lib.callbacks.manager [None req-9aa2ec7d-047b-41f4-8fcf-e25e66e1e24d None None] Subscribe: > security_group after_create 55550000, False {{(pid=102420) subscribe /opt/stack/data/venv/lib/python3.12/site-packages/neutron_lib/callbacks/manager.py:52}}
Apr 02 10:37:51.711483 np0000162858 devstack@neutron-api.service[102417]: DEBUG neutron_lib.callbacks.manager [None req-ca9b8949-b9c2-4a76-9683-19f8d841a68d None None] Subscribe: > port_forwarding_plugin after_init 55550000, False {{(pid=102417) subscribe /opt/stack/data/venv/lib/python3.12/site-packages/neutron_lib/callbacks/manager.py:52}}
Apr 02 10:37:51.711512 np0000162858 devstack@neutron-api.service[102420]: DEBUG neutron_lib.callbacks.manager [None req-9aa2ec7d-047b-41f4-8fcf-e25e66e1e24d None None] Subscribe: > security_group after_update 55550000, False {{(pid=102420) subscribe /opt/stack/data/venv/lib/python3.12/site-packages/neutron_lib/callbacks/manager.py:52}}
Apr 02 10:37:51.711574 np0000162858 devstack@neutron-api.service[102419]: DEBUG neutron.api.extensions [None req-7a2b764e-2181-4f80-a42a-0e7cc414e388 None None] Ext name="Default Subnetpools" alias="default-subnetpools" description="Provides ability to mark and use a subnetpool as the default." updated="2016-02-18T18:00:00-00:00" {{(pid=102419) _check_extension /opt/stack/neutron/neutron/api/extensions.py:415}}
Apr 02 10:37:51.711634 np0000162858 devstack@neutron-api.service[102420]: DEBUG neutron_lib.callbacks.manager [None req-9aa2ec7d-047b-41f4-8fcf-e25e66e1e24d None None] Subscribe: > security_group after_delete 55550000, False {{(pid=102420) subscribe /opt/stack/data/venv/lib/python3.12/site-packages/neutron_lib/callbacks/manager.py:52}}
Apr 02 10:37:51.711663 np0000162858 devstack@neutron-api.service[102417]: DEBUG neutron_lib.callbacks.manager [None req-ca9b8949-b9c2-4a76-9683-19f8d841a68d None None] Subscribe: > router before_create 55550100, False {{(pid=102417) subscribe /opt/stack/data/venv/lib/python3.12/site-packages/neutron_lib/callbacks/manager.py:52}}
Apr 02 10:37:51.711722 np0000162858 devstack@neutron-api.service[102420]: DEBUG neutron_lib.callbacks.manager [None req-9aa2ec7d-047b-41f4-8fcf-e25e66e1e24d None None] Subscribe: > security_group_rule after_create 55550000, False {{(pid=102420) subscribe /opt/stack/data/venv/lib/python3.12/site-packages/neutron_lib/callbacks/manager.py:52}}
Apr 02 10:37:51.711755 np0000162858 devstack@neutron-api.service[102419]: INFO neutron.api.extensions [None req-7a2b764e-2181-4f80-a42a-0e7cc414e388 None None] Loaded extension: default-subnetpools
Apr 02 10:37:51.711822 np0000162858 devstack@neutron-api.service[102417]: DEBUG neutron_lib.callbacks.manager [None req-ca9b8949-b9c2-4a76-9683-19f8d841a68d None None] Subscribe: > router precommit_delete 55550100, False {{(pid=102417) subscribe /opt/stack/data/venv/lib/python3.12/site-packages/neutron_lib/callbacks/manager.py:52}}
Apr 02 10:37:51.711854 np0000162858 devstack@neutron-api.service[102420]: DEBUG neutron_lib.callbacks.manager [None req-9aa2ec7d-047b-41f4-8fcf-e25e66e1e24d None None] Subscribe: > security_group_rule after_update 55550000, False {{(pid=102420) subscribe /opt/stack/data/venv/lib/python3.12/site-packages/neutron_lib/callbacks/manager.py:52}}
Apr 02 10:37:51.711911 np0000162858 devstack@neutron-api.service[102419]: DEBUG neutron.api.extensions [None req-7a2b764e-2181-4f80-a42a-0e7cc414e388 None None] Loading extension file: dhcpagentscheduler.py {{(pid=102419) _load_all_extensions_from_path /opt/stack/neutron/neutron/api/extensions.py:449}}
Apr 02 10:37:51.711938 np0000162858 devstack@neutron-api.service[102420]: DEBUG neutron_lib.callbacks.manager [None req-9aa2ec7d-047b-41f4-8fcf-e25e66e1e24d None None] Subscribe: > security_group_rule after_delete 55550000, False {{(pid=102420) subscribe /opt/stack/data/venv/lib/python3.12/site-packages/neutron_lib/callbacks/manager.py:52}}
Apr 02 10:37:51.712004 np0000162858 devstack@neutron-api.service[102417]: DEBUG neutron_lib.callbacks.manager [None req-ca9b8949-b9c2-4a76-9683-19f8d841a68d None None] Subscribe: > router precommit_create 55550100, False {{(pid=102417) subscribe /opt/stack/data/venv/lib/python3.12/site-packages/neutron_lib/callbacks/manager.py:52}}
Apr 02 10:37:51.712004 np0000162858 devstack@neutron-api.service[102417]: DEBUG neutron_lib.callbacks.manager [None req-ca9b8949-b9c2-4a76-9683-19f8d841a68d None None] Subscribe: > router precommit_update 55550100, False {{(pid=102417) subscribe /opt/stack/data/venv/lib/python3.12/site-packages/neutron_lib/callbacks/manager.py:52}}
Apr 02 10:37:51.712090 np0000162858 devstack@neutron-api.service[102420]: DEBUG neutron_lib.callbacks.manager [None req-9aa2ec7d-047b-41f4-8fcf-e25e66e1e24d None None] Subscribe: > address_group after_create 55550000, False {{(pid=102420) subscribe /opt/stack/data/venv/lib/python3.12/site-packages/neutron_lib/callbacks/manager.py:52}}
Apr 02 10:37:51.712090 np0000162858 devstack@neutron-api.service[102420]: DEBUG neutron_lib.callbacks.manager [None req-9aa2ec7d-047b-41f4-8fcf-e25e66e1e24d None None] Subscribe: > address_group after_update 55550000, False {{(pid=102420) subscribe /opt/stack/data/venv/lib/python3.12/site-packages/neutron_lib/callbacks/manager.py:52}}
Apr 02 10:37:51.712176 np0000162858 devstack@neutron-api.service[102419]: DEBUG neutron.api.extensions [None req-7a2b764e-2181-4f80-a42a-0e7cc414e388 None None] Ext name="DHCP Agent Scheduler" alias="dhcp_agent_scheduler" description="Schedule networks among dhcp agents" updated="2013-02-07T10:00:00-00:00" {{(pid=102419) _check_extension /opt/stack/neutron/neutron/api/extensions.py:415}}
Apr 02 10:37:51.712233 np0000162858 devstack@neutron-api.service[102420]: DEBUG neutron_lib.callbacks.manager [None req-9aa2ec7d-047b-41f4-8fcf-e25e66e1e24d None None] Subscribe: > address_group after_delete 55550000, False {{(pid=102420) subscribe /opt/stack/data/venv/lib/python3.12/site-packages/neutron_lib/callbacks/manager.py:52}}
Apr 02 10:37:51.712233 np0000162858 devstack@neutron-api.service[102420]: DEBUG neutron.plugins.ml2.ovo_rpc [None req-9aa2ec7d-047b-41f4-8fcf-e25e66e1e24d None None] ML2 OVO RPC backend initialized. {{(pid=102420) __init__ /opt/stack/neutron/neutron/plugins/ml2/ovo_rpc.py:117}}
Apr 02 10:37:51.712309 np0000162858 devstack@neutron-api.service[102419]: INFO neutron.api.extensions [None req-7a2b764e-2181-4f80-a42a-0e7cc414e388 None None] Loaded extension: dhcp_agent_scheduler
