Feb 17 15:30:19.791271 np0000156027 devstack@n-api.service[100156]: DEBUG nova.quota [None req-b4460445-2f8b-43ce-a9a4-6035b7c609e2 demo demo] Getting quotas for user 3b650c5117bf450ab4d7aeee026ac1c3 and project 9a931ddbf79b4b7e893146b09f7b2e54. Resources: {'cores', 'ram', 'instances'} {{(pid=100156) _get_quotas /opt/stack/nova/nova/quota.py:382}}
Feb 17 15:30:19.798354 np0000156027 devstack@n-api.service[100156]: DEBUG nova.compute.api [None req-b4460445-2f8b-43ce-a9a4-6035b7c609e2 demo demo] Going to run 1 instances... {{(pid=100156) _provision_instances /opt/stack/nova/nova/compute/api.py:1467}}
Feb 17 15:30:19.801006 np0000156027 devstack@n-api.service[100156]: DEBUG nova.compute.api [None req-b4460445-2f8b-43ce-a9a4-6035b7c609e2 demo demo] [instance: af7ab168-8551-487f-b8af-1aea70369fc9] block_device_mapping [BlockDeviceMapping(attachment_id=,boot_index=0,connection_info=None,created_at=,delete_on_termination=True,deleted=,deleted_at=,destination_type='local',device_name=None,device_type=None,disk_bus=None,encrypted=False,encryption_format=None,encryption_options=None,encryption_secret_uuid=None,guest_format=None,id=,image_id='92127b99-ef6f-41e8-9a0c-bef3b94e96a8',instance=,instance_uuid=,no_device=False,snapshot_id=None,source_type='image',tag=None,updated_at=,uuid=,volume_id=None,volume_size=None,volume_type=None)] {{(pid=100156) _bdm_validate_set_size_and_instance /opt/stack/nova/nova/compute/api.py:1935}}
Feb 17 15:30:19.815985 np0000156027 devstack@n-api.service[100155]: INFO nova.api.openstack.requestlog [None req-182e7078-eedf-494d-8285-774b20a1fa7b demo demo] 172.18.0.2 "POST /compute/v2.1/servers" status: 202 len: 388 microversion: 2.38 time: 0.969527
Feb 17 15:30:19.816422 np0000156027 devstack@n-api.service[100155]: [pid: 100155|app: 0|req: 35/137] 199.204.45.229 () {72 vars in 1430 bytes} [Tue Feb 17 15:30:18 2026] POST /compute/v2.1/servers => generated 388 bytes in 970 msecs (HTTP/1.1 202) 10 headers in 457 bytes (2 switches on core 0)
Feb 17 15:30:19.853117 np0000156027 devstack@n-api.service[100156]: DEBUG nova.quota [None req-b4460445-2f8b-43ce-a9a4-6035b7c609e2 demo demo] Checking whether user_id and queued_for_delete are populated for all projects {{(pid=100156) is_qfd_populated /opt/stack/nova/nova/quota.py:1260}}
Feb 17 15:30:19.874374 np0000156027 devstack@n-api.service[100156]: DEBUG nova.quota [None req-b4460445-2f8b-43ce-a9a4-6035b7c609e2 demo demo] Getting quotas for project 9a931ddbf79b4b7e893146b09f7b2e54. Resources: {'server_group_members'} {{(pid=100156) _get_quotas /opt/stack/nova/nova/quota.py:392}}
Feb 17 15:30:19.877517 np0000156027 devstack@n-api.service[100156]: DEBUG nova.quota [None req-b4460445-2f8b-43ce-a9a4-6035b7c609e2 demo demo] Getting quotas for user 3b650c5117bf450ab4d7aeee026ac1c3 and project 9a931ddbf79b4b7e893146b09f7b2e54. Resources: {'server_group_members'} {{(pid=100156) _get_quotas /opt/stack/nova/nova/quota.py:382}}
Feb 17 15:30:19.904698 np0000156027 devstack@n-api.service[100156]: DEBUG nova.quota [None req-b4460445-2f8b-43ce-a9a4-6035b7c609e2 demo demo] Getting quotas for project 9a931ddbf79b4b7e893146b09f7b2e54. Resources: {'server_group_members'} {{(pid=100156) _get_quotas /opt/stack/nova/nova/quota.py:392}}
Feb 17 15:30:19.905877 np0000156027 devstack@n-api.service[100158]: DEBUG nova.api.openstack.wsgi [None req-54642995-82e8-4ee5-a03e-a9db8ffaa58b demo demo] Calling method '>' {{(pid=100158) _process_stack /opt/stack/nova/nova/api/openstack/wsgi.py:551}}
Feb 17 15:30:19.906802 np0000156027 devstack@n-api.service[100156]: DEBUG nova.quota [None req-b4460445-2f8b-43ce-a9a4-6035b7c609e2 demo demo] Getting quotas for user 3b650c5117bf450ab4d7aeee026ac1c3 and project 9a931ddbf79b4b7e893146b09f7b2e54. Resources: {'server_group_members'} {{(pid=100156) _get_quotas /opt/stack/nova/nova/quota.py:382}}
Feb 17 15:30:19.913652 np0000156027 devstack@n-api.service[100158]: INFO nova.api.openstack.requestlog [None req-54642995-82e8-4ee5-a03e-a9db8ffaa58b demo demo] 172.18.0.2 "GET /compute/v2.1/" status: 200 len: 393 microversion: 2.1 time: 0.008004
Feb 17 15:30:19.913920 np0000156027 devstack@n-api.service[100158]: [pid: 100158|app: 0|req: 35/138] 199.204.45.229 () {64 vars in 1271 bytes} [Tue Feb 17 15:30:19 2026] GET /compute/v2.1/ => generated 393 bytes in 9 msecs (HTTP/1.1 200) 9 headers in 357 bytes (1 switches on core 0)
Feb 17 15:30:19.928337 np0000156027 devstack@n-api.service[100157]: DEBUG nova.api.openstack.wsgi [None req-64d8abec-9534-44b4-8180-335c9f08a92b demo demo] Calling method '>' {{(pid=100157) _process_stack /opt/stack/nova/nova/api/openstack/wsgi.py:551}}
Feb 17 15:30:19.932932 np0000156027 devstack@n-api.service[100157]: DEBUG nova.compute.api [None req-64d8abec-9534-44b4-8180-335c9f08a92b demo demo] [instance: cb57c8d2-ec2f-4170-8ebf-6bca4695e58b] Fetching instance by UUID {{(pid=100157) get /opt/stack/nova/nova/compute/api.py:3048}}
Feb 17 15:30:19.937658 np0000156027 devstack@n-api.service[100156]: INFO nova.api.openstack.requestlog [None req-b4460445-2f8b-43ce-a9a4-6035b7c609e2 demo demo] 172.18.0.2 "POST /compute/v2.1/servers" status: 202 len: 388 microversion: 2.38 time: 1.442613
Feb 17 15:30:19.938286 np0000156027 devstack@n-api.service[100156]: [pid: 100156|app: 0|req: 33/139] 199.204.45.229 () {72 vars in 1430 bytes} [Tue Feb 17 15:30:18 2026] POST /compute/v2.1/servers => generated 388 bytes in 1445 msecs (HTTP/1.1 202) 10 headers in 457 bytes (1 switches on core 0)
Feb 17 15:30:19.960516 np0000156027 devstack@n-api.service[100157]: WARNING neutronclient.v2_0.client [None req-64d8abec-9534-44b4-8180-335c9f08a92b demo demo] The python binding code in neutronclient is deprecated in favor of OpenstackSDK, please use that as this will be removed in a future release.
Feb 17 15:30:20.022969 np0000156027 devstack@n-api.service[100155]: DEBUG nova.api.openstack.wsgi [None req-182e7078-eedf-494d-8285-774b20a1fa7b demo demo] Calling method '>' {{(pid=100155) _process_stack /opt/stack/nova/nova/api/openstack/wsgi.py:551}}
Feb 17 15:30:20.026144 np0000156027 devstack@n-api.service[100157]: DEBUG nova.policy [None req-64d8abec-9534-44b4-8180-335c9f08a92b demo demo] Policy check for os_compute_api:os-extended-server-attributes failed with credentials {'is_admin': False, 'user_id': '3b650c5117bf450ab4d7aeee026ac1c3', 'user_domain_id': 'default', 'system_scope': None, 'domain_id': None, 'project_id': '9a931ddbf79b4b7e893146b09f7b2e54', 'project_domain_id': 'default', 'roles': ['reader', 'member', 'anotherrole', 'load-balancer_member'], 'is_admin_project': True, 'service_user_id': None, 'service_user_domain_id': None, 'service_project_id': None, 'service_project_domain_id': None, 'service_roles': []} {{(pid=100157) authorize /opt/stack/nova/nova/policy.py:192}}
Feb 17 15:30:20.027325 np0000156027 devstack@n-api.service[100155]: INFO nova.api.openstack.requestlog [None req-182e7078-eedf-494d-8285-774b20a1fa7b demo demo] 172.18.0.2 "GET /compute/v2.1/" status: 200 len: 393 microversion: 2.1 time: 0.004961
Feb 17 15:30:20.027664 np0000156027 devstack@n-api.service[100155]: [pid: 100155|app: 0|req: 36/140] 199.204.45.229 () {64 vars in 1271 bytes} [Tue Feb 17 15:30:20 2026] GET /compute/v2.1/ => generated 393 bytes in 6 msecs (HTTP/1.1 200) 9 headers in 357 bytes (1 switches on core 0)
Feb 17 15:30:20.031710 np0000156027 devstack@n-api.service[100157]: DEBUG nova.policy [None req-64d8abec-9534-44b4-8180-335c9f08a92b demo demo] Policy check for os_compute_api:servers:show:host_status failed with credentials {'is_admin': False, 'user_id': '3b650c5117bf450ab4d7aeee026ac1c3', 'user_domain_id': 'default', 'system_scope': None, 'domain_id': None, 'project_id': '9a931ddbf79b4b7e893146b09f7b2e54', 'project_domain_id': 'default', 'roles': ['reader', 'member', 'anotherrole', 'load-balancer_member'], 'is_admin_project': True, 'service_user_id': None, 'service_user_domain_id': None, 'service_project_id': None, 'service_project_domain_id': None, 'service_roles': []} {{(pid=100157) authorize /opt/stack/nova/nova/policy.py:192}}
Feb 17 15:30:20.033246 np0000156027 devstack@n-api.service[100157]: DEBUG nova.policy [None req-64d8abec-9534-44b4-8180-335c9f08a92b demo demo] Policy check for os_compute_api:servers:show:host_status:unknown-only failed with credentials {'is_admin': False, 'user_id': '3b650c5117bf450ab4d7aeee026ac1c3', 'user_domain_id': 'default', 'system_scope': None, 'domain_id': None, 'project_id': '9a931ddbf79b4b7e893146b09f7b2e54', 'project_domain_id': 'default', 'roles': ['reader', 'member', 'anotherrole', 'load-balancer_member'], 'is_admin_project': True, 'service_user_id': None, 'service_user_domain_id': None, 'service_project_id': None, 'service_project_domain_id': None, 'service_roles': []} {{(pid=100157) authorize /opt/stack/nova/nova/policy.py:192}}
Feb 17 15:30:20.033246 np0000156027 devstack@n-api.service[100157]: INFO nova.api.openstack.requestlog [None req-64d8abec-9534-44b4-8180-335c9f08a92b demo demo] 172.18.0.2 "GET /compute/v2.1/servers/cb57c8d2-ec2f-4170-8ebf-6bca4695e58b" status: 200 len: 1273 microversion: 2.38 time: 0.110449
Feb 17 15:30:20.033451 np0000156027 devstack@n-api.service[100157]: [pid: 100157|app: 0|req: 37/141] 199.204.45.229 () {68 vars in 1486 bytes} [Tue Feb 17 15:30:19 2026] GET /compute/v2.1/servers/cb57c8d2-ec2f-4170-8ebf-6bca4695e58b => generated 1273 bytes in 111 msecs (HTTP/1.1 200) 9 headers in 360 bytes (1 switches on core 0)
Feb 17 15:30:20.037569 np0000156027 devstack@n-api.service[100158]: DEBUG nova.api.openstack.wsgi [None req-317a3c02-d4c7-4b29-9314-4a0129773c2e demo demo] Calling method '>' {{(pid=100158) _process_stack /opt/stack/nova/nova/api/openstack/wsgi.py:551}}
Feb 17 15:30:20.040604 np0000156027 devstack@n-api.service[100158]: DEBUG nova.compute.api [None req-317a3c02-d4c7-4b29-9314-4a0129773c2e demo demo] [instance: af7ab168-8551-487f-b8af-1aea70369fc9] Fetching instance by UUID {{(pid=100158) get /opt/stack/nova/nova/compute/api.py:3048}}
Feb 17 15:30:20.053754 np0000156027 devstack@n-api.service[100158]: WARNING neutronclient.v2_0.client [None req-317a3c02-d4c7-4b29-9314-4a0129773c2e demo demo] The python binding code in neutronclient is deprecated in favor of OpenstackSDK, please use that as this will be removed in a future release.
Feb 17 15:30:20.101054 np0000156027 devstack@n-api.service[100156]: DEBUG nova.api.openstack.wsgi [None req-b4460445-2f8b-43ce-a9a4-6035b7c609e2 demo demo] Calling method '>' {{(pid=100156) _process_stack /opt/stack/nova/nova/api/openstack/wsgi.py:551}}
Feb 17 15:30:20.105722 np0000156027 devstack@n-api.service[100156]: INFO nova.api.openstack.requestlog [None req-b4460445-2f8b-43ce-a9a4-6035b7c609e2 demo demo] 172.18.0.2 "GET /compute/v2.1/" status: 200 len: 393 microversion: 2.1 time: 0.005170
Feb 17 15:30:20.106044 np0000156027 devstack@n-api.service[100156]: [pid: 100156|app: 0|req: 34/142] 199.204.45.229 () {64 vars in 1271 bytes} [Tue Feb 17 15:30:20 2026] GET /compute/v2.1/ => generated 393 bytes in 6 msecs (HTTP/1.1 200) 9 headers in 357 bytes (1 switches on core 0)
Feb 17 15:30:20.112776 np0000156027 devstack@n-api.service[100158]: DEBUG nova.policy [None req-317a3c02-d4c7-4b29-9314-4a0129773c2e demo demo] Policy check for os_compute_api:os-extended-server-attributes failed with credentials {'is_admin': False, 'user_id': '3b650c5117bf450ab4d7aeee026ac1c3', 'user_domain_id': 'default', 'system_scope': None, 'domain_id': None, 'project_id': '9a931ddbf79b4b7e893146b09f7b2e54', 'project_domain_id': 'default', 'roles': ['reader', 'member', 'anotherrole', 'load-balancer_member'], 'is_admin_project': True, 'service_user_id': None, 'service_user_domain_id': None, 'service_project_id': None, 'service_project_domain_id': None, 'service_roles': []} {{(pid=100158) authorize /opt/stack/nova/nova/policy.py:192}}
Feb 17 15:30:20.116432 np0000156027 devstack@n-api.service[100155]: DEBUG nova.api.openstack.wsgi [None req-32f3b0c8-4f64-4dd9-9580-5ba4227348a5 demo demo] Calling method '>' {{(pid=100155) _process_stack /opt/stack/nova/nova/api/openstack/wsgi.py:551}}
Feb 17 15:30:20.118271 np0000156027 devstack@n-api.service[100155]: DEBUG nova.compute.api [None req-32f3b0c8-4f64-4dd9-9580-5ba4227348a5 demo demo] [instance: cb57c8d2-ec2f-4170-8ebf-6bca4695e58b] Fetching instance by UUID {{(pid=100155) get /opt/stack/nova/nova/compute/api.py:3048}}
Feb 17 15:30:20.121333 np0000156027 devstack@n-api.service[100158]: DEBUG nova.policy [None req-317a3c02-d4c7-4b29-9314-4a0129773c2e demo demo] Policy check for os_compute_api:servers:show:host_status failed with credentials {'is_admin': False, 'user_id': '3b650c5117bf450ab4d7aeee026ac1c3', 'user_domain_id': 'default', 'system_scope': None, 'domain_id': None, 'project_id': '9a931ddbf79b4b7e893146b09f7b2e54', 'project_domain_id': 'default', 'roles': ['reader', 'member', 'anotherrole', 'load-balancer_member'], 'is_admin_project': True, 'service_user_id': None, 'service_user_domain_id': None, 'service_project_id': None, 'service_project_domain_id': None, 'service_roles': []} {{(pid=100158) authorize /opt/stack/nova/nova/policy.py:192}}
Feb 17 15:30:20.122001 np0000156027 devstack@n-api.service[100158]: DEBUG nova.policy [None req-317a3c02-d4c7-4b29-9314-4a0129773c2e demo demo] Policy check for os_compute_api:servers:show:host_status:unknown-only failed with credentials {'is_admin': False, 'user_id': '3b650c5117bf450ab4d7aeee026ac1c3', 'user_domain_id': 'default', 'system_scope': None, 'domain_id': None, 'project_id': '9a931ddbf79b4b7e893146b09f7b2e54', 'project_domain_id': 'default', 'roles': ['reader', 'member', 'anotherrole', 'load-balancer_member'], 'is_admin_project': True, 'service_user_id': None, 'service_user_domain_id': None, 'service_project_id': None, 'service_project_domain_id': None, 'service_roles': []} {{(pid=100158) authorize /opt/stack/nova/nova/policy.py:192}}
Feb 17 15:30:20.122689 np0000156027 devstack@n-api.service[100158]: INFO nova.api.openstack.requestlog [None req-317a3c02-d4c7-4b29-9314-4a0129773c2e demo demo] 172.18.0.2 "GET /compute/v2.1/servers/af7ab168-8551-487f-b8af-1aea70369fc9" status: 200 len: 1273 microversion: 2.38 time: 0.087516
Feb 17 15:30:20.123035 np0000156027 devstack@n-api.service[100158]: [pid: 100158|app: 0|req: 36/143] 199.204.45.229 () {68 vars in 1486 bytes} [Tue Feb 17 15:30:20 2026] GET /compute/v2.1/servers/af7ab168-8551-487f-b8af-1aea70369fc9 => generated 1273 bytes in 88 msecs (HTTP/1.1 200) 9 headers in 360 bytes (1 switches on core 0)
Feb 17 15:30:20.130503 np0000156027 devstack@n-api.service[100155]: WARNING neutronclient.v2_0.client [None req-32f3b0c8-4f64-4dd9-9580-5ba4227348a5 demo demo] The python binding code in neutronclient is deprecated in favor of OpenstackSDK, please use that as this will be removed in a future release.
Feb 17 15:30:20.200077 np0000156027 devstack@n-api.service[100155]: DEBUG nova.policy [None req-32f3b0c8-4f64-4dd9-9580-5ba4227348a5 demo demo] Policy check for os_compute_api:os-extended-server-attributes failed with credentials {'is_admin': False, 'user_id': '3b650c5117bf450ab4d7aeee026ac1c3', 'user_domain_id': 'default', 'system_scope': None, 'domain_id': None, 'project_id': '9a931ddbf79b4b7e893146b09f7b2e54', 'project_domain_id': 'default', 'roles': ['reader', 'member', 'anotherrole', 'load-balancer_member'], 'is_admin_project': True, 'service_user_id': None, 'service_user_domain_id': None, 'service_project_id': None, 'service_project_domain_id': None, 'service_roles': []} {{(pid=100155) authorize /opt/stack/nova/nova/policy.py:192}}
Feb 17 15:30:20.205651 np0000156027 devstack@n-api.service[100157]: DEBUG nova.api.openstack.wsgi [None req-64d8abec-9534-44b4-8180-335c9f08a92b demo demo] Calling method '>' {{(pid=100157) _process_stack /opt/stack/nova/nova/api/openstack/wsgi.py:551}}
Feb 17 15:30:20.206878 np0000156027 devstack@n-api.service[100155]: DEBUG nova.policy [None req-32f3b0c8-4f64-4dd9-9580-5ba4227348a5 demo demo] Policy check for os_compute_api:servers:show:host_status failed with credentials {'is_admin': False, 'user_id': '3b650c5117bf450ab4d7aeee026ac1c3', 'user_domain_id': 'default', 'system_scope': None, 'domain_id': None, 'project_id': '9a931ddbf79b4b7e893146b09f7b2e54', 'project_domain_id': 'default', 'roles': ['reader', 'member', 'anotherrole', 'load-balancer_member'], 'is_admin_project': True, 'service_user_id': None, 'service_user_domain_id': None, 'service_project_id': None, 'service_project_domain_id': None, 'service_roles': []} {{(pid=100155) authorize /opt/stack/nova/nova/policy.py:192}}
Feb 17 15:30:20.208110 np0000156027 devstack@n-api.service[100155]: DEBUG nova.policy [None req-32f3b0c8-4f64-4dd9-9580-5ba4227348a5 demo demo] Policy check for os_compute_api:servers:show:host_status:unknown-only failed with credentials {'is_admin': False, 'user_id': '3b650c5117bf450ab4d7aeee026ac1c3', 'user_domain_id': 'default', 'system_scope': None, 'domain_id': None, 'project_id': '9a931ddbf79b4b7e893146b09f7b2e54', 'project_domain_id': 'default', 'roles': ['reader', 'member', 'anotherrole', 'load-balancer_member'], 'is_admin_project': True, 'service_user_id': None, 'service_user_domain_id': None, 'service_project_id': None, 'service_project_domain_id': None, 'service_roles': []} {{(pid=100155) authorize /opt/stack/nova/nova/policy.py:192}}
Feb 17 15:30:20.209271 np0000156027 devstack@n-api.service[100155]: INFO nova.api.openstack.requestlog [None req-32f3b0c8-4f64-4dd9-9580-5ba4227348a5 demo demo] 172.18.0.2 "GET /compute/v2.1/servers/cb57c8d2-ec2f-4170-8ebf-6bca4695e58b" status: 200 len: 1273 microversion: 2.38 time: 0.095257
Feb 17 15:30:20.209936 np0000156027 devstack@n-api.service[100155]: [pid: 100155|app: 0|req: 37/144] 199.204.45.229 () {68 vars in 1486 bytes} [Tue Feb 17 15:30:20 2026] GET /compute/v2.1/servers/cb57c8d2-ec2f-4170-8ebf-6bca4695e58b => generated 1273 bytes in 96 msecs (HTTP/1.1 200) 9 headers in 360 bytes (1 switches on core 0)
Feb 17 15:30:20.212104 np0000156027 devstack@n-api.service[100157]: INFO nova.api.openstack.requestlog [None req-64d8abec-9534-44b4-8180-335c9f08a92b demo demo] 172.18.0.2 "GET /compute/v2.1/" status: 200 len: 393 microversion: 2.1 time: 0.006944
Feb 17 15:30:20.212494 np0000156027 devstack@n-api.service[100157]: [pid: 100157|app: 0|req: 38/145] 199.204.45.229 () {64 vars in 1271 bytes} [Tue Feb 17 15:30:20 2026] GET /compute/v2.1/ => generated 393 bytes in 8 msecs (HTTP/1.1 200) 9 headers in 357 bytes (1 switches on core 0)
Feb 17 15:30:20.223187 np0000156027 devstack@n-api.service[100156]: DEBUG nova.api.openstack.wsgi [None req-d9e959b9-7768-4949-ac55-c786d22f6a9e demo demo] Calling method '>' {{(pid=100156) _process_stack /opt/stack/nova/nova/api/openstack/wsgi.py:551}}
Feb 17 15:30:20.225318 np0000156027 devstack@n-api.service[100156]: DEBUG nova.compute.api [None req-d9e959b9-7768-4949-ac55-c786d22f6a9e demo demo] [instance: af7ab168-8551-487f-b8af-1aea70369fc9] Fetching instance by UUID {{(pid=100156) get /opt/stack/nova/nova/compute/api.py:3048}}
Feb 17 15:30:20.238778 np0000156027 devstack@n-api.service[100156]: WARNING neutronclient.v2_0.client [None req-d9e959b9-7768-4949-ac55-c786d22f6a9e demo demo] The python binding code in neutronclient is deprecated in favor of OpenstackSDK, please use that as this will be removed in a future release.
Feb 17 15:30:20.299789 np0000156027 devstack@n-api.service[100156]: DEBUG nova.policy [None req-d9e959b9-7768-4949-ac55-c786d22f6a9e demo demo] Policy check for os_compute_api:os-extended-server-attributes failed with credentials {'is_admin': False, 'user_id': '3b650c5117bf450ab4d7aeee026ac1c3', 'user_domain_id': 'default', 'system_scope': None, 'domain_id': None, 'project_id': '9a931ddbf79b4b7e893146b09f7b2e54', 'project_domain_id': 'default', 'roles': ['reader', 'member', 'anotherrole', 'load-balancer_member'], 'is_admin_project': True, 'service_user_id': None, 'service_user_domain_id': None, 'service_project_id': None, 'service_project_domain_id': None, 'service_roles': []} {{(pid=100156) authorize /opt/stack/nova/nova/policy.py:192}}
Feb 17 15:30:20.317863 np0000156027 devstack@n-api.service[100156]: DEBUG nova.policy [None req-d9e959b9-7768-4949-ac55-c786d22f6a9e demo demo] Policy check for os_compute_api:servers:show:host_status failed with credentials {'is_admin': False, 'user_id': '3b650c5117bf450ab4d7aeee026ac1c3', 'user_domain_id': 'default', 'system_scope': None, 'domain_id': None, 'project_id': '9a931ddbf79b4b7e893146b09f7b2e54', 'project_domain_id': 'default', 'roles': ['reader', 'member', 'anotherrole', 'load-balancer_member'], 'is_admin_project': True, 'service_user_id': None, 'service_user_domain_id': None, 'service_project_id': None, 'service_project_domain_id': None, 'service_roles': []} {{(pid=100156) authorize /opt/stack/nova/nova/policy.py:192}}
Feb 17 15:30:20.317863 np0000156027 devstack@n-api.service[100156]: DEBUG nova.policy [None req-d9e959b9-7768-4949-ac55-c786d22f6a9e demo demo] Policy check for os_compute_api:servers:show:host_status:unknown-only failed with credentials {'is_admin': False, 'user_id': '3b650c5117bf450ab4d7aeee026ac1c3', 'user_domain_id': 'default', 'system_scope': None, 'domain_id': None, 'project_id': '9a931ddbf79b4b7e893146b09f7b2e54', 'project_domain_id': 'default', 'roles': ['reader', 'member', 'anotherrole', 'load-balancer_member'], 'is_admin_project': True, 'service_user_id': None, 'service_user_domain_id': None, 'service_project_id': None, 'service_project_domain_id': None, 'service_roles': []} {{(pid=100156) authorize /opt/stack/nova/nova/policy.py:192}}
Feb 17 15:30:20.317863 np0000156027 devstack@n-api.service[100156]: INFO nova.api.openstack.requestlog [None req-d9e959b9-7768-4949-ac55-c786d22f6a9e demo demo] 172.18.0.2 "GET /compute/v2.1/servers/af7ab168-8551-487f-b8af-1aea70369fc9" status: 200 len: 1273 microversion: 2.38 time: 0.097731
Feb 17 15:30:20.317863 np0000156027 devstack@n-api.service[100156]: [pid: 100156|app: 0|req: 35/146] 199.204.45.229 () {68 vars in 1486 bytes} [Tue Feb 17 15:30:20 2026] GET /compute/v2.1/servers/af7ab168-8551-487f-b8af-1aea70369fc9 => generated 1273 bytes in 99 msecs (HTTP/1.1 200) 9 headers in 360 bytes (1 switches on core 0)
Feb 17 15:30:25.868858 np0000156027 devstack@n-api.service[100158]: DEBUG nova.api.openstack.wsgi [req-b57d7b4a-68bc-493d-97de-35253e26e58a req-5034dc03-be33-4423-aa0b-a509b2c8f302 service nova] Action: 'create', calling method: >, body: {"events": [{"name": "network-changed", "server_uuid": "cb57c8d2-ec2f-4170-8ebf-6bca4695e58b", "tag": "a74ae810-6609-43e2-b3fb-a41a4e9ec304"}]} {{(pid=100158) _process_stack /opt/stack/nova/nova/api/openstack/wsgi.py:549}}
Feb 17 15:30:25.876488 np0000156027 devstack@n-api.service[100158]: DEBUG oslo_concurrency.lockutils [req-b57d7b4a-68bc-493d-97de-35253e26e58a req-5034dc03-be33-4423-aa0b-a509b2c8f302 service nova] Acquiring lock "51bcd2bf-ae4e-4828-8f5d-e28b670182a0" by "nova.context.set_target_cell..get_or_set_cached_cell_and_set_connections" {{(pid=100158) inner /opt/stack/data/venv/lib/python3.12/site-packages/oslo_concurrency/lockutils.py:506}}
Feb 17 15:30:25.876741 np0000156027 devstack@n-api.service[100158]: DEBUG oslo_concurrency.lockutils [req-b57d7b4a-68bc-493d-97de-35253e26e58a req-5034dc03-be33-4423-aa0b-a509b2c8f302 service nova] Lock "51bcd2bf-ae4e-4828-8f5d-e28b670182a0" acquired by "nova.context.set_target_cell..get_or_set_cached_cell_and_set_connections" :: waited 0.000s {{(pid=100158) inner /opt/stack/data/venv/lib/python3.12/site-packages/oslo_concurrency/lockutils.py:519}}
Feb 17 15:30:25.876911 np0000156027 devstack@n-api.service[100158]: DEBUG oslo_concurrency.lockutils [req-b57d7b4a-68bc-493d-97de-35253e26e58a req-5034dc03-be33-4423-aa0b-a509b2c8f302 service nova] Lock "51bcd2bf-ae4e-4828-8f5d-e28b670182a0" "released" by "nova.context.set_target_cell..get_or_set_cached_cell_and_set_connections" :: held 0.000s {{(pid=100158) inner /opt/stack/data/venv/lib/python3.12/site-packages/oslo_concurrency/lockutils.py:538}}
Feb 17 15:30:25.882872 np0000156027 devstack@n-api.service[100158]: INFO nova.api.openstack.compute.server_external_events [req-b57d7b4a-68bc-493d-97de-35253e26e58a req-5034dc03-be33-4423-aa0b-a509b2c8f302 service nova] Creating event network-changed:a74ae810-6609-43e2-b3fb-a41a4e9ec304 for instance cb57c8d2-ec2f-4170-8ebf-6bca4695e58b on np0000156027
Feb 17 15:30:25.887074 np0000156027 devstack@n-api.service[100158]: INFO nova.api.openstack.requestlog [req-b57d7b4a-68bc-493d-97de-35253e26e58a req-5034dc03-be33-4423-aa0b-a509b2c8f302 service nova] 199.204.45.229 "POST /compute/v2.1/os-server-external-events" status: 200 len: 179 microversion: 2.1 time: 0.058103
Feb 17 15:30:25.887756 np0000156027 devstack@n-api.service[100158]: [pid: 100158|app: 0|req: 37/147] 199.204.45.229 () {72 vars in 1463 bytes} [Tue Feb 17 15:30:25 2026] POST /compute/v2.1/os-server-external-events => generated 179 bytes in 59 msecs (HTTP/1.1 200) 9 headers in 357 bytes (1 switches on core 0)
Feb 17 15:30:28.051088 np0000156027 devstack@n-api.service[100155]: DEBUG nova.api.openstack.wsgi [req-34d4fd04-b3aa-41f7-80e3-d095f968ece8 req-0b6ef97a-4698-47cb-ac4f-ebbd205f2d65 service nova] Action: 'create', calling method: >, body: {"events": [{"name": "network-changed", "server_uuid": "af7ab168-8551-487f-b8af-1aea70369fc9", "tag": "1470fe25-42a1-49f8-94bc-18a6e285773a"}]} {{(pid=100155) _process_stack /opt/stack/nova/nova/api/openstack/wsgi.py:549}}
Feb 17 15:30:28.058693 np0000156027 devstack@n-api.service[100155]: DEBUG oslo_concurrency.lockutils [req-34d4fd04-b3aa-41f7-80e3-d095f968ece8 req-0b6ef97a-4698-47cb-ac4f-ebbd205f2d65 service nova] Acquiring lock "51bcd2bf-ae4e-4828-8f5d-e28b670182a0" by "nova.context.set_target_cell..get_or_set_cached_cell_and_set_connections" {{(pid=100155) inner /opt/stack/data/venv/lib/python3.12/site-packages/oslo_concurrency/lockutils.py:506}}
Feb 17 15:30:28.058952 np0000156027 devstack@n-api.service[100155]: DEBUG oslo_concurrency.lockutils [req-34d4fd04-b3aa-41f7-80e3-d095f968ece8 req-0b6ef97a-4698-47cb-ac4f-ebbd205f2d65 service nova] Lock "51bcd2bf-ae4e-4828-8f5d-e28b670182a0" acquired by "nova.context.set_target_cell..get_or_set_cached_cell_and_set_connections" :: waited 0.000s {{(pid=100155) inner /opt/stack/data/venv/lib/python3.12/site-packages/oslo_concurrency/lockutils.py:519}}
Feb 17 15:30:28.058952 np0000156027 devstack@n-api.service[100155]: DEBUG oslo_concurrency.lockutils [req-34d4fd04-b3aa-41f7-80e3-d095f968ece8 req-0b6ef97a-4698-47cb-ac4f-ebbd205f2d65 service nova] Lock "51bcd2bf-ae4e-4828-8f5d-e28b670182a0" "released" by "nova.context.set_target_cell..get_or_set_cached_cell_and_set_connections" :: held 0.000s {{(pid=100155) inner /opt/stack/data/venv/lib/python3.12/site-packages/oslo_concurrency/lockutils.py:538}}
Feb 17 15:30:28.070363 np0000156027 devstack@n-api.service[100155]: INFO nova.api.openstack.compute.server_external_events [req-34d4fd04-b3aa-41f7-80e3-d095f968ece8 req-0b6ef97a-4698-47cb-ac4f-ebbd205f2d65 service nova] Creating event network-changed:1470fe25-42a1-49f8-94bc-18a6e285773a for instance af7ab168-8551-487f-b8af-1aea70369fc9 on np0000156027
Feb 17 15:30:28.070534 np0000156027 devstack@n-api.service[100155]: DEBUG oslo_concurrency.lockutils [req-34d4fd04-b3aa-41f7-80e3-d095f968ece8 req-0b6ef97a-4698-47cb-ac4f-ebbd205f2d65 service nova] Acquiring lock "compute-rpcapi-router" {{(pid=100155) lock /opt/stack/data/venv/lib/python3.12/site-packages/oslo_concurrency/lockutils.py:390}}
Feb 17 15:30:28.070640 np0000156027 devstack@n-api.service[100155]: DEBUG oslo_concurrency.lockutils [req-34d4fd04-b3aa-41f7-80e3-d095f968ece8 req-0b6ef97a-4698-47cb-ac4f-ebbd205f2d65 service nova] Acquired lock "compute-rpcapi-router" {{(pid=100155) lock /opt/stack/data/venv/lib/python3.12/site-packages/oslo_concurrency/lockutils.py:393}}
Feb 17 15:30:28.071016 np0000156027 devstack@n-api.service[100155]: DEBUG oslo_concurrency.lockutils [None req-cda6f8a4-28b2-42e1-8420-4cb13fbfbd3f None None] Acquiring lock "00000000-0000-0000-0000-000000000000" by "nova.context.set_target_cell..get_or_set_cached_cell_and_set_connections" {{(pid=100155) inner /opt/stack/data/venv/lib/python3.12/site-packages/oslo_concurrency/lockutils.py:506}}
Feb 17 15:30:28.071160 np0000156027 devstack@n-api.service[100155]: DEBUG oslo_concurrency.lockutils [None req-cda6f8a4-28b2-42e1-8420-4cb13fbfbd3f None None] Lock "00000000-0000-0000-0000-000000000000" acquired by "nova.context.set_target_cell..get_or_set_cached_cell_and_set_connections" :: waited 0.000s {{(pid=100155) inner /opt/stack/data/venv/lib/python3.12/site-packages/oslo_concurrency/lockutils.py:519}}
Feb 17 15:30:28.071256 np0000156027 devstack@n-api.service[100155]: DEBUG oslo_concurrency.lockutils [None req-cda6f8a4-28b2-42e1-8420-4cb13fbfbd3f None None] Lock "00000000-0000-0000-0000-000000000000" "released" by "nova.context.set_target_cell..get_or_set_cached_cell_and_set_connections" :: held 0.000s {{(pid=100155) inner /opt/stack/data/venv/lib/python3.12/site-packages/oslo_concurrency/lockutils.py:538}}
Feb 17 15:30:28.071541 np0000156027 devstack@n-api.service[100155]: DEBUG oslo_concurrency.lockutils [None req-cda6f8a4-28b2-42e1-8420-4cb13fbfbd3f None None] Acquiring lock "51bcd2bf-ae4e-4828-8f5d-e28b670182a0" by "nova.context.set_target_cell..get_or_set_cached_cell_and_set_connections" {{(pid=100155) inner /opt/stack/data/venv/lib/python3.12/site-packages/oslo_concurrency/lockutils.py:506}}
Feb 17 15:30:28.071684 np0000156027 devstack@n-api.service[100155]: DEBUG oslo_concurrency.lockutils [None req-cda6f8a4-28b2-42e1-8420-4cb13fbfbd3f None None] Lock "51bcd2bf-ae4e-4828-8f5d-e28b670182a0" acquired by "nova.context.set_target_cell..get_or_set_cached_cell_and_set_connections" :: waited 0.000s {{(pid=100155) inner /opt/stack/data/venv/lib/python3.12/site-packages/oslo_concurrency/lockutils.py:519}}
Feb 17 15:30:28.071786 np0000156027 devstack@n-api.service[100155]: DEBUG oslo_concurrency.lockutils [None req-cda6f8a4-28b2-42e1-8420-4cb13fbfbd3f None None] Lock "51bcd2bf-ae4e-4828-8f5d-e28b670182a0" "released" by "nova.context.set_target_cell..get_or_set_cached_cell_and_set_connections" :: held 0.000s {{(pid=100155) inner /opt/stack/data/venv/lib/python3.12/site-packages/oslo_concurrency/lockutils.py:538}}
Feb 17 15:30:28.081899 np0000156027 devstack@n-api.service[100155]: INFO nova.compute.rpcapi [None req-cda6f8a4-28b2-42e1-8420-4cb13fbfbd3f None None] Automatically selected compute RPC version 6.4 from minimum service version 70
Feb 17 15:30:28.082347 np0000156027 devstack@n-api.service[100155]: DEBUG oslo_concurrency.lockutils [None req-cda6f8a4-28b2-42e1-8420-4cb13fbfbd3f None None] Releasing lock "compute-rpcapi-router" {{(pid=100155) lock /opt/stack/data/venv/lib/python3.12/site-packages/oslo_concurrency/lockutils.py:413}}
Feb 17 15:30:28.097300 np0000156027 devstack@n-api.service[100155]: INFO nova.api.openstack.requestlog [None req-cda6f8a4-28b2-42e1-8420-4cb13fbfbd3f None None] 199.204.45.229 "POST /compute/v2.1/os-server-external-events" status: 200 len: 179 microversion: 2.1 time: 0.049803
Feb 17 15:30:28.097920 np0000156027 devstack@n-api.service[100155]: [pid: 100155|app: 0|req: 38/148] 199.204.45.229 () {72 vars in 1463 bytes} [Tue Feb 17 15:30:28 2026] POST /compute/v2.1/os-server-external-events => generated 179 bytes in 51 msecs (HTTP/1.1 200) 9 headers in 357 bytes (1 switches on core 0)
Feb 17 15:30:28.792087 np0000156027 devstack@n-api.service[100158]: DEBUG dbcounter [-] [100158] Writing DB stats nova_cell0:SELECT=2 {{(pid=100158) stat_writer /opt/stack/data/venv/lib/python3.12/site-packages/dbcounter.py:115}}
Feb 17 15:30:29.773442 np0000156027 devstack@n-api.service[100156]: DEBUG dbcounter [-] [100156] Writing DB stats nova_cell1:SELECT=14 {{(pid=100156) stat_writer /opt/stack/data/venv/lib/python3.12/site-packages/dbcounter.py:115}}
Feb 17 15:30:29.779158 np0000156027 devstack@n-api.service[100156]: DEBUG dbcounter [-] [100156] Writing DB stats nova_cell0:SELECT=2 {{(pid=100156) stat_writer /opt/stack/data/venv/lib/python3.12/site-packages/dbcounter.py:115}}
Feb 17 15:30:29.945745 np0000156027 devstack@n-api.service[100157]: DEBUG nova.api.openstack.wsgi [None req-64d8abec-9534-44b4-8180-335c9f08a92b demo demo] Calling method '>' {{(pid=100157) _process_stack /opt/stack/nova/nova/api/openstack/wsgi.py:551}}
Feb 17 15:30:29.951994 np0000156027 devstack@n-api.service[100157]: DEBUG dbcounter [-] [100157] Writing DB stats nova_api:SELECT=3 {{(pid=100157) stat_writer /opt/stack/data/venv/lib/python3.12/site-packages/dbcounter.py:115}}
Feb 17 15:30:29.952853 np0000156027 devstack@n-api.service[100157]: INFO nova.api.openstack.requestlog [None req-64d8abec-9534-44b4-8180-335c9f08a92b demo demo] 172.18.0.2 "GET /compute/v2.1/" status: 200 len: 393 microversion: 2.1 time: 0.007707
Feb 17 15:30:29.953052 np0000156027 devstack@n-api.service[100157]: [pid: 100157|app: 0|req: 39/149] 199.204.45.229 () {64 vars in 1271 bytes} [Tue Feb 17 15:30:29 2026] GET /compute/v2.1/ => generated 393 bytes in 8 msecs (HTTP/1.1 200) 9 headers in 357 bytes (1 switches on core 0)
Feb 17 15:30:29.963986 np0000156027 devstack@n-api.service[100156]: DEBUG nova.api.openstack.wsgi [None req-f5be8479-e900-4a67-a3cc-e3d4e0a5964b demo demo] Calling method '>' {{(pid=100156) _process_stack /opt/stack/nova/nova/api/openstack/wsgi.py:551}}
Feb 17 15:30:29.966241 np0000156027 devstack@n-api.service[100156]: DEBUG nova.compute.api [None req-f5be8479-e900-4a67-a3cc-e3d4e0a5964b demo demo] [instance: cb57c8d2-ec2f-4170-8ebf-6bca4695e58b] Fetching instance by UUID {{(pid=100156) get /opt/stack/nova/nova/compute/api.py:3048}}
Feb 17 15:30:29.971855 np0000156027 devstack@n-api.service[100156]: DEBUG oslo_concurrency.lockutils [None req-f5be8479-e900-4a67-a3cc-e3d4e0a5964b demo demo] Acquiring lock "51bcd2bf-ae4e-4828-8f5d-e28b670182a0" by "nova.context.set_target_cell..get_or_set_cached_cell_and_set_connections" {{(pid=100156) inner /opt/stack/data/venv/lib/python3.12/site-packages/oslo_concurrency/lockutils.py:506}}
Feb 17 15:30:29.972117 np0000156027 devstack@n-api.service[100156]: DEBUG oslo_concurrency.lockutils [None req-f5be8479-e900-4a67-a3cc-e3d4e0a5964b demo demo] Lock "51bcd2bf-ae4e-4828-8f5d-e28b670182a0" acquired by "nova.context.set_target_cell..get_or_set_cached_cell_and_set_connections" :: waited 0.000s {{(pid=100156) inner /opt/stack/data/venv/lib/python3.12/site-packages/oslo_concurrency/lockutils.py:519}}
Feb 17 15:30:29.972305 np0000156027 devstack@n-api.service[100156]: DEBUG oslo_concurrency.lockutils [None req-f5be8479-e900-4a67-a3cc-e3d4e0a5964b demo demo] Lock "51bcd2bf-ae4e-4828-8f5d-e28b670182a0" "released" by "nova.context.set_target_cell..get_or_set_cached_cell_and_set_connections" :: held 0.000s {{(pid=100156) inner /opt/stack/data/venv/lib/python3.12/site-packages/oslo_concurrency/lockutils.py:538}}
Feb 17 15:30:29.972706 np0000156027 devstack@n-api.service[100156]: DEBUG oslo_concurrency.lockutils [None req-f5be8479-e900-4a67-a3cc-e3d4e0a5964b demo demo] Acquiring lock "51bcd2bf-ae4e-4828-8f5d-e28b670182a0" by "nova.context.set_target_cell..get_or_set_cached_cell_and_set_connections" {{(pid=100156) inner /opt/stack/data/venv/lib/python3.12/site-packages/oslo_concurrency/lockutils.py:506}}
Feb 17 15:30:29.972897 np0000156027 devstack@n-api.service[100156]: DEBUG oslo_concurrency.lockutils [None req-f5be8479-e900-4a67-a3cc-e3d4e0a5964b demo demo] Lock "51bcd2bf-ae4e-4828-8f5d-e28b670182a0" acquired by "nova.context.set_target_cell..get_or_set_cached_cell_and_set_connections" :: waited 0.000s {{(pid=100156) inner /opt/stack/data/venv/lib/python3.12/site-packages/oslo_concurrency/lockutils.py:519}}
Feb 17 15:30:29.973076 np0000156027 devstack@n-api.service[100156]: DEBUG oslo_concurrency.lockutils [None req-f5be8479-e900-4a67-a3cc-e3d4e0a5964b demo demo] Lock "51bcd2bf-ae4e-4828-8f5d-e28b670182a0" "released" by "nova.context.set_target_cell..get_or_set_cached_cell_and_set_connections" :: held 0.000s {{(pid=100156) inner /opt/stack/data/venv/lib/python3.12/site-packages/oslo_concurrency/lockutils.py:538}}
Feb 17 15:30:29.998879 np0000156027 devstack@n-api.service[100156]: WARNING neutronclient.v2_0.client [None req-f5be8479-e900-4a67-a3cc-e3d4e0a5964b demo demo] The python binding code in neutronclient is deprecated in favor of OpenstackSDK, please use that as this will be removed in a future release.
Feb 17 15:30:30.029414 np0000156027 devstack@n-api.service[100157]: DEBUG dbcounter [-] [100157] Writing DB stats nova_cell0:SELECT=1 {{(pid=100157) stat_writer /opt/stack/data/venv/lib/python3.12/site-packages/dbcounter.py:115}}
Feb 17 15:30:30.047839 np0000156027 devstack@n-api.service[100158]: DEBUG nova.api.openstack.wsgi [req-b57d7b4a-68bc-493d-97de-35253e26e58a req-5034dc03-be33-4423-aa0b-a509b2c8f302 service nova] Calling method '>' {{(pid=100158) _process_stack /opt/stack/nova/nova/api/openstack/wsgi.py:551}}
Feb 17 15:30:30.052836 np0000156027 devstack@n-api.service[100158]: INFO nova.api.openstack.requestlog [req-b57d7b4a-68bc-493d-97de-35253e26e58a req-5034dc03-be33-4423-aa0b-a509b2c8f302 service nova] 172.18.0.2 "GET /compute/v2.1/" status: 200 len: 393 microversion: 2.1 time: 0.005764
Feb 17 15:30:30.053082 np0000156027 devstack@n-api.service[100158]: [pid: 100158|app: 0|req: 38/150] 199.204.45.229 () {64 vars in 1271 bytes} [Tue Feb 17 15:30:30 2026] GET /compute/v2.1/ => generated 393 bytes in 7 msecs (HTTP/1.1 200) 9 headers in 357 bytes (1 switches on core 0)
Feb 17 15:30:30.065454 np0000156027 devstack@n-api.service[100155]: DEBUG nova.api.openstack.wsgi [None req-32ca00fd-79f2-4b5c-b27b-4c75b7b6a598 demo demo] Calling method '>' {{(pid=100155) _process_stack /opt/stack/nova/nova/api/openstack/wsgi.py:551}}
Feb 17 15:30:30.068321 np0000156027 devstack@n-api.service[100155]: DEBUG nova.compute.api [None req-32ca00fd-79f2-4b5c-b27b-4c75b7b6a598 demo demo] [instance: af7ab168-8551-487f-b8af-1aea70369fc9] Fetching instance by UUID {{(pid=100155) get /opt/stack/nova/nova/compute/api.py:3048}}
Feb 17 15:30:30.072773 np0000156027 devstack@n-api.service[100155]: DEBUG oslo_concurrency.lockutils [None req-32ca00fd-79f2-4b5c-b27b-4c75b7b6a598 demo demo] Acquiring lock "51bcd2bf-ae4e-4828-8f5d-e28b670182a0" by "nova.context.set_target_cell..get_or_set_cached_cell_and_set_connections" {{(pid=100155) inner /opt/stack/data/venv/lib/python3.12/site-packages/oslo_concurrency/lockutils.py:506}}
Feb 17 15:30:30.072968 np0000156027 devstack@n-api.service[100155]: DEBUG oslo_concurrency.lockutils [None req-32ca00fd-79f2-4b5c-b27b-4c75b7b6a598 demo demo] Lock "51bcd2bf-ae4e-4828-8f5d-e28b670182a0" acquired by "nova.context.set_target_cell..get_or_set_cached_cell_and_set_connections" :: waited 0.000s {{(pid=100155) inner /opt/stack/data/venv/lib/python3.12/site-packages/oslo_concurrency/lockutils.py:519}}
Feb 17 15:30:30.073080 np0000156027 devstack@n-api.service[100155]: DEBUG oslo_concurrency.lockutils [None req-32ca00fd-79f2-4b5c-b27b-4c75b7b6a598 demo demo] Lock "51bcd2bf-ae4e-4828-8f5d-e28b670182a0" "released" by "nova.context.set_target_cell..get_or_set_cached_cell_and_set_connections" :: held 0.000s {{(pid=100155) inner /opt/stack/data/venv/lib/python3.12/site-packages/oslo_concurrency/lockutils.py:538}}
Feb 17 15:30:30.073300 np0000156027 devstack@n-api.service[100155]: DEBUG oslo_concurrency.lockutils [None req-32ca00fd-79f2-4b5c-b27b-4c75b7b6a598 demo demo] Acquiring lock "51bcd2bf-ae4e-4828-8f5d-e28b670182a0" by "nova.context.set_target_cell..get_or_set_cached_cell_and_set_connections" {{(pid=100155) inner /opt/stack/data/venv/lib/python3.12/site-packages/oslo_concurrency/lockutils.py:506}}
Feb 17 15:30:30.073410 np0000156027 devstack@n-api.service[100155]: DEBUG oslo_concurrency.lockutils [None req-32ca00fd-79f2-4b5c-b27b-4c75b7b6a598 demo demo] Lock "51bcd2bf-ae4e-4828-8f5d-e28b670182a0" acquired by "nova.context.set_target_cell..get_or_set_cached_cell_and_set_connections" :: waited 0.000s {{(pid=100155) inner /opt/stack/data/venv/lib/python3.12/site-packages/oslo_concurrency/lockutils.py:519}}
Feb 17 15:30:30.073638 np0000156027 devstack@n-api.service[100155]: DEBUG oslo_concurrency.lockutils [None req-32ca00fd-79f2-4b5c-b27b-4c75b7b6a598 demo demo] Lock "51bcd2bf-ae4e-4828-8f5d-e28b670182a0" "released" by "nova.context.set_target_cell..get_or_set_cached_cell_and_set_connections" :: held 0.000s {{(pid=100155) inner /opt/stack/data/venv/lib/python3.12/site-packages/oslo_concurrency/lockutils.py:538}}
Feb 17 15:30:30.096924 np0000156027 devstack@n-api.service[100155]: WARNING neutronclient.v2_0.client [None req-32ca00fd-79f2-4b5c-b27b-4c75b7b6a598 demo demo] The python binding code in neutronclient is deprecated in favor of OpenstackSDK, please use that as this will be removed in a future release.
Feb 17 15:30:30.118582 np0000156027 devstack@n-api.service[100158]: DEBUG dbcounter [-] [100158] Writing DB stats nova_cell0:SELECT=1 {{(pid=100158) stat_writer /opt/stack/data/venv/lib/python3.12/site-packages/dbcounter.py:115}}
Feb 17 15:30:30.203079 np0000156027 devstack@n-api.service[100155]: DEBUG dbcounter [-] [100155] Writing DB stats nova_cell0:SELECT=8 {{(pid=100155) stat_writer /opt/stack/data/venv/lib/python3.12/site-packages/dbcounter.py:115}}
Feb 17 15:30:30.208121 np0000156027 devstack@n-api.service[100156]: DEBUG nova.policy [None req-f5be8479-e900-4a67-a3cc-e3d4e0a5964b demo demo] Policy check for os_compute_api:os-extended-server-attributes failed with credentials {'is_admin': False, 'user_id': '3b650c5117bf450ab4d7aeee026ac1c3', 'user_domain_id': 'default', 'system_scope': None, 'domain_id': None, 'project_id': '9a931ddbf79b4b7e893146b09f7b2e54', 'project_domain_id': 'default', 'roles': ['reader', 'member', 'anotherrole', 'load-balancer_member'], 'is_admin_project': True, 'service_user_id': None, 'service_user_domain_id': None, 'service_project_id': None, 'service_project_domain_id': None, 'service_roles': []} {{(pid=100156) authorize /opt/stack/nova/nova/policy.py:192}}
Feb 17 15:30:30.215717 np0000156027 devstack@n-api.service[100156]: DEBUG nova.policy [None req-f5be8479-e900-4a67-a3cc-e3d4e0a5964b demo demo] Policy check for os_compute_api:servers:show:host_status failed with credentials {'is_admin': False, 'user_id': '3b650c5117bf450ab4d7aeee026ac1c3', 'user_domain_id': 'default', 'system_scope': None, 'domain_id': None, 'project_id': '9a931ddbf79b4b7e893146b09f7b2e54', 'project_domain_id': 'default', 'roles': ['reader', 'member', 'anotherrole', 'load-balancer_member'], 'is_admin_project': True, 'service_user_id': None, 'service_user_domain_id': None, 'service_project_id': None, 'service_project_domain_id': None, 'service_roles': []} {{(pid=100156) authorize /opt/stack/nova/nova/policy.py:192}}
Feb 17 15:30:30.216523 np0000156027 devstack@n-api.service[100156]: DEBUG nova.policy [None req-f5be8479-e900-4a67-a3cc-e3d4e0a5964b demo demo] Policy check for os_compute_api:servers:show:host_status:unknown-only failed with credentials {'is_admin': False, 'user_id': '3b650c5117bf450ab4d7aeee026ac1c3', 'user_domain_id': 'default', 'system_scope': None, 'domain_id': None, 'project_id': '9a931ddbf79b4b7e893146b09f7b2e54', 'project_domain_id': 'default', 'roles': ['reader', 'member', 'anotherrole', 'load-balancer_member'], 'is_admin_project': True, 'service_user_id': None, 'service_user_domain_id': None, 'service_project_id': None, 'service_project_domain_id': None, 'service_roles': []} {{(pid=100156) authorize /opt/stack/nova/nova/policy.py:192}}
Feb 17 15:30:30.217169 np0000156027 devstack@n-api.service[100156]: INFO nova.api.openstack.requestlog [None req-f5be8479-e900-4a67-a3cc-e3d4e0a5964b demo demo] 172.18.0.2 "GET /compute/v2.1/servers/cb57c8d2-ec2f-4170-8ebf-6bca4695e58b" status: 200 len: 1418 microversion: 2.38 time: 0.256237
Feb 17 15:30:30.217537 np0000156027 devstack@n-api.service[100156]: [pid: 100156|app: 0|req: 36/151] 199.204.45.229 () {68 vars in 1486 bytes} [Tue Feb 17 15:30:29 2026] GET /compute/v2.1/servers/cb57c8d2-ec2f-4170-8ebf-6bca4695e58b => generated 1418 bytes in 257 msecs (HTTP/1.1 200) 9 headers in 360 bytes (1 switches on core 0)
Feb 17 15:30:30.292789 np0000156027 devstack@n-api.service[100155]: DEBUG nova.policy [None req-32ca00fd-79f2-4b5c-b27b-4c75b7b6a598 demo demo] Policy check for os_compute_api:os-extended-server-attributes failed with credentials {'is_admin': False, 'user_id': '3b650c5117bf450ab4d7aeee026ac1c3', 'user_domain_id': 'default', 'system_scope': None, 'domain_id': None, 'project_id': '9a931ddbf79b4b7e893146b09f7b2e54', 'project_domain_id': 'default', 'roles': ['reader', 'member', 'anotherrole', 'load-balancer_member'], 'is_admin_project': True, 'service_user_id': None, 'service_user_domain_id': None, 'service_project_id': None, 'service_project_domain_id': None, 'service_roles': []} {{(pid=100155) authorize /opt/stack/nova/nova/policy.py:192}}
Feb 17 15:30:30.297609 np0000156027 devstack@n-api.service[100155]: DEBUG nova.policy [None req-32ca00fd-79f2-4b5c-b27b-4c75b7b6a598 demo demo] Policy check for os_compute_api:servers:show:host_status failed with credentials {'is_admin': False, 'user_id': '3b650c5117bf450ab4d7aeee026ac1c3', 'user_domain_id': 'default', 'system_scope': None, 'domain_id': None, 'project_id': '9a931ddbf79b4b7e893146b09f7b2e54', 'project_domain_id': 'default', 'roles': ['reader', 'member', 'anotherrole', 'load-balancer_member'], 'is_admin_project': True, 'service_user_id': None, 'service_user_domain_id': None, 'service_project_id': None, 'service_project_domain_id': None, 'service_roles': []} {{(pid=100155) authorize /opt/stack/nova/nova/policy.py:192}}
Feb 17 15:30:30.298205 np0000156027 devstack@n-api.service[100155]: DEBUG nova.policy [None req-32ca00fd-79f2-4b5c-b27b-4c75b7b6a598 demo demo] Policy check for os_compute_api:servers:show:host_status:unknown-only failed with credentials {'is_admin': False, 'user_id': '3b650c5117bf450ab4d7aeee026ac1c3', 'user_domain_id': 'default', 'system_scope': None, 'domain_id': None, 'project_id': '9a931ddbf79b4b7e893146b09f7b2e54', 'project_domain_id': 'default', 'roles': ['reader', 'member', 'anotherrole', 'load-balancer_member'], 'is_admin_project': True, 'service_user_id': None, 'service_user_domain_id': None, 'service_project_id': None, 'service_project_domain_id': None, 'service_roles': []} {{(pid=100155) authorize /opt/stack/nova/nova/policy.py:192}}
Feb 17 15:30:30.298861 np0000156027 devstack@n-api.service[100155]: INFO nova.api.openstack.requestlog [None req-32ca00fd-79f2-4b5c-b27b-4c75b7b6a598 demo demo] 172.18.0.2 "GET /compute/v2.1/servers/af7ab168-8551-487f-b8af-1aea70369fc9" status: 200 len: 1418 microversion: 2.38 time: 0.237811
Feb 17 15:30:30.299244 np0000156027 devstack@n-api.service[100155]: [pid: 100155|app: 0|req: 39/152] 199.204.45.229 () {68 vars in 1486 bytes} [Tue Feb 17 15:30:30 2026] GET /compute/v2.1/servers/af7ab168-8551-487f-b8af-1aea70369fc9 => generated 1418 bytes in 239 msecs (HTTP/1.1 200) 9 headers in 360 bytes (1 switches on core 0)
Feb 17 15:30:30.312124 np0000156027 devstack@n-api.service[100156]: DEBUG dbcounter [-] [100156] Writing DB stats nova_cell0:SELECT=8 {{(pid=100156) stat_writer /opt/stack/data/venv/lib/python3.12/site-packages/dbcounter.py:115}}
Feb 17 15:30:31.410197 np0000156027 devstack@n-api.service[100157]: DEBUG nova.api.openstack.wsgi [req-dd3903a3-1ee6-46d5-a600-69ffa65c87d1 req-bb4c25d6-076f-48a7-9441-33d44db8e644 service nova] Action: 'create', calling method: >, body: {"events": [{"server_uuid": "cb57c8d2-ec2f-4170-8ebf-6bca4695e58b", "name": "network-vif-plugged", "status": "completed", "tag": "a74ae810-6609-43e2-b3fb-a41a4e9ec304"}]} {{(pid=100157) _process_stack /opt/stack/nova/nova/api/openstack/wsgi.py:549}}
Feb 17 15:30:31.415229 np0000156027 devstack@n-api.service[100157]: DEBUG oslo_concurrency.lockutils [req-dd3903a3-1ee6-46d5-a600-69ffa65c87d1 req-bb4c25d6-076f-48a7-9441-33d44db8e644 service nova] Acquiring lock "51bcd2bf-ae4e-4828-8f5d-e28b670182a0" by "nova.context.set_target_cell..get_or_set_cached_cell_and_set_connections" {{(pid=100157) inner /opt/stack/data/venv/lib/python3.12/site-packages/oslo_concurrency/lockutils.py:506}}
Feb 17 15:30:31.415389 np0000156027 devstack@n-api.service[100157]: DEBUG oslo_concurrency.lockutils [req-dd3903a3-1ee6-46d5-a600-69ffa65c87d1 req-bb4c25d6-076f-48a7-9441-33d44db8e644 service nova] Lock "51bcd2bf-ae4e-4828-8f5d-e28b670182a0" acquired by "nova.context.set_target_cell..get_or_set_cached_cell_and_set_connections" :: waited 0.000s {{(pid=100157) inner /opt/stack/data/venv/lib/python3.12/site-packages/oslo_concurrency/lockutils.py:519}}
Feb 17 15:30:31.415528 np0000156027 devstack@n-api.service[100157]: DEBUG oslo_concurrency.lockutils [req-dd3903a3-1ee6-46d5-a600-69ffa65c87d1 req-bb4c25d6-076f-48a7-9441-33d44db8e644 service nova] Lock "51bcd2bf-ae4e-4828-8f5d-e28b670182a0" "released" by "nova.context.set_target_cell..get_or_set_cached_cell_and_set_connections" :: held 0.000s {{(pid=100157) inner /opt/stack/data/venv/lib/python3.12/site-packages/oslo_concurrency/lockutils.py:538}}
Feb 17 15:30:31.421380 np0000156027 devstack@n-api.service[100157]: INFO nova.api.openstack.compute.server_external_events [req-dd3903a3-1ee6-46d5-a600-69ffa65c87d1 req-bb4c25d6-076f-48a7-9441-33d44db8e644 service nova] Creating event network-vif-plugged:a74ae810-6609-43e2-b3fb-a41a4e9ec304 for instance cb57c8d2-ec2f-4170-8ebf-6bca4695e58b on np0000156027
Feb 17 15:30:31.425293 np0000156027 devstack@n-api.service[100157]: INFO nova.api.openstack.requestlog [req-dd3903a3-1ee6-46d5-a600-69ffa65c87d1 req-bb4c25d6-076f-48a7-9441-33d44db8e644 service nova] 199.204.45.229 "POST /compute/v2.1/os-server-external-events" status: 200 len: 183 microversion: 2.1 time: 0.048771
Feb 17 15:30:31.425557 np0000156027 devstack@n-api.service[100157]: [pid: 100157|app: 0|req: 40/153] 199.204.45.229 () {72 vars in 1463 bytes} [Tue Feb 17 15:30:31 2026] POST /compute/v2.1/os-server-external-events => generated 183 bytes in 50 msecs (HTTP/1.1 200) 9 headers in 357 bytes (1 switches on core 0)
