+ COMMAND=start + start + for KEYSTONE_WSGI_SCRIPT in keystone-wsgi-public ++ type -p keystone-wsgi-public + cp -a /var/lib/openstack/bin/keystone-wsgi-public /var/www/cgi-bin/keystone/ + '[' -f /etc/apache2/envvars ']' + source /etc/apache2/envvars ++ unset HOME ++ '[' '' '!=' '' ']' ++ SUFFIX= ++ export APACHE_RUN_USER=www-data ++ APACHE_RUN_USER=www-data ++ export APACHE_RUN_GROUP=www-data ++ APACHE_RUN_GROUP=www-data ++ export APACHE_PID_FILE=/var/run/apache2/apache2.pid ++ APACHE_PID_FILE=/var/run/apache2/apache2.pid ++ export APACHE_RUN_DIR=/var/run/apache2 ++ APACHE_RUN_DIR=/var/run/apache2 ++ export APACHE_LOCK_DIR=/var/lock/apache2 ++ APACHE_LOCK_DIR=/var/lock/apache2 ++ export APACHE_LOG_DIR=/var/log/apache2 ++ APACHE_LOG_DIR=/var/log/apache2 ++ export LANG=C ++ LANG=C ++ export LANG + '[' -f /var/run/apache2/apache2.pid ']' + exec apache2 -DFOREGROUND AH00558: apache2: Could not reliably determine the server's fully qualified domain name, using 10.0.0.239. Set the 'ServerName' directive globally to suppress this message AH00558: apache2: Could not reliably determine the server's fully qualified domain name, using 10.0.0.239. Set the 'ServerName' directive globally to suppress this message
[Wed May 20 19:56:36.374627 2026] [mpm_event:notice] [pid 1:tid 140620525602688] AH00489: Apache/2.4.58 (Ubuntu) mod_wsgi/5.0.0 Python/3.12 configured -- resuming normal operations
[Wed May 20 19:56:36.374757 2026] [core:notice] [pid 1:tid 140620525602688] AH00094: Command line: 'apache2 -D FOREGROUND'
[Wed May 20 19:57:33.652794 2026] [wsgi:error] [pid 12:tid 140619888830144] /var/lib/openstack/lib/python3.12/site-packages/oslo_utils/importutils.py:77: EventletDeprecationWarning:
[Wed May 20 19:57:33.652838 2026] [wsgi:error] [pid 12:tid 140619888830144] Eventlet is deprecated. It is currently being maintained in bugfix mode, and
[Wed May 20 19:57:33.652840 2026] [wsgi:error] [pid 12:tid 140619888830144] we strongly recommend against using it for new projects.
[Wed May 20 19:57:33.652841 2026] [wsgi:error] [pid 12:tid 140619888830144]
[Wed May 20 19:57:33.652842 2026] [wsgi:error] [pid 12:tid 140619888830144] If you are already using Eventlet, we recommend migrating to a different
[Wed May 20 19:57:33.652843 2026] [wsgi:error] [pid 12:tid 140619888830144] framework. For more detail see
[Wed May 20 19:57:33.652845 2026] [wsgi:error] [pid 12:tid 140619888830144] https://eventlet.readthedocs.io/en/latest/asyncio/migration.html
[Wed May 20 19:57:33.652846 2026] [wsgi:error] [pid 12:tid 140619888830144]
[Wed May 20 19:57:33.652847 2026] [wsgi:error] [pid 12:tid 140619888830144] __import__(import_str)
[Wed May 20 19:57:33.677113 2026] [wsgi:error] [pid 11:tid 140619888830144] /var/lib/openstack/lib/python3.12/site-packages/oslo_utils/importutils.py:77: EventletDeprecationWarning:
[Wed May 20 19:57:33.677179 2026] [wsgi:error] [pid 11:tid 140619888830144] Eventlet is deprecated. It is currently being maintained in bugfix mode, and
[Wed May 20 19:57:33.677181 2026] [wsgi:error] [pid 11:tid 140619888830144] we strongly recommend against using it for new projects.
[Wed May 20 19:57:33.677183 2026] [wsgi:error] [pid 11:tid 140619888830144]
[Wed May 20 19:57:33.677184 2026] [wsgi:error] [pid 11:tid 140619888830144] If you are already using Eventlet, we recommend migrating to a different
[Wed May 20 19:57:33.677185 2026] [wsgi:error] [pid 11:tid 140619888830144] framework. For more detail see
[Wed May 20 19:57:33.677187 2026] [wsgi:error] [pid 11:tid 140619888830144] https://eventlet.readthedocs.io/en/latest/asyncio/migration.html
[Wed May 20 19:57:33.677188 2026] [wsgi:error] [pid 11:tid 140619888830144]
[Wed May 20 19:57:33.677190 2026] [wsgi:error] [pid 11:tid 140619888830144] __import__(import_str) 10.0.0.242 - - [20/May/2026:19:57:32 +0000] "GET /v3/ HTTP/1.1" 200 250 10.0.0.242 - - [20/May/2026:19:57:32 +0000] "GET /v3/ HTTP/1.1" 200 250
[Wed May 20 19:57:45.968281 2026] [wsgi:error] [pid 9:tid 140619888830144] /var/lib/openstack/lib/python3.12/site-packages/oslo_utils/importutils.py:77: EventletDeprecationWarning:
[Wed May 20 19:57:45.968325 2026] [wsgi:error] [pid 9:tid 140619888830144] Eventlet is deprecated. It is currently being maintained in bugfix mode, and
[Wed May 20 19:57:45.968326 2026] [wsgi:error] [pid 9:tid 140619888830144] we strongly recommend against using it for new projects.
[Wed May 20 19:57:45.968327 2026] [wsgi:error] [pid 9:tid 140619888830144]
[Wed May 20 19:57:45.968329 2026] [wsgi:error] [pid 9:tid 140619888830144] If you are already using Eventlet, we recommend migrating to a different
[Wed May 20 19:57:45.968330 2026] [wsgi:error] [pid 9:tid 140619888830144] framework. For more detail see
[Wed May 20 19:57:45.968331 2026] [wsgi:error] [pid 9:tid 140619888830144] https://eventlet.readthedocs.io/en/latest/asyncio/migration.html
[Wed May 20 19:57:45.968332 2026] [wsgi:error] [pid 9:tid 140619888830144]
[Wed May 20 19:57:45.968333 2026] [wsgi:error] [pid 9:tid 140619888830144] __import__(import_str) 10.0.0.76 - - [20/May/2026:19:57:45 +0000] "GET / HTTP/1.1" 300 295
[Wed May 20 19:57:51.304457 2026] [wsgi:error] [pid 10:tid 140619888830144] /var/lib/openstack/lib/python3.12/site-packages/oslo_utils/importutils.py:77: EventletDeprecationWarning:
[Wed May 20 19:57:51.304553 2026] [wsgi:error] [pid 10:tid 140619888830144] Eventlet is deprecated. It is currently being maintained in bugfix mode, and
[Wed May 20 19:57:51.304566 2026] [wsgi:error] [pid 10:tid 140619888830144] we strongly recommend against using it for new projects.
[Wed May 20 19:57:51.304576 2026] [wsgi:error] [pid 10:tid 140619888830144]
[Wed May 20 19:57:51.304586 2026] [wsgi:error] [pid 10:tid 140619888830144] If you are already using Eventlet, we recommend migrating to a different
[Wed May 20 19:57:51.304597 2026] [wsgi:error] [pid 10:tid 140619888830144] framework. For more detail see
[Wed May 20 19:57:51.304608 2026] [wsgi:error] [pid 10:tid 140619888830144] https://eventlet.readthedocs.io/en/latest/asyncio/migration.html
[Wed May 20 19:57:51.304618 2026] [wsgi:error] [pid 10:tid 140619888830144]
[Wed May 20 19:57:51.304628 2026] [wsgi:error] [pid 10:tid 140619888830144] __import__(import_str)
[Wed May 20 19:57:55.846614 2026] [wsgi:error] [pid 10:tid 140619888830144] [remote 10.0.0.76:52882] 2026-05-20 19:57:55.843 10 WARNING keystone.identity.core [None req-fd9837e0-5c8c-4747-9c66-f093a21f8cfe - - - - - -] Invalid domain name (atmosphere) found in config file name: keystone.exception.DomainNotFound: Could not find domain: atmosphere.
[Wed May 20 19:57:55.897855 2026] [wsgi:error] [pid 10:tid 140619888830144] [remote 10.0.0.76:52882] 2026-05-20 19:57:55.897 10 WARNING keystone.common.password_hashing [None req-fd9837e0-5c8c-4747-9c66-f093a21f8cfe - - - - - -] Truncating password to algorithm specific maximum length 72 characters.
[Wed May 20 19:57:56.177998 2026] [wsgi:error] [pid 10:tid 140619888830144] [remote 10.0.0.76:52882] 2026-05-20 19:57:56.177 10 WARNING keystone.common.fernet_utils [None req-fd9837e0-5c8c-4747-9c66-f093a21f8cfe - - - - - -] key_repository is world readable: /etc/keystone/fernet-keys/ 10.0.0.76 - - [20/May/2026:19:57:50 +0000] "POST /v3/auth/tokens HTTP/1.1" 201 1359
[Wed May 20 19:57:56.520707 2026] [wsgi:error] [pid 12:tid 140619888830144] [remote 10.0.0.76:52882] 2026-05-20 19:57:56.518 12 WARNING keystone.identity.core [None req-8afc5780-85a6-476d-8725-964f5212dd75 - - - - - -] Invalid domain name (atmosphere) found in config file name: keystone.exception.DomainNotFound: Could not find domain: atmosphere. 10.0.0.76 - - [20/May/2026:19:57:56 +0000] "POST /v3/domains HTTP/1.1" 201 261 10.0.0.151 - - [20/May/2026:19:58:07 +0000] "GET / HTTP/1.1" 300 295
[Wed May 20 19:58:07.884207 2026] [wsgi:error] [pid 9:tid 140619888830144] [remote 10.0.0.151:60174] 2026-05-20 19:58:07.883 9 WARNING keystone.common.password_hashing [None req-3aa7832e-4962-4361-b3c4-ac13c4d09263 - - - - - -] Truncating password to algorithm specific maximum length 72 characters.
[Wed May 20 19:58:08.166938 2026] [wsgi:error] [pid 9:tid 140619888830144] [remote 10.0.0.151:60174] 2026-05-20 19:58:08.166 9 WARNING keystone.common.fernet_utils [None req-3aa7832e-4962-4361-b3c4-ac13c4d09263 - - - - - -] key_repository is world readable: /etc/keystone/fernet-keys/ 10.0.0.151 - - [20/May/2026:19:58:07 +0000] "POST /v3/auth/tokens HTTP/1.1" 201 1359 10.0.0.151 - - [20/May/2026:19:58:08 +0000] "GET /v3/roles/admin HTTP/1.1" 404 83
[Wed May 20 19:58:08.391570 2026] [wsgi:error] [pid 12:tid 140619888830144] [remote 10.0.0.151:60174] 2026-05-20 19:58:08.391 12 WARNING keystone.common.rbac_enforcer.enforcer [None req-04a925f8-98a4-4787-a52f-291a55ea3807 fd7bbd98a1484c28aa3d699d62d95f37 c66f73c1849c401d8b37279c8cc3777c - - default default] Deprecated policy rules found. Use oslopolicy-policy-generator and oslopolicy-policy-upgrade to detect and resolve deprecated policies in your configuration. 10.0.0.151 - - [20/May/2026:19:58:08 +0000] "GET /v3/roles?name=admin HTTP/1.1" 200 389
[Wed May 20 19:58:08.748884 2026] [wsgi:error] [pid 11:tid 140619888830144] [remote 10.0.0.151:60174] 2026-05-20 19:58:08.748 11 WARNING keystone.common.rbac_enforcer.enforcer [None req-76357aaf-7bbb-4cb4-9e53-e90fcc6bbc9e fd7bbd98a1484c28aa3d699d62d95f37 c66f73c1849c401d8b37279c8cc3777c - - default default] Deprecated policy rules found. Use oslopolicy-policy-generator and oslopolicy-policy-upgrade to detect and resolve deprecated policies in your configuration. 10.0.0.151 - - [20/May/2026:19:58:08 +0000] "GET /v3/users/admin-RegionOne HTTP/1.1" 404 93
[Wed May 20 19:58:08.890914 2026] [wsgi:error] [pid 9:tid 140619888830144] [remote 10.0.0.151:60174] 2026-05-20 19:58:08.890 9 WARNING keystone.common.rbac_enforcer.enforcer [None req-b402b81d-d5bd-4518-ad68-f05ab052bcd6 fd7bbd98a1484c28aa3d699d62d95f37 c66f73c1849c401d8b37279c8cc3777c - - default default] Deprecated policy rules found. Use oslopolicy-policy-generator and oslopolicy-policy-upgrade to detect and resolve deprecated policies in your configuration. 10.0.0.151 - - [20/May/2026:19:58:08 +0000] "GET /v3/users?name=admin-RegionOne HTTP/1.1" 200 422
[Wed May 20 19:58:09.066667 2026] [wsgi:error] [pid 10:tid 140619888830144] [remote 10.0.0.151:60174] 2026-05-20 19:58:09.066 10 WARNING keystone.common.rbac_enforcer.enforcer [None req-0f9330f3-f7c5-4d65-a779-f83f6a23a5b6 fd7bbd98a1484c28aa3d699d62d95f37 c66f73c1849c401d8b37279c8cc3777c - - default default] Deprecated policy rules found. Use oslopolicy-policy-generator and oslopolicy-policy-upgrade to detect and resolve deprecated policies in your configuration. 10.0.0.151 - - [20/May/2026:19:58:08 +0000] "GET /v3/domains/default HTTP/1.1" 200 224 10.0.0.151 - - [20/May/2026:19:58:09 +0000] "PUT /v3/domains/default/users/fd7bbd98a1484c28aa3d699d62d95f37/roles/5678bfd68666484bb1705af7fe27400b HTTP/1.1" 204 - 10.0.0.242 - - [20/May/2026:19:58:18 +0000] "GET / HTTP/1.1" 300 280 10.0.0.242 - - [20/May/2026:19:58:19 +0000] "GET /v3 HTTP/1.1" 200 265
[Wed May 20 19:58:20.013204 2026] [wsgi:error] [pid 10:tid 140619888830144] [remote 10.0.0.242:47618] 2026-05-20 19:58:20.013 10 WARNING keystone.common.password_hashing [None req-198a32c4-f2fe-48ff-90b8-a20f9aeae244 - - - - - -] Truncating password to algorithm specific maximum length 72 characters.
[Wed May 20 19:58:20.289024 2026] [wsgi:error] [pid 10:tid 140619888830144] [remote 10.0.0.242:47618] 2026-05-20 19:58:20.288 10 WARNING keystone.common.fernet_utils [None req-198a32c4-f2fe-48ff-90b8-a20f9aeae244 - - - - - -] key_repository is world readable: /etc/keystone/fernet-keys/ 10.0.0.242 - - [20/May/2026:19:58:19 +0000] "POST /v3/auth/tokens HTTP/1.1" 201 1359 10.0.0.242 - - [20/May/2026:19:58:20 +0000] "GET / HTTP/1.1" 300 280 10.0.0.242 - - [20/May/2026:19:58:20 +0000] "GET /v3/domains/atmosphere HTTP/1.1" 404 90 10.0.0.242 - - [20/May/2026:19:58:20 +0000] "GET /v3/domains?name=atmosphere HTTP/1.1" 200 368 10.0.0.242 - - [20/May/2026:19:58:20 +0000] "GET /v3/domains/1c815e1e6f384dc99c0f969f797ef506 HTTP/1.1" 200 246 10.0.0.242 - - [20/May/2026:19:58:21 +0000] "GET /v3 HTTP/1.1" 200 265
[Wed May 20 19:58:21.465196 2026] [wsgi:error] [pid 11:tid 140619888830144] [remote 10.0.0.242:47618] 2026-05-20 19:58:21.464 11 WARNING keystone.common.password_hashing [None req-fef223a0-c705-4123-93c1-906967694f73 - - - - - -] Truncating password to algorithm specific maximum length 72 characters.
[Wed May 20 19:58:21.743129 2026] [wsgi:error] [pid 11:tid 140619888830144] [remote 10.0.0.242:47618] 2026-05-20 19:58:21.742 11 WARNING keystone.common.fernet_utils [None req-fef223a0-c705-4123-93c1-906967694f73 - - - - - -] key_repository is world readable: /etc/keystone/fernet-keys/ 10.0.0.242 - - [20/May/2026:19:58:21 +0000] "POST /v3/auth/tokens HTTP/1.1" 201 1359 10.0.0.242 - - [20/May/2026:19:58:21 +0000] "GET / HTTP/1.1" 300 280 10.0.0.242 - - [20/May/2026:19:58:21 +0000] "GET /v3/OS-FEDERATION/identity_providers/atmosphere HTTP/1.1" 404 101 10.0.0.242 - - [20/May/2026:19:58:21 +0000] "GET /v3/OS-FEDERATION/identity_providers HTTP/1.1" 200 155 10.0.0.242 - - [20/May/2026:19:58:21 +0000] "PUT /v3/OS-FEDERATION/identity_providers/atmosphere HTTP/1.1" 201 340 10.0.0.242 - - [20/May/2026:19:58:22 +0000] "GET /v3 HTTP/1.1" 200 265
[Wed May 20 19:58:22.620899 2026] [wsgi:error] [pid 10:tid 140619888830144] [remote 10.0.0.242:47618] 2026-05-20 19:58:22.620 10 WARNING keystone.common.password_hashing [None req-182739fc-3e01-4e2d-b7fe-16b2c5f6f171 - - - - - -] Truncating password to algorithm specific maximum length 72 characters.
[Wed May 20 19:58:22.896341 2026] [wsgi:error] [pid 10:tid 140619888830144] [remote 10.0.0.242:47618] 2026-05-20 19:58:22.896 10 WARNING keystone.common.fernet_utils [None req-182739fc-3e01-4e2d-b7fe-16b2c5f6f171 - - - - - -] key_repository is world readable: /etc/keystone/fernet-keys/ 10.0.0.242 - - [20/May/2026:19:58:22 +0000] "POST /v3/auth/tokens HTTP/1.1" 201 1359 10.0.0.242 - - [20/May/2026:19:58:22 +0000] "GET / HTTP/1.1" 300 280 10.0.0.242 - - [20/May/2026:19:58:22 +0000] "GET /v3/OS-FEDERATION/mappings/atmosphere-openid HTTP/1.1" 404 98 10.0.0.242 - - [20/May/2026:19:58:22 +0000] "GET /v3/OS-FEDERATION/mappings HTTP/1.1" 200 135 10.0.0.242 - - [20/May/2026:19:58:22 +0000] "PUT /v3/OS-FEDERATION/mappings/atmosphere-openid HTTP/1.1" 201 356 10.0.0.242 - - [20/May/2026:19:58:23 +0000] "GET /v3 HTTP/1.1" 200 265
[Wed May 20 19:58:23.678534 2026] [wsgi:error] [pid 11:tid 140619888830144] [remote 10.0.0.242:41246] 2026-05-20 19:58:23.678 11 WARNING keystone.common.password_hashing [None req-1b9b9f08-65a8-47e6-81eb-955c57006d59 - - - - - -] Truncating password to algorithm specific maximum length 72 characters.
[Wed May 20 19:58:23.966584 2026] [wsgi:error] [pid 11:tid 140619888830144] [remote 10.0.0.242:41246] 2026-05-20 19:58:23.966 11 WARNING keystone.common.fernet_utils [None req-1b9b9f08-65a8-47e6-81eb-955c57006d59 - - - - - -] key_repository is world readable: /etc/keystone/fernet-keys/ 10.0.0.242 - - [20/May/2026:19:58:23 +0000] "POST /v3/auth/tokens HTTP/1.1" 201 1359 10.0.0.242 - - [20/May/2026:19:58:23 +0000] "GET / HTTP/1.1" 300 280 10.0.0.242 - - [20/May/2026:19:58:23 +0000] "GET /v3/OS-FEDERATION/identity_providers/atmosphere/protocols/openid?idp_id=atmosphere HTTP/1.1" 404 131 10.0.0.242 - - [20/May/2026:19:58:24 +0000] "GET /v3/OS-FEDERATION/identity_providers/atmosphere/protocols HTTP/1.1" 200 167 10.0.0.242 - - [20/May/2026:19:58:24 +0000] "PUT /v3/OS-FEDERATION/identity_providers/atmosphere/protocols/openid HTTP/1.1" 201 222 10.0.0.242 - - [20/May/2026:19:58:32 +0000] "GET /v3/ HTTP/1.1" 200 250 10.0.0.242 - - [20/May/2026:19:58:32 +0000] "GET /v3/ HTTP/1.1" 200 250 10.0.0.242 - - [20/May/2026:19:59:32 +0000] "GET /v3/ HTTP/1.1" 200 250 10.0.0.242 - - [20/May/2026:19:59:32 +0000] "GET /v3/ HTTP/1.1" 200 250 10.0.0.147 - - [20/May/2026:19:59:49 +0000] "GET / HTTP/1.1" 300 295
[Wed May 20 19:59:49.263984 2026] [wsgi:error] [pid 9:tid 140619888830144] [remote 10.0.0.147:46308] 2026-05-20 19:59:49.263 9 WARNING keystone.common.password_hashing [None req-0816176d-9d98-4914-be95-301d4dbcf510 - - - - - -] Truncating password to algorithm specific maximum length 72 characters.
[Wed May 20 19:59:49.547502 2026] [wsgi:error] [pid 9:tid 140619888830144] [remote 10.0.0.147:46308] 2026-05-20 19:59:49.547 9 WARNING keystone.common.fernet_utils [None req-0816176d-9d98-4914-be95-301d4dbcf510 - - - - - -] key_repository is world readable: /etc/keystone/fernet-keys/ 10.0.0.147 - - [20/May/2026:19:59:49 +0000] "POST /v3/auth/tokens HTTP/1.1" 201 1359 10.0.0.147 - - [20/May/2026:19:59:49 +0000] "GET /v3/services HTTP/1.1" 200 355 10.0.0.147 - - [20/May/2026:19:59:53 +0000] "GET / HTTP/1.1" 300 295
[Wed May 20 19:59:53.238061 2026] [wsgi:error] [pid 10:tid 140619888830144] [remote 10.0.0.147:46322] 2026-05-20 19:59:53.237 10 WARNING keystone.common.password_hashing [None req-a0d58739-6695-4109-baff-91de3806fe98 - - - - - -] Truncating password to algorithm specific maximum length 72 characters.
[Wed May 20 19:59:53.521364 2026] [wsgi:error] [pid 10:tid 140619888830144] [remote 10.0.0.147:46322] 2026-05-20 19:59:53.521 10 WARNING keystone.common.fernet_utils [None req-a0d58739-6695-4109-baff-91de3806fe98 - - - - - -] key_repository is world readable: /etc/keystone/fernet-keys/ 10.0.0.147 - - [20/May/2026:19:59:53 +0000] "POST /v3/auth/tokens HTTP/1.1" 201 1359 10.0.0.147 - - [20/May/2026:19:59:53 +0000] "GET /v3/services HTTP/1.1" 200 355 10.0.0.147 - - [20/May/2026:19:59:56 +0000] "GET / HTTP/1.1" 300 295
[Wed May 20 19:59:57.009269 2026] [wsgi:error] [pid 11:tid 140619888830144] [remote 10.0.0.147:46336] 2026-05-20 19:59:57.009 11 WARNING keystone.common.password_hashing [None req-8654f240-0cf2-4191-bd4a-7f533c4b3150 - - - - - -] Truncating password to algorithm specific maximum length 72 characters.
[Wed May 20 19:59:57.286099 2026] [wsgi:error] [pid 11:tid 140619888830144] [remote 10.0.0.147:46336] 2026-05-20 19:59:57.285 11 WARNING keystone.common.fernet_utils [None req-8654f240-0cf2-4191-bd4a-7f533c4b3150 - - - - - -] key_repository is world readable: /etc/keystone/fernet-keys/ 10.0.0.147 - - [20/May/2026:19:59:56 +0000] "POST /v3/auth/tokens HTTP/1.1" 201 1359 10.0.0.147 - - [20/May/2026:19:59:57 +0000] "GET /v3/services HTTP/1.1" 200 355 10.0.0.147 - - [20/May/2026:20:00:00 +0000] "GET / HTTP/1.1" 300 295
[Wed May 20 20:00:00.886214 2026] [wsgi:error] [pid 12:tid 140619888830144] [remote 10.0.0.147:44868] 2026-05-20 20:00:00.885 12 WARNING keystone.common.password_hashing [None req-c0e0395a-6574-490b-9260-56c073f7fa95 - - - - - -] Truncating password to algorithm specific maximum length 72 characters.
[Wed May 20 20:00:01.160549 2026] [wsgi:error] [pid 12:tid 140619888830144] [remote 10.0.0.147:44868] 2026-05-20 20:00:01.160 12 WARNING keystone.common.fernet_utils [None req-c0e0395a-6574-490b-9260-56c073f7fa95 - - - - - -] key_repository is world readable: /etc/keystone/fernet-keys/ 10.0.0.147 - - [20/May/2026:20:00:00 +0000] "POST /v3/auth/tokens HTTP/1.1" 201 1359 10.0.0.147 - - [20/May/2026:20:00:01 +0000] "POST /v3/services HTTP/1.1" 201 296 10.0.0.102 - - [20/May/2026:20:00:12 +0000] "GET / HTTP/1.1" 300 295
[Wed May 20 20:00:12.689292 2026] [wsgi:error] [pid 9:tid 140619888830144] [remote 10.0.0.102:42344] 2026-05-20 20:00:12.689 9 WARNING keystone.common.password_hashing [None req-46986d48-97d5-44d1-b2cb-94a7225cf83d - - - - - -] Truncating password to algorithm specific maximum length 72 characters. 10.0.0.102 - - [20/May/2026:20:00:12 +0000] "GET / HTTP/1.1" 300 295
[Wed May 20 20:00:12.802833 2026] [wsgi:error] [pid 11:tid 140619888830144] [remote 10.0.0.102:42354] 2026-05-20 20:00:12.802 11 WARNING keystone.common.password_hashing [None req-a3e9ac22-cea0-4004-ad1e-6957474a7565 - - - - - -] Truncating password to algorithm specific maximum length 72 characters. 10.0.0.102 - - [20/May/2026:20:00:12 +0000] "GET / HTTP/1.1" 300 295
[Wed May 20 20:00:12.875810 2026] [wsgi:error] [pid 12:tid 140619888830144] [remote 10.0.0.102:42370] 2026-05-20 20:00:12.875 12 WARNING keystone.common.password_hashing [None req-7eb1a407-21a9-42ec-a9c1-c8bc1e0e84a4 - - - - - -] Truncating password to algorithm specific maximum length 72 characters.
[Wed May 20 20:00:12.958622 2026] [wsgi:error] [pid 9:tid 140619888830144] [remote 10.0.0.102:42344] 2026-05-20 20:00:12.958 9 WARNING keystone.common.fernet_utils [None req-46986d48-97d5-44d1-b2cb-94a7225cf83d - - - - - -] key_repository is world readable: /etc/keystone/fernet-keys/ 10.0.0.102 - - [20/May/2026:20:00:12 +0000] "POST /v3/auth/tokens HTTP/1.1" 201 1463
[Wed May 20 20:00:13.091266 2026] [wsgi:error] [pid 11:tid 140619888830144] [remote 10.0.0.102:42354] 2026-05-20 20:00:13.091 11 WARNING keystone.common.fernet_utils [None req-a3e9ac22-cea0-4004-ad1e-6957474a7565 - - - - - -] key_repository is world readable: /etc/keystone/fernet-keys/ 10.0.0.102 - - [20/May/2026:20:00:12 +0000] "POST /v3/auth/tokens HTTP/1.1" 201 1463 10.0.0.102 - - [20/May/2026:20:00:13 +0000] "GET /v3/services HTTP/1.1" 200 639
[Wed May 20 20:00:13.165683 2026] [wsgi:error] [pid 12:tid 140619888830144] [remote 10.0.0.102:42370] 2026-05-20 20:00:13.165 12 WARNING keystone.common.fernet_utils [None req-7eb1a407-21a9-42ec-a9c1-c8bc1e0e84a4 - - - - - -] key_repository is world readable: /etc/keystone/fernet-keys/ 10.0.0.102 - - [20/May/2026:20:00:12 +0000] "POST /v3/auth/tokens HTTP/1.1" 201 1463 10.0.0.102 - - [20/May/2026:20:00:13 +0000] "GET /v3/services HTTP/1.1" 200 639 10.0.0.102 - - [20/May/2026:20:00:13 +0000] "GET /v3/services HTTP/1.1" 200 639 10.0.0.102 - - [20/May/2026:20:00:14 +0000] "GET / HTTP/1.1" 300 295
[Wed May 20 20:00:14.596729 2026] [wsgi:error] [pid 12:tid 140619888830144] [remote 10.0.0.102:42380] 2026-05-20 20:00:14.596 12 WARNING keystone.common.password_hashing [None req-f0c4e18b-3462-497e-ac5a-7d3ae4b4b2a9 - - - - - -] Truncating password to algorithm specific maximum length 72 characters. 10.0.0.102 - - [20/May/2026:20:00:14 +0000] "GET / HTTP/1.1" 300 295 10.0.0.102 - - [20/May/2026:20:00:14 +0000] "GET / HTTP/1.1" 300 295
[Wed May 20 20:00:14.783547 2026] [wsgi:error] [pid 11:tid 140619888830144] [remote 10.0.0.102:42382] 2026-05-20 20:00:14.783 11 WARNING keystone.common.password_hashing [None req-60dcca1c-c59d-4dc8-ae69-7b550d1f5955 - - - - - -] Truncating password to algorithm specific maximum length 72 characters.
[Wed May 20 20:00:14.806103 2026] [wsgi:error] [pid 9:tid 140619888830144] [remote 10.0.0.102:42392] 2026-05-20 20:00:14.805 9 WARNING keystone.common.password_hashing [None req-b9f03e98-e7af-4265-8da1-62f2c39cbe28 - - - - - -] Truncating password to algorithm specific maximum length 72 characters.
[Wed May 20 20:00:14.873203 2026] [wsgi:error] [pid 12:tid 140619888830144] [remote 10.0.0.102:42380] 2026-05-20 20:00:14.873 12 WARNING keystone.common.fernet_utils [None req-f0c4e18b-3462-497e-ac5a-7d3ae4b4b2a9 - - - - - -] key_repository is world readable: /etc/keystone/fernet-keys/ 10.0.0.102 - - [20/May/2026:20:00:14 +0000] "POST /v3/auth/tokens HTTP/1.1" 201 1463 10.0.0.102 - - [20/May/2026:20:00:14 +0000] "GET /v3/endpoints HTTP/1.1" 200 1226 10.0.0.102 - - [20/May/2026:20:00:15 +0000] "GET /v3/services/2c2af8c750794932baea0bf28a95dacb HTTP/1.1" 200 233 10.0.0.102 - - [20/May/2026:20:00:15 +0000] "GET /v3/services/2c2af8c750794932baea0bf28a95dacb HTTP/1.1" 200 233
[Wed May 20 20:00:15.057734 2026] [wsgi:error] [pid 11:tid 140619888830144] [remote 10.0.0.102:42382] 2026-05-20 20:00:15.057 11 WARNING keystone.common.fernet_utils [None req-60dcca1c-c59d-4dc8-ae69-7b550d1f5955 - - - - - -] key_repository is world readable: /etc/keystone/fernet-keys/ 10.0.0.102 - - [20/May/2026:20:00:14 +0000] "POST /v3/auth/tokens HTTP/1.1" 201 1463 10.0.0.102 - - [20/May/2026:20:00:15 +0000] "GET /v3/services/2c2af8c750794932baea0bf28a95dacb HTTP/1.1" 200 233
[Wed May 20 20:00:15.079535 2026] [wsgi:error] [pid 9:tid 140619888830144] [remote 10.0.0.102:42392] 2026-05-20 20:00:15.079 9 WARNING keystone.common.fernet_utils [None req-b9f03e98-e7af-4265-8da1-62f2c39cbe28 - - - - - -] key_repository is world readable: /etc/keystone/fernet-keys/ 10.0.0.102 - - [20/May/2026:20:00:14 +0000] "POST /v3/auth/tokens HTTP/1.1" 201 1463 10.0.0.102 - - [20/May/2026:20:00:15 +0000] "GET /v3/endpoints HTTP/1.1" 200 1226 10.0.0.102 - - [20/May/2026:20:00:15 +0000] "GET /v3/services/2c2af8c750794932baea0bf28a95dacb HTTP/1.1" 200 233 10.0.0.102 - - [20/May/2026:20:00:15 +0000] "GET /v3/endpoints HTTP/1.1" 200 1226 10.0.0.102 - - [20/May/2026:20:00:15 +0000] "GET /v3/services/2c2af8c750794932baea0bf28a95dacb HTTP/1.1" 200 233 10.0.0.102 - - [20/May/2026:20:00:15 +0000] "GET /v3/services/2c2af8c750794932baea0bf28a95dacb HTTP/1.1" 200 233 10.0.0.102 - - [20/May/2026:20:00:15 +0000] "GET /v3/services/2c2af8c750794932baea0bf28a95dacb HTTP/1.1" 200 233 10.0.0.102 - - [20/May/2026:20:00:15 +0000] "GET /v3/services/2c2af8c750794932baea0bf28a95dacb HTTP/1.1" 200 233 10.0.0.102 - - [20/May/2026:20:00:15 +0000] "GET /v3/services/2c2af8c750794932baea0bf28a95dacb HTTP/1.1" 200 233 10.0.0.102 - - [20/May/2026:20:00:16 +0000] "GET / HTTP/1.1" 300 295
[Wed May 20 20:00:16.443221 2026] [wsgi:error] [pid 12:tid 140619888830144] [remote 10.0.0.102:42404] 2026-05-20 20:00:16.443 12 WARNING keystone.common.password_hashing [None req-dd20de0e-e4ec-4517-97f4-f2f4e9e13363 - - - - - -] Truncating password to algorithm specific maximum length 72 characters. 10.0.0.102 - - [20/May/2026:20:00:16 +0000] "GET / HTTP/1.1" 300 295
[Wed May 20 20:00:16.612306 2026] [wsgi:error] [pid 9:tid 140619888830144] [remote 10.0.0.102:42418] 2026-05-20 20:00:16.612 9 WARNING keystone.common.password_hashing [None req-e1140b7d-27ce-40c3-bb14-090752d7bdcf - - - - - -] Truncating password to algorithm specific maximum length 72 characters.
[Wed May 20 20:00:16.742248 2026] [wsgi:error] [pid 12:tid 140619888830144] [remote 10.0.0.102:42404] 2026-05-20 20:00:16.742 12 WARNING keystone.common.fernet_utils [None req-dd20de0e-e4ec-4517-97f4-f2f4e9e13363 - - - - - -] key_repository is world readable: /etc/keystone/fernet-keys/ 10.0.0.102 - - [20/May/2026:20:00:16 +0000] "POST /v3/auth/tokens HTTP/1.1" 201 1463 10.0.0.102 - - [20/May/2026:20:00:16 +0000] "GET / HTTP/1.1" 300 295
[Wed May 20 20:00:16.855335 2026] [wsgi:error] [pid 11:tid 140619888830144] [remote 10.0.0.102:42426] 2026-05-20 20:00:16.855 11 WARNING keystone.common.password_hashing [None req-609160d2-7a79-496c-afe8-6798b2d45a56 - - - - - -] Truncating password to algorithm specific maximum length 72 characters. 10.0.0.102 - - [20/May/2026:20:00:16 +0000] "GET /v3/services/f6e89ca3706d48cea22398b23dffc03c HTTP/1.1" 200 296
[Wed May 20 20:00:16.908686 2026] [wsgi:error] [pid 9:tid 140619888830144] [remote 10.0.0.102:42418] 2026-05-20 20:00:16.908 9 WARNING keystone.common.fernet_utils [None req-e1140b7d-27ce-40c3-bb14-090752d7bdcf - - - - - -] key_repository is world readable: /etc/keystone/fernet-keys/ 10.0.0.102 - - [20/May/2026:20:00:16 +0000] "POST /v3/auth/tokens HTTP/1.1" 201 1463 10.0.0.102 - - [20/May/2026:20:00:16 +0000] "GET /v3/regions/RegionOne HTTP/1.1" 200 173 10.0.0.102 - - [20/May/2026:20:00:16 +0000] "POST /v3/endpoints HTTP/1.1" 201 383 10.0.0.102 - - [20/May/2026:20:00:17 +0000] "GET /v3/services/f6e89ca3706d48cea22398b23dffc03c HTTP/1.1" 200 296 10.0.0.102 - - [20/May/2026:20:00:17 +0000] "GET /v3/regions/RegionOne HTTP/1.1" 200 173 10.0.0.102 - - [20/May/2026:20:00:17 +0000] "POST /v3/endpoints HTTP/1.1" 201 369
[Wed May 20 20:00:17.151579 2026] [wsgi:error] [pid 11:tid 140619888830144] [remote 10.0.0.102:42426] 2026-05-20 20:00:17.151 11 WARNING keystone.common.fernet_utils [None req-609160d2-7a79-496c-afe8-6798b2d45a56 - - - - - -] key_repository is world readable: /etc/keystone/fernet-keys/ 10.0.0.102 - - [20/May/2026:20:00:16 +0000] "POST /v3/auth/tokens HTTP/1.1" 201 1811 10.0.0.102 - - [20/May/2026:20:00:17 +0000] "GET /v3/services/f6e89ca3706d48cea22398b23dffc03c HTTP/1.1" 200 296 10.0.0.102 - - [20/May/2026:20:00:17 +0000] "GET /v3/regions/RegionOne HTTP/1.1" 200 173 10.0.0.102 - - [20/May/2026:20:00:17 +0000] "POST /v3/endpoints HTTP/1.1" 201 380 10.0.0.102 - - [20/May/2026:20:00:18 +0000] "GET / HTTP/1.1" 300 295
[Wed May 20 20:00:18.340190 2026] [wsgi:error] [pid 9:tid 140619888830144] [remote 10.0.0.102:42430] 2026-05-20 20:00:18.339 9 WARNING keystone.common.password_hashing [None req-c9549ab8-e117-4e89-b7a0-e92c9e442651 - - - - - -] Truncating password to algorithm specific maximum length 72 characters. 10.0.0.102 - - [20/May/2026:20:00:18 +0000] "GET / HTTP/1.1" 300 295
[Wed May 20 20:00:18.545033 2026] [wsgi:error] [pid 12:tid 140619888830144] [remote 10.0.0.102:42434] 2026-05-20 20:00:18.544 12 WARNING keystone.common.password_hashing [None req-76bf5f38-f918-4218-bc0f-445fd8777a74 - - - - - -] Truncating password to algorithm specific maximum length 72 characters.
[Wed May 20 20:00:18.611288 2026] [wsgi:error] [pid 9:tid 140619888830144] [remote 10.0.0.102:42430] 2026-05-20 20:00:18.611 9 WARNING keystone.common.fernet_utils [None req-c9549ab8-e117-4e89-b7a0-e92c9e442651 - - - - - -] key_repository is world readable: /etc/keystone/fernet-keys/ 10.0.0.102 - - [20/May/2026:20:00:18 +0000] "POST /v3/auth/tokens HTTP/1.1" 201 1990 10.0.0.102 - - [20/May/2026:20:00:18 +0000] "GET /v3/endpoints/66223ac494a44665892d331cd9939bf7 HTTP/1.1" 200 383 10.0.0.102 - - [20/May/2026:20:00:18 +0000] "GET /v3/services/f6e89ca3706d48cea22398b23dffc03c HTTP/1.1" 200 296
[Wed May 20 20:00:18.821916 2026] [wsgi:error] [pid 12:tid 140619888830144] [remote 10.0.0.102:42434] 2026-05-20 20:00:18.821 12 WARNING keystone.common.fernet_utils [None req-76bf5f38-f918-4218-bc0f-445fd8777a74 - - - - - -] key_repository is world readable: /etc/keystone/fernet-keys/ 10.0.0.102 - - [20/May/2026:20:00:18 +0000] "POST /v3/auth/tokens HTTP/1.1" 201 1990 10.0.0.102 - - [20/May/2026:20:00:18 +0000] "GET / HTTP/1.1" 300 295
[Wed May 20 20:00:18.876722 2026] [wsgi:error] [pid 11:tid 140619888830144] [remote 10.0.0.102:55124] 2026-05-20 20:00:18.876 11 WARNING keystone.common.password_hashing [None req-79f5e7db-46e4-4db9-a300-ebd94749fe6f - - - - - -] Truncating password to algorithm specific maximum length 72 characters. 10.0.0.102 - - [20/May/2026:20:00:18 +0000] "GET /v3/endpoints/9d3ce3a1ff8d4e02bbdf8bb4be5e3906 HTTP/1.1" 200 369 10.0.0.102 - - [20/May/2026:20:00:18 +0000] "GET /v3/services/f6e89ca3706d48cea22398b23dffc03c HTTP/1.1" 200 296
[Wed May 20 20:00:19.157022 2026] [wsgi:error] [pid 11:tid 140619888830144] [remote 10.0.0.102:55124] 2026-05-20 20:00:19.156 11 WARNING keystone.common.fernet_utils [None req-79f5e7db-46e4-4db9-a300-ebd94749fe6f - - - - - -] key_repository is world readable: /etc/keystone/fernet-keys/ 10.0.0.102 - - [20/May/2026:20:00:18 +0000] "POST /v3/auth/tokens HTTP/1.1" 201 1990 10.0.0.102 - - [20/May/2026:20:00:19 +0000] "GET /v3/endpoints/4c777b40d6a0403d9970c91b97b6fef7 HTTP/1.1" 200 380 10.0.0.102 - - [20/May/2026:20:00:19 +0000] "GET /v3/services/f6e89ca3706d48cea22398b23dffc03c HTTP/1.1" 200 296 10.0.0.190 - - [20/May/2026:20:00:30 +0000] "GET / HTTP/1.1" 300 295
[Wed May 20 20:00:30.785587 2026] [wsgi:error] [pid 11:tid 140619888830144] [remote 10.0.0.190:53776] 2026-05-20 20:00:30.785 11 WARNING keystone.common.password_hashing [None req-1cbb1e88-ea7d-428e-94a3-46bc11d8a21a - - - - - -] Truncating password to algorithm specific maximum length 72 characters.
[Wed May 20 20:00:31.055739 2026] [wsgi:error] [pid 11:tid 140619888830144] [remote 10.0.0.190:53776] 2026-05-20 20:00:31.055 11 WARNING keystone.common.fernet_utils [None req-1cbb1e88-ea7d-428e-94a3-46bc11d8a21a - - - - - -] key_repository is world readable: /etc/keystone/fernet-keys/ 10.0.0.190 - - [20/May/2026:20:00:30 +0000] "POST /v3/auth/tokens HTTP/1.1" 201 1990 10.0.0.190 - - [20/May/2026:20:00:31 +0000] "POST /v3/domains HTTP/1.1" 201 284 10.0.0.242 - - [20/May/2026:20:00:32 +0000] "GET /v3/ HTTP/1.1" 200 250 10.0.0.242 - - [20/May/2026:20:00:32 +0000] "GET /v3/ HTTP/1.1" 200 250 10.0.0.190 - - [20/May/2026:20:00:32 +0000] "GET / HTTP/1.1" 300 295
[Wed May 20 20:00:32.861796 2026] [wsgi:error] [pid 9:tid 140619888830144] [remote 10.0.0.190:53792] 2026-05-20 20:00:32.861 9 WARNING keystone.common.password_hashing [None req-e3523f5c-0d3f-4f5a-8535-66071d8177f4 - - - - - -] Truncating password to algorithm specific maximum length 72 characters.
[Wed May 20 20:00:33.136333 2026] [wsgi:error] [pid 9:tid 140619888830144] [remote 10.0.0.190:53792] 2026-05-20 20:00:33.136 9 WARNING keystone.common.fernet_utils [None req-e3523f5c-0d3f-4f5a-8535-66071d8177f4 - - - - - -] key_repository is world readable: /etc/keystone/fernet-keys/ 10.0.0.190 - - [20/May/2026:20:00:32 +0000] "POST /v3/auth/tokens HTTP/1.1" 201 1990
[Wed May 20 20:00:33.316908 2026] [wsgi:error] [pid 12:tid 140619888830144] [remote 10.0.0.190:53792] 2026-05-20 20:00:33.301 12 ERROR keystone.server.flask.application [None req-9e95bbb0-2007-46df-950b-718cd7c8e39e fd7bbd98a1484c28aa3d699d62d95f37 c66f73c1849c401d8b37279c8cc3777c - - default default] Conflict occurred attempting to store project - it is not permitted to have two projects acting as domains with the same name: service.: keystone.exception.Conflict: Conflict occurred attempting to store project - it is not permitted to have two projects acting as domains with the same name: service.
[Wed May 20 20:00:33.316935 2026] [wsgi:error] [pid 12:tid 140619888830144] [remote 10.0.0.190:53792] 2026-05-20 20:00:33.301 12 ERROR keystone.server.flask.application
Traceback (most recent call last):
[Wed May 20 20:00:33.316937 2026] [wsgi:error] [pid 12:tid 140619888830144] [remote 10.0.0.190:53792] 2026-05-20 20:00:33.301 12 ERROR keystone.server.flask.application
File "/var/lib/openstack/lib/python3.12/site-packages/sqlalchemy/engine/base.py", line 1967, in _exec_single_context
[Wed May 20 20:00:33.316938 2026] [wsgi:error] [pid 12:tid 140619888830144] [remote 10.0.0.190:53792] 2026-05-20 20:00:33.301 12 ERROR keystone.server.flask.application self.dialect.do_execute(
[Wed May 20 20:00:33.316940 2026] [wsgi:error] [pid 12:tid 140619888830144] [remote 10.0.0.190:53792] 2026-05-20 20:00:33.301 12 ERROR keystone.server.flask.application
File "/var/lib/openstack/lib/python3.12/site-packages/sqlalchemy/engine/default.py", line 952, in do_execute
[Wed May 20 20:00:33.316942 2026] [wsgi:error] [pid 12:tid 140619888830144] [remote 10.0.0.190:53792] 2026-05-20 20:00:33.301 12 ERROR keystone.server.flask.application cursor.execute(statement, parameters)
[Wed May 20 20:00:33.316943 2026] [wsgi:error] [pid 12:tid 140619888830144] [remote 10.0.0.190:53792] 2026-05-20 20:00:33.301 12 ERROR keystone.server.flask.application
File "/var/lib/openstack/lib/python3.12/site-packages/pymysql/cursors.py", line 157, in execute
[Wed May 20 20:00:33.316945 2026] [wsgi:error] [pid 12:tid 140619888830144] [remote 10.0.0.190:53792] 2026-05-20 20:00:33.301 12 ERROR keystone.server.flask.application result = self._query(query)
[Wed May 20 20:00:33.316946 2026] [wsgi:error] [pid 12:tid 140619888830144] [remote 10.0.0.190:53792] 2026-05-20 20:00:33.301 12 ERROR keystone.server.flask.application ^^^^^^^^^^^^^^^^^^
[Wed May 20 20:00:33.316947 2026] [wsgi:error] [pid 12:tid 140619888830144] [remote 10.0.0.190:53792] 2026-05-20 20:00:33.301 12 ERROR keystone.server.flask.application
File "/var/lib/openstack/lib/python3.12/site-packages/pymysql/cursors.py", line 328, in _query
[Wed May 20 20:00:33.316949 2026] [wsgi:error] [pid 12:tid 140619888830144] [remote 10.0.0.190:53792] 2026-05-20 20:00:33.301 12 ERROR keystone.server.flask.application conn.query(q)
[Wed May 20 20:00:33.316950 2026] [wsgi:error] [pid 12:tid 140619888830144] [remote 10.0.0.190:53792] 2026-05-20 20:00:33.301 12 ERROR keystone.server.flask.application
File "/var/lib/openstack/lib/python3.12/site-packages/pymysql/connections.py", line 575, in query
[Wed May 20 20:00:33.316952 2026] [wsgi:error] [pid 12:tid 140619888830144] [remote 10.0.0.190:53792] 2026-05-20 20:00:33.301 12 ERROR keystone.server.flask.application self._affected_rows = self._read_query_result(unbuffered=unbuffered)
[Wed May 20 20:00:33.316954 2026] [wsgi:error] [pid 12:tid 140619888830144] [remote 10.0.0.190:53792] 2026-05-20 20:00:33.301 12 ERROR keystone.server.flask.application ^^^^^^^^^^^^^^^^^^^^^^^^^^^^^^^^^^^^^^^^^^^^^^
[Wed May 20 20:00:33.316955 2026] [wsgi:error] [pid 12:tid 140619888830144] [remote 10.0.0.190:53792] 2026-05-20 20:00:33.301 12 ERROR keystone.server.flask.application
File "/var/lib/openstack/lib/python3.12/site-packages/pymysql/connections.py", line 826, in _read_query_result
[Wed May 20 20:00:33.316957 2026] [wsgi:error] [pid 12:tid 140619888830144] [remote 10.0.0.190:53792] 2026-05-20 20:00:33.301 12 ERROR keystone.server.flask.application result.read()
[Wed May 20 20:00:33.316960 2026] [wsgi:error] [pid 12:tid 140619888830144] [remote 10.0.0.190:53792] 2026-05-20 20:00:33.301 12 ERROR keystone.server.flask.application
File "/var/lib/openstack/lib/python3.12/site-packages/pymysql/connections.py", line 1203, in read
[Wed May 20 20:00:33.316962 2026] [wsgi:error] [pid 12:tid 140619888830144] [remote 10.0.0.190:53792] 2026-05-20 20:00:33.301 12 ERROR keystone.server.flask.application first_packet = self.connection._read_packet()
[Wed May 20 20:00:33.316963 2026] [wsgi:error] [pid 12:tid 140619888830144] [remote 10.0.0.190:53792] 2026-05-20 20:00:33.301 12 ERROR keystone.server.flask.application ^^^^^^^^^^^^^^^^^^^^^^^^^^^^^^
[Wed May 20 20:00:33.316964 2026] [wsgi:error] [pid 12:tid 140619888830144] [remote 10.0.0.190:53792] 2026-05-20 20:00:33.301 12 ERROR keystone.server.flask.application
File "/var/lib/openstack/lib/python3.12/site-packages/pymysql/connections.py", line 782, in _read_packet
[Wed May 20 20:00:33.316966 2026] [wsgi:error] [pid 12:tid 140619888830144] [remote 10.0.0.190:53792] 2026-05-20 20:00:33.301 12 ERROR keystone.server.flask.application packet.raise_for_error()
[Wed May 20 20:00:33.316967 2026] [wsgi:error] [pid 12:tid 140619888830144] [remote 10.0.0.190:53792] 2026-05-20 20:00:33.301 12 ERROR keystone.server.flask.application
File "/var/lib/openstack/lib/python3.12/site-packages/pymysql/protocol.py", line 219, in raise_for_error
[Wed May 20 20:00:33.316969 2026] [wsgi:error] [pid 12:tid 140619888830144] [remote 10.0.0.190:53792] 2026-05-20 20:00:33.301 12 ERROR keystone.server.flask.application err.raise_mysql_exception(self._data)
[Wed May 20 20:00:33.316970 2026] [wsgi:error] [pid 12:tid 140619888830144] [remote 10.0.0.190:53792] 2026-05-20 20:00:33.301 12 ERROR keystone.server.flask.application
File "/var/lib/openstack/lib/python3.12/site-packages/pymysql/err.py", line 150, in raise_mysql_exception
[Wed May 20 20:00:33.316971 2026] [wsgi:error] [pid 12:tid 140619888830144] [remote 10.0.0.190:53792] 2026-05-20 20:00:33.301 12 ERROR keystone.server.flask.application raise errorclass(errno, errval)
[Wed May 20 20:00:33.316973 2026] [wsgi:error] [pid 12:tid 140619888830144] [remote 10.0.0.190:53792] 2026-05-20 20:00:33.301 12 ERROR keystone.server.flask.application pymysql.err.IntegrityError: (1062, "Duplicate entry '<>-service' for key 'project.ixu_project_name_domain_id'")
[Wed May 20 20:00:33.316975 2026] [wsgi:error] [pid 12:tid 140619888830144] [remote 10.0.0.190:53792] 2026-05-20 20:00:33.301 12 ERROR keystone.server.flask.application
[Wed May 20 20:00:33.316976 2026] [wsgi:error] [pid 12:tid 140619888830144] [remote 10.0.0.190:53792] 2026-05-20 20:00:33.301 12 ERROR keystone.server.flask.application The above exception was the direct cause of the following exception:
[Wed May 20 20:00:33.316987 2026] [wsgi:error] [pid 12:tid 140619888830144] [remote 10.0.0.190:53792] 2026-05-20 20:00:33.301 12 ERROR keystone.server.flask.application
[Wed May 20 20:00:33.316988 2026] [wsgi:error] [pid 12:tid 140619888830144] [remote 10.0.0.190:53792] 2026-05-20 20:00:33.301 12 ERROR keystone.server.flask.application
Traceback (most recent call last):
[Wed May 20 20:00:33.316990 2026] [wsgi:error] [pid 12:tid 140619888830144] [remote 10.0.0.190:53792] 2026-05-20 20:00:33.301 12 ERROR keystone.server.flask.application
File "/var/lib/openstack/lib/python3.12/site-packages/keystone/common/sql/core.py", line 575, in wrapper
[Wed May 20 20:00:33.316991 2026] [wsgi:error] [pid 12:tid 140619888830144] [remote 10.0.0.190:53792] 2026-05-20 20:00:33.301 12 ERROR keystone.server.flask.application return method(*args, **kwargs)
[Wed May 20 20:00:33.316993 2026] [wsgi:error] [pid 12:tid 140619888830144] [remote 10.0.0.190:53792] 2026-05-20 20:00:33.301 12 ERROR keystone.server.flask.application ^^^^^^^^^^^^^^^^^^^^^^^
[Wed May 20 20:00:33.316994 2026] [wsgi:error] [pid 12:tid 140619888830144] [remote 10.0.0.190:53792] 2026-05-20 20:00:33.301 12 ERROR keystone.server.flask.application
File "/var/lib/openstack/lib/python3.12/site-packages/keystone/resource/backends/sql.py", line 278, in create_project
[Wed May 20 20:00:33.316996 2026] [wsgi:error] [pid 12:tid 140619888830144] [remote 10.0.0.190:53792] 2026-05-20 20:00:33.301 12 ERROR keystone.server.flask.application with sql.session_for_write() as session:
[Wed May 20 20:00:33.316997 2026] [wsgi:error] [pid 12:tid 140619888830144] [remote 10.0.0.190:53792] 2026-05-20 20:00:33.301 12 ERROR keystone.server.flask.application
File "/usr/lib/python3.12/contextlib.py", line 144, in __exit__
[Wed May 20 20:00:33.316999 2026] [wsgi:error] [pid 12:tid 140619888830144] [remote 10.0.0.190:53792] 2026-05-20 20:00:33.301 12 ERROR keystone.server.flask.application next(self.gen)
[Wed May 20 20:00:33.317000 2026] [wsgi:error] [pid 12:tid 140619888830144] [remote 10.0.0.190:53792] 2026-05-20 20:00:33.301 12 ERROR keystone.server.flask.application
File "/var/lib/openstack/lib/python3.12/site-packages/oslo_db/sqlalchemy/enginefacade.py", line 1175, in _transaction_scope
[Wed May 20 20:00:33.317002 2026] [wsgi:error] [pid 12:tid 140619888830144] [remote 10.0.0.190:53792] 2026-05-20 20:00:33.301 12 ERROR keystone.server.flask.application with current._produce_block(
[Wed May 20 20:00:33.317004 2026] [wsgi:error] [pid 12:tid 140619888830144] [remote 10.0.0.190:53792] 2026-05-20 20:00:33.301 12 ERROR keystone.server.flask.application
File "/usr/lib/python3.12/contextlib.py", line 144, in __exit__
[Wed May 20 20:00:33.317005 2026] [wsgi:error] [pid 12:tid 140619888830144] [remote 10.0.0.190:53792] 2026-05-20 20:00:33.301 12 ERROR keystone.server.flask.application next(self.gen)
[Wed May 20 20:00:33.317278 2026] [wsgi:error] [pid 12:tid 140619888830144] [remote 10.0.0.190:53792] 2026-05-20 20:00:33.301 12 ERROR keystone.server.flask.application
File "/var/lib/openstack/lib/python3.12/site-packages/oslo_db/sqlalchemy/enginefacade.py", line 837, in _session
[Wed May 20 20:00:33.317280 2026] [wsgi:error] [pid 12:tid 140619888830144] [remote 10.0.0.190:53792] 2026-05-20 20:00:33.301 12 ERROR keystone.server.flask.application with excutils.save_and_reraise_exception():
[Wed May 20 20:00:33.317281 2026] [wsgi:error] [pid 12:tid 140619888830144] [remote 10.0.0.190:53792] 2026-05-20 20:00:33.301 12 ERROR keystone.server.flask.application
File "/var/lib/openstack/lib/python3.12/site-packages/oslo_utils/excutils.py", line 271, in __exit__
[Wed May 20 20:00:33.317283 2026] [wsgi:error] [pid 12:tid 140619888830144] [remote 10.0.0.190:53792] 2026-05-20 20:00:33.301 12 ERROR keystone.server.flask.application self.force_reraise()
[Wed May 20 20:00:33.317284 2026] [wsgi:error] [pid 12:tid 140619888830144] [remote 10.0.0.190:53792] 2026-05-20 20:00:33.301 12 ERROR keystone.server.flask.application
File "/var/lib/openstack/lib/python3.12/site-packages/oslo_utils/excutils.py", line 233, in force_reraise
[Wed May 20 20:00:33.317286 2026] [wsgi:error] [pid 12:tid 140619888830144] [remote 10.0.0.190:53792] 2026-05-20 20:00:33.301 12 ERROR keystone.server.flask.application raise self.value
[Wed May 20 20:00:33.317287 2026] [wsgi:error] [pid 12:tid 140619888830144] [remote 10.0.0.190:53792] 2026-05-20 20:00:33.301 12 ERROR keystone.server.flask.application
File "/var/lib/openstack/lib/python3.12/site-packages/oslo_db/sqlalchemy/enginefacade.py", line 835, in _session
[Wed May 20 20:00:33.317289 2026] [wsgi:error] [pid 12:tid 140619888830144] [remote 10.0.0.190:53792] 2026-05-20 20:00:33.301 12 ERROR keystone.server.flask.application self._end_session_transaction(self.session)
[Wed May 20 20:00:33.317291 2026] [wsgi:error] [pid 12:tid 140619888830144] [remote 10.0.0.190:53792] 2026-05-20 20:00:33.301 12 ERROR keystone.server.flask.application
File "/var/lib/openstack/lib/python3.12/site-packages/oslo_db/sqlalchemy/enginefacade.py", line 748, in _end_session_transaction
[Wed May 20 20:00:33.317292 2026] [wsgi:error] [pid 12:tid 140619888830144] [remote 10.0.0.190:53792] 2026-05-20 20:00:33.301 12 ERROR keystone.server.flask.application session.commit()
[Wed May 20 20:00:33.317294 2026] [wsgi:error] [pid 12:tid 140619888830144] [remote 10.0.0.190:53792] 2026-05-20 20:00:33.301 12 ERROR keystone.server.flask.application
File "/var/lib/openstack/lib/python3.12/site-packages/sqlalchemy/orm/session.py", line 2030, in commit
[Wed May 20 20:00:33.317295 2026] [wsgi:error] [pid 12:tid 140619888830144] [remote 10.0.0.190:53792] 2026-05-20 20:00:33.301 12 ERROR keystone.server.flask.application trans.commit(_to_root=True)
[Wed May 20 20:00:33.317297 2026] [wsgi:error] [pid 12:tid 140619888830144] [remote 10.0.0.190:53792] 2026-05-20 20:00:33.301 12 ERROR keystone.server.flask.application File "", line 2, in commit
[Wed May 20 20:00:33.317298 2026] [wsgi:error] [pid 12:tid 140619888830144] [remote 10.0.0.190:53792] 2026-05-20 20:00:33.301 12 ERROR keystone.server.flask.application
File "/var/lib/openstack/lib/python3.12/site-packages/sqlalchemy/orm/state_changes.py", line 137, in _go
[Wed May 20 20:00:33.317300 2026] [wsgi:error] [pid 12:tid 140619888830144] [remote 10.0.0.190:53792] 2026-05-20 20:00:33.301 12 ERROR keystone.server.flask.application ret_value = fn(self, *arg, **kw)
[Wed May 20 20:00:33.317302 2026] [wsgi:error] [pid 12:tid 140619888830144] [remote 10.0.0.190:53792] 2026-05-20 20:00:33.301 12 ERROR keystone.server.flask.application ^^^^^^^^^^^^^^^^^^^^
[Wed May 20 20:00:33.317303 2026] [wsgi:error] [pid 12:tid 140619888830144] [remote 10.0.0.190:53792] 2026-05-20 20:00:33.301 12 ERROR keystone.server.flask.application
File "/var/lib/openstack/lib/python3.12/site-packages/sqlalchemy/orm/session.py", line 1311, in commit
[Wed May 20 20:00:33.317306 2026] [wsgi:error] [pid 12:tid 140619888830144] [remote 10.0.0.190:53792] 2026-05-20 20:00:33.301 12 ERROR keystone.server.flask.application self._prepare_impl()
[Wed May 20 20:00:33.317307 2026] [wsgi:error] [pid 12:tid 140619888830144] [remote 10.0.0.190:53792] 2026-05-20 20:00:33.301 12 ERROR keystone.server.flask.application File "", line 2, in _prepare_impl
[Wed May 20 20:00:33.317309 2026] [wsgi:error] [pid 12:tid 140619888830144] [remote 10.0.0.190:53792] 2026-05-20 20:00:33.301 12 ERROR keystone.server.flask.application
File "/var/lib/openstack/lib/python3.12/site-packages/sqlalchemy/orm/state_changes.py", line 137, in _go
[Wed May 20 20:00:33.317310 2026] [wsgi:error] [pid 12:tid 140619888830144] [remote 10.0.0.190:53792] 2026-05-20 20:00:33.301 12 ERROR keystone.server.flask.application ret_value = fn(self, *arg, **kw)
[Wed May 20 20:00:33.317311 2026] [wsgi:error] [pid 12:tid 140619888830144] [remote 10.0.0.190:53792] 2026-05-20 20:00:33.301 12 ERROR keystone.server.flask.application ^^^^^^^^^^^^^^^^^^^^
[Wed May 20 20:00:33.317318 2026] [wsgi:error] [pid 12:tid 140619888830144] [remote 10.0.0.190:53792] 2026-05-20 20:00:33.301 12 ERROR keystone.server.flask.application
File "/var/lib/openstack/lib/python3.12/site-packages/sqlalchemy/orm/session.py", line 1286, in _prepare_impl
[Wed May 20 20:00:33.317320 2026] [wsgi:error] [pid 12:tid 140619888830144] [remote 10.0.0.190:53792] 2026-05-20 20:00:33.301 12 ERROR keystone.server.flask.application self.session.flush()
[Wed May 20 20:00:33.317321 2026] [wsgi:error] [pid 12:tid 140619888830144] [remote 10.0.0.190:53792] 2026-05-20 20:00:33.301 12 ERROR keystone.server.flask.application
File "/var/lib/openstack/lib/python3.12/site-packages/sqlalchemy/orm/session.py", line 4331, in flush
[Wed May 20 20:00:33.317323 2026] [wsgi:error] [pid 12:tid 140619888830144] [remote 10.0.0.190:53792] 2026-05-20 20:00:33.301 12 ERROR keystone.server.flask.application self._flush(objects)
[Wed May 20 20:00:33.317324 2026] [wsgi:error] [pid 12:tid 140619888830144] [remote 10.0.0.190:53792] 2026-05-20 20:00:33.301 12 ERROR keystone.server.flask.application
File "/var/lib/openstack/lib/python3.12/site-packages/sqlalchemy/orm/session.py", line 4466, in _flush
[Wed May 20 20:00:33.317326 2026] [wsgi:error] [pid 12:tid 140619888830144] [remote 10.0.0.190:53792] 2026-05-20 20:00:33.301 12 ERROR keystone.server.flask.application with util.safe_reraise():
[Wed May 20 20:00:33.317327 2026] [wsgi:error] [pid 12:tid 140619888830144] [remote 10.0.0.190:53792] 2026-05-20 20:00:33.301 12 ERROR keystone.server.flask.application
File "/var/lib/openstack/lib/python3.12/site-packages/sqlalchemy/util/langhelpers.py", line 121, in __exit__
[Wed May 20 20:00:33.317329 2026] [wsgi:error] [pid 12:tid 140619888830144] [remote 10.0.0.190:53792] 2026-05-20 20:00:33.301 12 ERROR keystone.server.flask.application raise exc_value.with_traceback(exc_tb)
[Wed May 20 20:00:33.317330 2026] [wsgi:error] [pid 12:tid 140619888830144] [remote 10.0.0.190:53792] 2026-05-20 20:00:33.301 12 ERROR keystone.server.flask.application
File "/var/lib/openstack/lib/python3.12/site-packages/sqlalchemy/orm/session.py", line 4427, in _flush
[Wed May 20 20:00:33.317332 2026] [wsgi:error] [pid 12:tid 140619888830144] [remote 10.0.0.190:53792] 2026-05-20 20:00:33.301 12 ERROR keystone.server.flask.application flush_context.execute()
