Jul 13 15:06:19.142437 np0000185009 devstack@neutron-api.service[101855]: DEBUG oslo_concurrency.processutils [None req-526c37ca-6442-4918-b87d-4416ae825ff3 None None] Running cmd (subprocess): ovsdb-client transact ssl:199.204.45.70:6641 --timeout 180 -p /opt/stack/data/CA/int-ca/private/devstack-cert.key -c /opt/stack/data/CA/int-ca/devstack-cert.crt -C /opt/stack/data/CA/int-ca/ca-chain.pem ["OVN_Northbound", {"op": "wait", "timeout": 0, "table": "Port_Group", "where": [["name", "==", "pvlan_pg_drop"]], "until": "==", "rows": []}, {"op": "insert", "table": "ACL", "row": {"action": "drop", "direction": "to-lport", "match": "outport == @pvlan_pg_drop && ip", "priority": 1010}, "uuid-name": "pvlandroptoport"}, {"op": "insert", "table": "ACL", "row": {"action": "drop", "direction": "from-lport", "match": "inport == @pvlan_pg_drop && ip", "priority": 1010}, "uuid-name": "pvlandropfromport"}, {"op": "insert", "table": "Port_Group", "row": {"name": "pvlan_pg_drop", "acls": ["set", [["named-uuid", "pvlandroptoport"], ["named-uuid", "pvlandropfromport"]]]}}] {{(pid=101855) execute /opt/stack/data/venv/lib/python3.12/site-packages/oslo_concurrency/processutils.py:440}}
Jul 13 15:06:19.186553 np0000185009 devstack@neutron-api.service[101855]: DEBUG oslo_concurrency.processutils [None req-526c37ca-6442-4918-b87d-4416ae825ff3 None None] CMD "ovsdb-client transact ssl:199.204.45.70:6641 --timeout 180 -p /opt/stack/data/CA/int-ca/private/devstack-cert.key -c /opt/stack/data/CA/int-ca/devstack-cert.crt -C /opt/stack/data/CA/int-ca/ca-chain.pem ["OVN_Northbound", {"op": "wait", "timeout": 0, "table": "Port_Group", "where": [["name", "==", "pvlan_pg_drop"]], "until": "==", "rows": []}, {"op": "insert", "table": "ACL", "row": {"action": "drop", "direction": "to-lport", "match": "outport == @pvlan_pg_drop && ip", "priority": 1010}, "uuid-name": "pvlandroptoport"}, {"op": "insert", "table": "ACL", "row": {"action": "drop", "direction": "from-lport", "match": "inport == @pvlan_pg_drop && ip", "priority": 1010}, "uuid-name": "pvlandropfromport"}, {"op": "insert", "table": "Port_Group", "row": {"name": "pvlan_pg_drop", "acls": ["set", [["named-uuid", "pvlandroptoport"], ["named-uuid", "pvlandropfromport"]]]}}]" returned: 0 in 0.043s {{(pid=101855) execute /opt/stack/data/venv/lib/python3.12/site-packages/oslo_concurrency/processutils.py:468}}
Jul 13 15:06:19.190552 np0000185009 devstack@neutron-api.service[101855]: WSGI app 0 (mountpoint='') ready in 8 seconds on interpreter 0x7c30d80a4668 pid: 101855 (default app)
Jul 13 15:06:20.435739 np0000185009 devstack@neutron-api.service[101853]: DEBUG neutron.plugins.ml2.drivers.ovn.mech_driver.ovsdb.ovsdb_monitor [-] Hash Ring: Node eb865f7dc25651afacd5b6ed4f182a8b (host: np0000185009) handling event "update" for row fd6f7a0a-c786-423a-bc98-4bc585ce3dcb (table: Connection) {{(pid=101853) notify /opt/stack/neutron/neutron/plugins/ml2/drivers/ovn/mech_driver/ovsdb/ovsdb_monitor.py:1031}}
Jul 13 15:06:20.443016 np0000185009 devstack@neutron-api.service[101852]: DEBUG neutron.common.ovn.hash_ring_manager [-] Allow caching, nodes 4>=4 {{(pid=101852) _wait_startup_before_caching /opt/stack/neutron/neutron/common/ovn/hash_ring_manager.py:71}}
Jul 13 15:06:20.443309 np0000185009 devstack@neutron-api.service[101852]: DEBUG neutron.plugins.ml2.drivers.ovn.mech_driver.ovsdb.ovsdb_monitor [-] Hash Ring: Node 7a84a5a5eea75b8d8eb9652e88a19d15 (host: np0000185009) handling event "update" for row fd6f7a0a-c786-423a-bc98-4bc585ce3dcb (table: Connection) {{(pid=101852) notify /opt/stack/neutron/neutron/plugins/ml2/drivers/ovn/mech_driver/ovsdb/ovsdb_monitor.py:1031}}
Jul 13 15:06:22.974822 np0000185009 devstack@neutron-api.service[101852]: DEBUG neutron.plugins.ml2.drivers.ovn.mech_driver.ovsdb.ovsdb_monitor [-] Hash Ring: Node 7a84a5a5eea75b8d8eb9652e88a19d15 (host: np0000185009) handling event "update" for row fd6f7a0a-c786-423a-bc98-4bc585ce3dcb (table: Connection) {{(pid=101852) notify /opt/stack/neutron/neutron/plugins/ml2/drivers/ovn/mech_driver/ovsdb/ovsdb_monitor.py:1031}}
Jul 13 15:06:22.976287 np0000185009 devstack@neutron-api.service[101853]: DEBUG neutron.plugins.ml2.drivers.ovn.mech_driver.ovsdb.ovsdb_monitor [-] Hash Ring: Node eb865f7dc25651afacd5b6ed4f182a8b (host: np0000185009) handling event "update" for row fd6f7a0a-c786-423a-bc98-4bc585ce3dcb (table: Connection) {{(pid=101853) notify /opt/stack/neutron/neutron/plugins/ml2/drivers/ovn/mech_driver/ovsdb/ovsdb_monitor.py:1031}}
Jul 13 15:06:25.970776 np0000185009 devstack@neutron-api.service[101852]: DEBUG neutron.api.wsgi [None req-550b377f-bc56-4bda-8702-507a64c665e6 admin admin] Missing Content-Type {{(pid=101852) get_content_type /opt/stack/neutron/neutron/api/wsgi.py:80}}
Jul 13 15:06:25.971522 np0000185009 devstack@neutron-api.service[101852]: DEBUG neutron.api.wsgi [None req-550b377f-bc56-4bda-8702-507a64c665e6 admin admin] https://199.204.45.70/networking/v2.0/extensions returned with HTTP 200 {{(pid=101852) __call__ /opt/stack/neutron/neutron/api/wsgi.py:540}}
Jul 13 15:06:25.971639 np0000185009 devstack@neutron-api.service[101852]: [pid: 101852|app: 0|req: 2/2] 199.204.45.70 () {64 vars in 1316 bytes} [Mon Jul 13 15:06:25 2026] GET /networking/v2.0/extensions => generated 16171 bytes in 512 msecs (HTTP/1.1 200) 4 headers in 159 bytes (1 switches on core 0)
Jul 13 15:06:26.407860 np0000185009 devstack@neutron-api.service[101854]: DEBUG neutron.api.v2.base [None req-e1049195-1168-4b69-b9e8-e5b0b261218d admin admin] Request body: {'subnetpool': {'shared': True, 'is_default': True, 'prefixes': ['10.1.0.0/20'], 'name': 'shared-default-subnetpool-v4', 'default_prefixlen': 26}} {{(pid=101854) prepare_request_body /opt/stack/neutron/neutron/api/v2/base.py:727}}
Jul 13 15:06:26.608078 np0000185009 devstack@neutron-api.service[101854]: DEBUG neutron.policy [None req-e1049195-1168-4b69-b9e8-e5b0b261218d admin admin] Loaded default policies from ['neutron'] under neutron.policies entry points {{(pid=101854) register_rules /opt/stack/neutron/neutron/policy.py:65}}
Jul 13 15:06:26.767512 np0000185009 devstack@neutron-api.service[101854]: DEBUG neutron_lib.callbacks.manager [None req-e1049195-1168-4b69-b9e8-e5b0b261218d admin admin] Publish callbacks ['neutron.objects.securitygroup.RbacNeutronDbObjectMixin.validate_rbac_policy_change-1961335158338', 'neutron.objects.address_group.RbacNeutronDbObjectMixin.validate_rbac_policy_change-1961334971856', 'neutron.objects.network.RbacNeutronDbObjectMixin.validate_rbac_policy_change-1961334981644', 'neutron.objects.qos.policy.RbacNeutronDbObjectMixin.validate_rbac_policy_change-1961334986743', 'neutron.objects.subnetpool.RbacNeutronDbObjectMixin.validate_rbac_policy_change-1961334939215', 'neutron.objects.address_scope.RbacNeutronDbObjectMixin.validate_rbac_policy_change-1961334938780', 'neutron.plugins.ml2.plugin.External_net_db_mixin._process_ext_policy_create-491738', 'neutron.plugins.ml2.plugin.NeutronDbPluginV2.validate_network_rbac_policy_change-27766'] for rbac-policy (None), before_create {{(pid=101854) _notify_loop /opt/stack/data/venv/lib/python3.12/site-packages/neutron_lib/callbacks/manager.py:184}}
Jul 13 15:06:26.823508 np0000185009 devstack@neutron-api.service[101854]: DEBUG neutron_lib.callbacks.manager [None req-e1049195-1168-4b69-b9e8-e5b0b261218d admin admin] Publish callbacks [] for subnetpool (None), before_response {{(pid=101854) _notify_loop /opt/stack/data/venv/lib/python3.12/site-packages/neutron_lib/callbacks/manager.py:184}}
Jul 13 15:06:26.824452 np0000185009 devstack@neutron-api.service[101854]: [pid: 101854|app: 0|req: 1/3] 199.204.45.70 () {68 vars in 1360 bytes} [Mon Jul 13 15:06:26 2026] POST /networking/v2.0/subnetpools => generated 533 bytes in 536 msecs (HTTP/1.1 201) 4 headers in 162 bytes (1 switches on core 0)
Jul 13 15:06:27.190870 np0000185009 devstack@neutron-api.service[101853]: DEBUG neutron.api.v2.base [None req-787dc1d5-4de8-4cd1-932a-105c68709166 admin admin] Request body: {'subnetpool': {'shared': True, 'is_default': True, 'prefixes': ['fd84:f066:451c::/56'], 'name': 'shared-default-subnetpool-v6', 'default_prefixlen': 64}} {{(pid=101853) prepare_request_body /opt/stack/neutron/neutron/api/v2/base.py:727}}
Jul 13 15:06:27.372826 np0000185009 devstack@neutron-api.service[101853]: DEBUG neutron.policy [None req-787dc1d5-4de8-4cd1-932a-105c68709166 admin admin] Loaded default policies from ['neutron'] under neutron.policies entry points {{(pid=101853) register_rules /opt/stack/neutron/neutron/policy.py:65}}
Jul 13 15:06:27.532373 np0000185009 devstack@neutron-api.service[101853]: DEBUG neutron_lib.callbacks.manager [None req-787dc1d5-4de8-4cd1-932a-105c68709166 admin admin] Publish callbacks ['neutron.objects.securitygroup.RbacNeutronDbObjectMixin.validate_rbac_policy_change-1961335029908', 'neutron.objects.address_group.RbacNeutronDbObjectMixin.validate_rbac_policy_change-1961335056512', 'neutron.objects.network.RbacNeutronDbObjectMixin.validate_rbac_policy_change-1961335133296', 'neutron.objects.qos.policy.RbacNeutronDbObjectMixin.validate_rbac_policy_change-1961335150022', 'neutron.objects.subnetpool.RbacNeutronDbObjectMixin.validate_rbac_policy_change-1961335147456', 'neutron.objects.address_scope.RbacNeutronDbObjectMixin.validate_rbac_policy_change-1961335157539', 'neutron.plugins.ml2.plugin.External_net_db_mixin._process_ext_policy_create-418168', 'neutron.plugins.ml2.plugin.NeutronDbPluginV2.validate_network_rbac_policy_change-411988'] for rbac-policy (None), before_create {{(pid=101853) _notify_loop /opt/stack/data/venv/lib/python3.12/site-packages/neutron_lib/callbacks/manager.py:184}}
Jul 13 15:06:27.590002 np0000185009 devstack@neutron-api.service[101853]: DEBUG neutron_lib.callbacks.manager [None req-787dc1d5-4de8-4cd1-932a-105c68709166 admin admin] Publish callbacks [] for subnetpool (None), before_response {{(pid=101853) _notify_loop /opt/stack/data/venv/lib/python3.12/site-packages/neutron_lib/callbacks/manager.py:184}}
Jul 13 15:06:27.591186 np0000185009 devstack@neutron-api.service[101853]: [pid: 101853|app: 0|req: 1/4] 199.204.45.70 () {68 vars in 1360 bytes} [Mon Jul 13 15:06:27 2026] POST /networking/v2.0/subnetpools => generated 543 bytes in 524 msecs (HTTP/1.1 201) 4 headers in 162 bytes (1 switches on core 0)
Jul 13 15:06:28.029138 np0000185009 devstack@neutron-api.service[101855]: DEBUG neutron.api.v2.base [None req-529be0cd-420a-4f63-a4c8-3cd2ea6347da admin admin] Request body: {'network': {'admin_state_up': True, 'name': 'private'}} {{(pid=101855) prepare_request_body /opt/stack/neutron/neutron/api/v2/base.py:727}}
Jul 13 15:06:28.066197 np0000185009 devstack@neutron-api.service[101855]: DEBUG neutron.pecan_wsgi.hooks.quota_enforcement [None req-529be0cd-420a-4f63-a4c8-3cd2ea6347da admin admin] Made reservation on behalf of e344130efe2f493ebc0f141d1cbaba80 for: {'network': 1} {{(pid=101855) before /opt/stack/neutron/neutron/pecan_wsgi/hooks/quota_enforcement.py:66}}
Jul 13 15:06:28.224314 np0000185009 devstack@neutron-api.service[101855]: DEBUG neutron.policy [None req-529be0cd-420a-4f63-a4c8-3cd2ea6347da admin admin] Loaded default policies from ['neutron'] under neutron.policies entry points {{(pid=101855) register_rules /opt/stack/neutron/neutron/policy.py:65}}
Jul 13 15:06:28.325942 np0000185009 devstack@neutron-api.service[101855]: DEBUG neutron_lib.callbacks.manager [None req-529be0cd-420a-4f63-a4c8-3cd2ea6347da admin admin] Publish callbacks ['neutron.plugins.ml2.plugin.SecurityGroupDbMixin._ensure_default_security_group_handler-54794'] for network (None), before_create {{(pid=101855) _notify_loop /opt/stack/data/venv/lib/python3.12/site-packages/neutron_lib/callbacks/manager.py:184}}
Jul 13 15:06:28.347132 np0000185009 devstack@neutron-api.service[101855]: DEBUG neutron_lib.callbacks.manager [None req-529be0cd-420a-4f63-a4c8-3cd2ea6347da admin admin] Publish callbacks [] for security_group (None), before_create {{(pid=101855) _notify_loop /opt/stack/data/venv/lib/python3.12/site-packages/neutron_lib/callbacks/manager.py:184}}
Jul 13 15:06:28.446422 np0000185009 devstack@neutron-api.service[101855]: DEBUG neutron_lib.callbacks.manager [None req-529be0cd-420a-4f63-a4c8-3cd2ea6347da admin admin] Publish callbacks ['neutron.plugins.ml2.drivers.ovn.mech_driver.mech_driver.OVNMechanismDriver._create_security_group_precommit-202452'] for security_group (a503dbe1-1d76-4f65-b5f7-774666b25475), precommit_create {{(pid=101855) _notify_loop /opt/stack/data/venv/lib/python3.12/site-packages/neutron_lib/callbacks/manager.py:184}}
Jul 13 15:06:28.446739 np0000185009 devstack@neutron-api.service[101855]: DEBUG neutron.db.ovn_revision_numbers_db [None req-529be0cd-420a-4f63-a4c8-3cd2ea6347da admin admin] create_initial_revision uuid=a503dbe1-1d76-4f65-b5f7-774666b25475, type=security_groups, rev=-1 {{(pid=101855) create_initial_revision /opt/stack/neutron/neutron/db/ovn_revision_numbers_db.py:98}}
Jul 13 15:06:28.449738 np0000185009 devstack@neutron-api.service[101855]: DEBUG neutron.db.ovn_revision_numbers_db [None req-529be0cd-420a-4f63-a4c8-3cd2ea6347da admin admin] create_initial_revision uuid=95da444b-f57d-4cca-a541-372a40b52ce5, type=security_group_rules, rev=-1 {{(pid=101855) create_initial_revision /opt/stack/neutron/neutron/db/ovn_revision_numbers_db.py:98}}
Jul 13 15:06:28.450848 np0000185009 devstack@neutron-api.service[101855]: DEBUG neutron.db.ovn_revision_numbers_db [None req-529be0cd-420a-4f63-a4c8-3cd2ea6347da admin admin] create_initial_revision uuid=c0cd6c81-06b2-47e1-9e1d-04e596af88bd, type=security_group_rules, rev=-1 {{(pid=101855) create_initial_revision /opt/stack/neutron/neutron/db/ovn_revision_numbers_db.py:98}}
Jul 13 15:06:28.451879 np0000185009 devstack@neutron-api.service[101855]: DEBUG neutron.db.ovn_revision_numbers_db [None req-529be0cd-420a-4f63-a4c8-3cd2ea6347da admin admin] create_initial_revision uuid=da952687-8a21-4581-8e21-2772f48b77f0, type=security_group_rules, rev=-1 {{(pid=101855) create_initial_revision /opt/stack/neutron/neutron/db/ovn_revision_numbers_db.py:98}}
Jul 13 15:06:28.452988 np0000185009 devstack@neutron-api.service[101855]: DEBUG neutron.db.ovn_revision_numbers_db [None req-529be0cd-420a-4f63-a4c8-3cd2ea6347da admin admin] create_initial_revision uuid=e76f0d2f-8e64-4c26-88ea-b82b3b02101b, type=security_group_rules, rev=-1 {{(pid=101855) create_initial_revision /opt/stack/neutron/neutron/db/ovn_revision_numbers_db.py:98}}
Jul 13 15:06:28.460409 np0000185009 devstack@neutron-api.service[101855]: DEBUG neutron_lib.callbacks.manager [None req-529be0cd-420a-4f63-a4c8-3cd2ea6347da admin admin] Publish callbacks ['neutron.plugins.ml2.drivers.ovn.mech_driver.mech_driver.OVNMechanismDriver._create_security_group-202462', 'neutron.plugins.ml2.ovo_rpc._ObjectChangeHandler.handle_event-32163485'] for security_group (a503dbe1-1d76-4f65-b5f7-774666b25475), after_create {{(pid=101855) _notify_loop /opt/stack/data/venv/lib/python3.12/site-packages/neutron_lib/callbacks/manager.py:184}}
Jul 13 15:06:28.460663 np0000185009 devstack@neutron-api.service[101855]: INFO neutron.plugins.ml2.drivers.ovn.mech_driver.ovsdb.extensions.qos [None req-529be0cd-420a-4f63-a4c8-3cd2ea6347da admin admin] Starting OVNClientQosExtension
Jul 13 15:06:28.460850 np0000185009 devstack@neutron-api.service[101855]: INFO neutron.plugins.ml2.drivers.ovn.mech_driver.ovsdb.extensions.placement [None req-529be0cd-420a-4f63-a4c8-3cd2ea6347da admin admin] Starting OVNClientPlacementExtension
Jul 13 15:06:28.465010 np0000185009 devstack@neutron-api.service[101855]: DEBUG ovsdbapp.backend.ovs_idl.transaction [-] Running txn n=1 command(idx=0): PgAddCommand(_result=None, name=pg_a503dbe1_1d76_4f65_b5f7_774666b25475, may_exist=False, columns={'acls': [], 'external_ids': {'neutron:security_group_id': 'a503dbe1-1d76-4f65-b5f7-774666b25475'}}) {{(pid=101855) do_commit /opt/stack/data/venv/lib/python3.12/site-packages/ovsdbapp/backend/ovs_idl/transaction.py:89}}
Jul 13 15:06:28.466792 np0000185009 devstack@neutron-api.service[101855]: DEBUG ovsdbapp.backend.ovs_idl.transaction [-] Running txn n=1 command(idx=1): PgAclAddCommand(_result=None, entity=pg_a503dbe1_1d76_4f65_b5f7_774666b25475, direction=to-lport, priority=1002, match=outport == @pg_a503dbe1_1d76_4f65_b5f7_774666b25475 && ip4 && ip4.src == $pg_a503dbe1_1d76_4f65_b5f7_774666b25475_ip4, action=allow-related, log=False, may_exist=True, severity=[], name=[], meter=[], external_ids={'neutron:security_group_rule_id': '95da444b-f57d-4cca-a541-372a40b52ce5'}) {{(pid=101855) do_commit /opt/stack/data/venv/lib/python3.12/site-packages/ovsdbapp/backend/ovs_idl/transaction.py:89}}
Jul 13 15:06:28.467930 np0000185009 devstack@neutron-api.service[101855]: DEBUG ovsdbapp.backend.ovs_idl.transaction [-] Running txn n=1 command(idx=2): PgAclAddCommand(_result=None, entity=pg_a503dbe1_1d76_4f65_b5f7_774666b25475, direction=to-lport, priority=1002, match=outport == @pg_a503dbe1_1d76_4f65_b5f7_774666b25475 && ip6 && ip6.src == $pg_a503dbe1_1d76_4f65_b5f7_774666b25475_ip6, action=allow-related, log=False, may_exist=True, severity=[], name=[], meter=[], external_ids={'neutron:security_group_rule_id': 'c0cd6c81-06b2-47e1-9e1d-04e596af88bd'}) {{(pid=101855) do_commit /opt/stack/data/venv/lib/python3.12/site-packages/ovsdbapp/backend/ovs_idl/transaction.py:89}}
Jul 13 15:06:28.468813 np0000185009 devstack@neutron-api.service[101855]: DEBUG ovsdbapp.backend.ovs_idl.transaction [-] Running txn n=1 command(idx=3): PgAclAddCommand(_result=None, entity=pg_a503dbe1_1d76_4f65_b5f7_774666b25475, direction=from-lport, priority=1002, match=inport == @pg_a503dbe1_1d76_4f65_b5f7_774666b25475 && ip4, action=allow-related, log=False, may_exist=True, severity=[], name=[], meter=[], external_ids={'neutron:security_group_rule_id': 'da952687-8a21-4581-8e21-2772f48b77f0'}) {{(pid=101855) do_commit /opt/stack/data/venv/lib/python3.12/site-packages/ovsdbapp/backend/ovs_idl/transaction.py:89}}
Jul 13 15:06:28.469894 np0000185009 devstack@neutron-api.service[101855]: DEBUG ovsdbapp.backend.ovs_idl.transaction [-] Running txn n=1 command(idx=4): PgAclAddCommand(_result=None, entity=pg_a503dbe1_1d76_4f65_b5f7_774666b25475, direction=from-lport, priority=1002, match=inport == @pg_a503dbe1_1d76_4f65_b5f7_774666b25475 && ip6, action=allow-related, log=False, may_exist=True, severity=[], name=[], meter=[], external_ids={'neutron:security_group_rule_id': 'e76f0d2f-8e64-4c26-88ea-b82b3b02101b'}) {{(pid=101855) do_commit /opt/stack/data/venv/lib/python3.12/site-packages/ovsdbapp/backend/ovs_idl/transaction.py:89}}
Jul 13 15:06:28.483108 np0000185009 devstack@neutron-api.service[101852]: DEBUG neutron.plugins.ml2.drivers.ovn.mech_driver.ovsdb.ovsdb_monitor [-] Hash Ring: Node 7a84a5a5eea75b8d8eb9652e88a19d15 (host: np0000185009) handling event "create" for row 55d89924-ca33-4ee8-8d5b-8ef0150e9571 (table: ACL) {{(pid=101852) notify /opt/stack/neutron/neutron/plugins/ml2/drivers/ovn/mech_driver/ovsdb/ovsdb_monitor.py:1031}}
Jul 13 15:06:28.484005 np0000185009 devstack@neutron-api.service[101855]: DEBUG neutron.plugins.ml2.drivers.ovn.mech_driver.ovsdb.ovsdb_monitor [-] Hash Ring: Node 16259b43ec315845b3342a727e73f26e (host: np0000185009) handling event "create" for row 55d89924-ca33-4ee8-8d5b-8ef0150e9571 (table: ACL) {{(pid=101855) notify /opt/stack/neutron/neutron/plugins/ml2/drivers/ovn/mech_driver/ovsdb/ovsdb_monitor.py:1031}}
Jul 13 15:06:28.484091 np0000185009 devstack@neutron-api.service[101852]: DEBUG neutron.plugins.ml2.drivers.ovn.mech_driver.ovsdb.ovsdb_monitor [-] Hash Ring: Node 7a84a5a5eea75b8d8eb9652e88a19d15 (host: np0000185009) handling event "create" for row 9d27743d-631b-49d4-982a-20568e883b1d (table: ACL) {{(pid=101852) notify /opt/stack/neutron/neutron/plugins/ml2/drivers/ovn/mech_driver/ovsdb/ovsdb_monitor.py:1031}}
Jul 13 15:06:28.484091 np0000185009 devstack@neutron-api.service[101852]: DEBUG neutron.plugins.ml2.drivers.ovn.mech_driver.ovsdb.ovsdb_monitor [-] Hash Ring: Node 7a84a5a5eea75b8d8eb9652e88a19d15 (host: np0000185009) handling event "create" for row f7d05527-b28d-44c3-b271-63b87ada3dd0 (table: ACL) {{(pid=101852) notify /opt/stack/neutron/neutron/plugins/ml2/drivers/ovn/mech_driver/ovsdb/ovsdb_monitor.py:1031}}
Jul 13 15:06:28.484091 np0000185009 devstack@neutron-api.service[101852]: DEBUG neutron.plugins.ml2.drivers.ovn.mech_driver.ovsdb.ovsdb_monitor [-] Hash Ring: Node 7a84a5a5eea75b8d8eb9652e88a19d15 (host: np0000185009) handling event "create" for row f99711fa-ad2d-4f8d-b61c-20a67292a1b8 (table: ACL) {{(pid=101852) notify /opt/stack/neutron/neutron/plugins/ml2/drivers/ovn/mech_driver/ovsdb/ovsdb_monitor.py:1031}}
Jul 13 15:06:28.484091 np0000185009 devstack@neutron-api.service[101852]: DEBUG neutron.plugins.ml2.drivers.ovn.mech_driver.ovsdb.ovsdb_monitor [-] Hash Ring: Node 7a84a5a5eea75b8d8eb9652e88a19d15 (host: np0000185009) handling event "create" for row 00d10395-8427-4aa4-97c2-aeb27cda600c (table: Port_Group) {{(pid=101852) notify /opt/stack/neutron/neutron/plugins/ml2/drivers/ovn/mech_driver/ovsdb/ovsdb_monitor.py:1031}}
Jul 13 15:06:28.484828 np0000185009 devstack@neutron-api.service[101855]: DEBUG neutron.plugins.ml2.drivers.ovn.mech_driver.ovsdb.ovsdb_monitor [-] Hash Ring: Node 16259b43ec315845b3342a727e73f26e (host: np0000185009) handling event "create" for row 9d27743d-631b-49d4-982a-20568e883b1d (table: ACL) {{(pid=101855) notify /opt/stack/neutron/neutron/plugins/ml2/drivers/ovn/mech_driver/ovsdb/ovsdb_monitor.py:1031}}
Jul 13 15:06:28.485031 np0000185009 devstack@neutron-api.service[101855]: DEBUG neutron.plugins.ml2.drivers.ovn.mech_driver.ovsdb.ovsdb_monitor [-] Hash Ring: Node 16259b43ec315845b3342a727e73f26e (host: np0000185009) handling event "create" for row f7d05527-b28d-44c3-b271-63b87ada3dd0 (table: ACL) {{(pid=101855) notify /opt/stack/neutron/neutron/plugins/ml2/drivers/ovn/mech_driver/ovsdb/ovsdb_monitor.py:1031}}
Jul 13 15:06:28.485171 np0000185009 devstack@neutron-api.service[101855]: DEBUG neutron.plugins.ml2.drivers.ovn.mech_driver.ovsdb.ovsdb_monitor [-] Hash Ring: Node 16259b43ec315845b3342a727e73f26e (host: np0000185009) handling event "create" for row f99711fa-ad2d-4f8d-b61c-20a67292a1b8 (table: ACL) {{(pid=101855) notify /opt/stack/neutron/neutron/plugins/ml2/drivers/ovn/mech_driver/ovsdb/ovsdb_monitor.py:1031}}
Jul 13 15:06:28.487822 np0000185009 devstack@neutron-api.service[101854]: DEBUG neutron.plugins.ml2.drivers.ovn.mech_driver.ovsdb.ovsdb_monitor [-] Hash Ring: Node d79bc651ae9f5b6cb283b9cd4f567463 (host: np0000185009) handling event "create" for row 55d89924-ca33-4ee8-8d5b-8ef0150e9571 (table: ACL) {{(pid=101854) notify /opt/stack/neutron/neutron/plugins/ml2/drivers/ovn/mech_driver/ovsdb/ovsdb_monitor.py:1031}}
Jul 13 15:06:28.488094 np0000185009 devstack@neutron-api.service[101854]: DEBUG neutron.plugins.ml2.drivers.ovn.mech_driver.ovsdb.ovsdb_monitor [-] Hash Ring: Node d79bc651ae9f5b6cb283b9cd4f567463 (host: np0000185009) handling event "create" for row f7d05527-b28d-44c3-b271-63b87ada3dd0 (table: ACL) {{(pid=101854) notify /opt/stack/neutron/neutron/plugins/ml2/drivers/ovn/mech_driver/ovsdb/ovsdb_monitor.py:1031}}
Jul 13 15:06:28.518720 np0000185009 devstack@neutron-api.service[101855]: INFO neutron.db.ovn_revision_numbers_db [None req-529be0cd-420a-4f63-a4c8-3cd2ea6347da admin admin] Successfully bumped revision number for resource a503dbe1-1d76-4f65-b5f7-774666b25475 (type: security_groups) to 1
Jul 13 15:06:28.541118 np0000185009 devstack@neutron-api.service[101855]: INFO neutron.db.ovn_revision_numbers_db [None req-529be0cd-420a-4f63-a4c8-3cd2ea6347da admin admin] Successfully bumped revision number for resource 95da444b-f57d-4cca-a541-372a40b52ce5 (type: security_group_rules) to 0
Jul 13 15:06:28.555109 np0000185009 devstack@neutron-api.service[101855]: INFO neutron.db.ovn_revision_numbers_db [None req-529be0cd-420a-4f63-a4c8-3cd2ea6347da admin admin] Successfully bumped revision number for resource c0cd6c81-06b2-47e1-9e1d-04e596af88bd (type: security_group_rules) to 0
Jul 13 15:06:28.569754 np0000185009 devstack@neutron-api.service[101855]: INFO neutron.db.ovn_revision_numbers_db [None req-529be0cd-420a-4f63-a4c8-3cd2ea6347da admin admin] Successfully bumped revision number for resource da952687-8a21-4581-8e21-2772f48b77f0 (type: security_group_rules) to 0
Jul 13 15:06:28.584538 np0000185009 devstack@neutron-api.service[101855]: INFO neutron.db.ovn_revision_numbers_db [None req-529be0cd-420a-4f63-a4c8-3cd2ea6347da admin admin] Successfully bumped revision number for resource e76f0d2f-8e64-4c26-88ea-b82b3b02101b (type: security_group_rules) to 0
Jul 13 15:06:28.617678 np0000185009 devstack@neutron-api.service[101855]: DEBUG neutron.api.rpc.handlers.resources_rpc [None req-529be0cd-420a-4f63-a4c8-3cd2ea6347da admin admin] Pushing event updated for resources: {'SecurityGroup': ['ID=a503dbe1-1d76-4f65-b5f7-774666b25475,revision_number=1']} {{(pid=101855) push /opt/stack/neutron/neutron/api/rpc/handlers/resources_rpc.py:237}}
Jul 13 15:06:28.624992 np0000185009 devstack@neutron-api.service[101855]: DEBUG ovsdbapp.backend.ovs_idl.transaction [-] Running txn n=1 command(idx=0): CheckLivenessCommand(_result=None) {{(pid=101855) do_commit /opt/stack/data/venv/lib/python3.12/site-packages/ovsdbapp/backend/ovs_idl/transaction.py:89}}
Jul 13 15:06:28.628771 np0000185009 devstack@neutron-api.service[101855]: DEBUG neutron.api.rpc.callbacks.version_manager [None req-529be0cd-420a-4f63-a4c8-3cd2ea6347da admin admin] Tracked resource versions report:
Jul 13 15:06:28.628771 np0000185009 devstack@neutron-api.service[101855]: pushed versions:
Jul 13 15:06:28.628771 np0000185009 devstack@neutron-api.service[101855]: { 'AddressGroup': {'1.2'},
Jul 13 15:06:28.628771 np0000185009 devstack@neutron-api.service[101855]: 'Agent': {'1.1'},
Jul 13 15:06:28.628771 np0000185009 devstack@neutron-api.service[101855]: 'ConntrackHelper': {'1.0'},
Jul 13 15:06:28.628771 np0000185009 devstack@neutron-api.service[101855]: 'LocalIPAssociation': {'1.0'},
Jul 13 15:06:28.628771 np0000185009 devstack@neutron-api.service[101855]: 'Log': {'1.0'},
Jul 13 15:06:28.628771 np0000185009 devstack@neutron-api.service[101855]: 'NDPProxy': {'1.0'},
Jul 13 15:06:28.628771 np0000185009 devstack@neutron-api.service[101855]: 'Network': {'1.3'},
Jul 13 15:06:28.628771 np0000185009 devstack@neutron-api.service[101855]: 'Port': {'1.11'},
Jul 13 15:06:28.628771 np0000185009 devstack@neutron-api.service[101855]: 'PortForwarding': {'1.3'},
Jul 13 15:06:28.628771 np0000185009 devstack@neutron-api.service[101855]: 'QosPolicy': {'1.10'},
Jul 13 15:06:28.628771 np0000185009 devstack@neutron-api.service[101855]: 'SecurityGroup': {'1.6'},
Jul 13 15:06:28.628771 np0000185009 devstack@neutron-api.service[101855]: 'SecurityGroupRule': {'1.3'},
Jul 13 15:06:28.628771 np0000185009 devstack@neutron-api.service[101855]: 'SubPort': {'1.0'},
Jul 13 15:06:28.628771 np0000185009 devstack@neutron-api.service[101855]: 'Subnet': {'1.2'},
Jul 13 15:06:28.628771 np0000185009 devstack@neutron-api.service[101855]: 'Trunk': {'1.1'}}
Jul 13 15:06:28.628771 np0000185009 devstack@neutron-api.service[101855]: consumer versions:
Jul 13 15:06:28.628771 np0000185009 devstack@neutron-api.service[101855]: {}
Jul 13 15:06:28.628771 np0000185009 devstack@neutron-api.service[101855]: {{(pid=101855) report /opt/stack/neutron/neutron/api/rpc/callbacks/version_manager.py:183}}
Jul 13 15:06:28.632199 np0000185009 devstack@neutron-api.service[101852]: DEBUG neutron.plugins.ml2.drivers.ovn.mech_driver.ovsdb.ovsdb_monitor [-] Hash Ring: Node 7a84a5a5eea75b8d8eb9652e88a19d15 (host: np0000185009) handling event "update" for row e33820ee-f001-4944-be37-1cfabc0cbc11 (table: NB_Global) {{(pid=101852) notify /opt/stack/neutron/neutron/plugins/ml2/drivers/ovn/mech_driver/ovsdb/ovsdb_monitor.py:1031}}
Jul 13 15:06:28.633162 np0000185009 devstack@neutron-api.service[101852]: DEBUG neutron.plugins.ml2.drivers.ovn.mech_driver.ovsdb.ovsdb_monitor [-] Hash Ring: Node 7a84a5a5eea75b8d8eb9652e88a19d15 (host: np0000185009) handling event "update" for row e33820ee-f001-4944-be37-1cfabc0cbc11 (table: NB_Global) {{(pid=101852) notify /opt/stack/neutron/neutron/plugins/ml2/drivers/ovn/mech_driver/ovsdb/ovsdb_monitor.py:1031}}
Jul 13 15:06:28.633357 np0000185009 devstack@neutron-api.service[101853]: DEBUG neutron.plugins.ml2.drivers.ovn.mech_driver.ovsdb.ovsdb_monitor [-] Hash Ring: Node eb865f7dc25651afacd5b6ed4f182a8b (host: np0000185009) handling event "update" for row e33820ee-f001-4944-be37-1cfabc0cbc11 (table: NB_Global) {{(pid=101853) notify /opt/stack/neutron/neutron/plugins/ml2/drivers/ovn/mech_driver/ovsdb/ovsdb_monitor.py:1031}}
Jul 13 15:06:28.634259 np0000185009 devstack@neutron-api.service[101852]: DEBUG neutron.plugins.ml2.drivers.ovn.mech_driver.ovsdb.ovsdb_monitor [-] Hash Ring: Node 7a84a5a5eea75b8d8eb9652e88a19d15 (host: np0000185009) handling event "update" for row e33820ee-f001-4944-be37-1cfabc0cbc11 (table: NB_Global) {{(pid=101852) notify /opt/stack/neutron/neutron/plugins/ml2/drivers/ovn/mech_driver/ovsdb/ovsdb_monitor.py:1031}}
Jul 13 15:06:28.634424 np0000185009 devstack@neutron-api.service[101853]: DEBUG neutron.plugins.ml2.drivers.ovn.mech_driver.ovsdb.ovsdb_monitor [-] Hash Ring: Node eb865f7dc25651afacd5b6ed4f182a8b (host: np0000185009) handling event "update" for row e33820ee-f001-4944-be37-1cfabc0cbc11 (table: NB_Global) {{(pid=101853) notify /opt/stack/neutron/neutron/plugins/ml2/drivers/ovn/mech_driver/ovsdb/ovsdb_monitor.py:1031}}
Jul 13 15:06:28.635233 np0000185009 devstack@neutron-api.service[101853]: DEBUG neutron.plugins.ml2.drivers.ovn.mech_driver.ovsdb.ovsdb_monitor [-] Hash Ring: Node eb865f7dc25651afacd5b6ed4f182a8b (host: np0000185009) handling event "update" for row e33820ee-f001-4944-be37-1cfabc0cbc11 (table: NB_Global) {{(pid=101853) notify /opt/stack/neutron/neutron/plugins/ml2/drivers/ovn/mech_driver/ovsdb/ovsdb_monitor.py:1031}}
Jul 13 15:06:28.637458 np0000185009 devstack@neutron-api.service[101852]: DEBUG neutron.plugins.ml2.drivers.ovn.mech_driver.ovsdb.ovsdb_monitor [-] Hash Ring: Node 7a84a5a5eea75b8d8eb9652e88a19d15 (host: np0000185009) handling event "update" for row e33820ee-f001-4944-be37-1cfabc0cbc11 (table: NB_Global) {{(pid=101852) notify /opt/stack/neutron/neutron/plugins/ml2/drivers/ovn/mech_driver/ovsdb/ovsdb_monitor.py:1031}}
Jul 13 15:06:28.639143 np0000185009 devstack@neutron-api.service[101853]: DEBUG neutron.plugins.ml2.drivers.ovn.mech_driver.ovsdb.ovsdb_monitor [-] ChassisAgentWriteEvent : Matched Chassis_Private, update, None None {{(pid=101853) matches /opt/stack/neutron/neutron/plugins/ml2/drivers/ovn/mech_driver/ovsdb/ovsdb_monitor.py:65}}
Jul 13 15:06:28.639272 np0000185009 devstack@neutron-api.service[101852]: DEBUG neutron.plugins.ml2.drivers.ovn.mech_driver.ovsdb.ovsdb_monitor [-] ChassisAgentWriteEvent : Matched Chassis_Private, update, None None {{(pid=101852) matches /opt/stack/neutron/neutron/plugins/ml2/drivers/ovn/mech_driver/ovsdb/ovsdb_monitor.py:65}}
Jul 13 15:06:28.639373 np0000185009 devstack@neutron-api.service[101853]: DEBUG neutron.plugins.ml2.drivers.ovn.mech_driver.ovsdb.ovsdb_monitor [-] Hash Ring: Node eb865f7dc25651afacd5b6ed4f182a8b (host: np0000185009) handling event "update" for row 4d1bc04f-258c-4485-b938-fb5dacdbcb89 (table: Chassis_Private) {{(pid=101853) notify /opt/stack/neutron/neutron/plugins/ml2/drivers/ovn/mech_driver/ovsdb/ovsdb_monitor.py:1031}}
Jul 13 15:06:28.639686 np0000185009 devstack@neutron-api.service[101853]: DEBUG neutron.plugins.ml2.drivers.ovn.mech_driver.ovsdb.ovsdb_monitor [-] Hash Ring: Node eb865f7dc25651afacd5b6ed4f182a8b (host: np0000185009) handling event "update" for row e33820ee-f001-4944-be37-1cfabc0cbc11 (table: NB_Global) {{(pid=101853) notify /opt/stack/neutron/neutron/plugins/ml2/drivers/ovn/mech_driver/ovsdb/ovsdb_monitor.py:1031}}
Jul 13 15:06:28.640805 np0000185009 devstack@neutron-api.service[101854]: DEBUG neutron.plugins.ml2.drivers.ovn.mech_driver.ovsdb.ovsdb_monitor [-] ChassisAgentWriteEvent : Matched Chassis_Private, update, None None {{(pid=101854) matches /opt/stack/neutron/neutron/plugins/ml2/drivers/ovn/mech_driver/ovsdb/ovsdb_monitor.py:65}}
Jul 13 15:06:28.645239 np0000185009 devstack@neutron-api.service[101853]: DEBUG neutron.plugins.ml2.drivers.ovn.mech_driver.ovsdb.ovsdb_monitor [-] ChassisOVNAgentWriteEvent : Matched Chassis_Private, update, None None {{(pid=101853) matches /opt/stack/neutron/neutron/plugins/ml2/drivers/ovn/mech_driver/ovsdb/ovsdb_monitor.py:65}}
Jul 13 15:06:28.645487 np0000185009 devstack@neutron-api.service[101855]: DEBUG neutron.plugins.ml2.drivers.ovn.mech_driver.ovsdb.ovsdb_monitor [-] ChassisAgentWriteEvent : Matched Chassis_Private, update, None None {{(pid=101855) matches /opt/stack/neutron/neutron/plugins/ml2/drivers/ovn/mech_driver/ovsdb/ovsdb_monitor.py:65}}
Jul 13 15:06:28.645614 np0000185009 devstack@neutron-api.service[101854]: DEBUG neutron.plugins.ml2.drivers.ovn.mech_driver.ovsdb.ovsdb_monitor [-] ChassisOVNAgentWriteEvent : Matched Chassis_Private, update, None None {{(pid=101854) matches /opt/stack/neutron/neutron/plugins/ml2/drivers/ovn/mech_driver/ovsdb/ovsdb_monitor.py:65}}
Jul 13 15:06:28.645736 np0000185009 devstack@neutron-api.service[101853]: DEBUG neutron.plugins.ml2.drivers.ovn.mech_driver.ovsdb.ovsdb_monitor [-] Hash Ring: Node eb865f7dc25651afacd5b6ed4f182a8b (host: np0000185009) handling event "update" for row 4d1bc04f-258c-4485-b938-fb5dacdbcb89 (table: Chassis_Private) {{(pid=101853) notify /opt/stack/neutron/neutron/plugins/ml2/drivers/ovn/mech_driver/ovsdb/ovsdb_monitor.py:1031}}
Jul 13 15:06:28.647619 np0000185009 devstack@neutron-api.service[101852]: DEBUG neutron.common.ovn.hash_ring_manager [-] Allow caching, nodes 4>=4 {{(pid=101852) _wait_startup_before_caching /opt/stack/neutron/neutron/common/ovn/hash_ring_manager.py:71}}
Jul 13 15:06:28.647808 np0000185009 devstack@neutron-api.service[101852]: DEBUG neutron.plugins.ml2.drivers.ovn.mech_driver.ovsdb.ovsdb_monitor [-] Hash Ring: Node 7a84a5a5eea75b8d8eb9652e88a19d15 (host: np0000185009) handling event "update" for row 4d1bc04f-258c-4485-b938-fb5dacdbcb89 (table: Chassis_Private) {{(pid=101852) notify /opt/stack/neutron/neutron/plugins/ml2/drivers/ovn/mech_driver/ovsdb/ovsdb_monitor.py:1031}}
Jul 13 15:06:28.648904 np0000185009 devstack@neutron-api.service[101852]: DEBUG neutron.plugins.ml2.drivers.ovn.mech_driver.ovsdb.ovsdb_monitor [-] ChassisOVNAgentWriteEvent : Matched Chassis_Private, update, None None {{(pid=101852) matches /opt/stack/neutron/neutron/plugins/ml2/drivers/ovn/mech_driver/ovsdb/ovsdb_monitor.py:65}}
Jul 13 15:06:28.649270 np0000185009 devstack@neutron-api.service[101852]: DEBUG neutron.plugins.ml2.drivers.ovn.mech_driver.ovsdb.ovsdb_monitor [-] Hash Ring: Node 7a84a5a5eea75b8d8eb9652e88a19d15 (host: np0000185009) handling event "update" for row 4d1bc04f-258c-4485-b938-fb5dacdbcb89 (table: Chassis_Private) {{(pid=101852) notify /opt/stack/neutron/neutron/plugins/ml2/drivers/ovn/mech_driver/ovsdb/ovsdb_monitor.py:1031}}
Jul 13 15:06:28.650611 np0000185009 devstack@neutron-api.service[101855]: DEBUG neutron.plugins.ml2.drivers.ovn.mech_driver.ovsdb.ovsdb_monitor [-] ChassisOVNAgentWriteEvent : Matched Chassis_Private, update, None None {{(pid=101855) matches /opt/stack/neutron/neutron/plugins/ml2/drivers/ovn/mech_driver/ovsdb/ovsdb_monitor.py:65}}
Jul 13 15:06:28.713794 np0000185009 devstack@neutron-api.service[101855]: DEBUG neutron.plugins.ml2.drivers.helpers [None req-529be0cd-420a-4f63-a4c8-3cd2ea6347da admin admin] geneve segment allocate from pool success with {'geneve_vni': 60786} {{(pid=101855) allocate_partially_specified_segment /opt/stack/neutron/neutron/plugins/ml2/drivers/helpers.py:142}}
Jul 13 15:06:28.727809 np0000185009 devstack@neutron-api.service[101855]: DEBUG neutron_lib.callbacks.manager [None req-529be0cd-420a-4f63-a4c8-3cd2ea6347da admin admin] Publish callbacks ['neutron.services.segments.db._add_segment_host_mapping_for_segment-8534319440336', 'neutron.plugins.ml2.plugin.Ml2Plugin._handle_segment_change-1882892'] for segment (121ba2a7-c0d4-465c-b1a7-1f021293d72c), precommit_create {{(pid=101855) _notify_loop /opt/stack/data/venv/lib/python3.12/site-packages/neutron_lib/callbacks/manager.py:184}}
Jul 13 15:06:28.728076 np0000185009 devstack@neutron-api.service[101855]: INFO neutron.db.segments_db [None req-529be0cd-420a-4f63-a4c8-3cd2ea6347da admin admin] Added segment 121ba2a7-c0d4-465c-b1a7-1f021293d72c of type geneve for network 531b6438-aa1e-456a-a857-9e7e67db2fee
Jul 13 15:06:28.786067 np0000185009 devstack@neutron-api.service[101855]: DEBUG neutron_lib.callbacks.manager [None req-529be0cd-420a-4f63-a4c8-3cd2ea6347da admin admin] Publish callbacks ['neutron.services.auto_allocate.db._ensure_external_network_default_value_callback-8534317663132'] for network (531b6438-aa1e-456a-a857-9e7e67db2fee), precommit_create {{(pid=101855) _notify_loop /opt/stack/data/venv/lib/python3.12/site-packages/neutron_lib/callbacks/manager.py:184}}
Jul 13 15:06:28.813403 np0000185009 devstack@neutron-api.service[101855]: DEBUG neutron.plugins.ml2.drivers.ovn.mech_driver.mech_driver [None req-529be0cd-420a-4f63-a4c8-3cd2ea6347da admin admin] Validating network segment with type geneve, segmentation ID 60786, physical network None {{(pid=101855) _validate_network_segments /opt/stack/neutron/neutron/plugins/ml2/drivers/ovn/mech_driver/mech_driver.py:646}}
Jul 13 15:06:28.813656 np0000185009 devstack@neutron-api.service[101855]: DEBUG neutron.db.ovn_revision_numbers_db [None req-529be0cd-420a-4f63-a4c8-3cd2ea6347da admin admin] create_initial_revision uuid=531b6438-aa1e-456a-a857-9e7e67db2fee, type=networks, rev=-1 {{(pid=101855) create_initial_revision /opt/stack/neutron/neutron/db/ovn_revision_numbers_db.py:98}}
Jul 13 15:06:28.842196 np0000185009 devstack@neutron-api.service[101855]: DEBUG neutron_lib.callbacks.manager [None req-529be0cd-420a-4f63-a4c8-3cd2ea6347da admin admin] Publish callbacks ['neutron.plugins.ml2.ovo_rpc._ObjectChangeHandler.handle_event-32163486'] for network (531b6438-aa1e-456a-a857-9e7e67db2fee), after_create {{(pid=101855) _notify_loop /opt/stack/data/venv/lib/python3.12/site-packages/neutron_lib/callbacks/manager.py:184}}
Jul 13 15:06:28.890833 np0000185009 devstack@neutron-api.service[101855]: DEBUG neutron.api.rpc.handlers.resources_rpc [None req-529be0cd-420a-4f63-a4c8-3cd2ea6347da admin admin] Pushing event updated for resources: {'Network': ['ID=531b6438-aa1e-456a-a857-9e7e67db2fee,revision_number=1']} {{(pid=101855) push /opt/stack/neutron/neutron/api/rpc/handlers/resources_rpc.py:237}}
Jul 13 15:06:28.900451 np0000185009 devstack@neutron-api.service[101855]: DEBUG ovsdbapp.backend.ovs_idl.transaction [-] Running txn n=1 command(idx=0): AddNetworkCommand(_result=None, network_uuid=531b6438-aa1e-456a-a857-9e7e67db2fee, may_exist=True, columns={'external_ids': {'neutron:network_name': 'private', 'neutron:mtu': '1372', 'neutron:revision_number': '1', 'neutron:availability_zone_hints': '', 'neutron:provnet-network-type': 'geneve'}, 'other_config': {'mcast_snoop': 'false', 'mcast_flood_unregistered': 'false', 'vlan-passthru': 'false'}}) {{(pid=101855) do_commit /opt/stack/data/venv/lib/python3.12/site-packages/ovsdbapp/backend/ovs_idl/transaction.py:89}}
Jul 13 15:06:28.901319 np0000185009 devstack@neutron-api.service[101855]: DEBUG neutron.common.ovn.utils [-] OVS persist_uuid supported=True {{(pid=101855) ovs_persist_uuid_supported /opt/stack/neutron/neutron/common/ovn/utils.py:1564}}
Jul 13 15:06:28.909100 np0000185009 devstack@neutron-api.service[101853]: DEBUG neutron.plugins.ml2.drivers.ovn.mech_driver.ovsdb.ovsdb_monitor [-] Hash Ring: Node eb865f7dc25651afacd5b6ed4f182a8b (host: np0000185009) handling event "create" for row 531b6438-aa1e-456a-a857-9e7e67db2fee (table: Logical_Switch) {{(pid=101853) notify /opt/stack/neutron/neutron/plugins/ml2/drivers/ovn/mech_driver/ovsdb/ovsdb_monitor.py:1031}}
Jul 13 15:06:28.910411 np0000185009 devstack@neutron-api.service[101852]: DEBUG neutron.plugins.ml2.drivers.ovn.mech_driver.ovsdb.ovsdb_monitor [-] Hash Ring: Node 7a84a5a5eea75b8d8eb9652e88a19d15 (host: np0000185009) handling event "create" for row 531b6438-aa1e-456a-a857-9e7e67db2fee (table: Logical_Switch) {{(pid=101852) notify /opt/stack/neutron/neutron/plugins/ml2/drivers/ovn/mech_driver/ovsdb/ovsdb_monitor.py:1031}}
Jul 13 15:06:28.914986 np0000185009 devstack@neutron-api.service[101852]: DEBUG neutron.plugins.ml2.drivers.ovn.mech_driver.ovsdb.ovsdb_monitor [-] Hash Ring: Node 7a84a5a5eea75b8d8eb9652e88a19d15 (host: np0000185009) handling event "create" for row af163225-7ad7-4564-9864-93e3e7f8f7ae (table: Datapath_Binding) {{(pid=101852) notify /opt/stack/neutron/neutron/plugins/ml2/drivers/ovn/mech_driver/ovsdb/ovsdb_monitor.py:1031}}
Jul 13 15:06:28.929610 np0000185009 devstack@neutron-api.service[101855]: DEBUG neutron.plugins.ml2.drivers.ovn.mech_driver.ovsdb.ovsdb_monitor [-] Hash Ring: Node 16259b43ec315845b3342a727e73f26e (host: np0000185009) handling event "create" for row af163225-7ad7-4564-9864-93e3e7f8f7ae (table: Datapath_Binding) {{(pid=101855) notify /opt/stack/neutron/neutron/plugins/ml2/drivers/ovn/mech_driver/ovsdb/ovsdb_monitor.py:1031}}
Jul 13 15:06:28.957735 np0000185009 devstack@neutron-api.service[101855]: INFO neutron.db.ovn_revision_numbers_db [None req-529be0cd-420a-4f63-a4c8-3cd2ea6347da admin admin] Successfully bumped revision number for resource 531b6438-aa1e-456a-a857-9e7e67db2fee (type: networks) to 1
Jul 13 15:06:29.028548 np0000185009 devstack@neutron-api.service[101855]: DEBUG neutron_lib.callbacks.manager [None req-529be0cd-420a-4f63-a4c8-3cd2ea6347da admin admin] Publish callbacks ['neutron.plugins.ml2.plugin.SecurityGroupDbMixin._ensure_default_security_group_handler-54794'] for port (None), before_create {{(pid=101855) _notify_loop /opt/stack/data/venv/lib/python3.12/site-packages/neutron_lib/callbacks/manager.py:184}}
Jul 13 15:06:29.353670 np0000185009 devstack@neutron-api.service[101855]: DEBUG neutron_lib.callbacks.manager [None req-529be0cd-420a-4f63-a4c8-3cd2ea6347da admin admin] Publish callbacks ['neutron.plugins.ml2.drivers.ovn.mech_driver.mech_driver.OVNMechanismDriver._validate_allowed_address_pairs-202412'] for allowed_address_pair (dc08d1d7-8298-41c7-b370-c45362138fdc), before_create {{(pid=101855) _notify_loop /opt/stack/data/venv/lib/python3.12/site-packages/neutron_lib/callbacks/manager.py:184}}
Jul 13 15:06:29.354201 np0000185009 devstack@neutron-api.service[101855]: DEBUG neutron_lib.callbacks.manager [None req-529be0cd-420a-4f63-a4c8-3cd2ea6347da admin admin] Publish callbacks [] for port (dc08d1d7-8298-41c7-b370-c45362138fdc), precommit_create {{(pid=101855) _notify_loop /opt/stack/data/venv/lib/python3.12/site-packages/neutron_lib/callbacks/manager.py:184}}
Jul 13 15:06:29.354419 np0000185009 devstack@neutron-api.service[101855]: DEBUG neutron.plugins.ml2.drivers.ovn.mech_driver.mech_driver [None req-529be0cd-420a-4f63-a4c8-3cd2ea6347da admin admin] No provisioning block for port dc08d1d7-8298-41c7-b370-c45362138fdc since it does not have a host {{(pid=101855) _is_port_provisioning_required /opt/stack/neutron/neutron/plugins/ml2/drivers/ovn/mech_driver/mech_driver.py:899}}
Jul 13 15:06:29.354570 np0000185009 devstack@neutron-api.service[101855]: DEBUG neutron.db.ovn_revision_numbers_db [None req-529be0cd-420a-4f63-a4c8-3cd2ea6347da admin admin] create_initial_revision uuid=dc08d1d7-8298-41c7-b370-c45362138fdc, type=ports, rev=-1 {{(pid=101855) create_initial_revision /opt/stack/neutron/neutron/db/ovn_revision_numbers_db.py:98}}
Jul 13 15:06:29.422523 np0000185009 devstack@neutron-api.service[101855]: DEBUG neutron_lib.callbacks.manager [None req-529be0cd-420a-4f63-a4c8-3cd2ea6347da admin admin] Publish callbacks ['neutron.plugins.ml2.ovo_rpc._ObjectChangeHandler.handle_event-32163702'] for port (dc08d1d7-8298-41c7-b370-c45362138fdc), after_create {{(pid=101855) _notify_loop /opt/stack/data/venv/lib/python3.12/site-packages/neutron_lib/callbacks/manager.py:184}}
Jul 13 15:06:29.481149 np0000185009 devstack@neutron-api.service[101855]: DEBUG neutron.api.rpc.handlers.resources_rpc [None req-529be0cd-420a-4f63-a4c8-3cd2ea6347da admin admin] Pushing event updated for resources: {'Port': ['ID=dc08d1d7-8298-41c7-b370-c45362138fdc,revision_number=1']} {{(pid=101855) push /opt/stack/neutron/neutron/api/rpc/handlers/resources_rpc.py:237}}
Jul 13 15:06:29.519763 np0000185009 devstack@neutron-api.service[101855]: DEBUG neutron.plugins.ml2.drivers.ovn.mech_driver.ovsdb.commands [None req-529be0cd-420a-4f63-a4c8-3cd2ea6347da admin admin] Converting tag [] to a tag_request {{(pid=101855) _tag_column_to_tag_request /opt/stack/neutron/neutron/plugins/ml2/drivers/ovn/mech_driver/ovsdb/commands.py:205}}
Jul 13 15:06:29.520368 np0000185009 devstack@neutron-api.service[101855]: DEBUG ovsdbapp.backend.ovs_idl.transaction [-] Running txn n=1 command(idx=0): AddLSwitchPortCommand(_result=None, lport=dc08d1d7-8298-41c7-b370-c45362138fdc, lswitch=neutron-531b6438-aa1e-456a-a857-9e7e67db2fee, may_exist=True, network_uuid=531b6438-aa1e-456a-a857-9e7e67db2fee, columns={'addresses': ['fa:16:3e:a5:bd:d8'], 'external_ids': {'neutron:port_name': '', 'neutron:device_id': 'ovnmeta-531b6438-aa1e-456a-a857-9e7e67db2fee', 'neutron:project_id': 'e344130efe2f493ebc0f141d1cbaba80', 'neutron:cidrs': '', 'neutron:device_owner': 'network:distributed', 'neutron:subnet_pool_addr_scope4': '', 'neutron:subnet_pool_addr_scope6': '', 'neutron:network_name': 'neutron-531b6438-aa1e-456a-a857-9e7e67db2fee', 'neutron:security_group_ids': '', 'neutron:revision_number': '1', 'neutron:vnic_type': 'normal', 'neutron:port_capabilities': '', 'neutron:mtu': '1372'}, 'parent_name': [], 'enabled': True, 'options': {}, 'type': 'localport', 'port_security': [], 'dhcpv4_options': [], 'dhcpv6_options': [], 'tag_request': []}) {{(pid=101855) do_commit /opt/stack/data/venv/lib/python3.12/site-packages/ovsdbapp/backend/ovs_idl/transaction.py:89}}
Jul 13 15:06:29.520747 np0000185009 devstack@neutron-api.service[101855]: DEBUG ovsdbapp.backend.ovs_idl.transaction [-] Running txn n=1 command(idx=1): QoSDelCommand(_result=None, switch=neutron-531b6438-aa1e-456a-a857-9e7e67db2fee, conditions=[('direction', '=', 'to-lport'), ('priority', '=', 2002), ('match', '=', 'outport == "dc08d1d7-8298-41c7-b370-c45362138fdc"')], if_exists=True) {{(pid=101855) do_commit /opt/stack/data/venv/lib/python3.12/site-packages/ovsdbapp/backend/ovs_idl/transaction.py:89}}
Jul 13 15:06:29.520888 np0000185009 devstack@neutron-api.service[101855]: DEBUG ovsdbapp.backend.ovs_idl.transaction [-] Running txn n=1 command(idx=2): QoSDelCommand(_result=None, switch=neutron-531b6438-aa1e-456a-a857-9e7e67db2fee, conditions=[('direction', '=', 'from-lport'), ('priority', '=', 2002), ('match', '=', 'inport == "dc08d1d7-8298-41c7-b370-c45362138fdc"')], if_exists=True) {{(pid=101855) do_commit /opt/stack/data/venv/lib/python3.12/site-packages/ovsdbapp/backend/ovs_idl/transaction.py:89}}
Jul 13 15:06:29.526007 np0000185009 devstack@neutron-api.service[101853]: DEBUG neutron.plugins.ml2.drivers.ovn.mech_driver.ovsdb.ovsdb_monitor [-] Hash Ring: Node eb865f7dc25651afacd5b6ed4f182a8b (host: np0000185009) handling event "update" for row 531b6438-aa1e-456a-a857-9e7e67db2fee (table: Logical_Switch) {{(pid=101853) notify /opt/stack/neutron/neutron/plugins/ml2/drivers/ovn/mech_driver/ovsdb/ovsdb_monitor.py:1031}}
Jul 13 15:06:29.529342 np0000185009 devstack@neutron-api.service[101853]: DEBUG neutron.plugins.ml2.drivers.ovn.mech_driver.ovsdb.ovsdb_monitor [-] Hash Ring: Node eb865f7dc25651afacd5b6ed4f182a8b (host: np0000185009) handling event "create" for row 26ae44e2-7761-4d6f-ba19-08bae9b2fb9e (table: Port_Binding) {{(pid=101853) notify /opt/stack/neutron/neutron/plugins/ml2/drivers/ovn/mech_driver/ovsdb/ovsdb_monitor.py:1031}}
Jul 13 15:06:29.530388 np0000185009 devstack@neutron-api.service[101852]: DEBUG neutron.plugins.ml2.drivers.ovn.mech_driver.ovsdb.ovsdb_monitor [-] Hash Ring: Node 7a84a5a5eea75b8d8eb9652e88a19d15 (host: np0000185009) handling event "create" for row 26ae44e2-7761-4d6f-ba19-08bae9b2fb9e (table: Port_Binding) {{(pid=101852) notify /opt/stack/neutron/neutron/plugins/ml2/drivers/ovn/mech_driver/ovsdb/ovsdb_monitor.py:1031}}
Jul 13 15:06:29.532882 np0000185009 devstack@neutron-api.service[101852]: DEBUG neutron.plugins.ml2.drivers.ovn.mech_driver.ovsdb.ovsdb_monitor [-] Hash Ring: Node 7a84a5a5eea75b8d8eb9652e88a19d15 (host: np0000185009) handling event "update" for row 531b6438-aa1e-456a-a857-9e7e67db2fee (table: Logical_Switch) {{(pid=101852) notify /opt/stack/neutron/neutron/plugins/ml2/drivers/ovn/mech_driver/ovsdb/ovsdb_monitor.py:1031}}
Jul 13 15:06:29.533748 np0000185009 devstack@neutron-api.service[101852]: DEBUG neutron.plugins.ml2.drivers.ovn.mech_driver.ovsdb.ovsdb_monitor [-] Hash Ring: Node 7a84a5a5eea75b8d8eb9652e88a19d15 (host: np0000185009) handling event "create" for row 8b0cf62f-4faa-47ae-8b2b-b8e56f2bdb1b (table: Logical_Switch_Port) {{(pid=101852) notify /opt/stack/neutron/neutron/plugins/ml2/drivers/ovn/mech_driver/ovsdb/ovsdb_monitor.py:1031}}
