2026-07-30 22:26:35.466 7 INFO placement.requestlog [None req-27392012-e34a-441b-bf1c-a06cb5358c1b - - - - - -] 10.0.0.121 "GET /" status: 200 len: 136 microversion: 1.0
2026-07-30 22:26:35.466 8 INFO placement.requestlog [None req-0a011a8b-42f5-4686-ac5e-e87cc61614c8 - - - - - -] 10.0.0.121 "GET /" status: 200 len: 136 microversion: 1.0
2026-07-30 22:26:45.466 7 INFO placement.requestlog [None req-9bd894ff-2291-440b-9efa-e6d6cbde7356 - - - - - -] 10.0.0.121 "GET /" status: 200 len: 136 microversion: 1.0
2026-07-30 22:26:45.467 8 INFO placement.requestlog [None req-0d1678ee-5599-412d-86a3-df928ba09581 - - - - - -] 10.0.0.121 "GET /" status: 200 len: 136 microversion: 1.0
2026-07-30 22:26:55.466 7 INFO placement.requestlog [None req-74665599-01f5-46b7-ab75-73afb969ad5f - - - - - -] 10.0.0.121 "GET /" status: 200 len: 136 microversion: 1.0
2026-07-30 22:26:55.466 8 INFO placement.requestlog [None req-166c2e37-0019-413f-afa5-df1e3926de8b - - - - - -] 10.0.0.121 "GET /" status: 200 len: 136 microversion: 1.0
2026-07-30 22:27:03.451 7 INFO placement.requestlog [req-ffd3b0e7-aaaa-49fd-9a7c-10ef41e35f85 req-97e1181b-4ca4-4c70-8eb5-7ccc67a32b13 5120be7b2d354626b85c90ffbdd9d078 4b1c4fa4c6d44143b830cf2afcd9fbbb - - 5b7b220696ec43e492dc829ae4a45a5c 5b7b220696ec43e492dc829ae4a45a5c] 199.19.213.246 "GET /resource_providers/d3ce78ea-3723-4410-a89e-654421afdbad/allocations" status: 200 len: 54 microversion: 1.0 [pid: 7|app: 0|req: 402/801] 199.19.213.246 () {32 vars in 857 bytes} [Thu Jul 30 22:27:03 2026] GET /resource_providers/d3ce78ea-3723-4410-a89e-654421afdbad/allocations => generated 54 bytes in 17 msecs (HTTP/1.1 200) 6 headers in 223 bytes (1 switches on core 0)
2026-07-30 22:27:03.474 8 INFO placement.requestlog [req-ffd3b0e7-aaaa-49fd-9a7c-10ef41e35f85 req-707210a5-063d-4712-816e-44f8efb941cf 5120be7b2d354626b85c90ffbdd9d078 4b1c4fa4c6d44143b830cf2afcd9fbbb - - 5b7b220696ec43e492dc829ae4a45a5c 5b7b220696ec43e492dc829ae4a45a5c] 199.19.213.246 "GET /resource_providers/d3ce78ea-3723-4410-a89e-654421afdbad/allocations" status: 200 len: 54 microversion: 1.0 [pid: 8|app: 0|req: 400/802] 199.19.213.246 () {32 vars in 857 bytes} [Thu Jul 30 22:27:03 2026] GET /resource_providers/d3ce78ea-3723-4410-a89e-654421afdbad/allocations => generated 54 bytes in 17 msecs (HTTP/1.1 200) 6 headers in 223 bytes (1 switches on core 0)
2026-07-30 22:27:05.466 7 INFO placement.requestlog [None req-9497f859-c26d-4ca7-976a-623cd830346c - - - - - -] 10.0.0.121 "GET /" status: 200 len: 136 microversion: 1.0
2026-07-30 22:27:05.467 8 INFO placement.requestlog [None req-f7ec7903-c9d2-4d4e-9ff3-b28d56c821b7 - - - - - -] 10.0.0.121 "GET /" status: 200 len: 136 microversion: 1.0
2026-07-30 22:27:15.466 7 INFO placement.requestlog [None req-1dd50804-7814-4507-96f6-c403334d4f0e - - - - - -] 10.0.0.121 "GET /" status: 200 len: 136 microversion: 1.0
2026-07-30 22:27:15.467 8 INFO placement.requestlog [None req-352ebe03-303b-465c-9fa2-f06a6e4cc2ca - - - - - -] 10.0.0.121 "GET /" status: 200 len: 136 microversion: 1.0
2026-07-30 22:27:18.445 7 INFO placement.requestlog [None req-df9e740c-e8e5-4b07-95da-387bab42758e - - - - - -] 10.0.0.121 "GET /" status: 200 len: 136 microversion: 1.0 [pid: 7|app: 0|req: 405/807] 199.19.213.246 () {42 vars in 700 bytes} [Thu Jul 30 22:27:18 2026] GET / => generated 136 bytes in 2 msecs (HTTP/1.1 200) 6 headers in 224 bytes (1 switches on core 0)
2026-07-30 22:27:18.506 8 INFO placement.requestlog [None req-c0acf6b7-7362-4bb2-a0da-d855ae0fb96f 2b66e8e1819347e08265b16804012867 9b3210d14c5f4d8fa37e1a8bd0500cf6 - - default default] 10.0.0.121 "GET /resource_providers" status: 200 len: 797 microversion: 1.20 [pid: 8|app: 0|req: 403/808] 199.19.213.246 () {46 vars in 984 bytes} [Thu Jul 30 22:27:18 2026] GET /resource_providers => generated 797 bytes in 53 msecs (HTTP/1.1 200) 8 headers in 296 bytes (1 switches on core 0)
2026-07-30 22:27:25.466 7 INFO placement.requestlog [None req-02cbd9c2-8932-4532-8480-4ea86a633508 - - - - - -] 10.0.0.121 "GET /" status: 200 len: 136 microversion: 1.0
2026-07-30 22:27:25.467 8 INFO placement.requestlog [None req-98e03603-3a28-45bc-a33b-d0dae77e7cc0 - - - - - -] 10.0.0.121 "GET /" status: 200 len: 136 microversion: 1.0
2026-07-30 22:27:35.466 7 INFO placement.requestlog [None req-28405f89-fd1c-4d8c-baa2-a4ba0d23ddfe - - - - - -] 10.0.0.121 "GET /" status: 200 len: 136 microversion: 1.0
2026-07-30 22:27:35.467 8 INFO placement.requestlog [None req-8445656e-3e7e-4f3f-a22f-9f23ff157b3d - - - - - -] 10.0.0.121 "GET /" status: 200 len: 136 microversion: 1.0
2026-07-30 22:27:45.468 7 INFO placement.requestlog [None req-a9c2a6b2-8038-421c-bd1e-99f924b97375 - - - - - -] 10.0.0.121 "GET /" status: 200 len: 136 microversion: 1.0
2026-07-30 22:27:45.468 8 INFO placement.requestlog [None req-aa191240-2fda-47b3-b2fb-c3f16dd8b9cc - - - - - -] 10.0.0.121 "GET /" status: 200 len: 136 microversion: 1.0
2026-07-30 22:27:55.467 7 INFO placement.requestlog [None req-949cdba8-9f7d-4a0a-9998-b93663a2495f - - - - - -] 10.0.0.121 "GET /" status: 200 len: 136 microversion: 1.0
2026-07-30 22:27:55.467 8 INFO placement.requestlog [None req-41e6a409-8c39-4d4f-b7ab-9c888dc17769 - - - - - -] 10.0.0.121 "GET /" status: 200 len: 136 microversion: 1.0
2026-07-30 22:28:03.483 7 INFO placement.requestlog [req-7c52aaa8-d003-44ca-a60b-978c05f789fe req-752a6e40-fd0f-41ca-8072-16e17623b4d5 5120be7b2d354626b85c90ffbdd9d078 4b1c4fa4c6d44143b830cf2afcd9fbbb - - 5b7b220696ec43e492dc829ae4a45a5c 5b7b220696ec43e492dc829ae4a45a5c] 199.19.213.246 "GET /resource_providers/d3ce78ea-3723-4410-a89e-654421afdbad/allocations" status: 200 len: 54 microversion: 1.0 [pid: 7|app: 0|req: 410/817] 199.19.213.246 () {32 vars in 857 bytes} [Thu Jul 30 22:28:03 2026] GET /resource_providers/d3ce78ea-3723-4410-a89e-654421afdbad/allocations => generated 54 bytes in 75 msecs (HTTP/1.1 200) 6 headers in 223 bytes (1 switches on core 0)
2026-07-30 22:28:03.505 8 INFO placement.requestlog [req-7c52aaa8-d003-44ca-a60b-978c05f789fe req-82154550-a312-4f99-9944-6fa65d9c5f2a 5120be7b2d354626b85c90ffbdd9d078 4b1c4fa4c6d44143b830cf2afcd9fbbb - - 5b7b220696ec43e492dc829ae4a45a5c 5b7b220696ec43e492dc829ae4a45a5c] 199.19.213.246 "GET /resource_providers?in_tree=d3ce78ea-3723-4410-a89e-654421afdbad" status: 200 len: 797 microversion: 1.14 [pid: 8|app: 0|req: 408/818] 199.19.213.246 () {34 vars in 892 bytes} [Thu Jul 30 22:28:03 2026] GET /resource_providers?in_tree=d3ce78ea-3723-4410-a89e-654421afdbad => generated 797 bytes in 15 msecs (HTTP/1.1 200) 6 headers in 225 bytes (1 switches on core 0)
2026-07-30 22:28:03.525 7 INFO placement.requestlog [req-7c52aaa8-d003-44ca-a60b-978c05f789fe req-cb107ee6-d271-4fe2-b193-4ff4d74b724c 5120be7b2d354626b85c90ffbdd9d078 4b1c4fa4c6d44143b830cf2afcd9fbbb - - 5b7b220696ec43e492dc829ae4a45a5c 5b7b220696ec43e492dc829ae4a45a5c] 199.19.213.246 "GET /resource_providers/d3ce78ea-3723-4410-a89e-654421afdbad/inventories" status: 200 len: 400 microversion: 1.0 [pid: 7|app: 0|req: 411/819] 199.19.213.246 () {32 vars in 857 bytes} [Thu Jul 30 22:28:03 2026] GET /resource_providers/d3ce78ea-3723-4410-a89e-654421afdbad/inventories => generated 400 bytes in 14 msecs (HTTP/1.1 200) 6 headers in 224 bytes (1 switches on core 0)
2026-07-30 22:28:03.543 8 INFO placement.requestlog [req-7c52aaa8-d003-44ca-a60b-978c05f789fe req-a76dfa80-ab14-4913-b7a8-e939b4d41791 5120be7b2d354626b85c90ffbdd9d078 4b1c4fa4c6d44143b830cf2afcd9fbbb - - 5b7b220696ec43e492dc829ae4a45a5c 5b7b220696ec43e492dc829ae4a45a5c] 199.19.213.246 "GET /resource_providers/d3ce78ea-3723-4410-a89e-654421afdbad/aggregates" status: 200 len: 53 microversion: 1.19 [pid: 8|app: 0|req: 409/820] 199.19.213.246 () {34 vars in 899 bytes} [Thu Jul 30 22:28:03 2026] GET /resource_providers/d3ce78ea-3723-4410-a89e-654421afdbad/aggregates => generated 53 bytes in 11 msecs (HTTP/1.1 200) 8 headers in 295 bytes (1 switches on core 0)
2026-07-30 22:28:03.567 7 INFO placement.requestlog [req-7c52aaa8-d003-44ca-a60b-978c05f789fe req-72ba069f-9871-4bff-bba6-902e9381dc14 5120be7b2d354626b85c90ffbdd9d078 4b1c4fa4c6d44143b830cf2afcd9fbbb - - 5b7b220696ec43e492dc829ae4a45a5c 5b7b220696ec43e492dc829ae4a45a5c] 199.19.213.246 "GET /resource_providers/d3ce78ea-3723-4410-a89e-654421afdbad/traits" status: 200 len: 2316 microversion: 1.6 [pid: 7|app: 0|req: 412/821] 199.19.213.246 () {34 vars in 890 bytes} [Thu Jul 30 22:28:03 2026] GET /resource_providers/d3ce78ea-3723-4410-a89e-654421afdbad/traits => generated 2316 bytes in 19 msecs (HTTP/1.1 200) 6 headers in 225 bytes (1 switches on core 0)
2026-07-30 22:28:03.586 8 INFO placement.requestlog [req-7c52aaa8-d003-44ca-a60b-978c05f789fe req-fe26fcbc-7e68-4567-b404-1d81e34ec247 5120be7b2d354626b85c90ffbdd9d078 4b1c4fa4c6d44143b830cf2afcd9fbbb - - 5b7b220696ec43e492dc829ae4a45a5c 5b7b220696ec43e492dc829ae4a45a5c] 199.19.213.246 "GET /resource_providers/d3ce78ea-3723-4410-a89e-654421afdbad/allocations" status: 200 len: 54 microversion: 1.0 [pid: 8|app: 0|req: 410/822] 199.19.213.246 () {32 vars in 857 bytes} [Thu Jul 30 22:28:03 2026] GET /resource_providers/d3ce78ea-3723-4410-a89e-654421afdbad/allocations => generated 54 bytes in 12 msecs (HTTP/1.1 200) 6 headers in 223 bytes (1 switches on core 0)
2026-07-30 22:28:05.467 7 INFO placement.requestlog [None req-d518869f-95e6-45bf-aa1f-e3e66952e45c - - - - - -] 10.0.0.121 "GET /" status: 200 len: 136 microversion: 1.0
2026-07-30 22:28:05.467 8 INFO placement.requestlog [None req-3995d96c-94e8-4619-9964-42eb501e364b - - - - - -] 10.0.0.121 "GET /" status: 200 len: 136 microversion: 1.0
2026-07-30 22:28:15.467 7 INFO placement.requestlog [None req-2955f9fc-8dd4-48cb-aeab-2c00c509a4f9 - - - - - -] 10.0.0.121 "GET /" status: 200 len: 136 microversion: 1.0
2026-07-30 22:28:15.466 8 INFO placement.requestlog [None req-14c69ed8-0eb5-4d5b-b386-385181c2200b - - - - - -] 10.0.0.121 "GET /" status: 200 len: 136 microversion: 1.0
2026-07-30 22:28:25.467 8 INFO placement.requestlog [None req-43721695-6730-42de-b1c5-99ed871a6ffb - - - - - -] 10.0.0.121 "GET /" status: 200 len: 136 microversion: 1.0
2026-07-30 22:28:25.467 7 INFO placement.requestlog [None req-f8579a57-b29b-44eb-8f9f-b1f784d81539 - - - - - -] 10.0.0.121 "GET /" status: 200 len: 136 microversion: 1.0
2026-07-30 22:28:35.467 8 INFO placement.requestlog [None req-50d98800-2461-4681-9666-6392ff93c928 - - - - - -] 10.0.0.121 "GET /" status: 200 len: 136 microversion: 1.0
2026-07-30 22:28:35.467 7 INFO placement.requestlog [None req-0e23f86f-c20b-4169-902e-12a4e1f0a654 - - - - - -] 10.0.0.121 "GET /" status: 200 len: 136 microversion: 1.0
2026-07-30 22:28:45.467 7 INFO placement.requestlog [None req-7e486b33-cede-4e9b-baeb-dc959120f29c - - - - - -] 10.0.0.121 "GET /" status: 200 len: 136 microversion: 1.0
2026-07-30 22:28:45.467 8 INFO placement.requestlog [None req-a46d746d-5391-4355-ae2a-9669f3748134 - - - - - -] 10.0.0.121 "GET /" status: 200 len: 136 microversion: 1.0
2026-07-30 22:28:55.466 7 INFO placement.requestlog [None req-9e8b62e9-c915-4cf9-9595-3189862088a2 - - - - - -] 10.0.0.121 "GET /" status: 200 len: 136 microversion: 1.0
2026-07-30 22:28:55.467 8 INFO placement.requestlog [None req-a3d45dcb-d575-41fd-aac4-e5bab1e31bf8 - - - - - -] 10.0.0.121 "GET /" status: 200 len: 136 microversion: 1.0
2026-07-30 22:29:04.537 7 INFO placement.requestlog [req-87193a76-a7a0-4591-b108-2a36f481f877 req-625eb98a-49bc-4d4e-89f1-5717a41580fe 5120be7b2d354626b85c90ffbdd9d078 4b1c4fa4c6d44143b830cf2afcd9fbbb - - 5b7b220696ec43e492dc829ae4a45a5c 5b7b220696ec43e492dc829ae4a45a5c] 199.19.213.246 "GET /resource_providers/d3ce78ea-3723-4410-a89e-654421afdbad/allocations" status: 200 len: 54 microversion: 1.0 [pid: 7|app: 0|req: 419/835] 199.19.213.246 () {32 vars in 857 bytes} [Thu Jul 30 22:29:04 2026] GET /resource_providers/d3ce78ea-3723-4410-a89e-654421afdbad/allocations => generated 54 bytes in 15 msecs (HTTP/1.1 200) 6 headers in 223 bytes (1 switches on core 0)
2026-07-30 22:29:04.557 8 INFO placement.requestlog [req-87193a76-a7a0-4591-b108-2a36f481f877 req-25407fe5-faf4-46f7-a6c7-a3c57e3d3bc1 5120be7b2d354626b85c90ffbdd9d078 4b1c4fa4c6d44143b830cf2afcd9fbbb - - 5b7b220696ec43e492dc829ae4a45a5c 5b7b220696ec43e492dc829ae4a45a5c] 199.19.213.246 "GET /resource_providers/d3ce78ea-3723-4410-a89e-654421afdbad/allocations" status: 200 len: 54 microversion: 1.0 [pid: 8|app: 0|req: 417/836] 199.19.213.246 () {32 vars in 857 bytes} [Thu Jul 30 22:29:04 2026] GET /resource_providers/d3ce78ea-3723-4410-a89e-654421afdbad/allocations => generated 54 bytes in 13 msecs (HTTP/1.1 200) 6 headers in 223 bytes (1 switches on core 0)
2026-07-30 22:29:05.467 7 INFO placement.requestlog [None req-6538e0d2-af1a-4949-ad2c-b1efa6278bf7 - - - - - -] 10.0.0.121 "GET /" status: 200 len: 136 microversion: 1.0
2026-07-30 22:29:05.468 8 INFO placement.requestlog [None req-059f99ab-5c5b-4bc9-bef4-731cf2881bad - - - - - -] 10.0.0.121 "GET /" status: 200 len: 136 microversion: 1.0
2026-07-30 22:29:15.466 7 INFO placement.requestlog [None req-112cbfaa-7d2e-4e33-b364-c75f954d3580 - - - - - -] 10.0.0.121 "GET /" status: 200 len: 136 microversion: 1.0
2026-07-30 22:29:15.466 8 INFO placement.requestlog [None req-21279392-865d-47b0-b09e-64ed6438a0c6 - - - - - -] 10.0.0.121 "GET /" status: 200 len: 136 microversion: 1.0
2026-07-30 22:29:18.440 8 INFO placement.requestlog [req-0f8a6c50-298d-4e1e-bf95-c76608ffa29e req-d5fe0030-61c0-4095-8cb5-f9ecc9c912ea 5120be7b2d354626b85c90ffbdd9d078 4b1c4fa4c6d44143b830cf2afcd9fbbb - - 5b7b220696ec43e492dc829ae4a45a5c 5b7b220696ec43e492dc829ae4a45a5c] 10.0.0.32 "GET /allocation_candidates?limit=1000&resources=DISK_GB%3A1%2CMEMORY_MB%3A512%2CVCPU%3A1&root_required=%21COMPUTE_STATUS_DISABLED" status: 200 len: 2781 microversion: 1.36 [pid: 8|app: 0|req: 420/841] 10.0.0.32 () {34 vars in 1011 bytes} [Thu Jul 30 22:29:18 2026] GET /allocation_candidates?limit=1000&resources=DISK_GB%3A1%2CMEMORY_MB%3A512%2CVCPU%3A1&root_required=%21COMPUTE_STATUS_DISABLED => generated 2781 bytes in 184 msecs (HTTP/1.1 200) 8 headers in 297 bytes (1 switches on core 0)
2026-07-30 22:29:18.498 7 INFO placement.requestlog [req-0f8a6c50-298d-4e1e-bf95-c76608ffa29e req-921ba43c-ee47-4fb7-be01-de1220a2d9f3 5120be7b2d354626b85c90ffbdd9d078 4b1c4fa4c6d44143b830cf2afcd9fbbb - - 5b7b220696ec43e492dc829ae4a45a5c 5b7b220696ec43e492dc829ae4a45a5c] 10.0.0.32 "GET /allocations/1e5286bd-3633-4c9e-95c2-e72c28aae744" status: 200 len: 19 microversion: 1.28 [pid: 7|app: 0|req: 422/842] 10.0.0.32 () {34 vars in 860 bytes} [Thu Jul 30 22:29:18 2026] GET /allocations/1e5286bd-3633-4c9e-95c2-e72c28aae744 => generated 19 bytes in 16 msecs (HTTP/1.1 200) 8 headers in 295 bytes (1 switches on core 0)
2026-07-30 22:29:18.742 8 INFO placement.requestlog [req-0f8a6c50-298d-4e1e-bf95-c76608ffa29e req-241b4f97-8014-43ab-9ed2-f214d152d718 5120be7b2d354626b85c90ffbdd9d078 4b1c4fa4c6d44143b830cf2afcd9fbbb - - 5b7b220696ec43e492dc829ae4a45a5c 5b7b220696ec43e492dc829ae4a45a5c] 10.0.0.32 "PUT /allocations/1e5286bd-3633-4c9e-95c2-e72c28aae744" status: 204 len: 0 microversion: 1.36 [pid: 8|app: 0|req: 421/843] 10.0.0.32 () {38 vars in 913 bytes} [Thu Jul 30 22:29:18 2026] PUT /allocations/1e5286bd-3633-4c9e-95c2-e72c28aae744 => generated 0 bytes in 234 msecs (HTTP/1.1 204) 5 headers in 199 bytes (1 switches on core 0)
2026-07-30 22:29:18.935 7 INFO placement.requestlog [req-aa8d5933-18da-4c11-bdfd-71cffbaec134 req-46fa0a08-2f79-456d-8ba7-638a075530c6 5120be7b2d354626b85c90ffbdd9d078 4b1c4fa4c6d44143b830cf2afcd9fbbb - - 5b7b220696ec43e492dc829ae4a45a5c 5b7b220696ec43e492dc829ae4a45a5c] 10.0.0.32 "GET /allocation_candidates?limit=1000&resources=DISK_GB%3A1%2CMEMORY_MB%3A512%2CVCPU%3A1&root_required=%21COMPUTE_STATUS_DISABLED" status: 200 len: 2783 microversion: 1.36 [pid: 7|app: 0|req: 423/844] 10.0.0.32 () {34 vars in 1011 bytes} [Thu Jul 30 22:29:18 2026] GET /allocation_candidates?limit=1000&resources=DISK_GB%3A1%2CMEMORY_MB%3A512%2CVCPU%3A1&root_required=%21COMPUTE_STATUS_DISABLED => generated 2783 bytes in 60 msecs (HTTP/1.1 200) 8 headers in 297 bytes (1 switches on core 0)
2026-07-30 22:29:18.975 8 INFO placement.requestlog [req-aa8d5933-18da-4c11-bdfd-71cffbaec134 req-3f16a200-0314-4183-b718-a62f820746ab 5120be7b2d354626b85c90ffbdd9d078 4b1c4fa4c6d44143b830cf2afcd9fbbb - - 5b7b220696ec43e492dc829ae4a45a5c 5b7b220696ec43e492dc829ae4a45a5c] 10.0.0.32 "GET /allocations/b105d294-1aaa-4ec4-ab04-25f980e5129f" status: 200 len: 19 microversion: 1.28 [pid: 8|app: 0|req: 422/845] 10.0.0.32 () {34 vars in 860 bytes} [Thu Jul 30 22:29:18 2026] GET /allocations/b105d294-1aaa-4ec4-ab04-25f980e5129f => generated 19 bytes in 14 msecs (HTTP/1.1 200) 8 headers in 295 bytes (1 switches on core 0)
2026-07-30 22:29:19.139 7 INFO placement.requestlog [req-aa8d5933-18da-4c11-bdfd-71cffbaec134 req-fe365133-6932-4d83-9400-8e3754a0c357 5120be7b2d354626b85c90ffbdd9d078 4b1c4fa4c6d44143b830cf2afcd9fbbb - - 5b7b220696ec43e492dc829ae4a45a5c 5b7b220696ec43e492dc829ae4a45a5c] 10.0.0.32 "PUT /allocations/b105d294-1aaa-4ec4-ab04-25f980e5129f" status: 204 len: 0 microversion: 1.36 [pid: 7|app: 0|req: 424/846] 10.0.0.32 () {38 vars in 913 bytes} [Thu Jul 30 22:29:18 2026] PUT /allocations/b105d294-1aaa-4ec4-ab04-25f980e5129f => generated 0 bytes in 160 msecs (HTTP/1.1 204) 5 headers in 199 bytes (1 switches on core 0)
2026-07-30 22:29:20.816 8 INFO placement.requestlog [req-0f8a6c50-298d-4e1e-bf95-c76608ffa29e req-9afab0e2-032a-45c1-953e-e0be935033af 5120be7b2d354626b85c90ffbdd9d078 4b1c4fa4c6d44143b830cf2afcd9fbbb - - 5b7b220696ec43e492dc829ae4a45a5c 5b7b220696ec43e492dc829ae4a45a5c] 199.19.213.246 "GET /allocations/1e5286bd-3633-4c9e-95c2-e72c28aae744" status: 200 len: 257 microversion: 1.28 [pid: 8|app: 0|req: 423/847] 199.19.213.246 () {34 vars in 863 bytes} [Thu Jul 30 22:29:20 2026] GET /allocations/1e5286bd-3633-4c9e-95c2-e72c28aae744 => generated 257 bytes in 14 msecs (HTTP/1.1 200) 8 headers in 296 bytes (1 switches on core 0)
2026-07-30 22:29:20.929 7 INFO placement.requestlog [req-aa8d5933-18da-4c11-bdfd-71cffbaec134 req-c839516c-f1ea-4c01-8068-241dc772c748 5120be7b2d354626b85c90ffbdd9d078 4b1c4fa4c6d44143b830cf2afcd9fbbb - - 5b7b220696ec43e492dc829ae4a45a5c 5b7b220696ec43e492dc829ae4a45a5c] 199.19.213.246 "GET /allocations/b105d294-1aaa-4ec4-ab04-25f980e5129f" status: 200 len: 257 microversion: 1.28 [pid: 7|app: 0|req: 425/848] 199.19.213.246 () {34 vars in 863 bytes} [Thu Jul 30 22:29:20 2026] GET /allocations/b105d294-1aaa-4ec4-ab04-25f980e5129f => generated 257 bytes in 31 msecs (HTTP/1.1 200) 8 headers in 296 bytes (1 switches on core 0)
2026-07-30 22:29:21.782 7 INFO placement.requestlog [None req-8c82c1b1-0c18-40bc-a923-4b3b53aef850 61ba1097199a4cb4b402881f297ee1d6 4b1c4fa4c6d44143b830cf2afcd9fbbb - - 5b7b220696ec43e492dc829ae4a45a5c 5b7b220696ec43e492dc829ae4a45a5c] 10.0.0.126 "GET /resource_providers/f74ade70-af96-4989-86d5-0bf065baa7cb/aggregates" status: 404 len: 235 microversion: 1.1 [pid: 7|app: 0|req: 426/849] 10.0.0.126 () {32 vars in 816 bytes} [Thu Jul 30 22:29:21 2026] GET /resource_providers/f74ade70-af96-4989-86d5-0bf065baa7cb/aggregates => generated 235 bytes in 49 msecs (HTTP/1.1 404) 5 headers in 202 bytes (1 switches on core 0)
2026-07-30 22:29:21.786 8 INFO placement.requestlog [None req-c9bd5aa5-0616-424b-8027-18abbde6f537 61ba1097199a4cb4b402881f297ee1d6 4b1c4fa4c6d44143b830cf2afcd9fbbb - - 5b7b220696ec43e492dc829ae4a45a5c 5b7b220696ec43e492dc829ae4a45a5c] 10.0.0.126 "GET /resource_providers/f74ade70-af96-4989-86d5-0bf065baa7cb/aggregates" status: 404 len: 235 microversion: 1.1 [pid: 8|app: 0|req: 424/850] 10.0.0.126 () {32 vars in 816 bytes} [Thu Jul 30 22:29:21 2026] GET /resource_providers/f74ade70-af96-4989-86d5-0bf065baa7cb/aggregates => generated 235 bytes in 57 msecs (HTTP/1.1 404) 5 headers in 202 bytes (1 switches on core 0)
2026-07-30 22:29:21.805 7 INFO placement.requestlog [None req-890501a8-6ec3-448a-8c8e-80e2a7be1fa1 61ba1097199a4cb4b402881f297ee1d6 4b1c4fa4c6d44143b830cf2afcd9fbbb - - 5b7b220696ec43e492dc829ae4a45a5c 5b7b220696ec43e492dc829ae4a45a5c] 10.0.0.126 "DELETE /resource_providers/f74ade70-af96-4989-86d5-0bf065baa7cb" status: 404 len: 246 microversion: 1.1 [pid: 7|app: 0|req: 427/851] 10.0.0.126 () {34 vars in 816 bytes} [Thu Jul 30 22:29:21 2026] DELETE /resource_providers/f74ade70-af96-4989-86d5-0bf065baa7cb => generated 246 bytes in 9 msecs (HTTP/1.1 404) 6 headers in 231 bytes (1 switches on core 0)
2026-07-30 22:29:21.816 8 INFO placement.requestlog [None req-4baaf417-932b-4cd1-81cd-bb31669936b1 61ba1097199a4cb4b402881f297ee1d6 4b1c4fa4c6d44143b830cf2afcd9fbbb - - 5b7b220696ec43e492dc829ae4a45a5c 5b7b220696ec43e492dc829ae4a45a5c] 10.0.0.126 "DELETE /resource_providers/f74ade70-af96-4989-86d5-0bf065baa7cb" status: 404 len: 246 microversion: 1.1 [pid: 8|app: 0|req: 425/852] 10.0.0.126 () {34 vars in 816 bytes} [Thu Jul 30 22:29:21 2026] DELETE /resource_providers/f74ade70-af96-4989-86d5-0bf065baa7cb => generated 246 bytes in 12 msecs (HTTP/1.1 404) 6 headers in 231 bytes (1 switches on core 0)
2026-07-30 22:29:21.869 7 INFO placement.requestlog [req-0f8a6c50-298d-4e1e-bf95-c76608ffa29e req-7963952e-464e-41c8-9006-40ad6bb513e2 5120be7b2d354626b85c90ffbdd9d078 4b1c4fa4c6d44143b830cf2afcd9fbbb - - 5b7b220696ec43e492dc829ae4a45a5c 5b7b220696ec43e492dc829ae4a45a5c] 199.19.213.246 "GET /resource_providers/d3ce78ea-3723-4410-a89e-654421afdbad/allocations" status: 200 len: 252 microversion: 1.0 [pid: 7|app: 0|req: 428/853] 199.19.213.246 () {32 vars in 857 bytes} [Thu Jul 30 22:29:21 2026] GET /resource_providers/d3ce78ea-3723-4410-a89e-654421afdbad/allocations => generated 252 bytes in 28 msecs (HTTP/1.1 200) 6 headers in 224 bytes (1 switches on core 0)
2026-07-30 22:29:21.890 8 INFO placement.requestlog [req-0f8a6c50-298d-4e1e-bf95-c76608ffa29e req-c764f3cf-a3ec-415c-99a9-5bb2ef5b4ede 5120be7b2d354626b85c90ffbdd9d078 4b1c4fa4c6d44143b830cf2afcd9fbbb - - 5b7b220696ec43e492dc829ae4a45a5c 5b7b220696ec43e492dc829ae4a45a5c] 199.19.213.246 "GET /allocations/b105d294-1aaa-4ec4-ab04-25f980e5129f" status: 200 len: 257 microversion: 1.28 [pid: 8|app: 0|req: 426/854] 199.19.213.246 () {34 vars in 863 bytes} [Thu Jul 30 22:29:21 2026] GET /allocations/b105d294-1aaa-4ec4-ab04-25f980e5129f => generated 257 bytes in 12 msecs (HTTP/1.1 200) 8 headers in 296 bytes (1 switches on core 0)
2026-07-30 22:29:21.913 7 INFO placement.requestlog [req-0f8a6c50-298d-4e1e-bf95-c76608ffa29e req-4d7744e5-b185-4523-ac6b-65eaf4a1176f 5120be7b2d354626b85c90ffbdd9d078 4b1c4fa4c6d44143b830cf2afcd9fbbb - - 5b7b220696ec43e492dc829ae4a45a5c 5b7b220696ec43e492dc829ae4a45a5c] 199.19.213.246 "GET /allocations/1e5286bd-3633-4c9e-95c2-e72c28aae744" status: 200 len: 257 microversion: 1.28 [pid: 7|app: 0|req: 429/855] 199.19.213.246 () {34 vars in 863 bytes} [Thu Jul 30 22:29:21 2026] GET /allocations/1e5286bd-3633-4c9e-95c2-e72c28aae744 => generated 257 bytes in 20 msecs (HTTP/1.1 200) 8 headers in 296 bytes (1 switches on core 0)
2026-07-30 22:29:22.798 8 INFO placement.requestlog [None req-3a4c106c-480f-42e6-8e58-d5c28401bab2 61ba1097199a4cb4b402881f297ee1d6 4b1c4fa4c6d44143b830cf2afcd9fbbb - - 5b7b220696ec43e492dc829ae4a45a5c 5b7b220696ec43e492dc829ae4a45a5c] 10.0.0.126 "GET /resource_providers/ffaaabb4-094e-470e-928e-00197c046730/aggregates" status: 404 len: 235 microversion: 1.1 [pid: 8|app: 0|req: 427/856] 10.0.0.126 () {32 vars in 816 bytes} [Thu Jul 30 22:29:22 2026] GET /resource_providers/ffaaabb4-094e-470e-928e-00197c046730/aggregates => generated 235 bytes in 143 msecs (HTTP/1.1 404) 5 headers in 202 bytes (1 switches on core 0)
2026-07-30 22:29:22.811 7 INFO placement.requestlog [None req-e7e5d0d4-3261-4cae-aea6-8f6445e13d7d 61ba1097199a4cb4b402881f297ee1d6 4b1c4fa4c6d44143b830cf2afcd9fbbb - - 5b7b220696ec43e492dc829ae4a45a5c 5b7b220696ec43e492dc829ae4a45a5c] 10.0.0.126 "GET /resource_providers/ffaaabb4-094e-470e-928e-00197c046730/aggregates" status: 404 len: 235 microversion: 1.1 [pid: 7|app: 0|req: 430/857] 10.0.0.126 () {32 vars in 816 bytes} [Thu Jul 30 22:29:22 2026] GET /resource_providers/ffaaabb4-094e-470e-928e-00197c046730/aggregates => generated 235 bytes in 152 msecs (HTTP/1.1 404) 5 headers in 202 bytes (1 switches on core 0)
2026-07-30 22:29:22.814 8 INFO placement.requestlog [None req-5215a56a-1200-4528-a1af-0be0841ada94 61ba1097199a4cb4b402881f297ee1d6 4b1c4fa4c6d44143b830cf2afcd9fbbb - - 5b7b220696ec43e492dc829ae4a45a5c 5b7b220696ec43e492dc829ae4a45a5c] 10.0.0.126 "DELETE /resource_providers/ffaaabb4-094e-470e-928e-00197c046730" status: 404 len: 246 microversion: 1.1 [pid: 8|app: 0|req: 428/858] 10.0.0.126 () {34 vars in 816 bytes} [Thu Jul 30 22:29:22 2026] DELETE /resource_providers/ffaaabb4-094e-470e-928e-00197c046730 => generated 246 bytes in 7 msecs (HTTP/1.1 404) 6 headers in 231 bytes (1 switches on core 0)
2026-07-30 22:29:22.834 7 INFO placement.requestlog [None req-c9918ac7-9884-45a2-ba8f-e08b9456ebf7 61ba1097199a4cb4b402881f297ee1d6 4b1c4fa4c6d44143b830cf2afcd9fbbb - - 5b7b220696ec43e492dc829ae4a45a5c 5b7b220696ec43e492dc829ae4a45a5c] 10.0.0.126 "DELETE /resource_providers/ffaaabb4-094e-470e-928e-00197c046730" status: 404 len: 246 microversion: 1.1 [pid: 7|app: 0|req: 431/859] 10.0.0.126 () {34 vars in 816 bytes} [Thu Jul 30 22:29:22 2026] DELETE /resource_providers/ffaaabb4-094e-470e-928e-00197c046730 => generated 246 bytes in 12 msecs (HTTP/1.1 404) 6 headers in 231 bytes (1 switches on core 0)
2026-07-30 22:29:24.001 8 INFO placement.requestlog [req-aa8d5933-18da-4c11-bdfd-71cffbaec134 req-d041741b-9a3e-4a6b-8088-7dece5249436 5120be7b2d354626b85c90ffbdd9d078 4b1c4fa4c6d44143b830cf2afcd9fbbb - - 5b7b220696ec43e492dc829ae4a45a5c 5b7b220696ec43e492dc829ae4a45a5c] 199.19.213.246 "GET /resource_providers/d3ce78ea-3723-4410-a89e-654421afdbad/allocations" status: 200 len: 252 microversion: 1.0 [pid: 8|app: 0|req: 429/860] 199.19.213.246 () {32 vars in 857 bytes} [Thu Jul 30 22:29:23 2026] GET /resource_providers/d3ce78ea-3723-4410-a89e-654421afdbad/allocations => generated 252 bytes in 28 msecs (HTTP/1.1 200) 6 headers in 224 bytes (1 switches on core 0)
2026-07-30 22:29:24.023 7 INFO placement.requestlog [req-aa8d5933-18da-4c11-bdfd-71cffbaec134 req-90fe74c9-14f0-4e5e-a9fa-5e7f74bcedc2 5120be7b2d354626b85c90ffbdd9d078 4b1c4fa4c6d44143b830cf2afcd9fbbb - - 5b7b220696ec43e492dc829ae4a45a5c 5b7b220696ec43e492dc829ae4a45a5c] 199.19.213.246 "GET /allocations/b105d294-1aaa-4ec4-ab04-25f980e5129f" status: 200 len: 257 microversion: 1.28 [pid: 7|app: 0|req: 432/861] 199.19.213.246 () {34 vars in 863 bytes} [Thu Jul 30 22:29:24 2026] GET /allocations/b105d294-1aaa-4ec4-ab04-25f980e5129f => generated 257 bytes in 17 msecs (HTTP/1.1 200) 8 headers in 296 bytes (1 switches on core 0)
2026-07-30 22:29:24.048 8 INFO placement.requestlog [req-aa8d5933-18da-4c11-bdfd-71cffbaec134 req-d782de68-b55d-477f-8142-6dbce89c55a0 5120be7b2d354626b85c90ffbdd9d078 4b1c4fa4c6d44143b830cf2afcd9fbbb - - 5b7b220696ec43e492dc829ae4a45a5c 5b7b220696ec43e492dc829ae4a45a5c] 199.19.213.246 "GET /allocations/1e5286bd-3633-4c9e-95c2-e72c28aae744" status: 200 len: 257 microversion: 1.28 [pid: 8|app: 0|req: 430/862] 199.19.213.246 () {34 vars in 863 bytes} [Thu Jul 30 22:29:24 2026] GET /allocations/1e5286bd-3633-4c9e-95c2-e72c28aae744 => generated 257 bytes in 19 msecs (HTTP/1.1 200) 8 headers in 296 bytes (1 switches on core 0)
2026-07-30 22:29:25.466 7 INFO placement.requestlog [None req-dd86277c-d68b-4b7b-9898-4cc146d65289 - - - - - -] 10.0.0.121 "GET /" status: 200 len: 136 microversion: 1.0
2026-07-30 22:29:25.467 8 INFO placement.requestlog [None req-e5912559-9e9e-40c5-bab6-1cd54696abdd - - - - - -] 10.0.0.121 "GET /" status: 200 len: 136 microversion: 1.0
2026-07-30 22:29:26.173 8 INFO placement.requestlog [None req-31221170-f068-4e80-b72f-41aa6572d984 61ba1097199a4cb4b402881f297ee1d6 4b1c4fa4c6d44143b830cf2afcd9fbbb - - 5b7b220696ec43e492dc829ae4a45a5c 5b7b220696ec43e492dc829ae4a45a5c] 10.0.0.126 "GET /resource_providers/fed4443a-2e5a-4aec-9372-769cf7ef4c1d/aggregates" status: 404 len: 235 microversion: 1.1
2026-07-30 22:29:26.173 7 INFO placement.requestlog [None req-fa1cadc8-7fb1-4fd5-a821-12f57dfb1459 61ba1097199a4cb4b402881f297ee1d6 4b1c4fa4c6d44143b830cf2afcd9fbbb - - 5b7b220696ec43e492dc829ae4a45a5c 5b7b220696ec43e492dc829ae4a45a5c] 10.0.0.126 "GET /resource_providers/fed4443a-2e5a-4aec-9372-769cf7ef4c1d/aggregates" status: 404 len: 235 microversion: 1.1 [pid: 7|app: 0|req: 434/865] 10.0.0.126 () {32 vars in 816 bytes} [Thu Jul 30 22:29:26 2026] GET /resource_providers/fed4443a-2e5a-4aec-9372-769cf7ef4c1d/aggregates => generated 235 bytes in 15 msecs (HTTP/1.1 404) 5 headers in 202 bytes (1 switches on core 0) [pid: 8|app: 0|req: 432/866] 10.0.0.126 () {32 vars in 816 bytes} [Thu Jul 30 22:29:26 2026] GET /resource_providers/fed4443a-2e5a-4aec-9372-769cf7ef4c1d/aggregates => generated 235 bytes in 15 msecs (HTTP/1.1 404) 5 headers in 202 bytes (1 switches on core 0)
2026-07-30 22:29:26.205 7 INFO placement.requestlog [None req-7a032dac-5609-4903-baf8-52b8008fa86b 61ba1097199a4cb4b402881f297ee1d6 4b1c4fa4c6d44143b830cf2afcd9fbbb - - 5b7b220696ec43e492dc829ae4a45a5c 5b7b220696ec43e492dc829ae4a45a5c] 10.0.0.126 "DELETE /resource_providers/fed4443a-2e5a-4aec-9372-769cf7ef4c1d" status: 404 len: 246 microversion: 1.1 [pid: 7|app: 0|req: 435/867] 10.0.0.126 () {34 vars in 816 bytes} [Thu Jul 30 22:29:26 2026] DELETE /resource_providers/fed4443a-2e5a-4aec-9372-769cf7ef4c1d => generated 246 bytes in 14 msecs (HTTP/1.1 404) 6 headers in 231 bytes (1 switches on core 0)
2026-07-30 22:29:26.210 8 INFO placement.requestlog [None req-7cec89af-f1b9-4f74-a434-695189f7e0c6 61ba1097199a4cb4b402881f297ee1d6 4b1c4fa4c6d44143b830cf2afcd9fbbb - - 5b7b220696ec43e492dc829ae4a45a5c 5b7b220696ec43e492dc829ae4a45a5c] 10.0.0.126 "DELETE /resource_providers/fed4443a-2e5a-4aec-9372-769cf7ef4c1d" status: 404 len: 246 microversion: 1.1 [pid: 8|app: 0|req: 433/868] 10.0.0.126 () {34 vars in 816 bytes} [Thu Jul 30 22:29:26 2026] DELETE /resource_providers/fed4443a-2e5a-4aec-9372-769cf7ef4c1d => generated 246 bytes in 15 msecs (HTTP/1.1 404) 6 headers in 231 bytes (1 switches on core 0)
2026-07-30 22:29:27.462 7 INFO placement.requestlog [None req-aeafe266-3173-4070-b25c-936597040f04 61ba1097199a4cb4b402881f297ee1d6 4b1c4fa4c6d44143b830cf2afcd9fbbb - - 5b7b220696ec43e492dc829ae4a45a5c 5b7b220696ec43e492dc829ae4a45a5c] 10.0.0.126 "GET /resource_providers/51670ceb-92d8-4f95-b9a9-bf815ec4762b/aggregates" status: 404 len: 235 microversion: 1.1 [pid: 7|app: 0|req: 436/869] 10.0.0.126 () {32 vars in 816 bytes} [Thu Jul 30 22:29:27 2026] GET /resource_providers/51670ceb-92d8-4f95-b9a9-bf815ec4762b/aggregates => generated 235 bytes in 16 msecs (HTTP/1.1 404) 5 headers in 202 bytes (1 switches on core 0)
2026-07-30 22:29:27.464 8 INFO placement.requestlog [None req-4c6c7273-4867-4337-9ded-7e9f01721ccd 61ba1097199a4cb4b402881f297ee1d6 4b1c4fa4c6d44143b830cf2afcd9fbbb - - 5b7b220696ec43e492dc829ae4a45a5c 5b7b220696ec43e492dc829ae4a45a5c] 10.0.0.126 "GET /resource_providers/51670ceb-92d8-4f95-b9a9-bf815ec4762b/aggregates" status: 404 len: 235 microversion: 1.1 [pid: 8|app: 0|req: 434/870] 10.0.0.126 () {32 vars in 816 bytes} [Thu Jul 30 22:29:27 2026] GET /resource_providers/51670ceb-92d8-4f95-b9a9-bf815ec4762b/aggregates => generated 235 bytes in 13 msecs (HTTP/1.1 404) 5 headers in 202 bytes (1 switches on core 0)
2026-07-30 22:29:27.499 8 INFO placement.requestlog [None req-50f9a083-0d35-4af4-83d3-2589bf7d598d 61ba1097199a4cb4b402881f297ee1d6 4b1c4fa4c6d44143b830cf2afcd9fbbb - - 5b7b220696ec43e492dc829ae4a45a5c 5b7b220696ec43e492dc829ae4a45a5c] 10.0.0.126 "DELETE /resource_providers/51670ceb-92d8-4f95-b9a9-bf815ec4762b" status: 404 len: 246 microversion: 1.1 [pid: 8|app: 0|req: 435/871] 10.0.0.126 () {34 vars in 816 bytes} [Thu Jul 30 22:29:27 2026] DELETE /resource_providers/51670ceb-92d8-4f95-b9a9-bf815ec4762b => generated 246 bytes in 14 msecs (HTTP/1.1 404) 6 headers in 231 bytes (1 switches on core 0)
2026-07-30 22:29:27.501 7 INFO placement.requestlog [None req-a2071277-d7b8-4134-b08f-150de737e18d 61ba1097199a4cb4b402881f297ee1d6 4b1c4fa4c6d44143b830cf2afcd9fbbb - - 5b7b220696ec43e492dc829ae4a45a5c 5b7b220696ec43e492dc829ae4a45a5c] 10.0.0.126 "DELETE /resource_providers/51670ceb-92d8-4f95-b9a9-bf815ec4762b" status: 404 len: 246 microversion: 1.1 [pid: 7|app: 0|req: 437/872] 10.0.0.126 () {34 vars in 816 bytes} [Thu Jul 30 22:29:27 2026] DELETE /resource_providers/51670ceb-92d8-4f95-b9a9-bf815ec4762b => generated 246 bytes in 22 msecs (HTTP/1.1 404) 6 headers in 231 bytes (1 switches on core 0)
2026-07-30 22:29:35.466 8 INFO placement.requestlog [None req-423a0898-1e07-4f4b-9590-848732346e55 - - - - - -] 10.0.0.121 "GET /" status: 200 len: 136 microversion: 1.0
2026-07-30 22:29:35.467 7 INFO placement.requestlog [None req-c6f05a58-707b-4da4-88b7-231c1c69e876 - - - - - -] 10.0.0.121 "GET /" status: 200 len: 136 microversion: 1.0
2026-07-30 22:29:38.639 8 INFO placement.requestlog [req-3e352160-d24e-4e69-9a5b-cc0228fa9302 req-527439e3-f43f-4d62-9963-064fff20865e 5120be7b2d354626b85c90ffbdd9d078 4b1c4fa4c6d44143b830cf2afcd9fbbb - - 5b7b220696ec43e492dc829ae4a45a5c 5b7b220696ec43e492dc829ae4a45a5c] 10.0.0.32 "GET /allocation_candidates?limit=1000&resources=DISK_GB%3A1%2CMEMORY_MB%3A512%2CVCPU%3A1&root_required=%21COMPUTE_STATUS_DISABLED" status: 200 len: 2784 microversion: 1.36 [pid: 8|app: 0|req: 437/875] 10.0.0.32 () {34 vars in 1011 bytes} [Thu Jul 30 22:29:38 2026] GET /allocation_candidates?limit=1000&resources=DISK_GB%3A1%2CMEMORY_MB%3A512%2CVCPU%3A1&root_required=%21COMPUTE_STATUS_DISABLED => generated 2784 bytes in 52 msecs (HTTP/1.1 200) 8 headers in 297 bytes (1 switches on core 0)
2026-07-30 22:29:38.688 7 INFO placement.requestlog [req-3e352160-d24e-4e69-9a5b-cc0228fa9302 req-272ac1ab-81ff-4bdc-b0e9-242e2d06bfc7 5120be7b2d354626b85c90ffbdd9d078 4b1c4fa4c6d44143b830cf2afcd9fbbb - - 5b7b220696ec43e492dc829ae4a45a5c 5b7b220696ec43e492dc829ae4a45a5c] 10.0.0.32 "GET /allocations/d540cf6f-2b12-46a3-a18d-257f76538011" status: 200 len: 19 microversion: 1.28 [pid: 7|app: 0|req: 439/876] 10.0.0.32 () {34 vars in 860 bytes} [Thu Jul 30 22:29:38 2026] GET /allocations/d540cf6f-2b12-46a3-a18d-257f76538011 => generated 19 bytes in 13 msecs (HTTP/1.1 200) 8 headers in 295 bytes (1 switches on core 0)
2026-07-30 22:29:38.804 7 INFO placement.requestlog [req-12c7a0ab-2927-4b9e-a23a-c691099d4ba4 req-e854d347-f61a-4b57-a875-2a15105dffbf 5120be7b2d354626b85c90ffbdd9d078 4b1c4fa4c6d44143b830cf2afcd9fbbb - - 5b7b220696ec43e492dc829ae4a45a5c 5b7b220696ec43e492dc829ae4a45a5c] 10.0.0.32 "GET /allocation_candidates?limit=1000&resources=MEMORY_MB%3A512%2CVCPU%3A1&root_required=%21COMPUTE_STATUS_DISABLED" status: 200 len: 2770 microversion: 1.36 [pid: 7|app: 0|req: 440/877] 10.0.0.32 () {34 vars in 983 bytes} [Thu Jul 30 22:29:38 2026] GET /allocation_candidates?limit=1000&resources=MEMORY_MB%3A512%2CVCPU%3A1&root_required=%21COMPUTE_STATUS_DISABLED => generated 2770 bytes in 45 msecs (HTTP/1.1 200) 8 headers in 297 bytes (1 switches on core 0)
2026-07-30 22:29:38.863 7 INFO placement.requestlog [req-12c7a0ab-2927-4b9e-a23a-c691099d4ba4 req-eef0fc1a-5f15-4681-ab2e-1825b93d9035 5120be7b2d354626b85c90ffbdd9d078 4b1c4fa4c6d44143b830cf2afcd9fbbb - - 5b7b220696ec43e492dc829ae4a45a5c 5b7b220696ec43e492dc829ae4a45a5c] 10.0.0.32 "GET /allocations/b54e7fad-a483-4629-a2ea-597a2572136a" status: 200 len: 19 microversion: 1.28 [pid: 7|app: 0|req: 441/878] 10.0.0.32 () {34 vars in 860 bytes} [Thu Jul 30 22:29:38 2026] GET /allocations/b54e7fad-a483-4629-a2ea-597a2572136a => generated 19 bytes in 10 msecs (HTTP/1.1 200) 8 headers in 295 bytes (1 switches on core 0)
2026-07-30 22:29:38.928 8 INFO placement.requestlog [req-3e352160-d24e-4e69-9a5b-cc0228fa9302 req-71776cac-bd0b-4ca3-a231-661e9b8e47e6 5120be7b2d354626b85c90ffbdd9d078 4b1c4fa4c6d44143b830cf2afcd9fbbb - - 5b7b220696ec43e492dc829ae4a45a5c 5b7b220696ec43e492dc829ae4a45a5c] 10.0.0.32 "PUT /allocations/d540cf6f-2b12-46a3-a18d-257f76538011" status: 204 len: 0 microversion: 1.36 [pid: 8|app: 0|req: 438/879] 10.0.0.32 () {38 vars in 913 bytes} [Thu Jul 30 22:29:38 2026] PUT /allocations/d540cf6f-2b12-46a3-a18d-257f76538011 => generated 0 bytes in 238 msecs (HTTP/1.1 204) 5 headers in 199 bytes (1 switches on core 0)
2026-07-30 22:29:39.040 7 INFO placement.requestlog [req-12c7a0ab-2927-4b9e-a23a-c691099d4ba4 req-988c8fd7-d043-452c-8b6a-52d559659a95 5120be7b2d354626b85c90ffbdd9d078 4b1c4fa4c6d44143b830cf2afcd9fbbb - - 5b7b220696ec43e492dc829ae4a45a5c 5b7b220696ec43e492dc829ae4a45a5c] 10.0.0.32 "PUT /allocations/b54e7fad-a483-4629-a2ea-597a2572136a" status: 204 len: 0 microversion: 1.36 [pid: 7|app: 0|req: 442/880] 10.0.0.32 () {38 vars in 913 bytes} [Thu Jul 30 22:29:38 2026] PUT /allocations/b54e7fad-a483-4629-a2ea-597a2572136a => generated 0 bytes in 171 msecs (HTTP/1.1 204) 5 headers in 199 bytes (1 switches on core 0)
2026-07-30 22:29:40.649 8 INFO placement.requestlog [req-3e352160-d24e-4e69-9a5b-cc0228fa9302 req-6cdc2c54-98f1-4bbb-92ab-3dfcd67386b4 5120be7b2d354626b85c90ffbdd9d078 4b1c4fa4c6d44143b830cf2afcd9fbbb - - 5b7b220696ec43e492dc829ae4a45a5c 5b7b220696ec43e492dc829ae4a45a5c] 199.19.213.246 "GET /allocations/d540cf6f-2b12-46a3-a18d-257f76538011" status: 200 len: 257 microversion: 1.28 [pid: 8|app: 0|req: 439/881] 199.19.213.246 () {34 vars in 863 bytes} [Thu Jul 30 22:29:40 2026] GET /allocations/d540cf6f-2b12-46a3-a18d-257f76538011 => generated 257 bytes in 18 msecs (HTTP/1.1 200) 8 headers in 296 bytes (1 switches on core 0)
2026-07-30 22:29:40.800 7 INFO placement.requestlog [req-12c7a0ab-2927-4b9e-a23a-c691099d4ba4 req-b789eb69-a548-4831-80a3-9868afd1ffb7 5120be7b2d354626b85c90ffbdd9d078 4b1c4fa4c6d44143b830cf2afcd9fbbb - - 5b7b220696ec43e492dc829ae4a45a5c 5b7b220696ec43e492dc829ae4a45a5c] 199.19.213.246 "GET /allocations/b54e7fad-a483-4629-a2ea-597a2572136a" status: 200 len: 243 microversion: 1.28 [pid: 7|app: 0|req: 443/882] 199.19.213.246 () {34 vars in 863 bytes} [Thu Jul 30 22:29:40 2026] GET /allocations/b54e7fad-a483-4629-a2ea-597a2572136a => generated 243 bytes in 23 msecs (HTTP/1.1 200) 8 headers in 296 bytes (1 switches on core 0)
2026-07-30 22:29:41.724 8 INFO placement.requestlog [req-3e352160-d24e-4e69-9a5b-cc0228fa9302 req-0d120c5b-f086-4fa6-ad2f-81f758db3267 5120be7b2d354626b85c90ffbdd9d078 4b1c4fa4c6d44143b830cf2afcd9fbbb - - 5b7b220696ec43e492dc829ae4a45a5c 5b7b220696ec43e492dc829ae4a45a5c] 199.19.213.246 "GET /resource_providers/d3ce78ea-3723-4410-a89e-654421afdbad/allocations" status: 200 len: 438 microversion: 1.0 [pid: 8|app: 0|req: 440/883] 199.19.213.246 () {32 vars in 857 bytes} [Thu Jul 30 22:29:41 2026] GET /resource_providers/d3ce78ea-3723-4410-a89e-654421afdbad/allocations => generated 438 bytes in 37 msecs (HTTP/1.1 200) 6 headers in 224 bytes (1 switches on core 0)
2026-07-30 22:29:41.757 7 INFO placement.requestlog [req-3e352160-d24e-4e69-9a5b-cc0228fa9302 req-d1569902-f39b-4f02-910f-37f1de3b97a4 5120be7b2d354626b85c90ffbdd9d078 4b1c4fa4c6d44143b830cf2afcd9fbbb - - 5b7b220696ec43e492dc829ae4a45a5c 5b7b220696ec43e492dc829ae4a45a5c] 199.19.213.246 "GET /allocations/b54e7fad-a483-4629-a2ea-597a2572136a" status: 200 len: 243 microversion: 1.28 [pid: 7|app: 0|req: 444/884] 199.19.213.246 () {34 vars in 863 bytes} [Thu Jul 30 22:29:41 2026] GET /allocations/b54e7fad-a483-4629-a2ea-597a2572136a => generated 243 bytes in 20 msecs (HTTP/1.1 200) 8 headers in 296 bytes (1 switches on core 0)
2026-07-30 22:29:41.791 8 INFO placement.requestlog [req-3e352160-d24e-4e69-9a5b-cc0228fa9302 req-59a60ed8-62aa-4080-97a3-5c8943358653 5120be7b2d354626b85c90ffbdd9d078 4b1c4fa4c6d44143b830cf2afcd9fbbb - - 5b7b220696ec43e492dc829ae4a45a5c 5b7b220696ec43e492dc829ae4a45a5c] 199.19.213.246 "GET /allocations/d540cf6f-2b12-46a3-a18d-257f76538011" status: 200 len: 257 microversion: 1.28 [pid: 8|app: 0|req: 441/885] 199.19.213.246 () {34 vars in 863 bytes} [Thu Jul 30 22:29:41 2026] GET /allocations/d540cf6f-2b12-46a3-a18d-257f76538011 => generated 257 bytes in 20 msecs (HTTP/1.1 200) 8 headers in 296 bytes (1 switches on core 0)
2026-07-30 22:29:41.823 7 INFO placement.requestlog [req-3e352160-d24e-4e69-9a5b-cc0228fa9302 req-9728aa5b-7d11-4e43-bcbe-6f89324ef754 5120be7b2d354626b85c90ffbdd9d078 4b1c4fa4c6d44143b830cf2afcd9fbbb - - 5b7b220696ec43e492dc829ae4a45a5c 5b7b220696ec43e492dc829ae4a45a5c] 199.19.213.246 "GET /allocations/b105d294-1aaa-4ec4-ab04-25f980e5129f" status: 200 len: 257 microversion: 1.28 [pid: 7|app: 0|req: 445/886] 199.19.213.246 () {34 vars in 863 bytes} [Thu Jul 30 22:29:41 2026] GET /allocations/b105d294-1aaa-4ec4-ab04-25f980e5129f => generated 257 bytes in 20 msecs (HTTP/1.1 200) 8 headers in 296 bytes (1 switches on core 0)
2026-07-30 22:29:41.862 8 INFO placement.requestlog [req-3e352160-d24e-4e69-9a5b-cc0228fa9302 req-fc557a55-6b8e-4cd7-9d4f-4a0c7e7af550 5120be7b2d354626b85c90ffbdd9d078 4b1c4fa4c6d44143b830cf2afcd9fbbb - - 5b7b220696ec43e492dc829ae4a45a5c 5b7b220696ec43e492dc829ae4a45a5c] 199.19.213.246 "GET /allocations/1e5286bd-3633-4c9e-95c2-e72c28aae744" status: 200 len: 257 microversion: 1.28 [pid: 8|app: 0|req: 442/887] 199.19.213.246 () {34 vars in 863 bytes} [Thu Jul 30 22:29:41 2026] GET /allocations/1e5286bd-3633-4c9e-95c2-e72c28aae744 => generated 257 bytes in 32 msecs (HTTP/1.1 200) 8 headers in 296 bytes (1 switches on core 0)
2026-07-30 22:29:43.937 7 INFO placement.requestlog [req-12c7a0ab-2927-4b9e-a23a-c691099d4ba4 req-5f2e201d-bdb6-48b1-adb6-eaf47d890bdd 5120be7b2d354626b85c90ffbdd9d078 4b1c4fa4c6d44143b830cf2afcd9fbbb - - 5b7b220696ec43e492dc829ae4a45a5c 5b7b220696ec43e492dc829ae4a45a5c] 199.19.213.246 "GET /resource_providers/d3ce78ea-3723-4410-a89e-654421afdbad/allocations" status: 200 len: 438 microversion: 1.0 [pid: 7|app: 0|req: 446/888] 199.19.213.246 () {32 vars in 857 bytes} [Thu Jul 30 22:29:43 2026] GET /resource_providers/d3ce78ea-3723-4410-a89e-654421afdbad/allocations => generated 438 bytes in 18 msecs (HTTP/1.1 200) 6 headers in 224 bytes (1 switches on core 0)
2026-07-30 22:29:43.966 8 INFO placement.requestlog [req-12c7a0ab-2927-4b9e-a23a-c691099d4ba4 req-0dc9eb8e-3fdc-4e9e-9ac8-bd89d9d6b40c 5120be7b2d354626b85c90ffbdd9d078 4b1c4fa4c6d44143b830cf2afcd9fbbb - - 5b7b220696ec43e492dc829ae4a45a5c 5b7b220696ec43e492dc829ae4a45a5c] 199.19.213.246 "GET /allocations/b54e7fad-a483-4629-a2ea-597a2572136a" status: 200 len: 243 microversion: 1.28 [pid: 8|app: 0|req: 443/889] 199.19.213.246 () {34 vars in 863 bytes} [Thu Jul 30 22:29:43 2026] GET /allocations/b54e7fad-a483-4629-a2ea-597a2572136a => generated 243 bytes in 20 msecs (HTTP/1.1 200) 8 headers in 296 bytes (1 switches on core 0)
2026-07-30 22:29:43.987 7 INFO placement.requestlog [req-12c7a0ab-2927-4b9e-a23a-c691099d4ba4 req-b78d50bc-5221-421a-bedc-dbdb336b9822 5120be7b2d354626b85c90ffbdd9d078 4b1c4fa4c6d44143b830cf2afcd9fbbb - - 5b7b220696ec43e492dc829ae4a45a5c 5b7b220696ec43e492dc829ae4a45a5c] 199.19.213.246 "GET /allocations/d540cf6f-2b12-46a3-a18d-257f76538011" status: 200 len: 257 microversion: 1.28 [pid: 7|app: 0|req: 447/890] 199.19.213.246 () {34 vars in 863 bytes} [Thu Jul 30 22:29:43 2026] GET /allocations/d540cf6f-2b12-46a3-a18d-257f76538011 => generated 257 bytes in 12 msecs (HTTP/1.1 200) 8 headers in 296 bytes (1 switches on core 0)
2026-07-30 22:29:44.010 8 INFO placement.requestlog [req-12c7a0ab-2927-4b9e-a23a-c691099d4ba4 req-c36b3d42-e8b8-4a3e-a640-e629159c55f2 5120be7b2d354626b85c90ffbdd9d078 4b1c4fa4c6d44143b830cf2afcd9fbbb - - 5b7b220696ec43e492dc829ae4a45a5c 5b7b220696ec43e492dc829ae4a45a5c] 199.19.213.246 "GET /allocations/b105d294-1aaa-4ec4-ab04-25f980e5129f" status: 200 len: 257 microversion: 1.28 [pid: 8|app: 0|req: 444/891] 199.19.213.246 () {34 vars in 863 bytes} [Thu Jul 30 22:29:43 2026] GET /allocations/b105d294-1aaa-4ec4-ab04-25f980e5129f => generated 257 bytes in 17 msecs (HTTP/1.1 200) 8 headers in 296 bytes (1 switches on core 0)
2026-07-30 22:29:44.029 7 INFO placement.requestlog [req-12c7a0ab-2927-4b9e-a23a-c691099d4ba4 req-f3dfb318-d36b-4286-82cf-dcba86723e65 5120be7b2d354626b85c90ffbdd9d078 4b1c4fa4c6d44143b830cf2afcd9fbbb - - 5b7b220696ec43e492dc829ae4a45a5c 5b7b220696ec43e492dc829ae4a45a5c] 199.19.213.246 "GET /allocations/1e5286bd-3633-4c9e-95c2-e72c28aae744" status: 200 len: 257 microversion: 1.28 [pid: 7|app: 0|req: 448/892] 199.19.213.246 () {34 vars in 863 bytes} [Thu Jul 30 22:29:44 2026] GET /allocations/1e5286bd-3633-4c9e-95c2-e72c28aae744 => generated 257 bytes in 11 msecs (HTTP/1.1 200) 8 headers in 296 bytes (1 switches on core 0)
2026-07-30 22:29:45.466 8 INFO placement.requestlog [None req-54833a2c-ec4c-4e8d-9531-760eda8a2b56 - - - - - -] 10.0.0.121 "GET /" status: 200 len: 136 microversion: 1.0
2026-07-30 22:29:45.466 7 INFO placement.requestlog [None req-a5371bd3-e2d2-4dde-8d59-b6010162c763 - - - - - -] 10.0.0.121 "GET /" status: 200 len: 136 microversion: 1.0
2026-07-30 22:29:45.820 8 INFO placement.requestlog [req-14794295-0d84-40e9-b4eb-03d9b67196c7 req-c28ebce9-9530-4ab7-b176-84907a90b9b3 5120be7b2d354626b85c90ffbdd9d078 4b1c4fa4c6d44143b830cf2afcd9fbbb - - 5b7b220696ec43e492dc829ae4a45a5c 5b7b220696ec43e492dc829ae4a45a5c] 199.19.213.246 "GET /resource_providers/d3ce78ea-3723-4410-a89e-654421afdbad/allocations" status: 200 len: 438 microversion: 1.0 [pid: 8|app: 0|req: 446/895] 199.19.213.246 () {32 vars in 857 bytes} [Thu Jul 30 22:29:45 2026] GET /resource_providers/d3ce78ea-3723-4410-a89e-654421afdbad/allocations => generated 438 bytes in 24 msecs (HTTP/1.1 200) 6 headers in 224 bytes (1 switches on core 0)
2026-07-30 22:29:45.843 7 INFO placement.requestlog [req-14794295-0d84-40e9-b4eb-03d9b67196c7 req-caca9e54-b3f1-4ebe-80b0-b6fb0994739b 5120be7b2d354626b85c90ffbdd9d078 4b1c4fa4c6d44143b830cf2afcd9fbbb - - 5b7b220696ec43e492dc829ae4a45a5c 5b7b220696ec43e492dc829ae4a45a5c] 199.19.213.246 "GET /allocations/b54e7fad-a483-4629-a2ea-597a2572136a" status: 200 len: 243 microversion: 1.28 [pid: 7|app: 0|req: 450/896] 199.19.213.246 () {34 vars in 863 bytes} [Thu Jul 30 22:29:45 2026] GET /allocations/b54e7fad-a483-4629-a2ea-597a2572136a => generated 243 bytes in 15 msecs (HTTP/1.1 200) 8 headers in 296 bytes (1 switches on core 0)
2026-07-30 22:29:45.863 8 INFO placement.requestlog [req-14794295-0d84-40e9-b4eb-03d9b67196c7 req-e30de07e-3e0d-4926-a552-2e5e94cbfbd3 5120be7b2d354626b85c90ffbdd9d078 4b1c4fa4c6d44143b830cf2afcd9fbbb - - 5b7b220696ec43e492dc829ae4a45a5c 5b7b220696ec43e492dc829ae4a45a5c] 199.19.213.246 "GET /allocations/d540cf6f-2b12-46a3-a18d-257f76538011" status: 200 len: 257 microversion: 1.28 [pid: 8|app: 0|req: 447/897] 199.19.213.246 () {34 vars in 863 bytes} [Thu Jul 30 22:29:45 2026] GET /allocations/d540cf6f-2b12-46a3-a18d-257f76538011 => generated 257 bytes in 15 msecs (HTTP/1.1 200) 8 headers in 296 bytes (1 switches on core 0)
2026-07-30 22:29:45.884 7 INFO placement.requestlog [req-14794295-0d84-40e9-b4eb-03d9b67196c7 req-5b91d093-a21a-4b79-be57-264626422130 5120be7b2d354626b85c90ffbdd9d078 4b1c4fa4c6d44143b830cf2afcd9fbbb - - 5b7b220696ec43e492dc829ae4a45a5c 5b7b220696ec43e492dc829ae4a45a5c] 199.19.213.246 "GET /allocations/b105d294-1aaa-4ec4-ab04-25f980e5129f" status: 200 len: 257 microversion: 1.28 [pid: 7|app: 0|req: 451/898] 199.19.213.246 () {34 vars in 863 bytes} [Thu Jul 30 22:29:45 2026] GET /allocations/b105d294-1aaa-4ec4-ab04-25f980e5129f => generated 257 bytes in 13 msecs (HTTP/1.1 200) 8 headers in 296 bytes (1 switches on core 0)
2026-07-30 22:29:45.903 8 INFO placement.requestlog [req-14794295-0d84-40e9-b4eb-03d9b67196c7 req-36a92ea1-1768-4d3a-b625-68cf94fb1b27 5120be7b2d354626b85c90ffbdd9d078 4b1c4fa4c6d44143b830cf2afcd9fbbb - - 5b7b220696ec43e492dc829ae4a45a5c 5b7b220696ec43e492dc829ae4a45a5c] 199.19.213.246 "GET /allocations/1e5286bd-3633-4c9e-95c2-e72c28aae744" status: 200 len: 257 microversion: 1.28 [pid: 8|app: 0|req: 448/899] 199.19.213.246 () {34 vars in 863 bytes} [Thu Jul 30 22:29:45 2026] GET /allocations/1e5286bd-3633-4c9e-95c2-e72c28aae744 => generated 257 bytes in 14 msecs (HTTP/1.1 200) 8 headers in 296 bytes (1 switches on core 0)
2026-07-30 22:29:47.010 7 INFO placement.requestlog [req-14794295-0d84-40e9-b4eb-03d9b67196c7 req-036a480c-9310-4df9-b52f-d37bcc8424ae 5120be7b2d354626b85c90ffbdd9d078 4b1c4fa4c6d44143b830cf2afcd9fbbb - - 5b7b220696ec43e492dc829ae4a45a5c 5b7b220696ec43e492dc829ae4a45a5c] 199.19.213.246 "DELETE /allocations/1e5286bd-3633-4c9e-95c2-e72c28aae744" status: 204 len: 0 microversion: 1.0 [pid: 7|app: 0|req: 452/900] 199.19.213.246 () {34 vars in 841 bytes} [Thu Jul 30 22:29:46 2026] DELETE /allocations/1e5286bd-3633-4c9e-95c2-e72c28aae744 => generated 0 bytes in 76 msecs (HTTP/1.1 204) 5 headers in 198 bytes (1 switches on core 0)
2026-07-30 22:29:47.266 8 INFO placement.requestlog [req-0e22f9b1-8222-4035-8cc9-89a747760082 req-221bea66-65b6-4cb5-af8c-5e3da9faf3c0 5120be7b2d354626b85c90ffbdd9d078 4b1c4fa4c6d44143b830cf2afcd9fbbb - - 5b7b220696ec43e492dc829ae4a45a5c 5b7b220696ec43e492dc829ae4a45a5c] 199.19.213.246 "GET /resource_providers/d3ce78ea-3723-4410-a89e-654421afdbad/allocations" status: 200 len: 338 microversion: 1.0 [pid: 8|app: 0|req: 449/901] 199.19.213.246 () {32 vars in 857 bytes} [Thu Jul 30 22:29:47 2026] GET /resource_providers/d3ce78ea-3723-4410-a89e-654421afdbad/allocations => generated 338 bytes in 17 msecs (HTTP/1.1 200) 6 headers in 224 bytes (1 switches on core 0)
2026-07-30 22:29:47.287 7 INFO placement.requestlog [req-0e22f9b1-8222-4035-8cc9-89a747760082 req-51550e15-1f49-42d5-b425-96e57bdd0848 5120be7b2d354626b85c90ffbdd9d078 4b1c4fa4c6d44143b830cf2afcd9fbbb - - 5b7b220696ec43e492dc829ae4a45a5c 5b7b220696ec43e492dc829ae4a45a5c] 199.19.213.246 "GET /allocations/b54e7fad-a483-4629-a2ea-597a2572136a" status: 200 len: 243 microversion: 1.28 [pid: 7|app: 0|req: 453/902] 199.19.213.246 () {34 vars in 863 bytes} [Thu Jul 30 22:29:47 2026] GET /allocations/b54e7fad-a483-4629-a2ea-597a2572136a => generated 243 bytes in 13 msecs (HTTP/1.1 200) 8 headers in 296 bytes (1 switches on core 0)
