2026-09-05 14:15:28.106 7 INFO cinder.api.openstack.wsgi [None req-334e8be3-1289-412c-97a4-2f642d77121b 9733a9f9f9eb4a13aa46a894077d684e 1a60a998a5ea49159a6ea507981e4245 - - default default] http://cinder-api.openstack.svc.cluster.local:8776/v3/1a60a998a5ea49159a6ea507981e4245/snapshots?all_tenants=true returned with HTTP 200 [pid: 7|app: 0|req: 349/694] 10.0.0.131 () {28 vars in 674 bytes} [Sat Sep 5 14:15:28 2026] GET /v3/1a60a998a5ea49159a6ea507981e4245/snapshots?all_tenants=true => generated 17 bytes in 10 msecs (HTTP/1.1 200) 7 headers in 284 bytes (1 switches on core 0)
2026-09-05 14:15:28.112 8 INFO cinder.api.openstack.wsgi [None req-79ea5140-ba06-4597-832b-bc8482cd6666 9733a9f9f9eb4a13aa46a894077d684e 1a60a998a5ea49159a6ea507981e4245 - - default default] GET http://cinder-api.openstack.svc.cluster.local:8776/v3/1a60a998a5ea49159a6ea507981e4245/os-services
2026-09-05 14:15:28.115 8 INFO cinder.api.openstack.wsgi [None req-79ea5140-ba06-4597-832b-bc8482cd6666 9733a9f9f9eb4a13aa46a894077d684e 1a60a998a5ea49159a6ea507981e4245 - - default default] http://cinder-api.openstack.svc.cluster.local:8776/v3/1a60a998a5ea49159a6ea507981e4245/os-services returned with HTTP 200 [pid: 8|app: 0|req: 346/695] 10.0.0.131 () {28 vars in 645 bytes} [Sat Sep 5 14:15:28 2026] GET /v3/1a60a998a5ea49159a6ea507981e4245/os-services => generated 646 bytes in 6 msecs (HTTP/1.1 200) 7 headers in 285 bytes (1 switches on core 0)
2026-09-05 14:15:28.124 7 INFO cinder.api.openstack.wsgi [None req-e6adce3f-b531-45f4-9880-10ff3a966249 9733a9f9f9eb4a13aa46a894077d684e 1a60a998a5ea49159a6ea507981e4245 - - default default] GET http://cinder-api.openstack.svc.cluster.local:8776/v3/1a60a998a5ea49159a6ea507981e4245/volumes/detail?all_tenants=true
2026-09-05 14:15:28.134 7 INFO cinder.volume.api [None req-e6adce3f-b531-45f4-9880-10ff3a966249 9733a9f9f9eb4a13aa46a894077d684e 1a60a998a5ea49159a6ea507981e4245 - - default default] Get all volumes completed successfully.
2026-09-05 14:15:28.137 7 INFO cinder.api.openstack.wsgi [None req-e6adce3f-b531-45f4-9880-10ff3a966249 9733a9f9f9eb4a13aa46a894077d684e 1a60a998a5ea49159a6ea507981e4245 - - default default] http://cinder-api.openstack.svc.cluster.local:8776/v3/1a60a998a5ea49159a6ea507981e4245/volumes/detail?all_tenants=true returned with HTTP 200 [pid: 7|app: 0|req: 350/696] 10.0.0.131 () {28 vars in 684 bytes} [Sat Sep 5 14:15:28 2026] GET /v3/1a60a998a5ea49159a6ea507981e4245/volumes/detail?all_tenants=true => generated 15 bytes in 18 msecs (HTTP/1.1 200) 7 headers in 284 bytes (1 switches on core 0)
2026-09-05 14:15:28.145 8 INFO cinder.api.openstack.wsgi [None req-540f841f-7dfe-4630-910e-30a4aa91015f 9733a9f9f9eb4a13aa46a894077d684e 1a60a998a5ea49159a6ea507981e4245 - - default default] GET http://cinder-api.openstack.svc.cluster.local:8776/v3/1a60a998a5ea49159a6ea507981e4245/scheduler-stats/get_pools?detail=true
2026-09-05 14:15:28.648 8 INFO cinder.api.openstack.wsgi [None req-540f841f-7dfe-4630-910e-30a4aa91015f 9733a9f9f9eb4a13aa46a894077d684e 1a60a998a5ea49159a6ea507981e4245 - - default default] http://cinder-api.openstack.svc.cluster.local:8776/v3/1a60a998a5ea49159a6ea507981e4245/scheduler-stats/get_pools?detail=true returned with HTTP 200 [pid: 8|app: 0|req: 347/697] 10.0.0.131 () {28 vars in 696 bytes} [Sat Sep 5 14:15:28 2026] GET /v3/1a60a998a5ea49159a6ea507981e4245/scheduler-stats/get_pools?detail=true => generated 670 bytes in 509 msecs (HTTP/1.1 200) 7 headers in 285 bytes (1 switches on core 0)
2026-09-05 14:15:32.929 8 INFO cinder.api.openstack.wsgi [None req-540f841f-7dfe-4630-910e-30a4aa91015f 9733a9f9f9eb4a13aa46a894077d684e 1a60a998a5ea49159a6ea507981e4245 - - default default] GET http://10.0.0.4:8776/
2026-09-05 14:15:32.929 7 INFO cinder.api.openstack.wsgi [None req-e6adce3f-b531-45f4-9880-10ff3a966249 9733a9f9f9eb4a13aa46a894077d684e 1a60a998a5ea49159a6ea507981e4245 - - default default] GET http://10.0.0.4:8776/
2026-09-05 14:15:32.930 8 INFO cinder.api.openstack.wsgi [None req-540f841f-7dfe-4630-910e-30a4aa91015f 9733a9f9f9eb4a13aa46a894077d684e 1a60a998a5ea49159a6ea507981e4245 - - default default] http://10.0.0.4:8776/ returned with HTTP 300
2026-09-05 14:15:32.930 7 INFO cinder.api.openstack.wsgi [None req-e6adce3f-b531-45f4-9880-10ff3a966249 9733a9f9f9eb4a13aa46a894077d684e 1a60a998a5ea49159a6ea507981e4245 - - default default] http://10.0.0.4:8776/ returned with HTTP 300
2026-09-05 14:15:42.929 8 INFO cinder.api.openstack.wsgi [None req-540f841f-7dfe-4630-910e-30a4aa91015f 9733a9f9f9eb4a13aa46a894077d684e 1a60a998a5ea49159a6ea507981e4245 - - default default] GET http://10.0.0.4:8776/
2026-09-05 14:15:42.929 7 INFO cinder.api.openstack.wsgi [None req-e6adce3f-b531-45f4-9880-10ff3a966249 9733a9f9f9eb4a13aa46a894077d684e 1a60a998a5ea49159a6ea507981e4245 - - default default] GET http://10.0.0.4:8776/
2026-09-05 14:15:42.930 8 INFO cinder.api.openstack.wsgi [None req-540f841f-7dfe-4630-910e-30a4aa91015f 9733a9f9f9eb4a13aa46a894077d684e 1a60a998a5ea49159a6ea507981e4245 - - default default] http://10.0.0.4:8776/ returned with HTTP 300
2026-09-05 14:15:42.930 7 INFO cinder.api.openstack.wsgi [None req-e6adce3f-b531-45f4-9880-10ff3a966249 9733a9f9f9eb4a13aa46a894077d684e 1a60a998a5ea49159a6ea507981e4245 - - default default] http://10.0.0.4:8776/ returned with HTTP 300
2026-09-05 14:15:46.873 8 INFO cinder.api.openstack.wsgi [None req-db44d6ca-3c26-4c89-953c-b2a0362e7762 9733a9f9f9eb4a13aa46a894077d684e 1a60a998a5ea49159a6ea507981e4245 - - default default] GET http://cinder-api.openstack.svc.cluster.local:8776/v3/1a60a998a5ea49159a6ea507981e4245/snapshots
2026-09-05 14:15:46.886 8 INFO cinder.volume.api [None req-db44d6ca-3c26-4c89-953c-b2a0362e7762 9733a9f9f9eb4a13aa46a894077d684e 1a60a998a5ea49159a6ea507981e4245 - - default default] Get all snapshots completed successfully.
2026-09-05 14:15:46.886 8 INFO cinder.api.openstack.wsgi [None req-db44d6ca-3c26-4c89-953c-b2a0362e7762 9733a9f9f9eb4a13aa46a894077d684e 1a60a998a5ea49159a6ea507981e4245 - - default default] http://cinder-api.openstack.svc.cluster.local:8776/v3/1a60a998a5ea49159a6ea507981e4245/snapshots returned with HTTP 200 [pid: 8|app: 0|req: 350/702] 10.0.0.163 () {32 vars in 705 bytes} [Sat Sep 5 14:15:46 2026] GET /v3/1a60a998a5ea49159a6ea507981e4245/snapshots => generated 17 bytes in 17 msecs (HTTP/1.1 200) 7 headers in 284 bytes (1 switches on core 0)
2026-09-05 14:15:46.901 7 INFO cinder.api.openstack.wsgi [None req-ea77aeaf-4004-4356-85c4-34f7b78d6afa 9733a9f9f9eb4a13aa46a894077d684e 1a60a998a5ea49159a6ea507981e4245 - - default default] GET http://cinder-api.openstack.svc.cluster.local:8776/v3/1a60a998a5ea49159a6ea507981e4245/volumes
2026-09-05 14:15:46.942 7 INFO cinder.volume.api [None req-ea77aeaf-4004-4356-85c4-34f7b78d6afa 9733a9f9f9eb4a13aa46a894077d684e 1a60a998a5ea49159a6ea507981e4245 - - default default] Get all volumes completed successfully.
2026-09-05 14:15:46.942 7 INFO cinder.api.openstack.wsgi [None req-ea77aeaf-4004-4356-85c4-34f7b78d6afa 9733a9f9f9eb4a13aa46a894077d684e 1a60a998a5ea49159a6ea507981e4245 - - default default] http://cinder-api.openstack.svc.cluster.local:8776/v3/1a60a998a5ea49159a6ea507981e4245/volumes returned with HTTP 200 [pid: 7|app: 0|req: 353/703] 10.0.0.163 () {32 vars in 701 bytes} [Sat Sep 5 14:15:46 2026] GET /v3/1a60a998a5ea49159a6ea507981e4245/volumes => generated 15 bytes in 47 msecs (HTTP/1.1 200) 7 headers in 284 bytes (1 switches on core 0)
2026-09-05 14:15:52.929 7 INFO cinder.api.openstack.wsgi [None req-ea77aeaf-4004-4356-85c4-34f7b78d6afa 9733a9f9f9eb4a13aa46a894077d684e 1a60a998a5ea49159a6ea507981e4245 - - default default] GET http://10.0.0.4:8776/
2026-09-05 14:15:52.930 7 INFO cinder.api.openstack.wsgi [None req-ea77aeaf-4004-4356-85c4-34f7b78d6afa 9733a9f9f9eb4a13aa46a894077d684e 1a60a998a5ea49159a6ea507981e4245 - - default default] http://10.0.0.4:8776/ returned with HTTP 300
2026-09-05 14:15:52.929 8 INFO cinder.api.openstack.wsgi [None req-db44d6ca-3c26-4c89-953c-b2a0362e7762 9733a9f9f9eb4a13aa46a894077d684e 1a60a998a5ea49159a6ea507981e4245 - - default default] GET http://10.0.0.4:8776/
2026-09-05 14:15:52.931 8 INFO cinder.api.openstack.wsgi [None req-db44d6ca-3c26-4c89-953c-b2a0362e7762 9733a9f9f9eb4a13aa46a894077d684e 1a60a998a5ea49159a6ea507981e4245 - - default default] http://10.0.0.4:8776/ returned with HTTP 300
2026-09-05 14:16:02.929 7 INFO cinder.api.openstack.wsgi [None req-ea77aeaf-4004-4356-85c4-34f7b78d6afa 9733a9f9f9eb4a13aa46a894077d684e 1a60a998a5ea49159a6ea507981e4245 - - default default] GET http://10.0.0.4:8776/
2026-09-05 14:16:02.929 8 INFO cinder.api.openstack.wsgi [None req-db44d6ca-3c26-4c89-953c-b2a0362e7762 9733a9f9f9eb4a13aa46a894077d684e 1a60a998a5ea49159a6ea507981e4245 - - default default] GET http://10.0.0.4:8776/
2026-09-05 14:16:02.930 7 INFO cinder.api.openstack.wsgi [None req-ea77aeaf-4004-4356-85c4-34f7b78d6afa 9733a9f9f9eb4a13aa46a894077d684e 1a60a998a5ea49159a6ea507981e4245 - - default default] http://10.0.0.4:8776/ returned with HTTP 300
2026-09-05 14:16:02.930 8 INFO cinder.api.openstack.wsgi [None req-db44d6ca-3c26-4c89-953c-b2a0362e7762 9733a9f9f9eb4a13aa46a894077d684e 1a60a998a5ea49159a6ea507981e4245 - - default default] http://10.0.0.4:8776/ returned with HTTP 300
2026-09-05 14:16:09.103 7 INFO cinder.api.openstack.wsgi [None req-ebac0948-b889-4255-b9c5-bfa055b75c7c 5ad8c972b6674e19aade0a7b119abf93 c1d55725b95e44869499fa59035cfd69 - - default default] POST http://cinder-api.openstack.svc.cluster.local:8776/v3/c1d55725b95e44869499fa59035cfd69/volumes
2026-09-05 14:16:09.923 7 INFO cinder.api.v3.volumes [None req-ebac0948-b889-4255-b9c5-bfa055b75c7c 5ad8c972b6674e19aade0a7b119abf93 c1d55725b95e44869499fa59035cfd69 - - default default] Create volume of 1 GB
2026-09-05 14:16:09.937 7 INFO cinder.volume.api [None req-ebac0948-b889-4255-b9c5-bfa055b75c7c 5ad8c972b6674e19aade0a7b119abf93 c1d55725b95e44869499fa59035cfd69 - - default default] Availability Zones retrieved successfully.
2026-09-05 14:16:10.249 7 INFO cinder.volume.api [None req-ebac0948-b889-4255-b9c5-bfa055b75c7c 5ad8c972b6674e19aade0a7b119abf93 c1d55725b95e44869499fa59035cfd69 - - default default] Create volume request issued successfully.
2026-09-05 14:16:10.250 7 INFO cinder.api.openstack.wsgi [None req-ebac0948-b889-4255-b9c5-bfa055b75c7c 5ad8c972b6674e19aade0a7b119abf93 c1d55725b95e44869499fa59035cfd69 - - default default] http://cinder-api.openstack.svc.cluster.local:8776/v3/c1d55725b95e44869499fa59035cfd69/volumes returned with HTTP 202 [pid: 7|app: 0|req: 356/708] 10.0.0.163 () {34 vars in 723 bytes} [Sat Sep 5 14:16:09 2026] POST /v3/c1d55725b95e44869499fa59035cfd69/volumes => generated 865 bytes in 1151 msecs (HTTP/1.1 202) 7 headers in 291 bytes (1 switches on core 0)
2026-09-05 14:16:10.274 8 INFO cinder.api.openstack.wsgi [None req-df74fa17-2b6d-4d26-8a1b-effd4ebf6ad3 5ad8c972b6674e19aade0a7b119abf93 c1d55725b95e44869499fa59035cfd69 - - default default] GET http://cinder-api.openstack.svc.cluster.local:8776/v3/c1d55725b95e44869499fa59035cfd69/volumes/256c610e-a42e-4418-86dc-c1d117cc2ed7 /var/lib/openstack/lib/python3.12/site-packages/oslo_context/context.py:101: DeprecationWarning: Policy enforcement is depending on the value of is_admin. This key is deprecated. Please update your policy file to use the standard policy values. warnings.warn(
2026-09-05 14:16:10.311 8 INFO cinder.volume.api [None req-df74fa17-2b6d-4d26-8a1b-effd4ebf6ad3 5ad8c972b6674e19aade0a7b119abf93 c1d55725b95e44869499fa59035cfd69 - - default default] Volume info retrieved successfully.
2026-09-05 14:16:10.318 8 INFO cinder.api.openstack.wsgi [None req-df74fa17-2b6d-4d26-8a1b-effd4ebf6ad3 5ad8c972b6674e19aade0a7b119abf93 c1d55725b95e44869499fa59035cfd69 - - default default] http://cinder-api.openstack.svc.cluster.local:8776/v3/c1d55725b95e44869499fa59035cfd69/volumes/256c610e-a42e-4418-86dc-c1d117cc2ed7 returned with HTTP 200 [pid: 8|app: 0|req: 353/709] 10.0.0.163 () {32 vars in 775 bytes} [Sat Sep 5 14:16:10 2026] GET /v3/c1d55725b95e44869499fa59035cfd69/volumes/256c610e-a42e-4418-86dc-c1d117cc2ed7 => generated 933 bytes in 49 msecs (HTTP/1.1 200) 7 headers in 285 bytes (1 switches on core 0) /var/lib/openstack/lib/python3.12/site-packages/pycadf/identifier.py:70: UserWarning: Invalid uuid: cinderv3. To ensure interoperability, identifiers should be a valid uuid. warnings.warn(('Invalid uuid: %s. To ensure interoperability, '
2026-09-05 14:16:11.345 7 INFO cinder.api.openstack.wsgi [None req-1558b687-bcaf-4ada-95ab-8fbde8d35013 5ad8c972b6674e19aade0a7b119abf93 c1d55725b95e44869499fa59035cfd69 - - default default] GET http://cinder-api.openstack.svc.cluster.local:8776/v3/c1d55725b95e44869499fa59035cfd69/volumes/256c610e-a42e-4418-86dc-c1d117cc2ed7 /var/lib/openstack/lib/python3.12/site-packages/oslo_context/context.py:101: DeprecationWarning: Policy enforcement is depending on the value of is_admin. This key is deprecated. Please update your policy file to use the standard policy values. warnings.warn(
2026-09-05 14:16:11.367 7 INFO cinder.volume.api [None req-1558b687-bcaf-4ada-95ab-8fbde8d35013 5ad8c972b6674e19aade0a7b119abf93 c1d55725b95e44869499fa59035cfd69 - - default default] Volume info retrieved successfully.
2026-09-05 14:16:11.375 7 INFO cinder.api.openstack.wsgi [None req-1558b687-bcaf-4ada-95ab-8fbde8d35013 5ad8c972b6674e19aade0a7b119abf93 c1d55725b95e44869499fa59035cfd69 - - default default] http://cinder-api.openstack.svc.cluster.local:8776/v3/c1d55725b95e44869499fa59035cfd69/volumes/256c610e-a42e-4418-86dc-c1d117cc2ed7 returned with HTTP 200 [pid: 7|app: 0|req: 357/710] 10.0.0.163 () {32 vars in 775 bytes} [Sat Sep 5 14:16:11 2026] GET /v3/c1d55725b95e44869499fa59035cfd69/volumes/256c610e-a42e-4418-86dc-c1d117cc2ed7 => generated 957 bytes in 37 msecs (HTTP/1.1 200) 7 headers in 285 bytes (1 switches on core 0) /var/lib/openstack/lib/python3.12/site-packages/pycadf/identifier.py:70: UserWarning: Invalid uuid: cinderv3. To ensure interoperability, identifiers should be a valid uuid. warnings.warn(('Invalid uuid: %s. To ensure interoperability, '
2026-09-05 14:16:12.392 8 INFO cinder.api.openstack.wsgi [None req-b17e883c-6612-4297-87ac-b5d65a6576fa 5ad8c972b6674e19aade0a7b119abf93 c1d55725b95e44869499fa59035cfd69 - - default default] GET http://cinder-api.openstack.svc.cluster.local:8776/v3/c1d55725b95e44869499fa59035cfd69/volumes/256c610e-a42e-4418-86dc-c1d117cc2ed7 /var/lib/openstack/lib/python3.12/site-packages/oslo_context/context.py:101: DeprecationWarning: Policy enforcement is depending on the value of is_admin. This key is deprecated. Please update your policy file to use the standard policy values. warnings.warn(
2026-09-05 14:16:12.417 8 INFO cinder.volume.api [None req-b17e883c-6612-4297-87ac-b5d65a6576fa 5ad8c972b6674e19aade0a7b119abf93 c1d55725b95e44869499fa59035cfd69 - - default default] Volume info retrieved successfully.
2026-09-05 14:16:12.423 8 INFO cinder.api.openstack.wsgi [None req-b17e883c-6612-4297-87ac-b5d65a6576fa 5ad8c972b6674e19aade0a7b119abf93 c1d55725b95e44869499fa59035cfd69 - - default default] http://cinder-api.openstack.svc.cluster.local:8776/v3/c1d55725b95e44869499fa59035cfd69/volumes/256c610e-a42e-4418-86dc-c1d117cc2ed7 returned with HTTP 200 [pid: 8|app: 0|req: 354/711] 10.0.0.163 () {32 vars in 775 bytes} [Sat Sep 5 14:16:12 2026] GET /v3/c1d55725b95e44869499fa59035cfd69/volumes/256c610e-a42e-4418-86dc-c1d117cc2ed7 => generated 957 bytes in 38 msecs (HTTP/1.1 200) 7 headers in 285 bytes (1 switches on core 0)
2026-09-05 14:16:12.930 8 INFO cinder.api.openstack.wsgi [None req-b17e883c-6612-4297-87ac-b5d65a6576fa 5ad8c972b6674e19aade0a7b119abf93 c1d55725b95e44869499fa59035cfd69 - - default default] GET http://10.0.0.4:8776/
2026-09-05 14:16:12.930 7 INFO cinder.api.openstack.wsgi [None req-1558b687-bcaf-4ada-95ab-8fbde8d35013 5ad8c972b6674e19aade0a7b119abf93 c1d55725b95e44869499fa59035cfd69 - - default default] GET http://10.0.0.4:8776/
2026-09-05 14:16:12.931 8 INFO cinder.api.openstack.wsgi [None req-b17e883c-6612-4297-87ac-b5d65a6576fa 5ad8c972b6674e19aade0a7b119abf93 c1d55725b95e44869499fa59035cfd69 - - default default] http://10.0.0.4:8776/ returned with HTTP 300
2026-09-05 14:16:12.932 7 INFO cinder.api.openstack.wsgi [None req-1558b687-bcaf-4ada-95ab-8fbde8d35013 5ad8c972b6674e19aade0a7b119abf93 c1d55725b95e44869499fa59035cfd69 - - default default] http://10.0.0.4:8776/ returned with HTTP 300 /var/lib/openstack/lib/python3.12/site-packages/pycadf/identifier.py:70: UserWarning: Invalid uuid: cinderv3. To ensure interoperability, identifiers should be a valid uuid. warnings.warn(('Invalid uuid: %s. To ensure interoperability, '
2026-09-05 14:16:13.453 8 INFO cinder.api.openstack.wsgi [None req-300dc2f8-b860-4f38-a797-9e3aef959e68 5ad8c972b6674e19aade0a7b119abf93 c1d55725b95e44869499fa59035cfd69 - - default default] GET http://cinder-api.openstack.svc.cluster.local:8776/v3/c1d55725b95e44869499fa59035cfd69/volumes/256c610e-a42e-4418-86dc-c1d117cc2ed7 /var/lib/openstack/lib/python3.12/site-packages/oslo_context/context.py:101: DeprecationWarning: Policy enforcement is depending on the value of is_admin. This key is deprecated. Please update your policy file to use the standard policy values. warnings.warn(
2026-09-05 14:16:13.486 8 INFO cinder.volume.api [None req-300dc2f8-b860-4f38-a797-9e3aef959e68 5ad8c972b6674e19aade0a7b119abf93 c1d55725b95e44869499fa59035cfd69 - - default default] Volume info retrieved successfully.
2026-09-05 14:16:13.493 8 INFO cinder.api.openstack.wsgi [None req-300dc2f8-b860-4f38-a797-9e3aef959e68 5ad8c972b6674e19aade0a7b119abf93 c1d55725b95e44869499fa59035cfd69 - - default default] http://cinder-api.openstack.svc.cluster.local:8776/v3/c1d55725b95e44869499fa59035cfd69/volumes/256c610e-a42e-4418-86dc-c1d117cc2ed7 returned with HTTP 200 [pid: 8|app: 0|req: 356/714] 10.0.0.163 () {32 vars in 775 bytes} [Sat Sep 5 14:16:13 2026] GET /v3/c1d55725b95e44869499fa59035cfd69/volumes/256c610e-a42e-4418-86dc-c1d117cc2ed7 => generated 957 bytes in 47 msecs (HTTP/1.1 200) 7 headers in 285 bytes (1 switches on core 0) /var/lib/openstack/lib/python3.12/site-packages/pycadf/identifier.py:70: UserWarning: Invalid uuid: cinderv3. To ensure interoperability, identifiers should be a valid uuid. warnings.warn(('Invalid uuid: %s. To ensure interoperability, '
2026-09-05 14:16:14.521 7 INFO cinder.api.openstack.wsgi [None req-e1c3f4c4-dc27-442e-a16e-bcfcbfaa2400 5ad8c972b6674e19aade0a7b119abf93 c1d55725b95e44869499fa59035cfd69 - - default default] GET http://cinder-api.openstack.svc.cluster.local:8776/v3/c1d55725b95e44869499fa59035cfd69/volumes/256c610e-a42e-4418-86dc-c1d117cc2ed7 /var/lib/openstack/lib/python3.12/site-packages/oslo_context/context.py:101: DeprecationWarning: Policy enforcement is depending on the value of is_admin. This key is deprecated. Please update your policy file to use the standard policy values. warnings.warn(
2026-09-05 14:16:14.541 7 INFO cinder.volume.api [None req-e1c3f4c4-dc27-442e-a16e-bcfcbfaa2400 5ad8c972b6674e19aade0a7b119abf93 c1d55725b95e44869499fa59035cfd69 - - default default] Volume info retrieved successfully.
2026-09-05 14:16:14.547 7 INFO cinder.api.openstack.wsgi [None req-e1c3f4c4-dc27-442e-a16e-bcfcbfaa2400 5ad8c972b6674e19aade0a7b119abf93 c1d55725b95e44869499fa59035cfd69 - - default default] http://cinder-api.openstack.svc.cluster.local:8776/v3/c1d55725b95e44869499fa59035cfd69/volumes/256c610e-a42e-4418-86dc-c1d117cc2ed7 returned with HTTP 200 [pid: 7|app: 0|req: 359/715] 10.0.0.163 () {32 vars in 775 bytes} [Sat Sep 5 14:16:14 2026] GET /v3/c1d55725b95e44869499fa59035cfd69/volumes/256c610e-a42e-4418-86dc-c1d117cc2ed7 => generated 1483 bytes in 32 msecs (HTTP/1.1 200) 7 headers in 286 bytes (1 switches on core 0) /var/lib/openstack/lib/python3.12/site-packages/pycadf/identifier.py:70: UserWarning: Invalid uuid: cinderv3. To ensure interoperability, identifiers should be a valid uuid. warnings.warn(('Invalid uuid: %s. To ensure interoperability, '
2026-09-05 14:16:14.650 8 INFO cinder.api.openstack.wsgi [req-4dba0190-0441-4e16-8215-6e0208e957c9 req-cb29af99-79c0-417f-a6cb-bdeea448777d 5ad8c972b6674e19aade0a7b119abf93 c1d55725b95e44869499fa59035cfd69 - - default default] GET http://cinder-api.openstack.svc.cluster.local:8776/v3/c1d55725b95e44869499fa59035cfd69/volumes/256c610e-a42e-4418-86dc-c1d117cc2ed7 /var/lib/openstack/lib/python3.12/site-packages/oslo_context/context.py:101: DeprecationWarning: Policy enforcement is depending on the value of is_admin. This key is deprecated. Please update your policy file to use the standard policy values. warnings.warn(
2026-09-05 14:16:14.667 8 INFO cinder.volume.api [req-4dba0190-0441-4e16-8215-6e0208e957c9 req-cb29af99-79c0-417f-a6cb-bdeea448777d 5ad8c972b6674e19aade0a7b119abf93 c1d55725b95e44869499fa59035cfd69 - - default default] Volume info retrieved successfully.
2026-09-05 14:16:14.675 8 INFO cinder.api.openstack.wsgi [req-4dba0190-0441-4e16-8215-6e0208e957c9 req-cb29af99-79c0-417f-a6cb-bdeea448777d 5ad8c972b6674e19aade0a7b119abf93 c1d55725b95e44869499fa59035cfd69 - - default default] http://cinder-api.openstack.svc.cluster.local:8776/v3/c1d55725b95e44869499fa59035cfd69/volumes/256c610e-a42e-4418-86dc-c1d117cc2ed7 returned with HTTP 200 [pid: 8|app: 0|req: 357/716] 10.0.0.128 () {34 vars in 1028 bytes} [Sat Sep 5 14:16:14 2026] GET /v3/c1d55725b95e44869499fa59035cfd69/volumes/256c610e-a42e-4418-86dc-c1d117cc2ed7 => generated 1483 bytes in 33 msecs (HTTP/1.1 200) 7 headers in 286 bytes (1 switches on core 0) /var/lib/openstack/lib/python3.12/site-packages/pycadf/identifier.py:70: UserWarning: Invalid uuid: cinderv3. To ensure interoperability, identifiers should be a valid uuid. warnings.warn(('Invalid uuid: %s. To ensure interoperability, '
2026-09-05 14:16:15.621 7 INFO cinder.api.openstack.wsgi [req-4dba0190-0441-4e16-8215-6e0208e957c9 req-decb50ed-aa4d-4799-9c15-fe2eb849d75e 5ad8c972b6674e19aade0a7b119abf93 c1d55725b95e44869499fa59035cfd69 - - default default] GET http://cinder-api.openstack.svc.cluster.local:8776/v3/c1d55725b95e44869499fa59035cfd69/volumes/256c610e-a42e-4418-86dc-c1d117cc2ed7 /var/lib/openstack/lib/python3.12/site-packages/oslo_context/context.py:101: DeprecationWarning: Policy enforcement is depending on the value of is_admin. This key is deprecated. Please update your policy file to use the standard policy values. warnings.warn(
2026-09-05 14:16:15.637 7 INFO cinder.volume.api [req-4dba0190-0441-4e16-8215-6e0208e957c9 req-decb50ed-aa4d-4799-9c15-fe2eb849d75e 5ad8c972b6674e19aade0a7b119abf93 c1d55725b95e44869499fa59035cfd69 - - default default] Volume info retrieved successfully.
2026-09-05 14:16:15.647 7 INFO cinder.api.openstack.wsgi [req-4dba0190-0441-4e16-8215-6e0208e957c9 req-decb50ed-aa4d-4799-9c15-fe2eb849d75e 5ad8c972b6674e19aade0a7b119abf93 c1d55725b95e44869499fa59035cfd69 - - default default] http://cinder-api.openstack.svc.cluster.local:8776/v3/c1d55725b95e44869499fa59035cfd69/volumes/256c610e-a42e-4418-86dc-c1d117cc2ed7 returned with HTTP 200 [pid: 7|app: 0|req: 360/717] 10.0.0.128 () {34 vars in 1028 bytes} [Sat Sep 5 14:16:15 2026] GET /v3/c1d55725b95e44869499fa59035cfd69/volumes/256c610e-a42e-4418-86dc-c1d117cc2ed7 => generated 1483 bytes in 31 msecs (HTTP/1.1 200) 7 headers in 286 bytes (1 switches on core 0)
2026-09-05 14:16:15.658 8 INFO cinder.api.openstack.wsgi [req-4dba0190-0441-4e16-8215-6e0208e957c9 req-cb29af99-79c0-417f-a6cb-bdeea448777d 5ad8c972b6674e19aade0a7b119abf93 c1d55725b95e44869499fa59035cfd69 - - default default] GET http://cinder-api.openstack.svc.cluster.local:8776/
2026-09-05 14:16:15.658 8 INFO cinder.api.openstack.wsgi [req-4dba0190-0441-4e16-8215-6e0208e957c9 req-cb29af99-79c0-417f-a6cb-bdeea448777d 5ad8c972b6674e19aade0a7b119abf93 c1d55725b95e44869499fa59035cfd69 - - default default] http://cinder-api.openstack.svc.cluster.local:8776/ returned with HTTP 300 [pid: 8|app: 0|req: 358/718] 10.0.0.128 () {32 vars in 829 bytes} [Sat Sep 5 14:16:15 2026] GET / => generated 411 bytes in 1 msecs (HTTP/1.1 300) 5 headers in 169 bytes (1 switches on core 0) /var/lib/openstack/lib/python3.12/site-packages/pycadf/identifier.py:70: UserWarning: Invalid uuid: cinderv3. To ensure interoperability, identifiers should be a valid uuid. warnings.warn(('Invalid uuid: %s. To ensure interoperability, '
2026-09-05 14:16:15.668 7 INFO cinder.api.openstack.wsgi [req-4dba0190-0441-4e16-8215-6e0208e957c9 req-4893dbef-031b-476e-9d0a-24aa69fd950c 5ad8c972b6674e19aade0a7b119abf93 c1d55725b95e44869499fa59035cfd69 - - default default] POST http://cinder-api.openstack.svc.cluster.local:8776/v3/c1d55725b95e44869499fa59035cfd69/attachments /var/lib/openstack/lib/python3.12/site-packages/oslo_context/context.py:101: DeprecationWarning: Policy enforcement is depending on the value of is_admin. This key is deprecated. Please update your policy file to use the standard policy values. warnings.warn(
2026-09-05 14:16:15.731 7 INFO cinder.api.openstack.wsgi [req-4dba0190-0441-4e16-8215-6e0208e957c9 req-4893dbef-031b-476e-9d0a-24aa69fd950c 5ad8c972b6674e19aade0a7b119abf93 c1d55725b95e44869499fa59035cfd69 - - default default] http://cinder-api.openstack.svc.cluster.local:8776/v3/c1d55725b95e44869499fa59035cfd69/attachments returned with HTTP 200 [pid: 7|app: 0|req: 361/719] 10.0.0.128 () {40 vars in 1057 bytes} [Sat Sep 5 14:16:15 2026] POST /v3/c1d55725b95e44869499fa59035cfd69/attachments => generated 273 bytes in 68 msecs (HTTP/1.1 200) 7 headers in 286 bytes (1 switches on core 0)
2026-09-05 14:16:21.807 8 INFO cinder.api.openstack.wsgi [req-4dba0190-0441-4e16-8215-6e0208e957c9 req-cb29af99-79c0-417f-a6cb-bdeea448777d 5ad8c972b6674e19aade0a7b119abf93 c1d55725b95e44869499fa59035cfd69 - - default default] GET http://cinder-api.openstack.svc.cluster.local:8776/
2026-09-05 14:16:21.808 8 INFO cinder.api.openstack.wsgi [req-4dba0190-0441-4e16-8215-6e0208e957c9 req-cb29af99-79c0-417f-a6cb-bdeea448777d 5ad8c972b6674e19aade0a7b119abf93 c1d55725b95e44869499fa59035cfd69 - - default default] http://cinder-api.openstack.svc.cluster.local:8776/ returned with HTTP 300 [pid: 8|app: 0|req: 359/720] 162.253.55.43 () {32 vars in 839 bytes} [Sat Sep 5 14:16:21 2026] GET / => generated 411 bytes in 2 msecs (HTTP/1.1 300) 5 headers in 169 bytes (1 switches on core 0) /var/lib/openstack/lib/python3.12/site-packages/pycadf/identifier.py:70: UserWarning: Invalid uuid: cinderv3. To ensure interoperability, identifiers should be a valid uuid. warnings.warn(('Invalid uuid: %s. To ensure interoperability, '
2026-09-05 14:16:21.888 7 INFO cinder.api.openstack.wsgi [req-4dba0190-0441-4e16-8215-6e0208e957c9 req-e660037c-138c-4d88-a24c-6078e29d5a40 5ad8c972b6674e19aade0a7b119abf93 c1d55725b95e44869499fa59035cfd69 - - default default] GET http://cinder-api.openstack.svc.cluster.local:8776/v3/c1d55725b95e44869499fa59035cfd69/volumes/256c610e-a42e-4418-86dc-c1d117cc2ed7 /var/lib/openstack/lib/python3.12/site-packages/oslo_context/context.py:101: DeprecationWarning: Policy enforcement is depending on the value of is_admin. This key is deprecated. Please update your policy file to use the standard policy values. warnings.warn(
2026-09-05 14:16:21.915 7 INFO cinder.volume.api [req-4dba0190-0441-4e16-8215-6e0208e957c9 req-e660037c-138c-4d88-a24c-6078e29d5a40 5ad8c972b6674e19aade0a7b119abf93 c1d55725b95e44869499fa59035cfd69 - - default default] Volume info retrieved successfully.
2026-09-05 14:16:21.923 7 INFO cinder.api.openstack.wsgi [req-4dba0190-0441-4e16-8215-6e0208e957c9 req-e660037c-138c-4d88-a24c-6078e29d5a40 5ad8c972b6674e19aade0a7b119abf93 c1d55725b95e44869499fa59035cfd69 - - default default] http://cinder-api.openstack.svc.cluster.local:8776/v3/c1d55725b95e44869499fa59035cfd69/volumes/256c610e-a42e-4418-86dc-c1d117cc2ed7 returned with HTTP 200 [pid: 7|app: 0|req: 362/721] 162.253.55.43 () {36 vars in 1072 bytes} [Sat Sep 5 14:16:21 2026] GET /v3/c1d55725b95e44869499fa59035cfd69/volumes/256c610e-a42e-4418-86dc-c1d117cc2ed7 => generated 1663 bytes in 47 msecs (HTTP/1.1 200) 7 headers in 287 bytes (1 switches on core 0)
2026-09-05 14:16:22.930 8 INFO cinder.api.openstack.wsgi [req-4dba0190-0441-4e16-8215-6e0208e957c9 req-cb29af99-79c0-417f-a6cb-bdeea448777d 5ad8c972b6674e19aade0a7b119abf93 c1d55725b95e44869499fa59035cfd69 - - default default] GET http://10.0.0.4:8776/
2026-09-05 14:16:22.931 8 INFO cinder.api.openstack.wsgi [req-4dba0190-0441-4e16-8215-6e0208e957c9 req-cb29af99-79c0-417f-a6cb-bdeea448777d 5ad8c972b6674e19aade0a7b119abf93 c1d55725b95e44869499fa59035cfd69 - - default default] http://10.0.0.4:8776/ returned with HTTP 300
2026-09-05 14:16:22.932 7 INFO cinder.api.openstack.wsgi [req-4dba0190-0441-4e16-8215-6e0208e957c9 req-e660037c-138c-4d88-a24c-6078e29d5a40 5ad8c972b6674e19aade0a7b119abf93 c1d55725b95e44869499fa59035cfd69 - - default default] GET http://10.0.0.4:8776/
2026-09-05 14:16:22.933 7 INFO cinder.api.openstack.wsgi [req-4dba0190-0441-4e16-8215-6e0208e957c9 req-e660037c-138c-4d88-a24c-6078e29d5a40 5ad8c972b6674e19aade0a7b119abf93 c1d55725b95e44869499fa59035cfd69 - - default default] http://10.0.0.4:8776/ returned with HTTP 300 /var/lib/openstack/lib/python3.12/site-packages/pycadf/identifier.py:70: UserWarning: Invalid uuid: cinderv3. To ensure interoperability, identifiers should be a valid uuid. warnings.warn(('Invalid uuid: %s. To ensure interoperability, '
2026-09-05 14:16:23.731 8 INFO cinder.api.openstack.wsgi [req-4dba0190-0441-4e16-8215-6e0208e957c9 req-e21b541b-6689-4195-9b7b-8bec1f0dc25b 5ad8c972b6674e19aade0a7b119abf93 c1d55725b95e44869499fa59035cfd69 - - default default] PUT http://cinder-api.openstack.svc.cluster.local:8776/v3/c1d55725b95e44869499fa59035cfd69/attachments/6c6778af-f193-47bf-b45b-997206a7224a /var/lib/openstack/lib/python3.12/site-packages/oslo_context/context.py:101: DeprecationWarning: Policy enforcement is depending on the value of is_admin. This key is deprecated. Please update your policy file to use the standard policy values. warnings.warn(
2026-09-05 14:16:24.793 8 INFO cinder.api.openstack.wsgi [req-4dba0190-0441-4e16-8215-6e0208e957c9 req-e21b541b-6689-4195-9b7b-8bec1f0dc25b 5ad8c972b6674e19aade0a7b119abf93 c1d55725b95e44869499fa59035cfd69 - - default default] http://cinder-api.openstack.svc.cluster.local:8776/v3/c1d55725b95e44869499fa59035cfd69/attachments/6c6778af-f193-47bf-b45b-997206a7224a returned with HTTP 200 [pid: 8|app: 0|req: 361/724] 162.253.55.43 () {40 vars in 1134 bytes} [Sat Sep 5 14:16:23 2026] PUT /v3/c1d55725b95e44869499fa59035cfd69/attachments/6c6778af-f193-47bf-b45b-997206a7224a => generated 802 bytes in 1068 msecs (HTTP/1.1 200) 7 headers in 286 bytes (1 switches on core 0) /var/lib/openstack/lib/python3.12/site-packages/pycadf/identifier.py:70: UserWarning: Invalid uuid: cinderv3. To ensure interoperability, identifiers should be a valid uuid. warnings.warn(('Invalid uuid: %s. To ensure interoperability, '
2026-09-05 14:16:25.317 7 INFO cinder.api.openstack.wsgi [req-4dba0190-0441-4e16-8215-6e0208e957c9 req-8146f345-aee4-4dda-83d4-4ab2747b7f81 5ad8c972b6674e19aade0a7b119abf93 c1d55725b95e44869499fa59035cfd69 - - default default] POST http://cinder-api.openstack.svc.cluster.local:8776/v3/c1d55725b95e44869499fa59035cfd69/attachments/6c6778af-f193-47bf-b45b-997206a7224a/action /var/lib/openstack/lib/python3.12/site-packages/oslo_context/context.py:101: DeprecationWarning: Policy enforcement is depending on the value of is_admin. This key is deprecated. Please update your policy file to use the standard policy values. warnings.warn(
2026-09-05 14:16:25.382 7 INFO cinder.api.openstack.wsgi [req-4dba0190-0441-4e16-8215-6e0208e957c9 req-8146f345-aee4-4dda-83d4-4ab2747b7f81 5ad8c972b6674e19aade0a7b119abf93 c1d55725b95e44869499fa59035cfd69 - - default default] http://cinder-api.openstack.svc.cluster.local:8776/v3/c1d55725b95e44869499fa59035cfd69/attachments/6c6778af-f193-47bf-b45b-997206a7224a/action returned with HTTP 204 [pid: 7|app: 0|req: 364/725] 162.253.55.43 () {40 vars in 1147 bytes} [Sat Sep 5 14:16:25 2026] POST /v3/c1d55725b95e44869499fa59035cfd69/attachments/6c6778af-f193-47bf-b45b-997206a7224a/action => generated 0 bytes in 75 msecs (HTTP/1.1 204) 7 headers in 292 bytes (1 switches on core 0) /var/lib/openstack/lib/python3.12/site-packages/pycadf/identifier.py:70: UserWarning: Invalid uuid: cinderv3. To ensure interoperability, identifiers should be a valid uuid. warnings.warn(('Invalid uuid: %s. To ensure interoperability, '
2026-09-05 14:16:28.065 8 INFO cinder.api.openstack.wsgi [None req-d6ebf017-1771-4976-b166-cf7da83c865c 9733a9f9f9eb4a13aa46a894077d684e 1a60a998a5ea49159a6ea507981e4245 - - default default] GET http://cinder-api.openstack.svc.cluster.local:8776/v3/1a60a998a5ea49159a6ea507981e4245/os-quota-sets/1a60a998a5ea49159a6ea507981e4245?usage=true /var/lib/openstack/lib/python3.12/site-packages/oslo_context/context.py:101: DeprecationWarning: Policy enforcement is depending on the value of is_admin. This key is deprecated. Please update your policy file to use the standard policy values. warnings.warn(
2026-09-05 14:16:28.103 8 INFO cinder.api.openstack.wsgi [None req-d6ebf017-1771-4976-b166-cf7da83c865c 9733a9f9f9eb4a13aa46a894077d684e 1a60a998a5ea49159a6ea507981e4245 - - default default] http://cinder-api.openstack.svc.cluster.local:8776/v3/1a60a998a5ea49159a6ea507981e4245/os-quota-sets/1a60a998a5ea49159a6ea507981e4245?usage=true returned with HTTP 200 [pid: 8|app: 0|req: 362/726] 10.0.0.131 () {28 vars in 736 bytes} [Sat Sep 5 14:16:27 2026] GET /v3/1a60a998a5ea49159a6ea507981e4245/os-quota-sets/1a60a998a5ea49159a6ea507981e4245?usage=true => generated 845 bytes in 213 msecs (HTTP/1.1 200) 7 headers in 285 bytes (1 switches on core 0) /var/lib/openstack/lib/python3.12/site-packages/pycadf/identifier.py:70: UserWarning: Invalid uuid: cinderv3. To ensure interoperability, identifiers should be a valid uuid. warnings.warn(('Invalid uuid: %s. To ensure interoperability, '
2026-09-05 14:16:28.125 7 INFO cinder.api.openstack.wsgi [None req-f8e82007-e826-4d6f-9216-b8c38e87b52e 9733a9f9f9eb4a13aa46a894077d684e 1a60a998a5ea49159a6ea507981e4245 - - default default] GET http://cinder-api.openstack.svc.cluster.local:8776/v3/1a60a998a5ea49159a6ea507981e4245/os-quota-sets/3402e243cfea47f6b3cc34f6ecc4cc59?usage=true
2026-09-05 14:16:28.159 7 INFO cinder.api.openstack.wsgi [None req-f8e82007-e826-4d6f-9216-b8c38e87b52e 9733a9f9f9eb4a13aa46a894077d684e 1a60a998a5ea49159a6ea507981e4245 - - default default] http://cinder-api.openstack.svc.cluster.local:8776/v3/1a60a998a5ea49159a6ea507981e4245/os-quota-sets/3402e243cfea47f6b3cc34f6ecc4cc59?usage=true returned with HTTP 200 [pid: 7|app: 0|req: 365/727] 10.0.0.131 () {28 vars in 736 bytes} [Sat Sep 5 14:16:28 2026] GET /v3/1a60a998a5ea49159a6ea507981e4245/os-quota-sets/3402e243cfea47f6b3cc34f6ecc4cc59?usage=true => generated 847 bytes in 42 msecs (HTTP/1.1 200) 7 headers in 285 bytes (1 switches on core 0)
2026-09-05 14:16:28.170 8 INFO cinder.api.openstack.wsgi [None req-78e10d7c-2a56-4854-b341-d2410c76e3a2 9733a9f9f9eb4a13aa46a894077d684e 1a60a998a5ea49159a6ea507981e4245 - - default default] GET http://cinder-api.openstack.svc.cluster.local:8776/v3/1a60a998a5ea49159a6ea507981e4245/os-quota-sets/3976cb3af1934413849824d4f4dd8194?usage=true
2026-09-05 14:16:28.201 8 INFO cinder.api.openstack.wsgi [None req-78e10d7c-2a56-4854-b341-d2410c76e3a2 9733a9f9f9eb4a13aa46a894077d684e 1a60a998a5ea49159a6ea507981e4245 - - default default] http://cinder-api.openstack.svc.cluster.local:8776/v3/1a60a998a5ea49159a6ea507981e4245/os-quota-sets/3976cb3af1934413849824d4f4dd8194?usage=true returned with HTTP 200 [pid: 8|app: 0|req: 363/728] 10.0.0.131 () {28 vars in 736 bytes} [Sat Sep 5 14:16:28 2026] GET /v3/1a60a998a5ea49159a6ea507981e4245/os-quota-sets/3976cb3af1934413849824d4f4dd8194?usage=true => generated 847 bytes in 38 msecs (HTTP/1.1 200) 7 headers in 285 bytes (1 switches on core 0)
2026-09-05 14:16:28.211 7 INFO cinder.api.openstack.wsgi [None req-76903faa-45d7-4f75-9359-4913a7af8751 9733a9f9f9eb4a13aa46a894077d684e 1a60a998a5ea49159a6ea507981e4245 - - default default] GET http://cinder-api.openstack.svc.cluster.local:8776/v3/1a60a998a5ea49159a6ea507981e4245/os-quota-sets/56858b7aad874d55b040ffa1e549c08c?usage=true
2026-09-05 14:16:28.236 7 INFO cinder.api.openstack.wsgi [None req-76903faa-45d7-4f75-9359-4913a7af8751 9733a9f9f9eb4a13aa46a894077d684e 1a60a998a5ea49159a6ea507981e4245 - - default default] http://cinder-api.openstack.svc.cluster.local:8776/v3/1a60a998a5ea49159a6ea507981e4245/os-quota-sets/56858b7aad874d55b040ffa1e549c08c?usage=true returned with HTTP 200 [pid: 7|app: 0|req: 366/729] 10.0.0.131 () {28 vars in 736 bytes} [Sat Sep 5 14:16:28 2026] GET /v3/1a60a998a5ea49159a6ea507981e4245/os-quota-sets/56858b7aad874d55b040ffa1e549c08c?usage=true => generated 847 bytes in 33 msecs (HTTP/1.1 200) 7 headers in 285 bytes (1 switches on core 0)
2026-09-05 14:16:28.249 8 INFO cinder.api.openstack.wsgi [None req-807f72ac-097d-4e4a-949b-e54da5067701 9733a9f9f9eb4a13aa46a894077d684e 1a60a998a5ea49159a6ea507981e4245 - - default default] GET http://cinder-api.openstack.svc.cluster.local:8776/v3/1a60a998a5ea49159a6ea507981e4245/os-quota-sets/5e3930bb274643f3a1b62d87862fafe3?usage=true
2026-09-05 14:16:28.277 8 INFO cinder.api.openstack.wsgi [None req-807f72ac-097d-4e4a-949b-e54da5067701 9733a9f9f9eb4a13aa46a894077d684e 1a60a998a5ea49159a6ea507981e4245 - - default default] http://cinder-api.openstack.svc.cluster.local:8776/v3/1a60a998a5ea49159a6ea507981e4245/os-quota-sets/5e3930bb274643f3a1b62d87862fafe3?usage=true returned with HTTP 200 [pid: 8|app: 0|req: 364/730] 10.0.0.131 () {28 vars in 736 bytes} [Sat Sep 5 14:16:28 2026] GET /v3/1a60a998a5ea49159a6ea507981e4245/os-quota-sets/5e3930bb274643f3a1b62d87862fafe3?usage=true => generated 845 bytes in 35 msecs (HTTP/1.1 200) 7 headers in 285 bytes (1 switches on core 0)
2026-09-05 14:16:28.295 7 INFO cinder.api.openstack.wsgi [None req-9926bf09-0862-443a-8c49-cf9343da422d 9733a9f9f9eb4a13aa46a894077d684e 1a60a998a5ea49159a6ea507981e4245 - - default default] GET http://cinder-api.openstack.svc.cluster.local:8776/v3/1a60a998a5ea49159a6ea507981e4245/os-quota-sets/c1d55725b95e44869499fa59035cfd69?usage=true
2026-09-05 14:16:28.322 7 INFO cinder.api.openstack.wsgi [None req-9926bf09-0862-443a-8c49-cf9343da422d 9733a9f9f9eb4a13aa46a894077d684e 1a60a998a5ea49159a6ea507981e4245 - - default default] http://cinder-api.openstack.svc.cluster.local:8776/v3/1a60a998a5ea49159a6ea507981e4245/os-quota-sets/c1d55725b95e44869499fa59035cfd69?usage=true returned with HTTP 200 [pid: 7|app: 0|req: 367/731] 10.0.0.131 () {28 vars in 736 bytes} [Sat Sep 5 14:16:28 2026] GET /v3/1a60a998a5ea49159a6ea507981e4245/os-quota-sets/c1d55725b95e44869499fa59035cfd69?usage=true => generated 847 bytes in 36 msecs (HTTP/1.1 200) 7 headers in 285 bytes (1 switches on core 0)
2026-09-05 14:16:28.339 8 INFO cinder.api.openstack.wsgi [None req-f4f6c48c-67ba-4188-a8a9-874d3c475838 9733a9f9f9eb4a13aa46a894077d684e 1a60a998a5ea49159a6ea507981e4245 - - default default] GET http://cinder-api.openstack.svc.cluster.local:8776/v3/1a60a998a5ea49159a6ea507981e4245/os-quota-sets/cd78607a6fd74a65b4a16af32078f9de?usage=true
2026-09-05 14:16:28.377 8 INFO cinder.api.openstack.wsgi [None req-f4f6c48c-67ba-4188-a8a9-874d3c475838 9733a9f9f9eb4a13aa46a894077d684e 1a60a998a5ea49159a6ea507981e4245 - - default default] http://cinder-api.openstack.svc.cluster.local:8776/v3/1a60a998a5ea49159a6ea507981e4245/os-quota-sets/cd78607a6fd74a65b4a16af32078f9de?usage=true returned with HTTP 200 [pid: 8|app: 0|req: 365/732] 10.0.0.131 () {28 vars in 736 bytes} [Sat Sep 5 14:16:28 2026] GET /v3/1a60a998a5ea49159a6ea507981e4245/os-quota-sets/cd78607a6fd74a65b4a16af32078f9de?usage=true => generated 847 bytes in 51 msecs (HTTP/1.1 200) 7 headers in 285 bytes (1 switches on core 0)
2026-09-05 14:16:28.388 7 INFO cinder.api.openstack.wsgi [None req-ca3f978b-defb-4b8d-af2e-f4b68b795951 9733a9f9f9eb4a13aa46a894077d684e 1a60a998a5ea49159a6ea507981e4245 - - default default] GET http://cinder-api.openstack.svc.cluster.local:8776/v3/1a60a998a5ea49159a6ea507981e4245/volumes/detail?all_tenants=true
2026-09-05 14:16:28.404 7 INFO cinder.volume.api [None req-ca3f978b-defb-4b8d-af2e-f4b68b795951 9733a9f9f9eb4a13aa46a894077d684e 1a60a998a5ea49159a6ea507981e4245 - - default default] Get all volumes completed successfully. /var/lib/openstack/lib/python3.12/site-packages/oslo_context/context.py:101: DeprecationWarning: Policy enforcement is depending on the value of is_admin. This key is deprecated. Please update your policy file to use the standard policy values. warnings.warn(
2026-09-05 14:16:28.411 7 INFO cinder.api.openstack.wsgi [None req-ca3f978b-defb-4b8d-af2e-f4b68b795951 9733a9f9f9eb4a13aa46a894077d684e 1a60a998a5ea49159a6ea507981e4245 - - default default] http://cinder-api.openstack.svc.cluster.local:8776/v3/1a60a998a5ea49159a6ea507981e4245/volumes/detail?all_tenants=true returned with HTTP 200 [pid: 7|app: 0|req: 368/733] 10.0.0.131 () {28 vars in 684 bytes} [Sat Sep 5 14:16:28 2026] GET /v3/1a60a998a5ea49159a6ea507981e4245/volumes/detail?all_tenants=true => generated 1949 bytes in 32 msecs (HTTP/1.1 200) 7 headers in 286 bytes (1 switches on core 0)
2026-09-05 14:16:28.425 8 INFO cinder.api.openstack.wsgi [None req-3772b770-0ed0-40d1-b081-cc766e2edde5 9733a9f9f9eb4a13aa46a894077d684e 1a60a998a5ea49159a6ea507981e4245 - - default default] GET http://cinder-api.openstack.svc.cluster.local:8776/v3/1a60a998a5ea49159a6ea507981e4245/scheduler-stats/get_pools?detail=true
2026-09-05 14:16:28.929 8 INFO cinder.api.openstack.wsgi [None req-3772b770-0ed0-40d1-b081-cc766e2edde5 9733a9f9f9eb4a13aa46a894077d684e 1a60a998a5ea49159a6ea507981e4245 - - default default] http://cinder-api.openstack.svc.cluster.local:8776/v3/1a60a998a5ea49159a6ea507981e4245/scheduler-stats/get_pools?detail=true returned with HTTP 200 [pid: 8|app: 0|req: 366/734] 10.0.0.131 () {28 vars in 696 bytes} [Sat Sep 5 14:16:28 2026] GET /v3/1a60a998a5ea49159a6ea507981e4245/scheduler-stats/get_pools?detail=true => generated 670 bytes in 514 msecs (HTTP/1.1 200) 7 headers in 285 bytes (1 switches on core 0) /var/lib/openstack/lib/python3.12/site-packages/pycadf/identifier.py:70: UserWarning: Invalid uuid: cinderv3. To ensure interoperability, identifiers should be a valid uuid. warnings.warn(('Invalid uuid: %s. To ensure interoperability, '
2026-09-05 14:16:28.940 7 INFO cinder.api.openstack.wsgi [None req-55d480be-593f-4b59-8422-2431b9a3e3e8 9733a9f9f9eb4a13aa46a894077d684e 1a60a998a5ea49159a6ea507981e4245 - - default default] GET http://cinder-api.openstack.svc.cluster.local:8776/v3/1a60a998a5ea49159a6ea507981e4245/snapshots?all_tenants=true
2026-09-05 14:16:28.947 7 INFO cinder.volume.api [None req-55d480be-593f-4b59-8422-2431b9a3e3e8 9733a9f9f9eb4a13aa46a894077d684e 1a60a998a5ea49159a6ea507981e4245 - - default default] Get all snapshots completed successfully.
2026-09-05 14:16:28.948 7 INFO cinder.api.openstack.wsgi [None req-55d480be-593f-4b59-8422-2431b9a3e3e8 9733a9f9f9eb4a13aa46a894077d684e 1a60a998a5ea49159a6ea507981e4245 - - default default] http://cinder-api.openstack.svc.cluster.local:8776/v3/1a60a998a5ea49159a6ea507981e4245/snapshots?all_tenants=true returned with HTTP 200 [pid: 7|app: 0|req: 369/735] 10.0.0.131 () {28 vars in 674 bytes} [Sat Sep 5 14:16:28 2026] GET /v3/1a60a998a5ea49159a6ea507981e4245/snapshots?all_tenants=true => generated 17 bytes in 14 msecs (HTTP/1.1 200) 7 headers in 284 bytes (1 switches on core 0)
2026-09-05 14:16:28.961 8 INFO cinder.api.openstack.wsgi [None req-6d824084-89ba-4d89-8bbd-b51be15c7292 9733a9f9f9eb4a13aa46a894077d684e 1a60a998a5ea49159a6ea507981e4245 - - default default] GET http://cinder-api.openstack.svc.cluster.local:8776/v3/1a60a998a5ea49159a6ea507981e4245/os-services
2026-09-05 14:16:28.969 8 INFO cinder.api.openstack.wsgi [None req-6d824084-89ba-4d89-8bbd-b51be15c7292 9733a9f9f9eb4a13aa46a894077d684e 1a60a998a5ea49159a6ea507981e4245 - - default default] http://cinder-api.openstack.svc.cluster.local:8776/v3/1a60a998a5ea49159a6ea507981e4245/os-services returned with HTTP 200 [pid: 8|app: 0|req: 367/736] 10.0.0.131 () {28 vars in 645 bytes} [Sat Sep 5 14:16:28 2026] GET /v3/1a60a998a5ea49159a6ea507981e4245/os-services => generated 646 bytes in 19 msecs (HTTP/1.1 200) 7 headers in 285 bytes (1 switches on core 0)
2026-09-05 14:16:28.979 7 INFO cinder.api.openstack.wsgi [None req-ca14b391-9837-4d09-b50b-16434bbf29e6 9733a9f9f9eb4a13aa46a894077d684e 1a60a998a5ea49159a6ea507981e4245 - - default default] GET http://cinder-api.openstack.svc.cluster.local:8776/v3/1a60a998a5ea49159a6ea507981e4245/volumes/detail?all_tenants=true
2026-09-05 14:16:28.995 7 INFO cinder.volume.api [None req-ca14b391-9837-4d09-b50b-16434bbf29e6 9733a9f9f9eb4a13aa46a894077d684e 1a60a998a5ea49159a6ea507981e4245 - - default default] Get all volumes completed successfully. /var/lib/openstack/lib/python3.12/site-packages/oslo_context/context.py:101: DeprecationWarning: Policy enforcement is depending on the value of is_admin. This key is deprecated. Please update your policy file to use the standard policy values. warnings.warn(
2026-09-05 14:16:29.003 7 INFO cinder.api.openstack.wsgi [None req-ca14b391-9837-4d09-b50b-16434bbf29e6 9733a9f9f9eb4a13aa46a894077d684e 1a60a998a5ea49159a6ea507981e4245 - - default default] http://cinder-api.openstack.svc.cluster.local:8776/v3/1a60a998a5ea49159a6ea507981e4245/volumes/detail?all_tenants=true returned with HTTP 200 [pid: 7|app: 0|req: 370/737] 10.0.0.131 () {28 vars in 684 bytes} [Sat Sep 5 14:16:28 2026] GET /v3/1a60a998a5ea49159a6ea507981e4245/volumes/detail?all_tenants=true => generated 1949 bytes in 31 msecs (HTTP/1.1 200) 7 headers in 286 bytes (1 switches on core 0)
2026-09-05 14:16:32.928 8 INFO cinder.api.openstack.wsgi [None req-6d824084-89ba-4d89-8bbd-b51be15c7292 9733a9f9f9eb4a13aa46a894077d684e 1a60a998a5ea49159a6ea507981e4245 - - default default] GET http://10.0.0.4:8776/
2026-09-05 14:16:32.929 8 INFO cinder.api.openstack.wsgi [None req-6d824084-89ba-4d89-8bbd-b51be15c7292 9733a9f9f9eb4a13aa46a894077d684e 1a60a998a5ea49159a6ea507981e4245 - - default default] http://10.0.0.4:8776/ returned with HTTP 300
2026-09-05 14:16:32.933 7 INFO cinder.api.openstack.wsgi [None req-ca14b391-9837-4d09-b50b-16434bbf29e6 9733a9f9f9eb4a13aa46a894077d684e 1a60a998a5ea49159a6ea507981e4245 - - default default] GET http://10.0.0.4:8776/
2026-09-05 14:16:32.934 7 INFO cinder.api.openstack.wsgi [None req-ca14b391-9837-4d09-b50b-16434bbf29e6 9733a9f9f9eb4a13aa46a894077d684e 1a60a998a5ea49159a6ea507981e4245 - - default default] http://10.0.0.4:8776/ returned with HTTP 300
2026-09-05 14:16:38.865 8 INFO cinder.api.openstack.wsgi [req-0f8929b2-8de9-48ee-be4a-87984b86ab32 req-1c766977-94b3-4a73-989a-7badb0296d84 5ad8c972b6674e19aade0a7b119abf93 c1d55725b95e44869499fa59035cfd69 - - default default] DELETE http://cinder-api.openstack.svc.cluster.local:8776/v3/c1d55725b95e44869499fa59035cfd69/attachments/6c6778af-f193-47bf-b45b-997206a7224a /var/lib/openstack/lib/python3.12/site-packages/oslo_context/context.py:101: DeprecationWarning: Policy enforcement is depending on the value of is_admin. This key is deprecated. Please update your policy file to use the standard policy values. warnings.warn(
2026-09-05 14:16:39.501 8 INFO cinder.api.openstack.wsgi [req-0f8929b2-8de9-48ee-be4a-87984b86ab32 req-1c766977-94b3-4a73-989a-7badb0296d84 5ad8c972b6674e19aade0a7b119abf93 c1d55725b95e44869499fa59035cfd69 - - default default] http://cinder-api.openstack.svc.cluster.local:8776/v3/c1d55725b95e44869499fa59035cfd69/attachments/6c6778af-f193-47bf-b45b-997206a7224a returned with HTTP 200 [pid: 8|app: 0|req: 369/740] 162.253.55.43 () {38 vars in 1102 bytes} [Sat Sep 5 14:16:38 2026] DELETE /v3/c1d55725b95e44869499fa59035cfd69/attachments/6c6778af-f193-47bf-b45b-997206a7224a => generated 19 bytes in 646 msecs (HTTP/1.1 200) 7 headers in 285 bytes (1 switches on core 0) /var/lib/openstack/lib/python3.12/site-packages/pycadf/identifier.py:70: UserWarning: Invalid uuid: cinderv3. To ensure interoperability, identifiers should be a valid uuid. warnings.warn(('Invalid uuid: %s. To ensure interoperability, '
2026-09-05 14:16:39.523 7 INFO cinder.api.openstack.wsgi [req-0f8929b2-8de9-48ee-be4a-87984b86ab32 req-dd569b1e-f64d-42c8-b2e0-4b783b5a23d5 5ad8c972b6674e19aade0a7b119abf93 c1d55725b95e44869499fa59035cfd69 - - default default] DELETE http://cinder-api.openstack.svc.cluster.local:8776/v3/c1d55725b95e44869499fa59035cfd69/volumes/256c610e-a42e-4418-86dc-c1d117cc2ed7
2026-09-05 14:16:39.524 7 INFO cinder.api.v3.volumes [req-0f8929b2-8de9-48ee-be4a-87984b86ab32 req-dd569b1e-f64d-42c8-b2e0-4b783b5a23d5 5ad8c972b6674e19aade0a7b119abf93 c1d55725b95e44869499fa59035cfd69 - - default default] Delete volume with id: 256c610e-a42e-4418-86dc-c1d117cc2ed7 /var/lib/openstack/lib/python3.12/site-packages/oslo_context/context.py:101: DeprecationWarning: Policy enforcement is depending on the value of is_admin. This key is deprecated. Please update your policy file to use the standard policy values. warnings.warn(
2026-09-05 14:16:39.544 7 INFO cinder.volume.api [req-0f8929b2-8de9-48ee-be4a-87984b86ab32 req-dd569b1e-f64d-42c8-b2e0-4b783b5a23d5 5ad8c972b6674e19aade0a7b119abf93 c1d55725b95e44869499fa59035cfd69 - - default default] Volume info retrieved successfully.
2026-09-05 14:16:39.580 7 INFO cinder.volume.api [req-0f8929b2-8de9-48ee-be4a-87984b86ab32 req-dd569b1e-f64d-42c8-b2e0-4b783b5a23d5 5ad8c972b6674e19aade0a7b119abf93 c1d55725b95e44869499fa59035cfd69 - - default default] Delete volume request issued successfully.
