Jul 20 04:05:30.159569 np0000185880 devstack@neutron-api.service[101902]: DEBUG neutron_lib.callbacks.manager [None req-8902ce75-e667-4493-aa83-3c89c4670f13 None None] Subscribe: > security_group after_create 55550000, False {{(pid=101902) subscribe /opt/stack/data/venv/lib/python3.12/site-packages/neutron_lib/callbacks/manager.py:52}}
Jul 20 04:05:30.159769 np0000185880 devstack@neutron-api.service[101901]: DEBUG neutron.api.extensions [None req-f71a12db-2ee2-4a98-99ab-4b4cf3a9a9dd None None] Ext name="Direction for QoS bandwidth limit rule" alias="qos-bw-limit-direction" description="Allow to configure QoS bandwidth limit rule with specific direction: ingress or egress" updated="2017-04-10T10:00:00-00:00" {{(pid=101901) _check_extension /opt/stack/neutron/neutron/api/extensions.py:415}}
Jul 20 04:05:30.159816 np0000185880 devstack@neutron-api.service[101902]: DEBUG neutron_lib.callbacks.manager [None req-8902ce75-e667-4493-aa83-3c89c4670f13 None None] Subscribe: > security_group after_update 55550000, False {{(pid=101902) subscribe /opt/stack/data/venv/lib/python3.12/site-packages/neutron_lib/callbacks/manager.py:52}}
Jul 20 04:05:30.159889 np0000185880 devstack@neutron-api.service[101902]: DEBUG neutron_lib.callbacks.manager [None req-8902ce75-e667-4493-aa83-3c89c4670f13 None None] Subscribe: > security_group after_delete 55550000, False {{(pid=101902) subscribe /opt/stack/data/venv/lib/python3.12/site-packages/neutron_lib/callbacks/manager.py:52}}
Jul 20 04:05:30.159977 np0000185880 devstack@neutron-api.service[101901]: INFO neutron.api.extensions [None req-f71a12db-2ee2-4a98-99ab-4b4cf3a9a9dd None None] Extension qos-bw-limit-direction not supported by any of loaded plugins
Jul 20 04:05:30.160020 np0000185880 devstack@neutron-api.service[101902]: DEBUG neutron_lib.callbacks.manager [None req-8902ce75-e667-4493-aa83-3c89c4670f13 None None] Subscribe: > security_group_rule after_create 55550000, False {{(pid=101902) subscribe /opt/stack/data/venv/lib/python3.12/site-packages/neutron_lib/callbacks/manager.py:52}}
Jul 20 04:05:30.160080 np0000185880 devstack@neutron-api.service[101901]: DEBUG neutron.api.extensions [None req-f71a12db-2ee2-4a98-99ab-4b4cf3a9a9dd None None] Loading extension file: qos_bw_minimum_ingress.py {{(pid=101901) _load_all_extensions_from_path /opt/stack/neutron/neutron/api/extensions.py:449}}
Jul 20 04:05:30.160118 np0000185880 devstack@neutron-api.service[101902]: DEBUG neutron_lib.callbacks.manager [None req-8902ce75-e667-4493-aa83-3c89c4670f13 None None] Subscribe: > security_group_rule after_update 55550000, False {{(pid=101902) subscribe /opt/stack/data/venv/lib/python3.12/site-packages/neutron_lib/callbacks/manager.py:52}}
Jul 20 04:05:30.160277 np0000185880 devstack@neutron-api.service[101902]: DEBUG neutron_lib.callbacks.manager [None req-8902ce75-e667-4493-aa83-3c89c4670f13 None None] Subscribe: > security_group_rule after_delete 55550000, False {{(pid=101902) subscribe /opt/stack/data/venv/lib/python3.12/site-packages/neutron_lib/callbacks/manager.py:52}}
Jul 20 04:05:30.160404 np0000185880 devstack@neutron-api.service[101902]: DEBUG neutron_lib.callbacks.manager [None req-8902ce75-e667-4493-aa83-3c89c4670f13 None None] Subscribe: > address_group after_create 55550000, False {{(pid=101902) subscribe /opt/stack/data/venv/lib/python3.12/site-packages/neutron_lib/callbacks/manager.py:52}}
Jul 20 04:05:30.160448 np0000185880 devstack@neutron-api.service[101901]: DEBUG neutron.api.extensions [None req-f71a12db-2ee2-4a98-99ab-4b4cf3a9a9dd None None] Ext name="Ingress direction for QoS minimum bandwidth rule" alias="qos-bw-minimum-ingress" description="Allow to configure QoS minumum bandwidth rule with ingress direction." updated="2018-07-09T10:00:00-00:00" {{(pid=101901) _check_extension /opt/stack/neutron/neutron/api/extensions.py:415}}
Jul 20 04:05:30.160629 np0000185880 devstack@neutron-api.service[101901]: INFO neutron.api.extensions [None req-f71a12db-2ee2-4a98-99ab-4b4cf3a9a9dd None None] Extension qos-bw-minimum-ingress not supported by any of loaded plugins
Jul 20 04:05:30.160662 np0000185880 devstack@neutron-api.service[101902]: DEBUG neutron_lib.callbacks.manager [None req-8902ce75-e667-4493-aa83-3c89c4670f13 None None] Subscribe: > address_group after_update 55550000, False {{(pid=101902) subscribe /opt/stack/data/venv/lib/python3.12/site-packages/neutron_lib/callbacks/manager.py:52}}
Jul 20 04:05:30.160724 np0000185880 devstack@neutron-api.service[101901]: DEBUG neutron.api.extensions [None req-f71a12db-2ee2-4a98-99ab-4b4cf3a9a9dd None None] Loading extension file: qos_default.py {{(pid=101901) _load_all_extensions_from_path /opt/stack/neutron/neutron/api/extensions.py:449}}
Jul 20 04:05:30.160795 np0000185880 devstack@neutron-api.service[101902]: DEBUG neutron_lib.callbacks.manager [None req-8902ce75-e667-4493-aa83-3c89c4670f13 None None] Subscribe: > address_group after_delete 55550000, False {{(pid=101902) subscribe /opt/stack/data/venv/lib/python3.12/site-packages/neutron_lib/callbacks/manager.py:52}}
Jul 20 04:05:30.160881 np0000185880 devstack@neutron-api.service[101902]: DEBUG neutron.plugins.ml2.ovo_rpc [None req-8902ce75-e667-4493-aa83-3c89c4670f13 None None] ML2 OVO RPC backend initialized. {{(pid=101902) __init__ /opt/stack/neutron/neutron/plugins/ml2/ovo_rpc.py:117}}
Jul 20 04:05:30.160936 np0000185880 devstack@neutron-api.service[101901]: DEBUG neutron.api.extensions [None req-f71a12db-2ee2-4a98-99ab-4b4cf3a9a9dd None None] Ext name="QoS default policy" alias="qos-default" description="Expose the QoS default policy per project" updated="2017-041-06T10:00:00-00:00" {{(pid=101901) _check_extension /opt/stack/neutron/neutron/api/extensions.py:415}}
Jul 20 04:05:30.161111 np0000185880 devstack@neutron-api.service[101901]: INFO neutron.api.extensions [None req-f71a12db-2ee2-4a98-99ab-4b4cf3a9a9dd None None] Extension qos-default not supported by any of loaded plugins
Jul 20 04:05:30.161206 np0000185880 devstack@neutron-api.service[101901]: DEBUG neutron.api.extensions [None req-f71a12db-2ee2-4a98-99ab-4b4cf3a9a9dd None None] Loading extension file: qos_fip.py {{(pid=101901) _load_all_extensions_from_path /opt/stack/neutron/neutron/api/extensions.py:449}}
Jul 20 04:05:30.161504 np0000185880 devstack@neutron-api.service[101901]: DEBUG neutron.api.extensions [None req-f71a12db-2ee2-4a98-99ab-4b4cf3a9a9dd None None] Ext name="Floating IP QoS" alias="qos-fip" description="The floating IP Quality of Service extension" updated="2017-07-20T00:00:00-00:00" {{(pid=101901) _check_extension /opt/stack/neutron/neutron/api/extensions.py:415}}
Jul 20 04:05:30.161671 np0000185880 devstack@neutron-api.service[101901]: INFO neutron.api.extensions [None req-f71a12db-2ee2-4a98-99ab-4b4cf3a9a9dd None None] Extension qos-fip not supported by any of loaded plugins
Jul 20 04:05:30.161826 np0000185880 devstack@neutron-api.service[101901]: DEBUG neutron.api.extensions [None req-f71a12db-2ee2-4a98-99ab-4b4cf3a9a9dd None None] Loading extension file: qos_fip_network_policy.py {{(pid=101901) _load_all_extensions_from_path /opt/stack/neutron/neutron/api/extensions.py:449}}
Jul 20 04:05:30.161930 np0000185880 devstack@neutron-api.service[101902]: INFO neutron.quota [None req-8902ce75-e667-4493-aa83-3c89c4670f13 None None] Loaded quota_driver: .
Jul 20 04:05:30.161999 np0000185880 devstack@neutron-api.service[101901]: DEBUG neutron.api.extensions [None req-f71a12db-2ee2-4a98-99ab-4b4cf3a9a9dd None None] Ext name="QoS floating IP network policy ID" alias="qos-fip-network-policy" description="Adds a the QoS network ID to the floating IP definition" updated="2021-11-15T10:00:00-00:00" {{(pid=101901) _check_extension /opt/stack/neutron/neutron/api/extensions.py:415}}
Jul 20 04:05:30.162030 np0000185880 devstack@neutron-api.service[101902]: INFO neutron.plugins.ml2.plugin [None req-8902ce75-e667-4493-aa83-3c89c4670f13 None None] Modular L2 Plugin initialization complete
Jul 20 04:05:30.162133 np0000185880 devstack@neutron-api.service[101901]: INFO neutron.api.extensions [None req-f71a12db-2ee2-4a98-99ab-4b4cf3a9a9dd None None] Extension qos-fip-network-policy not supported by any of loaded plugins
Jul 20 04:05:30.162200 np0000185880 devstack@neutron-api.service[101902]: DEBUG neutron.manager [None req-8902ce75-e667-4493-aa83-3c89c4670f13 None None] Loading services supported by the core plugin {{(pid=101902) _load_services_from_core_plugin /opt/stack/neutron/neutron/manager.py:167}}
Jul 20 04:05:30.162266 np0000185880 devstack@neutron-api.service[101901]: DEBUG neutron.api.extensions [None req-f71a12db-2ee2-4a98-99ab-4b4cf3a9a9dd None None] Loading extension file: qos_gateway_ip.py {{(pid=101901) _load_all_extensions_from_path /opt/stack/neutron/neutron/api/extensions.py:449}}
Jul 20 04:05:30.162335 np0000185880 devstack@neutron-api.service[101902]: INFO neutron.plugins.ml2.managers [None req-8902ce75-e667-4493-aa83-3c89c4670f13 None None] Got port-security extension from driver 'port_security'
Jul 20 04:05:30.162516 np0000185880 devstack@neutron-api.service[101901]: DEBUG neutron.api.extensions [None req-f71a12db-2ee2-4a98-99ab-4b4cf3a9a9dd None None] Ext name="Router gateway IP QoS" alias="qos-gateway-ip" description="The Router gateway IP Quality of Service extension" updated="2018-02-24T00:00:00-00:00" {{(pid=101901) _check_extension /opt/stack/neutron/neutron/api/extensions.py:415}}
Jul 20 04:05:30.162665 np0000185880 devstack@neutron-api.service[101902]: DEBUG neutron.manager [None req-8902ce75-e667-4493-aa83-3c89c4670f13 None None] Loading service plugins: ['ovn-router', 'auto_allocate', 'tag', 'timestamp', 'network_ip_availability', 'flavors', 'revisions'] {{(pid=101902) _load_service_plugins /opt/stack/neutron/neutron/manager.py:192}}
Jul 20 04:05:30.162739 np0000185880 devstack@neutron-api.service[101901]: INFO neutron.api.extensions [None req-f71a12db-2ee2-4a98-99ab-4b4cf3a9a9dd None None] Extension qos-gateway-ip not supported by any of loaded plugins
Jul 20 04:05:30.162773 np0000185880 devstack@neutron-api.service[101902]: INFO neutron.manager [None req-8902ce75-e667-4493-aa83-3c89c4670f13 None None] Loading Plugin: ovn-router
Jul 20 04:05:30.162836 np0000185880 devstack@neutron-api.service[101901]: DEBUG neutron.api.extensions [None req-f71a12db-2ee2-4a98-99ab-4b4cf3a9a9dd None None] Loading extension file: qos_port_network_policy.py {{(pid=101901) _load_all_extensions_from_path /opt/stack/neutron/neutron/api/extensions.py:449}}
Jul 20 04:05:30.163012 np0000185880 devstack@neutron-api.service[101901]: DEBUG neutron.api.extensions [None req-f71a12db-2ee2-4a98-99ab-4b4cf3a9a9dd None None] Ext name="QoS port network policy ID" alias="qos-port-network-policy" description="Adds a the QoS network ID to the port definition" updated="2019-11-01T10:00:00-00:00" {{(pid=101901) _check_extension /opt/stack/neutron/neutron/api/extensions.py:415}}
Jul 20 04:05:30.163310 np0000185880 devstack@neutron-api.service[101901]: INFO neutron.api.extensions [None req-f71a12db-2ee2-4a98-99ab-4b4cf3a9a9dd None None] Extension qos-port-network-policy not supported by any of loaded plugins
Jul 20 04:05:30.163310 np0000185880 devstack@neutron-api.service[101901]: DEBUG neutron.api.extensions [None req-f71a12db-2ee2-4a98-99ab-4b4cf3a9a9dd None None] Loading extension file: qos_pps_minimum_rule.py {{(pid=101901) _load_all_extensions_from_path /opt/stack/neutron/neutron/api/extensions.py:449}}
Jul 20 04:05:30.163632 np0000185880 devstack@neutron-api.service[101901]: DEBUG neutron.api.extensions [None req-f71a12db-2ee2-4a98-99ab-4b4cf3a9a9dd None None] Ext name="QoS minimum packet rate rule" alias="qos-pps-minimum" description="Allow to configure QoS minimum packet rate rule." updated="2021-07-14T10:00:00-00:00" {{(pid=101901) _check_extension /opt/stack/neutron/neutron/api/extensions.py:415}}
Jul 20 04:05:30.163835 np0000185880 devstack@neutron-api.service[101901]: INFO neutron.api.extensions [None req-f71a12db-2ee2-4a98-99ab-4b4cf3a9a9dd None None] Extension qos-pps-minimum not supported by any of loaded plugins
Jul 20 04:05:30.163893 np0000185880 devstack@neutron-api.service[101901]: DEBUG neutron.api.extensions [None req-f71a12db-2ee2-4a98-99ab-4b4cf3a9a9dd None None] Loading extension file: qos_pps_minimum_rule_alias.py {{(pid=101901) _load_all_extensions_from_path /opt/stack/neutron/neutron/api/extensions.py:449}}
Jul 20 04:05:30.164140 np0000185880 devstack@neutron-api.service[101901]: DEBUG neutron.api.extensions [None req-f71a12db-2ee2-4a98-99ab-4b4cf3a9a9dd None None] Ext name="QoS minimum packet rate rule alias" alias="qos-pps-minimum-rule-alias" description="API to enable GET, PUT and DELETE operations on QoS minimum packet rate rule without specifying policy ID" updated="2021-10-22T10:00:00-00:00" {{(pid=101901) _check_extension /opt/stack/neutron/neutron/api/extensions.py:415}}
Jul 20 04:05:30.164428 np0000185880 devstack@neutron-api.service[101901]: INFO neutron.api.extensions [None req-f71a12db-2ee2-4a98-99ab-4b4cf3a9a9dd None None] Extension qos-pps-minimum-rule-alias not supported by any of loaded plugins
Jul 20 04:05:30.164495 np0000185880 devstack@neutron-api.service[101901]: DEBUG neutron.api.extensions [None req-f71a12db-2ee2-4a98-99ab-4b4cf3a9a9dd None None] Loading extension file: qos_pps_rule.py {{(pid=101901) _load_all_extensions_from_path /opt/stack/neutron/neutron/api/extensions.py:449}}
Jul 20 04:05:30.164736 np0000185880 devstack@neutron-api.service[101901]: DEBUG neutron.api.extensions [None req-f71a12db-2ee2-4a98-99ab-4b4cf3a9a9dd None None] Ext name="QoS Rule Type Packet per Second Extension" alias="qos-pps" description="Add QoS Rule Type Packet per Second" updated="2021-05-12T10:00:00-00:00" {{(pid=101901) _check_extension /opt/stack/neutron/neutron/api/extensions.py:415}}
Jul 20 04:05:30.164924 np0000185880 devstack@neutron-api.service[101901]: INFO neutron.api.extensions [None req-f71a12db-2ee2-4a98-99ab-4b4cf3a9a9dd None None] Extension qos-pps not supported by any of loaded plugins
Jul 20 04:05:30.164997 np0000185880 devstack@neutron-api.service[101901]: DEBUG neutron.api.extensions [None req-f71a12db-2ee2-4a98-99ab-4b4cf3a9a9dd None None] Loading extension file: qos_rule_type_details.py {{(pid=101901) _load_all_extensions_from_path /opt/stack/neutron/neutron/api/extensions.py:449}}
Jul 20 04:05:30.165298 np0000185880 devstack@neutron-api.service[101901]: DEBUG neutron.api.extensions [None req-f71a12db-2ee2-4a98-99ab-4b4cf3a9a9dd None None] Ext name="Details of QoS rule types" alias="qos-rule-type-details" description="Expose details about QoS rule types supported by loaded backend drivers" updated="2017-06-22T10:00:00-00:00" {{(pid=101901) _check_extension /opt/stack/neutron/neutron/api/extensions.py:415}}
Jul 20 04:05:30.165507 np0000185880 devstack@neutron-api.service[101901]: INFO neutron.api.extensions [None req-f71a12db-2ee2-4a98-99ab-4b4cf3a9a9dd None None] Extension qos-rule-type-details not supported by any of loaded plugins
Jul 20 04:05:30.165608 np0000185880 devstack@neutron-api.service[101901]: DEBUG neutron.api.extensions [None req-f71a12db-2ee2-4a98-99ab-4b4cf3a9a9dd None None] Loading extension file: qos_rule_type_filter.py {{(pid=101901) _load_all_extensions_from_path /opt/stack/neutron/neutron/api/extensions.py:449}}
Jul 20 04:05:30.165801 np0000185880 devstack@neutron-api.service[101901]: DEBUG neutron.api.extensions [None req-f71a12db-2ee2-4a98-99ab-4b4cf3a9a9dd None None] Ext name="Allow to filter the list of QoS rule types" alias="qos-rule-type-filter" description="Allows to filter the QoS rule type list adding two new flags. "all_rules" prints all implemented QoS rule types."all_supported" prints all supported QoS rule types by the loaded mechanism drivers" updated="2022-02-02T10:00:00-00:00" {{(pid=101901) _check_extension /opt/stack/neutron/neutron/api/extensions.py:415}}
Jul 20 04:05:30.165975 np0000185880 devstack@neutron-api.service[101901]: INFO neutron.api.extensions [None req-f71a12db-2ee2-4a98-99ab-4b4cf3a9a9dd None None] Extension qos-rule-type-filter not supported by any of loaded plugins
Jul 20 04:05:30.166072 np0000185880 devstack@neutron-api.service[101901]: DEBUG neutron.api.extensions [None req-f71a12db-2ee2-4a98-99ab-4b4cf3a9a9dd None None] Loading extension file: qos_rules_alias.py {{(pid=101901) _load_all_extensions_from_path /opt/stack/neutron/neutron/api/extensions.py:449}}
Jul 20 04:05:30.166321 np0000185880 devstack@neutron-api.service[101901]: DEBUG neutron.api.extensions [None req-f71a12db-2ee2-4a98-99ab-4b4cf3a9a9dd None None] Ext name="Quality of Service rules alias API" alias="qos-rules-alias" description="API to enable GET, PUT and DELETE operations on QoS policy rules without specifying policy ID" updated="2018-10-07T10:00:00-00:00" {{(pid=101901) _check_extension /opt/stack/neutron/neutron/api/extensions.py:415}}
Jul 20 04:05:30.166524 np0000185880 devstack@neutron-api.service[101901]: INFO neutron.api.extensions [None req-f71a12db-2ee2-4a98-99ab-4b4cf3a9a9dd None None] Extension qos-rules-alias not supported by any of loaded plugins
Jul 20 04:05:30.166625 np0000185880 devstack@neutron-api.service[101901]: DEBUG neutron.api.extensions [None req-f71a12db-2ee2-4a98-99ab-4b4cf3a9a9dd None None] Loading extension file: quota_check_limit.py {{(pid=101901) _load_all_extensions_from_path /opt/stack/neutron/neutron/api/extensions.py:449}}
Jul 20 04:05:30.166867 np0000185880 devstack@neutron-api.service[101901]: DEBUG neutron.api.extensions [None req-f71a12db-2ee2-4a98-99ab-4b4cf3a9a9dd None None] Ext name="Quota engine limit check" alias="quota-check-limit" description="Support for checking the resource usage before applying a new quota limit" updated="2021-09-08T16:00:00-00:00" {{(pid=101901) _check_extension /opt/stack/neutron/neutron/api/extensions.py:415}}
Jul 20 04:05:30.167070 np0000185880 devstack@neutron-api.service[101901]: INFO neutron.api.extensions [None req-f71a12db-2ee2-4a98-99ab-4b4cf3a9a9dd None None] Loaded extension: quota-check-limit
Jul 20 04:05:30.167178 np0000185880 devstack@neutron-api.service[101901]: DEBUG neutron.api.extensions [None req-f71a12db-2ee2-4a98-99ab-4b4cf3a9a9dd None None] Loading extension file: quota_check_limit_default.py {{(pid=101901) _load_all_extensions_from_path /opt/stack/neutron/neutron/api/extensions.py:449}}
Jul 20 04:05:30.167459 np0000185880 devstack@neutron-api.service[101901]: DEBUG neutron.api.extensions [None req-f71a12db-2ee2-4a98-99ab-4b4cf3a9a9dd None None] Ext name="Quota engine limit check by default" alias="quota-check-limit-default" description="By default, the Neutron quota engine checks the resource usage before applying a new quota limit" updated="2024-08-21T16:00:00-00:00" {{(pid=101901) _check_extension /opt/stack/neutron/neutron/api/extensions.py:415}}
Jul 20 04:05:30.170795 np0000185880 devstack@neutron-api.service[101901]: INFO neutron.api.extensions [None req-f71a12db-2ee2-4a98-99ab-4b4cf3a9a9dd None None] Loaded extension: quota-check-limit-default
Jul 20 04:05:30.170795 np0000185880 devstack@neutron-api.service[101901]: DEBUG neutron.api.extensions [None req-f71a12db-2ee2-4a98-99ab-4b4cf3a9a9dd None None] Loading extension file: quotasv2.py {{(pid=101901) _load_all_extensions_from_path /opt/stack/neutron/neutron/api/extensions.py:449}}
Jul 20 04:05:30.170795 np0000185880 devstack@neutron-api.service[101901]: DEBUG neutron.api.extensions [None req-f71a12db-2ee2-4a98-99ab-4b4cf3a9a9dd None None] Ext name="Quota management support" alias="quotas" description="Expose functions for quotas management per project" updated="2012-07-29T10:00:00-00:00" {{(pid=101901) _check_extension /opt/stack/neutron/neutron/api/extensions.py:415}}
Jul 20 04:05:30.170795 np0000185880 devstack@neutron-api.service[101901]: INFO neutron.api.extensions [None req-f71a12db-2ee2-4a98-99ab-4b4cf3a9a9dd None None] Loaded extension: quotas
Jul 20 04:05:30.170795 np0000185880 devstack@neutron-api.service[101901]: DEBUG neutron.api.extensions [None req-f71a12db-2ee2-4a98-99ab-4b4cf3a9a9dd None None] Loading extension file: quotasv2_detail.py {{(pid=101901) _load_all_extensions_from_path /opt/stack/neutron/neutron/api/extensions.py:449}}
Jul 20 04:05:30.170795 np0000185880 devstack@neutron-api.service[101901]: DEBUG neutron.api.extensions [None req-f71a12db-2ee2-4a98-99ab-4b4cf3a9a9dd None None] Ext name="Quota details management support" alias="quota_details" description="Expose functions for quotas usage statistics per project" updated="2017-02-10T10:00:00-00:00" {{(pid=101901) _check_extension /opt/stack/neutron/neutron/api/extensions.py:415}}
Jul 20 04:05:30.170795 np0000185880 devstack@neutron-api.service[101901]: INFO neutron.api.extensions [None req-f71a12db-2ee2-4a98-99ab-4b4cf3a9a9dd None None] Loaded extension: quota_details
Jul 20 04:05:30.170795 np0000185880 devstack@neutron-api.service[101901]: DEBUG neutron.api.extensions [None req-f71a12db-2ee2-4a98-99ab-4b4cf3a9a9dd None None] Loading extension file: rbac.py {{(pid=101901) _load_all_extensions_from_path /opt/stack/neutron/neutron/api/extensions.py:449}}
Jul 20 04:05:30.171177 np0000185880 devstack@neutron-api.service[101901]: DEBUG neutron.api.extensions [None req-f71a12db-2ee2-4a98-99ab-4b4cf3a9a9dd None None] Ext name="RBAC Policies" alias="rbac-policies" description="Allows creation and modification of policies that control project access to resources." updated="2015-06-17T12:15:12-00:00" {{(pid=101901) _check_extension /opt/stack/neutron/neutron/api/extensions.py:415}}
Jul 20 04:05:30.171177 np0000185880 devstack@neutron-api.service[101901]: INFO neutron.api.extensions [None req-f71a12db-2ee2-4a98-99ab-4b4cf3a9a9dd None None] Loaded extension: rbac-policies
Jul 20 04:05:30.171177 np0000185880 devstack@neutron-api.service[101901]: DEBUG neutron.api.extensions [None req-f71a12db-2ee2-4a98-99ab-4b4cf3a9a9dd None None] Loading extension file: rbac_address_group.py {{(pid=101901) _load_all_extensions_from_path /opt/stack/neutron/neutron/api/extensions.py:449}}
Jul 20 04:05:30.171177 np0000185880 devstack@neutron-api.service[101901]: DEBUG neutron.api.extensions [None req-f71a12db-2ee2-4a98-99ab-4b4cf3a9a9dd None None] Ext name="Add address_group type to RBAC" alias="rbac-address-group" description="Add address_group type to network RBAC" updated="2021-01-20T00:00:00-00:00" {{(pid=101901) _check_extension /opt/stack/neutron/neutron/api/extensions.py:415}}
Jul 20 04:05:30.171177 np0000185880 devstack@neutron-api.service[101901]: INFO neutron.api.extensions [None req-f71a12db-2ee2-4a98-99ab-4b4cf3a9a9dd None None] Extension rbac-address-group not supported by any of loaded plugins
Jul 20 04:05:30.171177 np0000185880 devstack@neutron-api.service[101901]: DEBUG neutron.api.extensions [None req-f71a12db-2ee2-4a98-99ab-4b4cf3a9a9dd None None] Loading extension file: rbac_address_scope.py {{(pid=101901) _load_all_extensions_from_path /opt/stack/neutron/neutron/api/extensions.py:449}}
Jul 20 04:05:30.171177 np0000185880 devstack@neutron-api.service[101901]: DEBUG neutron.api.extensions [None req-f71a12db-2ee2-4a98-99ab-4b4cf3a9a9dd None None] Ext name="Add address_scope type to RBAC" alias="rbac-address-scope" description="Add address_scope type to RBAC" updated="2020-02-12T00:00:00-00:00" {{(pid=101901) _check_extension /opt/stack/neutron/neutron/api/extensions.py:415}}
Jul 20 04:05:30.171444 np0000185880 devstack@neutron-api.service[101901]: INFO neutron.api.extensions [None req-f71a12db-2ee2-4a98-99ab-4b4cf3a9a9dd None None] Loaded extension: rbac-address-scope
Jul 20 04:05:30.171444 np0000185880 devstack@neutron-api.service[101901]: DEBUG neutron.api.extensions [None req-f71a12db-2ee2-4a98-99ab-4b4cf3a9a9dd None None] Loading extension file: rbac_security_groups.py {{(pid=101901) _load_all_extensions_from_path /opt/stack/neutron/neutron/api/extensions.py:449}}
Jul 20 04:05:30.171444 np0000185880 devstack@neutron-api.service[101901]: DEBUG neutron.api.extensions [None req-f71a12db-2ee2-4a98-99ab-4b4cf3a9a9dd None None] Ext name="Add security_group type to network RBAC" alias="rbac-security-groups" description="Add security_group type to network RBAC" updated="2019-02-14T00:00:00-00:00" {{(pid=101901) _check_extension /opt/stack/neutron/neutron/api/extensions.py:415}}
Jul 20 04:05:30.171601 np0000185880 devstack@neutron-api.service[101901]: INFO neutron.api.extensions [None req-f71a12db-2ee2-4a98-99ab-4b4cf3a9a9dd None None] Loaded extension: rbac-security-groups
Jul 20 04:05:30.171698 np0000185880 devstack@neutron-api.service[101901]: DEBUG neutron.api.extensions [None req-f71a12db-2ee2-4a98-99ab-4b4cf3a9a9dd None None] Loading extension file: rbac_subnetpool.py {{(pid=101901) _load_all_extensions_from_path /opt/stack/neutron/neutron/api/extensions.py:449}}
Jul 20 04:05:30.171946 np0000185880 devstack@neutron-api.service[101901]: DEBUG neutron.api.extensions [None req-f71a12db-2ee2-4a98-99ab-4b4cf3a9a9dd None None] Ext name="Add subnetpool type to RBAC" alias="rbac-subnetpool" description="Add subnetpool type to RBAC" updated="2020-02-05T00:00:00-00:00" {{(pid=101901) _check_extension /opt/stack/neutron/neutron/api/extensions.py:415}}
Jul 20 04:05:30.172084 np0000185880 devstack@neutron-api.service[101901]: INFO neutron.api.extensions [None req-f71a12db-2ee2-4a98-99ab-4b4cf3a9a9dd None None] Extension rbac-subnetpool not supported by any of loaded plugins
Jul 20 04:05:30.172180 np0000185880 devstack@neutron-api.service[101901]: DEBUG neutron.api.extensions [None req-f71a12db-2ee2-4a98-99ab-4b4cf3a9a9dd None None] Loading extension file: revisionifmatch.py {{(pid=101901) _load_all_extensions_from_path /opt/stack/neutron/neutron/api/extensions.py:449}}
Jul 20 04:05:30.172467 np0000185880 devstack@neutron-api.service[101901]: DEBUG neutron.api.extensions [None req-f71a12db-2ee2-4a98-99ab-4b4cf3a9a9dd None None] Ext name="If-Match constraints based on revision_number" alias="revision-if-match" description="Extension indicating that If-Match based on revision_number is supported." updated="2016-12-11T00:00:00-00:00" {{(pid=101901) _check_extension /opt/stack/neutron/neutron/api/extensions.py:415}}
Jul 20 04:05:30.172664 np0000185880 devstack@neutron-api.service[101901]: INFO neutron.api.extensions [None req-f71a12db-2ee2-4a98-99ab-4b4cf3a9a9dd None None] Loaded extension: revision-if-match
Jul 20 04:05:30.173205 np0000185880 devstack@neutron-api.service[101901]: DEBUG neutron.api.extensions [None req-f71a12db-2ee2-4a98-99ab-4b4cf3a9a9dd None None] Loading extension file: revisions.py {{(pid=101901) _load_all_extensions_from_path /opt/stack/neutron/neutron/api/extensions.py:449}}
Jul 20 04:05:30.173205 np0000185880 devstack@neutron-api.service[101901]: DEBUG neutron.api.extensions [None req-f71a12db-2ee2-4a98-99ab-4b4cf3a9a9dd None None] Ext name="Resource revision numbers" alias="standard-attr-revisions" description="This extension will display the revision number of neutron resources." updated="2016-04-11T10:00:00-00:00" {{(pid=101901) _check_extension /opt/stack/neutron/neutron/api/extensions.py:415}}
Jul 20 04:05:30.173205 np0000185880 devstack@neutron-api.service[101901]: INFO neutron.api.extensions [None req-f71a12db-2ee2-4a98-99ab-4b4cf3a9a9dd None None] Loaded extension: standard-attr-revisions
Jul 20 04:05:30.173383 np0000185880 devstack@neutron-api.service[101901]: DEBUG neutron.api.extensions [None req-f71a12db-2ee2-4a98-99ab-4b4cf3a9a9dd None None] Loading extension file: router_availability_zone.py {{(pid=101901) _load_all_extensions_from_path /opt/stack/neutron/neutron/api/extensions.py:449}}
Jul 20 04:05:30.173605 np0000185880 devstack@neutron-api.service[101901]: DEBUG neutron.api.extensions [None req-f71a12db-2ee2-4a98-99ab-4b4cf3a9a9dd None None] Ext name="Router Availability Zone" alias="router_availability_zone" description="Availability zone support for router." updated="2015-01-01T10:00:00-00:00" {{(pid=101901) _check_extension /opt/stack/neutron/neutron/api/extensions.py:415}}
Jul 20 04:05:30.173821 np0000185880 devstack@neutron-api.service[101901]: INFO neutron.api.extensions [None req-f71a12db-2ee2-4a98-99ab-4b4cf3a9a9dd None None] Loaded extension: router_availability_zone
Jul 20 04:05:30.173887 np0000185880 devstack@neutron-api.service[101901]: DEBUG neutron.api.extensions [None req-f71a12db-2ee2-4a98-99ab-4b4cf3a9a9dd None None] Loading extension file: router_enable_snat.py {{(pid=101901) _load_all_extensions_from_path /opt/stack/neutron/neutron/api/extensions.py:449}}
Jul 20 04:05:30.173992 np0000185880 devstack@neutron-api.service[101902]: DEBUG neutron_lib.callbacks.manager [None req-8902ce75-e667-4493-aa83-3c89c4670f13 None None] Subscribe: > router before_delete 55550000, False {{(pid=101902) subscribe /opt/stack/data/venv/lib/python3.12/site-packages/neutron_lib/callbacks/manager.py:52}}
Jul 20 04:05:30.174116 np0000185880 devstack@neutron-api.service[101901]: DEBUG neutron.api.extensions [None req-f71a12db-2ee2-4a98-99ab-4b4cf3a9a9dd None None] Ext name="Exposes the router "enable_snat" read-only configuration flag" alias="router-enable-snat" description="Exposes the router "enable_snat" read-only configuration flag" updated="2025-09-18T18:00:00-00:00" {{(pid=101901) _check_extension /opt/stack/neutron/neutron/api/extensions.py:415}}
Jul 20 04:05:30.174186 np0000185880 devstack@neutron-api.service[101902]: DEBUG neutron_lib.callbacks.manager [None req-8902ce75-e667-4493-aa83-3c89c4670f13 None None] Subscribe: port before_update 55550000, False {{(pid=101902) subscribe /opt/stack/data/venv/lib/python3.12/site-packages/neutron_lib/callbacks/manager.py:52}}
Jul 20 04:05:30.174186 np0000185880 devstack@neutron-api.service[101902]: DEBUG neutron_lib.callbacks.manager [None req-8902ce75-e667-4493-aa83-3c89c4670f13 None None] Subscribe: port after_update 55550000, False {{(pid=101902) subscribe /opt/stack/data/venv/lib/python3.12/site-packages/neutron_lib/callbacks/manager.py:52}}
Jul 20 04:05:30.174279 np0000185880 devstack@neutron-api.service[101901]: INFO neutron.api.extensions [None req-f71a12db-2ee2-4a98-99ab-4b4cf3a9a9dd None None] Loaded extension: router-enable-snat
Jul 20 04:05:30.174374 np0000185880 devstack@neutron-api.service[101902]: DEBUG neutron_lib.callbacks.manager [None req-8902ce75-e667-4493-aa83-3c89c4670f13 None None] Subscribe: > port precommit_delete 55550000, False {{(pid=101902) subscribe /opt/stack/data/venv/lib/python3.12/site-packages/neutron_lib/callbacks/manager.py:52}}
Jul 20 04:05:30.174440 np0000185880 devstack@neutron-api.service[101901]: DEBUG neutron.api.extensions [None req-f71a12db-2ee2-4a98-99ab-4b4cf3a9a9dd None None] Loading extension file: routerservicetype.py {{(pid=101901) _load_all_extensions_from_path /opt/stack/neutron/neutron/api/extensions.py:449}}
Jul 20 04:05:30.174499 np0000185880 devstack@neutron-api.service[101902]: DEBUG neutron_lib.callbacks.manager [None req-8902ce75-e667-4493-aa83-3c89c4670f13 None None] Subscribe: port before_update 55550000, False {{(pid=101902) subscribe /opt/stack/data/venv/lib/python3.12/site-packages/neutron_lib/callbacks/manager.py:52}}
Jul 20 04:05:30.174598 np0000185880 devstack@neutron-api.service[101902]: DEBUG neutron_lib.callbacks.manager [None req-8902ce75-e667-4493-aa83-3c89c4670f13 None None] Subscribe: port before_delete 55550000, False {{(pid=101902) subscribe /opt/stack/data/venv/lib/python3.12/site-packages/neutron_lib/callbacks/manager.py:52}}
Jul 20 04:05:30.174672 np0000185880 devstack@neutron-api.service[101901]: DEBUG neutron.api.extensions [None req-f71a12db-2ee2-4a98-99ab-4b4cf3a9a9dd None None] Ext name="Router Service Type" alias="router-service-type" description="Provides router service type" updated="2013-01-29T00:00:00-00:00" {{(pid=101901) _check_extension /opt/stack/neutron/neutron/api/extensions.py:415}}
Jul 20 04:05:30.174731 np0000185880 devstack@neutron-api.service[101902]: DEBUG neutron_lib.callbacks.manager [None req-8902ce75-e667-4493-aa83-3c89c4670f13 None None] Subscribe: > router precommit_create 55550000, False {{(pid=101902) subscribe /opt/stack/data/venv/lib/python3.12/site-packages/neutron_lib/callbacks/manager.py:52}}
Jul 20 04:05:30.174792 np0000185880 devstack@neutron-api.service[101902]: DEBUG neutron_lib.callbacks.manager [None req-8902ce75-e667-4493-aa83-3c89c4670f13 None None] Subscribe: > router precommit_create 55550000, False {{(pid=101902) subscribe /opt/stack/data/venv/lib/python3.12/site-packages/neutron_lib/callbacks/manager.py:52}}
Jul 20 04:05:30.174860 np0000185880 devstack@neutron-api.service[101901]: INFO neutron.api.extensions [None req-f71a12db-2ee2-4a98-99ab-4b4cf3a9a9dd None None] Extension router-service-type not supported by any of loaded plugins
Jul 20 04:05:30.174917 np0000185880 devstack@neutron-api.service[101902]: DEBUG neutron_lib.callbacks.manager [None req-8902ce75-e667-4493-aa83-3c89c4670f13 None None] Subscribe: > router precommit_update 55550000, False {{(pid=101902) subscribe /opt/stack/data/venv/lib/python3.12/site-packages/neutron_lib/callbacks/manager.py:52}}
Jul 20 04:05:30.174978 np0000185880 devstack@neutron-api.service[101901]: DEBUG neutron.api.extensions [None req-f71a12db-2ee2-4a98-99ab-4b4cf3a9a9dd None None] Loading extension file: security_groups_default_rules.py {{(pid=101901) _load_all_extensions_from_path /opt/stack/neutron/neutron/api/extensions.py:449}}
Jul 20 04:05:30.175038 np0000185880 devstack@neutron-api.service[101902]: DEBUG neutron_lib.callbacks.manager [None req-8902ce75-e667-4493-aa83-3c89c4670f13 None None] Subscribe: subnet after_update 55550000, False {{(pid=101902) subscribe /opt/stack/data/venv/lib/python3.12/site-packages/neutron_lib/callbacks/manager.py:52}}
Jul 20 04:05:30.175200 np0000185880 devstack@neutron-api.service[101902]: DEBUG neutron.quota.resource_registry [None req-8902ce75-e667-4493-aa83-3c89c4670f13 None None] Tracking information for resource: router configured {{(pid=101902) set_tracked_resource /opt/stack/neutron/neutron/quota/resource_registry.py:203}}
Jul 20 04:05:30.175294 np0000185880 devstack@neutron-api.service[101902]: DEBUG neutron.quota.resource_registry [None req-8902ce75-e667-4493-aa83-3c89c4670f13 None None] Tracking information for resource: floatingip configured {{(pid=101902) set_tracked_resource /opt/stack/neutron/neutron/quota/resource_registry.py:203}}
Jul 20 04:05:30.175385 np0000185880 devstack@neutron-api.service[101902]: INFO neutron.services.ovn_l3.plugin [None req-8902ce75-e667-4493-aa83-3c89c4670f13 None None] Starting OVNL3RouterPlugin
Jul 20 04:05:30.175459 np0000185880 devstack@neutron-api.service[101901]: DEBUG neutron.api.extensions [None req-f71a12db-2ee2-4a98-99ab-4b4cf3a9a9dd None None] Ext name="Default rules for security groups" alias="security-groups-default-rules" description="Configure set of security group rules used as default rules for every new security group" updated="2022-12-19T10:00:00-00:00" {{(pid=101901) _check_extension /opt/stack/neutron/neutron/api/extensions.py:415}}
Jul 20 04:05:30.177726 np0000185880 devstack@neutron-api.service[101901]: INFO neutron.api.extensions [None req-f71a12db-2ee2-4a98-99ab-4b4cf3a9a9dd None None] Loaded extension: security-groups-default-rules
Jul 20 04:05:30.177837 np0000185880 devstack@neutron-api.service[101902]: DEBUG neutron_lib.callbacks.manager [None req-8902ce75-e667-4493-aa83-3c89c4670f13 None None] Subscribe: > port_forwarding_plugin after_init 55550000, False {{(pid=101902) subscribe /opt/stack/data/venv/lib/python3.12/site-packages/neutron_lib/callbacks/manager.py:52}}
Jul 20 04:05:30.177902 np0000185880 devstack@neutron-api.service[101901]: DEBUG neutron.api.extensions [None req-f71a12db-2ee2-4a98-99ab-4b4cf3a9a9dd None None] Loading extension file: security_groups_default_statefulness.py {{(pid=101901) _load_all_extensions_from_path /opt/stack/neutron/neutron/api/extensions.py:449}}
Jul 20 04:05:30.177975 np0000185880 devstack@neutron-api.service[101902]: DEBUG neutron_lib.callbacks.manager [None req-8902ce75-e667-4493-aa83-3c89c4670f13 None None] Subscribe: > router before_create 55550100, False {{(pid=101902) subscribe /opt/stack/data/venv/lib/python3.12/site-packages/neutron_lib/callbacks/manager.py:52}}
Jul 20 04:05:30.178050 np0000185880 devstack@neutron-api.service[101901]: DEBUG neutron.api.extensions [None req-f71a12db-2ee2-4a98-99ab-4b4cf3a9a9dd None None] Ext name="Security Groups Default Statefulness" alias="security-groups-default-statefulness" description="Allows configuring the default value of the 'stateful' attribute for new security groups, on a per-project or system-wide basis" updated="2026-04-13T00:00:00-00:00" {{(pid=101901) _check_extension /opt/stack/neutron/neutron/api/extensions.py:415}}
Jul 20 04:05:30.178115 np0000185880 devstack@neutron-api.service[101902]: DEBUG neutron_lib.callbacks.manager [None req-8902ce75-e667-4493-aa83-3c89c4670f13 None None] Subscribe: > router precommit_delete 55550100, False {{(pid=101902) subscribe /opt/stack/data/venv/lib/python3.12/site-packages/neutron_lib/callbacks/manager.py:52}}
Jul 20 04:05:30.178115 np0000185880 devstack@neutron-api.service[101902]: DEBUG neutron_lib.callbacks.manager [None req-8902ce75-e667-4493-aa83-3c89c4670f13 None None] Subscribe: > router precommit_create 55550100, False {{(pid=101902) subscribe /opt/stack/data/venv/lib/python3.12/site-packages/neutron_lib/callbacks/manager.py:52}}
Jul 20 04:05:30.178232 np0000185880 devstack@neutron-api.service[101901]: INFO neutron.api.extensions [None req-f71a12db-2ee2-4a98-99ab-4b4cf3a9a9dd None None] Loaded extension: security-groups-default-statefulness
Jul 20 04:05:30.178309 np0000185880 devstack@neutron-api.service[101902]: DEBUG neutron_lib.callbacks.manager [None req-8902ce75-e667-4493-aa83-3c89c4670f13 None None] Subscribe: > router precommit_update 55550100, False {{(pid=101902) subscribe /opt/stack/data/venv/lib/python3.12/site-packages/neutron_lib/callbacks/manager.py:52}}
Jul 20 04:05:30.178384 np0000185880 devstack@neutron-api.service[101901]: DEBUG neutron.api.extensions [None req-f71a12db-2ee2-4a98-99ab-4b4cf3a9a9dd None None] Loading extension file: security_groups_normalized_cidr.py {{(pid=101901) _load_all_extensions_from_path /opt/stack/neutron/neutron/api/extensions.py:449}}
Jul 20 04:05:30.178384 np0000185880 devstack@neutron-api.service[101901]: DEBUG neutron.api.extensions [None req-f71a12db-2ee2-4a98-99ab-4b4cf3a9a9dd None None] Ext name="Normalized CIDR field for security group rules" alias="security-groups-normalized-cidr" description="Add new field with normalized remote_ip_prefix cidr in SG rule" updated="2020-07-28T10:00:00-00:00" {{(pid=101901) _check_extension /opt/stack/neutron/neutron/api/extensions.py:415}}
Jul 20 04:05:30.178384 np0000185880 devstack@neutron-api.service[101901]: INFO neutron.api.extensions [None req-f71a12db-2ee2-4a98-99ab-4b4cf3a9a9dd None None] Loaded extension: security-groups-normalized-cidr
Jul 20 04:05:30.178384 np0000185880 devstack@neutron-api.service[101901]: DEBUG neutron.api.extensions [None req-f71a12db-2ee2-4a98-99ab-4b4cf3a9a9dd None None] Loading extension file: security_groups_port_filtering.py {{(pid=101901) _load_all_extensions_from_path /opt/stack/neutron/neutron/api/extensions.py:449}}
Jul 20 04:05:30.178384 np0000185880 devstack@neutron-api.service[101901]: DEBUG neutron.api.extensions [None req-f71a12db-2ee2-4a98-99ab-4b4cf3a9a9dd None None] Ext name="Port filtering on security groups" alias="port-security-groups-filtering" description="Provides security groups filtering when listing ports" updated="2018-01-09T09:00:00-00:00" {{(pid=101901) _check_extension /opt/stack/neutron/neutron/api/extensions.py:415}}
Jul 20 04:05:30.178384 np0000185880 devstack@neutron-api.service[101901]: INFO neutron.api.extensions [None req-f71a12db-2ee2-4a98-99ab-4b4cf3a9a9dd None None] Extension port-security-groups-filtering not supported by any of loaded plugins
Jul 20 04:05:30.178384 np0000185880 devstack@neutron-api.service[101901]: DEBUG neutron.api.extensions [None req-f71a12db-2ee2-4a98-99ab-4b4cf3a9a9dd None None] Loading extension file: security_groups_remote_address_group.py {{(pid=101901) _load_all_extensions_from_path /opt/stack/neutron/neutron/api/extensions.py:449}}
Jul 20 04:05:30.178985 np0000185880 devstack@neutron-api.service[101901]: DEBUG neutron.api.extensions [None req-f71a12db-2ee2-4a98-99ab-4b4cf3a9a9dd None None] Ext name="Remote address group id field for security group rules" alias="security-groups-remote-address-group" description="Add new field of remote address group id in SG rules" updated="2020-08-25T10:00:00-00:00" {{(pid=101901) _check_extension /opt/stack/neutron/neutron/api/extensions.py:415}}
Jul 20 04:05:30.178985 np0000185880 devstack@neutron-api.service[101901]: INFO neutron.api.extensions [None req-f71a12db-2ee2-4a98-99ab-4b4cf3a9a9dd None None] Loaded extension: security-groups-remote-address-group
Jul 20 04:05:30.178985 np0000185880 devstack@neutron-api.service[101901]: DEBUG neutron.api.extensions [None req-f71a12db-2ee2-4a98-99ab-4b4cf3a9a9dd None None] Loading extension file: security_groups_rules_belongs_to_default_sg.py {{(pid=101901) _load_all_extensions_from_path /opt/stack/neutron/neutron/api/extensions.py:449}}
Jul 20 04:05:30.178985 np0000185880 devstack@neutron-api.service[101901]: DEBUG neutron.api.extensions [None req-f71a12db-2ee2-4a98-99ab-4b4cf3a9a9dd None None] Ext name="Security group rule belongs to the project's default security group" alias="security-groups-rules-belongs-to-default-sg" description="Flag to determine if the security group rule belongs to the project's default security group" updated="2023-05-23T10:00:00-00:00" {{(pid=101901) _check_extension /opt/stack/neutron/neutron/api/extensions.py:415}}
Jul 20 04:05:30.178985 np0000185880 devstack@neutron-api.service[101901]: INFO neutron.api.extensions [None req-f71a12db-2ee2-4a98-99ab-4b4cf3a9a9dd None None] Loaded extension: security-groups-rules-belongs-to-default-sg
Jul 20 04:05:30.178985 np0000185880 devstack@neutron-api.service[101901]: DEBUG neutron.api.extensions [None req-f71a12db-2ee2-4a98-99ab-4b4cf3a9a9dd None None] Loading extension file: security_groups_shared_filtering.py {{(pid=101901) _load_all_extensions_from_path /opt/stack/neutron/neutron/api/extensions.py:449}}
Jul 20 04:05:30.179171 np0000185880 devstack@neutron-api.service[101901]: DEBUG neutron.api.extensions [None req-f71a12db-2ee2-4a98-99ab-4b4cf3a9a9dd None None] Ext name="Security group filtering on the shared field" alias="security-groups-shared-filtering" description="Support filtering security groups on the shared field" updated="2021-10-05T09:00:00-00:00" {{(pid=101901) _check_extension /opt/stack/neutron/neutron/api/extensions.py:415}}
Jul 20 04:05:30.179171 np0000185880 devstack@neutron-api.service[101901]: INFO neutron.api.extensions [None req-f71a12db-2ee2-4a98-99ab-4b4cf3a9a9dd None None] Loaded extension: security-groups-shared-filtering
Jul 20 04:05:30.179171 np0000185880 devstack@neutron-api.service[101901]: DEBUG neutron.api.extensions [None req-f71a12db-2ee2-4a98-99ab-4b4cf3a9a9dd None None] Loading extension file: securitygroup.py {{(pid=101901) _load_all_extensions_from_path /opt/stack/neutron/neutron/api/extensions.py:449}}
Jul 20 04:05:30.180814 np0000185880 devstack@neutron-api.service[101902]: DEBUG neutron.services.provider_configuration [None req-8902ce75-e667-4493-aa83-3c89c4670f13 None None] Service providers = [] {{(pid=101902) parse_service_provider_opt /opt/stack/neutron/neutron/services/provider_configuration.py:170}}
Jul 20 04:05:30.180814 np0000185880 devstack@neutron-api.service[101902]: DEBUG neutron.db.servicetype_db [None req-8902ce75-e667-4493-aa83-3c89c4670f13 None None] Adding provider configuration for service L3_ROUTER_NAT {{(pid=101902) add_provider_configuration /opt/stack/neutron/neutron/db/servicetype_db.py:45}}
Jul 20 04:05:30.180923 np0000185880 devstack@neutron-api.service[101901]: DEBUG neutron.api.extensions [None req-f71a12db-2ee2-4a98-99ab-4b4cf3a9a9dd None None] Ext name="security-group" alias="security-group" description="The security groups extension." updated="2012-10-05T10:00:00-00:00" {{(pid=101901) _check_extension /opt/stack/neutron/neutron/api/extensions.py:415}}
Jul 20 04:05:30.180923 np0000185880 devstack@neutron-api.service[101901]: INFO neutron.api.extensions [None req-f71a12db-2ee2-4a98-99ab-4b4cf3a9a9dd None None] Loaded extension: security-group
Jul 20 04:05:30.181054 np0000185880 devstack@neutron-api.service[101901]: DEBUG neutron.api.extensions [None req-f71a12db-2ee2-4a98-99ab-4b4cf3a9a9dd None None] Loading extension file: segment.py {{(pid=101901) _load_all_extensions_from_path /opt/stack/neutron/neutron/api/extensions.py:449}}
Jul 20 04:05:30.181430 np0000185880 devstack@neutron-api.service[101901]: DEBUG neutron.api.extensions [None req-f71a12db-2ee2-4a98-99ab-4b4cf3a9a9dd None None] Ext name="Segment" alias="segment" description="Segments extension." updated="2016-02-24T17:00:00-00:00" {{(pid=101901) _check_extension /opt/stack/neutron/neutron/api/extensions.py:415}}
Jul 20 04:05:30.181715 np0000185880 devstack@neutron-api.service[101901]: INFO neutron.api.extensions [None req-f71a12db-2ee2-4a98-99ab-4b4cf3a9a9dd None None] Extension segment not supported by any of loaded plugins
Jul 20 04:05:30.181891 np0000185880 devstack@neutron-api.service[101901]: DEBUG neutron.api.extensions [None req-f71a12db-2ee2-4a98-99ab-4b4cf3a9a9dd None None] Loading extension file: segments_peer_subnet_host_routes.py {{(pid=101901) _load_all_extensions_from_path /opt/stack/neutron/neutron/api/extensions.py:449}}
Jul 20 04:05:30.182040 np0000185880 devstack@neutron-api.service[101902]: DEBUG neutron_lib.callbacks.manager [None req-8902ce75-e667-4493-aa83-3c89c4670f13 None None] Subscribe: > router precommit_create 55549900, False {{(pid=101902) subscribe /opt/stack/data/venv/lib/python3.12/site-packages/neutron_lib/callbacks/manager.py:52}}
Jul 20 04:05:30.182161 np0000185880 devstack@neutron-api.service[101902]: DEBUG neutron_lib.callbacks.manager [None req-8902ce75-e667-4493-aa83-3c89c4670f13 None None] Subscribe: > router_interface after_create 55550000, False {{(pid=101902) subscribe /opt/stack/data/venv/lib/python3.12/site-packages/neutron_lib/callbacks/manager.py:52}}
Jul 20 04:05:30.182221 np0000185880 devstack@neutron-api.service[101901]: DEBUG neutron.api.extensions [None req-f71a12db-2ee2-4a98-99ab-4b4cf3a9a9dd None None] Ext name="Segments peer-subnet host routes" alias="segments-peer-subnet-host-routes" description="Add host routes to subnets on a routed network (segments)" updated="2018-06-12T10:00:00-00:00" {{(pid=101901) _check_extension /opt/stack/neutron/neutron/api/extensions.py:415}}
Jul 20 04:05:30.182282 np0000185880 devstack@neutron-api.service[101902]: DEBUG neutron_lib.callbacks.manager [None req-8902ce75-e667-4493-aa83-3c89c4670f13 None None] Subscribe: > floatingip after_create 55550000, False {{(pid=101902) subscribe /opt/stack/data/venv/lib/python3.12/site-packages/neutron_lib/callbacks/manager.py:52}}
Jul 20 04:05:30.182371 np0000185880 devstack@neutron-api.service[101902]: DEBUG neutron_lib.callbacks.manager [None req-8902ce75-e667-4493-aa83-3c89c4670f13 None None] Subscribe: > floatingip precommit_create 55550000, False {{(pid=101902) subscribe /opt/stack/data/venv/lib/python3.12/site-packages/neutron_lib/callbacks/manager.py:52}}
Jul 20 04:05:30.185078 np0000185880 devstack@neutron-api.service[101902]: DEBUG neutron_lib.callbacks.manager [None req-8902ce75-e667-4493-aa83-3c89c4670f13 None None] Subscribe: > floatingip precommit_update 55550000, False {{(pid=101902) subscribe /opt/stack/data/venv/lib/python3.12/site-packages/neutron_lib/callbacks/manager.py:52}}
Jul 20 04:05:30.185240 np0000185880 devstack@neutron-api.service[101901]: INFO neutron.api.extensions [None req-f71a12db-2ee2-4a98-99ab-4b4cf3a9a9dd None None] Extension segments-peer-subnet-host-routes not supported by any of loaded plugins
Jul 20 04:05:30.185306 np0000185880 devstack@neutron-api.service[101902]: DEBUG neutron_lib.callbacks.manager [None req-8902ce75-e667-4493-aa83-3c89c4670f13 None None] Subscribe: > floatingip after_delete 55550000, False {{(pid=101902) subscribe /opt/stack/data/venv/lib/python3.12/site-packages/neutron_lib/callbacks/manager.py:52}}
Jul 20 04:05:30.185384 np0000185880 devstack@neutron-api.service[101901]: DEBUG neutron.api.extensions [None req-f71a12db-2ee2-4a98-99ab-4b4cf3a9a9dd None None] Loading extension file: servicetype.py {{(pid=101901) _load_all_extensions_from_path /opt/stack/neutron/neutron/api/extensions.py:449}}
Jul 20 04:05:30.185448 np0000185880 devstack@neutron-api.service[101902]: DEBUG neutron_lib.callbacks.manager [None req-8902ce75-e667-4493-aa83-3c89c4670f13 None None] Subscribe: > floatingip after_status_update 55550000, False {{(pid=101902) subscribe /opt/stack/data/venv/lib/python3.12/site-packages/neutron_lib/callbacks/manager.py:52}}
Jul 20 04:05:30.185448 np0000185880 devstack@neutron-api.service[101902]: DEBUG neutron_lib.callbacks.manager [None req-8902ce75-e667-4493-aa83-3c89c4670f13 None None] Subscribe: > floatingip after_update 55550000, False {{(pid=101902) subscribe /opt/stack/data/venv/lib/python3.12/site-packages/neutron_lib/callbacks/manager.py:52}}
Jul 20 04:05:30.185448 np0000185880 devstack@neutron-api.service[101902]: DEBUG neutron_lib.callbacks.manager [None req-8902ce75-e667-4493-aa83-3c89c4670f13 None None] Subscribe: > port_forwarding after_create 55550000, False {{(pid=101902) subscribe /opt/stack/data/venv/lib/python3.12/site-packages/neutron_lib/callbacks/manager.py:52}}
Jul 20 04:05:30.185694 np0000185880 devstack@neutron-api.service[101901]: DEBUG neutron.api.extensions [None req-f71a12db-2ee2-4a98-99ab-4b4cf3a9a9dd None None] Ext name="Neutron Service Type Management" alias="service-type" description="API for retrieving service providers for Neutron advanced services" updated="2013-01-20T00:00:00-00:00" {{(pid=101901) _check_extension /opt/stack/neutron/neutron/api/extensions.py:415}}
