2026-02-27 18:56:42.405 15 INFO neutron.db.ovn_revision_numbers_db [None req-c8b5483d-0ce0-494c-8732-d25f5af2f3ac - - - - - -] Successfully bumped revision number for resource 90384adf-e59a-4b69-bef3-9225cc687fc9 (type: networks) to 2
2026-02-27 18:56:42.405 15 INFO neutron.plugins.ml2.drivers.ovn.mech_driver.ovsdb.maintenance [None req-c8b5483d-0ce0-494c-8732-d25f5af2f3ac - - - - - -] Maintenance task: Synchronization finished (took 0.11 seconds)
2026-02-27 18:56:50.763 9 INFO neutron.wsgi [-] 10.0.0.71 "GET / HTTP/1.1" status: 200 len: 247 time: 0.0025415
2026-02-27 18:56:50.763 10 INFO neutron.wsgi [-] 10.0.0.71 "GET / HTTP/1.1" status: 200 len: 247 time: 0.0024028
2026-02-27 18:57:05.764 9 INFO neutron.wsgi [-] 10.0.0.71 "GET / HTTP/1.1" status: 200 len: 247 time: 0.0026846
2026-02-27 18:57:05.764 10 INFO neutron.wsgi [-] 10.0.0.71 "GET / HTTP/1.1" status: 200 len: 247 time: 0.0026639
2026-02-27 18:57:20.765 10 INFO neutron.wsgi [-] 10.0.0.71 "GET / HTTP/1.1" status: 200 len: 247 time: 0.0032613
2026-02-27 18:57:20.768 10 INFO neutron.wsgi [-] 10.0.0.71 "GET / HTTP/1.1" status: 200 len: 247 time: 0.0018001
2026-02-27 18:57:35.763 10 INFO neutron.wsgi [-] 10.0.0.71 "GET / HTTP/1.1" status: 200 len: 247 time: 0.0016451
2026-02-27 18:57:35.764 9 INFO neutron.wsgi [-] 10.0.0.71 "GET / HTTP/1.1" status: 200 len: 247 time: 0.0025764
2026-02-27 18:57:50.764 9 INFO neutron.wsgi [-] 10.0.0.71 "GET / HTTP/1.1" status: 200 len: 247 time: 0.0022781
2026-02-27 18:57:50.766 10 INFO neutron.wsgi [-] 10.0.0.71 "GET / HTTP/1.1" status: 200 len: 247 time: 0.0032692
2026-02-27 18:58:05.762 10 INFO neutron.wsgi [-] 10.0.0.71 "GET / HTTP/1.1" status: 200 len: 247 time: 0.0016792
2026-02-27 18:58:05.764 9 INFO neutron.wsgi [-] 10.0.0.71 "GET / HTTP/1.1" status: 200 len: 247 time: 0.0033801
2026-02-27 18:58:19.759 10 INFO neutron.wsgi [None req-9c2ab1eb-6bd5-49cb-985d-f97fa69b34e3 a0ab03975da64b16aac770b34d5acf34 7a01ad83d02f4baebe0f62e9db4df337 - - default default] 199.204.45.70,10.0.0.71 "GET /v2.0/networks HTTP/1.1" status: 200 len: 928 time: 0.1793613
2026-02-27 18:58:19.837 10 INFO neutron.db.segments_db [None req-8494d6eb-3002-45db-a878-a9c126316b48 a0ab03975da64b16aac770b34d5acf34 7a01ad83d02f4baebe0f62e9db4df337 - - - -] Added segment f2eedc63-6384-49ac-83c1-c607650b7342 of type geneve for network 5cf875fe-1be0-457b-9191-b3abbbaaa02c
2026-02-27 18:58:19.957 10 INFO neutron.db.ovn_revision_numbers_db [None req-8494d6eb-3002-45db-a878-a9c126316b48 a0ab03975da64b16aac770b34d5acf34 7a01ad83d02f4baebe0f62e9db4df337 - - - -] Successfully bumped revision number for resource 5cf875fe-1be0-457b-9191-b3abbbaaa02c (type: networks) to 1
2026-02-27 18:58:20.113 10 WARNING neutron.scheduler.dhcp_agent_scheduler [None req-8494d6eb-3002-45db-a878-a9c126316b48 a0ab03975da64b16aac770b34d5acf34 7a01ad83d02f4baebe0f62e9db4df337 - - - -] No more DHCP agents
2026-02-27 18:58:20.116 10 WARNING neutron.api.rpc.agentnotifiers.dhcp_rpc_agent_api [None req-8494d6eb-3002-45db-a878-a9c126316b48 a0ab03975da64b16aac770b34d5acf34 7a01ad83d02f4baebe0f62e9db4df337 - - - -] Unable to schedule network 5cf875fe-1be0-457b-9191-b3abbbaaa02c: no agents available; will retry on subsequent port and subnet creation events.
2026-02-27 18:58:20.183 10 INFO neutron.db.ovn_revision_numbers_db [None req-8494d6eb-3002-45db-a878-a9c126316b48 a0ab03975da64b16aac770b34d5acf34 7a01ad83d02f4baebe0f62e9db4df337 - - - -] Successfully bumped revision number for resource 514be9c1-5b06-4cac-b4f5-f6880c0c9a38 (type: ports) to 1
2026-02-27 18:58:20.200 10 INFO neutron.wsgi [None req-8494d6eb-3002-45db-a878-a9c126316b48 a0ab03975da64b16aac770b34d5acf34 7a01ad83d02f4baebe0f62e9db4df337 - - - -] 199.204.45.70,10.0.0.71 "POST /v2.0/networks HTTP/1.1" status: 201 len: 890 time: 0.4368711
2026-02-27 18:58:20.763 9 INFO neutron.wsgi [-] 10.0.0.71 "GET / HTTP/1.1" status: 200 len: 247 time: 0.0023248
2026-02-27 18:58:20.763 10 INFO neutron.wsgi [-] 10.0.0.71 "GET / HTTP/1.1" status: 200 len: 247 time: 0.0025742
2026-02-27 18:58:21.155 10 INFO neutron.wsgi [None req-4c4dac4e-8ccb-44fc-aa4f-3c76ead63282 a0ab03975da64b16aac770b34d5acf34 7a01ad83d02f4baebe0f62e9db4df337 - - default default] 199.204.45.70,10.0.0.71 "GET /v2.0/subnets HTTP/1.1" status: 200 len: 819 time: 0.0730491
2026-02-27 18:58:21.214 10 INFO neutron.wsgi [None req-f8219cf7-9e26-4c90-a1ab-2973d46d017d a0ab03975da64b16aac770b34d5acf34 7a01ad83d02f4baebe0f62e9db4df337 - - default default] 199.204.45.70,10.0.0.71 "GET /v2.0/networks HTTP/1.1" status: 200 len: 1615 time: 0.0526090
2026-02-27 18:58:21.410 10 WARNING neutron.scheduler.dhcp_agent_scheduler [None req-0fe5894e-507a-4eb4-b18f-6cde2140d0b2 a0ab03975da64b16aac770b34d5acf34 7a01ad83d02f4baebe0f62e9db4df337 - - - -] No more DHCP agents
2026-02-27 18:58:21.412 10 WARNING neutron.api.rpc.agentnotifiers.dhcp_rpc_agent_api [None req-0fe5894e-507a-4eb4-b18f-6cde2140d0b2 a0ab03975da64b16aac770b34d5acf34 7a01ad83d02f4baebe0f62e9db4df337 - - - -] Unable to schedule network 5cf875fe-1be0-457b-9191-b3abbbaaa02c: no agents available; will retry on subsequent port and subnet creation events.
2026-02-27 18:58:21.804 10 INFO neutron.db.ovn_revision_numbers_db [None req-0fe5894e-507a-4eb4-b18f-6cde2140d0b2 a0ab03975da64b16aac770b34d5acf34 7a01ad83d02f4baebe0f62e9db4df337 - - - -] Successfully bumped revision number for resource 514be9c1-5b06-4cac-b4f5-f6880c0c9a38 (type: ports) to 2
2026-02-27 18:58:21.818 10 INFO neutron.db.ovn_revision_numbers_db [None req-0fe5894e-507a-4eb4-b18f-6cde2140d0b2 a0ab03975da64b16aac770b34d5acf34 7a01ad83d02f4baebe0f62e9db4df337 - - - -] Successfully bumped revision number for resource e6ae35df-7ded-4c3a-9efb-17aab262f0b6 (type: subnets) to 0
2026-02-27 18:58:21.832 10 INFO neutron.wsgi [None req-0fe5894e-507a-4eb4-b18f-6cde2140d0b2 a0ab03975da64b16aac770b34d5acf34 7a01ad83d02f4baebe0f62e9db4df337 - - - -] 199.204.45.70,10.0.0.71 "POST /v2.0/subnets HTTP/1.1" status: 201 len: 807 time: 0.6139331
2026-02-27 18:58:22.743 10 INFO neutron.wsgi [None req-e7126596-6acd-499c-b7a8-824397345696 a0ab03975da64b16aac770b34d5acf34 7a01ad83d02f4baebe0f62e9db4df337 - - default default] 199.204.45.70,10.0.0.71 "GET /v2.0/security-groups?tenant_id=7a01ad83d02f4baebe0f62e9db4df337 HTTP/1.1" status: 200 len: 2969 time: 0.0914378
2026-02-27 18:58:22.839 10 INFO neutron.db.ovn_revision_numbers_db [None req-6e7d52c5-6246-42d7-89d5-90242510f6bc a0ab03975da64b16aac770b34d5acf34 7a01ad83d02f4baebe0f62e9db4df337 - - - -] Successfully bumped revision number for resource c5020634-e651-48cd-b1de-81d08b329c96 (type: security_groups) to 1
2026-02-27 18:58:22.857 10 INFO neutron.wsgi [None req-6e7d52c5-6246-42d7-89d5-90242510f6bc a0ab03975da64b16aac770b34d5acf34 7a01ad83d02f4baebe0f62e9db4df337 - - - -] 199.204.45.70,10.0.0.71 "POST /v2.0/security-groups HTTP/1.1" status: 201 len: 1733 time: 0.1068878
2026-02-27 18:58:23.758 10 INFO neutron.wsgi [None req-e46f4e56-9253-40cf-8129-a33c7ac458d7 a0ab03975da64b16aac770b34d5acf34 7a01ad83d02f4baebe0f62e9db4df337 - - default default] 199.204.45.70,10.0.0.71 "GET /v2.0/security-groups?tenant_id=7a01ad83d02f4baebe0f62e9db4df337 HTTP/1.1" status: 200 len: 4503 time: 0.0759230
2026-02-27 18:58:23.787 10 INFO neutron.wsgi [None req-16b7fcb7-6bcb-475f-acb4-ff6c18b54ec4 a0ab03975da64b16aac770b34d5acf34 7a01ad83d02f4baebe0f62e9db4df337 - - default default] 199.204.45.70,10.0.0.71 "GET /v2.0/security-groups HTTP/1.1" status: 200 len: 4503 time: 0.0241985
2026-02-27 18:58:23.878 10 INFO neutron.db.ovn_revision_numbers_db [None req-8ad3e668-c71a-4205-865a-2903ab9e63f4 a0ab03975da64b16aac770b34d5acf34 7a01ad83d02f4baebe0f62e9db4df337 - - - -] Successfully bumped revision number for resource ff596409-fd0f-444a-bdcb-0ecbd1ab3e09 (type: security_group_rules) to 0
2026-02-27 18:58:23.902 10 INFO neutron.wsgi [None req-8ad3e668-c71a-4205-865a-2903ab9e63f4 a0ab03975da64b16aac770b34d5acf34 7a01ad83d02f4baebe0f62e9db4df337 - - - -] 199.204.45.70,10.0.0.71 "POST /v2.0/security-group-rules HTTP/1.1" status: 201 len: 749 time: 0.1066740 /var/lib/openstack/lib/python3.10/site-packages/memcache.py:1303: SyntaxWarning: "is" with a literal. Did you mean "=="? if key is '': /var/lib/openstack/lib/python3.10/site-packages/memcache.py:1304: SyntaxWarning: "is" with a literal. Did you mean "=="? if key_extra_len is 0: /var/lib/openstack/lib/python3.10/site-packages/pycadf/identifier.py:71: UserWarning: Invalid uuid: unknown. To ensure interoperability, identifiers should be a valid uuid. warnings.warn(('Invalid uuid: %s. To ensure interoperability, '
2026-02-27 18:58:25.013 9 WARNING oslo_policy.policy [None req-68e30d2d-ed1c-4594-8568-337c804f847e a0ab03975da64b16aac770b34d5acf34 7a01ad83d02f4baebe0f62e9db4df337 - - default default] Policies ['delete_port', 'update_port:allowed_address_pairs', 'update_port:allowed_address_pairs:ip_address', 'update_port:allowed_address_pairs:mac_address', 'update_port:fixed_ips', 'update_port:mac_address'] reference a rule that is not defined.
2026-02-27 18:58:25.275 9 INFO neutron.wsgi [None req-68e30d2d-ed1c-4594-8568-337c804f847e a0ab03975da64b16aac770b34d5acf34 7a01ad83d02f4baebe0f62e9db4df337 - - default default] 199.204.45.70,10.0.0.71 "GET /v2.0/security-groups?tenant_id=7a01ad83d02f4baebe0f62e9db4df337 HTTP/1.1" status: 200 len: 5085 time: 0.6673379
2026-02-27 18:58:25.327 9 INFO neutron.wsgi [None req-df2dbde4-06c4-4a08-b52a-68d32a2eacaa a0ab03975da64b16aac770b34d5acf34 7a01ad83d02f4baebe0f62e9db4df337 - - default default] 199.204.45.70,10.0.0.71 "GET /v2.0/security-groups HTTP/1.1" status: 200 len: 5085 time: 0.0408437
2026-02-27 18:58:25.422 9 INFO neutron.plugins.ml2.drivers.ovn.mech_driver.ovsdb.extensions.qos [None req-51aa26d6-2a88-4364-be79-66be5f686261 a0ab03975da64b16aac770b34d5acf34 7a01ad83d02f4baebe0f62e9db4df337 - - - -] Starting OVNClientQosExtension
2026-02-27 18:58:25.423 9 INFO neutron.plugins.ml2.drivers.ovn.mech_driver.ovsdb.extensions.placement [None req-51aa26d6-2a88-4364-be79-66be5f686261 a0ab03975da64b16aac770b34d5acf34 7a01ad83d02f4baebe0f62e9db4df337 - - - -] Starting OVNClientPlacementExtension
2026-02-27 18:58:25.468 9 INFO neutron.db.ovn_revision_numbers_db [None req-51aa26d6-2a88-4364-be79-66be5f686261 a0ab03975da64b16aac770b34d5acf34 7a01ad83d02f4baebe0f62e9db4df337 - - - -] Successfully bumped revision number for resource 096d7f5b-8a94-4016-a367-8314786788dd (type: security_group_rules) to 0
2026-02-27 18:58:25.525 9 INFO neutron.wsgi [None req-51aa26d6-2a88-4364-be79-66be5f686261 a0ab03975da64b16aac770b34d5acf34 7a01ad83d02f4baebe0f62e9db4df337 - - - -] 199.204.45.70,10.0.0.71 "POST /v2.0/security-group-rules HTTP/1.1" status: 201 len: 751 time: 0.1881700
2026-02-27 18:58:26.324 10 INFO neutron.wsgi [None req-2fc09eca-23a7-4601-aa6c-527248a3f956 a0ab03975da64b16aac770b34d5acf34 7a01ad83d02f4baebe0f62e9db4df337 - - default default] 199.204.45.70,10.0.0.71 "GET /v2.0/security-groups?tenant_id=7a01ad83d02f4baebe0f62e9db4df337 HTTP/1.1" status: 200 len: 5669 time: 0.0705147
2026-02-27 18:58:26.361 10 INFO neutron.wsgi [None req-fa781408-b7da-4f09-98c9-baaa4b9c924e a0ab03975da64b16aac770b34d5acf34 7a01ad83d02f4baebe0f62e9db4df337 - - default default] 199.204.45.70,10.0.0.71 "GET /v2.0/security-groups HTTP/1.1" status: 200 len: 5669 time: 0.0287971
2026-02-27 18:58:26.463 10 INFO neutron.db.ovn_revision_numbers_db [None req-9a2a35dc-b3be-4789-b049-f172a331886a a0ab03975da64b16aac770b34d5acf34 7a01ad83d02f4baebe0f62e9db4df337 - - - -] Successfully bumped revision number for resource 98292844-edeb-4755-a78b-bc19ed373a5b (type: security_group_rules) to 0
2026-02-27 18:58:26.486 10 INFO neutron.wsgi [None req-9a2a35dc-b3be-4789-b049-f172a331886a a0ab03975da64b16aac770b34d5acf34 7a01ad83d02f4baebe0f62e9db4df337 - - - -] 199.204.45.70,10.0.0.71 "POST /v2.0/security-group-rules HTTP/1.1" status: 201 len: 751 time: 0.1174142
2026-02-27 18:58:27.319 9 INFO neutron.wsgi [None req-a66494e9-53a2-4f55-8431-431a665797df a0ab03975da64b16aac770b34d5acf34 7a01ad83d02f4baebe0f62e9db4df337 - - default default] 199.204.45.70,10.0.0.71 "GET /v2.0/security-groups?tenant_id=7a01ad83d02f4baebe0f62e9db4df337 HTTP/1.1" status: 200 len: 6253 time: 0.0579610
2026-02-27 18:58:27.361 9 INFO neutron.wsgi [None req-0fbe2bf3-a4bb-4afc-9c7b-d7760d4cf62a a0ab03975da64b16aac770b34d5acf34 7a01ad83d02f4baebe0f62e9db4df337 - - default default] 199.204.45.70,10.0.0.71 "GET /v2.0/security-groups HTTP/1.1" status: 200 len: 6253 time: 0.0349567
2026-02-27 18:58:27.463 9 INFO neutron.db.ovn_revision_numbers_db [None req-60e445fd-a1fe-4eaf-8c08-0ac55f03c4a0 a0ab03975da64b16aac770b34d5acf34 7a01ad83d02f4baebe0f62e9db4df337 - - - -] Successfully bumped revision number for resource 7de2fd85-95d3-4409-8137-4407fe125d8d (type: security_group_rules) to 0
2026-02-27 18:58:27.481 9 INFO neutron.wsgi [None req-60e445fd-a1fe-4eaf-8c08-0ac55f03c4a0 a0ab03975da64b16aac770b34d5acf34 7a01ad83d02f4baebe0f62e9db4df337 - - - -] 199.204.45.70,10.0.0.71 "POST /v2.0/security-group-rules HTTP/1.1" status: 201 len: 751 time: 0.1110494
2026-02-27 18:58:28.273 9 INFO neutron.wsgi [None req-4c35bc46-53d1-4280-8a29-3a67942fc5ab a0ab03975da64b16aac770b34d5acf34 7a01ad83d02f4baebe0f62e9db4df337 - - default default] 199.204.45.70,10.0.0.71 "GET /v2.0/security-groups?tenant_id=7a01ad83d02f4baebe0f62e9db4df337 HTTP/1.1" status: 200 len: 6837 time: 0.0753410
2026-02-27 18:58:28.311 9 INFO neutron.wsgi [None req-2c3eb32b-a2e6-43e5-b2b4-8b2f7e136080 a0ab03975da64b16aac770b34d5acf34 7a01ad83d02f4baebe0f62e9db4df337 - - default default] 199.204.45.70,10.0.0.71 "GET /v2.0/security-groups HTTP/1.1" status: 200 len: 6837 time: 0.0307558
2026-02-27 18:58:28.425 9 INFO neutron.db.ovn_revision_numbers_db [None req-9eca25cc-dc42-42c0-8b6d-7e3b8e50cb7b a0ab03975da64b16aac770b34d5acf34 7a01ad83d02f4baebe0f62e9db4df337 - - - -] Successfully bumped revision number for resource 89723938-d533-4ed6-bdf8-ef30c429b1e8 (type: security_group_rules) to 0
2026-02-27 18:58:28.442 9 INFO neutron.wsgi [None req-9eca25cc-dc42-42c0-8b6d-7e3b8e50cb7b a0ab03975da64b16aac770b34d5acf34 7a01ad83d02f4baebe0f62e9db4df337 - - - -] 199.204.45.70,10.0.0.71 "POST /v2.0/security-group-rules HTTP/1.1" status: 201 len: 751 time: 0.1206198
2026-02-27 18:58:29.411 9 INFO neutron.wsgi [None req-b05cc41d-7458-47bc-87ef-0ef43014c1de a0ab03975da64b16aac770b34d5acf34 7a01ad83d02f4baebe0f62e9db4df337 - - default default] 199.204.45.70,10.0.0.71 "GET /v2.0/security-groups HTTP/1.1" status: 200 len: 7421 time: 0.0702653
2026-02-27 18:58:29.475 9 INFO neutron.wsgi [None req-ba5c689c-3b0a-429b-b71e-1149b12c315d a0ab03975da64b16aac770b34d5acf34 7a01ad83d02f4baebe0f62e9db4df337 - - default default] 199.204.45.70,10.0.0.71 "GET /v2.0/ports HTTP/1.1" status: 200 len: 2301 time: 0.0557063
2026-02-27 18:58:29.582 9 INFO neutron.wsgi [None req-5ed82500-eb85-4612-ac16-fd899f108b4d a0ab03975da64b16aac770b34d5acf34 7a01ad83d02f4baebe0f62e9db4df337 - - default default] 199.204.45.70,10.0.0.71 "GET /v2.0/networks HTTP/1.1" status: 200 len: 1653 time: 0.0982389
2026-02-27 18:58:29.907 9 WARNING neutron.scheduler.dhcp_agent_scheduler [None req-5c85857d-ae66-418b-a8cd-d168ca3aac69 a0ab03975da64b16aac770b34d5acf34 7a01ad83d02f4baebe0f62e9db4df337 - - - -] No more DHCP agents
2026-02-27 18:58:29.909 9 WARNING neutron.api.rpc.agentnotifiers.dhcp_rpc_agent_api [None req-5c85857d-ae66-418b-a8cd-d168ca3aac69 a0ab03975da64b16aac770b34d5acf34 7a01ad83d02f4baebe0f62e9db4df337 - - - -] Unable to schedule network 5cf875fe-1be0-457b-9191-b3abbbaaa02c: no agents available; will retry on subsequent port and subnet creation events.
2026-02-27 18:58:30.046 9 INFO neutron.db.ovn_revision_numbers_db [None req-5c85857d-ae66-418b-a8cd-d168ca3aac69 a0ab03975da64b16aac770b34d5acf34 7a01ad83d02f4baebe0f62e9db4df337 - - - -] Successfully bumped revision number for resource 6c768e31-777a-415a-b0fd-5cadf1d1fb2b (type: ports) to 1
2026-02-27 18:58:30.070 9 INFO neutron.wsgi [None req-5c85857d-ae66-418b-a8cd-d168ca3aac69 a0ab03975da64b16aac770b34d5acf34 7a01ad83d02f4baebe0f62e9db4df337 - - - -] 199.204.45.70,10.0.0.71 "POST /v2.0/ports HTTP/1.1" status: 201 len: 1281 time: 0.4824076
2026-02-27 18:58:35.625 10 INFO neutron.pecan_wsgi.hooks.translation [None req-880c6bfa-fb5f-4374-bdc4-b867877dde4f a0ab03975da64b16aac770b34d5acf34 7a01ad83d02f4baebe0f62e9db4df337 - - default default] GET failed (client error): The resource could not be found.
2026-02-27 18:58:35.626 10 INFO neutron.wsgi [None req-880c6bfa-fb5f-4374-bdc4-b867877dde4f a0ab03975da64b16aac770b34d5acf34 7a01ad83d02f4baebe0f62e9db4df337 - - default default] 199.204.45.70,10.0.0.71 "GET /v2.0/ports/octavia-health-manager-port-instance HTTP/1.1" status: 404 len: 314 time: 0.0579977
2026-02-27 18:58:35.670 10 INFO neutron.wsgi [None req-8c0f4094-3dc6-4473-bfe1-9e3c21a5f489 a0ab03975da64b16aac770b34d5acf34 7a01ad83d02f4baebe0f62e9db4df337 - - default default] 199.204.45.70,10.0.0.71 "GET /v2.0/ports?name=octavia-health-manager-port-instance HTTP/1.1" status: 200 len: 1279 time: 0.0415778
2026-02-27 18:58:35.763 9 INFO neutron.wsgi [-] 10.0.0.71 "GET / HTTP/1.1" status: 200 len: 247 time: 0.0023575
2026-02-27 18:58:35.766 9 INFO neutron.wsgi [-] 10.0.0.71 "GET / HTTP/1.1" status: 200 len: 247 time: 0.0019553
2026-02-27 18:58:36.110 10 INFO neutron.db.ovn_revision_numbers_db [None req-698236d1-2a36-4308-9cbc-bc03bfa04bff a0ab03975da64b16aac770b34d5acf34 7a01ad83d02f4baebe0f62e9db4df337 - - - -] Successfully bumped revision number for resource 6c768e31-777a-415a-b0fd-5cadf1d1fb2b (type: ports) to 1
2026-02-27 18:58:36.353 10 INFO neutron.db.ovn_revision_numbers_db [None req-698236d1-2a36-4308-9cbc-bc03bfa04bff a0ab03975da64b16aac770b34d5acf34 7a01ad83d02f4baebe0f62e9db4df337 - - - -] Successfully bumped revision number for resource 6c768e31-777a-415a-b0fd-5cadf1d1fb2b (type: ports) to 2
2026-02-27 18:58:36.371 10 INFO neutron.wsgi [None req-698236d1-2a36-4308-9cbc-bc03bfa04bff a0ab03975da64b16aac770b34d5acf34 7a01ad83d02f4baebe0f62e9db4df337 - - - -] 199.204.45.70,10.0.0.71 "PUT /v2.0/ports/6c768e31-777a-415a-b0fd-5cadf1d1fb2b HTTP/1.1" status: 200 len: 1318 time: 0.6960855 /var/lib/openstack/lib/python3.10/site-packages/pycadf/identifier.py:71: UserWarning: Invalid uuid: unknown. To ensure interoperability, identifiers should be a valid uuid. warnings.warn(('Invalid uuid: %s. To ensure interoperability, '
2026-02-27 18:58:37.796 10 INFO neutron.wsgi [None req-e70cd088-555a-48fc-a56b-9c1e02b3ac9d a0ab03975da64b16aac770b34d5acf34 7a01ad83d02f4baebe0f62e9db4df337 - - default default] 199.204.45.70,10.0.0.71 "GET /v2.0/ports HTTP/1.1" status: 200 len: 3463 time: 0.0788338 /var/lib/openstack/lib/python3.10/site-packages/pycadf/identifier.py:71: UserWarning: Invalid uuid: unknown. To ensure interoperability, identifiers should be a valid uuid. warnings.warn(('Invalid uuid: %s. To ensure interoperability, '
2026-02-27 18:58:38.726 9 INFO neutron.wsgi [None req-1db7187a-c414-4f84-b660-57364e7cc5e1 a0ab03975da64b16aac770b34d5acf34 7a01ad83d02f4baebe0f62e9db4df337 - - default default] 199.204.45.70,10.0.0.71 "GET /v2.0/security-groups?tenant_id=7a01ad83d02f4baebe0f62e9db4df337 HTTP/1.1" status: 200 len: 7421 time: 0.0860837
2026-02-27 18:58:38.818 9 INFO neutron.db.ovn_revision_numbers_db [None req-89cadf05-1029-4659-bce5-7207b97198f2 a0ab03975da64b16aac770b34d5acf34 7a01ad83d02f4baebe0f62e9db4df337 - - - -] Successfully bumped revision number for resource 2cd4c43f-96fc-4a2e-86d5-d76012546533 (type: security_groups) to 1
2026-02-27 18:58:38.838 9 INFO neutron.wsgi [None req-89cadf05-1029-4659-bce5-7207b97198f2 a0ab03975da64b16aac770b34d5acf34 7a01ad83d02f4baebe0f62e9db4df337 - - - -] 199.204.45.70,10.0.0.71 "POST /v2.0/security-groups HTTP/1.1" status: 201 len: 1727 time: 0.1055989
2026-02-27 18:58:39.758 9 INFO neutron.wsgi [None req-80d4a958-837e-47e5-808a-2fe67b621c3f a0ab03975da64b16aac770b34d5acf34 7a01ad83d02f4baebe0f62e9db4df337 - - default default] 199.204.45.70,10.0.0.71 "GET /v2.0/security-groups?tenant_id=7a01ad83d02f4baebe0f62e9db4df337 HTTP/1.1" status: 200 len: 8949 time: 0.1344652
2026-02-27 18:58:39.822 9 INFO neutron.wsgi [None req-53181aad-20eb-4a9e-91f9-834a8d7e3616 a0ab03975da64b16aac770b34d5acf34 7a01ad83d02f4baebe0f62e9db4df337 - - default default] 199.204.45.70,10.0.0.71 "GET /v2.0/security-groups HTTP/1.1" status: 200 len: 8949 time: 0.0532503
2026-02-27 18:58:39.933 9 INFO neutron.db.ovn_revision_numbers_db [None req-60a78fc0-5e16-4441-bb4d-ab5b527cc829 a0ab03975da64b16aac770b34d5acf34 7a01ad83d02f4baebe0f62e9db4df337 - - - -] Successfully bumped revision number for resource 65564775-0441-4e28-bca0-0841dadc76c1 (type: security_group_rules) to 0
2026-02-27 18:58:39.955 9 INFO neutron.wsgi [None req-60a78fc0-5e16-4441-bb4d-ab5b527cc829 a0ab03975da64b16aac770b34d5acf34 7a01ad83d02f4baebe0f62e9db4df337 - - - -] 199.204.45.70,10.0.0.71 "POST /v2.0/security-group-rules HTTP/1.1" status: 201 len: 771 time: 0.1234391
2026-02-27 18:58:40.753 9 INFO neutron.wsgi [None req-4bf30ac8-13d7-4f42-bad3-5ebbb6d78f6b a0ab03975da64b16aac770b34d5acf34 7a01ad83d02f4baebe0f62e9db4df337 - - default default] 199.204.45.70,10.0.0.71 "GET /v2.0/security-groups?tenant_id=7a01ad83d02f4baebe0f62e9db4df337 HTTP/1.1" status: 200 len: 9553 time: 0.0828478
2026-02-27 18:58:40.802 9 INFO neutron.wsgi [None req-46ba2943-56d1-43fa-b5c8-709fea1be83b a0ab03975da64b16aac770b34d5acf34 7a01ad83d02f4baebe0f62e9db4df337 - - default default] 199.204.45.70,10.0.0.71 "GET /v2.0/security-groups HTTP/1.1" status: 200 len: 9553 time: 0.0391390
2026-02-27 18:58:40.906 9 INFO neutron.db.ovn_revision_numbers_db [None req-0dd3b1c1-b555-4f38-b553-9c7fa38cd6ae a0ab03975da64b16aac770b34d5acf34 7a01ad83d02f4baebe0f62e9db4df337 - - - -] Successfully bumped revision number for resource bdaaef20-b235-4bf9-8e4c-021a86a80a57 (type: security_group_rules) to 0
2026-02-27 18:58:40.928 9 INFO neutron.wsgi [None req-0dd3b1c1-b555-4f38-b553-9c7fa38cd6ae a0ab03975da64b16aac770b34d5acf34 7a01ad83d02f4baebe0f62e9db4df337 - - - -] 199.204.45.70,10.0.0.71 "POST /v2.0/security-group-rules HTTP/1.1" status: 201 len: 775 time: 0.1164944
2026-02-27 18:58:50.763 10 INFO neutron.wsgi [-] 10.0.0.71 "GET / HTTP/1.1" status: 200 len: 247 time: 0.0025079
2026-02-27 18:58:50.764 9 INFO neutron.wsgi [-] 10.0.0.71 "GET / HTTP/1.1" status: 200 len: 247 time: 0.0024807
2026-02-27 18:59:05.762 10 INFO neutron.wsgi [-] 10.0.0.71 "GET / HTTP/1.1" status: 200 len: 247 time: 0.0013404
2026-02-27 18:59:05.764 9 INFO neutron.wsgi [-] 10.0.0.71 "GET / HTTP/1.1" status: 200 len: 247 time: 0.0025992
2026-02-27 18:59:20.762 9 INFO neutron.wsgi [-] 10.0.0.71 "GET / HTTP/1.1" status: 200 len: 247 time: 0.0013573
2026-02-27 18:59:20.764 10 INFO neutron.wsgi [-] 10.0.0.71 "GET / HTTP/1.1" status: 200 len: 247 time: 0.0033808
2026-02-27 18:59:35.762 9 INFO neutron.wsgi [-] 10.0.0.71 "GET / HTTP/1.1" status: 200 len: 247 time: 0.0016391
2026-02-27 18:59:35.763 10 INFO neutron.wsgi [-] 10.0.0.71 "GET / HTTP/1.1" status: 200 len: 247 time: 0.0024025
2026-02-27 18:59:50.765 9 INFO neutron.wsgi [-] 10.0.0.71 "GET / HTTP/1.1" status: 200 len: 247 time: 0.0029039
2026-02-27 18:59:50.769 9 INFO neutron.wsgi [-] 10.0.0.71 "GET / HTTP/1.1" status: 200 len: 247 time: 0.0029542
2026-02-27 19:00:05.763 9 INFO neutron.wsgi [-] 10.0.0.71 "GET / HTTP/1.1" status: 200 len: 247 time: 0.0026042
2026-02-27 19:00:05.763 10 INFO neutron.wsgi [-] 10.0.0.71 "GET / HTTP/1.1" status: 200 len: 247 time: 0.0025003
2026-02-27 19:00:20.763 10 INFO neutron.wsgi [-] 10.0.0.71 "GET / HTTP/1.1" status: 200 len: 247 time: 0.0026741
2026-02-27 19:00:20.766 10 INFO neutron.wsgi [-] 10.0.0.71 "GET / HTTP/1.1" status: 200 len: 247 time: 0.0016224
2026-02-27 19:00:22.409 10 INFO neutron.wsgi [None req-16d8774c-3a1f-450f-b1d0-60768b11dc1d a0ab03975da64b16aac770b34d5acf34 7a01ad83d02f4baebe0f62e9db4df337 - - default default] 199.204.45.70,10.0.0.71 "GET /v2.0/quotas/7a01ad83d02f4baebe0f62e9db4df337 HTTP/1.1" status: 200 len: 362 time: 0.0174885 /var/lib/openstack/lib/python3.10/site-packages/neutron/extensions/quotasv2.py:140: UserWarning: Neutron quota engine will require "--force" parameter to set a quota limit without checking the resource usage. warnings.warn('Neutron quota engine will require "--force" '
2026-02-27 19:00:22.788 10 INFO neutron.wsgi [None req-f36f713a-0d79-421e-a687-a05b071b0fcc a0ab03975da64b16aac770b34d5acf34 7a01ad83d02f4baebe0f62e9db4df337 - - default default] 199.204.45.70,10.0.0.71 "PUT /v2.0/quotas/7a01ad83d02f4baebe0f62e9db4df337 HTTP/1.1" status: 200 len: 361 time: 0.0290024
2026-02-27 19:00:23.107 10 INFO neutron.wsgi [None req-241b1bf9-5517-45d3-a1bd-648fc5851758 a0ab03975da64b16aac770b34d5acf34 7a01ad83d02f4baebe0f62e9db4df337 - - default default] 199.204.45.70,10.0.0.71 "GET /v2.0/quotas/7a01ad83d02f4baebe0f62e9db4df337 HTTP/1.1" status: 200 len: 361 time: 0.0264702
2026-02-27 19:00:35.764 10 INFO neutron.wsgi [-] 10.0.0.71 "GET / HTTP/1.1" status: 200 len: 247 time: 0.0023303
2026-02-27 19:00:35.769 9 INFO neutron.wsgi [-] 10.0.0.71 "GET / HTTP/1.1" status: 200 len: 247 time: 0.0065267
2026-02-27 19:00:50.764 9 INFO neutron.wsgi [-] 10.0.0.71 "GET / HTTP/1.1" status: 200 len: 247 time: 0.0027230
2026-02-27 19:00:50.764 10 INFO neutron.wsgi [-] 10.0.0.71 "GET / HTTP/1.1" status: 200 len: 247 time: 0.0032480
2026-02-27 19:01:05.763 9 INFO neutron.wsgi [-] 10.0.0.71 "GET / HTTP/1.1" status: 200 len: 247 time: 0.0016541
2026-02-27 19:01:05.763 10 INFO neutron.wsgi [-] 10.0.0.71 "GET / HTTP/1.1" status: 200 len: 247 time: 0.0024261
2026-02-27 19:01:20.763 10 INFO neutron.wsgi [-] 10.0.0.71 "GET / HTTP/1.1" status: 200 len: 247 time: 0.0021999
2026-02-27 19:01:20.764 9 INFO neutron.wsgi [-] 10.0.0.71 "GET / HTTP/1.1" status: 200 len: 247 time: 0.0028996
2026-02-27 19:01:35.764 9 INFO neutron.wsgi [-] 10.0.0.71 "GET / HTTP/1.1" status: 200 len: 247 time: 0.0025845
2026-02-27 19:01:35.765 10 INFO neutron.wsgi [-] 10.0.0.71 "GET / HTTP/1.1" status: 200 len: 247 time: 0.0032449
2026-02-27 19:01:42.370 15 INFO neutron.db.ovn_revision_numbers_db [None req-c8b5483d-0ce0-494c-8732-d25f5af2f3ac - - - - - -] Successfully bumped revision number for resource 5cf875fe-1be0-457b-9191-b3abbbaaa02c (type: networks) to 2
2026-02-27 19:01:42.412 15 INFO neutron.db.ovn_revision_numbers_db [None req-c8b5483d-0ce0-494c-8732-d25f5af2f3ac - - - - - -] Successfully bumped revision number for resource 2cd4c43f-96fc-4a2e-86d5-d76012546533 (type: security_groups) to 3
2026-02-27 19:01:42.438 15 INFO neutron.db.ovn_revision_numbers_db [None req-c8b5483d-0ce0-494c-8732-d25f5af2f3ac - - - - - -] Successfully bumped revision number for resource c5020634-e651-48cd-b1de-81d08b329c96 (type: security_groups) to 6
2026-02-27 19:01:42.624 15 INFO neutron.db.ovn_revision_numbers_db [None req-c8b5483d-0ce0-494c-8732-d25f5af2f3ac - - - - - -] Successfully bumped revision number for resource 6c768e31-777a-415a-b0fd-5cadf1d1fb2b (type: ports) to 3
2026-02-27 19:01:42.625 15 INFO neutron.plugins.ml2.drivers.ovn.mech_driver.ovsdb.maintenance [None req-c8b5483d-0ce0-494c-8732-d25f5af2f3ac - - - - - -] Maintenance task: Synchronization finished (took 0.32 seconds)
2026-02-27 19:01:50.764 10 INFO neutron.wsgi [-] 10.0.0.71 "GET / HTTP/1.1" status: 200 len: 247 time: 0.0026503
2026-02-27 19:01:50.768 10 INFO neutron.wsgi [-] 10.0.0.71 "GET / HTTP/1.1" status: 200 len: 247 time: 0.0026717
2026-02-27 19:02:05.763 10 INFO neutron.wsgi [-] 10.0.0.71 "GET / HTTP/1.1" status: 200 len: 247 time: 0.0024278
2026-02-27 19:02:05.764 9 INFO neutron.wsgi [-] 10.0.0.71 "GET / HTTP/1.1" status: 200 len: 247 time: 0.0028486
2026-02-27 19:02:20.764 10 INFO neutron.wsgi [-] 10.0.0.71 "GET / HTTP/1.1" status: 200 len: 247 time: 0.0033526
2026-02-27 19:02:20.764 9 INFO neutron.wsgi [-] 10.0.0.71 "GET / HTTP/1.1" status: 200 len: 247 time: 0.0033720 /var/lib/openstack/lib/python3.10/site-packages/pycadf/identifier.py:71: UserWarning: Invalid uuid: neutron. To ensure interoperability, identifiers should be a valid uuid. warnings.warn(('Invalid uuid: %s. To ensure interoperability, '
2026-02-27 19:02:31.859 9 INFO neutron.pecan_wsgi.hooks.translation [None req-5629d570-eaeb-4f65-9461-23fdc7ccc1aa a0ab03975da64b16aac770b34d5acf34 7a01ad83d02f4baebe0f62e9db4df337 - - default default] GET failed (client error): The resource could not be found.
2026-02-27 19:02:31.861 9 INFO neutron.wsgi [None req-5629d570-eaeb-4f65-9461-23fdc7ccc1aa a0ab03975da64b16aac770b34d5acf34 7a01ad83d02f4baebe0f62e9db4df337 - - default default] 199.204.45.70 "GET /v2.0/ports/octavia-health-manager-port-instance HTTP/1.1" status: 404 len: 338 time: 0.1502593
2026-02-27 19:02:31.922 9 INFO neutron.wsgi [None req-9a9d946c-bd96-48fe-8da3-1ec599c0ec5d a0ab03975da64b16aac770b34d5acf34 7a01ad83d02f4baebe0f62e9db4df337 - - default default] 199.204.45.70 "GET /v2.0/ports?name=octavia-health-manager-port-instance HTTP/1.1" status: 200 len: 1373 time: 0.0544071 /var/lib/openstack/lib/python3.10/site-packages/pycadf/identifier.py:71: UserWarning: Invalid uuid: neutron. To ensure interoperability, identifiers should be a valid uuid. warnings.warn(('Invalid uuid: %s. To ensure interoperability, '
2026-02-27 19:02:33.779 10 INFO neutron.pecan_wsgi.hooks.translation [None req-fa48e965-7386-40b9-9a3a-3fe191d8a4b0 a0ab03975da64b16aac770b34d5acf34 7a01ad83d02f4baebe0f62e9db4df337 - - default default] GET failed (client error): The resource could not be found.
2026-02-27 19:02:33.781 10 INFO neutron.wsgi [None req-fa48e965-7386-40b9-9a3a-3fe191d8a4b0 a0ab03975da64b16aac770b34d5acf34 7a01ad83d02f4baebe0f62e9db4df337 - - default default] 199.204.45.70 "GET /v2.0/ports/octavia-health-manager-port-instance HTTP/1.1" status: 404 len: 338 time: 0.2142341
2026-02-27 19:02:33.821 10 INFO neutron.wsgi [None req-d21227a3-6dcf-4b05-bcf9-20d28866f562 a0ab03975da64b16aac770b34d5acf34 7a01ad83d02f4baebe0f62e9db4df337 - - default default] 199.204.45.70 "GET /v2.0/ports?name=octavia-health-manager-port-instance HTTP/1.1" status: 200 len: 1373 time: 0.0335040
2026-02-27 19:02:34.896 9 INFO neutron.plugins.ml2.drivers.ovn.mech_driver.mech_driver [-] OVN reports status up for port: 6c768e31-777a-415a-b0fd-5cadf1d1fb2b
2026-02-27 19:02:34.920 9 INFO neutron.plugins.ml2.plugin [None req-cade5971-3b20-4e91-9938-c8d17dc8ab45 - - - - - -] Attempt 1 to provision port 6c768e31-777a-415a-b0fd-5cadf1d1fb2b
2026-02-27 19:02:35.162 9 INFO neutron.db.ovn_revision_numbers_db [None req-cade5971-3b20-4e91-9938-c8d17dc8ab45 - - - - - -] Successfully bumped revision number for resource 6c768e31-777a-415a-b0fd-5cadf1d1fb2b (type: ports) to 4
2026-02-27 19:02:35.762 10 INFO neutron.wsgi [-] 10.0.0.71 "GET / HTTP/1.1" status: 200 len: 247 time: 0.0013509
2026-02-27 19:02:35.764 9 INFO neutron.wsgi [-] 10.0.0.71 "GET / HTTP/1.1" status: 200 len: 247 time: 0.0026920
2026-02-27 19:02:50.769 10 INFO neutron.wsgi [-] 10.0.0.71 "GET / HTTP/1.1" status: 200 len: 247 time: 0.0072520
2026-02-27 19:02:50.772 10 INFO neutron.wsgi [-] 10.0.0.71 "GET / HTTP/1.1" status: 200 len: 247 time: 0.0018923
2026-02-27 19:03:05.764 10 INFO neutron.wsgi [-] 10.0.0.71 "GET / HTTP/1.1" status: 200 len: 247 time: 0.0028372
2026-02-27 19:03:05.768 10 INFO neutron.wsgi [-] 10.0.0.71 "GET / HTTP/1.1" status: 200 len: 247 time: 0.0018990
2026-02-27 19:03:20.765 9 INFO neutron.wsgi [-] 10.0.0.71 "GET / HTTP/1.1" status: 200 len: 247 time: 0.0025561
2026-02-27 19:03:20.765 10 INFO neutron.wsgi [-] 10.0.0.71 "GET / HTTP/1.1" status: 200 len: 247 time: 0.0031810
2026-02-27 19:03:35.763 10 INFO neutron.wsgi [-] 10.0.0.71 "GET / HTTP/1.1" status: 200 len: 247 time: 0.0024431
2026-02-27 19:03:35.763 9 INFO neutron.wsgi [-] 10.0.0.71 "GET / HTTP/1.1" status: 200 len: 247 time: 0.0023766
2026-02-27 19:03:50.764 10 INFO neutron.wsgi [-] 10.0.0.71 "GET / HTTP/1.1" status: 200 len: 247 time: 0.0027037
2026-02-27 19:03:50.766 9 INFO neutron.wsgi [-] 10.0.0.71 "GET / HTTP/1.1" status: 200 len: 247 time: 0.0046725
2026-02-27 19:04:05.764 9 INFO neutron.wsgi [-] 10.0.0.71 "GET / HTTP/1.1" status: 200 len: 247 time: 0.0028291
2026-02-27 19:04:05.764 10 INFO neutron.wsgi [-] 10.0.0.71 "GET / HTTP/1.1" status: 200 len: 247 time: 0.0032320
2026-02-27 19:04:20.764 10 INFO neutron.wsgi [-] 10.0.0.71 "GET / HTTP/1.1" status: 200 len: 247 time: 0.0025146
2026-02-27 19:04:20.763 9 INFO neutron.wsgi [-] 10.0.0.71 "GET / HTTP/1.1" status: 200 len: 247 time: 0.0023925
2026-02-27 19:04:35.765 9 INFO neutron.wsgi [-] 10.0.0.71 "GET / HTTP/1.1" status: 200 len: 247 time: 0.0031025
2026-02-27 19:04:35.767 9 INFO neutron.wsgi [-] 10.0.0.71 "GET / HTTP/1.1" status: 200 len: 247 time: 0.0018566
2026-02-27 19:04:50.764 10 INFO neutron.wsgi [-] 10.0.0.71 "GET / HTTP/1.1" status: 200 len: 247 time: 0.0030327
2026-02-27 19:04:50.764 9 INFO neutron.wsgi [-] 10.0.0.71 "GET / HTTP/1.1" status: 200 len: 247 time: 0.0029032
2026-02-27 19:05:05.764 10 INFO neutron.wsgi [-] 10.0.0.71 "GET / HTTP/1.1" status: 200 len: 247 time: 0.0025885
2026-02-27 19:05:05.765 9 INFO neutron.wsgi [-] 10.0.0.71 "GET / HTTP/1.1" status: 200 len: 247 time: 0.0038445
2026-02-27 19:05:20.764 10 INFO neutron.wsgi [-] 10.0.0.71 "GET / HTTP/1.1" status: 200 len: 247 time: 0.0025439
2026-02-27 19:05:20.767 10 INFO neutron.wsgi [-] 10.0.0.71 "GET / HTTP/1.1" status: 200 len: 247 time: 0.0019832
2026-02-27 19:05:35.764 9 INFO neutron.wsgi [-] 10.0.0.71 "GET / HTTP/1.1" status: 200 len: 247 time: 0.0026026
2026-02-27 19:05:35.764 10 INFO neutron.wsgi [-] 10.0.0.71 "GET / HTTP/1.1" status: 200 len: 247 time: 0.0032470
2026-02-27 19:05:50.763 10 INFO neutron.wsgi [-] 10.0.0.71 "GET / HTTP/1.1" status: 200 len: 247 time: 0.0020547
2026-02-27 19:05:50.766 10 INFO neutron.wsgi [-] 10.0.0.71 "GET / HTTP/1.1" status: 200 len: 247 time: 0.0015023
2026-02-27 19:06:05.765 10 INFO neutron.wsgi [-] 10.0.0.71 "GET / HTTP/1.1" status: 200 len: 247 time: 0.0032465
2026-02-27 19:06:05.765 9 INFO neutron.wsgi [-] 10.0.0.71 "GET / HTTP/1.1" status: 200 len: 247 time: 0.0032089
2026-02-27 19:06:20.763 10 INFO neutron.wsgi [-] 10.0.0.71 "GET / HTTP/1.1" status: 200 len: 247 time: 0.0022161
2026-02-27 19:06:20.764 9 INFO neutron.wsgi [-] 10.0.0.71 "GET / HTTP/1.1" status: 200 len: 247 time: 0.0022690
2026-02-27 19:06:35.763 9 INFO neutron.wsgi [-] 10.0.0.71 "GET / HTTP/1.1" status: 200 len: 247 time: 0.0023868
2026-02-27 19:06:35.763 10 INFO neutron.wsgi [-] 10.0.0.71 "GET / HTTP/1.1" status: 200 len: 247 time: 0.0023608
2026-02-27 19:06:50.764 10 INFO neutron.wsgi [-] 10.0.0.71 "GET / HTTP/1.1" status: 200 len: 247 time: 0.0028806
2026-02-27 19:06:50.763 9 INFO neutron.wsgi [-] 10.0.0.71 "GET / HTTP/1.1" status: 200 len: 247 time: 0.0023777
2026-02-27 19:07:05.764 10 INFO neutron.wsgi [-] 10.0.0.71 "GET / HTTP/1.1" status: 200 len: 247 time: 0.0023391
2026-02-27 19:07:05.763 9 INFO neutron.wsgi [-] 10.0.0.71 "GET / HTTP/1.1" status: 200 len: 247 time: 0.0020463
2026-02-27 19:07:20.762 10 INFO neutron.wsgi [-] 10.0.0.71 "GET / HTTP/1.1" status: 200 len: 247 time: 0.0013349
2026-02-27 19:07:20.763 9 INFO neutron.wsgi [-] 10.0.0.71 "GET / HTTP/1.1" status: 200 len: 247 time: 0.0023787
2026-02-27 19:07:35.763 9 INFO neutron.wsgi [-] 10.0.0.71 "GET / HTTP/1.1" status: 200 len: 247 time: 0.0020556
2026-02-27 19:07:35.763 10 INFO neutron.wsgi [-] 10.0.0.71 "GET / HTTP/1.1" status: 200 len: 247 time: 0.0024669
2026-02-27 19:07:50.764 10 INFO neutron.wsgi [-] 10.0.0.71 "GET / HTTP/1.1" status: 200 len: 247 time: 0.0023842
2026-02-27 19:07:50.767 10 INFO neutron.wsgi [-] 10.0.0.71 "GET / HTTP/1.1" status: 200 len: 247 time: 0.0019107
2026-02-27 19:08:05.763 10 INFO neutron.wsgi [-] 10.0.0.71 "GET / HTTP/1.1" status: 200 len: 247 time: 0.0025790
2026-02-27 19:08:05.765 9 INFO neutron.wsgi [-] 10.0.0.71 "GET / HTTP/1.1" status: 200 len: 247 time: 0.0030563
2026-02-27 19:08:20.763 10 INFO neutron.wsgi [-] 10.0.0.71 "GET / HTTP/1.1" status: 200 len: 247 time: 0.0020938
2026-02-27 19:08:20.765 10 INFO neutron.wsgi [-] 10.0.0.71 "GET / HTTP/1.1" status: 200 len: 247 time: 0.0013826
2026-02-27 19:08:35.771 9 INFO neutron.wsgi [-] 10.0.0.71 "GET / HTTP/1.1" status: 200 len: 247 time: 0.0092864
2026-02-27 19:08:35.772 9 INFO neutron.wsgi [-] 10.0.0.71 "GET / HTTP/1.1" status: 200 len: 247 time: 0.0009089
2026-02-27 19:08:50.764 10 INFO neutron.wsgi [-] 10.0.0.71 "GET / HTTP/1.1" status: 200 len: 247 time: 0.0031593
2026-02-27 19:08:50.767 10 INFO neutron.wsgi [-] 10.0.0.71 "GET / HTTP/1.1" status: 200 len: 247 time: 0.0012274
2026-02-27 19:09:05.764 10 INFO neutron.wsgi [-] 10.0.0.71 "GET / HTTP/1.1" status: 200 len: 247 time: 0.0026422
2026-02-27 19:09:05.765 9 INFO neutron.wsgi [-] 10.0.0.71 "GET / HTTP/1.1" status: 200 len: 247 time: 0.0035348
2026-02-27 19:09:20.764 9 INFO neutron.wsgi [-] 10.0.0.71 "GET / HTTP/1.1" status: 200 len: 247 time: 0.0025816
2026-02-27 19:09:20.764 10 INFO neutron.wsgi [-] 10.0.0.71 "GET / HTTP/1.1" status: 200 len: 247 time: 0.0027661
2026-02-27 19:09:35.764 10 INFO neutron.wsgi [-] 10.0.0.71 "GET / HTTP/1.1" status: 200 len: 247 time: 0.0027492
2026-02-27 19:09:35.764 9 INFO neutron.wsgi [-] 10.0.0.71 "GET / HTTP/1.1" status: 200 len: 247 time: 0.0028846
2026-02-27 19:09:50.763 10 INFO neutron.wsgi [-] 10.0.0.71 "GET / HTTP/1.1" status: 200 len: 247 time: 0.0023966
2026-02-27 19:09:50.765 9 INFO neutron.wsgi [-] 10.0.0.71 "GET / HTTP/1.1" status: 200 len: 247 time: 0.0034447
2026-02-27 19:10:05.762 10 INFO neutron.wsgi [-] 10.0.0.71 "GET / HTTP/1.1" status: 200 len: 247 time: 0.0018115
2026-02-27 19:10:05.762 9 INFO neutron.wsgi [-] 10.0.0.71 "GET / HTTP/1.1" status: 200 len: 247 time: 0.0017405
2026-02-27 19:10:20.764 9 INFO neutron.wsgi [-] 10.0.0.71 "GET / HTTP/1.1" status: 200 len: 247 time: 0.0021191
2026-02-27 19:10:20.764 10 INFO neutron.wsgi [-] 10.0.0.71 "GET / HTTP/1.1" status: 200 len: 247 time: 0.0028272
2026-02-27 19:10:35.763 9 INFO neutron.wsgi [-] 10.0.0.71 "GET / HTTP/1.1" status: 200 len: 247 time: 0.0019007
2026-02-27 19:10:35.765 9 INFO neutron.wsgi [-] 10.0.0.71 "GET / HTTP/1.1" status: 200 len: 247 time: 0.0013118
2026-02-27 19:10:50.764 9 INFO neutron.wsgi [-] 10.0.0.71 "GET / HTTP/1.1" status: 200 len: 247 time: 0.0022430
2026-02-27 19:10:50.765 10 INFO neutron.wsgi [-] 10.0.0.71 "GET / HTTP/1.1" status: 200 len: 247 time: 0.0028622
2026-02-27 19:11:05.762 9 INFO neutron.wsgi [-] 10.0.0.71 "GET / HTTP/1.1" status: 200 len: 247 time: 0.0013623
2026-02-27 19:11:05.763 9 INFO neutron.wsgi [-] 10.0.0.71 "GET / HTTP/1.1" status: 200 len: 247 time: 0.0008497
2026-02-27 19:11:20.764 9 INFO neutron.wsgi [-] 10.0.0.71 "GET / HTTP/1.1" status: 200 len: 247 time: 0.0027223
2026-02-27 19:11:20.764 10 INFO neutron.wsgi [-] 10.0.0.71 "GET / HTTP/1.1" status: 200 len: 247 time: 0.0018175
2026-02-27 19:11:35.764 9 INFO neutron.wsgi [-] 10.0.0.71 "GET / HTTP/1.1" status: 200 len: 247 time: 0.0018001
2026-02-27 19:11:35.765 10 INFO neutron.wsgi [-] 10.0.0.71 "GET / HTTP/1.1" status: 200 len: 247 time: 0.0019224
2026-02-27 19:11:50.763 9 INFO neutron.wsgi [-] 10.0.0.71 "GET / HTTP/1.1" status: 200 len: 247 time: 0.0015490
2026-02-27 19:11:50.765 10 INFO neutron.wsgi [-] 10.0.0.71 "GET / HTTP/1.1" status: 200 len: 247 time: 0.0021384
2026-02-27 19:12:05.764 10 INFO neutron.wsgi [-] 10.0.0.71 "GET / HTTP/1.1" status: 200 len: 247 time: 0.0033870
2026-02-27 19:12:05.770 9 INFO neutron.wsgi [-] 10.0.0.71 "GET / HTTP/1.1" status: 200 len: 247 time: 0.0017743
2026-02-27 19:12:20.763 9 INFO neutron.wsgi [-] 10.0.0.71 "GET / HTTP/1.1" status: 200 len: 247 time: 0.0026245
2026-02-27 19:12:20.764 10 INFO neutron.wsgi [-] 10.0.0.71 "GET / HTTP/1.1" status: 200 len: 247 time: 0.0027378
2026-02-27 19:12:35.763 9 INFO neutron.wsgi [-] 10.0.0.71 "GET / HTTP/1.1" status: 200 len: 247 time: 0.0023134
2026-02-27 19:12:35.764 10 INFO neutron.wsgi [-] 10.0.0.71 "GET / HTTP/1.1" status: 200 len: 247 time: 0.0028858
2026-02-27 19:12:50.762 9 INFO neutron.wsgi [-] 10.0.0.71 "GET / HTTP/1.1" status: 200 len: 247 time: 0.0018857
2026-02-27 19:12:50.764 10 INFO neutron.wsgi [-] 10.0.0.71 "GET / HTTP/1.1" status: 200 len: 247 time: 0.0030816
2026-02-27 19:13:05.762 9 INFO neutron.wsgi [-] 10.0.0.71 "GET / HTTP/1.1" status: 200 len: 247 time: 0.0019157
2026-02-27 19:13:05.762 10 INFO neutron.wsgi [-] 10.0.0.71 "GET / HTTP/1.1" status: 200 len: 247 time: 0.0018916
2026-02-27 19:13:20.763 10 INFO neutron.wsgi [-] 10.0.0.71 "GET / HTTP/1.1" status: 200 len: 247 time: 0.0016494
2026-02-27 19:13:20.764 9 INFO neutron.wsgi [-] 10.0.0.71 "GET / HTTP/1.1" status: 200 len: 247 time: 0.0021775
2026-02-27 19:13:35.764 10 INFO neutron.wsgi [-] 10.0.0.71 "GET / HTTP/1.1" status: 200 len: 247 time: 0.0025220
2026-02-27 19:13:35.764 9 INFO neutron.wsgi [-] 10.0.0.71 "GET / HTTP/1.1" status: 200 len: 247 time: 0.0026486
2026-02-27 19:13:50.762 10 INFO neutron.wsgi [-] 10.0.0.71 "GET / HTTP/1.1" status: 200 len: 247 time: 0.0013494
2026-02-27 19:13:50.766 9 INFO neutron.wsgi [-] 10.0.0.71 "GET / HTTP/1.1" status: 200 len: 247 time: 0.0026391
2026-02-27 19:14:05.764 10 INFO neutron.wsgi [-] 10.0.0.71 "GET / HTTP/1.1" status: 200 len: 247 time: 0.0025566
2026-02-27 19:14:05.767 9 INFO neutron.wsgi [-] 10.0.0.71 "GET / HTTP/1.1" status: 200 len: 247 time: 0.0036969
2026-02-27 19:14:20.763 10 INFO neutron.wsgi [-] 10.0.0.71 "GET / HTTP/1.1" status: 200 len: 247 time: 0.0021663
2026-02-27 19:14:20.763 9 INFO neutron.wsgi [-] 10.0.0.71 "GET / HTTP/1.1" status: 200 len: 247 time: 0.0024269
2026-02-27 19:14:35.762 10 INFO neutron.wsgi [-] 10.0.0.71 "GET / HTTP/1.1" status: 200 len: 247 time: 0.0017996
2026-02-27 19:14:35.763 9 INFO neutron.wsgi [-] 10.0.0.71 "GET / HTTP/1.1" status: 200 len: 247 time: 0.0020883