+ COMMAND=start + start + start_ovn + exec neutron-server --config-file /etc/neutron/neutron.conf --config-file /tmp/pod-shared/ovn.ini --config-file /etc/neutron/plugins/ml2/ml2_conf.ini /var/lib/openstack/lib/python3.10/site-packages/munch/__init__.py:24: UserWarning: pkg_resources is deprecated as an API. See https://setuptools.pypa.io/en/latest/pkg_resources.html. The pkg_resources package is slated for removal as early as 2025-11-30. Refrain from using this package or pin to Setuptools<81. import pkg_resources
2026-02-27 18:51:38.151 1 INFO neutron.common.config [-] Logging enabled!
2026-02-27 18:51:38.151 1 INFO neutron.common.config [-] /var/lib/openstack/bin/neutron-server version 21.2.2.dev24
2026-02-27 18:51:38.153 1 INFO neutron.common.config [-] Logging enabled!
2026-02-27 18:51:38.153 1 INFO neutron.common.config [-] /var/lib/openstack/bin/neutron-server version 21.2.2.dev24
2026-02-27 18:51:38.365 1 INFO neutron.manager [-] Loading core plugin: ml2
2026-02-27 18:51:39.030 1 INFO neutron.plugins.ml2.managers [-] Configured type driver names: ['flat', 'vlan', 'geneve']
2026-02-27 18:51:39.033 1 INFO neutron.plugins.ml2.drivers.type_flat [-] Arbitrary flat physical_network names allowed
2026-02-27 18:51:39.035 1 INFO neutron.plugins.ml2.drivers.type_vlan [-] Network VLAN ranges: OrderedDict([('external', [(1, 4094)])])
2026-02-27 18:51:39.035 1 INFO neutron.plugins.ml2.managers [-] Loaded type driver names: ['flat', 'geneve', 'vlan']
2026-02-27 18:51:39.035 1 INFO neutron.plugins.ml2.managers [-] Registered types: dict_keys(['flat', 'geneve', 'vlan'])
2026-02-27 18:51:39.036 1 INFO neutron.plugins.ml2.managers [-] Tenant network_types: ['geneve']
2026-02-27 18:51:39.036 1 INFO neutron.plugins.ml2.managers [-] Configured extension driver names: ['dns_domain_ports', 'port_security', 'qos']
2026-02-27 18:51:39.041 1 INFO neutron.plugins.ml2.managers [-] Loaded extension driver names: ['dns_domain_ports', 'port_security', 'qos']
2026-02-27 18:51:39.041 1 INFO neutron.plugins.ml2.managers [-] Registered extension drivers: ['dns_domain_ports', 'port_security', 'qos']
2026-02-27 18:51:39.041 1 INFO neutron.plugins.ml2.managers [-] Configured mechanism driver names: ['ovn']
2026-02-27 18:51:39.338 1 INFO neutron.plugins.ml2.managers [-] Loaded mechanism driver names: ['ovn']
2026-02-27 18:51:39.338 1 INFO neutron.plugins.ml2.managers [-] Registered mechanism drivers: ['ovn']
2026-02-27 18:51:39.338 1 INFO neutron.plugins.ml2.managers [-] No mechanism drivers provide segment reachability information for agent scheduling.
2026-02-27 18:51:39.354 1 INFO neutron.plugins.ml2.managers [-] Initializing driver for type 'flat'
2026-02-27 18:51:39.354 1 INFO neutron.plugins.ml2.drivers.type_flat [-] ML2 FlatTypeDriver initialization complete
2026-02-27 18:51:39.354 1 INFO neutron.plugins.ml2.managers [-] Initializing driver for type 'geneve'
2026-02-27 18:51:39.355 1 INFO neutron.plugins.ml2.drivers.type_tunnel [-] geneve ID ranges: [(1, 65536)]
2026-02-27 18:51:41.565 1 INFO neutron.plugins.ml2.managers [None req-7bfdfa2a-edaa-476a-b1ba-cc2a93bcdb31 - - - - - -] Initializing driver for type 'vlan'
2026-02-27 18:51:41.718 1 INFO neutron.plugins.ml2.drivers.type_vlan [None req-7bfdfa2a-edaa-476a-b1ba-cc2a93bcdb31 - - - - - -] VlanTypeDriver initialization complete
2026-02-27 18:51:41.718 1 INFO neutron.plugins.ml2.managers [None req-7bfdfa2a-edaa-476a-b1ba-cc2a93bcdb31 - - - - - -] Initializing extension driver 'dns_domain_ports'
2026-02-27 18:51:41.718 1 INFO neutron.plugins.ml2.extensions.dns_integration [None req-7bfdfa2a-edaa-476a-b1ba-cc2a93bcdb31 - - - - - -] DNSDomainPortsExtensionDriver initialization complete
2026-02-27 18:51:41.719 1 INFO neutron.plugins.ml2.managers [None req-7bfdfa2a-edaa-476a-b1ba-cc2a93bcdb31 - - - - - -] Initializing extension driver 'port_security'
2026-02-27 18:51:41.719 1 INFO neutron.plugins.ml2.extensions.port_security [None req-7bfdfa2a-edaa-476a-b1ba-cc2a93bcdb31 - - - - - -] PortSecurityExtensionDriver initialization complete
2026-02-27 18:51:41.719 1 INFO neutron.plugins.ml2.managers [None req-7bfdfa2a-edaa-476a-b1ba-cc2a93bcdb31 - - - - - -] Initializing extension driver 'qos'
2026-02-27 18:51:41.719 1 INFO neutron.plugins.ml2.managers [None req-7bfdfa2a-edaa-476a-b1ba-cc2a93bcdb31 - - - - - -] Initializing mechanism driver 'ovn'
2026-02-27 18:51:41.720 1 INFO neutron.plugins.ml2.drivers.ovn.mech_driver.mech_driver [None req-7bfdfa2a-edaa-476a-b1ba-cc2a93bcdb31 - - - - - -] Starting OVNMechanismDriver
2026-02-27 18:51:41.744 1 INFO neutron.services.logapi.drivers.ovn.driver [None req-7bfdfa2a-edaa-476a-b1ba-cc2a93bcdb31 - - - - - -] OVN logging driver registered
2026-02-27 18:51:41.749 1 INFO neutron.quota [None req-7bfdfa2a-edaa-476a-b1ba-cc2a93bcdb31 - - - - - -] Loaded quota_driver: .
2026-02-27 18:51:41.749 1 INFO neutron.plugins.ml2.plugin [None req-7bfdfa2a-edaa-476a-b1ba-cc2a93bcdb31 - - - - - -] Modular L2 Plugin initialization complete
2026-02-27 18:51:41.749 1 INFO neutron.plugins.ml2.managers [None req-7bfdfa2a-edaa-476a-b1ba-cc2a93bcdb31 - - - - - -] Got dns-integration extension from driver 'dns_domain_ports'
2026-02-27 18:51:41.749 1 INFO neutron.plugins.ml2.managers [None req-7bfdfa2a-edaa-476a-b1ba-cc2a93bcdb31 - - - - - -] Got dns-domain-ports extension from driver 'dns_domain_ports'
2026-02-27 18:51:41.749 1 INFO neutron.plugins.ml2.managers [None req-7bfdfa2a-edaa-476a-b1ba-cc2a93bcdb31 - - - - - -] Got port-security extension from driver 'port_security'
2026-02-27 18:51:41.750 1 INFO neutron.extensions.vlantransparent [None req-7bfdfa2a-edaa-476a-b1ba-cc2a93bcdb31 - - - - - -] Disabled vlantransparent extension.
2026-02-27 18:51:41.750 1 INFO neutron.manager [None req-7bfdfa2a-edaa-476a-b1ba-cc2a93bcdb31 - - - - - -] Loading Plugin: qos
2026-02-27 18:51:41.758 1 INFO neutron.manager [None req-7bfdfa2a-edaa-476a-b1ba-cc2a93bcdb31 - - - - - -] Loading Plugin: ovn-router
2026-02-27 18:51:41.772 1 INFO neutron.services.ovn_l3.plugin [None req-7bfdfa2a-edaa-476a-b1ba-cc2a93bcdb31 - - - - - -] Starting OVNL3RouterPlugin
2026-02-27 18:51:41.773 1 INFO neutron.manager [None req-7bfdfa2a-edaa-476a-b1ba-cc2a93bcdb31 - - - - - -] Loading Plugin: segments
2026-02-27 18:51:41.842 1 INFO neutron.manager [None req-7bfdfa2a-edaa-476a-b1ba-cc2a93bcdb31 - - - - - -] Loading Plugin: trunk
2026-02-27 18:51:41.847 1 INFO neutron.manager [None req-7bfdfa2a-edaa-476a-b1ba-cc2a93bcdb31 - - - - - -] Loading Plugin: log
2026-02-27 18:51:41.849 1 INFO neutron.manager [None req-7bfdfa2a-edaa-476a-b1ba-cc2a93bcdb31 - - - - - -] Loading Plugin: auto_allocate
2026-02-27 18:51:41.852 1 INFO neutron.manager [None req-7bfdfa2a-edaa-476a-b1ba-cc2a93bcdb31 - - - - - -] Loading Plugin: tag
2026-02-27 18:51:41.855 1 INFO neutron.manager [None req-7bfdfa2a-edaa-476a-b1ba-cc2a93bcdb31 - - - - - -] Loading Plugin: timestamp
2026-02-27 18:51:41.857 1 INFO neutron.manager [None req-7bfdfa2a-edaa-476a-b1ba-cc2a93bcdb31 - - - - - -] Loading Plugin: network_ip_availability
2026-02-27 18:51:41.860 1 INFO neutron.manager [None req-7bfdfa2a-edaa-476a-b1ba-cc2a93bcdb31 - - - - - -] Loading Plugin: flavors
2026-02-27 18:51:41.863 1 INFO neutron.manager [None req-7bfdfa2a-edaa-476a-b1ba-cc2a93bcdb31 - - - - - -] Loading Plugin: revisions
2026-02-27 18:51:41.865 1 INFO neutron.api.extensions [None req-7bfdfa2a-edaa-476a-b1ba-cc2a93bcdb31 - - - - - -] Initializing extension manager.
2026-02-27 18:51:41.866 1 INFO neutron.api.extensions [None req-7bfdfa2a-edaa-476a-b1ba-cc2a93bcdb31 - - - - - -] Loaded extension: address-group
2026-02-27 18:51:41.867 1 INFO neutron.api.extensions [None req-7bfdfa2a-edaa-476a-b1ba-cc2a93bcdb31 - - - - - -] Loaded extension: address-scope
2026-02-27 18:51:41.867 1 INFO neutron.api.extensions [None req-7bfdfa2a-edaa-476a-b1ba-cc2a93bcdb31 - - - - - -] Extension router-admin-state-down-before-update not supported by any of loaded plugins
2026-02-27 18:51:41.868 1 INFO neutron.api.extensions [None req-7bfdfa2a-edaa-476a-b1ba-cc2a93bcdb31 - - - - - -] Loaded extension: agent
2026-02-27 18:51:41.868 1 INFO neutron.api.extensions [None req-7bfdfa2a-edaa-476a-b1ba-cc2a93bcdb31 - - - - - -] Extension agent-resources-synced not supported by any of loaded plugins
2026-02-27 18:51:41.869 1 INFO neutron.api.extensions [None req-7bfdfa2a-edaa-476a-b1ba-cc2a93bcdb31 - - - - - -] Loaded extension: allowed-address-pairs
2026-02-27 18:51:41.870 1 INFO neutron.api.extensions [None req-7bfdfa2a-edaa-476a-b1ba-cc2a93bcdb31 - - - - - -] Loaded extension: auto-allocated-topology
2026-02-27 18:51:41.870 1 INFO neutron.api.extensions [None req-7bfdfa2a-edaa-476a-b1ba-cc2a93bcdb31 - - - - - -] Loaded extension: availability_zone
2026-02-27 18:51:41.871 1 INFO neutron.api.extensions [None req-7bfdfa2a-edaa-476a-b1ba-cc2a93bcdb31 - - - - - -] Extension availability_zone_filter not supported by any of loaded plugins
2026-02-27 18:51:41.871 1 INFO neutron.api.extensions [None req-7bfdfa2a-edaa-476a-b1ba-cc2a93bcdb31 - - - - - -] Extension data-plane-status not supported by any of loaded plugins
2026-02-27 18:51:41.872 1 INFO neutron.api.extensions [None req-7bfdfa2a-edaa-476a-b1ba-cc2a93bcdb31 - - - - - -] Loaded extension: default-subnetpools
2026-02-27 18:51:41.873 1 INFO neutron.api.extensions [None req-7bfdfa2a-edaa-476a-b1ba-cc2a93bcdb31 - - - - - -] Loaded extension: dhcp_agent_scheduler
2026-02-27 18:51:41.873 1 INFO neutron.api.extensions [None req-7bfdfa2a-edaa-476a-b1ba-cc2a93bcdb31 - - - - - -] Loaded extension: dns-integration
2026-02-27 18:51:41.874 1 INFO neutron.api.extensions [None req-7bfdfa2a-edaa-476a-b1ba-cc2a93bcdb31 - - - - - -] Loaded extension: dns-domain-ports
2026-02-27 18:51:41.874 1 INFO neutron.api.extensions [None req-7bfdfa2a-edaa-476a-b1ba-cc2a93bcdb31 - - - - - -] Loaded extension: dns-integration-domain-keywords
2026-02-27 18:51:41.875 1 INFO neutron.api.extensions [None req-7bfdfa2a-edaa-476a-b1ba-cc2a93bcdb31 - - - - - -] Extension dvr not supported by any of loaded plugins
2026-02-27 18:51:41.875 1 INFO neutron.api.extensions [None req-7bfdfa2a-edaa-476a-b1ba-cc2a93bcdb31 - - - - - -] Extension ecmp_routes not supported by any of loaded plugins
2026-02-27 18:51:41.876 1 INFO neutron.api.extensions [None req-7bfdfa2a-edaa-476a-b1ba-cc2a93bcdb31 - - - - - -] Extension empty-string-filtering not supported by any of loaded plugins
2026-02-27 18:51:41.876 1 INFO neutron.api.extensions [None req-7bfdfa2a-edaa-476a-b1ba-cc2a93bcdb31 - - - - - -] Extension expose-l3-conntrack-helper not supported by any of loaded plugins
2026-02-27 18:51:41.877 1 INFO neutron.api.extensions [None req-7bfdfa2a-edaa-476a-b1ba-cc2a93bcdb31 - - - - - -] Extension expose-port-forwarding-in-fip not supported by any of loaded plugins
2026-02-27 18:51:41.877 1 INFO neutron.api.extensions [None req-7bfdfa2a-edaa-476a-b1ba-cc2a93bcdb31 - - - - - -] Loaded extension: external-net
2026-02-27 18:51:41.877 1 INFO neutron.api.extensions [None req-7bfdfa2a-edaa-476a-b1ba-cc2a93bcdb31 - - - - - -] Loaded extension: extra_dhcp_opt
2026-02-27 18:51:41.878 1 INFO neutron.api.extensions [None req-7bfdfa2a-edaa-476a-b1ba-cc2a93bcdb31 - - - - - -] Loaded extension: extraroute
2026-02-27 18:51:41.878 1 INFO neutron.api.extensions [None req-7bfdfa2a-edaa-476a-b1ba-cc2a93bcdb31 - - - - - -] Extension extraroute-atomic not supported by any of loaded plugins
2026-02-27 18:51:41.879 1 INFO neutron.api.extensions [None req-7bfdfa2a-edaa-476a-b1ba-cc2a93bcdb31 - - - - - -] Loaded extension: filter-validation
2026-02-27 18:51:41.879 1 INFO neutron.api.extensions [None req-7bfdfa2a-edaa-476a-b1ba-cc2a93bcdb31 - - - - - -] Extension floating-ip-port-forwarding-description not supported by any of loaded plugins
2026-02-27 18:51:41.880 1 INFO neutron.api.extensions [None req-7bfdfa2a-edaa-476a-b1ba-cc2a93bcdb31 - - - - - -] Loaded extension: floating-ip-port-forwarding-detail
2026-02-27 18:51:41.880 1 INFO neutron.api.extensions [None req-7bfdfa2a-edaa-476a-b1ba-cc2a93bcdb31 - - - - - -] Extension floating-ip-port-forwarding-port-ranges not supported by any of loaded plugins
2026-02-27 18:51:41.881 1 INFO neutron.api.extensions [None req-7bfdfa2a-edaa-476a-b1ba-cc2a93bcdb31 - - - - - -] Loaded extension: fip-port-details
2026-02-27 18:51:41.881 1 INFO neutron.api.extensions [None req-7bfdfa2a-edaa-476a-b1ba-cc2a93bcdb31 - - - - - -] Loaded extension: flavors
2026-02-27 18:51:41.882 1 INFO neutron.api.extensions [None req-7bfdfa2a-edaa-476a-b1ba-cc2a93bcdb31 - - - - - -] Extension floating-ip-port-forwarding not supported by any of loaded plugins
2026-02-27 18:51:41.883 1 INFO neutron.api.extensions [None req-7bfdfa2a-edaa-476a-b1ba-cc2a93bcdb31 - - - - - -] Loaded extension: floatingip-pools
2026-02-27 18:51:41.883 1 INFO neutron.api.extensions [None req-7bfdfa2a-edaa-476a-b1ba-cc2a93bcdb31 - - - - - -] Loaded extension: ip_allocation
2026-02-27 18:51:41.883 1 INFO neutron.api.extensions [None req-7bfdfa2a-edaa-476a-b1ba-cc2a93bcdb31 - - - - - -] Extension ip-substring-filtering not supported by any of loaded plugins
2026-02-27 18:51:41.884 1 INFO neutron.api.extensions [None req-7bfdfa2a-edaa-476a-b1ba-cc2a93bcdb31 - - - - - -] Loaded extension: l2_adjacency
2026-02-27 18:51:41.885 1 INFO neutron.api.extensions [None req-7bfdfa2a-edaa-476a-b1ba-cc2a93bcdb31 - - - - - -] Loaded extension: router
2026-02-27 18:51:41.886 1 INFO neutron.api.extensions [None req-7bfdfa2a-edaa-476a-b1ba-cc2a93bcdb31 - - - - - -] Extension l3-conntrack-helper not supported by any of loaded plugins
2026-02-27 18:51:41.886 1 INFO neutron.api.extensions [None req-7bfdfa2a-edaa-476a-b1ba-cc2a93bcdb31 - - - - - -] Loaded extension: ext-gw-mode
2026-02-27 18:51:41.887 1 INFO neutron.api.extensions [None req-7bfdfa2a-edaa-476a-b1ba-cc2a93bcdb31 - - - - - -] Extension l3-ha not supported by any of loaded plugins
2026-02-27 18:51:41.887 1 INFO neutron.api.extensions [None req-7bfdfa2a-edaa-476a-b1ba-cc2a93bcdb31 - - - - - -] Extension l3-ext-ndp-proxy not supported by any of loaded plugins
2026-02-27 18:51:41.888 1 INFO neutron.api.extensions [None req-7bfdfa2a-edaa-476a-b1ba-cc2a93bcdb31 - - - - - -] Extension l3-flavors not supported by any of loaded plugins
2026-02-27 18:51:41.888 1 INFO neutron.api.extensions [None req-7bfdfa2a-edaa-476a-b1ba-cc2a93bcdb31 - - - - - -] Extension l3-ndp-proxy not supported by any of loaded plugins
2026-02-27 18:51:41.889 1 INFO neutron.api.extensions [None req-7bfdfa2a-edaa-476a-b1ba-cc2a93bcdb31 - - - - - -] Extension l3-port-ip-change-not-allowed not supported by any of loaded plugins
2026-02-27 18:51:41.890 1 INFO neutron.api.extensions [None req-7bfdfa2a-edaa-476a-b1ba-cc2a93bcdb31 - - - - - -] Extension l3_agent_scheduler not supported by any of loaded plugins
2026-02-27 18:51:41.891 1 INFO neutron.api.extensions [None req-7bfdfa2a-edaa-476a-b1ba-cc2a93bcdb31 - - - - - -] Extension local_ip not supported by any of loaded plugins
2026-02-27 18:51:41.892 1 INFO neutron.api.extensions [None req-7bfdfa2a-edaa-476a-b1ba-cc2a93bcdb31 - - - - - -] Loaded extension: logging
2026-02-27 18:51:41.893 1 INFO neutron.api.extensions [None req-7bfdfa2a-edaa-476a-b1ba-cc2a93bcdb31 - - - - - -] Extension metering not supported by any of loaded plugins
2026-02-27 18:51:41.893 1 INFO neutron.api.extensions [None req-7bfdfa2a-edaa-476a-b1ba-cc2a93bcdb31 - - - - - -] Extension metering_source_and_destination_fields not supported by any of loaded plugins
2026-02-27 18:51:41.894 1 INFO neutron.api.extensions [None req-7bfdfa2a-edaa-476a-b1ba-cc2a93bcdb31 - - - - - -] Loaded extension: multi-provider
2026-02-27 18:51:41.894 1 INFO neutron.api.extensions [None req-7bfdfa2a-edaa-476a-b1ba-cc2a93bcdb31 - - - - - -] Loaded extension: net-mtu
2026-02-27 18:51:41.895 1 INFO neutron.api.extensions [None req-7bfdfa2a-edaa-476a-b1ba-cc2a93bcdb31 - - - - - -] Loaded extension: net-mtu-writable
2026-02-27 18:51:41.895 1 INFO neutron.api.extensions [None req-7bfdfa2a-edaa-476a-b1ba-cc2a93bcdb31 - - - - - -] Loaded extension: network_availability_zone
2026-02-27 18:51:41.896 1 INFO neutron.api.extensions [None req-7bfdfa2a-edaa-476a-b1ba-cc2a93bcdb31 - - - - - -] Loaded extension: network-ip-availability
2026-02-27 18:51:41.897 1 INFO neutron.api.extensions [None req-7bfdfa2a-edaa-476a-b1ba-cc2a93bcdb31 - - - - - -] Extension network-segment-range not supported by any of loaded plugins
2026-02-27 18:51:41.897 1 INFO neutron.api.extensions [None req-7bfdfa2a-edaa-476a-b1ba-cc2a93bcdb31 - - - - - -] Loaded extension: pagination
2026-02-27 18:51:41.897 1 INFO neutron.api.extensions [None req-7bfdfa2a-edaa-476a-b1ba-cc2a93bcdb31 - - - - - -] Loaded extension: port-device-profile
2026-02-27 18:51:41.898 1 INFO neutron.api.extensions [None req-7bfdfa2a-edaa-476a-b1ba-cc2a93bcdb31 - - - - - -] Extension port-mac-override not supported by any of loaded plugins
2026-02-27 18:51:41.898 1 INFO neutron.api.extensions [None req-7bfdfa2a-edaa-476a-b1ba-cc2a93bcdb31 - - - - - -] Loaded extension: port-mac-address-regenerate
2026-02-27 18:51:41.899 1 INFO neutron.api.extensions [None req-7bfdfa2a-edaa-476a-b1ba-cc2a93bcdb31 - - - - - -] Loaded extension: port-numa-affinity-policy
2026-02-27 18:51:41.899 1 INFO neutron.api.extensions [None req-7bfdfa2a-edaa-476a-b1ba-cc2a93bcdb31 - - - - - -] Loaded extension: port-resource-request
2026-02-27 18:51:41.900 1 INFO neutron.api.extensions [None req-7bfdfa2a-edaa-476a-b1ba-cc2a93bcdb31 - - - - - -] Loaded extension: port-resource-request-groups
2026-02-27 18:51:41.900 1 INFO neutron.api.extensions [None req-7bfdfa2a-edaa-476a-b1ba-cc2a93bcdb31 - - - - - -] Loaded extension: binding
2026-02-27 18:51:41.901 1 INFO neutron.api.extensions [None req-7bfdfa2a-edaa-476a-b1ba-cc2a93bcdb31 - - - - - -] Loaded extension: binding-extended
2026-02-27 18:51:41.901 1 INFO neutron.api.extensions [None req-7bfdfa2a-edaa-476a-b1ba-cc2a93bcdb31 - - - - - -] Loaded extension: port-security
2026-02-27 18:51:41.901 1 INFO neutron.api.extensions [None req-7bfdfa2a-edaa-476a-b1ba-cc2a93bcdb31 - - - - - -] Loaded extension: project-id
2026-02-27 18:51:41.902 1 INFO neutron.api.extensions [None req-7bfdfa2a-edaa-476a-b1ba-cc2a93bcdb31 - - - - - -] Loaded extension: provider
2026-02-27 18:51:41.903 1 INFO neutron.api.extensions [None req-7bfdfa2a-edaa-476a-b1ba-cc2a93bcdb31 - - - - - -] Loaded extension: qos
2026-02-27 18:51:41.904 1 INFO neutron.api.extensions [None req-7bfdfa2a-edaa-476a-b1ba-cc2a93bcdb31 - - - - - -] Loaded extension: qos-bw-limit-direction
2026-02-27 18:51:41.904 1 INFO neutron.api.extensions [None req-7bfdfa2a-edaa-476a-b1ba-cc2a93bcdb31 - - - - - -] Loaded extension: qos-bw-minimum-ingress
2026-02-27 18:51:41.905 1 INFO neutron.api.extensions [None req-7bfdfa2a-edaa-476a-b1ba-cc2a93bcdb31 - - - - - -] Loaded extension: qos-default
2026-02-27 18:51:41.905 1 INFO neutron.api.extensions [None req-7bfdfa2a-edaa-476a-b1ba-cc2a93bcdb31 - - - - - -] Loaded extension: qos-fip
2026-02-27 18:51:41.906 1 INFO neutron.api.extensions [None req-7bfdfa2a-edaa-476a-b1ba-cc2a93bcdb31 - - - - - -] Extension qos-fip-network-policy not supported by any of loaded plugins
2026-02-27 18:51:41.906 1 INFO neutron.api.extensions [None req-7bfdfa2a-edaa-476a-b1ba-cc2a93bcdb31 - - - - - -] Loaded extension: qos-gateway-ip
2026-02-27 18:51:41.907 1 INFO neutron.api.extensions [None req-7bfdfa2a-edaa-476a-b1ba-cc2a93bcdb31 - - - - - -] Loaded extension: qos-port-network-policy
2026-02-27 18:51:41.907 1 INFO neutron.api.extensions [None req-7bfdfa2a-edaa-476a-b1ba-cc2a93bcdb31 - - - - - -] Loaded extension: qos-pps-minimum
2026-02-27 18:51:41.908 1 INFO neutron.api.extensions [None req-7bfdfa2a-edaa-476a-b1ba-cc2a93bcdb31 - - - - - -] Loaded extension: qos-pps-minimum-rule-alias
2026-02-27 18:51:41.908 1 INFO neutron.api.extensions [None req-7bfdfa2a-edaa-476a-b1ba-cc2a93bcdb31 - - - - - -] Loaded extension: qos-pps
2026-02-27 18:51:41.909 1 INFO neutron.api.extensions [None req-7bfdfa2a-edaa-476a-b1ba-cc2a93bcdb31 - - - - - -] Loaded extension: qos-rule-type-details
2026-02-27 18:51:41.909 1 INFO neutron.api.extensions [None req-7bfdfa2a-edaa-476a-b1ba-cc2a93bcdb31 - - - - - -] Loaded extension: qos-rule-type-filter
2026-02-27 18:51:41.910 1 INFO neutron.api.extensions [None req-7bfdfa2a-edaa-476a-b1ba-cc2a93bcdb31 - - - - - -] Loaded extension: qos-rules-alias
2026-02-27 18:51:41.910 1 INFO neutron.api.extensions [None req-7bfdfa2a-edaa-476a-b1ba-cc2a93bcdb31 - - - - - -] Loaded extension: quota-check-limit
2026-02-27 18:51:41.913 1 INFO neutron.api.extensions [None req-7bfdfa2a-edaa-476a-b1ba-cc2a93bcdb31 - - - - - -] Loaded extension: quotas
2026-02-27 18:51:41.914 1 INFO neutron.api.extensions [None req-7bfdfa2a-edaa-476a-b1ba-cc2a93bcdb31 - - - - - -] Loaded extension: quota_details
2026-02-27 18:51:41.915 1 INFO neutron.api.extensions [None req-7bfdfa2a-edaa-476a-b1ba-cc2a93bcdb31 - - - - - -] Loaded extension: rbac-policies
2026-02-27 18:51:41.915 1 INFO neutron.api.extensions [None req-7bfdfa2a-edaa-476a-b1ba-cc2a93bcdb31 - - - - - -] Extension rbac-address-group not supported by any of loaded plugins
2026-02-27 18:51:41.916 1 INFO neutron.api.extensions [None req-7bfdfa2a-edaa-476a-b1ba-cc2a93bcdb31 - - - - - -] Loaded extension: rbac-address-scope
2026-02-27 18:51:41.917 1 INFO neutron.api.extensions [None req-7bfdfa2a-edaa-476a-b1ba-cc2a93bcdb31 - - - - - -] Loaded extension: rbac-security-groups
2026-02-27 18:51:41.917 1 INFO neutron.api.extensions [None req-7bfdfa2a-edaa-476a-b1ba-cc2a93bcdb31 - - - - - -] Extension rbac-subnetpool not supported by any of loaded plugins
2026-02-27 18:51:41.918 1 INFO neutron.api.extensions [None req-7bfdfa2a-edaa-476a-b1ba-cc2a93bcdb31 - - - - - -] Loaded extension: revision-if-match
2026-02-27 18:51:41.918 1 INFO neutron.api.extensions [None req-7bfdfa2a-edaa-476a-b1ba-cc2a93bcdb31 - - - - - -] Loaded extension: standard-attr-revisions
2026-02-27 18:51:41.919 1 INFO neutron.api.extensions [None req-7bfdfa2a-edaa-476a-b1ba-cc2a93bcdb31 - - - - - -] Loaded extension: router_availability_zone
2026-02-27 18:51:41.919 1 INFO neutron.api.extensions [None req-7bfdfa2a-edaa-476a-b1ba-cc2a93bcdb31 - - - - - -] Extension router-service-type not supported by any of loaded plugins
2026-02-27 18:51:41.919 1 INFO neutron.api.extensions [None req-7bfdfa2a-edaa-476a-b1ba-cc2a93bcdb31 - - - - - -] Loaded extension: security-groups-normalized-cidr
2026-02-27 18:51:41.920 1 INFO neutron.api.extensions [None req-7bfdfa2a-edaa-476a-b1ba-cc2a93bcdb31 - - - - - -] Extension port-security-groups-filtering not supported by any of loaded plugins
2026-02-27 18:51:41.920 1 INFO neutron.api.extensions [None req-7bfdfa2a-edaa-476a-b1ba-cc2a93bcdb31 - - - - - -] Loaded extension: security-groups-remote-address-group
2026-02-27 18:51:41.921 1 INFO neutron.api.extensions [None req-7bfdfa2a-edaa-476a-b1ba-cc2a93bcdb31 - - - - - -] Loaded extension: security-groups-shared-filtering
2026-02-27 18:51:41.927 1 INFO neutron.api.extensions [None req-7bfdfa2a-edaa-476a-b1ba-cc2a93bcdb31 - - - - - -] Loaded extension: security-group
2026-02-27 18:51:41.927 1 INFO neutron.api.extensions [None req-7bfdfa2a-edaa-476a-b1ba-cc2a93bcdb31 - - - - - -] Loaded extension: segment
2026-02-27 18:51:41.928 1 INFO neutron.api.extensions [None req-7bfdfa2a-edaa-476a-b1ba-cc2a93bcdb31 - - - - - -] Loaded extension: segments-peer-subnet-host-routes
2026-02-27 18:51:41.928 1 INFO neutron.api.extensions [None req-7bfdfa2a-edaa-476a-b1ba-cc2a93bcdb31 - - - - - -] Loaded extension: service-type
2026-02-27 18:51:41.929 1 INFO neutron.api.extensions [None req-7bfdfa2a-edaa-476a-b1ba-cc2a93bcdb31 - - - - - -] Loaded extension: sorting
2026-02-27 18:51:41.929 1 INFO neutron.api.extensions [None req-7bfdfa2a-edaa-476a-b1ba-cc2a93bcdb31 - - - - - -] Loaded extension: standard-attr-segment
2026-02-27 18:51:41.930 1 INFO neutron.api.extensions [None req-7bfdfa2a-edaa-476a-b1ba-cc2a93bcdb31 - - - - - -] Loaded extension: standard-attr-description
2026-02-27 18:51:41.930 1 INFO neutron.api.extensions [None req-7bfdfa2a-edaa-476a-b1ba-cc2a93bcdb31 - - - - - -] Loaded extension: stateful-security-group
2026-02-27 18:51:41.931 1 WARNING neutron.api.extensions [None req-7bfdfa2a-edaa-476a-b1ba-cc2a93bcdb31 - - - - - -] Did not find expected name "Stdattrs_common" in /var/lib/openstack/lib/python3.10/site-packages/neutron/extensions/stdattrs_common.py
2026-02-27 18:51:41.931 1 INFO neutron.api.extensions [None req-7bfdfa2a-edaa-476a-b1ba-cc2a93bcdb31 - - - - - -] Loaded extension: subnet-dns-publish-fixed-ip
2026-02-27 18:51:41.931 1 INFO neutron.api.extensions [None req-7bfdfa2a-edaa-476a-b1ba-cc2a93bcdb31 - - - - - -] Extension subnet_onboard not supported by any of loaded plugins
2026-02-27 18:51:41.932 1 INFO neutron.api.extensions [None req-7bfdfa2a-edaa-476a-b1ba-cc2a93bcdb31 - - - - - -] Loaded extension: subnet-segmentid-writable
2026-02-27 18:51:41.932 1 INFO neutron.api.extensions [None req-7bfdfa2a-edaa-476a-b1ba-cc2a93bcdb31 - - - - - -] Loaded extension: subnet-service-types
2026-02-27 18:51:41.933 1 INFO neutron.api.extensions [None req-7bfdfa2a-edaa-476a-b1ba-cc2a93bcdb31 - - - - - -] Loaded extension: subnet_allocation
2026-02-27 18:51:41.933 1 INFO neutron.api.extensions [None req-7bfdfa2a-edaa-476a-b1ba-cc2a93bcdb31 - - - - - -] Loaded extension: subnetpool-prefix-ops
2026-02-27 18:51:41.934 1 INFO neutron.api.extensions [None req-7bfdfa2a-edaa-476a-b1ba-cc2a93bcdb31 - - - - - -] Extension tag-ports-during-bulk-creation not supported by any of loaded plugins
2026-02-27 18:51:41.936 1 INFO neutron.api.extensions [None req-7bfdfa2a-edaa-476a-b1ba-cc2a93bcdb31 - - - - - -] Loaded extension: standard-attr-tag
2026-02-27 18:51:41.936 1 INFO neutron.api.extensions [None req-7bfdfa2a-edaa-476a-b1ba-cc2a93bcdb31 - - - - - -] Loaded extension: standard-attr-timestamp
2026-02-27 18:51:41.937 1 INFO neutron.api.extensions [None req-7bfdfa2a-edaa-476a-b1ba-cc2a93bcdb31 - - - - - -] Loaded extension: trunk
2026-02-27 18:51:41.937 1 INFO neutron.api.extensions [None req-7bfdfa2a-edaa-476a-b1ba-cc2a93bcdb31 - - - - - -] Loaded extension: trunk-details
2026-02-27 18:51:41.937 1 INFO neutron.api.extensions [None req-7bfdfa2a-edaa-476a-b1ba-cc2a93bcdb31 - - - - - -] Extension uplink-status-propagation not supported by any of loaded plugins
2026-02-27 18:51:41.938 1 INFO neutron.api.extensions [None req-7bfdfa2a-edaa-476a-b1ba-cc2a93bcdb31 - - - - - -] Extension vlan-transparent not supported by any of loaded plugins
2026-02-27 18:51:41.939 1 INFO neutron.quota.resource_registry [None req-7bfdfa2a-edaa-476a-b1ba-cc2a93bcdb31 - - - - - -] Creating instance of TrackedResource for resource:network
2026-02-27 18:51:41.940 1 INFO neutron.quota.resource_registry [None req-7bfdfa2a-edaa-476a-b1ba-cc2a93bcdb31 - - - - - -] Creating instance of TrackedResource for resource:subnet
2026-02-27 18:51:41.940 1 INFO neutron.quota.resource_registry [None req-7bfdfa2a-edaa-476a-b1ba-cc2a93bcdb31 - - - - - -] Creating instance of TrackedResource for resource:subnetpool
2026-02-27 18:51:41.940 1 INFO neutron.quota.resource_registry [None req-7bfdfa2a-edaa-476a-b1ba-cc2a93bcdb31 - - - - - -] Creating instance of TrackedResource for resource:port
2026-02-27 18:51:41.941 1 INFO neutron.quota.resource_registry [None req-7bfdfa2a-edaa-476a-b1ba-cc2a93bcdb31 - - - - - -] Creating instance of TrackedResource for resource:router
2026-02-27 18:51:41.941 1 INFO neutron.quota.resource_registry [None req-7bfdfa2a-edaa-476a-b1ba-cc2a93bcdb31 - - - - - -] Creating instance of TrackedResource for resource:floatingip
2026-02-27 18:51:41.943 1 INFO neutron.quota.resource_registry [None req-7bfdfa2a-edaa-476a-b1ba-cc2a93bcdb31 - - - - - -] Creating instance of CountableResource for resource:rbac_policy
2026-02-27 18:51:41.943 1 INFO neutron.quota.resource_registry [None req-7bfdfa2a-edaa-476a-b1ba-cc2a93bcdb31 - - - - - -] Creating instance of TrackedResource for resource:security_group
2026-02-27 18:51:41.943 1 INFO neutron.quota.resource_registry [None req-7bfdfa2a-edaa-476a-b1ba-cc2a93bcdb31 - - - - - -] Creating instance of TrackedResource for resource:security_group_rule
2026-02-27 18:51:41.943 1 INFO neutron.quota.resource_registry [None req-7bfdfa2a-edaa-476a-b1ba-cc2a93bcdb31 - - - - - -] Creating instance of TrackedResource for resource:subnetpool
2026-02-27 18:51:41.943 1 WARNING neutron.quota.resource_registry [None req-7bfdfa2a-edaa-476a-b1ba-cc2a93bcdb31 - - - - - -] subnetpool is already registered
2026-02-27 18:51:41.943 1 INFO neutron.quota.resource_registry [None req-7bfdfa2a-edaa-476a-b1ba-cc2a93bcdb31 - - - - - -] Creating instance of CountableResource for resource:trunk
2026-02-27 18:51:41.946 1 INFO neutron.quota.resource_registry [None req-7bfdfa2a-edaa-476a-b1ba-cc2a93bcdb31 - - - - - -] Creating instance of TrackedResource for resource:router
2026-02-27 18:51:41.946 1 WARNING neutron.quota.resource_registry [None req-7bfdfa2a-edaa-476a-b1ba-cc2a93bcdb31 - - - - - -] router is already registered
2026-02-27 18:51:41.946 1 INFO neutron.quota.resource_registry [None req-7bfdfa2a-edaa-476a-b1ba-cc2a93bcdb31 - - - - - -] Creating instance of TrackedResource for resource:floatingip
2026-02-27 18:51:41.946 1 WARNING neutron.quota.resource_registry [None req-7bfdfa2a-edaa-476a-b1ba-cc2a93bcdb31 - - - - - -] floatingip is already registered
2026-02-27 18:51:41.947 1 INFO neutron.quota.resource_registry [None req-7bfdfa2a-edaa-476a-b1ba-cc2a93bcdb31 - - - - - -] Creating instance of CountableResource for resource:rbac_policy
2026-02-27 18:51:41.947 1 WARNING neutron.quota.resource_registry [None req-7bfdfa2a-edaa-476a-b1ba-cc2a93bcdb31 - - - - - -] rbac_policy is already registered
2026-02-27 18:51:41.947 1 INFO neutron.quota.resource_registry [None req-7bfdfa2a-edaa-476a-b1ba-cc2a93bcdb31 - - - - - -] Creating instance of TrackedResource for resource:security_group
2026-02-27 18:51:41.947 1 WARNING neutron.quota.resource_registry [None req-7bfdfa2a-edaa-476a-b1ba-cc2a93bcdb31 - - - - - -] security_group is already registered
2026-02-27 18:51:41.947 1 INFO neutron.quota.resource_registry [None req-7bfdfa2a-edaa-476a-b1ba-cc2a93bcdb31 - - - - - -] Creating instance of TrackedResource for resource:security_group_rule
2026-02-27 18:51:41.947 1 WARNING neutron.quota.resource_registry [None req-7bfdfa2a-edaa-476a-b1ba-cc2a93bcdb31 - - - - - -] security_group_rule is already registered
2026-02-27 18:51:41.948 1 INFO neutron.quota.resource_registry [None req-7bfdfa2a-edaa-476a-b1ba-cc2a93bcdb31 - - - - - -] Creating instance of TrackedResource for resource:subnetpool
2026-02-27 18:51:41.948 1 WARNING neutron.quota.resource_registry [None req-7bfdfa2a-edaa-476a-b1ba-cc2a93bcdb31 - - - - - -] subnetpool is already registered
2026-02-27 18:51:41.948 1 INFO neutron.quota.resource_registry [None req-7bfdfa2a-edaa-476a-b1ba-cc2a93bcdb31 - - - - - -] Creating instance of CountableResource for resource:trunk
2026-02-27 18:51:41.948 1 WARNING neutron.quota.resource_registry [None req-7bfdfa2a-edaa-476a-b1ba-cc2a93bcdb31 - - - - - -] trunk is already registered
2026-02-27 18:51:41.974 1 WARNING keystonemiddleware._common.config [None req-7bfdfa2a-edaa-476a-b1ba-cc2a93bcdb31 - - - - - -] The option "audit_map_file" is not known to keystonemiddleware
2026-02-27 18:51:41.980 1 WARNING oslo_config.cfg [None req-7bfdfa2a-edaa-476a-b1ba-cc2a93bcdb31 - - - - - -] Deprecated: Option "auth_uri" from group "keystone_authtoken" is deprecated. Use option "www_authenticate_uri" from group "keystone_authtoken".
2026-02-27 18:51:41.983 1 INFO oslo_service.service [None req-7bfdfa2a-edaa-476a-b1ba-cc2a93bcdb31 - - - - - -] Starting 2 workers
2026-02-27 18:51:41.989 1 INFO neutron.service [None req-7bfdfa2a-edaa-476a-b1ba-cc2a93bcdb31 - - - - - -] Neutron service started, listening on 0.0.0.0:9696
2026-02-27 18:51:42.008 9 INFO neutron.db.ovn_hash_ring_db [None req-658596b0-17a1-486d-a5a9-43b20939ebc7 - - - - - -] Nodes from host "neutron-server-76f775774b-wd2tv" and group "mechanism_driver" removed from the Hash Ring
2026-02-27 18:51:42.012 1 INFO oslo_service.service [None req-7bfdfa2a-edaa-476a-b1ba-cc2a93bcdb31 - - - - - -] Starting 2 workers
2026-02-27 18:51:42.015 9 INFO neutron.db.ovn_hash_ring_db [None req-658596b0-17a1-486d-a5a9-43b20939ebc7 - - - - - -] Node 33ae7543-1940-4a80-8fab-c41cd643cf6c from host "neutron-server-76f775774b-wd2tv" and group "mechanism_driver" added to the Hash Ring
2026-02-27 18:51:42.016 9 INFO neutron.plugins.ml2.drivers.ovn.mech_driver.mech_driver [None req-658596b0-17a1-486d-a5a9-43b20939ebc7 - - - - - -] Hash Ring probing thread has started
2026-02-27 18:51:42.017 9 INFO neutron.plugins.ml2.drivers.ovn.mech_driver.ovsdb.impl_idl_ovn [None req-658596b0-17a1-486d-a5a9-43b20939ebc7 - - - - - -] Getting OvsdbNbOvnIdl for WorkerService with retry
2026-02-27 18:51:42.022 1 INFO oslo_service.service [None req-7bfdfa2a-edaa-476a-b1ba-cc2a93bcdb31 - - - - - -] Starting 1 workers
2026-02-27 18:51:42.025 1 INFO oslo_service.service [None req-7bfdfa2a-edaa-476a-b1ba-cc2a93bcdb31 - - - - - -] Starting 1 workers
2026-02-27 18:51:42.027 1 INFO oslo_service.service [None req-7bfdfa2a-edaa-476a-b1ba-cc2a93bcdb31 - - - - - -] Starting 1 workers
2026-02-27 18:51:42.029 12 INFO neutron.plugins.ml2.drivers.ovn.mech_driver.ovsdb.impl_idl_ovn [-] Getting OvsdbNbOvnIdl for RpcWorker with retry
2026-02-27 18:51:42.031 13 INFO neutron.plugins.ml2.drivers.ovn.mech_driver.ovsdb.impl_idl_ovn [-] Getting OvsdbNbOvnIdl for RpcWorker with retry
2026-02-27 18:51:42.037 15 INFO neutron.plugins.ml2.drivers.ovn.mech_driver.ovsdb.impl_idl_ovn [-] Getting OvsdbNbOvnIdl for MaintenanceWorker with retry
2026-02-27 18:51:42.039 1 WARNING oslo_config.cfg [-] Deprecated: Option "auth_uri" from group "keystone_authtoken" is deprecated for removal (The auth_uri option is deprecated in favor of www_authenticate_uri and will be removed in the S release.). Its value may be silently ignored in the future.
2026-02-27 18:51:42.047 9 INFO ovsdbapp.backend.ovs_idl.vlog [None req-658596b0-17a1-486d-a5a9-43b20939ebc7 - - - - - -] tcp:10.110.38.70:6641: connecting...
2026-02-27 18:51:42.047 9 INFO ovsdbapp.backend.ovs_idl.vlog [None req-658596b0-17a1-486d-a5a9-43b20939ebc7 - - - - - -] tcp:10.110.38.70:6641: connected
2026-02-27 18:51:42.047 10 INFO neutron.db.ovn_hash_ring_db [None req-16098e52-1ba1-4e62-80f5-6ac075ae2460 - - - - - -] Node 4cf922ae-44a7-4893-ad86-4315b4fdc8c9 from host "neutron-server-76f775774b-wd2tv" and group "mechanism_driver" added to the Hash Ring
2026-02-27 18:51:42.048 10 INFO neutron.plugins.ml2.drivers.ovn.mech_driver.ovsdb.impl_idl_ovn [None req-16098e52-1ba1-4e62-80f5-6ac075ae2460 - - - - - -] Getting OvsdbNbOvnIdl for WorkerService with retry
2026-02-27 18:51:42.063 12 INFO ovsdbapp.backend.ovs_idl.vlog [None req-dda9834b-8e03-4d99-87fd-062dbef57c60 - - - - - -] tcp:10.110.38.70:6641: connecting...
2026-02-27 18:51:42.063 12 INFO ovsdbapp.backend.ovs_idl.vlog [None req-dda9834b-8e03-4d99-87fd-062dbef57c60 - - - - - -] tcp:10.110.38.70:6641: connected
2026-02-27 18:51:42.072 15 INFO ovsdbapp.backend.ovs_idl.vlog [-] tcp:10.110.38.70:6641: connecting...
2026-02-27 18:51:42.073 15 INFO ovsdbapp.backend.ovs_idl.vlog [-] tcp:10.110.38.70:6641: connected
2026-02-27 18:51:42.074 13 INFO ovsdbapp.backend.ovs_idl.vlog [None req-d561079f-21f9-4e59-bc44-05bd01a68276 - - - - - -] tcp:10.110.38.70:6641: connecting...
2026-02-27 18:51:42.074 13 INFO ovsdbapp.backend.ovs_idl.vlog [None req-d561079f-21f9-4e59-bc44-05bd01a68276 - - - - - -] tcp:10.110.38.70:6641: connected
2026-02-27 18:51:42.083 10 INFO ovsdbapp.backend.ovs_idl.vlog [None req-16098e52-1ba1-4e62-80f5-6ac075ae2460 - - - - - -] tcp:10.110.38.70:6641: connecting...
2026-02-27 18:51:42.083 10 INFO ovsdbapp.backend.ovs_idl.vlog [None req-16098e52-1ba1-4e62-80f5-6ac075ae2460 - - - - - -] tcp:10.110.38.70:6641: connected
2026-02-27 18:51:42.093 9 INFO neutron.plugins.ml2.drivers.ovn.mech_driver.ovsdb.impl_idl_ovn [None req-658596b0-17a1-486d-a5a9-43b20939ebc7 - - - - - -] Getting OvsdbSbOvnIdl for WorkerService with retry
2026-02-27 18:51:42.100 9 INFO ovsdbapp.backend.ovs_idl.vlog [None req-658596b0-17a1-486d-a5a9-43b20939ebc7 - - - - - -] tcp:10.107.161.57:6642: connecting...
2026-02-27 18:51:42.101 9 INFO ovsdbapp.backend.ovs_idl.vlog [None req-658596b0-17a1-486d-a5a9-43b20939ebc7 - - - - - -] tcp:10.107.161.57:6642: connected
2026-02-27 18:51:42.107 15 INFO neutron.plugins.ml2.drivers.ovn.mech_driver.ovsdb.impl_idl_ovn [-] Getting OvsdbSbOvnIdl for MaintenanceWorker with retry
2026-02-27 18:51:42.113 15 INFO ovsdbapp.backend.ovs_idl.vlog [-] tcp:10.107.161.57:6642: connecting...
2026-02-27 18:51:42.113 15 INFO ovsdbapp.backend.ovs_idl.vlog [-] tcp:10.107.161.57:6642: connected
2026-02-27 18:51:42.119 12 INFO neutron.plugins.ml2.drivers.ovn.mech_driver.ovsdb.impl_idl_ovn [None req-dda9834b-8e03-4d99-87fd-062dbef57c60 - - - - - -] Getting OvsdbSbOvnIdl for RpcWorker with retry
2026-02-27 18:51:42.126 12 INFO ovsdbapp.backend.ovs_idl.vlog [None req-dda9834b-8e03-4d99-87fd-062dbef57c60 - - - - - -] tcp:10.107.161.57:6642: connecting...
2026-02-27 18:51:42.126 12 INFO ovsdbapp.backend.ovs_idl.vlog [None req-dda9834b-8e03-4d99-87fd-062dbef57c60 - - - - - -] tcp:10.107.161.57:6642: connected
2026-02-27 18:51:42.135 10 INFO neutron.plugins.ml2.drivers.ovn.mech_driver.ovsdb.impl_idl_ovn [None req-16098e52-1ba1-4e62-80f5-6ac075ae2460 - - - - - -] Getting OvsdbSbOvnIdl for WorkerService with retry
2026-02-27 18:51:42.136 13 INFO neutron.plugins.ml2.drivers.ovn.mech_driver.ovsdb.impl_idl_ovn [None req-d561079f-21f9-4e59-bc44-05bd01a68276 - - - - - -] Getting OvsdbSbOvnIdl for RpcWorker with retry
2026-02-27 18:51:42.142 13 INFO ovsdbapp.backend.ovs_idl.vlog [None req-d561079f-21f9-4e59-bc44-05bd01a68276 - - - - - -] tcp:10.107.161.57:6642: connecting...
2026-02-27 18:51:42.143 13 INFO ovsdbapp.backend.ovs_idl.vlog [None req-d561079f-21f9-4e59-bc44-05bd01a68276 - - - - - -] tcp:10.107.161.57:6642: connected
2026-02-27 18:51:42.143 10 INFO ovsdbapp.backend.ovs_idl.vlog [None req-16098e52-1ba1-4e62-80f5-6ac075ae2460 - - - - - -] tcp:10.107.161.57:6642: connecting...
2026-02-27 18:51:42.144 10 INFO ovsdbapp.backend.ovs_idl.vlog [None req-16098e52-1ba1-4e62-80f5-6ac075ae2460 - - - - - -] tcp:10.107.161.57:6642: connected
2026-02-27 18:51:42.144 9 INFO neutron.wsgi [-] (9) wsgi starting up on http://0.0.0.0:9696
2026-02-27 18:51:42.156 15 INFO neutron.plugins.ml2.drivers.ovn.mech_driver.ovsdb.extensions.qos [-] Starting OVNClientQosExtension
2026-02-27 18:51:42.157 15 INFO neutron.plugins.ml2.drivers.ovn.mech_driver.ovsdb.extensions.placement [-] Starting OVNClientPlacementExtension
2026-02-27 18:51:42.157 15 INFO neutron.plugins.ml2.drivers.ovn.mech_driver.ovsdb.extensions.qos [-] Starting OVNClientQosExtension
2026-02-27 18:51:42.164 15 INFO neutron.plugins.ml2.drivers.ovn.mech_driver.mech_driver [-] Maintenance task thread has started
2026-02-27 18:51:42.191 10 INFO neutron.wsgi [-] (10) wsgi starting up on http://0.0.0.0:9696
2026-02-27 18:51:42.314 15 INFO neutron.db.ovn_hash_ring_db [None req-c8b5483d-0ce0-494c-8732-d25f5af2f3ac - - - - - -] Cleaned up Hash Ring nodes older than 5 days
2026-02-27 18:51:42.349 15 INFO neutron.plugins.ml2.drivers.ovn.mech_driver.ovsdb.extensions.qos [None req-c8b5483d-0ce0-494c-8732-d25f5af2f3ac - - - - - -] Starting OVNClientQosExtension
2026-02-27 18:51:45.778 9 INFO neutron.wsgi [-] 10.0.0.71 "GET / HTTP/1.1" status: 200 len: 247 time: 0.0036376 /var/lib/openstack/lib/python3.10/site-packages/memcache.py:1303: SyntaxWarning: "is" with a literal. Did you mean "=="? if key is '': /var/lib/openstack/lib/python3.10/site-packages/memcache.py:1304: SyntaxWarning: "is" with a literal. Did you mean "=="? if key_extra_len is 0:
2026-02-27 18:51:50.763 9 INFO neutron.wsgi [-] 10.0.0.71 "GET / HTTP/1.1" status: 200 len: 247 time: 0.0023317 /var/lib/openstack/lib/python3.10/site-packages/pycadf/identifier.py:71: UserWarning: Invalid uuid: unknown. To ensure interoperability, identifiers should be a valid uuid. warnings.warn(('Invalid uuid: %s. To ensure interoperability, '
2026-02-27 18:51:51.081 10 WARNING oslo_policy.policy [None req-cf967553-88e6-457b-a332-3899a4e7a8bc a0ab03975da64b16aac770b34d5acf34 7a01ad83d02f4baebe0f62e9db4df337 - - default default] Policies ['delete_port', 'update_port:allowed_address_pairs', 'update_port:allowed_address_pairs:ip_address', 'update_port:allowed_address_pairs:mac_address', 'update_port:fixed_ips', 'update_port:mac_address'] reference a rule that is not defined.
2026-02-27 18:51:51.319 10 INFO neutron.wsgi [None req-cf967553-88e6-457b-a332-3899a4e7a8bc a0ab03975da64b16aac770b34d5acf34 7a01ad83d02f4baebe0f62e9db4df337 - - default default] 199.204.45.70,10.0.0.71 "GET /v2.0/networks HTTP/1.1" status: 200 len: 189 time: 0.7200856
2026-02-27 18:51:51.446 10 INFO neutron.plugins.ml2.drivers.ovn.mech_driver.ovsdb.extensions.qos [None req-7b07cd46-7733-41b8-9c14-1e0bec31d828 a0ab03975da64b16aac770b34d5acf34 7a01ad83d02f4baebe0f62e9db4df337 - - - -] Starting OVNClientQosExtension
2026-02-27 18:51:51.446 10 INFO neutron.plugins.ml2.drivers.ovn.mech_driver.ovsdb.extensions.placement [None req-7b07cd46-7733-41b8-9c14-1e0bec31d828 a0ab03975da64b16aac770b34d5acf34 7a01ad83d02f4baebe0f62e9db4df337 - - - -] Starting OVNClientPlacementExtension
2026-02-27 18:51:51.474 10 INFO neutron.db.ovn_revision_numbers_db [None req-7b07cd46-7733-41b8-9c14-1e0bec31d828 a0ab03975da64b16aac770b34d5acf34 7a01ad83d02f4baebe0f62e9db4df337 - - - -] Successfully bumped revision number for resource 8bd0bcf4-b229-4d14-932a-b16869384ee9 (type: security_groups) to 1
2026-02-27 18:51:51.489 10 WARNING neutron.services.revisions.revision_plugin [None req-7b07cd46-7733-41b8-9c14-1e0bec31d828 a0ab03975da64b16aac770b34d5acf34 7a01ad83d02f4baebe0f62e9db4df337 - - - -] Could not find related network for resource to bump revision.
2026-02-27 18:51:51.553 10 INFO neutron.db.segments_db [None req-7b07cd46-7733-41b8-9c14-1e0bec31d828 a0ab03975da64b16aac770b34d5acf34 7a01ad83d02f4baebe0f62e9db4df337 - - - -] Added segment c618cdfc-4501-470a-8765-e7b427de7714 of type flat for network 90384adf-e59a-4b69-bef3-9225cc687fc9
2026-02-27 18:51:51.733 10 INFO neutron.db.ovn_revision_numbers_db [None req-7b07cd46-7733-41b8-9c14-1e0bec31d828 a0ab03975da64b16aac770b34d5acf34 7a01ad83d02f4baebe0f62e9db4df337 - - - -] Successfully bumped revision number for resource 90384adf-e59a-4b69-bef3-9225cc687fc9 (type: networks) to 1
2026-02-27 18:51:52.005 10 WARNING neutron.scheduler.dhcp_agent_scheduler [None req-7b07cd46-7733-41b8-9c14-1e0bec31d828 a0ab03975da64b16aac770b34d5acf34 7a01ad83d02f4baebe0f62e9db4df337 - - - -] No more DHCP agents
2026-02-27 18:51:52.007 10 WARNING neutron.api.rpc.agentnotifiers.dhcp_rpc_agent_api [None req-7b07cd46-7733-41b8-9c14-1e0bec31d828 a0ab03975da64b16aac770b34d5acf34 7a01ad83d02f4baebe0f62e9db4df337 - - - -] Unable to schedule network 90384adf-e59a-4b69-bef3-9225cc687fc9: no agents available; will retry on subsequent port and subnet creation events.
2026-02-27 18:51:52.102 10 INFO neutron.db.ovn_revision_numbers_db [None req-7b07cd46-7733-41b8-9c14-1e0bec31d828 a0ab03975da64b16aac770b34d5acf34 7a01ad83d02f4baebe0f62e9db4df337 - - - -] Successfully bumped revision number for resource d84d38e1-6022-47dd-a8d6-97f8b23b337b (type: ports) to 1
2026-02-27 18:51:52.130 10 INFO neutron.wsgi [None req-7b07cd46-7733-41b8-9c14-1e0bec31d828 a0ab03975da64b16aac770b34d5acf34 7a01ad83d02f4baebe0f62e9db4df337 - - - -] 199.204.45.70,10.0.0.71 "POST /v2.0/networks HTTP/1.1" status: 201 len: 886 time: 0.8063281
2026-02-27 18:51:52.475 15 INFO neutron.plugins.ml2.drivers.ovn.mech_driver.ovsdb.extensions.qos [None req-61b2a9b8-bb0c-445c-ad8a-fd6e338d74f1 - - - - - -] Starting OVNClientQosExtension
2026-02-27 18:51:52.498 15 INFO neutron.plugins.ml2.drivers.ovn.mech_driver.ovsdb.extensions.qos [None req-61b2a9b8-bb0c-445c-ad8a-fd6e338d74f1 - - - - - -] Starting OVNClientQosExtension
2026-02-27 18:51:53.208 10 INFO neutron.wsgi [None req-6984bc65-868a-4223-8aaf-992eeb1f87e0 a0ab03975da64b16aac770b34d5acf34 7a01ad83d02f4baebe0f62e9db4df337 - - default default] 199.204.45.70,10.0.0.71 "GET /v2.0/subnets HTTP/1.1" status: 200 len: 188 time: 0.0656657
2026-02-27 18:51:53.286 10 INFO neutron.wsgi [None req-4b56877a-6c6d-405c-9dd5-3788cff91fb0 a0ab03975da64b16aac770b34d5acf34 7a01ad83d02f4baebe0f62e9db4df337 - - default default] 199.204.45.70,10.0.0.71 "GET /v2.0/networks HTTP/1.1" status: 200 len: 890 time: 0.0716989
2026-02-27 18:51:53.528 10 WARNING neutron.scheduler.dhcp_agent_scheduler [None req-02eb300a-7e3b-4d86-a110-947ee0105740 a0ab03975da64b16aac770b34d5acf34 7a01ad83d02f4baebe0f62e9db4df337 - - - -] No more DHCP agents
2026-02-27 18:51:53.530 10 WARNING neutron.api.rpc.agentnotifiers.dhcp_rpc_agent_api [None req-02eb300a-7e3b-4d86-a110-947ee0105740 a0ab03975da64b16aac770b34d5acf34 7a01ad83d02f4baebe0f62e9db4df337 - - - -] Unable to schedule network 90384adf-e59a-4b69-bef3-9225cc687fc9: no agents available; will retry on subsequent port and subnet creation events.
2026-02-27 18:51:54.101 10 INFO neutron.db.ovn_revision_numbers_db [None req-02eb300a-7e3b-4d86-a110-947ee0105740 a0ab03975da64b16aac770b34d5acf34 7a01ad83d02f4baebe0f62e9db4df337 - - - -] Successfully bumped revision number for resource d84d38e1-6022-47dd-a8d6-97f8b23b337b (type: ports) to 2
2026-02-27 18:51:54.115 10 INFO neutron.db.ovn_revision_numbers_db [None req-02eb300a-7e3b-4d86-a110-947ee0105740 a0ab03975da64b16aac770b34d5acf34 7a01ad83d02f4baebe0f62e9db4df337 - - - -] Successfully bumped revision number for resource e46190dd-8c29-4e8e-80c8-308a0e94646f (type: subnets) to 0
2026-02-27 18:51:54.130 10 INFO neutron.wsgi [None req-02eb300a-7e3b-4d86-a110-947ee0105740 a0ab03975da64b16aac770b34d5acf34 7a01ad83d02f4baebe0f62e9db4df337 - - - -] 199.204.45.70,10.0.0.71 "POST /v2.0/subnets HTTP/1.1" status: 201 len: 821 time: 0.8401885
2026-02-27 18:52:05.764 10 INFO neutron.wsgi [-] 10.0.0.71 "GET / HTTP/1.1" status: 200 len: 247 time: 0.0027342
2026-02-27 18:52:20.764 10 INFO neutron.wsgi [-] 10.0.0.71 "GET / HTTP/1.1" status: 200 len: 247 time: 0.0025725
2026-02-27 18:52:35.762 9 INFO neutron.wsgi [-] 10.0.0.71 "GET / HTTP/1.1" status: 200 len: 247 time: 0.0015681
2026-02-27 18:52:35.766 10 INFO neutron.wsgi [-] 10.0.0.71 "GET / HTTP/1.1" status: 200 len: 247 time: 0.0043845
2026-02-27 18:52:50.763 9 INFO neutron.wsgi [-] 10.0.0.71 "GET / HTTP/1.1" status: 200 len: 247 time: 0.0015366
2026-02-27 18:52:50.766 10 INFO neutron.wsgi [-] 10.0.0.71 "GET / HTTP/1.1" status: 200 len: 247 time: 0.0030398
2026-02-27 18:53:05.763 9 INFO neutron.wsgi [-] 10.0.0.71 "GET / HTTP/1.1" status: 200 len: 247 time: 0.0022869
2026-02-27 18:53:05.763 10 INFO neutron.wsgi [-] 10.0.0.71 "GET / HTTP/1.1" status: 200 len: 247 time: 0.0023680
2026-02-27 18:53:20.762 9 INFO neutron.wsgi [-] 10.0.0.71 "GET / HTTP/1.1" status: 200 len: 247 time: 0.0012629
2026-02-27 18:53:20.764 10 INFO neutron.wsgi [-] 10.0.0.71 "GET / HTTP/1.1" status: 200 len: 247 time: 0.0026276
2026-02-27 18:53:35.764 10 INFO neutron.wsgi [-] 10.0.0.71 "GET / HTTP/1.1" status: 200 len: 247 time: 0.0034068
2026-02-27 18:53:35.766 10 INFO neutron.wsgi [-] 10.0.0.71 "GET / HTTP/1.1" status: 200 len: 247 time: 0.0013576
2026-02-27 18:53:50.763 9 INFO neutron.wsgi [-] 10.0.0.71 "GET / HTTP/1.1" status: 200 len: 247 time: 0.0022860
2026-02-27 18:53:50.763 10 INFO neutron.wsgi [-] 10.0.0.71 "GET / HTTP/1.1" status: 200 len: 247 time: 0.0024076
2026-02-27 18:54:05.763 9 INFO neutron.wsgi [-] 10.0.0.71 "GET / HTTP/1.1" status: 200 len: 247 time: 0.0023158
2026-02-27 18:54:05.763 10 INFO neutron.wsgi [-] 10.0.0.71 "GET / HTTP/1.1" status: 200 len: 247 time: 0.0023992
2026-02-27 18:54:20.764 9 INFO neutron.wsgi [-] 10.0.0.71 "GET / HTTP/1.1" status: 200 len: 247 time: 0.0029185
2026-02-27 18:54:20.765 10 INFO neutron.wsgi [-] 10.0.0.71 "GET / HTTP/1.1" status: 200 len: 247 time: 0.0040267
2026-02-27 18:54:35.763 9 INFO neutron.wsgi [-] 10.0.0.71 "GET / HTTP/1.1" status: 200 len: 247 time: 0.0025129
2026-02-27 18:54:35.765 10 INFO neutron.wsgi [-] 10.0.0.71 "GET / HTTP/1.1" status: 200 len: 247 time: 0.0042748
2026-02-27 18:54:50.763 9 INFO neutron.wsgi [-] 10.0.0.71 "GET / HTTP/1.1" status: 200 len: 247 time: 0.0022502
2026-02-27 18:54:50.765 10 INFO neutron.wsgi [-] 10.0.0.71 "GET / HTTP/1.1" status: 200 len: 247 time: 0.0028157
2026-02-27 18:55:05.765 10 INFO neutron.wsgi [-] 10.0.0.71 "GET / HTTP/1.1" status: 200 len: 247 time: 0.0031526
2026-02-27 18:55:05.767 10 INFO neutron.wsgi [-] 10.0.0.71 "GET / HTTP/1.1" status: 200 len: 247 time: 0.0011768
2026-02-27 18:55:20.764 10 INFO neutron.wsgi [-] 10.0.0.71 "GET / HTTP/1.1" status: 200 len: 247 time: 0.0023673
2026-02-27 18:55:20.764 9 INFO neutron.wsgi [-] 10.0.0.71 "GET / HTTP/1.1" status: 200 len: 247 time: 0.0023763
2026-02-27 18:55:35.763 10 INFO neutron.wsgi [-] 10.0.0.71 "GET / HTTP/1.1" status: 200 len: 247 time: 0.0023663
2026-02-27 18:55:35.764 9 INFO neutron.wsgi [-] 10.0.0.71 "GET / HTTP/1.1" status: 200 len: 247 time: 0.0025537
2026-02-27 18:55:50.764 9 INFO neutron.wsgi [-] 10.0.0.71 "GET / HTTP/1.1" status: 200 len: 247 time: 0.0029550
2026-02-27 18:55:50.764 10 INFO neutron.wsgi [-] 10.0.0.71 "GET / HTTP/1.1" status: 200 len: 247 time: 0.0029941
2026-02-27 18:56:05.763 9 INFO neutron.wsgi [-] 10.0.0.71 "GET / HTTP/1.1" status: 200 len: 247 time: 0.0024152
2026-02-27 18:56:05.763 10 INFO neutron.wsgi [-] 10.0.0.71 "GET / HTTP/1.1" status: 200 len: 247 time: 0.0020924
2026-02-27 18:56:20.763 9 INFO neutron.wsgi [-] 10.0.0.71 "GET / HTTP/1.1" status: 200 len: 247 time: 0.0023112
2026-02-27 18:56:20.764 10 INFO neutron.wsgi [-] 10.0.0.71 "GET / HTTP/1.1" status: 200 len: 247 time: 0.0030074
2026-02-27 18:56:35.765 9 INFO neutron.wsgi [-] 10.0.0.71 "GET / HTTP/1.1" status: 200 len: 247 time: 0.0040736
2026-02-27 18:56:35.768 10 INFO neutron.wsgi [-] 10.0.0.71 "GET / HTTP/1.1" status: 200 len: 247 time: 0.0071583
