2026-06-02 08:04:38.656 7 INFO placement.requestlog [req-21f23a31-3bcb-43ee-ad4f-4245672743f3 req-be2f927c-ec7d-4c91-bd96-46b3f870393c c91cd69b292e4a5e93c727cbb08224ee 97addea42b704276aa57f825077fd889 - - bcae5d12daec4ce1af9a15ddaf320d92 bcae5d12daec4ce1af9a15ddaf320d92] 199.19.213.138 "GET /allocations/d41a64ab-bbb5-428f-beb6-cbd84a158936" status: 200 len: 257 microversion: 1.28 [pid: 7|app: 0|req: 463/926] 199.19.213.138 () {34 vars in 863 bytes} [Tue Jun 2 08:04:38 2026] GET /allocations/d41a64ab-bbb5-428f-beb6-cbd84a158936 => generated 257 bytes in 12 msecs (HTTP/1.1 200) 8 headers in 296 bytes (1 switches on core 0)
2026-06-02 08:04:38.740 8 INFO placement.requestlog [req-21f23a31-3bcb-43ee-ad4f-4245672743f3 req-43d2ec67-692b-4bf1-ba29-4baa708b37ce c91cd69b292e4a5e93c727cbb08224ee 97addea42b704276aa57f825077fd889 - - bcae5d12daec4ce1af9a15ddaf320d92 bcae5d12daec4ce1af9a15ddaf320d92] 199.19.213.138 "DELETE /allocations/d41a64ab-bbb5-428f-beb6-cbd84a158936" status: 204 len: 0 microversion: 1.0 [pid: 8|app: 0|req: 464/927] 199.19.213.138 () {34 vars in 841 bytes} [Tue Jun 2 08:04:38 2026] DELETE /allocations/d41a64ab-bbb5-428f-beb6-cbd84a158936 => generated 0 bytes in 27 msecs (HTTP/1.1 204) 5 headers in 198 bytes (1 switches on core 0)
2026-06-02 08:04:39.979 8 INFO placement.requestlog [None req-813d631f-69eb-42a0-a066-f197c5acf2fd - - - - - -] 10.0.0.165 "GET /" status: 200 len: 136 microversion: 1.0
2026-06-02 08:04:39.980 7 INFO placement.requestlog [None req-3825e840-7a45-45e2-9269-9587ef664056 - - - - - -] 10.0.0.165 "GET /" status: 200 len: 136 microversion: 1.0
2026-06-02 08:04:44.420 7 INFO placement.requestlog [None req-fa32e682-9d89-423b-942e-412ae6a00ea4 1f3a5700003a406da48d7e9545e44531 97addea42b704276aa57f825077fd889 - - bcae5d12daec4ce1af9a15ddaf320d92 bcae5d12daec4ce1af9a15ddaf320d92] 10.0.0.29 "GET /resource_providers/c9dc1547-7e30-4436-8320-d29fd9529493/aggregates" status: 404 len: 235 microversion: 1.1 [pid: 7|app: 0|req: 465/930] 10.0.0.29 () {32 vars in 815 bytes} [Tue Jun 2 08:04:44 2026] GET /resource_providers/c9dc1547-7e30-4436-8320-d29fd9529493/aggregates => generated 235 bytes in 10 msecs (HTTP/1.1 404) 5 headers in 202 bytes (1 switches on core 0)
2026-06-02 08:04:44.423 8 INFO placement.requestlog [None req-7f9b3036-0652-4469-968c-c73dfe85eb21 1f3a5700003a406da48d7e9545e44531 97addea42b704276aa57f825077fd889 - - bcae5d12daec4ce1af9a15ddaf320d92 bcae5d12daec4ce1af9a15ddaf320d92] 10.0.0.29 "GET /resource_providers/c9dc1547-7e30-4436-8320-d29fd9529493/aggregates" status: 404 len: 235 microversion: 1.1 [pid: 8|app: 0|req: 466/931] 10.0.0.29 () {32 vars in 815 bytes} [Tue Jun 2 08:04:44 2026] GET /resource_providers/c9dc1547-7e30-4436-8320-d29fd9529493/aggregates => generated 235 bytes in 14 msecs (HTTP/1.1 404) 5 headers in 202 bytes (1 switches on core 0)
2026-06-02 08:04:44.437 7 INFO placement.requestlog [None req-4490799d-9c5a-44a4-baf8-7b52341cd6af 1f3a5700003a406da48d7e9545e44531 97addea42b704276aa57f825077fd889 - - bcae5d12daec4ce1af9a15ddaf320d92 bcae5d12daec4ce1af9a15ddaf320d92] 10.0.0.29 "DELETE /resource_providers/c9dc1547-7e30-4436-8320-d29fd9529493" status: 404 len: 246 microversion: 1.1 [pid: 7|app: 0|req: 466/932] 10.0.0.29 () {34 vars in 815 bytes} [Tue Jun 2 08:04:44 2026] DELETE /resource_providers/c9dc1547-7e30-4436-8320-d29fd9529493 => generated 246 bytes in 10 msecs (HTTP/1.1 404) 6 headers in 231 bytes (1 switches on core 0)
2026-06-02 08:04:44.443 8 INFO placement.requestlog [None req-ec39170f-54fa-44aa-8006-19f97a1aec53 1f3a5700003a406da48d7e9545e44531 97addea42b704276aa57f825077fd889 - - bcae5d12daec4ce1af9a15ddaf320d92 bcae5d12daec4ce1af9a15ddaf320d92] 10.0.0.29 "DELETE /resource_providers/c9dc1547-7e30-4436-8320-d29fd9529493" status: 404 len: 246 microversion: 1.1 [pid: 8|app: 0|req: 467/933] 10.0.0.29 () {34 vars in 815 bytes} [Tue Jun 2 08:04:44 2026] DELETE /resource_providers/c9dc1547-7e30-4436-8320-d29fd9529493 => generated 246 bytes in 10 msecs (HTTP/1.1 404) 6 headers in 231 bytes (1 switches on core 0)
2026-06-02 08:04:45.810 8 INFO placement.requestlog [None req-02ac929c-7f07-4dff-b74c-826ef480dd86 1f3a5700003a406da48d7e9545e44531 97addea42b704276aa57f825077fd889 - - bcae5d12daec4ce1af9a15ddaf320d92 bcae5d12daec4ce1af9a15ddaf320d92] 10.0.0.29 "GET /resource_providers/9d4876e3-4f5a-4982-93ef-20cf33657590/aggregates" status: 404 len: 235 microversion: 1.1 [pid: 8|app: 0|req: 468/934] 10.0.0.29 () {32 vars in 815 bytes} [Tue Jun 2 08:04:45 2026] GET /resource_providers/9d4876e3-4f5a-4982-93ef-20cf33657590/aggregates => generated 235 bytes in 9 msecs (HTTP/1.1 404) 5 headers in 202 bytes (1 switches on core 0)
2026-06-02 08:04:45.815 7 INFO placement.requestlog [None req-7479d60a-391b-47b1-baed-bf0470c4b82b 1f3a5700003a406da48d7e9545e44531 97addea42b704276aa57f825077fd889 - - bcae5d12daec4ce1af9a15ddaf320d92 bcae5d12daec4ce1af9a15ddaf320d92] 10.0.0.29 "GET /resource_providers/9d4876e3-4f5a-4982-93ef-20cf33657590/aggregates" status: 404 len: 235 microversion: 1.1 [pid: 7|app: 0|req: 467/935] 10.0.0.29 () {32 vars in 815 bytes} [Tue Jun 2 08:04:45 2026] GET /resource_providers/9d4876e3-4f5a-4982-93ef-20cf33657590/aggregates => generated 235 bytes in 14 msecs (HTTP/1.1 404) 5 headers in 202 bytes (1 switches on core 0)
2026-06-02 08:04:45.828 8 INFO placement.requestlog [None req-76c28d06-66c2-4e24-97d7-a62ad5ee5c01 1f3a5700003a406da48d7e9545e44531 97addea42b704276aa57f825077fd889 - - bcae5d12daec4ce1af9a15ddaf320d92 bcae5d12daec4ce1af9a15ddaf320d92] 10.0.0.29 "DELETE /resource_providers/9d4876e3-4f5a-4982-93ef-20cf33657590" status: 404 len: 246 microversion: 1.1 [pid: 8|app: 0|req: 469/936] 10.0.0.29 () {34 vars in 815 bytes} [Tue Jun 2 08:04:45 2026] DELETE /resource_providers/9d4876e3-4f5a-4982-93ef-20cf33657590 => generated 246 bytes in 12 msecs (HTTP/1.1 404) 6 headers in 231 bytes (1 switches on core 0)
2026-06-02 08:04:45.834 7 INFO placement.requestlog [None req-a68a6bfe-5304-4452-8704-a4339e96fd9c 1f3a5700003a406da48d7e9545e44531 97addea42b704276aa57f825077fd889 - - bcae5d12daec4ce1af9a15ddaf320d92 bcae5d12daec4ce1af9a15ddaf320d92] 10.0.0.29 "DELETE /resource_providers/9d4876e3-4f5a-4982-93ef-20cf33657590" status: 404 len: 246 microversion: 1.1 [pid: 7|app: 0|req: 468/937] 10.0.0.29 () {34 vars in 815 bytes} [Tue Jun 2 08:04:45 2026] DELETE /resource_providers/9d4876e3-4f5a-4982-93ef-20cf33657590 => generated 246 bytes in 11 msecs (HTTP/1.1 404) 6 headers in 231 bytes (1 switches on core 0)
2026-06-02 08:04:48.880 8 INFO placement.requestlog [req-db2ad349-24bf-4234-89df-b4f6902f5518 req-41c0b906-edc2-4b5e-b3c2-20575f4e282f c91cd69b292e4a5e93c727cbb08224ee 97addea42b704276aa57f825077fd889 - - bcae5d12daec4ce1af9a15ddaf320d92 bcae5d12daec4ce1af9a15ddaf320d92] 10.0.0.226 "GET /allocation_candidates?limit=1000&resources=DISK_GB%3A1%2CMEMORY_MB%3A512%2CVCPU%3A1&root_required=%21COMPUTE_STATUS_DISABLED" status: 200 len: 2217 microversion: 1.36 [pid: 8|app: 0|req: 470/938] 10.0.0.226 () {34 vars in 1012 bytes} [Tue Jun 2 08:04:48 2026] GET /allocation_candidates?limit=1000&resources=DISK_GB%3A1%2CMEMORY_MB%3A512%2CVCPU%3A1&root_required=%21COMPUTE_STATUS_DISABLED => generated 2217 bytes in 44 msecs (HTTP/1.1 200) 8 headers in 297 bytes (1 switches on core 0)
2026-06-02 08:04:48.915 7 INFO placement.requestlog [req-db2ad349-24bf-4234-89df-b4f6902f5518 req-b8ce499d-3e19-428d-9252-e10ef85079d3 c91cd69b292e4a5e93c727cbb08224ee 97addea42b704276aa57f825077fd889 - - bcae5d12daec4ce1af9a15ddaf320d92 bcae5d12daec4ce1af9a15ddaf320d92] 10.0.0.226 "GET /allocations/10a7c420-9cbf-438c-91d9-4f95f17a9edd" status: 200 len: 19 microversion: 1.28 [pid: 7|app: 0|req: 469/939] 10.0.0.226 () {34 vars in 861 bytes} [Tue Jun 2 08:04:48 2026] GET /allocations/10a7c420-9cbf-438c-91d9-4f95f17a9edd => generated 19 bytes in 12 msecs (HTTP/1.1 200) 8 headers in 295 bytes (1 switches on core 0)
2026-06-02 08:04:49.018 8 INFO placement.requestlog [req-db2ad349-24bf-4234-89df-b4f6902f5518 req-890c8755-f325-4d6e-951b-08831571cf1a c91cd69b292e4a5e93c727cbb08224ee 97addea42b704276aa57f825077fd889 - - bcae5d12daec4ce1af9a15ddaf320d92 bcae5d12daec4ce1af9a15ddaf320d92] 10.0.0.226 "PUT /allocations/10a7c420-9cbf-438c-91d9-4f95f17a9edd" status: 204 len: 0 microversion: 1.36 [pid: 8|app: 0|req: 471/940] 10.0.0.226 () {38 vars in 914 bytes} [Tue Jun 2 08:04:48 2026] PUT /allocations/10a7c420-9cbf-438c-91d9-4f95f17a9edd => generated 0 bytes in 96 msecs (HTTP/1.1 204) 5 headers in 199 bytes (1 switches on core 0)
2026-06-02 08:04:49.310 7 INFO placement.requestlog [req-db2ad349-24bf-4234-89df-b4f6902f5518 req-06f9f9a6-06f2-409a-888d-1ff95e831973 c91cd69b292e4a5e93c727cbb08224ee 97addea42b704276aa57f825077fd889 - - bcae5d12daec4ce1af9a15ddaf320d92 bcae5d12daec4ce1af9a15ddaf320d92] 199.19.213.138 "GET /allocations/10a7c420-9cbf-438c-91d9-4f95f17a9edd" status: 200 len: 258 microversion: 1.28 [pid: 7|app: 0|req: 470/941] 199.19.213.138 () {34 vars in 863 bytes} [Tue Jun 2 08:04:49 2026] GET /allocations/10a7c420-9cbf-438c-91d9-4f95f17a9edd => generated 258 bytes in 14 msecs (HTTP/1.1 200) 8 headers in 296 bytes (1 switches on core 0)
2026-06-02 08:04:49.431 8 INFO placement.requestlog [req-db2ad349-24bf-4234-89df-b4f6902f5518 req-3a929c88-3c70-41fd-9c4a-108354e10f93 c91cd69b292e4a5e93c727cbb08224ee 97addea42b704276aa57f825077fd889 - - bcae5d12daec4ce1af9a15ddaf320d92 bcae5d12daec4ce1af9a15ddaf320d92] 199.19.213.138 "GET /resource_providers/ddf912e5-8e38-4696-b191-17e8866122e6/allocations" status: 200 len: 153 microversion: 1.0 [pid: 8|app: 0|req: 472/942] 199.19.213.138 () {32 vars in 857 bytes} [Tue Jun 2 08:04:49 2026] GET /resource_providers/ddf912e5-8e38-4696-b191-17e8866122e6/allocations => generated 153 bytes in 26 msecs (HTTP/1.1 200) 6 headers in 224 bytes (1 switches on core 0)
2026-06-02 08:04:49.452 7 INFO placement.requestlog [req-db2ad349-24bf-4234-89df-b4f6902f5518 req-67e4fb8e-d00c-4955-8bbc-325f1bce2660 c91cd69b292e4a5e93c727cbb08224ee 97addea42b704276aa57f825077fd889 - - bcae5d12daec4ce1af9a15ddaf320d92 bcae5d12daec4ce1af9a15ddaf320d92] 199.19.213.138 "GET /allocations/10a7c420-9cbf-438c-91d9-4f95f17a9edd" status: 200 len: 258 microversion: 1.28 [pid: 7|app: 0|req: 471/943] 199.19.213.138 () {34 vars in 863 bytes} [Tue Jun 2 08:04:49 2026] GET /allocations/10a7c420-9cbf-438c-91d9-4f95f17a9edd => generated 258 bytes in 16 msecs (HTTP/1.1 200) 8 headers in 296 bytes (1 switches on core 0)
2026-06-02 08:04:49.980 8 INFO placement.requestlog [None req-81f763b7-bd75-4f1a-b14c-d422dcf6bd85 - - - - - -] 10.0.0.165 "GET /" status: 200 len: 136 microversion: 1.0
2026-06-02 08:04:49.981 7 INFO placement.requestlog [None req-b33a5b3e-d5e7-4da3-8b7c-465561255a23 - - - - - -] 10.0.0.165 "GET /" status: 200 len: 136 microversion: 1.0
2026-06-02 08:04:52.796 8 INFO placement.requestlog [None req-ef998881-5e1a-495f-a5ff-215d7816dce4 1f3a5700003a406da48d7e9545e44531 97addea42b704276aa57f825077fd889 - - bcae5d12daec4ce1af9a15ddaf320d92 bcae5d12daec4ce1af9a15ddaf320d92] 10.0.0.29 "GET /resource_providers/fbbfa76c-b726-4a56-9519-9388ef778df5/aggregates" status: 404 len: 235 microversion: 1.1 [pid: 8|app: 0|req: 474/946] 10.0.0.29 () {32 vars in 815 bytes} [Tue Jun 2 08:04:52 2026] GET /resource_providers/fbbfa76c-b726-4a56-9519-9388ef778df5/aggregates => generated 235 bytes in 13 msecs (HTTP/1.1 404) 5 headers in 202 bytes (1 switches on core 0)
2026-06-02 08:04:52.797 7 INFO placement.requestlog [None req-1c0d6a66-1777-4c74-b0fd-ab0557f58506 1f3a5700003a406da48d7e9545e44531 97addea42b704276aa57f825077fd889 - - bcae5d12daec4ce1af9a15ddaf320d92 bcae5d12daec4ce1af9a15ddaf320d92] 10.0.0.29 "GET /resource_providers/fbbfa76c-b726-4a56-9519-9388ef778df5/aggregates" status: 404 len: 235 microversion: 1.1 [pid: 7|app: 0|req: 473/947] 10.0.0.29 () {32 vars in 815 bytes} [Tue Jun 2 08:04:52 2026] GET /resource_providers/fbbfa76c-b726-4a56-9519-9388ef778df5/aggregates => generated 235 bytes in 14 msecs (HTTP/1.1 404) 5 headers in 202 bytes (1 switches on core 0)
2026-06-02 08:04:52.839 8 INFO placement.requestlog [None req-e7fa13e8-6fea-4cf8-910b-90e47d255f72 1f3a5700003a406da48d7e9545e44531 97addea42b704276aa57f825077fd889 - - bcae5d12daec4ce1af9a15ddaf320d92 bcae5d12daec4ce1af9a15ddaf320d92] 10.0.0.29 "DELETE /resource_providers/fbbfa76c-b726-4a56-9519-9388ef778df5" status: 404 len: 246 microversion: 1.1
2026-06-02 08:04:52.839 7 INFO placement.requestlog [None req-c12d767e-9d21-4c6a-a8a3-7f1ad2f771cd 1f3a5700003a406da48d7e9545e44531 97addea42b704276aa57f825077fd889 - - bcae5d12daec4ce1af9a15ddaf320d92 bcae5d12daec4ce1af9a15ddaf320d92] 10.0.0.29 "DELETE /resource_providers/fbbfa76c-b726-4a56-9519-9388ef778df5" status: 404 len: 246 microversion: 1.1 [pid: 7|app: 0|req: 474/948] 10.0.0.29 () {34 vars in 815 bytes} [Tue Jun 2 08:04:52 2026] DELETE /resource_providers/fbbfa76c-b726-4a56-9519-9388ef778df5 => generated 246 bytes in 11 msecs (HTTP/1.1 404) 6 headers in 231 bytes (1 switches on core 0) [pid: 8|app: 0|req: 475/949] 10.0.0.29 () {34 vars in 815 bytes} [Tue Jun 2 08:04:52 2026] DELETE /resource_providers/fbbfa76c-b726-4a56-9519-9388ef778df5 => generated 246 bytes in 12 msecs (HTTP/1.1 404) 6 headers in 231 bytes (1 switches on core 0)
2026-06-02 08:04:55.201 8 INFO placement.requestlog [None req-5c3a9344-1563-4ecb-a6cf-05c2e6d0de6b 1f3a5700003a406da48d7e9545e44531 97addea42b704276aa57f825077fd889 - - bcae5d12daec4ce1af9a15ddaf320d92 bcae5d12daec4ce1af9a15ddaf320d92] 10.0.0.29 "GET /resource_providers/bd5a7229-04a9-4045-a4a2-1c4055e3175c/aggregates" status: 404 len: 235 microversion: 1.1 [pid: 8|app: 0|req: 476/950] 10.0.0.29 () {32 vars in 815 bytes} [Tue Jun 2 08:04:55 2026] GET /resource_providers/bd5a7229-04a9-4045-a4a2-1c4055e3175c/aggregates => generated 235 bytes in 11 msecs (HTTP/1.1 404) 5 headers in 202 bytes (1 switches on core 0)
2026-06-02 08:04:55.205 7 INFO placement.requestlog [None req-5bc9fd9e-8754-47ea-abbd-0038b9c2c5d7 1f3a5700003a406da48d7e9545e44531 97addea42b704276aa57f825077fd889 - - bcae5d12daec4ce1af9a15ddaf320d92 bcae5d12daec4ce1af9a15ddaf320d92] 10.0.0.29 "GET /resource_providers/bd5a7229-04a9-4045-a4a2-1c4055e3175c/aggregates" status: 404 len: 235 microversion: 1.1 [pid: 7|app: 0|req: 475/951] 10.0.0.29 () {32 vars in 815 bytes} [Tue Jun 2 08:04:55 2026] GET /resource_providers/bd5a7229-04a9-4045-a4a2-1c4055e3175c/aggregates => generated 235 bytes in 17 msecs (HTTP/1.1 404) 5 headers in 202 bytes (1 switches on core 0)
2026-06-02 08:04:55.219 8 INFO placement.requestlog [None req-11580b07-d1b3-4cae-b37c-ef40dde84442 1f3a5700003a406da48d7e9545e44531 97addea42b704276aa57f825077fd889 - - bcae5d12daec4ce1af9a15ddaf320d92 bcae5d12daec4ce1af9a15ddaf320d92] 10.0.0.29 "DELETE /resource_providers/bd5a7229-04a9-4045-a4a2-1c4055e3175c" status: 404 len: 246 microversion: 1.1 [pid: 8|app: 0|req: 477/952] 10.0.0.29 () {34 vars in 815 bytes} [Tue Jun 2 08:04:55 2026] DELETE /resource_providers/bd5a7229-04a9-4045-a4a2-1c4055e3175c => generated 246 bytes in 10 msecs (HTTP/1.1 404) 6 headers in 231 bytes (1 switches on core 0)
2026-06-02 08:04:55.224 7 INFO placement.requestlog [None req-13ab752d-9b9b-43d2-924c-80db240ad10f 1f3a5700003a406da48d7e9545e44531 97addea42b704276aa57f825077fd889 - - bcae5d12daec4ce1af9a15ddaf320d92 bcae5d12daec4ce1af9a15ddaf320d92] 10.0.0.29 "DELETE /resource_providers/bd5a7229-04a9-4045-a4a2-1c4055e3175c" status: 404 len: 246 microversion: 1.1 [pid: 7|app: 0|req: 476/953] 10.0.0.29 () {34 vars in 815 bytes} [Tue Jun 2 08:04:55 2026] DELETE /resource_providers/bd5a7229-04a9-4045-a4a2-1c4055e3175c => generated 246 bytes in 10 msecs (HTTP/1.1 404) 6 headers in 231 bytes (1 switches on core 0)
2026-06-02 08:04:55.237 8 INFO placement.requestlog [None req-c8d791cf-7f2d-470c-adb2-e4903dd32b66 1f3a5700003a406da48d7e9545e44531 97addea42b704276aa57f825077fd889 - - bcae5d12daec4ce1af9a15ddaf320d92 bcae5d12daec4ce1af9a15ddaf320d92] 10.0.0.29 "GET /resource_providers/13c321c6-8301-49fd-9063-e981d5636674/aggregates" status: 404 len: 235 microversion: 1.1 [pid: 8|app: 0|req: 478/954] 10.0.0.29 () {32 vars in 815 bytes} [Tue Jun 2 08:04:55 2026] GET /resource_providers/13c321c6-8301-49fd-9063-e981d5636674/aggregates => generated 235 bytes in 11 msecs (HTTP/1.1 404) 5 headers in 202 bytes (1 switches on core 0)
2026-06-02 08:04:55.247 7 INFO placement.requestlog [None req-727fd248-11dc-4d7e-af9d-31775d24edc8 1f3a5700003a406da48d7e9545e44531 97addea42b704276aa57f825077fd889 - - bcae5d12daec4ce1af9a15ddaf320d92 bcae5d12daec4ce1af9a15ddaf320d92] 10.0.0.29 "GET /resource_providers/13c321c6-8301-49fd-9063-e981d5636674/aggregates" status: 404 len: 235 microversion: 1.1 [pid: 7|app: 0|req: 477/955] 10.0.0.29 () {32 vars in 815 bytes} [Tue Jun 2 08:04:55 2026] GET /resource_providers/13c321c6-8301-49fd-9063-e981d5636674/aggregates => generated 235 bytes in 16 msecs (HTTP/1.1 404) 5 headers in 202 bytes (1 switches on core 0)
2026-06-02 08:04:55.256 8 INFO placement.requestlog [None req-882a3b57-1121-44b7-bf6e-a4d55abcfb9c 1f3a5700003a406da48d7e9545e44531 97addea42b704276aa57f825077fd889 - - bcae5d12daec4ce1af9a15ddaf320d92 bcae5d12daec4ce1af9a15ddaf320d92] 10.0.0.29 "DELETE /resource_providers/13c321c6-8301-49fd-9063-e981d5636674" status: 404 len: 246 microversion: 1.1 [pid: 8|app: 0|req: 479/956] 10.0.0.29 () {34 vars in 815 bytes} [Tue Jun 2 08:04:55 2026] DELETE /resource_providers/13c321c6-8301-49fd-9063-e981d5636674 => generated 246 bytes in 9 msecs (HTTP/1.1 404) 6 headers in 231 bytes (1 switches on core 0)
2026-06-02 08:04:55.290 7 INFO placement.requestlog [None req-9872e68d-28ee-429a-a52d-68dbe2540ae5 1f3a5700003a406da48d7e9545e44531 97addea42b704276aa57f825077fd889 - - bcae5d12daec4ce1af9a15ddaf320d92 bcae5d12daec4ce1af9a15ddaf320d92] 10.0.0.29 "DELETE /resource_providers/13c321c6-8301-49fd-9063-e981d5636674" status: 404 len: 246 microversion: 1.1 [pid: 7|app: 0|req: 478/957] 10.0.0.29 () {34 vars in 815 bytes} [Tue Jun 2 08:04:55 2026] DELETE /resource_providers/13c321c6-8301-49fd-9063-e981d5636674 => generated 246 bytes in 13 msecs (HTTP/1.1 404) 6 headers in 231 bytes (1 switches on core 0)
2026-06-02 08:04:55.291 8 INFO placement.requestlog [None req-713d47a8-bebe-4052-95f0-52b10c9e2d71 1f3a5700003a406da48d7e9545e44531 97addea42b704276aa57f825077fd889 - - bcae5d12daec4ce1af9a15ddaf320d92 bcae5d12daec4ce1af9a15ddaf320d92] 10.0.0.29 "GET /resource_providers/d3dd3a83-a679-4c00-8829-a93e3101c792/aggregates" status: 404 len: 235 microversion: 1.1 [pid: 8|app: 0|req: 480/958] 10.0.0.29 () {32 vars in 815 bytes} [Tue Jun 2 08:04:55 2026] GET /resource_providers/d3dd3a83-a679-4c00-8829-a93e3101c792/aggregates => generated 235 bytes in 8 msecs (HTTP/1.1 404) 5 headers in 202 bytes (1 switches on core 0)
2026-06-02 08:04:55.314 8 INFO placement.requestlog [None req-c362c09e-c6d7-41a2-91e5-deef70ed7273 1f3a5700003a406da48d7e9545e44531 97addea42b704276aa57f825077fd889 - - bcae5d12daec4ce1af9a15ddaf320d92 bcae5d12daec4ce1af9a15ddaf320d92] 10.0.0.29 "DELETE /resource_providers/d3dd3a83-a679-4c00-8829-a93e3101c792" status: 404 len: 246 microversion: 1.1 [pid: 8|app: 0|req: 481/959] 10.0.0.29 () {34 vars in 815 bytes} [Tue Jun 2 08:04:55 2026] DELETE /resource_providers/d3dd3a83-a679-4c00-8829-a93e3101c792 => generated 246 bytes in 7 msecs (HTTP/1.1 404) 6 headers in 231 bytes (1 switches on core 0)
2026-06-02 08:04:55.318 7 INFO placement.requestlog [None req-33d2ab2e-47e7-4363-9f26-83f4d94b69b6 1f3a5700003a406da48d7e9545e44531 97addea42b704276aa57f825077fd889 - - bcae5d12daec4ce1af9a15ddaf320d92 bcae5d12daec4ce1af9a15ddaf320d92] 10.0.0.29 "GET /resource_providers/d3dd3a83-a679-4c00-8829-a93e3101c792/aggregates" status: 404 len: 235 microversion: 1.1 [pid: 7|app: 0|req: 479/960] 10.0.0.29 () {32 vars in 815 bytes} [Tue Jun 2 08:04:55 2026] GET /resource_providers/d3dd3a83-a679-4c00-8829-a93e3101c792/aggregates => generated 235 bytes in 12 msecs (HTTP/1.1 404) 5 headers in 202 bytes (1 switches on core 0)
2026-06-02 08:04:55.337 7 INFO placement.requestlog [None req-d3d6573a-97f1-403d-8974-c96369293b88 1f3a5700003a406da48d7e9545e44531 97addea42b704276aa57f825077fd889 - - bcae5d12daec4ce1af9a15ddaf320d92 bcae5d12daec4ce1af9a15ddaf320d92] 10.0.0.29 "DELETE /resource_providers/d3dd3a83-a679-4c00-8829-a93e3101c792" status: 404 len: 246 microversion: 1.1 [pid: 7|app: 0|req: 480/961] 10.0.0.29 () {34 vars in 815 bytes} [Tue Jun 2 08:04:55 2026] DELETE /resource_providers/d3dd3a83-a679-4c00-8829-a93e3101c792 => generated 246 bytes in 10 msecs (HTTP/1.1 404) 6 headers in 231 bytes (1 switches on core 0)
2026-06-02 08:04:55.338 8 INFO placement.requestlog [None req-839d428e-158b-4934-bd5b-306341bcb972 1f3a5700003a406da48d7e9545e44531 97addea42b704276aa57f825077fd889 - - bcae5d12daec4ce1af9a15ddaf320d92 bcae5d12daec4ce1af9a15ddaf320d92] 10.0.0.29 "GET /resource_providers/c04b05f5-868f-4499-9b75-bed4a3e8cd73/aggregates" status: 404 len: 235 microversion: 1.1 [pid: 8|app: 0|req: 482/962] 10.0.0.29 () {32 vars in 815 bytes} [Tue Jun 2 08:04:55 2026] GET /resource_providers/c04b05f5-868f-4499-9b75-bed4a3e8cd73/aggregates => generated 235 bytes in 12 msecs (HTTP/1.1 404) 5 headers in 202 bytes (1 switches on core 0)
2026-06-02 08:04:55.421 7 INFO placement.requestlog [None req-2386f14a-e94c-46fa-ada2-7e1cffa2682c 1f3a5700003a406da48d7e9545e44531 97addea42b704276aa57f825077fd889 - - bcae5d12daec4ce1af9a15ddaf320d92 bcae5d12daec4ce1af9a15ddaf320d92] 10.0.0.29 "DELETE /resource_providers/c04b05f5-868f-4499-9b75-bed4a3e8cd73" status: 404 len: 246 microversion: 1.1 [pid: 7|app: 0|req: 481/963] 10.0.0.29 () {34 vars in 815 bytes} [Tue Jun 2 08:04:55 2026] DELETE /resource_providers/c04b05f5-868f-4499-9b75-bed4a3e8cd73 => generated 246 bytes in 10 msecs (HTTP/1.1 404) 6 headers in 231 bytes (1 switches on core 0)
2026-06-02 08:04:55.422 8 INFO placement.requestlog [None req-fa731a08-c2a7-435e-8dc0-af9a874e7b31 1f3a5700003a406da48d7e9545e44531 97addea42b704276aa57f825077fd889 - - bcae5d12daec4ce1af9a15ddaf320d92 bcae5d12daec4ce1af9a15ddaf320d92] 10.0.0.29 "GET /resource_providers/c04b05f5-868f-4499-9b75-bed4a3e8cd73/aggregates" status: 404 len: 235 microversion: 1.1 [pid: 8|app: 0|req: 483/964] 10.0.0.29 () {32 vars in 815 bytes} [Tue Jun 2 08:04:55 2026] GET /resource_providers/c04b05f5-868f-4499-9b75-bed4a3e8cd73/aggregates => generated 235 bytes in 10 msecs (HTTP/1.1 404) 5 headers in 202 bytes (1 switches on core 0)
2026-06-02 08:04:55.438 7 INFO placement.requestlog [None req-0fe4ab5c-ab29-4c13-bc47-ed28c87ce5ca 1f3a5700003a406da48d7e9545e44531 97addea42b704276aa57f825077fd889 - - bcae5d12daec4ce1af9a15ddaf320d92 bcae5d12daec4ce1af9a15ddaf320d92] 10.0.0.29 "DELETE /resource_providers/c04b05f5-868f-4499-9b75-bed4a3e8cd73" status: 404 len: 246 microversion: 1.1 [pid: 7|app: 0|req: 482/965] 10.0.0.29 () {34 vars in 815 bytes} [Tue Jun 2 08:04:55 2026] DELETE /resource_providers/c04b05f5-868f-4499-9b75-bed4a3e8cd73 => generated 246 bytes in 10 msecs (HTTP/1.1 404) 6 headers in 231 bytes (1 switches on core 0)
2026-06-02 08:04:59.979 8 INFO placement.requestlog [None req-ead2014c-d2fe-446f-a082-9905927b4f62 - - - - - -] 10.0.0.165 "GET /" status: 200 len: 136 microversion: 1.0
2026-06-02 08:04:59.980 7 INFO placement.requestlog [None req-0194ab5c-9957-42fa-8b9b-d8c4bf0aba47 - - - - - -] 10.0.0.165 "GET /" status: 200 len: 136 microversion: 1.0
2026-06-02 08:05:00.822 8 INFO placement.requestlog [req-d5669a1d-5d74-450f-8453-852d747a3509 req-85101835-f9f5-4337-b5da-0f93ce94b21c c91cd69b292e4a5e93c727cbb08224ee 97addea42b704276aa57f825077fd889 - - bcae5d12daec4ce1af9a15ddaf320d92 bcae5d12daec4ce1af9a15ddaf320d92] 199.19.213.138 "GET /resource_providers/ddf912e5-8e38-4696-b191-17e8866122e6/allocations" status: 200 len: 153 microversion: 1.0 [pid: 8|app: 0|req: 485/968] 199.19.213.138 () {32 vars in 857 bytes} [Tue Jun 2 08:05:00 2026] GET /resource_providers/ddf912e5-8e38-4696-b191-17e8866122e6/allocations => generated 153 bytes in 32 msecs (HTTP/1.1 200) 6 headers in 224 bytes (1 switches on core 0)
2026-06-02 08:05:00.865 7 INFO placement.requestlog [req-d5669a1d-5d74-450f-8453-852d747a3509 req-b232a519-a89e-4b48-9b28-9cd188aabca6 c91cd69b292e4a5e93c727cbb08224ee 97addea42b704276aa57f825077fd889 - - bcae5d12daec4ce1af9a15ddaf320d92 bcae5d12daec4ce1af9a15ddaf320d92] 199.19.213.138 "GET /resource_providers/ddf912e5-8e38-4696-b191-17e8866122e6/allocations" status: 200 len: 153 microversion: 1.0 [pid: 7|app: 0|req: 484/969] 199.19.213.138 () {32 vars in 857 bytes} [Tue Jun 2 08:05:00 2026] GET /resource_providers/ddf912e5-8e38-4696-b191-17e8866122e6/allocations => generated 153 bytes in 33 msecs (HTTP/1.1 200) 6 headers in 224 bytes (1 switches on core 0)
2026-06-02 08:05:00.887 8 INFO placement.requestlog [req-d5669a1d-5d74-450f-8453-852d747a3509 req-7ec12fbd-e011-421a-8296-2b89a00571ac c91cd69b292e4a5e93c727cbb08224ee 97addea42b704276aa57f825077fd889 - - bcae5d12daec4ce1af9a15ddaf320d92 bcae5d12daec4ce1af9a15ddaf320d92] 199.19.213.138 "GET /allocations/10a7c420-9cbf-438c-91d9-4f95f17a9edd" status: 200 len: 258 microversion: 1.28 [pid: 8|app: 0|req: 486/970] 199.19.213.138 () {34 vars in 863 bytes} [Tue Jun 2 08:05:00 2026] GET /allocations/10a7c420-9cbf-438c-91d9-4f95f17a9edd => generated 258 bytes in 16 msecs (HTTP/1.1 200) 8 headers in 296 bytes (1 switches on core 0)
2026-06-02 08:05:02.873 7 INFO placement.requestlog [None req-1bdc3ac1-3fb7-4a78-a986-a188a5006712 1f3a5700003a406da48d7e9545e44531 97addea42b704276aa57f825077fd889 - - bcae5d12daec4ce1af9a15ddaf320d92 bcae5d12daec4ce1af9a15ddaf320d92] 10.0.0.29 "GET /resource_providers/f8428ef1-535f-4ff0-8043-117f2c0a6526/aggregates" status: 404 len: 235 microversion: 1.1 [pid: 7|app: 0|req: 485/971] 10.0.0.29 () {32 vars in 815 bytes} [Tue Jun 2 08:05:02 2026] GET /resource_providers/f8428ef1-535f-4ff0-8043-117f2c0a6526/aggregates => generated 235 bytes in 15 msecs (HTTP/1.1 404) 5 headers in 202 bytes (1 switches on core 0)
2026-06-02 08:05:02.874 8 INFO placement.requestlog [None req-ba179c89-c86b-4bfa-b23e-435781178bb0 1f3a5700003a406da48d7e9545e44531 97addea42b704276aa57f825077fd889 - - bcae5d12daec4ce1af9a15ddaf320d92 bcae5d12daec4ce1af9a15ddaf320d92] 10.0.0.29 "GET /resource_providers/f8428ef1-535f-4ff0-8043-117f2c0a6526/aggregates" status: 404 len: 235 microversion: 1.1 [pid: 8|app: 0|req: 487/972] 10.0.0.29 () {32 vars in 815 bytes} [Tue Jun 2 08:05:02 2026] GET /resource_providers/f8428ef1-535f-4ff0-8043-117f2c0a6526/aggregates => generated 235 bytes in 16 msecs (HTTP/1.1 404) 5 headers in 202 bytes (1 switches on core 0)
2026-06-02 08:05:02.905 8 INFO placement.requestlog [None req-3cd594ed-90bc-4a67-ba64-350681f3fc0f 1f3a5700003a406da48d7e9545e44531 97addea42b704276aa57f825077fd889 - - bcae5d12daec4ce1af9a15ddaf320d92 bcae5d12daec4ce1af9a15ddaf320d92] 10.0.0.29 "DELETE /resource_providers/f8428ef1-535f-4ff0-8043-117f2c0a6526" status: 404 len: 246 microversion: 1.1
2026-06-02 08:05:02.905 7 INFO placement.requestlog [None req-dd6928e7-7ea8-4d45-b340-3b7dd7578fd4 1f3a5700003a406da48d7e9545e44531 97addea42b704276aa57f825077fd889 - - bcae5d12daec4ce1af9a15ddaf320d92 bcae5d12daec4ce1af9a15ddaf320d92] 10.0.0.29 "DELETE /resource_providers/f8428ef1-535f-4ff0-8043-117f2c0a6526" status: 404 len: 246 microversion: 1.1 [pid: 8|app: 0|req: 488/973] 10.0.0.29 () {34 vars in 815 bytes} [Tue Jun 2 08:05:02 2026] DELETE /resource_providers/f8428ef1-535f-4ff0-8043-117f2c0a6526 => generated 246 bytes in 15 msecs (HTTP/1.1 404) 6 headers in 231 bytes (1 switches on core 0) [pid: 7|app: 0|req: 486/974] 10.0.0.29 () {34 vars in 815 bytes} [Tue Jun 2 08:05:02 2026] DELETE /resource_providers/f8428ef1-535f-4ff0-8043-117f2c0a6526 => generated 246 bytes in 17 msecs (HTTP/1.1 404) 6 headers in 231 bytes (1 switches on core 0)
2026-06-02 08:05:05.585 8 INFO placement.requestlog [req-ad6b4745-9f8a-4f7d-a4ee-759ada552c43 req-37f46d8c-68e2-48ee-8b9f-e47638ba155b c91cd69b292e4a5e93c727cbb08224ee 97addea42b704276aa57f825077fd889 - - bcae5d12daec4ce1af9a15ddaf320d92 bcae5d12daec4ce1af9a15ddaf320d92] 10.0.0.226 "GET /allocation_candidates?limit=1000&resources=DISK_GB%3A1%2CMEMORY_MB%3A512%2CVCPU%3A1&root_required=%21COMPUTE_STATUS_DISABLED" status: 200 len: 2219 microversion: 1.36 [pid: 8|app: 0|req: 489/975] 10.0.0.226 () {34 vars in 1012 bytes} [Tue Jun 2 08:05:05 2026] GET /allocation_candidates?limit=1000&resources=DISK_GB%3A1%2CMEMORY_MB%3A512%2CVCPU%3A1&root_required=%21COMPUTE_STATUS_DISABLED => generated 2219 bytes in 45 msecs (HTTP/1.1 200) 8 headers in 297 bytes (1 switches on core 0)
2026-06-02 08:05:05.617 7 INFO placement.requestlog [req-ad6b4745-9f8a-4f7d-a4ee-759ada552c43 req-1a413932-f9ed-4a9a-90a6-e1d57e055cab c91cd69b292e4a5e93c727cbb08224ee 97addea42b704276aa57f825077fd889 - - bcae5d12daec4ce1af9a15ddaf320d92 bcae5d12daec4ce1af9a15ddaf320d92] 10.0.0.226 "GET /allocations/36393de8-2ab5-4e25-a884-68cdeb00226f" status: 200 len: 19 microversion: 1.28 [pid: 7|app: 0|req: 487/976] 10.0.0.226 () {34 vars in 861 bytes} [Tue Jun 2 08:05:05 2026] GET /allocations/36393de8-2ab5-4e25-a884-68cdeb00226f => generated 19 bytes in 15 msecs (HTTP/1.1 200) 8 headers in 295 bytes (1 switches on core 0)
2026-06-02 08:05:05.696 8 INFO placement.requestlog [req-ad6b4745-9f8a-4f7d-a4ee-759ada552c43 req-1814555c-014c-49fc-8cff-b71480dd9303 c91cd69b292e4a5e93c727cbb08224ee 97addea42b704276aa57f825077fd889 - - bcae5d12daec4ce1af9a15ddaf320d92 bcae5d12daec4ce1af9a15ddaf320d92] 10.0.0.226 "PUT /allocations/36393de8-2ab5-4e25-a884-68cdeb00226f" status: 204 len: 0 microversion: 1.36 [pid: 8|app: 0|req: 490/977] 10.0.0.226 () {38 vars in 914 bytes} [Tue Jun 2 08:05:05 2026] PUT /allocations/36393de8-2ab5-4e25-a884-68cdeb00226f => generated 0 bytes in 73 msecs (HTTP/1.1 204) 5 headers in 199 bytes (1 switches on core 0)
2026-06-02 08:05:05.943 7 INFO placement.requestlog [req-ad6b4745-9f8a-4f7d-a4ee-759ada552c43 req-c511f9d1-b482-4625-8018-627f5294c6aa c91cd69b292e4a5e93c727cbb08224ee 97addea42b704276aa57f825077fd889 - - bcae5d12daec4ce1af9a15ddaf320d92 bcae5d12daec4ce1af9a15ddaf320d92] 199.19.213.138 "GET /allocations/36393de8-2ab5-4e25-a884-68cdeb00226f" status: 200 len: 258 microversion: 1.28 [pid: 7|app: 0|req: 488/978] 199.19.213.138 () {34 vars in 863 bytes} [Tue Jun 2 08:05:05 2026] GET /allocations/36393de8-2ab5-4e25-a884-68cdeb00226f => generated 258 bytes in 13 msecs (HTTP/1.1 200) 8 headers in 296 bytes (1 switches on core 0)
2026-06-02 08:05:06.045 8 INFO placement.requestlog [req-ad6b4745-9f8a-4f7d-a4ee-759ada552c43 req-eeebeaea-0420-49bd-a845-448c92474adf c91cd69b292e4a5e93c727cbb08224ee 97addea42b704276aa57f825077fd889 - - bcae5d12daec4ce1af9a15ddaf320d92 bcae5d12daec4ce1af9a15ddaf320d92] 199.19.213.138 "GET /resource_providers/ddf912e5-8e38-4696-b191-17e8866122e6/allocations" status: 200 len: 253 microversion: 1.0 [pid: 8|app: 0|req: 491/979] 199.19.213.138 () {32 vars in 857 bytes} [Tue Jun 2 08:05:06 2026] GET /resource_providers/ddf912e5-8e38-4696-b191-17e8866122e6/allocations => generated 253 bytes in 20 msecs (HTTP/1.1 200) 6 headers in 224 bytes (1 switches on core 0)
2026-06-02 08:05:06.068 7 INFO placement.requestlog [req-ad6b4745-9f8a-4f7d-a4ee-759ada552c43 req-fd91e6f9-e749-4106-8813-4e130a6b08c5 c91cd69b292e4a5e93c727cbb08224ee 97addea42b704276aa57f825077fd889 - - bcae5d12daec4ce1af9a15ddaf320d92 bcae5d12daec4ce1af9a15ddaf320d92] 199.19.213.138 "GET /allocations/10a7c420-9cbf-438c-91d9-4f95f17a9edd" status: 200 len: 258 microversion: 1.28 [pid: 7|app: 0|req: 489/980] 199.19.213.138 () {34 vars in 863 bytes} [Tue Jun 2 08:05:06 2026] GET /allocations/10a7c420-9cbf-438c-91d9-4f95f17a9edd => generated 258 bytes in 16 msecs (HTTP/1.1 200) 8 headers in 296 bytes (1 switches on core 0)
2026-06-02 08:05:06.084 8 INFO placement.requestlog [req-ad6b4745-9f8a-4f7d-a4ee-759ada552c43 req-e43bd3fe-594f-4dec-9701-3304ad55c148 c91cd69b292e4a5e93c727cbb08224ee 97addea42b704276aa57f825077fd889 - - bcae5d12daec4ce1af9a15ddaf320d92 bcae5d12daec4ce1af9a15ddaf320d92] 199.19.213.138 "GET /allocations/36393de8-2ab5-4e25-a884-68cdeb00226f" status: 200 len: 258 microversion: 1.28 [pid: 8|app: 0|req: 492/981] 199.19.213.138 () {34 vars in 863 bytes} [Tue Jun 2 08:05:06 2026] GET /allocations/36393de8-2ab5-4e25-a884-68cdeb00226f => generated 258 bytes in 10 msecs (HTTP/1.1 200) 8 headers in 296 bytes (1 switches on core 0)
2026-06-02 08:05:09.979 8 INFO placement.requestlog [None req-f2388bd4-f1d7-45c4-872f-e249e2c9bd39 - - - - - -] 10.0.0.165 "GET /" status: 200 len: 136 microversion: 1.0
2026-06-02 08:05:09.981 7 INFO placement.requestlog [None req-47270b1b-1301-4fd8-9897-87af1dd83523 - - - - - -] 10.0.0.165 "GET /" status: 200 len: 136 microversion: 1.0
2026-06-02 08:05:13.877 8 INFO placement.requestlog [None req-64309408-745b-4247-882f-84f3b5a12997 1f3a5700003a406da48d7e9545e44531 97addea42b704276aa57f825077fd889 - - bcae5d12daec4ce1af9a15ddaf320d92 bcae5d12daec4ce1af9a15ddaf320d92] 10.0.0.29 "GET /resource_providers/b6807a2e-e5b8-4962-9460-c83757f950d0/aggregates" status: 404 len: 235 microversion: 1.1 [pid: 8|app: 0|req: 494/984] 10.0.0.29 () {32 vars in 815 bytes} [Tue Jun 2 08:05:13 2026] GET /resource_providers/b6807a2e-e5b8-4962-9460-c83757f950d0/aggregates => generated 235 bytes in 16 msecs (HTTP/1.1 404) 5 headers in 202 bytes (1 switches on core 0)
2026-06-02 08:05:13.881 7 INFO placement.requestlog [None req-edceaabe-c09e-444c-9c78-d680f0c7e7c5 1f3a5700003a406da48d7e9545e44531 97addea42b704276aa57f825077fd889 - - bcae5d12daec4ce1af9a15ddaf320d92 bcae5d12daec4ce1af9a15ddaf320d92] 10.0.0.29 "GET /resource_providers/b6807a2e-e5b8-4962-9460-c83757f950d0/aggregates" status: 404 len: 235 microversion: 1.1 [pid: 7|app: 0|req: 491/985] 10.0.0.29 () {32 vars in 815 bytes} [Tue Jun 2 08:05:13 2026] GET /resource_providers/b6807a2e-e5b8-4962-9460-c83757f950d0/aggregates => generated 235 bytes in 15 msecs (HTTP/1.1 404) 5 headers in 202 bytes (1 switches on core 0)
2026-06-02 08:05:13.902 8 INFO placement.requestlog [None req-e2853b5c-6543-4b1e-81e2-60f1b9e122c9 1f3a5700003a406da48d7e9545e44531 97addea42b704276aa57f825077fd889 - - bcae5d12daec4ce1af9a15ddaf320d92 bcae5d12daec4ce1af9a15ddaf320d92] 10.0.0.29 "DELETE /resource_providers/b6807a2e-e5b8-4962-9460-c83757f950d0" status: 404 len: 246 microversion: 1.1 [pid: 8|app: 0|req: 495/986] 10.0.0.29 () {34 vars in 815 bytes} [Tue Jun 2 08:05:13 2026] DELETE /resource_providers/b6807a2e-e5b8-4962-9460-c83757f950d0 => generated 246 bytes in 12 msecs (HTTP/1.1 404) 6 headers in 231 bytes (1 switches on core 0)
2026-06-02 08:05:13.903 7 INFO placement.requestlog [None req-3655b314-7d2e-4a8a-9e49-573c88ade097 1f3a5700003a406da48d7e9545e44531 97addea42b704276aa57f825077fd889 - - bcae5d12daec4ce1af9a15ddaf320d92 bcae5d12daec4ce1af9a15ddaf320d92] 10.0.0.29 "DELETE /resource_providers/b6807a2e-e5b8-4962-9460-c83757f950d0" status: 404 len: 246 microversion: 1.1 [pid: 7|app: 0|req: 492/987] 10.0.0.29 () {34 vars in 815 bytes} [Tue Jun 2 08:05:13 2026] DELETE /resource_providers/b6807a2e-e5b8-4962-9460-c83757f950d0 => generated 246 bytes in 12 msecs (HTTP/1.1 404) 6 headers in 231 bytes (1 switches on core 0)
2026-06-02 08:05:16.292 8 INFO placement.requestlog [req-42bfc7a2-f8ad-4a26-ba6e-5befbd78f25e req-e76af65b-7928-41fa-b23c-63c9e9c41fb9 c91cd69b292e4a5e93c727cbb08224ee 97addea42b704276aa57f825077fd889 - - bcae5d12daec4ce1af9a15ddaf320d92 bcae5d12daec4ce1af9a15ddaf320d92] 10.0.0.226 "GET /allocation_candidates?limit=1000&resources=DISK_GB%3A1%2CMEMORY_MB%3A512%2CVCPU%3A1&root_required=%21COMPUTE_STATUS_DISABLED" status: 200 len: 2220 microversion: 1.36 [pid: 8|app: 0|req: 496/988] 10.0.0.226 () {34 vars in 1012 bytes} [Tue Jun 2 08:05:16 2026] GET /allocation_candidates?limit=1000&resources=DISK_GB%3A1%2CMEMORY_MB%3A512%2CVCPU%3A1&root_required=%21COMPUTE_STATUS_DISABLED => generated 2220 bytes in 48 msecs (HTTP/1.1 200) 8 headers in 297 bytes (1 switches on core 0)
2026-06-02 08:05:16.318 7 INFO placement.requestlog [req-42bfc7a2-f8ad-4a26-ba6e-5befbd78f25e req-d294b072-a1fc-42df-a4fd-1b55ad7bca6a c91cd69b292e4a5e93c727cbb08224ee 97addea42b704276aa57f825077fd889 - - bcae5d12daec4ce1af9a15ddaf320d92 bcae5d12daec4ce1af9a15ddaf320d92] 10.0.0.226 "GET /allocations/bc7cbdd9-4c1f-4b03-bc42-6ee55a58f927" status: 200 len: 19 microversion: 1.28 [pid: 7|app: 0|req: 493/989] 10.0.0.226 () {34 vars in 861 bytes} [Tue Jun 2 08:05:16 2026] GET /allocations/bc7cbdd9-4c1f-4b03-bc42-6ee55a58f927 => generated 19 bytes in 9 msecs (HTTP/1.1 200) 8 headers in 295 bytes (1 switches on core 0)
2026-06-02 08:05:16.397 8 INFO placement.requestlog [req-42bfc7a2-f8ad-4a26-ba6e-5befbd78f25e req-a9b4dcef-cdb4-49d6-a08b-a76e512e57a5 c91cd69b292e4a5e93c727cbb08224ee 97addea42b704276aa57f825077fd889 - - bcae5d12daec4ce1af9a15ddaf320d92 bcae5d12daec4ce1af9a15ddaf320d92] 10.0.0.226 "PUT /allocations/bc7cbdd9-4c1f-4b03-bc42-6ee55a58f927" status: 204 len: 0 microversion: 1.36 [pid: 8|app: 0|req: 497/990] 10.0.0.226 () {38 vars in 914 bytes} [Tue Jun 2 08:05:16 2026] PUT /allocations/bc7cbdd9-4c1f-4b03-bc42-6ee55a58f927 => generated 0 bytes in 74 msecs (HTTP/1.1 204) 5 headers in 199 bytes (1 switches on core 0)
2026-06-02 08:05:16.653 7 INFO placement.requestlog [req-42bfc7a2-f8ad-4a26-ba6e-5befbd78f25e req-4418a29c-33d0-4463-85e4-754aaf5a00d5 c91cd69b292e4a5e93c727cbb08224ee 97addea42b704276aa57f825077fd889 - - bcae5d12daec4ce1af9a15ddaf320d92 bcae5d12daec4ce1af9a15ddaf320d92] 199.19.213.138 "GET /allocations/bc7cbdd9-4c1f-4b03-bc42-6ee55a58f927" status: 200 len: 258 microversion: 1.28 [pid: 7|app: 0|req: 494/991] 199.19.213.138 () {34 vars in 863 bytes} [Tue Jun 2 08:05:16 2026] GET /allocations/bc7cbdd9-4c1f-4b03-bc42-6ee55a58f927 => generated 258 bytes in 14 msecs (HTTP/1.1 200) 8 headers in 296 bytes (1 switches on core 0)
2026-06-02 08:05:16.771 8 INFO placement.requestlog [req-42bfc7a2-f8ad-4a26-ba6e-5befbd78f25e req-41315feb-d484-42c1-8e7c-0a14f962e12e c91cd69b292e4a5e93c727cbb08224ee 97addea42b704276aa57f825077fd889 - - bcae5d12daec4ce1af9a15ddaf320d92 bcae5d12daec4ce1af9a15ddaf320d92] 199.19.213.138 "GET /resource_providers/ddf912e5-8e38-4696-b191-17e8866122e6/allocations" status: 200 len: 353 microversion: 1.0 [pid: 8|app: 0|req: 498/992] 199.19.213.138 () {32 vars in 857 bytes} [Tue Jun 2 08:05:16 2026] GET /resource_providers/ddf912e5-8e38-4696-b191-17e8866122e6/allocations => generated 353 bytes in 20 msecs (HTTP/1.1 200) 6 headers in 224 bytes (1 switches on core 0)
2026-06-02 08:05:16.794 7 INFO placement.requestlog [req-42bfc7a2-f8ad-4a26-ba6e-5befbd78f25e req-1778f1d8-1777-4c3a-a825-4df95749644e c91cd69b292e4a5e93c727cbb08224ee 97addea42b704276aa57f825077fd889 - - bcae5d12daec4ce1af9a15ddaf320d92 bcae5d12daec4ce1af9a15ddaf320d92] 199.19.213.138 "GET /allocations/10a7c420-9cbf-438c-91d9-4f95f17a9edd" status: 200 len: 258 microversion: 1.28 [pid: 7|app: 0|req: 495/993] 199.19.213.138 () {34 vars in 863 bytes} [Tue Jun 2 08:05:16 2026] GET /allocations/10a7c420-9cbf-438c-91d9-4f95f17a9edd => generated 258 bytes in 15 msecs (HTTP/1.1 200) 8 headers in 296 bytes (1 switches on core 0)
2026-06-02 08:05:16.815 8 INFO placement.requestlog [req-42bfc7a2-f8ad-4a26-ba6e-5befbd78f25e req-76e212c2-fa4d-4616-88fc-60f7706ba7fd c91cd69b292e4a5e93c727cbb08224ee 97addea42b704276aa57f825077fd889 - - bcae5d12daec4ce1af9a15ddaf320d92 bcae5d12daec4ce1af9a15ddaf320d92] 199.19.213.138 "GET /allocations/36393de8-2ab5-4e25-a884-68cdeb00226f" status: 200 len: 258 microversion: 1.28 [pid: 8|app: 0|req: 499/994] 199.19.213.138 () {34 vars in 863 bytes} [Tue Jun 2 08:05:16 2026] GET /allocations/36393de8-2ab5-4e25-a884-68cdeb00226f => generated 258 bytes in 13 msecs (HTTP/1.1 200) 8 headers in 296 bytes (1 switches on core 0)
2026-06-02 08:05:16.841 7 INFO placement.requestlog [req-42bfc7a2-f8ad-4a26-ba6e-5befbd78f25e req-70abf502-f939-4da7-8842-a0303efc6702 c91cd69b292e4a5e93c727cbb08224ee 97addea42b704276aa57f825077fd889 - - bcae5d12daec4ce1af9a15ddaf320d92 bcae5d12daec4ce1af9a15ddaf320d92] 199.19.213.138 "GET /allocations/bc7cbdd9-4c1f-4b03-bc42-6ee55a58f927" status: 200 len: 258 microversion: 1.28 [pid: 7|app: 0|req: 496/995] 199.19.213.138 () {34 vars in 863 bytes} [Tue Jun 2 08:05:16 2026] GET /allocations/bc7cbdd9-4c1f-4b03-bc42-6ee55a58f927 => generated 258 bytes in 18 msecs (HTTP/1.1 200) 8 headers in 296 bytes (1 switches on core 0)
2026-06-02 08:05:19.980 7 INFO placement.requestlog [None req-753fcf8e-1b77-4a28-9290-87cf2e47b8f0 - - - - - -] 10.0.0.165 "GET /" status: 200 len: 136 microversion: 1.0
2026-06-02 08:05:19.980 8 INFO placement.requestlog [None req-25bf49a8-2296-4e52-b4b7-94235e5aac1c - - - - - -] 10.0.0.165 "GET /" status: 200 len: 136 microversion: 1.0
2026-06-02 08:05:24.146 7 INFO placement.requestlog [req-c446a54f-cf7c-4e4e-83e8-6f57f802685c req-0736f179-d656-4139-a6cd-29e02a0ee0bf c91cd69b292e4a5e93c727cbb08224ee 97addea42b704276aa57f825077fd889 - - bcae5d12daec4ce1af9a15ddaf320d92 bcae5d12daec4ce1af9a15ddaf320d92] 199.19.213.138 "GET /resource_providers/ddf912e5-8e38-4696-b191-17e8866122e6/allocations" status: 200 len: 353 microversion: 1.0 [pid: 7|app: 0|req: 498/998] 199.19.213.138 () {32 vars in 857 bytes} [Tue Jun 2 08:05:24 2026] GET /resource_providers/ddf912e5-8e38-4696-b191-17e8866122e6/allocations => generated 353 bytes in 18 msecs (HTTP/1.1 200) 6 headers in 224 bytes (1 switches on core 0)
2026-06-02 08:05:24.169 8 INFO placement.requestlog [req-c446a54f-cf7c-4e4e-83e8-6f57f802685c req-ad4e431d-2f58-499d-b7aa-d8097c85d0a0 c91cd69b292e4a5e93c727cbb08224ee 97addea42b704276aa57f825077fd889 - - bcae5d12daec4ce1af9a15ddaf320d92 bcae5d12daec4ce1af9a15ddaf320d92] 199.19.213.138 "GET /allocations/10a7c420-9cbf-438c-91d9-4f95f17a9edd" status: 200 len: 258 microversion: 1.28 [pid: 8|app: 0|req: 501/999] 199.19.213.138 () {34 vars in 863 bytes} [Tue Jun 2 08:05:24 2026] GET /allocations/10a7c420-9cbf-438c-91d9-4f95f17a9edd => generated 258 bytes in 17 msecs (HTTP/1.1 200) 8 headers in 296 bytes (1 switches on core 0)
2026-06-02 08:05:24.189 7 INFO placement.requestlog [req-c446a54f-cf7c-4e4e-83e8-6f57f802685c req-d85a8920-99cc-4a82-9813-450d005f1bf9 c91cd69b292e4a5e93c727cbb08224ee 97addea42b704276aa57f825077fd889 - - bcae5d12daec4ce1af9a15ddaf320d92 bcae5d12daec4ce1af9a15ddaf320d92] 199.19.213.138 "GET /allocations/36393de8-2ab5-4e25-a884-68cdeb00226f" status: 200 len: 258 microversion: 1.28 [pid: 7|app: 0|req: 499/1000] 199.19.213.138 () {34 vars in 863 bytes} [Tue Jun 2 08:05:24 2026] GET /allocations/36393de8-2ab5-4e25-a884-68cdeb00226f => generated 258 bytes in 14 msecs (HTTP/1.1 200) 8 headers in 296 bytes (1 switches on core 0)
2026-06-02 08:05:24.211 8 INFO placement.requestlog [req-c446a54f-cf7c-4e4e-83e8-6f57f802685c req-c189d405-ab82-4add-9e0b-ff44bb4cc3c9 c91cd69b292e4a5e93c727cbb08224ee 97addea42b704276aa57f825077fd889 - - bcae5d12daec4ce1af9a15ddaf320d92 bcae5d12daec4ce1af9a15ddaf320d92] 199.19.213.138 "GET /allocations/bc7cbdd9-4c1f-4b03-bc42-6ee55a58f927" status: 200 len: 258 microversion: 1.28 [pid: 8|app: 0|req: 502/1001] 199.19.213.138 () {34 vars in 863 bytes} [Tue Jun 2 08:05:24 2026] GET /allocations/bc7cbdd9-4c1f-4b03-bc42-6ee55a58f927 => generated 258 bytes in 13 msecs (HTTP/1.1 200) 8 headers in 296 bytes (1 switches on core 0)
2026-06-02 08:05:24.290 7 INFO placement.requestlog [req-c446a54f-cf7c-4e4e-83e8-6f57f802685c req-b9b19704-f0b6-45ca-8070-cc9ddcfcbff0 c91cd69b292e4a5e93c727cbb08224ee 97addea42b704276aa57f825077fd889 - - bcae5d12daec4ce1af9a15ddaf320d92 bcae5d12daec4ce1af9a15ddaf320d92] 199.19.213.138 "DELETE /allocations/36393de8-2ab5-4e25-a884-68cdeb00226f" status: 204 len: 0 microversion: 1.0 [pid: 7|app: 0|req: 500/1002] 199.19.213.138 () {34 vars in 841 bytes} [Tue Jun 2 08:05:24 2026] DELETE /allocations/36393de8-2ab5-4e25-a884-68cdeb00226f => generated 0 bytes in 26 msecs (HTTP/1.1 204) 5 headers in 198 bytes (1 switches on core 0)
2026-06-02 08:05:28.794 7 INFO placement.requestlog [None req-26bb8a8c-584b-4f3d-b395-08f8c63037f9 1f3a5700003a406da48d7e9545e44531 97addea42b704276aa57f825077fd889 - - bcae5d12daec4ce1af9a15ddaf320d92 bcae5d12daec4ce1af9a15ddaf320d92] 10.0.0.29 "GET /resource_providers/908cc548-6af9-45b5-9792-4fc41b2b4f30/aggregates" status: 404 len: 235 microversion: 1.1 [pid: 7|app: 0|req: 501/1003] 10.0.0.29 () {32 vars in 815 bytes} [Tue Jun 2 08:05:28 2026] GET /resource_providers/908cc548-6af9-45b5-9792-4fc41b2b4f30/aggregates => generated 235 bytes in 10 msecs (HTTP/1.1 404) 5 headers in 202 bytes (1 switches on core 0)
2026-06-02 08:05:28.797 8 INFO placement.requestlog [None req-cadefccf-bb8c-451b-b33d-d21634c41ea9 1f3a5700003a406da48d7e9545e44531 97addea42b704276aa57f825077fd889 - - bcae5d12daec4ce1af9a15ddaf320d92 bcae5d12daec4ce1af9a15ddaf320d92] 10.0.0.29 "GET /resource_providers/908cc548-6af9-45b5-9792-4fc41b2b4f30/aggregates" status: 404 len: 235 microversion: 1.1 [pid: 8|app: 0|req: 503/1004] 10.0.0.29 () {32 vars in 815 bytes} [Tue Jun 2 08:05:28 2026] GET /resource_providers/908cc548-6af9-45b5-9792-4fc41b2b4f30/aggregates => generated 235 bytes in 14 msecs (HTTP/1.1 404) 5 headers in 202 bytes (1 switches on core 0)
2026-06-02 08:05:28.814 7 INFO placement.requestlog [None req-97249d8a-e2b0-4417-a843-8b6306774567 1f3a5700003a406da48d7e9545e44531 97addea42b704276aa57f825077fd889 - - bcae5d12daec4ce1af9a15ddaf320d92 bcae5d12daec4ce1af9a15ddaf320d92] 10.0.0.29 "DELETE /resource_providers/908cc548-6af9-45b5-9792-4fc41b2b4f30" status: 404 len: 246 microversion: 1.1 [pid: 7|app: 0|req: 502/1005] 10.0.0.29 () {34 vars in 815 bytes} [Tue Jun 2 08:05:28 2026] DELETE /resource_providers/908cc548-6af9-45b5-9792-4fc41b2b4f30 => generated 246 bytes in 9 msecs (HTTP/1.1 404) 6 headers in 231 bytes (1 switches on core 0)
2026-06-02 08:05:28.818 8 INFO placement.requestlog [None req-373c22e9-27c0-4ec7-b113-c3ef80ad242c 1f3a5700003a406da48d7e9545e44531 97addea42b704276aa57f825077fd889 - - bcae5d12daec4ce1af9a15ddaf320d92 bcae5d12daec4ce1af9a15ddaf320d92] 10.0.0.29 "DELETE /resource_providers/908cc548-6af9-45b5-9792-4fc41b2b4f30" status: 404 len: 246 microversion: 1.1 [pid: 8|app: 0|req: 504/1006] 10.0.0.29 () {34 vars in 815 bytes} [Tue Jun 2 08:05:28 2026] DELETE /resource_providers/908cc548-6af9-45b5-9792-4fc41b2b4f30 => generated 246 bytes in 14 msecs (HTTP/1.1 404) 6 headers in 231 bytes (1 switches on core 0)
2026-06-02 08:05:29.980 8 INFO placement.requestlog [None req-fea3aeaf-6583-4aeb-b755-cefeaf3899a2 - - - - - -] 10.0.0.165 "GET /" status: 200 len: 136 microversion: 1.0
2026-06-02 08:05:29.980 7 INFO placement.requestlog [None req-43540dcc-38f6-4c15-9d7f-696f6f44925b - - - - - -] 10.0.0.165 "GET /" status: 200 len: 136 microversion: 1.0
2026-06-02 08:05:31.125 8 INFO placement.requestlog [None req-523c1599-de15-4f98-a266-365bf047edb1 1f3a5700003a406da48d7e9545e44531 97addea42b704276aa57f825077fd889 - - bcae5d12daec4ce1af9a15ddaf320d92 bcae5d12daec4ce1af9a15ddaf320d92] 10.0.0.29 "GET /resource_providers/a8e3aa4b-1293-49da-8f45-59d7301fb8a0/aggregates" status: 404 len: 235 microversion: 1.1
2026-06-02 08:05:31.125 7 INFO placement.requestlog [None req-65080ef3-8a2e-4fa7-8a82-6676604b9785 1f3a5700003a406da48d7e9545e44531 97addea42b704276aa57f825077fd889 - - bcae5d12daec4ce1af9a15ddaf320d92 bcae5d12daec4ce1af9a15ddaf320d92] 10.0.0.29 "GET /resource_providers/a8e3aa4b-1293-49da-8f45-59d7301fb8a0/aggregates" status: 404 len: 235 microversion: 1.1 [pid: 7|app: 0|req: 504/1010] 10.0.0.29 () {32 vars in 815 bytes} [Tue Jun 2 08:05:31 2026] GET /resource_providers/a8e3aa4b-1293-49da-8f45-59d7301fb8a0/aggregates => generated 235 bytes in 15 msecs (HTTP/1.1 404) 5 headers in 202 bytes (1 switches on core 0) [pid: 8|app: 0|req: 506/1010] 10.0.0.29 () {32 vars in 815 bytes} [Tue Jun 2 08:05:31 2026] GET /resource_providers/a8e3aa4b-1293-49da-8f45-59d7301fb8a0/aggregates => generated 235 bytes in 15 msecs (HTTP/1.1 404) 5 headers in 202 bytes (1 switches on core 0)
2026-06-02 08:05:31.143 8 INFO placement.requestlog [None req-7e832b81-6d3b-470e-8a48-c2571508bdc5 1f3a5700003a406da48d7e9545e44531 97addea42b704276aa57f825077fd889 - - bcae5d12daec4ce1af9a15ddaf320d92 bcae5d12daec4ce1af9a15ddaf320d92] 10.0.0.29 "DELETE /resource_providers/a8e3aa4b-1293-49da-8f45-59d7301fb8a0" status: 404 len: 246 microversion: 1.1 [pid: 8|app: 0|req: 507/1011] 10.0.0.29 () {34 vars in 815 bytes} [Tue Jun 2 08:05:31 2026] DELETE /resource_providers/a8e3aa4b-1293-49da-8f45-59d7301fb8a0 => generated 246 bytes in 10 msecs (HTTP/1.1 404) 6 headers in 231 bytes (1 switches on core 0)
2026-06-02 08:05:31.148 7 INFO placement.requestlog [None req-515a11b5-6c10-40d5-bbad-00c9a0c5d7ff 1f3a5700003a406da48d7e9545e44531 97addea42b704276aa57f825077fd889 - - bcae5d12daec4ce1af9a15ddaf320d92 bcae5d12daec4ce1af9a15ddaf320d92] 10.0.0.29 "DELETE /resource_providers/a8e3aa4b-1293-49da-8f45-59d7301fb8a0" status: 404 len: 246 microversion: 1.1 [pid: 7|app: 0|req: 505/1012] 10.0.0.29 () {34 vars in 815 bytes} [Tue Jun 2 08:05:31 2026] DELETE /resource_providers/a8e3aa4b-1293-49da-8f45-59d7301fb8a0 => generated 246 bytes in 15 msecs (HTTP/1.1 404) 6 headers in 231 bytes (1 switches on core 0)
2026-06-02 08:05:33.176 7 INFO placement.requestlog [None req-8d3a3fe3-5082-455a-a004-84c3ecb34fe4 1f3a5700003a406da48d7e9545e44531 97addea42b704276aa57f825077fd889 - - bcae5d12daec4ce1af9a15ddaf320d92 bcae5d12daec4ce1af9a15ddaf320d92] 10.0.0.29 "GET /resource_providers/de5de264-a8af-4f40-b2ba-541b9c3badf0/aggregates" status: 404 len: 235 microversion: 1.1
