May 09 03:16:04.550628 np0000172884 nova-scheduler[108915]: DEBUG cotyledon.oslo_config_glue [-] vnc.server_proxyclient_address = 127.0.0.1 {{(pid=108915) log_opt_values /opt/stack/data/venv/lib/python3.12/site-packages/oslo_config/cfg.py:3006}}
May 09 03:16:04.550628 np0000172884 nova-scheduler[108915]: DEBUG cotyledon.oslo_config_glue [-] vnc.vencrypt_ca_certs = None {{(pid=108915) log_opt_values /opt/stack/data/venv/lib/python3.12/site-packages/oslo_config/cfg.py:3006}}
May 09 03:16:04.550628 np0000172884 nova-scheduler[108915]: DEBUG cotyledon.oslo_config_glue [-] vnc.vencrypt_client_cert = None {{(pid=108915) log_opt_values /opt/stack/data/venv/lib/python3.12/site-packages/oslo_config/cfg.py:3006}}
May 09 03:16:04.550628 np0000172884 nova-scheduler[108915]: DEBUG cotyledon.oslo_config_glue [-] vnc.vencrypt_client_key = None {{(pid=108915) log_opt_values /opt/stack/data/venv/lib/python3.12/site-packages/oslo_config/cfg.py:3006}}
May 09 03:16:04.550628 np0000172884 nova-scheduler[108915]: DEBUG cotyledon.oslo_config_glue [-] workarounds.disable_compute_service_check_for_ffu = False {{(pid=108915) log_opt_values /opt/stack/data/venv/lib/python3.12/site-packages/oslo_config/cfg.py:3006}}
May 09 03:16:04.550628 np0000172884 nova-scheduler[108915]: DEBUG cotyledon.oslo_config_glue [-] workarounds.disable_deep_image_inspection = False {{(pid=108915) log_opt_values /opt/stack/data/venv/lib/python3.12/site-packages/oslo_config/cfg.py:3006}}
May 09 03:16:04.550628 np0000172884 nova-scheduler[108915]: DEBUG cotyledon.oslo_config_glue [-] workarounds.disable_fallback_pcpu_query = False {{(pid=108915) log_opt_values /opt/stack/data/venv/lib/python3.12/site-packages/oslo_config/cfg.py:3006}}
May 09 03:16:04.550628 np0000172884 nova-scheduler[108915]: DEBUG cotyledon.oslo_config_glue [-] workarounds.disable_group_policy_check_upcall = False {{(pid=108915) log_opt_values /opt/stack/data/venv/lib/python3.12/site-packages/oslo_config/cfg.py:3006}}
May 09 03:16:04.550628 np0000172884 nova-scheduler[108915]: DEBUG cotyledon.oslo_config_glue [-] workarounds.disable_libvirt_livesnapshot = False {{(pid=108915) log_opt_values /opt/stack/data/venv/lib/python3.12/site-packages/oslo_config/cfg.py:3006}}
May 09 03:16:04.550851 np0000172884 nova-scheduler[108915]: DEBUG cotyledon.oslo_config_glue [-] workarounds.disable_rootwrap = False {{(pid=108915) log_opt_values /opt/stack/data/venv/lib/python3.12/site-packages/oslo_config/cfg.py:3006}}
May 09 03:16:04.550851 np0000172884 nova-scheduler[108915]: DEBUG cotyledon.oslo_config_glue [-] workarounds.enable_numa_live_migration = False {{(pid=108915) log_opt_values /opt/stack/data/venv/lib/python3.12/site-packages/oslo_config/cfg.py:3006}}
May 09 03:16:04.550851 np0000172884 nova-scheduler[108915]: DEBUG cotyledon.oslo_config_glue [-] workarounds.enable_qemu_monitor_announce_self = False {{(pid=108915) log_opt_values /opt/stack/data/venv/lib/python3.12/site-packages/oslo_config/cfg.py:3006}}
May 09 03:16:04.550851 np0000172884 nova-scheduler[108915]: DEBUG cotyledon.oslo_config_glue [-] workarounds.ensure_libvirt_rbd_instance_dir_cleanup = False {{(pid=108915) log_opt_values /opt/stack/data/venv/lib/python3.12/site-packages/oslo_config/cfg.py:3006}}
May 09 03:16:04.550851 np0000172884 nova-scheduler[108915]: DEBUG cotyledon.oslo_config_glue [-] workarounds.handle_virt_lifecycle_events = True {{(pid=108915) log_opt_values /opt/stack/data/venv/lib/python3.12/site-packages/oslo_config/cfg.py:3006}}
May 09 03:16:04.550851 np0000172884 nova-scheduler[108915]: DEBUG cotyledon.oslo_config_glue [-] workarounds.libvirt_disable_apic = False {{(pid=108915) log_opt_values /opt/stack/data/venv/lib/python3.12/site-packages/oslo_config/cfg.py:3006}}
May 09 03:16:04.550851 np0000172884 nova-scheduler[108915]: DEBUG cotyledon.oslo_config_glue [-] workarounds.never_download_image_if_on_rbd = False {{(pid=108915) log_opt_values /opt/stack/data/venv/lib/python3.12/site-packages/oslo_config/cfg.py:3006}}
May 09 03:16:04.550851 np0000172884 nova-scheduler[108915]: DEBUG cotyledon.oslo_config_glue [-] workarounds.qemu_monitor_announce_self_count = 3 {{(pid=108915) log_opt_values /opt/stack/data/venv/lib/python3.12/site-packages/oslo_config/cfg.py:3006}}
May 09 03:16:04.550851 np0000172884 nova-scheduler[108915]: DEBUG cotyledon.oslo_config_glue [-] workarounds.qemu_monitor_announce_self_interval = 1 {{(pid=108915) log_opt_values /opt/stack/data/venv/lib/python3.12/site-packages/oslo_config/cfg.py:3006}}
May 09 03:16:04.551073 np0000172884 nova-scheduler[108915]: DEBUG cotyledon.oslo_config_glue [-] workarounds.reserve_disk_resource_for_image_cache = False {{(pid=108915) log_opt_values /opt/stack/data/venv/lib/python3.12/site-packages/oslo_config/cfg.py:3006}}
May 09 03:16:04.551073 np0000172884 nova-scheduler[108915]: DEBUG cotyledon.oslo_config_glue [-] workarounds.skip_cpu_compare_at_startup = False {{(pid=108915) log_opt_values /opt/stack/data/venv/lib/python3.12/site-packages/oslo_config/cfg.py:3006}}
May 09 03:16:04.551073 np0000172884 nova-scheduler[108915]: DEBUG cotyledon.oslo_config_glue [-] workarounds.skip_cpu_compare_on_dest = False {{(pid=108915) log_opt_values /opt/stack/data/venv/lib/python3.12/site-packages/oslo_config/cfg.py:3006}}
May 09 03:16:04.551073 np0000172884 nova-scheduler[108915]: DEBUG cotyledon.oslo_config_glue [-] workarounds.skip_hypervisor_version_check_on_lm = False {{(pid=108915) log_opt_values /opt/stack/data/venv/lib/python3.12/site-packages/oslo_config/cfg.py:3006}}
May 09 03:16:04.551073 np0000172884 nova-scheduler[108915]: DEBUG cotyledon.oslo_config_glue [-] workarounds.skip_reserve_in_use_ironic_nodes = False {{(pid=108915) log_opt_values /opt/stack/data/venv/lib/python3.12/site-packages/oslo_config/cfg.py:3006}}
May 09 03:16:04.551073 np0000172884 nova-scheduler[108915]: DEBUG cotyledon.oslo_config_glue [-] workarounds.unified_limits_count_pcpu_as_vcpu = False {{(pid=108915) log_opt_values /opt/stack/data/venv/lib/python3.12/site-packages/oslo_config/cfg.py:3006}}
May 09 03:16:04.551073 np0000172884 nova-scheduler[108915]: DEBUG cotyledon.oslo_config_glue [-] workarounds.wait_for_vif_plugged_event_during_hard_reboot = [] {{(pid=108915) log_opt_values /opt/stack/data/venv/lib/python3.12/site-packages/oslo_config/cfg.py:3006}}
May 09 03:16:04.551073 np0000172884 nova-scheduler[108915]: DEBUG cotyledon.oslo_config_glue [-] wsgi.api_paste_config = /etc/nova/api-paste.ini {{(pid=108915) log_opt_values /opt/stack/data/venv/lib/python3.12/site-packages/oslo_config/cfg.py:3006}}
May 09 03:16:04.551073 np0000172884 nova-scheduler[108915]: DEBUG cotyledon.oslo_config_glue [-] wsgi.secure_proxy_ssl_header = None {{(pid=108915) log_opt_values /opt/stack/data/venv/lib/python3.12/site-packages/oslo_config/cfg.py:3006}}
May 09 03:16:04.551291 np0000172884 nova-scheduler[108915]: DEBUG cotyledon.oslo_config_glue [-] zvm.ca_file = None {{(pid=108915) log_opt_values /opt/stack/data/venv/lib/python3.12/site-packages/oslo_config/cfg.py:3006}}
May 09 03:16:04.551291 np0000172884 nova-scheduler[108915]: DEBUG cotyledon.oslo_config_glue [-] zvm.cloud_connector_url = None {{(pid=108915) log_opt_values /opt/stack/data/venv/lib/python3.12/site-packages/oslo_config/cfg.py:3006}}
May 09 03:16:04.551291 np0000172884 nova-scheduler[108915]: DEBUG cotyledon.oslo_config_glue [-] zvm.image_tmp_path = /opt/stack/data/nova/images {{(pid=108915) log_opt_values /opt/stack/data/venv/lib/python3.12/site-packages/oslo_config/cfg.py:3006}}
May 09 03:16:04.551291 np0000172884 nova-scheduler[108915]: DEBUG cotyledon.oslo_config_glue [-] zvm.reachable_timeout = 300 {{(pid=108915) log_opt_values /opt/stack/data/venv/lib/python3.12/site-packages/oslo_config/cfg.py:3006}}
May 09 03:16:04.551291 np0000172884 nova-scheduler[108915]: DEBUG cotyledon.oslo_config_glue [-] oslo_versionedobjects.fatal_exception_format_errors = False {{(pid=108915) log_opt_values /opt/stack/data/venv/lib/python3.12/site-packages/oslo_config/cfg.py:3006}}
May 09 03:16:04.551291 np0000172884 nova-scheduler[108915]: DEBUG cotyledon.oslo_config_glue [-] oslo_middleware.http_basic_auth_user_file = /etc/htpasswd {{(pid=108915) log_opt_values /opt/stack/data/venv/lib/python3.12/site-packages/oslo_config/cfg.py:3006}}
May 09 03:16:04.551291 np0000172884 nova-scheduler[108915]: DEBUG cotyledon.oslo_config_glue [-] oslo_messaging_metrics.metrics_buffer_size = 1000 {{(pid=108915) log_opt_values /opt/stack/data/venv/lib/python3.12/site-packages/oslo_config/cfg.py:3006}}
May 09 03:16:04.551291 np0000172884 nova-scheduler[108915]: DEBUG cotyledon.oslo_config_glue [-] oslo_messaging_metrics.metrics_enabled = False {{(pid=108915) log_opt_values /opt/stack/data/venv/lib/python3.12/site-packages/oslo_config/cfg.py:3006}}
May 09 03:16:04.551291 np0000172884 nova-scheduler[108915]: DEBUG cotyledon.oslo_config_glue [-] oslo_messaging_metrics.metrics_process_name = {{(pid=108915) log_opt_values /opt/stack/data/venv/lib/python3.12/site-packages/oslo_config/cfg.py:3006}}
May 09 03:16:04.551512 np0000172884 nova-scheduler[108915]: DEBUG cotyledon.oslo_config_glue [-] oslo_messaging_metrics.metrics_socket_file = /var/tmp/metrics_collector.sock {{(pid=108915) log_opt_values /opt/stack/data/venv/lib/python3.12/site-packages/oslo_config/cfg.py:3006}}
May 09 03:16:04.551512 np0000172884 nova-scheduler[108915]: DEBUG cotyledon.oslo_config_glue [-] oslo_messaging_metrics.metrics_thread_stop_timeout = 10 {{(pid=108915) log_opt_values /opt/stack/data/venv/lib/python3.12/site-packages/oslo_config/cfg.py:3006}}
May 09 03:16:04.551512 np0000172884 nova-scheduler[108915]: DEBUG cotyledon.oslo_config_glue [-] profiler.connection_string = messaging:// {{(pid=108915) log_opt_values /opt/stack/data/venv/lib/python3.12/site-packages/oslo_config/cfg.py:3006}}
May 09 03:16:04.551512 np0000172884 nova-scheduler[108915]: DEBUG cotyledon.oslo_config_glue [-] profiler.enabled = False {{(pid=108915) log_opt_values /opt/stack/data/venv/lib/python3.12/site-packages/oslo_config/cfg.py:3006}}
May 09 03:16:04.551512 np0000172884 nova-scheduler[108915]: DEBUG cotyledon.oslo_config_glue [-] profiler.es_doc_type = notification {{(pid=108915) log_opt_values /opt/stack/data/venv/lib/python3.12/site-packages/oslo_config/cfg.py:3006}}
May 09 03:16:04.551512 np0000172884 nova-scheduler[108915]: DEBUG cotyledon.oslo_config_glue [-] profiler.es_scroll_size = 10000 {{(pid=108915) log_opt_values /opt/stack/data/venv/lib/python3.12/site-packages/oslo_config/cfg.py:3006}}
May 09 03:16:04.551512 np0000172884 nova-scheduler[108915]: DEBUG cotyledon.oslo_config_glue [-] profiler.es_scroll_time = 2m {{(pid=108915) log_opt_values /opt/stack/data/venv/lib/python3.12/site-packages/oslo_config/cfg.py:3006}}
May 09 03:16:04.551512 np0000172884 nova-scheduler[108915]: DEBUG cotyledon.oslo_config_glue [-] profiler.filter_error_trace = False {{(pid=108915) log_opt_values /opt/stack/data/venv/lib/python3.12/site-packages/oslo_config/cfg.py:3006}}
May 09 03:16:04.551512 np0000172884 nova-scheduler[108915]: DEBUG cotyledon.oslo_config_glue [-] profiler.hmac_keys = **** {{(pid=108915) log_opt_values /opt/stack/data/venv/lib/python3.12/site-packages/oslo_config/cfg.py:3006}}
May 09 03:16:04.551729 np0000172884 nova-scheduler[108915]: DEBUG cotyledon.oslo_config_glue [-] profiler.sentinel_service_name = mymaster {{(pid=108915) log_opt_values /opt/stack/data/venv/lib/python3.12/site-packages/oslo_config/cfg.py:3006}}
May 09 03:16:04.551729 np0000172884 nova-scheduler[108915]: DEBUG cotyledon.oslo_config_glue [-] profiler.socket_timeout = 0.1 {{(pid=108915) log_opt_values /opt/stack/data/venv/lib/python3.12/site-packages/oslo_config/cfg.py:3006}}
May 09 03:16:04.551729 np0000172884 nova-scheduler[108915]: DEBUG cotyledon.oslo_config_glue [-] profiler.trace_requests = False {{(pid=108915) log_opt_values /opt/stack/data/venv/lib/python3.12/site-packages/oslo_config/cfg.py:3006}}
May 09 03:16:04.551729 np0000172884 nova-scheduler[108915]: DEBUG cotyledon.oslo_config_glue [-] profiler.trace_sqlalchemy = False {{(pid=108915) log_opt_values /opt/stack/data/venv/lib/python3.12/site-packages/oslo_config/cfg.py:3006}}
May 09 03:16:04.551729 np0000172884 nova-scheduler[108915]: DEBUG cotyledon.oslo_config_glue [-] profiler_jaeger.process_tags = {} {{(pid=108915) log_opt_values /opt/stack/data/venv/lib/python3.12/site-packages/oslo_config/cfg.py:3006}}
May 09 03:16:04.551729 np0000172884 nova-scheduler[108915]: DEBUG cotyledon.oslo_config_glue [-] profiler_jaeger.service_name_prefix = None {{(pid=108915) log_opt_values /opt/stack/data/venv/lib/python3.12/site-packages/oslo_config/cfg.py:3006}}
May 09 03:16:04.551729 np0000172884 nova-scheduler[108915]: DEBUG cotyledon.oslo_config_glue [-] profiler_otlp.service_name_prefix = None {{(pid=108915) log_opt_values /opt/stack/data/venv/lib/python3.12/site-packages/oslo_config/cfg.py:3006}}
May 09 03:16:04.551729 np0000172884 nova-scheduler[108915]: DEBUG cotyledon.oslo_config_glue [-] oslo_messaging_rabbit.amqp_auto_delete = False {{(pid=108915) log_opt_values /opt/stack/data/venv/lib/python3.12/site-packages/oslo_config/cfg.py:3006}}
May 09 03:16:04.551729 np0000172884 nova-scheduler[108915]: DEBUG cotyledon.oslo_config_glue [-] oslo_messaging_rabbit.amqp_durable_queues = False {{(pid=108915) log_opt_values /opt/stack/data/venv/lib/python3.12/site-packages/oslo_config/cfg.py:3006}}
May 09 03:16:04.551949 np0000172884 nova-scheduler[108915]: DEBUG cotyledon.oslo_config_glue [-] oslo_messaging_rabbit.conn_pool_min_size = 2 {{(pid=108915) log_opt_values /opt/stack/data/venv/lib/python3.12/site-packages/oslo_config/cfg.py:3006}}
May 09 03:16:04.551949 np0000172884 nova-scheduler[108915]: DEBUG cotyledon.oslo_config_glue [-] oslo_messaging_rabbit.conn_pool_ttl = 1200 {{(pid=108915) log_opt_values /opt/stack/data/venv/lib/python3.12/site-packages/oslo_config/cfg.py:3006}}
May 09 03:16:04.551949 np0000172884 nova-scheduler[108915]: DEBUG cotyledon.oslo_config_glue [-] oslo_messaging_rabbit.direct_mandatory_flag = True {{(pid=108915) log_opt_values /opt/stack/data/venv/lib/python3.12/site-packages/oslo_config/cfg.py:3006}}
May 09 03:16:04.551949 np0000172884 nova-scheduler[108915]: DEBUG cotyledon.oslo_config_glue [-] oslo_messaging_rabbit.enable_cancel_on_failover = False {{(pid=108915) log_opt_values /opt/stack/data/venv/lib/python3.12/site-packages/oslo_config/cfg.py:3006}}
May 09 03:16:04.551949 np0000172884 nova-scheduler[108915]: DEBUG cotyledon.oslo_config_glue [-] oslo_messaging_rabbit.heartbeat_in_pthread = False {{(pid=108915) log_opt_values /opt/stack/data/venv/lib/python3.12/site-packages/oslo_config/cfg.py:3006}}
May 09 03:16:04.551949 np0000172884 nova-scheduler[108915]: DEBUG cotyledon.oslo_config_glue [-] oslo_messaging_rabbit.heartbeat_rate = 3 {{(pid=108915) log_opt_values /opt/stack/data/venv/lib/python3.12/site-packages/oslo_config/cfg.py:3006}}
May 09 03:16:04.551949 np0000172884 nova-scheduler[108915]: DEBUG cotyledon.oslo_config_glue [-] oslo_messaging_rabbit.heartbeat_timeout_threshold = 60 {{(pid=108915) log_opt_values /opt/stack/data/venv/lib/python3.12/site-packages/oslo_config/cfg.py:3006}}
May 09 03:16:04.551949 np0000172884 nova-scheduler[108915]: DEBUG cotyledon.oslo_config_glue [-] oslo_messaging_rabbit.hostname = np0000172884 {{(pid=108915) log_opt_values /opt/stack/data/venv/lib/python3.12/site-packages/oslo_config/cfg.py:3006}}
May 09 03:16:04.551949 np0000172884 nova-scheduler[108915]: DEBUG cotyledon.oslo_config_glue [-] oslo_messaging_rabbit.kombu_compression = None {{(pid=108915) log_opt_values /opt/stack/data/venv/lib/python3.12/site-packages/oslo_config/cfg.py:3006}}
May 09 03:16:04.552195 np0000172884 nova-scheduler[108915]: DEBUG cotyledon.oslo_config_glue [-] oslo_messaging_rabbit.kombu_failover_strategy = round-robin {{(pid=108915) log_opt_values /opt/stack/data/venv/lib/python3.12/site-packages/oslo_config/cfg.py:3006}}
May 09 03:16:04.552195 np0000172884 nova-scheduler[108915]: DEBUG cotyledon.oslo_config_glue [-] oslo_messaging_rabbit.kombu_missing_consumer_retry_timeout = 60 {{(pid=108915) log_opt_values /opt/stack/data/venv/lib/python3.12/site-packages/oslo_config/cfg.py:3006}}
May 09 03:16:04.552195 np0000172884 nova-scheduler[108915]: DEBUG cotyledon.oslo_config_glue [-] oslo_messaging_rabbit.kombu_reconnect_delay = 1.0 {{(pid=108915) log_opt_values /opt/stack/data/venv/lib/python3.12/site-packages/oslo_config/cfg.py:3006}}
May 09 03:16:04.552195 np0000172884 nova-scheduler[108915]: DEBUG cotyledon.oslo_config_glue [-] oslo_messaging_rabbit.kombu_reconnect_splay = 0.0 {{(pid=108915) log_opt_values /opt/stack/data/venv/lib/python3.12/site-packages/oslo_config/cfg.py:3006}}
May 09 03:16:04.552195 np0000172884 nova-scheduler[108915]: DEBUG cotyledon.oslo_config_glue [-] oslo_messaging_rabbit.processname = nova-scheduler {{(pid=108915) log_opt_values /opt/stack/data/venv/lib/python3.12/site-packages/oslo_config/cfg.py:3006}}
May 09 03:16:04.552195 np0000172884 nova-scheduler[108915]: DEBUG cotyledon.oslo_config_glue [-] oslo_messaging_rabbit.rabbit_ha_queues = False {{(pid=108915) log_opt_values /opt/stack/data/venv/lib/python3.12/site-packages/oslo_config/cfg.py:3006}}
May 09 03:16:04.552195 np0000172884 nova-scheduler[108915]: DEBUG cotyledon.oslo_config_glue [-] oslo_messaging_rabbit.rabbit_interval_max = 30 {{(pid=108915) log_opt_values /opt/stack/data/venv/lib/python3.12/site-packages/oslo_config/cfg.py:3006}}
May 09 03:16:04.552195 np0000172884 nova-scheduler[108915]: DEBUG cotyledon.oslo_config_glue [-] oslo_messaging_rabbit.rabbit_login_method = AMQPLAIN {{(pid=108915) log_opt_values /opt/stack/data/venv/lib/python3.12/site-packages/oslo_config/cfg.py:3006}}
May 09 03:16:04.552195 np0000172884 nova-scheduler[108915]: DEBUG cotyledon.oslo_config_glue [-] oslo_messaging_rabbit.rabbit_qos_prefetch_count = 0 {{(pid=108915) log_opt_values /opt/stack/data/venv/lib/python3.12/site-packages/oslo_config/cfg.py:3006}}
May 09 03:16:04.552480 np0000172884 nova-scheduler[108915]: DEBUG cotyledon.oslo_config_glue [-] oslo_messaging_rabbit.rabbit_quorum_delivery_limit = 0 {{(pid=108915) log_opt_values /opt/stack/data/venv/lib/python3.12/site-packages/oslo_config/cfg.py:3006}}
May 09 03:16:04.552480 np0000172884 nova-scheduler[108915]: DEBUG cotyledon.oslo_config_glue [-] oslo_messaging_rabbit.rabbit_quorum_max_memory_bytes = 0 {{(pid=108915) log_opt_values /opt/stack/data/venv/lib/python3.12/site-packages/oslo_config/cfg.py:3006}}
May 09 03:16:04.552480 np0000172884 nova-scheduler[108915]: DEBUG cotyledon.oslo_config_glue [-] oslo_messaging_rabbit.rabbit_quorum_max_memory_length = 0 {{(pid=108915) log_opt_values /opt/stack/data/venv/lib/python3.12/site-packages/oslo_config/cfg.py:3006}}
May 09 03:16:04.552480 np0000172884 nova-scheduler[108915]: DEBUG cotyledon.oslo_config_glue [-] oslo_messaging_rabbit.rabbit_quorum_queue = False {{(pid=108915) log_opt_values /opt/stack/data/venv/lib/python3.12/site-packages/oslo_config/cfg.py:3006}}
May 09 03:16:04.552480 np0000172884 nova-scheduler[108915]: DEBUG cotyledon.oslo_config_glue [-] oslo_messaging_rabbit.rabbit_retry_backoff = 2 {{(pid=108915) log_opt_values /opt/stack/data/venv/lib/python3.12/site-packages/oslo_config/cfg.py:3006}}
May 09 03:16:04.552480 np0000172884 nova-scheduler[108915]: DEBUG cotyledon.oslo_config_glue [-] oslo_messaging_rabbit.rabbit_retry_interval = 1 {{(pid=108915) log_opt_values /opt/stack/data/venv/lib/python3.12/site-packages/oslo_config/cfg.py:3006}}
May 09 03:16:04.552480 np0000172884 nova-scheduler[108915]: DEBUG cotyledon.oslo_config_glue [-] oslo_messaging_rabbit.rabbit_stream_fanout = False {{(pid=108915) log_opt_values /opt/stack/data/venv/lib/python3.12/site-packages/oslo_config/cfg.py:3006}}
May 09 03:16:04.552480 np0000172884 nova-scheduler[108915]: DEBUG cotyledon.oslo_config_glue [-] oslo_messaging_rabbit.rabbit_transient_queues_ttl = 1800 {{(pid=108915) log_opt_values /opt/stack/data/venv/lib/python3.12/site-packages/oslo_config/cfg.py:3006}}
May 09 03:16:04.552741 np0000172884 nova-scheduler[108915]: DEBUG cotyledon.oslo_config_glue [-] oslo_messaging_rabbit.rabbit_transient_quorum_queue = False {{(pid=108915) log_opt_values /opt/stack/data/venv/lib/python3.12/site-packages/oslo_config/cfg.py:3006}}
May 09 03:16:04.552741 np0000172884 nova-scheduler[108915]: DEBUG cotyledon.oslo_config_glue [-] oslo_messaging_rabbit.rpc_conn_pool_size = 30 {{(pid=108915) log_opt_values /opt/stack/data/venv/lib/python3.12/site-packages/oslo_config/cfg.py:3006}}
May 09 03:16:04.552741 np0000172884 nova-scheduler[108915]: DEBUG cotyledon.oslo_config_glue [-] oslo_messaging_rabbit.ssl = False {{(pid=108915) log_opt_values /opt/stack/data/venv/lib/python3.12/site-packages/oslo_config/cfg.py:3006}}
May 09 03:16:04.552741 np0000172884 nova-scheduler[108915]: DEBUG cotyledon.oslo_config_glue [-] oslo_messaging_rabbit.ssl_ca_file = {{(pid=108915) log_opt_values /opt/stack/data/venv/lib/python3.12/site-packages/oslo_config/cfg.py:3006}}
May 09 03:16:04.552741 np0000172884 nova-scheduler[108915]: DEBUG cotyledon.oslo_config_glue [-] oslo_messaging_rabbit.ssl_cert_file = {{(pid=108915) log_opt_values /opt/stack/data/venv/lib/python3.12/site-packages/oslo_config/cfg.py:3006}}
May 09 03:16:04.552741 np0000172884 nova-scheduler[108915]: DEBUG cotyledon.oslo_config_glue [-] oslo_messaging_rabbit.ssl_enforce_fips_mode = False {{(pid=108915) log_opt_values /opt/stack/data/venv/lib/python3.12/site-packages/oslo_config/cfg.py:3006}}
May 09 03:16:04.552741 np0000172884 nova-scheduler[108915]: DEBUG cotyledon.oslo_config_glue [-] oslo_messaging_rabbit.ssl_key_file = {{(pid=108915) log_opt_values /opt/stack/data/venv/lib/python3.12/site-packages/oslo_config/cfg.py:3006}}
May 09 03:16:04.552741 np0000172884 nova-scheduler[108915]: DEBUG cotyledon.oslo_config_glue [-] oslo_messaging_rabbit.ssl_version = {{(pid=108915) log_opt_values /opt/stack/data/venv/lib/python3.12/site-packages/oslo_config/cfg.py:3006}}
May 09 03:16:04.552741 np0000172884 nova-scheduler[108915]: DEBUG cotyledon.oslo_config_glue [-] oslo_messaging_rabbit.use_queue_manager = False {{(pid=108915) log_opt_values /opt/stack/data/venv/lib/python3.12/site-packages/oslo_config/cfg.py:3006}}
May 09 03:16:04.553058 np0000172884 nova-scheduler[108915]: DEBUG cotyledon.oslo_config_glue [-] oslo_messaging_notifications.driver = ['messagingv2'] {{(pid=108915) log_opt_values /opt/stack/data/venv/lib/python3.12/site-packages/oslo_config/cfg.py:3006}}
May 09 03:16:04.553058 np0000172884 nova-scheduler[108915]: DEBUG cotyledon.oslo_config_glue [-] oslo_messaging_notifications.retry = -1 {{(pid=108915) log_opt_values /opt/stack/data/venv/lib/python3.12/site-packages/oslo_config/cfg.py:3006}}
May 09 03:16:04.553058 np0000172884 nova-scheduler[108915]: DEBUG cotyledon.oslo_config_glue [-] oslo_messaging_notifications.topics = ['notifications'] {{(pid=108915) log_opt_values /opt/stack/data/venv/lib/python3.12/site-packages/oslo_config/cfg.py:3006}}
May 09 03:16:04.553058 np0000172884 nova-scheduler[108915]: DEBUG cotyledon.oslo_config_glue [-] oslo_messaging_notifications.transport_url = **** {{(pid=108915) log_opt_values /opt/stack/data/venv/lib/python3.12/site-packages/oslo_config/cfg.py:3006}}
May 09 03:16:04.553058 np0000172884 nova-scheduler[108915]: DEBUG cotyledon.oslo_config_glue [-] oslo_limit.auth_section = None {{(pid=108915) log_opt_values /opt/stack/data/venv/lib/python3.12/site-packages/oslo_config/cfg.py:3006}}
May 09 03:16:04.553058 np0000172884 nova-scheduler[108915]: DEBUG cotyledon.oslo_config_glue [-] oslo_limit.auth_type = None {{(pid=108915) log_opt_values /opt/stack/data/venv/lib/python3.12/site-packages/oslo_config/cfg.py:3006}}
May 09 03:16:04.553058 np0000172884 nova-scheduler[108915]: DEBUG cotyledon.oslo_config_glue [-] oslo_limit.cafile = None {{(pid=108915) log_opt_values /opt/stack/data/venv/lib/python3.12/site-packages/oslo_config/cfg.py:3006}}
May 09 03:16:04.553058 np0000172884 nova-scheduler[108915]: DEBUG cotyledon.oslo_config_glue [-] oslo_limit.certfile = None {{(pid=108915) log_opt_values /opt/stack/data/venv/lib/python3.12/site-packages/oslo_config/cfg.py:3006}}
May 09 03:16:04.553058 np0000172884 nova-scheduler[108915]: DEBUG cotyledon.oslo_config_glue [-] oslo_limit.collect_timing = False {{(pid=108915) log_opt_values /opt/stack/data/venv/lib/python3.12/site-packages/oslo_config/cfg.py:3006}}
May 09 03:16:04.553342 np0000172884 nova-scheduler[108915]: DEBUG cotyledon.oslo_config_glue [-] oslo_limit.connect_retries = None {{(pid=108915) log_opt_values /opt/stack/data/venv/lib/python3.12/site-packages/oslo_config/cfg.py:3006}}
May 09 03:16:04.553342 np0000172884 nova-scheduler[108915]: DEBUG cotyledon.oslo_config_glue [-] oslo_limit.connect_retry_delay = None {{(pid=108915) log_opt_values /opt/stack/data/venv/lib/python3.12/site-packages/oslo_config/cfg.py:3006}}
May 09 03:16:04.553342 np0000172884 nova-scheduler[108915]: DEBUG cotyledon.oslo_config_glue [-] oslo_limit.endpoint_id = None {{(pid=108915) log_opt_values /opt/stack/data/venv/lib/python3.12/site-packages/oslo_config/cfg.py:3006}}
May 09 03:16:04.553342 np0000172884 nova-scheduler[108915]: DEBUG cotyledon.oslo_config_glue [-] oslo_limit.endpoint_interface = public {{(pid=108915) log_opt_values /opt/stack/data/venv/lib/python3.12/site-packages/oslo_config/cfg.py:3006}}
May 09 03:16:04.553342 np0000172884 nova-scheduler[108915]: DEBUG cotyledon.oslo_config_glue [-] oslo_limit.endpoint_override = None {{(pid=108915) log_opt_values /opt/stack/data/venv/lib/python3.12/site-packages/oslo_config/cfg.py:3006}}
May 09 03:16:04.553342 np0000172884 nova-scheduler[108915]: DEBUG cotyledon.oslo_config_glue [-] oslo_limit.endpoint_region_name = None {{(pid=108915) log_opt_values /opt/stack/data/venv/lib/python3.12/site-packages/oslo_config/cfg.py:3006}}
May 09 03:16:04.553342 np0000172884 nova-scheduler[108915]: DEBUG cotyledon.oslo_config_glue [-] oslo_limit.endpoint_service_name = None {{(pid=108915) log_opt_values /opt/stack/data/venv/lib/python3.12/site-packages/oslo_config/cfg.py:3006}}
May 09 03:16:04.553342 np0000172884 nova-scheduler[108915]: DEBUG cotyledon.oslo_config_glue [-] oslo_limit.endpoint_service_type = None {{(pid=108915) log_opt_values /opt/stack/data/venv/lib/python3.12/site-packages/oslo_config/cfg.py:3006}}
May 09 03:16:04.553342 np0000172884 nova-scheduler[108915]: DEBUG cotyledon.oslo_config_glue [-] oslo_limit.insecure = False {{(pid=108915) log_opt_values /opt/stack/data/venv/lib/python3.12/site-packages/oslo_config/cfg.py:3006}}
May 09 03:16:04.553552 np0000172884 nova-scheduler[108922]: INFO dbcounter [None req-16eaa535-f51d-45f0-8a35-154188670f5d None None] Registered counter for database nova_cell0
May 09 03:16:04.553585 np0000172884 nova-scheduler[108915]: DEBUG cotyledon.oslo_config_glue [-] oslo_limit.keyfile = None {{(pid=108915) log_opt_values /opt/stack/data/venv/lib/python3.12/site-packages/oslo_config/cfg.py:3006}}
May 09 03:16:04.553585 np0000172884 nova-scheduler[108915]: DEBUG cotyledon.oslo_config_glue [-] oslo_limit.max_version = None {{(pid=108915) log_opt_values /opt/stack/data/venv/lib/python3.12/site-packages/oslo_config/cfg.py:3006}}
May 09 03:16:04.553585 np0000172884 nova-scheduler[108915]: DEBUG cotyledon.oslo_config_glue [-] oslo_limit.min_version = None {{(pid=108915) log_opt_values /opt/stack/data/venv/lib/python3.12/site-packages/oslo_config/cfg.py:3006}}
May 09 03:16:04.553585 np0000172884 nova-scheduler[108915]: DEBUG cotyledon.oslo_config_glue [-] oslo_limit.region_name = None {{(pid=108915) log_opt_values /opt/stack/data/venv/lib/python3.12/site-packages/oslo_config/cfg.py:3006}}
May 09 03:16:04.553585 np0000172884 nova-scheduler[108915]: DEBUG cotyledon.oslo_config_glue [-] oslo_limit.retriable_status_codes = None {{(pid=108915) log_opt_values /opt/stack/data/venv/lib/python3.12/site-packages/oslo_config/cfg.py:3006}}
May 09 03:16:04.553585 np0000172884 nova-scheduler[108915]: DEBUG cotyledon.oslo_config_glue [-] oslo_limit.service_name = None {{(pid=108915) log_opt_values /opt/stack/data/venv/lib/python3.12/site-packages/oslo_config/cfg.py:3006}}
May 09 03:16:04.553585 np0000172884 nova-scheduler[108915]: DEBUG cotyledon.oslo_config_glue [-] oslo_limit.service_type = None {{(pid=108915) log_opt_values /opt/stack/data/venv/lib/python3.12/site-packages/oslo_config/cfg.py:3006}}
May 09 03:16:04.553585 np0000172884 nova-scheduler[108915]: DEBUG cotyledon.oslo_config_glue [-] oslo_limit.split_loggers = False {{(pid=108915) log_opt_values /opt/stack/data/venv/lib/python3.12/site-packages/oslo_config/cfg.py:3006}}
May 09 03:16:04.553585 np0000172884 nova-scheduler[108915]: DEBUG cotyledon.oslo_config_glue [-] oslo_limit.status_code_retries = None {{(pid=108915) log_opt_values /opt/stack/data/venv/lib/python3.12/site-packages/oslo_config/cfg.py:3006}}
May 09 03:16:04.553823 np0000172884 nova-scheduler[108915]: DEBUG cotyledon.oslo_config_glue [-] oslo_limit.status_code_retry_delay = None {{(pid=108915) log_opt_values /opt/stack/data/venv/lib/python3.12/site-packages/oslo_config/cfg.py:3006}}
May 09 03:16:04.553823 np0000172884 nova-scheduler[108915]: DEBUG cotyledon.oslo_config_glue [-] oslo_limit.timeout = None {{(pid=108915) log_opt_values /opt/stack/data/venv/lib/python3.12/site-packages/oslo_config/cfg.py:3006}}
May 09 03:16:04.553823 np0000172884 nova-scheduler[108915]: DEBUG cotyledon.oslo_config_glue [-] oslo_limit.valid_interfaces = None {{(pid=108915) log_opt_values /opt/stack/data/venv/lib/python3.12/site-packages/oslo_config/cfg.py:3006}}
May 09 03:16:04.553823 np0000172884 nova-scheduler[108915]: DEBUG cotyledon.oslo_config_glue [-] oslo_limit.version = None {{(pid=108915) log_opt_values /opt/stack/data/venv/lib/python3.12/site-packages/oslo_config/cfg.py:3006}}
May 09 03:16:04.553823 np0000172884 nova-scheduler[108915]: DEBUG cotyledon.oslo_config_glue [-] oslo_reports.file_event_handler = None {{(pid=108915) log_opt_values /opt/stack/data/venv/lib/python3.12/site-packages/oslo_config/cfg.py:3006}}
May 09 03:16:04.553823 np0000172884 nova-scheduler[108915]: DEBUG cotyledon.oslo_config_glue [-] oslo_reports.file_event_handler_interval = 1 {{(pid=108915) log_opt_values /opt/stack/data/venv/lib/python3.12/site-packages/oslo_config/cfg.py:3006}}
May 09 03:16:04.553823 np0000172884 nova-scheduler[108915]: DEBUG cotyledon.oslo_config_glue [-] oslo_reports.log_dir = None {{(pid=108915) log_opt_values /opt/stack/data/venv/lib/python3.12/site-packages/oslo_config/cfg.py:3006}}
May 09 03:16:04.553823 np0000172884 nova-scheduler[108915]: DEBUG cotyledon.oslo_config_glue [-] ******************************************************************************** {{(pid=108915) log_opt_values /opt/stack/data/venv/lib/python3.12/site-packages/oslo_config/cfg.py:3013}}
May 09 03:16:04.553823 np0000172884 nova-scheduler[108915]: DEBUG cotyledon._service_worker [-] Run service ServiceWrapper(2) [108915] {{(pid=108915) wait_forever /opt/stack/data/venv/lib/python3.12/site-packages/cotyledon/_service_worker.py:218}}
May 09 03:16:04.554098 np0000172884 nova-scheduler[108915]: INFO nova.service [-] Starting scheduler node (version 33.1.0)
May 09 03:16:04.554134 np0000172884 nova-scheduler[108900]: DEBUG nova.service [None req-7a014b3a-c50d-43ad-8380-6c903a66da0c None None] Creating RPC server for service: nova-scheduler on topic: scheduler {{(pid=108900) start /opt/stack/nova/nova/service.py:195}}
May 09 03:16:04.554166 np0000172884 nova-scheduler[108922]: DEBUG oslo_db.sqlalchemy.engines [None req-16eaa535-f51d-45f0-8a35-154188670f5d None None] MySQL server mode set to STRICT_TRANS_TABLES,STRICT_ALL_TABLES,NO_ZERO_IN_DATE,NO_ZERO_DATE,ERROR_FOR_DIVISION_BY_ZERO,TRADITIONAL,NO_ENGINE_SUBSTITUTION {{(pid=108922) _check_effective_sql_mode /opt/stack/data/venv/lib/python3.12/site-packages/oslo_db/sqlalchemy/engines.py:325}}
May 09 03:16:04.554196 np0000172884 nova-scheduler[108915]: INFO dbcounter [None req-41d70150-ae6e-44b3-bc60-ce386b439b0f None None] Registered counter for database nova_cell0
May 09 03:16:04.555038 np0000172884 nova-scheduler[108907]: DEBUG nova.service [None req-b272125c-009a-41ed-8cb1-f6168a43ae3c None None] Creating RPC server for service: nova-scheduler on topic: scheduler {{(pid=108907) start /opt/stack/nova/nova/service.py:195}}
May 09 03:16:04.562583 np0000172884 nova-scheduler[108915]: DEBUG oslo_db.sqlalchemy.engines [None req-41d70150-ae6e-44b3-bc60-ce386b439b0f None None] MySQL server mode set to STRICT_TRANS_TABLES,STRICT_ALL_TABLES,NO_ZERO_IN_DATE,NO_ZERO_DATE,ERROR_FOR_DIVISION_BY_ZERO,TRADITIONAL,NO_ENGINE_SUBSTITUTION {{(pid=108915) _check_effective_sql_mode /opt/stack/data/venv/lib/python3.12/site-packages/oslo_db/sqlalchemy/engines.py:325}}
May 09 03:16:04.564225 np0000172884 nova-scheduler[108922]: DEBUG dbcounter [-] [108922] Writer thread running {{(pid=108922) stat_writer /opt/stack/data/venv/lib/python3.12/site-packages/dbcounter.py:102}}
May 09 03:16:04.567742 np0000172884 nova-scheduler[108922]: DEBUG nova.service [None req-16eaa535-f51d-45f0-8a35-154188670f5d None None] Creating RPC server for service: nova-scheduler on topic: scheduler {{(pid=108922) start /opt/stack/nova/nova/service.py:195}}
May 09 03:16:04.577488 np0000172884 nova-scheduler[108915]: DEBUG dbcounter [-] [108915] Writer thread running {{(pid=108915) stat_writer /opt/stack/data/venv/lib/python3.12/site-packages/dbcounter.py:102}}
May 09 03:16:04.581718 np0000172884 nova-scheduler[108915]: DEBUG nova.service [None req-41d70150-ae6e-44b3-bc60-ce386b439b0f None None] Creating RPC server for service: nova-scheduler on topic: scheduler {{(pid=108915) start /opt/stack/nova/nova/service.py:195}}
May 09 03:16:04.582780 np0000172884 nova-scheduler[108907]: DEBUG nova.service [None req-b272125c-009a-41ed-8cb1-f6168a43ae3c None None] Join ServiceGroup membership for this service scheduler {{(pid=108907) start /opt/stack/nova/nova/service.py:221}}
May 09 03:16:04.582952 np0000172884 nova-scheduler[108907]: DEBUG nova.servicegroup.drivers.db [None req-b272125c-009a-41ed-8cb1-f6168a43ae3c None None] DB_Driver: join new ServiceGroup member np0000172884 to the scheduler group, service = {{(pid=108907) join /opt/stack/nova/nova/servicegroup/drivers/db.py:44}}
May 09 03:16:04.587355 np0000172884 nova-scheduler[108900]: DEBUG nova.service [None req-7a014b3a-c50d-43ad-8380-6c903a66da0c None None] Join ServiceGroup membership for this service scheduler {{(pid=108900) start /opt/stack/nova/nova/service.py:221}}
May 09 03:16:04.587612 np0000172884 nova-scheduler[108900]: DEBUG nova.servicegroup.drivers.db [None req-7a014b3a-c50d-43ad-8380-6c903a66da0c None None] DB_Driver: join new ServiceGroup member np0000172884 to the scheduler group, service = {{(pid=108900) join /opt/stack/nova/nova/servicegroup/drivers/db.py:44}}
May 09 03:16:04.588431 np0000172884 nova-scheduler[108922]: DEBUG nova.service [None req-16eaa535-f51d-45f0-8a35-154188670f5d None None] Join ServiceGroup membership for this service scheduler {{(pid=108922) start /opt/stack/nova/nova/service.py:221}}
May 09 03:16:04.588726 np0000172884 nova-scheduler[108922]: DEBUG nova.servicegroup.drivers.db [None req-16eaa535-f51d-45f0-8a35-154188670f5d None None] DB_Driver: join new ServiceGroup member np0000172884 to the scheduler group, service = {{(pid=108922) join /opt/stack/nova/nova/servicegroup/drivers/db.py:44}}
May 09 03:16:04.601985 np0000172884 nova-scheduler[108915]: DEBUG nova.service [None req-41d70150-ae6e-44b3-bc60-ce386b439b0f None None] Join ServiceGroup membership for this service scheduler {{(pid=108915) start /opt/stack/nova/nova/service.py:221}}
May 09 03:16:04.602187 np0000172884 nova-scheduler[108915]: DEBUG nova.servicegroup.drivers.db [None req-41d70150-ae6e-44b3-bc60-ce386b439b0f None None] DB_Driver: join new ServiceGroup member np0000172884 to the scheduler group, service = {{(pid=108915) join /opt/stack/nova/nova/servicegroup/drivers/db.py:44}}
May 09 03:16:09.604964 np0000172884 nova-scheduler[108907]: DEBUG oslo.service.backend._threading.loopingcall [-] Fixed interval looping call 'nova.servicegroup.drivers.db.DbDriver._report_state' sleeping for 119.98 seconds {{(pid=108907) _run_loop /opt/stack/data/venv/lib/python3.12/site-packages/oslo_service/backend/_threading/loopingcall.py:125}}
May 09 03:16:09.607175 np0000172884 nova-scheduler[108900]: DEBUG oslo.service.backend._threading.loopingcall [-] Fixed interval looping call 'nova.servicegroup.drivers.db.DbDriver._report_state' sleeping for 119.98 seconds {{(pid=108900) _run_loop /opt/stack/data/venv/lib/python3.12/site-packages/oslo_service/backend/_threading/loopingcall.py:125}}
May 09 03:16:09.607612 np0000172884 nova-scheduler[108922]: DEBUG oslo.service.backend._threading.loopingcall [-] Fixed interval looping call 'nova.servicegroup.drivers.db.DbDriver._report_state' sleeping for 119.98 seconds {{(pid=108922) _run_loop /opt/stack/data/venv/lib/python3.12/site-packages/oslo_service/backend/_threading/loopingcall.py:125}}
May 09 03:16:09.614173 np0000172884 nova-scheduler[108915]: DEBUG oslo.service.backend._threading.loopingcall [-] Fixed interval looping call 'nova.servicegroup.drivers.db.DbDriver._report_state' sleeping for 119.99 seconds {{(pid=108915) _run_loop /opt/stack/data/venv/lib/python3.12/site-packages/oslo_service/backend/_threading/loopingcall.py:125}}
May 09 03:16:13.133440 np0000172884 nova-scheduler[108134]: DEBUG dbcounter [-] [108134] Writing DB stats nova_api:SELECT=3 {{(pid=108134) stat_writer /opt/stack/data/venv/lib/python3.12/site-packages/dbcounter.py:115}}
May 09 03:16:13.236260 np0000172884 nova-scheduler[108134]: DEBUG dbcounter [-] [108134] Writing DB stats nova_cell0:SELECT=1 {{(pid=108134) stat_writer /opt/stack/data/venv/lib/python3.12/site-packages/dbcounter.py:115}}
May 09 03:16:13.242625 np0000172884 nova-scheduler[108134]: DEBUG dbcounter [-] [108134] Writing DB stats nova_cell1:SELECT=1 {{(pid=108134) stat_writer /opt/stack/data/venv/lib/python3.12/site-packages/dbcounter.py:115}}
May 09 03:16:19.597003 np0000172884 nova-scheduler[108907]: DEBUG dbcounter [-] [108907] Writing DB stats nova_cell0:SELECT=5,nova_cell0:INSERT=1,nova_cell0:UPDATE=1 {{(pid=108907) stat_writer /opt/stack/data/venv/lib/python3.12/site-packages/dbcounter.py:115}}
May 09 03:16:19.604319 np0000172884 nova-scheduler[108900]: DEBUG dbcounter [-] [108900] Writing DB stats nova_cell0:SELECT=4,nova_cell0:INSERT=1,nova_cell0:UPDATE=1 {{(pid=108900) stat_writer /opt/stack/data/venv/lib/python3.12/site-packages/dbcounter.py:115}}
May 09 03:16:19.605555 np0000172884 nova-scheduler[108922]: DEBUG dbcounter [-] [108922] Writing DB stats nova_cell0:SELECT=3,nova_cell0:UPDATE=1 {{(pid=108922) stat_writer /opt/stack/data/venv/lib/python3.12/site-packages/dbcounter.py:115}}
May 09 03:16:19.612001 np0000172884 nova-scheduler[108915]: DEBUG dbcounter [-] [108915] Writing DB stats nova_cell0:SELECT=3 {{(pid=108915) stat_writer /opt/stack/data/venv/lib/python3.12/site-packages/dbcounter.py:115}}
May 09 03:16:34.591225 np0000172884 nova-scheduler[108922]: DEBUG oslo.service.backend._threading.loopingcall [None req-a82deb52-d381-4640-8368-c4ccfd80e674 None None] Dynamic interval looping call 'nova.service.Service.periodic_tasks' sleeping for 60.00 seconds {{(pid=108922) _run_loop /opt/stack/data/venv/lib/python3.12/site-packages/oslo_service/backend/_threading/loopingcall.py:125}}
May 09 03:16:37.585825 np0000172884 nova-scheduler[108907]: DEBUG oslo.service.backend._threading.loopingcall [None req-6df1ac93-f65a-448b-b180-05904cef2f97 None None] Dynamic interval looping call 'nova.service.Service.periodic_tasks' sleeping for 60.00 seconds {{(pid=108907) _run_loop /opt/stack/data/venv/lib/python3.12/site-packages/oslo_service/backend/_threading/loopingcall.py:125}}
May 09 03:16:41.606451 np0000172884 nova-scheduler[108915]: DEBUG oslo.service.backend._threading.loopingcall [None req-e1f0f00b-b18d-41d8-b424-106ec7941783 None None] Dynamic interval looping call 'nova.service.Service.periodic_tasks' sleeping for 60.00 seconds {{(pid=108915) _run_loop /opt/stack/data/venv/lib/python3.12/site-packages/oslo_service/backend/_threading/loopingcall.py:125}}
May 09 03:17:00.591512 np0000172884 nova-scheduler[108900]: DEBUG oslo.service.backend._threading.loopingcall [None req-7f834173-8ce9-4efc-8c2d-a56670ed66a8 None None] Dynamic interval looping call 'nova.service.Service.periodic_tasks' sleeping for 60.00 seconds {{(pid=108900) _run_loop /opt/stack/data/venv/lib/python3.12/site-packages/oslo_service/backend/_threading/loopingcall.py:125}}
May 09 03:17:34.592331 np0000172884 nova-scheduler[108922]: DEBUG oslo.service.backend._threading.loopingcall [None req-a82deb52-d381-4640-8368-c4ccfd80e674 None None] Dynamic interval looping call 'nova.service.Service.periodic_tasks' sleeping for 60.00 seconds {{(pid=108922) _run_loop /opt/stack/data/venv/lib/python3.12/site-packages/oslo_service/backend/_threading/loopingcall.py:125}}
May 09 03:17:37.586565 np0000172884 nova-scheduler[108907]: DEBUG oslo.service.backend._threading.loopingcall [None req-6df1ac93-f65a-448b-b180-05904cef2f97 None None] Dynamic interval looping call 'nova.service.Service.periodic_tasks' sleeping for 60.00 seconds {{(pid=108907) _run_loop /opt/stack/data/venv/lib/python3.12/site-packages/oslo_service/backend/_threading/loopingcall.py:125}}
May 09 03:17:41.607135 np0000172884 nova-scheduler[108915]: DEBUG oslo.service.backend._threading.loopingcall [None req-e1f0f00b-b18d-41d8-b424-106ec7941783 None None] Dynamic interval looping call 'nova.service.Service.periodic_tasks' sleeping for 60.00 seconds {{(pid=108915) _run_loop /opt/stack/data/venv/lib/python3.12/site-packages/oslo_service/backend/_threading/loopingcall.py:125}}
May 09 03:18:00.592428 np0000172884 nova-scheduler[108900]: DEBUG oslo.service.backend._threading.loopingcall [None req-7f834173-8ce9-4efc-8c2d-a56670ed66a8 None None] Dynamic interval looping call 'nova.service.Service.periodic_tasks' sleeping for 60.00 seconds {{(pid=108900) _run_loop /opt/stack/data/venv/lib/python3.12/site-packages/oslo_service/backend/_threading/loopingcall.py:125}}
May 09 03:18:09.596195 np0000172884 nova-scheduler[108907]: DEBUG oslo.service.backend._threading.loopingcall [-] Fixed interval looping call 'nova.servicegroup.drivers.db.DbDriver._report_state' sleeping for 119.99 seconds {{(pid=108907) _run_loop /opt/stack/data/venv/lib/python3.12/site-packages/oslo_service/backend/_threading/loopingcall.py:125}}
May 09 03:18:09.597033 np0000172884 nova-scheduler[108900]: DEBUG oslo.service.backend._threading.loopingcall [-] Fixed interval looping call 'nova.servicegroup.drivers.db.DbDriver._report_state' sleeping for 119.99 seconds {{(pid=108900) _run_loop /opt/stack/data/venv/lib/python3.12/site-packages/oslo_service/backend/_threading/loopingcall.py:125}}
May 09 03:18:09.597601 np0000172884 nova-scheduler[108922]: DEBUG oslo.service.backend._threading.loopingcall [-] Fixed interval looping call 'nova.servicegroup.drivers.db.DbDriver._report_state' sleeping for 119.99 seconds {{(pid=108922) _run_loop /opt/stack/data/venv/lib/python3.12/site-packages/oslo_service/backend/_threading/loopingcall.py:125}}
May 09 03:18:09.610170 np0000172884 nova-scheduler[108915]: DEBUG oslo.service.backend._threading.loopingcall [-] Fixed interval looping call 'nova.servicegroup.drivers.db.DbDriver._report_state' sleeping for 119.99 seconds {{(pid=108915) _run_loop /opt/stack/data/venv/lib/python3.12/site-packages/oslo_service/backend/_threading/loopingcall.py:125}}
May 09 03:18:19.590800 np0000172884 nova-scheduler[108907]: DEBUG dbcounter [-] [108907] Writing DB stats nova_cell0:SELECT=1,nova_cell0:UPDATE=1 {{(pid=108907) stat_writer /opt/stack/data/venv/lib/python3.12/site-packages/dbcounter.py:115}}
May 09 03:18:19.592644 np0000172884 nova-scheduler[108900]: DEBUG dbcounter [-] [108900] Writing DB stats nova_cell0:SELECT=1,nova_cell0:UPDATE=1 {{(pid=108900) stat_writer /opt/stack/data/venv/lib/python3.12/site-packages/dbcounter.py:115}}
May 09 03:18:19.593207 np0000172884 nova-scheduler[108922]: DEBUG dbcounter [-] [108922] Writing DB stats nova_cell0:SELECT=1,nova_cell0:UPDATE=1 {{(pid=108922) stat_writer /opt/stack/data/venv/lib/python3.12/site-packages/dbcounter.py:115}}
May 09 03:18:19.607157 np0000172884 nova-scheduler[108915]: DEBUG dbcounter [-] [108915] Writing DB stats nova_cell0:SELECT=1 {{(pid=108915) stat_writer /opt/stack/data/venv/lib/python3.12/site-packages/dbcounter.py:115}}
May 09 03:18:34.593734 np0000172884 nova-scheduler[108922]: DEBUG oslo.service.backend._threading.loopingcall [None req-a82deb52-d381-4640-8368-c4ccfd80e674 None None] Dynamic interval looping call 'nova.service.Service.periodic_tasks' sleeping for 60.00 seconds {{(pid=108922) _run_loop /opt/stack/data/venv/lib/python3.12/site-packages/oslo_service/backend/_threading/loopingcall.py:125}}
May 09 03:18:37.587219 np0000172884 nova-scheduler[108907]: DEBUG oslo.service.backend._threading.loopingcall [None req-6df1ac93-f65a-448b-b180-05904cef2f97 None None] Dynamic interval looping call 'nova.service.Service.periodic_tasks' sleeping for 60.00 seconds {{(pid=108907) _run_loop /opt/stack/data/venv/lib/python3.12/site-packages/oslo_service/backend/_threading/loopingcall.py:125}}
May 09 03:18:41.608067 np0000172884 nova-scheduler[108915]: DEBUG oslo.service.backend._threading.loopingcall [None req-e1f0f00b-b18d-41d8-b424-106ec7941783 None None] Dynamic interval looping call 'nova.service.Service.periodic_tasks' sleeping for 60.00 seconds {{(pid=108915) _run_loop /opt/stack/data/venv/lib/python3.12/site-packages/oslo_service/backend/_threading/loopingcall.py:125}}
May 09 03:19:00.592955 np0000172884 nova-scheduler[108900]: DEBUG oslo.service.backend._threading.loopingcall [None req-7f834173-8ce9-4efc-8c2d-a56670ed66a8 None None] Dynamic interval looping call 'nova.service.Service.periodic_tasks' sleeping for 60.00 seconds {{(pid=108900) _run_loop /opt/stack/data/venv/lib/python3.12/site-packages/oslo_service/backend/_threading/loopingcall.py:125}}
May 09 03:19:34.594555 np0000172884 nova-scheduler[108922]: DEBUG oslo.service.backend._threading.loopingcall [None req-a82deb52-d381-4640-8368-c4ccfd80e674 None None] Dynamic interval looping call 'nova.service.Service.periodic_tasks' sleeping for 60.00 seconds {{(pid=108922) _run_loop /opt/stack/data/venv/lib/python3.12/site-packages/oslo_service/backend/_threading/loopingcall.py:125}}
May 09 03:19:37.588093 np0000172884 nova-scheduler[108907]: DEBUG oslo.service.backend._threading.loopingcall [None req-6df1ac93-f65a-448b-b180-05904cef2f97 None None] Dynamic interval looping call 'nova.service.Service.periodic_tasks' sleeping for 60.00 seconds {{(pid=108907) _run_loop /opt/stack/data/venv/lib/python3.12/site-packages/oslo_service/backend/_threading/loopingcall.py:125}}
May 09 03:19:41.609072 np0000172884 nova-scheduler[108915]: DEBUG oslo.service.backend._threading.loopingcall [None req-e1f0f00b-b18d-41d8-b424-106ec7941783 None None] Dynamic interval looping call 'nova.service.Service.periodic_tasks' sleeping for 60.00 seconds {{(pid=108915) _run_loop /opt/stack/data/venv/lib/python3.12/site-packages/oslo_service/backend/_threading/loopingcall.py:125}}
May 09 03:19:57.639296 np0000172884 nova-scheduler[108907]: DEBUG nova.scheduler.manager [None req-8e9b94fd-45f4-4c5d-80b7-4b8bb7a081dd demo demo] Starting to schedule for instances: ['0ccf9f6f-440c-45a9-9469-21dbaa3f2b05'] {{(pid=108907) select_destinations /opt/stack/nova/nova/scheduler/manager.py:210}}
May 09 03:19:57.641760 np0000172884 nova-scheduler[108907]: DEBUG oslo_db.sqlalchemy.engines [None req-8e9b94fd-45f4-4c5d-80b7-4b8bb7a081dd demo demo] Parent process 108134 forked (108907) with an open database connection, which is being discarded and recreated. {{(pid=108907) checkout /opt/stack/data/venv/lib/python3.12/site-packages/oslo_db/sqlalchemy/engines.py:402}}
May 09 03:19:57.649938 np0000172884 nova-scheduler[108907]: DEBUG dbcounter [-] [108907] Writer thread running {{(pid=108907) stat_writer /opt/stack/data/venv/lib/python3.12/site-packages/dbcounter.py:102}}
May 09 03:19:57.652100 np0000172884 nova-scheduler[108907]: DEBUG nova.scheduler.request_filter [None req-8e9b94fd-45f4-4c5d-80b7-4b8bb7a081dd demo demo] Request filter 'map_az_to_placement_aggregate' took 0.0 seconds {{(pid=108907) wrapper /opt/stack/nova/nova/scheduler/request_filter.py:46}}
May 09 03:19:57.652400 np0000172884 nova-scheduler[108907]: DEBUG nova.scheduler.request_filter [None req-8e9b94fd-45f4-4c5d-80b7-4b8bb7a081dd demo demo] compute_status_filter request filter added forbidden trait COMPUTE_STATUS_DISABLED {{(pid=108907) compute_status_filter /opt/stack/nova/nova/scheduler/request_filter.py:253}}
May 09 03:19:57.652492 np0000172884 nova-scheduler[108907]: DEBUG nova.scheduler.request_filter [None req-8e9b94fd-45f4-4c5d-80b7-4b8bb7a081dd demo demo] Request filter 'compute_status_filter' took 0.0 seconds {{(pid=108907) wrapper /opt/stack/nova/nova/scheduler/request_filter.py:46}}
May 09 03:19:57.652705 np0000172884 nova-scheduler[108907]: DEBUG nova.scheduler.request_filter [None req-8e9b94fd-45f4-4c5d-80b7-4b8bb7a081dd demo demo] Request filter 'accelerators_filter' took 0.0 seconds {{(pid=108907) wrapper /opt/stack/nova/nova/scheduler/request_filter.py:46}}
May 09 03:19:57.652817 np0000172884 nova-scheduler[108907]: DEBUG nova.scheduler.request_filter [None req-8e9b94fd-45f4-4c5d-80b7-4b8bb7a081dd demo demo] Request filter 'packed_virtqueue_filter' took 0.0 seconds {{(pid=108907) wrapper /opt/stack/nova/nova/scheduler/request_filter.py:46}}
May 09 03:19:57.655157 np0000172884 nova-scheduler[108907]: WARNING neutronclient.v2_0.client [None req-8e9b94fd-45f4-4c5d-80b7-4b8bb7a081dd demo demo] The python binding code in neutronclient is deprecated in favor of OpenstackSDK, please use that as this will be removed in a future release.
