+ exec neutron-metadata-agent --config-file /etc/neutron/neutron.conf --config-file /tmp/pod-shared/neutron-agent.ini --config-file /etc/neutron/metadata_agent.ini /var/lib/openstack/lib/python3.10/site-packages/neutron/common/utils.py:54: UserWarning: pkg_resources is deprecated as an API. See https://setuptools.pypa.io/en/latest/pkg_resources.html. The pkg_resources package is slated for removal as early as 2025-11-30. Refrain from using this package or pin to Setuptools<81. import pkg_resources
2026-05-20 00:57:40.727 40 INFO neutron.common.config [-] Logging enabled!
2026-05-20 00:57:40.727 40 INFO neutron.common.config [-] /var/lib/openstack/bin/neutron-metadata-agent version 22.2.2.dev45 /var/lib/openstack/lib/python3.10/site-packages/memcache.py:1303: SyntaxWarning: "is" with a literal. Did you mean "=="? if key is '': /var/lib/openstack/lib/python3.10/site-packages/memcache.py:1304: SyntaxWarning: "is" with a literal. Did you mean "=="? if key_extra_len is 0:
2026-05-20 00:57:40.741 40 INFO oslo_service.service [None req-932e3d4f-ec1d-43bb-a8d1-968d63d71fa5 - - - - - -] Starting 2 workers
2026-05-20 00:57:40.750 49 INFO eventlet.wsgi.server [-] (49) wsgi starting up on http:/var/lib/neutron/openstack-helm/metadata_proxy
2026-05-20 00:57:40.752 48 INFO eventlet.wsgi.server [-] (48) wsgi starting up on http:/var/lib/neutron/openstack-helm/metadata_proxy
2026-05-20 00:58:12.221 48 INFO eventlet.wsgi.server [-] 169.254.169.254, "GET / HTTP/1.1" status: 404 len: 176 time: 0.1116700
2026-05-20 00:58:13.301 48 INFO eventlet.wsgi.server [-] 169.254.169.254, "GET / HTTP/1.1" status: 404 len: 176 time: 0.0063174
2026-05-20 01:01:22.049 49 INFO eventlet.wsgi.server [-] 169.254.169.254, "GET / HTTP/1.1" status: 404 len: 176 time: 0.0103955
2026-05-20 01:04:32.073 49 INFO eventlet.wsgi.server [-] 169.254.169.254, "GET / HTTP/1.1" status: 404 len: 176 time: 0.0048611
2026-05-20 01:05:02.134 48 INFO eventlet.wsgi.server [-] 169.254.169.254, "GET / HTTP/1.1" status: 404 len: 176 time: 0.0063322
2026-05-20 01:07:42.113 49 INFO eventlet.wsgi.server [-] 169.254.169.254, "GET / HTTP/1.1" status: 404 len: 176 time: 0.0049980
2026-05-20 01:10:52.145 48 INFO eventlet.wsgi.server [-] 169.254.169.254, "GET / HTTP/1.1" status: 404 len: 176 time: 0.0722399
2026-05-20 01:14:02.080 48 INFO eventlet.wsgi.server [-] 169.254.169.254, "GET / HTTP/1.1" status: 404 len: 176 time: 0.0048449
2026-05-20 01:15:02.177 48 INFO eventlet.wsgi.server [-] 169.254.169.254, "GET / HTTP/1.1" status: 404 len: 176 time: 0.0068214
2026-05-20 01:17:12.099 49 INFO eventlet.wsgi.server [-] 169.254.169.254, "GET / HTTP/1.1" status: 404 len: 176 time: 0.0051489
2026-05-20 01:20:22.109 48 INFO eventlet.wsgi.server [-] 169.254.169.254, "GET / HTTP/1.1" status: 404 len: 176 time: 0.0072122
2026-05-20 01:23:32.142 48 INFO eventlet.wsgi.server [-] 169.254.169.254, "GET / HTTP/1.1" status: 404 len: 176 time: 0.0453072
2026-05-20 01:25:02.076 48 INFO eventlet.wsgi.server [-] 169.254.169.254, "GET / HTTP/1.1" status: 404 len: 176 time: 0.0062630
2026-05-20 01:26:42.089 49 INFO eventlet.wsgi.server [-] 169.254.169.254, "GET / HTTP/1.1" status: 404 len: 176 time: 0.0124321
2026-05-20 01:29:52.180 48 INFO eventlet.wsgi.server [-] 169.254.169.254, "GET / HTTP/1.1" status: 404 len: 176 time: 0.0055768
2026-05-20 01:31:44.639 48 INFO eventlet.wsgi.server [-] 10.100.0.6, "GET /2009-04-04/meta-data/instance-id HTTP/1.1" status: 200 len: 146 time: 1.5744317
2026-05-20 01:31:44.670 48 INFO eventlet.wsgi.server [-] 10.100.0.6, "GET /2009-04-04/meta-data/public-keys HTTP/1.1" status: 200 len: 164 time: 0.0231929
2026-05-20 01:31:44.686 48 INFO eventlet.wsgi.server [-] 10.100.0.6, "GET /2009-04-04/meta-data/public-keys/0/openssh-key HTTP/1.1" status: 200 len: 341 time: 0.0116801
2026-05-20 01:31:44.705 48 INFO eventlet.wsgi.server [-] 10.100.0.6, "GET /2009-04-04/meta-data/instance-id HTTP/1.1" status: 200 len: 146 time: 0.0144570
2026-05-20 01:31:44.720 48 INFO eventlet.wsgi.server [-] 10.100.0.6, "GET /2009-04-04/meta-data/ami-launch-index HTTP/1.1" status: 200 len: 136 time: 0.0111899
2026-05-20 01:31:44.736 48 INFO eventlet.wsgi.server [-] 10.100.0.6, "GET /2009-04-04/meta-data/instance-type HTTP/1.1" status: 200 len: 142 time: 0.0112414
2026-05-20 01:31:44.756 48 INFO eventlet.wsgi.server [-] 10.100.0.6, "GET /2009-04-04/meta-data/local-ipv4 HTTP/1.1" status: 200 len: 146 time: 0.0157976
2026-05-20 01:31:44.782 49 INFO eventlet.wsgi.server [-] 10.100.0.6, "GET /2009-04-04/meta-data/public-ipv4 HTTP/1.1" status: 200 len: 149 time: 0.0201874
2026-05-20 01:31:44.803 49 INFO eventlet.wsgi.server [-] 10.100.0.6, "GET /2009-04-04/meta-data/hostname HTTP/1.1" status: 200 len: 201 time: 0.0171156
2026-05-20 01:31:44.821 49 INFO eventlet.wsgi.server [-] 10.100.0.6, "GET /2009-04-04/meta-data/local-hostname HTTP/1.1" status: 200 len: 201 time: 0.0124722
2026-05-20 01:31:44.841 49 INFO eventlet.wsgi.server [-] 10.100.0.6, "GET /2009-04-04/user-data HTTP/1.1" status: 200 len: 231 time: 0.0130949
2026-05-20 01:31:44.890 48 INFO eventlet.wsgi.server [-] 10.100.0.6, "GET /2009-04-04/meta-data/block-device-mapping HTTP/1.1" status: 200 len: 143 time: 0.0277731
2026-05-20 01:31:44.908 49 INFO eventlet.wsgi.server [-] 10.100.0.6, "GET /2009-04-04/meta-data/block-device-mapping/ami HTTP/1.1" status: 200 len: 138 time: 0.0114188
2026-05-20 01:31:44.929 48 INFO eventlet.wsgi.server [-] 10.100.0.6, "GET /2009-04-04/meta-data/block-device-mapping/root HTTP/1.1" status: 200 len: 143 time: 0.0163579
2026-05-20 01:31:44.958 48 INFO eventlet.wsgi.server [-] 10.100.0.6, "GET /2009-04-04/meta-data/public-hostname HTTP/1.1" status: 200 len: 201 time: 0.0211198
2026-05-20 01:31:44.977 48 INFO eventlet.wsgi.server [-] 10.100.0.6, "GET /2009-04-04/meta-data/placement/availability-zone HTTP/1.1" status: 200 len: 139 time: 0.0126364
2026-05-20 01:32:08.062 49 INFO eventlet.wsgi.server [-] 10.100.0.12, "GET /2009-04-04/meta-data/instance-id HTTP/1.1" status: 200 len: 146 time: 1.5204518
2026-05-20 01:32:08.097 48 INFO eventlet.wsgi.server [-] 10.100.0.12, "GET /2009-04-04/meta-data/public-keys HTTP/1.1" status: 200 len: 164 time: 0.0249586
2026-05-20 01:32:08.120 49 INFO eventlet.wsgi.server [-] 10.100.0.12, "GET /2009-04-04/meta-data/public-keys/0/openssh-key HTTP/1.1" status: 200 len: 341 time: 0.0155807
2026-05-20 01:32:08.140 49 INFO eventlet.wsgi.server [-] 10.100.0.12, "GET /2009-04-04/meta-data/instance-id HTTP/1.1" status: 200 len: 146 time: 0.0132844
2026-05-20 01:32:08.157 48 INFO eventlet.wsgi.server [-] 10.100.0.12, "GET /2009-04-04/meta-data/ami-launch-index HTTP/1.1" status: 200 len: 136 time: 0.0093834
2026-05-20 01:32:08.177 48 INFO eventlet.wsgi.server [-] 10.100.0.12, "GET /2009-04-04/meta-data/instance-type HTTP/1.1" status: 200 len: 142 time: 0.0144262
2026-05-20 01:32:08.196 48 INFO eventlet.wsgi.server [-] 10.100.0.12, "GET /2009-04-04/meta-data/local-ipv4 HTTP/1.1" status: 200 len: 147 time: 0.0132785
2026-05-20 01:32:08.212 48 INFO eventlet.wsgi.server [-] 10.100.0.12, "GET /2009-04-04/meta-data/public-ipv4 HTTP/1.1" status: 200 len: 149 time: 0.0112877
2026-05-20 01:32:08.235 48 INFO eventlet.wsgi.server [-] 10.100.0.12, "GET /2009-04-04/meta-data/hostname HTTP/1.1" status: 200 len: 192 time: 0.0157108
2026-05-20 01:32:08.254 48 INFO eventlet.wsgi.server [-] 10.100.0.12, "GET /2009-04-04/meta-data/local-hostname HTTP/1.1" status: 200 len: 192 time: 0.0138578
2026-05-20 01:32:08.275 49 INFO eventlet.wsgi.server [-] 10.100.0.12, "GET /2009-04-04/user-data HTTP/1.1" status: 200 len: 231 time: 0.0133655
2026-05-20 01:32:08.337 49 INFO eventlet.wsgi.server [-] 10.100.0.12, "GET /2009-04-04/meta-data/block-device-mapping HTTP/1.1" status: 200 len: 143 time: 0.0186160
2026-05-20 01:32:08.351 49 INFO eventlet.wsgi.server [-] 10.100.0.12, "GET /2009-04-04/meta-data/block-device-mapping/ami HTTP/1.1" status: 200 len: 138 time: 0.0104241
2026-05-20 01:32:08.371 49 INFO eventlet.wsgi.server [-] 10.100.0.12, "GET /2009-04-04/meta-data/block-device-mapping/root HTTP/1.1" status: 200 len: 143 time: 0.0157764
2026-05-20 01:32:08.404 48 INFO eventlet.wsgi.server [-] 10.100.0.12, "GET /2009-04-04/meta-data/public-hostname HTTP/1.1" status: 200 len: 192 time: 0.0253661
2026-05-20 01:32:08.424 49 INFO eventlet.wsgi.server [-] 10.100.0.12, "GET /2009-04-04/meta-data/placement/availability-zone HTTP/1.1" status: 200 len: 139 time: 0.0126629
2026-05-20 01:32:31.124 48 INFO eventlet.wsgi.server [-] 10.100.0.12, "GET /2009-04-04/meta-data/instance-id HTTP/1.1" status: 200 len: 146 time: 0.1904626
2026-05-20 01:32:31.147 49 INFO eventlet.wsgi.server [-] 10.100.0.12, "GET /2009-04-04/meta-data/public-keys HTTP/1.1" status: 200 len: 164 time: 0.0143476
2026-05-20 01:32:31.170 48 INFO eventlet.wsgi.server [-] 10.100.0.12, "GET /2009-04-04/meta-data/public-keys/0/openssh-key HTTP/1.1" status: 200 len: 341 time: 0.0163922
2026-05-20 01:32:31.196 48 INFO eventlet.wsgi.server [-] 10.100.0.12, "GET /2009-04-04/meta-data/instance-id HTTP/1.1" status: 200 len: 146 time: 0.0194976
2026-05-20 01:32:31.218 48 INFO eventlet.wsgi.server [-] 10.100.0.12, "GET /2009-04-04/meta-data/ami-launch-index HTTP/1.1" status: 200 len: 136 time: 0.0151780
2026-05-20 01:32:31.236 48 INFO eventlet.wsgi.server [-] 10.100.0.12, "GET /2009-04-04/meta-data/instance-type HTTP/1.1" status: 200 len: 142 time: 0.0116770
2026-05-20 01:32:31.258 48 INFO eventlet.wsgi.server [-] 10.100.0.12, "GET /2009-04-04/meta-data/local-ipv4 HTTP/1.1" status: 200 len: 147 time: 0.0137691
2026-05-20 01:32:31.275 48 INFO eventlet.wsgi.server [-] 10.100.0.12, "GET /2009-04-04/meta-data/public-ipv4 HTTP/1.1" status: 200 len: 149 time: 0.0112202
2026-05-20 01:32:31.292 48 INFO eventlet.wsgi.server [-] 10.100.0.12, "GET /2009-04-04/meta-data/hostname HTTP/1.1" status: 200 len: 192 time: 0.0122938
2026-05-20 01:32:31.316 48 INFO eventlet.wsgi.server [-] 10.100.0.12, "GET /2009-04-04/meta-data/local-hostname HTTP/1.1" status: 200 len: 192 time: 0.0161862
2026-05-20 01:32:31.334 49 INFO eventlet.wsgi.server [-] 10.100.0.12, "GET /2009-04-04/user-data HTTP/1.1" status: 200 len: 231 time: 0.0124342
2026-05-20 01:32:31.353 48 INFO eventlet.wsgi.server [-] 10.100.0.12, "GET /2009-04-04/meta-data/block-device-mapping HTTP/1.1" status: 200 len: 143 time: 0.0140550
2026-05-20 01:32:31.368 48 INFO eventlet.wsgi.server [-] 10.100.0.12, "GET /2009-04-04/meta-data/block-device-mapping/ami HTTP/1.1" status: 200 len: 138 time: 0.0117199
2026-05-20 01:32:31.391 49 INFO eventlet.wsgi.server [-] 10.100.0.12, "GET /2009-04-04/meta-data/block-device-mapping/root HTTP/1.1" status: 200 len: 143 time: 0.0162990
2026-05-20 01:32:31.415 49 INFO eventlet.wsgi.server [-] 10.100.0.12, "GET /2009-04-04/meta-data/public-hostname HTTP/1.1" status: 200 len: 192 time: 0.0200639
2026-05-20 01:32:31.435 49 INFO eventlet.wsgi.server [-] 10.100.0.12, "GET /2009-04-04/meta-data/placement/availability-zone HTTP/1.1" status: 200 len: 139 time: 0.0138845
2026-05-20 01:33:02.102 49 INFO eventlet.wsgi.server [-] 169.254.169.254, "GET / HTTP/1.1" status: 404 len: 176 time: 0.0087404
2026-05-20 01:34:09.152 49 INFO eventlet.wsgi.server [-] 10.100.0.6, "GET /2009-04-04/meta-data/instance-id HTTP/1.1" status: 200 len: 146 time: 0.1830730
2026-05-20 01:34:09.181 49 INFO eventlet.wsgi.server [-] 10.100.0.6, "GET /2009-04-04/meta-data/public-keys HTTP/1.1" status: 200 len: 175 time: 0.0177772
2026-05-20 01:34:09.202 49 INFO eventlet.wsgi.server [-] 10.100.0.6, "GET /2009-04-04/meta-data/public-keys/0/openssh-key HTTP/1.1" status: 200 len: 341 time: 0.0129387
2026-05-20 01:34:09.221 49 INFO eventlet.wsgi.server [-] 10.100.0.6, "GET /2009-04-04/meta-data/instance-id HTTP/1.1" status: 200 len: 146 time: 0.0122972
2026-05-20 01:34:09.239 49 INFO eventlet.wsgi.server [-] 10.100.0.6, "GET /2009-04-04/meta-data/ami-launch-index HTTP/1.1" status: 200 len: 136 time: 0.0099609
2026-05-20 01:34:09.260 49 INFO eventlet.wsgi.server [-] 10.100.0.6, "GET /2009-04-04/meta-data/instance-type HTTP/1.1" status: 200 len: 142 time: 0.0144658
2026-05-20 01:34:09.280 49 INFO eventlet.wsgi.server [-] 10.100.0.6, "GET /2009-04-04/meta-data/local-ipv4 HTTP/1.1" status: 200 len: 146 time: 0.0137506
2026-05-20 01:34:09.298 49 INFO eventlet.wsgi.server [-] 10.100.0.6, "GET /2009-04-04/meta-data/public-ipv4 HTTP/1.1" status: 200 len: 149 time: 0.0122266
2026-05-20 01:34:09.316 49 INFO eventlet.wsgi.server [-] 10.100.0.6, "GET /2009-04-04/meta-data/hostname HTTP/1.1" status: 200 len: 190 time: 0.0120986
2026-05-20 01:34:09.336 49 INFO eventlet.wsgi.server [-] 10.100.0.6, "GET /2009-04-04/meta-data/local-hostname HTTP/1.1" status: 200 len: 190 time: 0.0121648
2026-05-20 01:34:09.357 49 INFO neutron.agent.metadata.agent [-] The instance: 79762a41-840e-4ca6-a19c-2ff51c9f9180 is not present anymore, skipping cache...
2026-05-20 01:34:09.405 49 INFO eventlet.wsgi.server [-] 10.100.0.6, "GET /2009-04-04/user-data HTTP/1.1" status: 404 len: 297 time: 0.0602076
2026-05-20 01:34:09.448 49 INFO eventlet.wsgi.server [-] 10.100.0.6, "GET /2009-04-04/meta-data/block-device-mapping HTTP/1.1" status: 200 len: 143 time: 0.0143170
2026-05-20 01:34:09.467 49 INFO eventlet.wsgi.server [-] 10.100.0.6, "GET /2009-04-04/meta-data/block-device-mapping/ami HTTP/1.1" status: 200 len: 138 time: 0.0135026
2026-05-20 01:34:09.487 49 INFO eventlet.wsgi.server [-] 10.100.0.6, "GET /2009-04-04/meta-data/block-device-mapping/root HTTP/1.1" status: 200 len: 143 time: 0.0131431
2026-05-20 01:34:09.505 49 INFO eventlet.wsgi.server [-] 10.100.0.6, "GET /2009-04-04/meta-data/public-hostname HTTP/1.1" status: 200 len: 190 time: 0.0112064
2026-05-20 01:34:09.524 49 INFO eventlet.wsgi.server [-] 10.100.0.6, "GET /2009-04-04/meta-data/placement/availability-zone HTTP/1.1" status: 200 len: 139 time: 0.0117233
2026-05-20 01:34:13.714 49 INFO eventlet.wsgi.server [-] 10.100.0.10, "GET /latest/meta-data/public-ipv4 HTTP/1.1" status: 200 len: 149 time: 0.1994305
2026-05-20 01:34:13.979 48 INFO eventlet.wsgi.server [-] 10.100.0.10, "POST /openstack/2013-10-17/password HTTP/1.1" status: 200 len: 134 time: 0.1876814
2026-05-20 01:34:35.191 48 INFO eventlet.wsgi.server [-] 10.100.0.13, "GET /2009-04-04/meta-data/instance-id HTTP/1.1" status: 200 len: 146 time: 0.2336531
2026-05-20 01:34:35.216 48 INFO eventlet.wsgi.server [-] 10.100.0.13, "GET /2009-04-04/meta-data/public-keys HTTP/1.1" status: 200 len: 176 time: 0.0146122
2026-05-20 01:34:35.233 48 INFO eventlet.wsgi.server [-] 10.100.0.13, "GET /2009-04-04/meta-data/public-keys/0/openssh-key HTTP/1.1" status: 200 len: 341 time: 0.0129101
2026-05-20 01:34:35.253 48 INFO eventlet.wsgi.server [-] 10.100.0.13, "GET /2009-04-04/meta-data/instance-id HTTP/1.1" status: 200 len: 146 time: 0.0132835
2026-05-20 01:34:35.277 48 INFO eventlet.wsgi.server [-] 10.100.0.13, "GET /2009-04-04/meta-data/ami-launch-index HTTP/1.1" status: 200 len: 136 time: 0.0156598
2026-05-20 01:34:35.295 48 INFO eventlet.wsgi.server [-] 10.100.0.13, "GET /2009-04-04/meta-data/instance-type HTTP/1.1" status: 200 len: 142 time: 0.0123103
2026-05-20 01:34:35.314 49 INFO eventlet.wsgi.server [-] 10.100.0.13, "GET /2009-04-04/meta-data/local-ipv4 HTTP/1.1" status: 200 len: 147 time: 0.0148816
2026-05-20 01:34:35.333 49 INFO eventlet.wsgi.server [-] 10.100.0.13, "GET /2009-04-04/meta-data/public-ipv4 HTTP/1.1" status: 200 len: 149 time: 0.0137675
2026-05-20 01:34:35.353 49 INFO eventlet.wsgi.server [-] 10.100.0.13, "GET /2009-04-04/meta-data/hostname HTTP/1.1" status: 200 len: 189 time: 0.0142872
2026-05-20 01:34:35.369 49 INFO eventlet.wsgi.server [-] 10.100.0.13, "GET /2009-04-04/meta-data/local-hostname HTTP/1.1" status: 200 len: 189 time: 0.0115547
2026-05-20 01:34:35.388 48 INFO neutron.agent.metadata.agent [-] The instance: d46c0e79-73c7-42a9-8e44-3180910e7489 is not present anymore, skipping cache...
2026-05-20 01:34:35.449 48 INFO eventlet.wsgi.server [-] 10.100.0.13, "GET /2009-04-04/user-data HTTP/1.1" status: 404 len: 297 time: 0.0741632
2026-05-20 01:34:35.473 48 INFO eventlet.wsgi.server [-] 10.100.0.13, "GET /2009-04-04/meta-data/block-device-mapping HTTP/1.1" status: 200 len: 143 time: 0.0137508
2026-05-20 01:34:35.493 49 INFO eventlet.wsgi.server [-] 10.100.0.13, "GET /2009-04-04/meta-data/block-device-mapping/ami HTTP/1.1" status: 200 len: 138 time: 0.0125458
2026-05-20 01:34:35.510 49 INFO eventlet.wsgi.server [-] 10.100.0.13, "GET /2009-04-04/meta-data/block-device-mapping/root HTTP/1.1" status: 200 len: 143 time: 0.0132856
2026-05-20 01:34:35.526 48 INFO eventlet.wsgi.server [-] 10.100.0.13, "GET /2009-04-04/meta-data/public-hostname HTTP/1.1" status: 200 len: 189 time: 0.0113630
2026-05-20 01:34:35.547 48 INFO eventlet.wsgi.server [-] 10.100.0.13, "GET /2009-04-04/meta-data/placement/availability-zone HTTP/1.1" status: 200 len: 139 time: 0.0133498
2026-05-20 01:35:02.209 48 INFO eventlet.wsgi.server [-] 169.254.169.254, "GET / HTTP/1.1" status: 404 len: 176 time: 0.0548375
2026-05-20 01:35:45.738 49 INFO eventlet.wsgi.server [-] 10.2.1.206, "GET /2009-04-04/meta-data/instance-id HTTP/1.1" status: 200 len: 146 time: 0.2145152
2026-05-20 01:35:45.761 49 INFO eventlet.wsgi.server [-] 10.2.1.206, "GET /2009-04-04/meta-data/public-keys HTTP/1.1" status: 200 len: 174 time: 0.0167677
2026-05-20 01:35:45.781 49 INFO eventlet.wsgi.server [-] 10.2.1.206, "GET /2009-04-04/meta-data/public-keys/0/openssh-key HTTP/1.1" status: 200 len: 341 time: 0.0146368
2026-05-20 01:35:45.801 48 INFO eventlet.wsgi.server [-] 10.2.1.206, "GET /2009-04-04/meta-data/instance-id HTTP/1.1" status: 200 len: 146 time: 0.0123112
2026-05-20 01:35:45.821 48 INFO eventlet.wsgi.server [-] 10.2.1.206, "GET /2009-04-04/meta-data/ami-launch-index HTTP/1.1" status: 200 len: 136 time: 0.0130897
2026-05-20 01:35:45.842 48 INFO eventlet.wsgi.server [-] 10.2.1.206, "GET /2009-04-04/meta-data/instance-type HTTP/1.1" status: 200 len: 142 time: 0.0137219
2026-05-20 01:35:45.863 48 INFO eventlet.wsgi.server [-] 10.2.1.206, "GET /2009-04-04/meta-data/local-ipv4 HTTP/1.1" status: 200 len: 146 time: 0.0155065
2026-05-20 01:35:45.881 48 INFO eventlet.wsgi.server [-] 10.2.1.206, "GET /2009-04-04/meta-data/public-ipv4 HTTP/1.1" status: 200 len: 149 time: 0.0129766
2026-05-20 01:35:45.899 48 INFO eventlet.wsgi.server [-] 10.2.1.206, "GET /2009-04-04/meta-data/hostname HTTP/1.1" status: 200 len: 183 time: 0.0103643
2026-05-20 01:35:45.919 48 INFO eventlet.wsgi.server [-] 10.2.1.206, "GET /2009-04-04/meta-data/local-hostname HTTP/1.1" status: 200 len: 183 time: 0.0134454
2026-05-20 01:35:45.939 48 INFO neutron.agent.metadata.agent [-] The instance: 480a8c5a-83e9-4abf-a785-9c0552bcef77 is not present anymore, skipping cache...
2026-05-20 01:35:45.988 48 INFO eventlet.wsgi.server [-] 10.2.1.206, "GET /2009-04-04/user-data HTTP/1.1" status: 404 len: 297 time: 0.0616643
2026-05-20 01:35:46.031 48 INFO eventlet.wsgi.server [-] 10.2.1.206, "GET /2009-04-04/meta-data/block-device-mapping HTTP/1.1" status: 200 len: 143 time: 0.0138869
2026-05-20 01:35:46.048 48 INFO eventlet.wsgi.server [-] 10.2.1.206, "GET /2009-04-04/meta-data/block-device-mapping/ami HTTP/1.1" status: 200 len: 138 time: 0.0117331
2026-05-20 01:35:46.065 48 INFO eventlet.wsgi.server [-] 10.2.1.206, "GET /2009-04-04/meta-data/block-device-mapping/root HTTP/1.1" status: 200 len: 143 time: 0.0114775
2026-05-20 01:35:46.081 48 INFO eventlet.wsgi.server [-] 10.2.1.206, "GET /2009-04-04/meta-data/public-hostname HTTP/1.1" status: 200 len: 183 time: 0.0110297
2026-05-20 01:35:46.094 48 INFO eventlet.wsgi.server [-] 10.2.1.206, "GET /2009-04-04/meta-data/placement/availability-zone HTTP/1.1" status: 200 len: 139 time: 0.0094385
2026-05-20 01:35:53.497 49 INFO eventlet.wsgi.server [-] 10.2.2.111, "GET /2009-04-04/meta-data/instance-id HTTP/1.1" status: 200 len: 146 time: 0.1984270
2026-05-20 01:35:53.519 49 INFO eventlet.wsgi.server [-] 10.2.2.111, "GET /2009-04-04/meta-data/public-keys HTTP/1.1" status: 200 len: 174 time: 0.0114508
2026-05-20 01:35:53.535 49 INFO eventlet.wsgi.server [-] 10.2.2.111, "GET /2009-04-04/meta-data/public-keys/0/openssh-key HTTP/1.1" status: 200 len: 341 time: 0.0115232
2026-05-20 01:35:53.553 49 INFO eventlet.wsgi.server [-] 10.2.2.111, "GET /2009-04-04/meta-data/instance-id HTTP/1.1" status: 200 len: 146 time: 0.0113101
2026-05-20 01:35:53.571 49 INFO eventlet.wsgi.server [-] 10.2.2.111, "GET /2009-04-04/meta-data/ami-launch-index HTTP/1.1" status: 200 len: 136 time: 0.0113802
2026-05-20 01:35:53.589 49 INFO eventlet.wsgi.server [-] 10.2.2.111, "GET /2009-04-04/meta-data/instance-type HTTP/1.1" status: 200 len: 142 time: 0.0113082
2026-05-20 01:35:53.607 48 INFO eventlet.wsgi.server [-] 10.2.2.111, "GET /2009-04-04/meta-data/local-ipv4 HTTP/1.1" status: 200 len: 146 time: 0.0132754
2026-05-20 01:35:53.628 48 INFO eventlet.wsgi.server [-] 10.2.2.111, "GET /2009-04-04/meta-data/public-ipv4 HTTP/1.1" status: 200 len: 149 time: 0.0137391
2026-05-20 01:35:53.647 48 INFO eventlet.wsgi.server [-] 10.2.2.111, "GET /2009-04-04/meta-data/hostname HTTP/1.1" status: 200 len: 185 time: 0.0122714
2026-05-20 01:35:53.662 49 INFO eventlet.wsgi.server [-] 10.2.2.111, "GET /2009-04-04/meta-data/local-hostname HTTP/1.1" status: 200 len: 185 time: 0.0110862
2026-05-20 01:35:53.678 49 INFO neutron.agent.metadata.agent [-] The instance: 151d008d-52ed-48f2-bf82-c2c78cb16ed6 is not present anymore, skipping cache...
2026-05-20 01:35:53.736 49 INFO eventlet.wsgi.server [-] 10.2.2.111, "GET /2009-04-04/user-data HTTP/1.1" status: 404 len: 297 time: 0.0668538
2026-05-20 01:35:53.772 48 INFO eventlet.wsgi.server [-] 10.2.2.111, "GET /2009-04-04/meta-data/block-device-mapping HTTP/1.1" status: 200 len: 143 time: 0.0107923
2026-05-20 01:35:53.788 48 INFO eventlet.wsgi.server [-] 10.2.2.111, "GET /2009-04-04/meta-data/block-device-mapping/ami HTTP/1.1" status: 200 len: 138 time: 0.0112894
2026-05-20 01:35:53.807 48 INFO eventlet.wsgi.server [-] 10.2.2.111, "GET /2009-04-04/meta-data/block-device-mapping/root HTTP/1.1" status: 200 len: 143 time: 0.0127938
2026-05-20 01:35:53.826 48 INFO eventlet.wsgi.server [-] 10.2.2.111, "GET /2009-04-04/meta-data/public-hostname HTTP/1.1" status: 200 len: 185 time: 0.0117278
2026-05-20 01:35:53.845 48 INFO eventlet.wsgi.server [-] 10.2.2.111, "GET /2009-04-04/meta-data/placement/availability-zone HTTP/1.1" status: 200 len: 139 time: 0.0126431
2026-05-20 01:36:12.094 48 INFO eventlet.wsgi.server [-] 169.254.169.254, "GET / HTTP/1.1" status: 404 len: 176 time: 0.0078969
2026-05-20 01:39:22.141 49 INFO eventlet.wsgi.server [-] 169.254.169.254, "GET / HTTP/1.1" status: 404 len: 176 time: 0.0054214
2026-05-20 01:42:32.091 48 INFO eventlet.wsgi.server [-] 169.254.169.254, "GET / HTTP/1.1" status: 404 len: 176 time: 0.0068030