+ exec neutron-metadata-agent --config-file /etc/neutron/neutron.conf --config-file /tmp/pod-shared/neutron-agent.ini --config-file /etc/neutron/metadata_agent.ini /var/lib/openstack/lib/python3.10/site-packages/neutron/common/utils.py:54: UserWarning: pkg_resources is deprecated as an API. See https://setuptools.pypa.io/en/latest/pkg_resources.html. The pkg_resources package is slated for removal as early as 2025-11-30. Refrain from using this package or pin to Setuptools<81. import pkg_resources
2026-05-09 02:10:01.139 39 INFO neutron.common.config [-] Logging enabled!
2026-05-09 02:10:01.139 39 INFO neutron.common.config [-] /var/lib/openstack/bin/neutron-metadata-agent version 23.5.0 /var/lib/openstack/lib/python3.10/site-packages/memcache.py:1303: SyntaxWarning: "is" with a literal. Did you mean "=="? if key is '': /var/lib/openstack/lib/python3.10/site-packages/memcache.py:1304: SyntaxWarning: "is" with a literal. Did you mean "=="? if key_extra_len is 0:
2026-05-09 02:10:01.156 39 INFO oslo_service.service [None req-d715101f-567f-4687-bf5b-9734023be8af - - - - - -] Starting 2 workers
2026-05-09 02:10:01.167 47 INFO eventlet.wsgi.server [-] (47) wsgi starting up on http:/var/lib/neutron/openstack-helm/metadata_proxy
2026-05-09 02:10:01.167 48 INFO eventlet.wsgi.server [-] (48) wsgi starting up on http:/var/lib/neutron/openstack-helm/metadata_proxy
2026-05-09 02:10:33.809 47 INFO eventlet.wsgi.server [-] 169.254.169.254, "GET / HTTP/1.1" status: 404 len: 176 time: 0.1225586
2026-05-09 02:10:34.890 47 INFO eventlet.wsgi.server [-] 169.254.169.254, "GET / HTTP/1.1" status: 404 len: 176 time: 0.0069268
2026-05-09 02:13:43.638 47 INFO eventlet.wsgi.server [-] 169.254.169.254, "GET / HTTP/1.1" status: 404 len: 176 time: 0.0071301
2026-05-09 02:16:53.655 48 INFO eventlet.wsgi.server [-] 169.254.169.254, "GET / HTTP/1.1" status: 404 len: 176 time: 0.0099292
2026-05-09 02:17:23.696 47 INFO eventlet.wsgi.server [-] 169.254.169.254, "GET / HTTP/1.1" status: 404 len: 176 time: 0.0067298
2026-05-09 02:20:03.675 48 INFO eventlet.wsgi.server [-] 169.254.169.254, "GET / HTTP/1.1" status: 404 len: 176 time: 0.0063009
2026-05-09 02:23:13.763 48 INFO eventlet.wsgi.server [-] 169.254.169.254, "GET / HTTP/1.1" status: 404 len: 176 time: 0.0989864
2026-05-09 02:26:23.702 47 INFO eventlet.wsgi.server [-] 169.254.169.254, "GET / HTTP/1.1" status: 404 len: 176 time: 0.0098028
2026-05-09 02:27:23.681 48 INFO eventlet.wsgi.server [-] 169.254.169.254, "GET / HTTP/1.1" status: 404 len: 176 time: 0.0075300
2026-05-09 02:29:33.718 48 INFO eventlet.wsgi.server [-] 169.254.169.254, "GET / HTTP/1.1" status: 404 len: 176 time: 0.0093737
2026-05-09 02:32:43.653 48 INFO eventlet.wsgi.server [-] 169.254.169.254, "GET / HTTP/1.1" status: 404 len: 176 time: 0.0075798
2026-05-09 02:35:53.757 48 INFO eventlet.wsgi.server [-] 169.254.169.254, "GET / HTTP/1.1" status: 404 len: 176 time: 0.0588703
2026-05-09 02:37:23.707 48 INFO eventlet.wsgi.server [-] 169.254.169.254, "GET / HTTP/1.1" status: 404 len: 176 time: 0.0113537
2026-05-09 02:39:03.708 48 INFO eventlet.wsgi.server [-] 169.254.169.254, "GET / HTTP/1.1" status: 404 len: 176 time: 0.0062535
2026-05-09 02:41:36.154 48 INFO eventlet.wsgi.server [-] 10.100.0.14, "GET /2009-04-04/meta-data/instance-id HTTP/1.1" status: 200 len: 146 time: 1.1908443
2026-05-09 02:41:36.183 48 INFO eventlet.wsgi.server [-] 10.100.0.14, "GET /2009-04-04/meta-data/public-keys HTTP/1.1" status: 200 len: 161 time: 0.0211232
2026-05-09 02:41:36.206 47 INFO eventlet.wsgi.server [-] 10.100.0.14, "GET /2009-04-04/meta-data/public-keys/0/openssh-key HTTP/1.1" status: 200 len: 341 time: 0.0176253
2026-05-09 02:41:36.223 47 INFO eventlet.wsgi.server [-] 10.100.0.14, "GET /2009-04-04/meta-data/instance-id HTTP/1.1" status: 200 len: 146 time: 0.0124032
2026-05-09 02:41:36.240 47 INFO eventlet.wsgi.server [-] 10.100.0.14, "GET /2009-04-04/meta-data/ami-launch-index HTTP/1.1" status: 200 len: 136 time: 0.0108805
2026-05-09 02:41:36.258 47 INFO eventlet.wsgi.server [-] 10.100.0.14, "GET /2009-04-04/meta-data/instance-type HTTP/1.1" status: 200 len: 142 time: 0.0107977
2026-05-09 02:41:36.277 47 INFO eventlet.wsgi.server [-] 10.100.0.14, "GET /2009-04-04/meta-data/local-ipv4 HTTP/1.1" status: 200 len: 147 time: 0.0103228
2026-05-09 02:41:36.295 47 INFO eventlet.wsgi.server [-] 10.100.0.14, "GET /2009-04-04/meta-data/public-ipv4 HTTP/1.1" status: 200 len: 149 time: 0.0111001
2026-05-09 02:41:36.312 47 INFO eventlet.wsgi.server [-] 10.100.0.14, "GET /2009-04-04/meta-data/hostname HTTP/1.1" status: 200 len: 192 time: 0.0119503
2026-05-09 02:41:36.336 47 INFO eventlet.wsgi.server [-] 10.100.0.14, "GET /2009-04-04/meta-data/local-hostname HTTP/1.1" status: 200 len: 192 time: 0.0140045
2026-05-09 02:41:36.358 48 INFO eventlet.wsgi.server [-] 10.100.0.14, "GET /2009-04-04/user-data HTTP/1.1" status: 200 len: 231 time: 0.0166929
2026-05-09 02:41:36.416 47 INFO eventlet.wsgi.server [-] 10.100.0.14, "GET /2009-04-04/meta-data/block-device-mapping HTTP/1.1" status: 200 len: 143 time: 0.0142410
2026-05-09 02:41:36.433 47 INFO eventlet.wsgi.server [-] 10.100.0.14, "GET /2009-04-04/meta-data/block-device-mapping/ami HTTP/1.1" status: 200 len: 138 time: 0.0122459
2026-05-09 02:41:36.453 47 INFO eventlet.wsgi.server [-] 10.100.0.14, "GET /2009-04-04/meta-data/block-device-mapping/root HTTP/1.1" status: 200 len: 143 time: 0.0151958
2026-05-09 02:41:36.471 47 INFO eventlet.wsgi.server [-] 10.100.0.14, "GET /2009-04-04/meta-data/public-hostname HTTP/1.1" status: 200 len: 192 time: 0.0132339
2026-05-09 02:41:36.487 48 INFO eventlet.wsgi.server [-] 10.100.0.14, "GET /2009-04-04/meta-data/placement/availability-zone HTTP/1.1" status: 200 len: 139 time: 0.0117650
2026-05-09 02:41:42.556 48 INFO eventlet.wsgi.server [-] 10.100.0.6, "GET /2009-04-04/meta-data/instance-id HTTP/1.1" status: 200 len: 146 time: 0.2599356
2026-05-09 02:41:42.581 48 INFO eventlet.wsgi.server [-] 10.100.0.6, "GET /2009-04-04/meta-data/public-keys HTTP/1.1" status: 200 len: 164 time: 0.0146768
2026-05-09 02:41:42.598 48 INFO eventlet.wsgi.server [-] 10.100.0.6, "GET /2009-04-04/meta-data/public-keys/0/openssh-key HTTP/1.1" status: 200 len: 341 time: 0.0125482
2026-05-09 02:41:42.618 48 INFO eventlet.wsgi.server [-] 10.100.0.6, "GET /2009-04-04/meta-data/instance-id HTTP/1.1" status: 200 len: 146 time: 0.0143652
2026-05-09 02:41:42.638 47 INFO eventlet.wsgi.server [-] 10.100.0.6, "GET /2009-04-04/meta-data/ami-launch-index HTTP/1.1" status: 200 len: 136 time: 0.0125825
2026-05-09 02:41:42.656 47 INFO eventlet.wsgi.server [-] 10.100.0.6, "GET /2009-04-04/meta-data/instance-type HTTP/1.1" status: 200 len: 142 time: 0.0134103
2026-05-09 02:41:42.670 47 INFO eventlet.wsgi.server [-] 10.100.0.6, "GET /2009-04-04/meta-data/local-ipv4 HTTP/1.1" status: 200 len: 146 time: 0.0093148
2026-05-09 02:41:42.687 47 INFO eventlet.wsgi.server [-] 10.100.0.6, "GET /2009-04-04/meta-data/public-ipv4 HTTP/1.1" status: 200 len: 149 time: 0.0124836
2026-05-09 02:41:42.703 47 INFO eventlet.wsgi.server [-] 10.100.0.6, "GET /2009-04-04/meta-data/hostname HTTP/1.1" status: 200 len: 201 time: 0.0121377
2026-05-09 02:41:42.727 47 INFO eventlet.wsgi.server [-] 10.100.0.6, "GET /2009-04-04/meta-data/local-hostname HTTP/1.1" status: 200 len: 201 time: 0.0155120
2026-05-09 02:41:42.745 47 INFO eventlet.wsgi.server [-] 10.100.0.6, "GET /2009-04-04/user-data HTTP/1.1" status: 200 len: 231 time: 0.0121801
2026-05-09 02:41:42.768 47 INFO eventlet.wsgi.server [-] 10.100.0.6, "GET /2009-04-04/meta-data/block-device-mapping HTTP/1.1" status: 200 len: 143 time: 0.0147707
2026-05-09 02:41:42.789 47 INFO eventlet.wsgi.server [-] 10.100.0.6, "GET /2009-04-04/meta-data/block-device-mapping/ami HTTP/1.1" status: 200 len: 138 time: 0.0144413
2026-05-09 02:41:42.808 47 INFO eventlet.wsgi.server [-] 10.100.0.6, "GET /2009-04-04/meta-data/block-device-mapping/root HTTP/1.1" status: 200 len: 143 time: 0.0133693
2026-05-09 02:41:42.830 47 INFO eventlet.wsgi.server [-] 10.100.0.6, "GET /2009-04-04/meta-data/public-hostname HTTP/1.1" status: 200 len: 201 time: 0.0148547
2026-05-09 02:41:42.848 47 INFO eventlet.wsgi.server [-] 10.100.0.6, "GET /2009-04-04/meta-data/placement/availability-zone HTTP/1.1" status: 200 len: 139 time: 0.0128481
2026-05-09 02:42:02.617 48 INFO eventlet.wsgi.server [-] 10.100.0.14, "GET /2009-04-04/meta-data/instance-id HTTP/1.1" status: 200 len: 146 time: 1.4156988
2026-05-09 02:42:02.644 47 INFO eventlet.wsgi.server [-] 10.100.0.14, "GET /2009-04-04/meta-data/public-keys HTTP/1.1" status: 200 len: 161 time: 0.0172405
2026-05-09 02:42:02.670 47 INFO eventlet.wsgi.server [-] 10.100.0.14, "GET /2009-04-04/meta-data/public-keys/0/openssh-key HTTP/1.1" status: 200 len: 341 time: 0.0228205
2026-05-09 02:42:02.688 47 INFO eventlet.wsgi.server [-] 10.100.0.14, "GET /2009-04-04/meta-data/instance-id HTTP/1.1" status: 200 len: 146 time: 0.0117946
2026-05-09 02:42:02.710 47 INFO eventlet.wsgi.server [-] 10.100.0.14, "GET /2009-04-04/meta-data/ami-launch-index HTTP/1.1" status: 200 len: 136 time: 0.0127125
2026-05-09 02:42:02.743 48 INFO eventlet.wsgi.server [-] 10.100.0.14, "GET /2009-04-04/meta-data/instance-type HTTP/1.1" status: 200 len: 142 time: 0.0213637
2026-05-09 02:42:02.776 47 INFO eventlet.wsgi.server [-] 10.100.0.14, "GET /2009-04-04/meta-data/local-ipv4 HTTP/1.1" status: 200 len: 147 time: 0.0241597
2026-05-09 02:42:02.806 48 INFO eventlet.wsgi.server [-] 10.100.0.14, "GET /2009-04-04/meta-data/public-ipv4 HTTP/1.1" status: 200 len: 149 time: 0.0194623
2026-05-09 02:42:02.823 47 INFO eventlet.wsgi.server [-] 10.100.0.14, "GET /2009-04-04/meta-data/hostname HTTP/1.1" status: 200 len: 192 time: 0.0122807
2026-05-09 02:42:02.847 47 INFO eventlet.wsgi.server [-] 10.100.0.14, "GET /2009-04-04/meta-data/local-hostname HTTP/1.1" status: 200 len: 192 time: 0.0141864
2026-05-09 02:42:02.871 48 INFO eventlet.wsgi.server [-] 10.100.0.14, "GET /2009-04-04/user-data HTTP/1.1" status: 200 len: 231 time: 0.0164995
2026-05-09 02:42:02.895 47 INFO eventlet.wsgi.server [-] 10.100.0.14, "GET /2009-04-04/meta-data/block-device-mapping HTTP/1.1" status: 200 len: 143 time: 0.0187452
2026-05-09 02:42:02.911 48 INFO eventlet.wsgi.server [-] 10.100.0.14, "GET /2009-04-04/meta-data/block-device-mapping/ami HTTP/1.1" status: 200 len: 138 time: 0.0112388
2026-05-09 02:42:02.933 47 INFO eventlet.wsgi.server [-] 10.100.0.14, "GET /2009-04-04/meta-data/block-device-mapping/root HTTP/1.1" status: 200 len: 143 time: 0.0173573
2026-05-09 02:42:02.957 48 INFO eventlet.wsgi.server [-] 10.100.0.14, "GET /2009-04-04/meta-data/public-hostname HTTP/1.1" status: 200 len: 192 time: 0.0181201
2026-05-09 02:42:02.977 48 INFO eventlet.wsgi.server [-] 10.100.0.14, "GET /2009-04-04/meta-data/placement/availability-zone HTTP/1.1" status: 200 len: 139 time: 0.0118785
2026-05-09 02:42:13.682 48 INFO eventlet.wsgi.server [-] 169.254.169.254, "GET / HTTP/1.1" status: 404 len: 176 time: 0.0102630
2026-05-09 02:42:52.619 48 INFO eventlet.wsgi.server [-] 10.100.0.12, "GET /latest/meta-data/public-ipv4 HTTP/1.1" status: 200 len: 149 time: 0.2130053
2026-05-09 02:42:52.892 48 INFO eventlet.wsgi.server [-] 10.100.0.12, "POST /openstack/2013-10-17/password HTTP/1.1" status: 200 len: 134 time: 0.1925161
2026-05-09 02:45:03.219 47 INFO eventlet.wsgi.server [-] 10.100.0.4, "GET /2009-04-04/meta-data/instance-id HTTP/1.1" status: 200 len: 146 time: 0.2326758
2026-05-09 02:45:03.247 47 INFO eventlet.wsgi.server [-] 10.100.0.4, "GET /2009-04-04/meta-data/public-keys HTTP/1.1" status: 200 len: 176 time: 0.0191226
2026-05-09 02:45:03.267 48 INFO eventlet.wsgi.server [-] 10.100.0.4, "GET /2009-04-04/meta-data/public-keys/0/openssh-key HTTP/1.1" status: 200 len: 341 time: 0.0109770
2026-05-09 02:45:03.284 48 INFO eventlet.wsgi.server [-] 10.100.0.4, "GET /2009-04-04/meta-data/instance-id HTTP/1.1" status: 200 len: 146 time: 0.0113702
2026-05-09 02:45:03.305 48 INFO eventlet.wsgi.server [-] 10.100.0.4, "GET /2009-04-04/meta-data/ami-launch-index HTTP/1.1" status: 200 len: 136 time: 0.0125554
2026-05-09 02:45:03.327 48 INFO eventlet.wsgi.server [-] 10.100.0.4, "GET /2009-04-04/meta-data/instance-type HTTP/1.1" status: 200 len: 142 time: 0.0142317
2026-05-09 02:45:03.347 48 INFO eventlet.wsgi.server [-] 10.100.0.4, "GET /2009-04-04/meta-data/local-ipv4 HTTP/1.1" status: 200 len: 146 time: 0.0138199
2026-05-09 02:45:03.365 48 INFO eventlet.wsgi.server [-] 10.100.0.4, "GET /2009-04-04/meta-data/public-ipv4 HTTP/1.1" status: 200 len: 149 time: 0.0122249
2026-05-09 02:45:03.386 48 INFO eventlet.wsgi.server [-] 10.100.0.4, "GET /2009-04-04/meta-data/hostname HTTP/1.1" status: 200 len: 191 time: 0.0121439
2026-05-09 02:45:03.401 48 INFO eventlet.wsgi.server [-] 10.100.0.4, "GET /2009-04-04/meta-data/local-hostname HTTP/1.1" status: 200 len: 191 time: 0.0102494
2026-05-09 02:45:03.420 47 INFO neutron.agent.metadata.agent [-] The instance: 2e79eb94-4643-41f3-8a01-7063806f67fa is not present anymore, skipping cache...
2026-05-09 02:45:03.473 47 INFO eventlet.wsgi.server [-] 10.100.0.4, "GET /2009-04-04/user-data HTTP/1.1" status: 404 len: 297 time: 0.0636086
2026-05-09 02:45:03.520 47 INFO eventlet.wsgi.server [-] 10.100.0.4, "GET /2009-04-04/meta-data/block-device-mapping HTTP/1.1" status: 200 len: 143 time: 0.0141129
2026-05-09 02:45:03.539 47 INFO eventlet.wsgi.server [-] 10.100.0.4, "GET /2009-04-04/meta-data/block-device-mapping/ami HTTP/1.1" status: 200 len: 138 time: 0.0130727
2026-05-09 02:45:03.559 47 INFO eventlet.wsgi.server [-] 10.100.0.4, "GET /2009-04-04/meta-data/block-device-mapping/root HTTP/1.1" status: 200 len: 143 time: 0.0156181
2026-05-09 02:45:03.580 47 INFO eventlet.wsgi.server [-] 10.100.0.4, "GET /2009-04-04/meta-data/public-hostname HTTP/1.1" status: 200 len: 191 time: 0.0147002
2026-05-09 02:45:03.600 47 INFO eventlet.wsgi.server [-] 10.100.0.4, "GET /2009-04-04/meta-data/placement/availability-zone HTTP/1.1" status: 200 len: 139 time: 0.0135574
2026-05-09 02:45:23.741 48 INFO eventlet.wsgi.server [-] 169.254.169.254, "GET / HTTP/1.1" status: 404 len: 176 time: 0.0045352
2026-05-09 02:45:29.724 47 INFO eventlet.wsgi.server [-] 10.100.0.14, "GET /2009-04-04/meta-data/instance-id HTTP/1.1" status: 200 len: 146 time: 0.2109520
2026-05-09 02:45:29.749 47 INFO eventlet.wsgi.server [-] 10.100.0.14, "GET /2009-04-04/meta-data/public-keys HTTP/1.1" status: 200 len: 175 time: 0.0162768
2026-05-09 02:45:29.768 47 INFO eventlet.wsgi.server [-] 10.100.0.14, "GET /2009-04-04/meta-data/public-keys/0/openssh-key HTTP/1.1" status: 200 len: 341 time: 0.0130603
2026-05-09 02:45:29.794 47 INFO eventlet.wsgi.server [-] 10.100.0.14, "GET /2009-04-04/meta-data/instance-id HTTP/1.1" status: 200 len: 146 time: 0.0194862
2026-05-09 02:45:29.811 47 INFO eventlet.wsgi.server [-] 10.100.0.14, "GET /2009-04-04/meta-data/ami-launch-index HTTP/1.1" status: 200 len: 136 time: 0.0121696
2026-05-09 02:45:29.828 47 INFO eventlet.wsgi.server [-] 10.100.0.14, "GET /2009-04-04/meta-data/instance-type HTTP/1.1" status: 200 len: 142 time: 0.0119934
2026-05-09 02:45:29.846 47 INFO eventlet.wsgi.server [-] 10.100.0.14, "GET /2009-04-04/meta-data/local-ipv4 HTTP/1.1" status: 200 len: 147 time: 0.0123639
2026-05-09 02:45:29.862 47 INFO eventlet.wsgi.server [-] 10.100.0.14, "GET /2009-04-04/meta-data/public-ipv4 HTTP/1.1" status: 200 len: 149 time: 0.0117376
2026-05-09 02:45:29.879 47 INFO eventlet.wsgi.server [-] 10.100.0.14, "GET /2009-04-04/meta-data/hostname HTTP/1.1" status: 200 len: 191 time: 0.0111704
2026-05-09 02:45:29.897 48 INFO eventlet.wsgi.server [-] 10.100.0.14, "GET /2009-04-04/meta-data/local-hostname HTTP/1.1" status: 200 len: 191 time: 0.0117333
2026-05-09 02:45:29.917 47 INFO neutron.agent.metadata.agent [-] The instance: 8e09ed16-d76b-4082-9391-85341d7ea5d8 is not present anymore, skipping cache...
2026-05-09 02:45:29.965 47 INFO eventlet.wsgi.server [-] 10.100.0.14, "GET /2009-04-04/user-data HTTP/1.1" status: 404 len: 297 time: 0.0588408
2026-05-09 02:45:29.992 47 INFO eventlet.wsgi.server [-] 10.100.0.14, "GET /2009-04-04/meta-data/block-device-mapping HTTP/1.1" status: 200 len: 143 time: 0.0140953
2026-05-09 02:45:30.010 47 INFO eventlet.wsgi.server [-] 10.100.0.14, "GET /2009-04-04/meta-data/block-device-mapping/ami HTTP/1.1" status: 200 len: 138 time: 0.0127048
2026-05-09 02:45:30.026 47 INFO eventlet.wsgi.server [-] 10.100.0.14, "GET /2009-04-04/meta-data/block-device-mapping/root HTTP/1.1" status: 200 len: 143 time: 0.0113499
2026-05-09 02:45:30.047 48 INFO eventlet.wsgi.server [-] 10.100.0.14, "GET /2009-04-04/meta-data/public-hostname HTTP/1.1" status: 200 len: 191 time: 0.0144978
2026-05-09 02:45:30.071 47 INFO eventlet.wsgi.server [-] 10.100.0.14, "GET /2009-04-04/meta-data/placement/availability-zone HTTP/1.1" status: 200 len: 139 time: 0.0142014
2026-05-09 02:46:37.657 47 INFO eventlet.wsgi.server [-] 10.2.1.243, "GET /2009-04-04/meta-data/instance-id HTTP/1.1" status: 200 len: 146 time: 0.3186555
2026-05-09 02:46:37.693 47 INFO eventlet.wsgi.server [-] 10.2.1.243, "GET /2009-04-04/meta-data/public-keys HTTP/1.1" status: 200 len: 173 time: 0.0272331
2026-05-09 02:46:37.714 47 INFO eventlet.wsgi.server [-] 10.2.1.243, "GET /2009-04-04/meta-data/public-keys/0/openssh-key HTTP/1.1" status: 200 len: 341 time: 0.0146098
2026-05-09 02:46:37.739 47 INFO eventlet.wsgi.server [-] 10.2.1.243, "GET /2009-04-04/meta-data/instance-id HTTP/1.1" status: 200 len: 146 time: 0.0187781
2026-05-09 02:46:37.760 47 INFO eventlet.wsgi.server [-] 10.2.1.243, "GET /2009-04-04/meta-data/ami-launch-index HTTP/1.1" status: 200 len: 136 time: 0.0153189
2026-05-09 02:46:37.779 47 INFO eventlet.wsgi.server [-] 10.2.1.243, "GET /2009-04-04/meta-data/instance-type HTTP/1.1" status: 200 len: 142 time: 0.0125153
2026-05-09 02:46:37.796 47 INFO eventlet.wsgi.server [-] 10.2.1.243, "GET /2009-04-04/meta-data/local-ipv4 HTTP/1.1" status: 200 len: 146 time: 0.0123274
2026-05-09 02:46:37.812 47 INFO eventlet.wsgi.server [-] 10.2.1.243, "GET /2009-04-04/meta-data/public-ipv4 HTTP/1.1" status: 200 len: 149 time: 0.0105672
2026-05-09 02:46:37.828 47 INFO eventlet.wsgi.server [-] 10.2.1.243, "GET /2009-04-04/meta-data/hostname HTTP/1.1" status: 200 len: 184 time: 0.0117884
2026-05-09 02:46:37.847 47 INFO eventlet.wsgi.server [-] 10.2.1.243, "GET /2009-04-04/meta-data/local-hostname HTTP/1.1" status: 200 len: 184 time: 0.0140967
2026-05-09 02:46:37.867 47 INFO neutron.agent.metadata.agent [-] The instance: 9d3c8989-378c-4a4b-ae02-cdc1fea0d56f is not present anymore, skipping cache...
2026-05-09 02:46:37.919 47 INFO eventlet.wsgi.server [-] 10.2.1.243, "GET /2009-04-04/user-data HTTP/1.1" status: 404 len: 297 time: 0.0655837
2026-05-09 02:46:37.961 47 INFO eventlet.wsgi.server [-] 10.2.1.243, "GET /2009-04-04/meta-data/block-device-mapping HTTP/1.1" status: 200 len: 143 time: 0.0139358
2026-05-09 02:46:37.980 47 INFO eventlet.wsgi.server [-] 10.2.1.243, "GET /2009-04-04/meta-data/block-device-mapping/ami HTTP/1.1" status: 200 len: 138 time: 0.0125036
2026-05-09 02:46:37.998 47 INFO eventlet.wsgi.server [-] 10.2.1.243, "GET /2009-04-04/meta-data/block-device-mapping/root HTTP/1.1" status: 200 len: 143 time: 0.0125868
2026-05-09 02:46:38.018 47 INFO eventlet.wsgi.server [-] 10.2.1.243, "GET /2009-04-04/meta-data/public-hostname HTTP/1.1" status: 200 len: 184 time: 0.0131364
2026-05-09 02:46:38.040 47 INFO eventlet.wsgi.server [-] 10.2.1.243, "GET /2009-04-04/meta-data/placement/availability-zone HTTP/1.1" status: 200 len: 139 time: 0.0150714
2026-05-09 02:46:44.082 48 INFO eventlet.wsgi.server [-] 10.2.2.159, "GET /2009-04-04/meta-data/instance-id HTTP/1.1" status: 200 len: 146 time: 0.2160912
2026-05-09 02:46:44.110 47 INFO eventlet.wsgi.server [-] 10.2.2.159, "GET /2009-04-04/meta-data/public-keys HTTP/1.1" status: 200 len: 173 time: 0.0171022
2026-05-09 02:46:44.126 47 INFO eventlet.wsgi.server [-] 10.2.2.159, "GET /2009-04-04/meta-data/public-keys/0/openssh-key HTTP/1.1" status: 200 len: 341 time: 0.0108032
2026-05-09 02:46:44.144 47 INFO eventlet.wsgi.server [-] 10.2.2.159, "GET /2009-04-04/meta-data/instance-id HTTP/1.1" status: 200 len: 146 time: 0.0126851
2026-05-09 02:46:44.164 48 INFO eventlet.wsgi.server [-] 10.2.2.159, "GET /2009-04-04/meta-data/ami-launch-index HTTP/1.1" status: 200 len: 136 time: 0.0139520
2026-05-09 02:46:44.187 48 INFO eventlet.wsgi.server [-] 10.2.2.159, "GET /2009-04-04/meta-data/instance-type HTTP/1.1" status: 200 len: 142 time: 0.0145347
2026-05-09 02:46:44.210 48 INFO eventlet.wsgi.server [-] 10.2.2.159, "GET /2009-04-04/meta-data/local-ipv4 HTTP/1.1" status: 200 len: 146 time: 0.0136631
2026-05-09 02:46:44.229 48 INFO eventlet.wsgi.server [-] 10.2.2.159, "GET /2009-04-04/meta-data/public-ipv4 HTTP/1.1" status: 200 len: 149 time: 0.0137293
2026-05-09 02:46:44.249 47 INFO eventlet.wsgi.server [-] 10.2.2.159, "GET /2009-04-04/meta-data/hostname HTTP/1.1" status: 200 len: 184 time: 0.0121901
2026-05-09 02:46:44.272 47 INFO eventlet.wsgi.server [-] 10.2.2.159, "GET /2009-04-04/meta-data/local-hostname HTTP/1.1" status: 200 len: 184 time: 0.0131686
2026-05-09 02:46:44.292 48 INFO neutron.agent.metadata.agent [-] The instance: be8976f0-c777-4e74-8d1a-0f9e1c5db04e is not present anymore, skipping cache...
2026-05-09 02:46:44.346 48 INFO eventlet.wsgi.server [-] 10.2.2.159, "GET /2009-04-04/user-data HTTP/1.1" status: 404 len: 297 time: 0.0672219
2026-05-09 02:46:44.371 48 INFO eventlet.wsgi.server [-] 10.2.2.159, "GET /2009-04-04/meta-data/block-device-mapping HTTP/1.1" status: 200 len: 143 time: 0.0149708
2026-05-09 02:46:44.390 48 INFO eventlet.wsgi.server [-] 10.2.2.159, "GET /2009-04-04/meta-data/block-device-mapping/ami HTTP/1.1" status: 200 len: 138 time: 0.0116231
2026-05-09 02:46:44.407 48 INFO eventlet.wsgi.server [-] 10.2.2.159, "GET /2009-04-04/meta-data/block-device-mapping/root HTTP/1.1" status: 200 len: 143 time: 0.0106297
2026-05-09 02:46:44.430 47 INFO eventlet.wsgi.server [-] 10.2.2.159, "GET /2009-04-04/meta-data/public-hostname HTTP/1.1" status: 200 len: 184 time: 0.0145736
2026-05-09 02:46:44.453 48 INFO eventlet.wsgi.server [-] 10.2.2.159, "GET /2009-04-04/meta-data/placement/availability-zone HTTP/1.1" status: 200 len: 139 time: 0.0166514
2026-05-09 02:47:23.848 48 INFO eventlet.wsgi.server [-] 169.254.169.254, "GET / HTTP/1.1" status: 404 len: 176 time: 0.0710671
2026-05-09 02:48:33.703 48 INFO eventlet.wsgi.server [-] 169.254.169.254, "GET / HTTP/1.1" status: 404 len: 176 time: 0.0066292
2026-05-09 02:51:43.777 48 INFO eventlet.wsgi.server [-] 169.254.169.254, "GET / HTTP/1.1" status: 404 len: 176 time: 0.0051329
2026-05-09 02:54:53.678 48 INFO eventlet.wsgi.server [-] 169.254.169.254, "GET / HTTP/1.1" status: 404 len: 176 time: 0.0073619