File "/var/lib/openstack/lib/python3.10/site-packages/oslo_utils/excutils.py", line 200, in force_reraise
2026-05-09 02:43:01.552 9 ERROR neutron.plugins.ml2.managers raise self.value
2026-05-09 02:43:01.552 9 ERROR neutron.plugins.ml2.managers
File "/var/lib/openstack/lib/python3.10/site-packages/neutron_lib/db/api.py", line 181, in wrapped
2026-05-09 02:43:01.552 9 ERROR neutron.plugins.ml2.managers return f(*dup_args, **dup_kwargs)
2026-05-09 02:43:01.552 9 ERROR neutron.plugins.ml2.managers
File "/var/lib/openstack/lib/python3.10/site-packages/neutron/db/db_base_plugin_v2.py", line 1198, in get_subnet
2026-05-09 02:43:01.552 9 ERROR neutron.plugins.ml2.managers subnet_obj = self._get_subnet_object(context, id)
2026-05-09 02:43:01.552 9 ERROR neutron.plugins.ml2.managers
File "/var/lib/openstack/lib/python3.10/site-packages/neutron/db/db_base_plugin_common.py", line 282, in _get_subnet_object
2026-05-09 02:43:01.552 9 ERROR neutron.plugins.ml2.managers raise exceptions.SubnetNotFound(subnet_id=id)
2026-05-09 02:43:01.552 9 ERROR neutron.plugins.ml2.managers neutron_lib.exceptions.SubnetNotFound: Subnet 2c881bbc-4e7b-4090-8284-98b3a583ba5f could not be found.
2026-05-09 02:43:01.552 9 ERROR neutron.plugins.ml2.managers 
2026-05-09 02:43:01.553 9 ERROR neutron.plugins.ml2.managers [None req-bfe22a53-4e29-40b1-a786-06f30a2fd5b9 - - - - - -] Failed to bind port da8c93b0-357f-48da-bfa0-cb49de6c1527 on host instance for vnic_type normal using segments [{'id': '024c10fa-ba57-4c4e-9c87-9ca9a80382c6', 'network_type': 'vxlan', 'physical_network': None, 'segmentation_id': 165, 'network_id': '41c2adda-2669-4831-9919-0ec34489f4ee'}]
2026-05-09 02:43:01.553 9 INFO neutron.plugins.ml2.plugin [None req-bfe22a53-4e29-40b1-a786-06f30a2fd5b9 - - - - - -] Attempt 7 to bind port da8c93b0-357f-48da-bfa0-cb49de6c1527
2026-05-09 02:43:01.581 9 ERROR neutron.plugins.ml2.managers [None req-bfe22a53-4e29-40b1-a786-06f30a2fd5b9 - - - - - -] Mechanism driver openvswitch failed in bind_port: neutron_lib.exceptions.SubnetNotFound: Subnet 2c881bbc-4e7b-4090-8284-98b3a583ba5f could not be found.
2026-05-09 02:43:01.581 9 ERROR neutron.plugins.ml2.managers
Traceback (most recent call last):
2026-05-09 02:43:01.581 9 ERROR neutron.plugins.ml2.managers
File "/var/lib/openstack/lib/python3.10/site-packages/neutron/plugins/ml2/managers.py", line 866, in _bind_port_level
2026-05-09 02:43:01.581 9 ERROR neutron.plugins.ml2.managers driver.obj.bind_port(context)
2026-05-09 02:43:01.581 9 ERROR neutron.plugins.ml2.managers
File "/var/lib/openstack/lib/python3.10/site-packages/neutron/plugins/ml2/drivers/openvswitch/mech_driver/mech_openvswitch.py", line 133, in bind_port
2026-05-09 02:43:01.581 9 ERROR neutron.plugins.ml2.managers super(OpenvswitchMechanismDriver, self).bind_port(context)
2026-05-09 02:43:01.581 9 ERROR neutron.plugins.ml2.managers
File "/var/lib/openstack/lib/python3.10/site-packages/neutron/plugins/ml2/drivers/mech_agent.py", line 104, in bind_port
2026-05-09 02:43:01.581 9 ERROR neutron.plugins.ml2.managers subnets = self.get_subnets_from_fixed_ips(context)
2026-05-09 02:43:01.581 9 ERROR neutron.plugins.ml2.managers
File "/var/lib/openstack/lib/python3.10/site-packages/neutron/plugins/ml2/drivers/mech_agent.py", line 149, in get_subnets_from_fixed_ips
2026-05-09 02:43:01.581 9 ERROR neutron.plugins.ml2.managers subnets.append(context._plugin.get_subnet(
2026-05-09 02:43:01.581 9 ERROR neutron.plugins.ml2.managers
File "/var/lib/openstack/lib/python3.10/site-packages/neutron_lib/db/api.py", line 223, in wrapped
2026-05-09 02:43:01.581 9 ERROR neutron.plugins.ml2.managers return f_with_retry(*args, **kwargs,
2026-05-09 02:43:01.581 9 ERROR neutron.plugins.ml2.managers
File "/var/lib/openstack/lib/python3.10/site-packages/neutron_lib/db/api.py", line 137, in wrapped
2026-05-09 02:43:01.581 9 ERROR neutron.plugins.ml2.managers with excutils.save_and_reraise_exception():
2026-05-09 02:43:01.581 9 ERROR neutron.plugins.ml2.managers
File "/var/lib/openstack/lib/python3.10/site-packages/oslo_utils/excutils.py", line 227, in __exit__
2026-05-09 02:43:01.581 9 ERROR neutron.plugins.ml2.managers self.force_reraise()
2026-05-09 02:43:01.581 9 ERROR neutron.plugins.ml2.managers
File "/var/lib/openstack/lib/python3.10/site-packages/oslo_utils/excutils.py", line 200, in force_reraise
2026-05-09 02:43:01.581 9 ERROR neutron.plugins.ml2.managers raise self.value
2026-05-09 02:43:01.581 9 ERROR neutron.plugins.ml2.managers
File "/var/lib/openstack/lib/python3.10/site-packages/neutron_lib/db/api.py", line 135, in wrapped
2026-05-09 02:43:01.581 9 ERROR neutron.plugins.ml2.managers return f(*args, **kwargs)
2026-05-09 02:43:01.581 9 ERROR neutron.plugins.ml2.managers
File "/var/lib/openstack/lib/python3.10/site-packages/oslo_db/api.py", line 144, in wrapper
2026-05-09 02:43:01.581 9 ERROR neutron.plugins.ml2.managers with excutils.save_and_reraise_exception() as ectxt:
2026-05-09 02:43:01.581 9 ERROR neutron.plugins.ml2.managers
File "/var/lib/openstack/lib/python3.10/site-packages/oslo_utils/excutils.py", line 227, in __exit__
2026-05-09 02:43:01.581 9 ERROR neutron.plugins.ml2.managers self.force_reraise()
2026-05-09 02:43:01.581 9 ERROR neutron.plugins.ml2.managers
File "/var/lib/openstack/lib/python3.10/site-packages/oslo_utils/excutils.py", line 200, in force_reraise
2026-05-09 02:43:01.581 9 ERROR neutron.plugins.ml2.managers raise self.value
2026-05-09 02:43:01.581 9 ERROR neutron.plugins.ml2.managers
File "/var/lib/openstack/lib/python3.10/site-packages/oslo_db/api.py", line 142, in wrapper
2026-05-09 02:43:01.581 9 ERROR neutron.plugins.ml2.managers return f(*args, **kwargs)
2026-05-09 02:43:01.581 9 ERROR neutron.plugins.ml2.managers
File "/var/lib/openstack/lib/python3.10/site-packages/neutron_lib/db/api.py", line 183, in wrapped
2026-05-09 02:43:01.581 9 ERROR neutron.plugins.ml2.managers with excutils.save_and_reraise_exception():
2026-05-09 02:43:01.581 9 ERROR neutron.plugins.ml2.managers
File "/var/lib/openstack/lib/python3.10/site-packages/oslo_utils/excutils.py", line 227, in __exit__
2026-05-09 02:43:01.581 9 ERROR neutron.plugins.ml2.managers self.force_reraise()
2026-05-09 02:43:01.581 9 ERROR neutron.plugins.ml2.managers
File "/var/lib/openstack/lib/python3.10/site-packages/oslo_utils/excutils.py", line 200, in force_reraise
2026-05-09 02:43:01.581 9 ERROR neutron.plugins.ml2.managers raise self.value
2026-05-09 02:43:01.581 9 ERROR neutron.plugins.ml2.managers
File "/var/lib/openstack/lib/python3.10/site-packages/neutron_lib/db/api.py", line 181, in wrapped
2026-05-09 02:43:01.581 9 ERROR neutron.plugins.ml2.managers return f(*dup_args, **dup_kwargs)
2026-05-09 02:43:01.581 9 ERROR neutron.plugins.ml2.managers
File "/var/lib/openstack/lib/python3.10/site-packages/neutron/db/db_base_plugin_v2.py", line 1198, in get_subnet
2026-05-09 02:43:01.581 9 ERROR neutron.plugins.ml2.managers subnet_obj = self._get_subnet_object(context, id)
2026-05-09 02:43:01.581 9 ERROR neutron.plugins.ml2.managers
File "/var/lib/openstack/lib/python3.10/site-packages/neutron/db/db_base_plugin_common.py", line 282, in _get_subnet_object
2026-05-09 02:43:01.581 9 ERROR neutron.plugins.ml2.managers raise exceptions.SubnetNotFound(subnet_id=id)
2026-05-09 02:43:01.581 9 ERROR neutron.plugins.ml2.managers neutron_lib.exceptions.SubnetNotFound: Subnet 2c881bbc-4e7b-4090-8284-98b3a583ba5f could not be found.
2026-05-09 02:43:01.581 9 ERROR neutron.plugins.ml2.managers 
2026-05-09 02:43:01.582 9 ERROR neutron.plugins.ml2.managers [None req-bfe22a53-4e29-40b1-a786-06f30a2fd5b9 - - - - - -] Failed to bind port da8c93b0-357f-48da-bfa0-cb49de6c1527 on host instance for vnic_type normal using segments [{'id': '024c10fa-ba57-4c4e-9c87-9ca9a80382c6', 'network_type': 'vxlan', 'physical_network': None, 'segmentation_id': 165, 'network_id': '41c2adda-2669-4831-9919-0ec34489f4ee'}]
2026-05-09 02:43:01.582 9 INFO neutron.plugins.ml2.plugin [None req-bfe22a53-4e29-40b1-a786-06f30a2fd5b9 - - - - - -] Attempt 8 to bind port da8c93b0-357f-48da-bfa0-cb49de6c1527
2026-05-09 02:43:01.605 9 ERROR neutron.plugins.ml2.managers [None req-bfe22a53-4e29-40b1-a786-06f30a2fd5b9 - - - - - -] Mechanism driver openvswitch failed in bind_port: neutron_lib.exceptions.SubnetNotFound: Subnet 2c881bbc-4e7b-4090-8284-98b3a583ba5f could not be found.
2026-05-09 02:43:01.605 9 ERROR neutron.plugins.ml2.managers
Traceback (most recent call last):
2026-05-09 02:43:01.605 9 ERROR neutron.plugins.ml2.managers
File "/var/lib/openstack/lib/python3.10/site-packages/neutron/plugins/ml2/managers.py", line 866, in _bind_port_level
2026-05-09 02:43:01.605 9 ERROR neutron.plugins.ml2.managers driver.obj.bind_port(context)
2026-05-09 02:43:01.605 9 ERROR neutron.plugins.ml2.managers
File "/var/lib/openstack/lib/python3.10/site-packages/neutron/plugins/ml2/drivers/openvswitch/mech_driver/mech_openvswitch.py", line 133, in bind_port
2026-05-09 02:43:01.605 9 ERROR neutron.plugins.ml2.managers super(OpenvswitchMechanismDriver, self).bind_port(context)
2026-05-09 02:43:01.605 9 ERROR neutron.plugins.ml2.managers
File "/var/lib/openstack/lib/python3.10/site-packages/neutron/plugins/ml2/drivers/mech_agent.py", line 104, in bind_port
2026-05-09 02:43:01.605 9 ERROR neutron.plugins.ml2.managers subnets = self.get_subnets_from_fixed_ips(context)
2026-05-09 02:43:01.605 9 ERROR neutron.plugins.ml2.managers
File "/var/lib/openstack/lib/python3.10/site-packages/neutron/plugins/ml2/drivers/mech_agent.py", line 149, in get_subnets_from_fixed_ips
2026-05-09 02:43:01.605 9 ERROR neutron.plugins.ml2.managers subnets.append(context._plugin.get_subnet(
2026-05-09 02:43:01.605 9 ERROR neutron.plugins.ml2.managers
File "/var/lib/openstack/lib/python3.10/site-packages/neutron_lib/db/api.py", line 223, in wrapped
2026-05-09 02:43:01.605 9 ERROR neutron.plugins.ml2.managers return f_with_retry(*args, **kwargs,
2026-05-09 02:43:01.605 9 ERROR neutron.plugins.ml2.managers
File "/var/lib/openstack/lib/python3.10/site-packages/neutron_lib/db/api.py", line 137, in wrapped
2026-05-09 02:43:01.605 9 ERROR neutron.plugins.ml2.managers with excutils.save_and_reraise_exception():
2026-05-09 02:43:01.605 9 ERROR neutron.plugins.ml2.managers
File "/var/lib/openstack/lib/python3.10/site-packages/oslo_utils/excutils.py", line 227, in __exit__
2026-05-09 02:43:01.605 9 ERROR neutron.plugins.ml2.managers self.force_reraise()
2026-05-09 02:43:01.605 9 ERROR neutron.plugins.ml2.managers
File "/var/lib/openstack/lib/python3.10/site-packages/oslo_utils/excutils.py", line 200, in force_reraise
2026-05-09 02:43:01.605 9 ERROR neutron.plugins.ml2.managers raise self.value
2026-05-09 02:43:01.605 9 ERROR neutron.plugins.ml2.managers
File "/var/lib/openstack/lib/python3.10/site-packages/neutron_lib/db/api.py", line 135, in wrapped
2026-05-09 02:43:01.605 9 ERROR neutron.plugins.ml2.managers return f(*args, **kwargs)
2026-05-09 02:43:01.605 9 ERROR neutron.plugins.ml2.managers
File "/var/lib/openstack/lib/python3.10/site-packages/oslo_db/api.py", line 144, in wrapper
2026-05-09 02:43:01.605 9 ERROR neutron.plugins.ml2.managers with excutils.save_and_reraise_exception() as ectxt:
2026-05-09 02:43:01.605 9 ERROR neutron.plugins.ml2.managers
File "/var/lib/openstack/lib/python3.10/site-packages/oslo_utils/excutils.py", line 227, in __exit__
2026-05-09 02:43:01.605 9 ERROR neutron.plugins.ml2.managers self.force_reraise()
2026-05-09 02:43:01.605 9 ERROR neutron.plugins.ml2.managers
File "/var/lib/openstack/lib/python3.10/site-packages/oslo_utils/excutils.py", line 200, in force_reraise
2026-05-09 02:43:01.605 9 ERROR neutron.plugins.ml2.managers raise self.value
2026-05-09 02:43:01.605 9 ERROR neutron.plugins.ml2.managers
File "/var/lib/openstack/lib/python3.10/site-packages/oslo_db/api.py", line 142, in wrapper
2026-05-09 02:43:01.605 9 ERROR neutron.plugins.ml2.managers return f(*args, **kwargs)
2026-05-09 02:43:01.605 9 ERROR neutron.plugins.ml2.managers
File "/var/lib/openstack/lib/python3.10/site-packages/neutron_lib/db/api.py", line 183, in wrapped
2026-05-09 02:43:01.605 9 ERROR neutron.plugins.ml2.managers with excutils.save_and_reraise_exception():
2026-05-09 02:43:01.605 9 ERROR neutron.plugins.ml2.managers
File "/var/lib/openstack/lib/python3.10/site-packages/oslo_utils/excutils.py", line 227, in __exit__
2026-05-09 02:43:01.605 9 ERROR neutron.plugins.ml2.managers self.force_reraise()
2026-05-09 02:43:01.605 9 ERROR neutron.plugins.ml2.managers
File "/var/lib/openstack/lib/python3.10/site-packages/oslo_utils/excutils.py", line 200, in force_reraise
2026-05-09 02:43:01.605 9 ERROR neutron.plugins.ml2.managers raise self.value
2026-05-09 02:43:01.605 9 ERROR neutron.plugins.ml2.managers
File "/var/lib/openstack/lib/python3.10/site-packages/neutron_lib/db/api.py", line 181, in wrapped
2026-05-09 02:43:01.605 9 ERROR neutron.plugins.ml2.managers return f(*dup_args, **dup_kwargs)
2026-05-09 02:43:01.605 9 ERROR neutron.plugins.ml2.managers
File "/var/lib/openstack/lib/python3.10/site-packages/neutron/db/db_base_plugin_v2.py", line 1198, in get_subnet
2026-05-09 02:43:01.605 9 ERROR neutron.plugins.ml2.managers subnet_obj = self._get_subnet_object(context, id)
2026-05-09 02:43:01.605 9 ERROR neutron.plugins.ml2.managers
File "/var/lib/openstack/lib/python3.10/site-packages/neutron/db/db_base_plugin_common.py", line 282, in _get_subnet_object
2026-05-09 02:43:01.605 9 ERROR neutron.plugins.ml2.managers raise exceptions.SubnetNotFound(subnet_id=id)
2026-05-09 02:43:01.605 9 ERROR neutron.plugins.ml2.managers neutron_lib.exceptions.SubnetNotFound: Subnet 2c881bbc-4e7b-4090-8284-98b3a583ba5f could not be found.
2026-05-09 02:43:01.605 9 ERROR neutron.plugins.ml2.managers 
2026-05-09 02:43:01.606 9 ERROR neutron.plugins.ml2.managers [None req-bfe22a53-4e29-40b1-a786-06f30a2fd5b9 - - - - - -] Failed to bind port da8c93b0-357f-48da-bfa0-cb49de6c1527 on host instance for vnic_type normal using segments [{'id': '024c10fa-ba57-4c4e-9c87-9ca9a80382c6', 'network_type': 'vxlan', 'physical_network': None, 'segmentation_id': 165, 'network_id': '41c2adda-2669-4831-9919-0ec34489f4ee'}]
2026-05-09 02:43:01.606 9 INFO neutron.plugins.ml2.plugin [None req-bfe22a53-4e29-40b1-a786-06f30a2fd5b9 - - - - - -] Attempt 9 to bind port da8c93b0-357f-48da-bfa0-cb49de6c1527
2026-05-09 02:43:01.632 9 ERROR neutron.plugins.ml2.managers [None req-bfe22a53-4e29-40b1-a786-06f30a2fd5b9 - - - - - -] Mechanism driver openvswitch failed in bind_port: neutron_lib.exceptions.SubnetNotFound: Subnet 2c881bbc-4e7b-4090-8284-98b3a583ba5f could not be found.
2026-05-09 02:43:01.632 9 ERROR neutron.plugins.ml2.managers
Traceback (most recent call last):
2026-05-09 02:43:01.632 9 ERROR neutron.plugins.ml2.managers
File "/var/lib/openstack/lib/python3.10/site-packages/neutron/plugins/ml2/managers.py", line 866, in _bind_port_level
2026-05-09 02:43:01.632 9 ERROR neutron.plugins.ml2.managers driver.obj.bind_port(context)
2026-05-09 02:43:01.632 9 ERROR neutron.plugins.ml2.managers
File "/var/lib/openstack/lib/python3.10/site-packages/neutron/plugins/ml2/drivers/openvswitch/mech_driver/mech_openvswitch.py", line 133, in bind_port
2026-05-09 02:43:01.632 9 ERROR neutron.plugins.ml2.managers super(OpenvswitchMechanismDriver, self).bind_port(context)
2026-05-09 02:43:01.632 9 ERROR neutron.plugins.ml2.managers
File "/var/lib/openstack/lib/python3.10/site-packages/neutron/plugins/ml2/drivers/mech_agent.py", line 104, in bind_port
2026-05-09 02:43:01.632 9 ERROR neutron.plugins.ml2.managers subnets = self.get_subnets_from_fixed_ips(context)
2026-05-09 02:43:01.632 9 ERROR neutron.plugins.ml2.managers
File "/var/lib/openstack/lib/python3.10/site-packages/neutron/plugins/ml2/drivers/mech_agent.py", line 149, in get_subnets_from_fixed_ips
2026-05-09 02:43:01.632 9 ERROR neutron.plugins.ml2.managers subnets.append(context._plugin.get_subnet(
2026-05-09 02:43:01.632 9 ERROR neutron.plugins.ml2.managers
File "/var/lib/openstack/lib/python3.10/site-packages/neutron_lib/db/api.py", line 223, in wrapped
2026-05-09 02:43:01.632 9 ERROR neutron.plugins.ml2.managers return f_with_retry(*args, **kwargs,
2026-05-09 02:43:01.632 9 ERROR neutron.plugins.ml2.managers
File "/var/lib/openstack/lib/python3.10/site-packages/neutron_lib/db/api.py", line 137, in wrapped
2026-05-09 02:43:01.632 9 ERROR neutron.plugins.ml2.managers with excutils.save_and_reraise_exception():
2026-05-09 02:43:01.632 9 ERROR neutron.plugins.ml2.managers
File "/var/lib/openstack/lib/python3.10/site-packages/oslo_utils/excutils.py", line 227, in __exit__
2026-05-09 02:43:01.632 9 ERROR neutron.plugins.ml2.managers self.force_reraise()
2026-05-09 02:43:01.632 9 ERROR neutron.plugins.ml2.managers
File "/var/lib/openstack/lib/python3.10/site-packages/oslo_utils/excutils.py", line 200, in force_reraise
2026-05-09 02:43:01.632 9 ERROR neutron.plugins.ml2.managers raise self.value
2026-05-09 02:43:01.632 9 ERROR neutron.plugins.ml2.managers
File "/var/lib/openstack/lib/python3.10/site-packages/neutron_lib/db/api.py", line 135, in wrapped
2026-05-09 02:43:01.632 9 ERROR neutron.plugins.ml2.managers return f(*args, **kwargs)
2026-05-09 02:43:01.632 9 ERROR neutron.plugins.ml2.managers
File "/var/lib/openstack/lib/python3.10/site-packages/oslo_db/api.py", line 144, in wrapper
2026-05-09 02:43:01.632 9 ERROR neutron.plugins.ml2.managers with excutils.save_and_reraise_exception() as ectxt:
2026-05-09 02:43:01.632 9 ERROR neutron.plugins.ml2.managers
File "/var/lib/openstack/lib/python3.10/site-packages/oslo_utils/excutils.py", line 227, in __exit__
2026-05-09 02:43:01.632 9 ERROR neutron.plugins.ml2.managers self.force_reraise()
2026-05-09 02:43:01.632 9 ERROR neutron.plugins.ml2.managers
File "/var/lib/openstack/lib/python3.10/site-packages/oslo_utils/excutils.py", line 200, in force_reraise
2026-05-09 02:43:01.632 9 ERROR neutron.plugins.ml2.managers raise self.value
2026-05-09 02:43:01.632 9 ERROR neutron.plugins.ml2.managers
File "/var/lib/openstack/lib/python3.10/site-packages/oslo_db/api.py", line 142, in wrapper
2026-05-09 02:43:01.632 9 ERROR neutron.plugins.ml2.managers return f(*args, **kwargs)
2026-05-09 02:43:01.632 9 ERROR neutron.plugins.ml2.managers
File "/var/lib/openstack/lib/python3.10/site-packages/neutron_lib/db/api.py", line 183, in wrapped
2026-05-09 02:43:01.632 9 ERROR neutron.plugins.ml2.managers with excutils.save_and_reraise_exception():
2026-05-09 02:43:01.632 9 ERROR neutron.plugins.ml2.managers
File "/var/lib/openstack/lib/python3.10/site-packages/oslo_utils/excutils.py", line 227, in __exit__
2026-05-09 02:43:01.632 9 ERROR neutron.plugins.ml2.managers self.force_reraise()
2026-05-09 02:43:01.632 9 ERROR neutron.plugins.ml2.managers
File "/var/lib/openstack/lib/python3.10/site-packages/oslo_utils/excutils.py", line 200, in force_reraise
2026-05-09 02:43:01.632 9 ERROR neutron.plugins.ml2.managers raise self.value
2026-05-09 02:43:01.632 9 ERROR neutron.plugins.ml2.managers
File "/var/lib/openstack/lib/python3.10/site-packages/neutron_lib/db/api.py", line 181, in wrapped
2026-05-09 02:43:01.632 9 ERROR neutron.plugins.ml2.managers return f(*dup_args, **dup_kwargs)
2026-05-09 02:43:01.632 9 ERROR neutron.plugins.ml2.managers
File "/var/lib/openstack/lib/python3.10/site-packages/neutron/db/db_base_plugin_v2.py", line 1198, in get_subnet
2026-05-09 02:43:01.632 9 ERROR neutron.plugins.ml2.managers subnet_obj = self._get_subnet_object(context, id)
2026-05-09 02:43:01.632 9 ERROR neutron.plugins.ml2.managers
File "/var/lib/openstack/lib/python3.10/site-packages/neutron/db/db_base_plugin_common.py", line 282, in _get_subnet_object
2026-05-09 02:43:01.632 9 ERROR neutron.plugins.ml2.managers raise exceptions.SubnetNotFound(subnet_id=id)
2026-05-09 02:43:01.632 9 ERROR neutron.plugins.ml2.managers neutron_lib.exceptions.SubnetNotFound: Subnet 2c881bbc-4e7b-4090-8284-98b3a583ba5f could not be found.
2026-05-09 02:43:01.632 9 ERROR neutron.plugins.ml2.managers 
2026-05-09 02:43:01.632 9 ERROR neutron.plugins.ml2.managers [None req-bfe22a53-4e29-40b1-a786-06f30a2fd5b9 - - - - - -] Failed to bind port da8c93b0-357f-48da-bfa0-cb49de6c1527 on host instance for vnic_type normal using segments [{'id': '024c10fa-ba57-4c4e-9c87-9ca9a80382c6', 'network_type': 'vxlan', 'physical_network': None, 'segmentation_id': 165, 'network_id': '41c2adda-2669-4831-9919-0ec34489f4ee'}]
2026-05-09 02:43:01.633 9 INFO neutron.plugins.ml2.plugin [None req-bfe22a53-4e29-40b1-a786-06f30a2fd5b9 - - - - - -] Attempt 10 to bind port da8c93b0-357f-48da-bfa0-cb49de6c1527
2026-05-09 02:43:01.660 9 ERROR neutron.plugins.ml2.managers [None req-bfe22a53-4e29-40b1-a786-06f30a2fd5b9 - - - - - -] Mechanism driver openvswitch failed in bind_port: neutron_lib.exceptions.SubnetNotFound: Subnet 2c881bbc-4e7b-4090-8284-98b3a583ba5f could not be found.
2026-05-09 02:43:01.660 9 ERROR neutron.plugins.ml2.managers
Traceback (most recent call last):
2026-05-09 02:43:01.660 9 ERROR neutron.plugins.ml2.managers
File "/var/lib/openstack/lib/python3.10/site-packages/neutron/plugins/ml2/managers.py", line 866, in _bind_port_level
2026-05-09 02:43:01.660 9 ERROR neutron.plugins.ml2.managers driver.obj.bind_port(context)
2026-05-09 02:43:01.660 9 ERROR neutron.plugins.ml2.managers
File "/var/lib/openstack/lib/python3.10/site-packages/neutron/plugins/ml2/drivers/openvswitch/mech_driver/mech_openvswitch.py", line 133, in bind_port
2026-05-09 02:43:01.660 9 ERROR neutron.plugins.ml2.managers super(OpenvswitchMechanismDriver, self).bind_port(context)
2026-05-09 02:43:01.660 9 ERROR neutron.plugins.ml2.managers
File "/var/lib/openstack/lib/python3.10/site-packages/neutron/plugins/ml2/drivers/mech_agent.py", line 104, in bind_port
2026-05-09 02:43:01.660 9 ERROR neutron.plugins.ml2.managers subnets = self.get_subnets_from_fixed_ips(context)
2026-05-09 02:43:01.660 9 ERROR neutron.plugins.ml2.managers
File "/var/lib/openstack/lib/python3.10/site-packages/neutron/plugins/ml2/drivers/mech_agent.py", line 149, in get_subnets_from_fixed_ips
2026-05-09 02:43:01.660 9 ERROR neutron.plugins.ml2.managers subnets.append(context._plugin.get_subnet(
2026-05-09 02:43:01.660 9 ERROR neutron.plugins.ml2.managers
File "/var/lib/openstack/lib/python3.10/site-packages/neutron_lib/db/api.py", line 223, in wrapped
2026-05-09 02:43:01.660 9 ERROR neutron.plugins.ml2.managers return f_with_retry(*args, **kwargs,
2026-05-09 02:43:01.660 9 ERROR neutron.plugins.ml2.managers
File "/var/lib/openstack/lib/python3.10/site-packages/neutron_lib/db/api.py", line 137, in wrapped
2026-05-09 02:43:01.660 9 ERROR neutron.plugins.ml2.managers with excutils.save_and_reraise_exception():
2026-05-09 02:43:01.660 9 ERROR neutron.plugins.ml2.managers
File "/var/lib/openstack/lib/python3.10/site-packages/oslo_utils/excutils.py", line 227, in __exit__
2026-05-09 02:43:01.660 9 ERROR neutron.plugins.ml2.managers self.force_reraise()
2026-05-09 02:43:01.660 9 ERROR neutron.plugins.ml2.managers
File "/var/lib/openstack/lib/python3.10/site-packages/oslo_utils/excutils.py", line 200, in force_reraise
2026-05-09 02:43:01.660 9 ERROR neutron.plugins.ml2.managers raise self.value
2026-05-09 02:43:01.660 9 ERROR neutron.plugins.ml2.managers
File "/var/lib/openstack/lib/python3.10/site-packages/neutron_lib/db/api.py", line 135, in wrapped
2026-05-09 02:43:01.660 9 ERROR neutron.plugins.ml2.managers return f(*args, **kwargs)
2026-05-09 02:43:01.660 9 ERROR neutron.plugins.ml2.managers
File "/var/lib/openstack/lib/python3.10/site-packages/oslo_db/api.py", line 144, in wrapper
2026-05-09 02:43:01.660 9 ERROR neutron.plugins.ml2.managers with excutils.save_and_reraise_exception() as ectxt:
2026-05-09 02:43:01.660 9 ERROR neutron.plugins.ml2.managers
File "/var/lib/openstack/lib/python3.10/site-packages/oslo_utils/excutils.py", line 227, in __exit__
2026-05-09 02:43:01.660 9 ERROR neutron.plugins.ml2.managers self.force_reraise()
2026-05-09 02:43:01.660 9 ERROR neutron.plugins.ml2.managers
File "/var/lib/openstack/lib/python3.10/site-packages/oslo_utils/excutils.py", line 200, in force_reraise
2026-05-09 02:43:01.660 9 ERROR neutron.plugins.ml2.managers raise self.value
2026-05-09 02:43:01.660 9 ERROR neutron.plugins.ml2.managers
File "/var/lib/openstack/lib/python3.10/site-packages/oslo_db/api.py", line 142, in wrapper
2026-05-09 02:43:01.660 9 ERROR neutron.plugins.ml2.managers return f(*args, **kwargs)
2026-05-09 02:43:01.660 9 ERROR neutron.plugins.ml2.managers
File "/var/lib/openstack/lib/python3.10/site-packages/neutron_lib/db/api.py", line 183, in wrapped
2026-05-09 02:43:01.660 9 ERROR neutron.plugins.ml2.managers with excutils.save_and_reraise_exception():
2026-05-09 02:43:01.660 9 ERROR neutron.plugins.ml2.managers
File "/var/lib/openstack/lib/python3.10/site-packages/oslo_utils/excutils.py", line 227, in __exit__
2026-05-09 02:43:01.660 9 ERROR neutron.plugins.ml2.managers self.force_reraise()
2026-05-09 02:43:01.660 9 ERROR neutron.plugins.ml2.managers
File "/var/lib/openstack/lib/python3.10/site-packages/oslo_utils/excutils.py", line 200, in force_reraise
2026-05-09 02:43:01.660 9 ERROR neutron.plugins.ml2.managers raise self.value
2026-05-09 02:43:01.660 9 ERROR neutron.plugins.ml2.managers
File "/var/lib/openstack/lib/python3.10/site-packages/neutron_lib/db/api.py", line 181, in wrapped
2026-05-09 02:43:01.660 9 ERROR neutron.plugins.ml2.managers return f(*dup_args, **dup_kwargs)
2026-05-09 02:43:01.660 9 ERROR neutron.plugins.ml2.managers
File "/var/lib/openstack/lib/python3.10/site-packages/neutron/db/db_base_plugin_v2.py", line 1198, in get_subnet
2026-05-09 02:43:01.660 9 ERROR neutron.plugins.ml2.managers subnet_obj = self._get_subnet_object(context, id)
2026-05-09 02:43:01.660 9 ERROR neutron.plugins.ml2.managers
File "/var/lib/openstack/lib/python3.10/site-packages/neutron/db/db_base_plugin_common.py", line 282, in _get_subnet_object
2026-05-09 02:43:01.660 9 ERROR neutron.plugins.ml2.managers raise exceptions.SubnetNotFound(subnet_id=id)
2026-05-09 02:43:01.660 9 ERROR neutron.plugins.ml2.managers neutron_lib.exceptions.SubnetNotFound: Subnet 2c881bbc-4e7b-4090-8284-98b3a583ba5f could not be found.
2026-05-09 02:43:01.660 9 ERROR neutron.plugins.ml2.managers 
2026-05-09 02:43:01.661 9 ERROR neutron.plugins.ml2.managers [None req-bfe22a53-4e29-40b1-a786-06f30a2fd5b9 - - - - - -] Failed to bind port da8c93b0-357f-48da-bfa0-cb49de6c1527 on host instance for vnic_type normal using segments [{'id': '024c10fa-ba57-4c4e-9c87-9ca9a80382c6', 'network_type': 'vxlan', 'physical_network': None, 'segmentation_id': 165, 'network_id': '41c2adda-2669-4831-9919-0ec34489f4ee'}]
2026-05-09 02:43:02.071 9 INFO neutron.plugins.ml2.plugin [None req-41b3df4a-ccc0-4cec-ba80-5ff3be6c3a70 - - - - - -] Attempt 1 to provision port 574f9da6-c3af-4426-ae91-3e1a3167d0b6
2026-05-09 02:43:02.935 10 INFO neutron.plugins.ml2.plugin [None req-2e918442-8227-445a-bb90-9731139e5b58 - - - - - -] Attempt 1 to provision port 574f9da6-c3af-4426-ae91-3e1a3167d0b6
2026-05-09 02:43:10.880 9 INFO neutron.plugins.ml2.plugin [None req-2e918442-8227-445a-bb90-9731139e5b58 - - - - - -] Attempt 1 to provision port 6ca2fb0d-df70-4815-9ef5-44ea644e0481
2026-05-09 02:43:12.785 10 INFO neutron.plugins.ml2.plugin [None req-2e918442-8227-445a-bb90-9731139e5b58 - - - - - -] Attempt 1 to provision port 59c3dde7-b46a-45cc-8450-34ba362725ac
2026-05-09 02:43:16.576 9 INFO neutron.plugins.ml2.plugin [None req-38842257-31fa-4ee1-af7b-713439f44369 - - - - - -] Attempt 1 to provision port a16c989f-5755-4c69-be8f-c43a64d30052
2026-05-09 02:43:16.711 10 INFO neutron.plugins.ml2.plugin [None req-2e918442-8227-445a-bb90-9731139e5b58 - - - - - -] Attempt 1 to provision port a16c989f-5755-4c69-be8f-c43a64d30052
2026-05-09 02:43:17.265 10 INFO neutron.plugins.ml2.plugin [None req-36b0e424-c516-4fce-8998-8628d052f166 - - - - - -] Attempt 1 to provision port 9160b801-577c-499b-8bfe-e8d64f71926f
2026-05-09 02:43:18.770 9 INFO neutron.plugins.ml2.plugin [None req-2e918442-8227-445a-bb90-9731139e5b58 - - - - - -] Attempt 1 to provision port fe8c2b19-1c54-4b10-a378-aae671520858
2026-05-09 02:43:19.526 10 INFO neutron.plugins.ml2.plugin [None req-af98b2fb-3ca6-4ec1-855c-886087093f01 - - - - - -] Attempt 1 to provision port fe8c2b19-1c54-4b10-a378-aae671520858
2026-05-09 02:43:22.774 10 INFO neutron.plugins.ml2.plugin [None req-2e918442-8227-445a-bb90-9731139e5b58 - - - - - -] Attempt 1 to provision port 0b90ea0d-9f7f-4cc1-b2a4-670f0ae54f93
2026-05-09 02:43:22.939 9 INFO neutron.plugins.ml2.plugin [None req-ce61f172-124f-4b7d-bdc1-7ecce9fdd10d - - - - - -] Attempt 1 to provision port 0b90ea0d-9f7f-4cc1-b2a4-670f0ae54f93
2026-05-09 02:43:30.999 10 INFO neutron.plugins.ml2.plugin [None req-2e918442-8227-445a-bb90-9731139e5b58 - - - - - -] Attempt 1 to provision port ae675847-207c-4acd-b140-770929cd7c86
2026-05-09 02:43:31.702 10 INFO neutron.plugins.ml2.plugin [None req-441a6a5d-6783-4a3f-a47b-15c5b83f09fe - - - - - -] Attempt 1 to provision port ae675847-207c-4acd-b140-770929cd7c86
2026-05-09 02:43:32.412 10 INFO neutron.plugins.ml2.plugin [None req-2095fac4-e132-4501-b74b-333983c5a87b - - - - - -] Attempt 1 to provision port 3cc98d55-33e8-4e52-9457-c11a8181e633
2026-05-09 02:43:32.898 9 INFO neutron.plugins.ml2.plugin [None req-2e918442-8227-445a-bb90-9731139e5b58 - - - - - -] Attempt 1 to provision port ae675847-207c-4acd-b140-770929cd7c86
2026-05-09 02:43:33.074 10 INFO neutron.plugins.ml2.plugin [None req-195c3f25-5080-4d21-861c-2cb3154fc54b - - - - - -] Attempt 1 to provision port 9b7f9497-11c7-476f-8ade-5bae0fedcdbe
2026-05-09 02:43:33.223 9 INFO neutron.plugins.ml2.plugin [None req-2e918442-8227-445a-bb90-9731139e5b58 - - - - - -] Attempt 1 to provision port 3cc98d55-33e8-4e52-9457-c11a8181e633
2026-05-09 02:43:33.622 10 INFO neutron.plugins.ml2.plugin [None req-c27b33b4-e225-49d3-a870-17197e7c24c8 - - - - - -] Attempt 1 to provision port 9b7f9497-11c7-476f-8ade-5bae0fedcdbe
2026-05-09 02:43:34.670 9 INFO neutron.plugins.ml2.plugin [None req-a6e1cb56-0e57-4123-a3d7-bf76701b794d - - - - - -] Attempt 1 to provision port 802219b6-6c0b-441d-b14b-a9c016b860d8
2026-05-09 02:43:34.757 10 INFO neutron.plugins.ml2.plugin [None req-2e918442-8227-445a-bb90-9731139e5b58 - - - - - -] Attempt 1 to provision port 3cc98d55-33e8-4e52-9457-c11a8181e633
2026-05-09 02:43:35.257 9 INFO neutron.plugins.ml2.plugin [None req-5f7c6372-2e2c-469c-a4dd-8414e724456a - - - - - -] Attempt 1 to provision port 802219b6-6c0b-441d-b14b-a9c016b860d8
2026-05-09 02:43:40.813 10 INFO neutron.plugins.ml2.plugin [None req-2e918442-8227-445a-bb90-9731139e5b58 - - - - - -] Attempt 1 to provision port 45c2ecde-5983-409e-a469-6d59083f3763
2026-05-09 02:43:41.259 9 INFO neutron.plugins.ml2.plugin [None req-9ba7993e-da4d-439e-bd99-657711994913 - - - - - -] Attempt 1 to provision port 64adae0d-8917-46a1-ab87-2ecf727b121d
2026-05-09 02:43:41.639 10 INFO neutron.plugins.ml2.plugin [None req-2e918442-8227-445a-bb90-9731139e5b58 - - - - - -] Attempt 1 to provision port 64adae0d-8917-46a1-ab87-2ecf727b121d
2026-05-09 02:43:41.732 9 INFO neutron.plugins.ml2.plugin [None req-82951b0a-a967-4698-a363-4b800b0c1543 - - - - - -] Attempt 1 to provision port 45c2ecde-5983-409e-a469-6d59083f3763
2026-05-09 02:43:42.417 10 INFO neutron.plugins.ml2.plugin [None req-7eee1a2e-7086-4ef1-9ea4-e7c2e41e748e - - - - - -] Attempt 1 to provision port c1a27177-9ff9-45d6-8840-274b69b49a7e
2026-05-09 02:43:42.825 10 INFO neutron.plugins.ml2.plugin [None req-2e918442-8227-445a-bb90-9731139e5b58 - - - - - -] Attempt 1 to provision port 45c2ecde-5983-409e-a469-6d59083f3763
2026-05-09 02:43:43.159 10 INFO neutron.plugins.ml2.plugin [None req-2e918442-8227-445a-bb90-9731139e5b58 - - - - - -] Attempt 1 to provision port 05b0b26c-3c98-4265-a48a-c2ba24102893
2026-05-09 02:43:43.183 10 INFO neutron.plugins.ml2.plugin [None req-d000584f-4d54-4c1c-8ac5-8de6d55465bd - - - - - -] Attempt 1 to provision port 05b0b26c-3c98-4265-a48a-c2ba24102893
2026-05-09 02:43:43.671 10 INFO neutron.plugins.ml2.plugin [None req-2e918442-8227-445a-bb90-9731139e5b58 - - - - - -] Attempt 1 to provision port 64adae0d-8917-46a1-ab87-2ecf727b121d
2026-05-09 02:43:43.874 10 INFO neutron.plugins.ml2.plugin [None req-d000584f-4d54-4c1c-8ac5-8de6d55465bd - - - - - -] Attempt 1 to provision port c1a27177-9ff9-45d6-8840-274b69b49a7e
2026-05-09 02:43:44.020 9 INFO neutron.plugins.ml2.plugin [None req-8e008909-9f37-4bc6-a451-53e14577ae05 - - - - - -] Attempt 1 to provision port dd312424-9799-4255-9bfb-986556e2e77c
2026-05-09 02:43:44.376 9 INFO neutron.plugins.ml2.plugin [None req-f8de76d6-a992-49ab-b21c-9d7151386e2f - - - - - -] Attempt 1 to provision port 8f962f2b-8b42-465c-91fa-62d249c594af
2026-05-09 02:43:44.753 10 INFO neutron.plugins.ml2.plugin [None req-2e918442-8227-445a-bb90-9731139e5b58 - - - - - -] Attempt 1 to provision port 05b0b26c-3c98-4265-a48a-c2ba24102893
2026-05-09 02:43:44.936 10 INFO neutron.plugins.ml2.plugin [None req-76ce28bc-866e-46c3-b635-94f0124f99b9 - - - - - -] Attempt 1 to provision port dd312424-9799-4255-9bfb-986556e2e77c
2026-05-09 02:43:45.095 9 INFO neutron.plugins.ml2.plugin [None req-f3830e08-2332-4b3e-920e-6dcf29e7c51d - - - - - -] Attempt 1 to provision port 8f962f2b-8b42-465c-91fa-62d249c594af
2026-05-09 02:43:52.188 9 INFO neutron.plugins.ml2.plugin [None req-04f4cb85-6a18-4dea-bd8e-c1e08bd3eea5 - - - - - -] Attempt 1 to provision port e0998b90-f4f7-482a-99ce-058086f3f571
2026-05-09 02:43:52.798 9 INFO neutron.plugins.ml2.plugin [None req-2e918442-8227-445a-bb90-9731139e5b58 - - - - - -] Attempt 1 to provision port e0998b90-f4f7-482a-99ce-058086f3f571
2026-05-09 02:43:53.278 10 INFO neutron.plugins.ml2.plugin [None req-e8bc80f3-5273-4e0f-b500-4adf68b67a39 - - - - - -] Attempt 1 to provision port d10fdd07-bd95-4660-aa57-7e91e4d33c57
2026-05-09 02:43:53.632 9 INFO neutron.plugins.ml2.plugin [None req-cdce2645-b9b4-42a5-b4fa-6778bce03e4c - - - - - -] Attempt 1 to provision port d10fdd07-bd95-4660-aa57-7e91e4d33c57
2026-05-09 02:43:54.381 9 INFO neutron.plugins.ml2.plugin [None req-984618ca-2d8b-4075-b240-f6c52da67337 - - - - - -] Attempt 1 to provision port 9f99275e-2a0a-4382-8304-ccd97815825c
2026-05-09 02:43:54.827 10 INFO neutron.plugins.ml2.plugin [None req-2e918442-8227-445a-bb90-9731139e5b58 - - - - - -] Attempt 1 to provision port 9f99275e-2a0a-4382-8304-ccd97815825c
2026-05-09 02:43:55.534 10 INFO neutron.plugins.ml2.plugin [None req-c5fe5dec-1978-4463-90a4-af48051a56fd - - - - - -] Attempt 1 to provision port 00441b37-e1ac-4436-8a0a-91c60b1e5848
2026-05-09 02:43:56.284 10 INFO neutron.plugins.ml2.plugin [None req-a76f2362-2b59-4b8b-be14-081ef82eacaf - - - - - -] Attempt 1 to provision port 00441b37-e1ac-4436-8a0a-91c60b1e5848
2026-05-09 02:43:56.783 9 INFO neutron.plugins.ml2.plugin [None req-2e918442-8227-445a-bb90-9731139e5b58 - - - - - -] Attempt 1 to provision port 9f99275e-2a0a-4382-8304-ccd97815825c
2026-05-09 02:43:59.359 10 INFO neutron.plugins.ml2.plugin [None req-376e1769-d83e-4028-ace4-6e8970ed4c1e - - - - - -] Attempt 1 to provision port 5b7116b7-4bc4-445f-8e2a-dac4d4cbfa62
2026-05-09 02:44:02.799 10 INFO neutron.plugins.ml2.plugin [None req-2e918442-8227-445a-bb90-9731139e5b58 - - - - - -] Attempt 1 to provision port 825d9f15-3377-43a7-9f30-e047eb7075ff
2026-05-09 02:44:03.545 10 INFO neutron.plugins.ml2.plugin [None req-4808c31a-6eb8-40a9-9221-3d660b7d134a - - - - - -] Attempt 1 to provision port 825d9f15-3377-43a7-9f30-e047eb7075ff
2026-05-09 02:44:04.817 9 INFO neutron.plugins.ml2.plugin [None req-2e918442-8227-445a-bb90-9731139e5b58 - - - - - -] Attempt 1 to provision port 825d9f15-3377-43a7-9f30-e047eb7075ff
2026-05-09 02:44:05.032 10 INFO neutron.plugins.ml2.plugin [None req-54e50e38-caa2-49e5-9a22-3245f5b60266 - - - - - -] Attempt 1 to provision port c402c191-2cf6-4a0b-a857-3e50e12908bf
2026-05-09 02:44:05.383 10 INFO neutron.plugins.ml2.plugin [None req-126c9d69-f440-4463-a750-abff4a2d177e - - - - - -] Attempt 1 to provision port c402c191-2cf6-4a0b-a857-3e50e12908bf
2026-05-09 02:44:08.968 9 INFO neutron.plugins.ml2.plugin [None req-3e0c6f57-57b5-48b1-b189-12611136316b - - - - - -] Attempt 1 to provision port f24d001a-2fa8-4195-9479-21efa0b27580
2026-05-09 02:44:13.070 9 INFO neutron.plugins.ml2.plugin [None req-2e918442-8227-445a-bb90-9731139e5b58 - - - - - -] Attempt 1 to provision port 85c15aa1-bb72-4076-bb07-7b43fe321f18
2026-05-09 02:44:13.355 9 INFO neutron.plugins.ml2.plugin [None req-1f2cf151-4358-42e8-aaa6-f5ce2415d18c - - - - - -] Attempt 1 to provision port 85c15aa1-bb72-4076-bb07-7b43fe321f18
2026-05-09 02:44:13.814 9 INFO neutron.plugins.ml2.plugin [None req-2e918442-8227-445a-bb90-9731139e5b58 - - - - - -] Attempt 1 to provision port b3c744a1-f852-4bc9-bebb-b87b368f7134
2026-05-09 02:44:14.200 10 INFO neutron.plugins.ml2.plugin [None req-509833fd-60f3-408d-b2f4-dcf7e1e09d6c - - - - - -] Attempt 1 to provision port b3c744a1-f852-4bc9-bebb-b87b368f7134
2026-05-09 02:44:15.000 10 INFO neutron.plugins.ml2.plugin [None req-2e918442-8227-445a-bb90-9731139e5b58 - - - - - -] Attempt 1 to provision port 85c15aa1-bb72-4076-bb07-7b43fe321f18
2026-05-09 02:44:15.360 10 INFO neutron.plugins.ml2.plugin [None req-2e918442-8227-445a-bb90-9731139e5b58 - - - - - -] Attempt 1 to provision port 50420c23-1d55-42eb-b76a-6e37d30da37d
2026-05-09 02:44:16.018 10 INFO neutron.plugins.ml2.plugin [None req-2e918442-8227-445a-bb90-9731139e5b58 - - - - - -] Attempt 1 to provision port b3c744a1-f852-4bc9-bebb-b87b368f7134
2026-05-09 02:44:16.051 10 INFO neutron.plugins.ml2.plugin [None req-efdb6a95-34a2-4f5e-b1d9-3e22be9c1e9f - - - - - -] Attempt 1 to provision port 50420c23-1d55-42eb-b76a-6e37d30da37d
2026-05-09 02:44:16.396 10 INFO neutron.plugins.ml2.plugin [None req-16800845-a039-46cd-99d8-77bd34a9b07a - - - - - -] Attempt 1 to provision port 73eda84b-80ed-4a24-9add-99083ae9e224
2026-05-09 02:44:17.006 10 INFO neutron.plugins.ml2.plugin [None req-2e918442-8227-445a-bb90-9731139e5b58 - - - - - -] Attempt 1 to provision port 73eda84b-80ed-4a24-9add-99083ae9e224
2026-05-09 02:44:17.366 10 INFO neutron.plugins.ml2.plugin [None req-2e918442-8227-445a-bb90-9731139e5b58 - - - - - -] Attempt 1 to provision port a11b2cca-fdea-4de7-95c7-519c2cbce408
2026-05-09 02:44:17.572 10 INFO neutron.plugins.ml2.plugin [None req-2e1f98c7-aad8-49a3-8c82-fa762c620e83 - - - - - -] Attempt 1 to provision port a11b2cca-fdea-4de7-95c7-519c2cbce408
2026-05-09 02:44:34.848 9 INFO neutron.plugins.ml2.plugin [None req-2e918442-8227-445a-bb90-9731139e5b58 - - - - - -] Attempt 1 to provision port 0bcf2c3f-49d6-4bd4-8242-b50609338516
2026-05-09 02:44:35.244 10 INFO neutron.plugins.ml2.plugin [None req-23ae93cf-8cbf-451a-9a1a-9621ff46efb7 - - - - - -] Attempt 1 to provision port 0bcf2c3f-49d6-4bd4-8242-b50609338516
2026-05-09 02:44:39.500 10 INFO neutron.plugins.ml2.plugin [None req-fbada914-90f5-4bcd-bf49-af7d450288d7 - - - - - -] Attempt 1 to provision port 49bc0e5a-090b-4370-acc8-db40edab245b
2026-05-09 02:44:42.952 9 INFO neutron.plugins.ml2.plugin [None req-2e918442-8227-445a-bb90-9731139e5b58 - - - - - -] Attempt 1 to provision port 3c5598b3-ff46-4906-95e9-0b629ac50eca
2026-05-09 02:44:43.487 9 INFO neutron.plugins.ml2.plugin [None req-2e918442-8227-445a-bb90-9731139e5b58 - - - - - -] Attempt 1 to provision port 446ffdd9-98ca-455e-aad5-bfa5ed306fa4
2026-05-09 02:44:43.879 9 INFO neutron.plugins.ml2.plugin [None req-10198fc0-6d04-4932-8541-09d1fd0d43cf - - - - - -] Attempt 1 to provision port 4384a36f-31d3-49c4-a721-c3a2ddd9cc57
2026-05-09 02:44:43.936 9 INFO neutron.plugins.ml2.plugin [None req-10198fc0-6d04-4932-8541-09d1fd0d43cf - - - - - -] Attempt 1 to provision port 3c5598b3-ff46-4906-95e9-0b629ac50eca
2026-05-09 02:44:44.809 10 INFO neutron.plugins.ml2.plugin [None req-2e918442-8227-445a-bb90-9731139e5b58 - - - - - -] Attempt 1 to provision port 3c5598b3-ff46-4906-95e9-0b629ac50eca
2026-05-09 02:44:45.102 10 INFO neutron.plugins.ml2.plugin [None req-2e918442-8227-445a-bb90-9731139e5b58 - - - - - -] Attempt 1 to provision port 446ffdd9-98ca-455e-aad5-bfa5ed306fa4
2026-05-09 02:44:45.552 10 INFO neutron.plugins.ml2.plugin [None req-e63c9fd6-9cc0-4dc6-955e-f2fafc9afcbd - - - - - -] Attempt 1 to provision port 4384a36f-31d3-49c4-a721-c3a2ddd9cc57
2026-05-09 02:44:45.813 10 INFO neutron.plugins.ml2.plugin [None req-4ea54979-69f4-4c30-8d4b-86220aa7356c - - - - - -] Attempt 1 to provision port 4384a36f-31d3-49c4-a721-c3a2ddd9cc57
2026-05-09 02:44:48.578 10 INFO neutron.plugins.ml2.plugin [None req-7af858e4-8fae-4d74-8c9d-487ff7f7747e - - - - - -] Attempt 1 to provision port b0937882-c121-4dee-b24f-4262dbc42af2
2026-05-09 02:44:49.102 10 INFO neutron.plugins.ml2.plugin [None req-7af858e4-8fae-4d74-8c9d-487ff7f7747e - - - - - -] Attempt 2 to provision port b0937882-c121-4dee-b24f-4262dbc42af2
2026-05-09 02:44:50.841 10 INFO neutron.plugins.ml2.plugin [None req-2e918442-8227-445a-bb90-9731139e5b58 - - - - - -] Attempt 1 to provision port b0937882-c121-4dee-b24f-4262dbc42af2
2026-05-09 02:44:50.952 10 INFO neutron.notifiers.nova [-] Nova event matching ['req-27cd6fe4-f67f-4056-a7f9-767a1c781df5'] response: {'server_uuid': '2e79eb94-4643-41f3-8a01-7063806f67fa', 'name': 'network-vif-plugged', 'status': 'completed', 'tag': 'b0937882-c121-4dee-b24f-4262dbc42af2', 'code': 200}
2026-05-09 02:44:52.818 10 INFO neutron.plugins.ml2.plugin [None req-2e918442-8227-445a-bb90-9731139e5b58 - - - - - -] Attempt 1 to provision port b0937882-c121-4dee-b24f-4262dbc42af2
2026-05-09 02:45:04.816 9 INFO neutron.plugins.ml2.plugin [None req-2e918442-8227-445a-bb90-9731139e5b58 - - - - - -] Attempt 1 to provision port 4384a36f-31d3-49c4-a721-c3a2ddd9cc57
2026-05-09 02:45:06.817 10 INFO neutron.plugins.ml2.plugin [None req-2e918442-8227-445a-bb90-9731139e5b58 - - - - - -] Attempt 1 to provision port 49bc0e5a-090b-4370-acc8-db40edab245b
2026-05-09 02:45:07.161 10 INFO neutron.plugins.ml2.plugin [None req-2e918442-8227-445a-bb90-9731139e5b58 - - - - - -] Attempt 1 to provision port 4384a36f-31d3-49c4-a721-c3a2ddd9cc57
2026-05-09 02:45:08.810 9 INFO neutron.plugins.ml2.plugin [None req-2e918442-8227-445a-bb90-9731139e5b58 - - - - - -] Attempt 1 to provision port 49bc0e5a-090b-4370-acc8-db40edab245b
2026-05-09 02:45:16.559 9 INFO neutron.plugins.ml2.plugin [None req-1bbd4fc7-eca5-46ec-8172-bfd104f5828a - - - - - -] Attempt 1 to provision port 02e1e8eb-709c-4138-af81-121caa72ca4d
2026-05-09 02:45:18.884 9 INFO neutron.plugins.ml2.plugin [None req-2e918442-8227-445a-bb90-9731139e5b58 - - - - - -] Attempt 1 to provision port 02e1e8eb-709c-4138-af81-121caa72ca4d
2026-05-09 02:45:19.030 9 INFO neutron.notifiers.nova [-] Nova event matching ['req-e53da5ba-c04d-479f-b09c-951e7a3f253b'] response: {'server_uuid': '8e09ed16-d76b-4082-9391-85341d7ea5d8', 'name': 'network-vif-plugged', 'status': 'completed', 'tag': '02e1e8eb-709c-4138-af81-121caa72ca4d', 'code': 200}
2026-05-09 02:45:20.815 10 INFO neutron.plugins.ml2.plugin [None req-2e918442-8227-445a-bb90-9731139e5b58 - - - - - -] Attempt 1 to provision port 02e1e8eb-709c-4138-af81-121caa72ca4d
2026-05-09 02:46:06.858 10 INFO neutron.plugins.ml2.plugin [None req-2e918442-8227-445a-bb90-9731139e5b58 - - - - - -] Attempt 1 to provision port 94942a9b-6305-4b93-b4c6-6c314a37a212
2026-05-09 02:46:07.918 9 INFO neutron.plugins.ml2.plugin [None req-5037abf1-83b8-47e0-869f-c9e06fe6a6ed - - - - - -] Attempt 1 to provision port 94942a9b-6305-4b93-b4c6-6c314a37a212
2026-05-09 02:46:08.512 10 INFO neutron.plugins.ml2.plugin [None req-51a38811-14a7-4b26-8098-de5885daa9fc - - - - - -] Attempt 1 to provision port 94942a9b-6305-4b93-b4c6-6c314a37a212
2026-05-09 02:46:08.917 9 INFO neutron.plugins.ml2.plugin [None req-2e918442-8227-445a-bb90-9731139e5b58 - - - - - -] Attempt 1 to provision port 94942a9b-6305-4b93-b4c6-6c314a37a212
2026-05-09 02:46:09.117 9 INFO neutron.plugins.ml2.plugin [None req-d8c42428-8fff-4c0b-87a0-922f8dd73742 - - - - - -] Attempt 1 to provision port 228910ea-b784-4592-a892-5a229c7ef62b
2026-05-09 02:46:09.337 9 INFO neutron.plugins.ml2.plugin [None req-2e918442-8227-445a-bb90-9731139e5b58 - - - - - -] Attempt 1 to provision port 335a7f0d-679a-4be1-8a21-875f9062ad82
2026-05-09 02:46:09.413 9 INFO neutron.plugins.ml2.plugin [None req-921c2c7e-f3cc-42a9-a71c-3d4b3f448865 - - - - - -] Attempt 1 to provision port 335a7f0d-679a-4be1-8a21-875f9062ad82
2026-05-09 02:46:09.949 9 INFO neutron.plugins.ml2.plugin [None req-2e918442-8227-445a-bb90-9731139e5b58 - - - - - -] Attempt 1 to provision port 57d18376-5a93-4a7b-9bac-53179ab259c0
2026-05-09 02:46:10.252 9 INFO neutron.plugins.ml2.plugin [None req-29f41ffe-4dc6-4525-b53c-072a2ce9188a - - - - - -] Attempt 1 to provision port 335a7f0d-679a-4be1-8a21-875f9062ad82
2026-05-09 02:46:10.459 9 INFO neutron.plugins.ml2.plugin [None req-d58089ee-a715-4c08-b633-8ab62228547f - - - - - -] Attempt 1 to provision port 57d18376-5a93-4a7b-9bac-53179ab259c0
2026-05-09 02:46:10.865 10 INFO neutron.plugins.ml2.plugin [None req-2e918442-8227-445a-bb90-9731139e5b58 - - - - - -] Attempt 1 to provision port 57d18376-5a93-4a7b-9bac-53179ab259c0
2026-05-09 02:46:10.942 9 INFO neutron.plugins.ml2.plugin [None req-71a57017-6ff5-4dd0-be1e-ab0c7dcc8c2c - - - - - -] Attempt 1 to provision port 57d18376-5a93-4a7b-9bac-53179ab259c0
2026-05-09 02:46:11.245 10 INFO neutron.plugins.ml2.plugin [None req-2e918442-8227-445a-bb90-9731139e5b58 - - - - - -] Attempt 1 to provision port 335a7f0d-679a-4be1-8a21-875f9062ad82
2026-05-09 02:46:11.743 9 INFO neutron.plugins.ml2.plugin [None req-3b4a8021-3d4f-4069-91e2-1ad7e3c0c640 - - - - - -] Attempt 1 to provision port d0dea57a-53be-4c5f-83bd-33e36209cbc7
2026-05-09 02:46:12.496 9 INFO neutron.plugins.ml2.plugin [None req-55966dd6-807c-4a56-b0c0-c71c42615be1 - - - - - -] Attempt 1 to provision port d0dea57a-53be-4c5f-83bd-33e36209cbc7
2026-05-09 02:46:12.866 10 INFO neutron.plugins.ml2.plugin [None req-2e918442-8227-445a-bb90-9731139e5b58 - - - - - -] Attempt 1 to provision port ff5a7d97-2675-4e87-847a-b69017fada00
2026-05-09 02:46:14.076 10 INFO neutron.plugins.ml2.plugin [None req-2e0f8ab1-92cb-4dea-90d9-9bac4d4e8fe3 - - - - - -] Attempt 1 to provision port ad34fa06-2219-4636-b2d5-2ab10251bec5
2026-05-09 02:46:14.854 10 INFO neutron.plugins.ml2.plugin [None req-2e918442-8227-445a-bb90-9731139e5b58 - - - - - -] Attempt 1 to provision port ff5a7d97-2675-4e87-847a-b69017fada00
2026-05-09 02:46:14.932 9 INFO neutron.plugins.ml2.plugin [None req-deab1f6f-45f9-4175-9ab8-e5529c2f7b78 - - - - - -] Attempt 1 to provision port ad34fa06-2219-4636-b2d5-2ab10251bec5
2026-05-09 02:46:15.975 9 INFO neutron.plugins.ml2.plugin [None req-f2974f6b-1b6e-465d-aa1d-a3500cd5b240 - - - - - -] Attempt 1 to provision port 4412fe36-999b-4ddf-937a-c407d4e99070
2026-05-09 02:46:16.827 9 INFO neutron.plugins.ml2.plugin [None req-faf81b0d-5522-4975-b227-4f954f5803f5 - - - - - -] Attempt 1 to provision port 4412fe36-999b-4ddf-937a-c407d4e99070
2026-05-09 02:46:22.099 9 INFO neutron.plugins.ml2.plugin [None req-cc3d5cab-b461-4f0d-8edc-3806aa8a993c - - - - - -] Attempt 1 to provision port 359fad91-8c9a-41b2-b7fe-4c2d80135e95
2026-05-09 02:46:24.958 9 INFO neutron.plugins.ml2.plugin [None req-2e918442-8227-445a-bb90-9731139e5b58 - - - - - -] Attempt 1 to provision port 359fad91-8c9a-41b2-b7fe-4c2d80135e95
2026-05-09 02:46:25.098 9 INFO neutron.notifiers.nova [-] Nova event matching ['req-9fabd036-b123-4e47-9da5-a7134004b3b6'] response: {'server_uuid': '9d3c8989-378c-4a4b-ae02-cdc1fea0d56f', 'name': 'network-vif-plugged', 'status': 'completed', 'tag': '359fad91-8c9a-41b2-b7fe-4c2d80135e95', 'code': 200}
2026-05-09 02:46:26.882 10 INFO neutron.plugins.ml2.plugin [None req-2e918442-8227-445a-bb90-9731139e5b58 - - - - - -] Attempt 1 to provision port 359fad91-8c9a-41b2-b7fe-4c2d80135e95
2026-05-09 02:46:29.817 10 INFO neutron.plugins.ml2.plugin [None req-dd07e61c-ff89-4246-9632-bc0a0373089d - - - - - -] Attempt 1 to provision port d6f62ebe-da89-437d-acef-b645aa48aef2
2026-05-09 02:46:30.939 9 INFO neutron.plugins.ml2.plugin [None req-2e918442-8227-445a-bb90-9731139e5b58 - - - - - -] Attempt 1 to provision port d6f62ebe-da89-437d-acef-b645aa48aef2
2026-05-09 02:46:31.165 9 INFO neutron.notifiers.nova [-] Nova event matching ['req-920cef9c-7ed1-4911-b565-88b6abed87c8'] response: {'server_uuid': 'be8976f0-c777-4e74-8d1a-0f9e1c5db04e', 'name': 'network-vif-plugged', 'status': 'completed', 'tag': 'd6f62ebe-da89-437d-acef-b645aa48aef2', 'code': 200}
2026-05-09 02:46:32.962 10 INFO neutron.plugins.ml2.plugin [None req-2e918442-8227-445a-bb90-9731139e5b58 - - - - - -] Attempt 1 to provision port 228910ea-b784-4592-a892-5a229c7ef62b
2026-05-09 02:46:33.291 10 INFO neutron.plugins.ml2.plugin [None req-2e918442-8227-445a-bb90-9731139e5b58 - - - - - -] Attempt 1 to provision port d6f62ebe-da89-437d-acef-b645aa48aef2
2026-05-09 02:46:33.582 10 INFO neutron.plugins.ml2.plugin [None req-2e918442-8227-445a-bb90-9731139e5b58 - - - - - -] Attempt 1 to provision port 4412fe36-999b-4ddf-937a-c407d4e99070
2026-05-09 02:46:33.915 10 INFO neutron.plugins.ml2.plugin [None req-2e918442-8227-445a-bb90-9731139e5b58 - - - - - -] Attempt 1 to provision port ad34fa06-2219-4636-b2d5-2ab10251bec5
2026-05-09 02:46:34.936 9 INFO neutron.plugins.ml2.plugin [None req-2e918442-8227-445a-bb90-9731139e5b58 - - - - - -] Attempt 1 to provision port ad34fa06-2219-4636-b2d5-2ab10251bec5
2026-05-09 02:46:35.470 9 INFO neutron.plugins.ml2.plugin [None req-2e918442-8227-445a-bb90-9731139e5b58 - - - - - -] Attempt 1 to provision port d0dea57a-53be-4c5f-83bd-33e36209cbc7
2026-05-09 02:46:35.946 9 INFO neutron.plugins.ml2.plugin [None req-2e918442-8227-445a-bb90-9731139e5b58 - - - - - -] Attempt 1 to provision port 4412fe36-999b-4ddf-937a-c407d4e99070
2026-05-09 02:46:36.348 9 INFO neutron.plugins.ml2.plugin [None req-2e918442-8227-445a-bb90-9731139e5b58 - - - - - -] Attempt 1 to provision port 228910ea-b784-4592-a892-5a229c7ef62b
2026-05-09 02:46:36.866 10 INFO neutron.plugins.ml2.plugin [None req-2e918442-8227-445a-bb90-9731139e5b58 - - - - - -] Attempt 1 to provision port d0dea57a-53be-4c5f-83bd-33e36209cbc7
