2026-05-14 18:09:40.647 8 INFO cinder.api.openstack.wsgi [None req-99a2a52e-bc45-4970-805f-204f2a180dc1 22799b3e889d4431acde6033056ab141 fb5807ef882843c7a4ab225190c68c73 - - default default] http://cinder-api.openstack.svc.cluster.local:8776/v3/fb5807ef882843c7a4ab225190c68c73/os-quota-sets/526f9a4858db4ffeb9ccfa91773749a3?usage=true returned with HTTP 200 [pid: 8|app: 0|req: 455/911] 10.0.0.75 () {28 vars in 735 bytes} [Thu May 14 18:09:40 2026] GET /v3/fb5807ef882843c7a4ab225190c68c73/os-quota-sets/526f9a4858db4ffeb9ccfa91773749a3?usage=true => generated 847 bytes in 35 msecs (HTTP/1.1 200) 7 headers in 285 bytes (1 switches on core 0)
2026-05-14 18:09:40.660 7 INFO cinder.api.openstack.wsgi [None req-57a0217c-317f-4456-804c-213ce3221b29 22799b3e889d4431acde6033056ab141 fb5807ef882843c7a4ab225190c68c73 - - default default] GET http://cinder-api.openstack.svc.cluster.local:8776/v3/fb5807ef882843c7a4ab225190c68c73/os-quota-sets/5b5d21533a6f4924aa5d3d8f9f688fbb?usage=true
2026-05-14 18:09:40.684 7 INFO cinder.api.openstack.wsgi [None req-57a0217c-317f-4456-804c-213ce3221b29 22799b3e889d4431acde6033056ab141 fb5807ef882843c7a4ab225190c68c73 - - default default] http://cinder-api.openstack.svc.cluster.local:8776/v3/fb5807ef882843c7a4ab225190c68c73/os-quota-sets/5b5d21533a6f4924aa5d3d8f9f688fbb?usage=true returned with HTTP 200 [pid: 7|app: 0|req: 457/912] 10.0.0.75 () {28 vars in 735 bytes} [Thu May 14 18:09:40 2026] GET /v3/fb5807ef882843c7a4ab225190c68c73/os-quota-sets/5b5d21533a6f4924aa5d3d8f9f688fbb?usage=true => generated 847 bytes in 33 msecs (HTTP/1.1 200) 7 headers in 285 bytes (1 switches on core 0)
2026-05-14 18:09:40.697 8 INFO cinder.api.openstack.wsgi [None req-9562ae34-18c0-4d8f-a454-bd23e26e757f 22799b3e889d4431acde6033056ab141 fb5807ef882843c7a4ab225190c68c73 - - default default] GET http://cinder-api.openstack.svc.cluster.local:8776/v3/fb5807ef882843c7a4ab225190c68c73/os-quota-sets/6285eb9602484698a650f38dd5e91192?usage=true
2026-05-14 18:09:40.720 8 INFO cinder.api.openstack.wsgi [None req-9562ae34-18c0-4d8f-a454-bd23e26e757f 22799b3e889d4431acde6033056ab141 fb5807ef882843c7a4ab225190c68c73 - - default default] http://cinder-api.openstack.svc.cluster.local:8776/v3/fb5807ef882843c7a4ab225190c68c73/os-quota-sets/6285eb9602484698a650f38dd5e91192?usage=true returned with HTTP 200 [pid: 8|app: 0|req: 456/913] 10.0.0.75 () {28 vars in 735 bytes} [Thu May 14 18:09:40 2026] GET /v3/fb5807ef882843c7a4ab225190c68c73/os-quota-sets/6285eb9602484698a650f38dd5e91192?usage=true => generated 847 bytes in 33 msecs (HTTP/1.1 200) 7 headers in 285 bytes (1 switches on core 0)
2026-05-14 18:09:40.732 7 INFO cinder.api.openstack.wsgi [None req-edd22e16-b114-4d17-a70c-ec86d16ae0ee 22799b3e889d4431acde6033056ab141 fb5807ef882843c7a4ab225190c68c73 - - default default] GET http://cinder-api.openstack.svc.cluster.local:8776/v3/fb5807ef882843c7a4ab225190c68c73/os-quota-sets/65b74e95ab8a4fb3906c1b39ecb0d7c5?usage=true
2026-05-14 18:09:40.752 7 INFO cinder.api.openstack.wsgi [None req-edd22e16-b114-4d17-a70c-ec86d16ae0ee 22799b3e889d4431acde6033056ab141 fb5807ef882843c7a4ab225190c68c73 - - default default] http://cinder-api.openstack.svc.cluster.local:8776/v3/fb5807ef882843c7a4ab225190c68c73/os-quota-sets/65b74e95ab8a4fb3906c1b39ecb0d7c5?usage=true returned with HTTP 200 [pid: 7|app: 0|req: 458/914] 10.0.0.75 () {28 vars in 735 bytes} [Thu May 14 18:09:40 2026] GET /v3/fb5807ef882843c7a4ab225190c68c73/os-quota-sets/65b74e95ab8a4fb3906c1b39ecb0d7c5?usage=true => generated 847 bytes in 27 msecs (HTTP/1.1 200) 7 headers in 285 bytes (1 switches on core 0)
2026-05-14 18:09:40.768 8 INFO cinder.api.openstack.wsgi [None req-bae1f205-1bae-4230-8901-650fb75afa99 22799b3e889d4431acde6033056ab141 fb5807ef882843c7a4ab225190c68c73 - - default default] GET http://cinder-api.openstack.svc.cluster.local:8776/v3/fb5807ef882843c7a4ab225190c68c73/os-quota-sets/6dc83cc7492a47bd9ddde8c6c9bbba95?usage=true
2026-05-14 18:09:40.795 8 INFO cinder.api.openstack.wsgi [None req-bae1f205-1bae-4230-8901-650fb75afa99 22799b3e889d4431acde6033056ab141 fb5807ef882843c7a4ab225190c68c73 - - default default] http://cinder-api.openstack.svc.cluster.local:8776/v3/fb5807ef882843c7a4ab225190c68c73/os-quota-sets/6dc83cc7492a47bd9ddde8c6c9bbba95?usage=true returned with HTTP 200 [pid: 8|app: 0|req: 457/915] 10.0.0.75 () {28 vars in 735 bytes} [Thu May 14 18:09:40 2026] GET /v3/fb5807ef882843c7a4ab225190c68c73/os-quota-sets/6dc83cc7492a47bd9ddde8c6c9bbba95?usage=true => generated 847 bytes in 38 msecs (HTTP/1.1 200) 7 headers in 285 bytes (1 switches on core 0)
2026-05-14 18:09:40.807 7 INFO cinder.api.openstack.wsgi [None req-77c32f60-b0cc-471f-b3d0-eca05ebb7b73 22799b3e889d4431acde6033056ab141 fb5807ef882843c7a4ab225190c68c73 - - default default] GET http://cinder-api.openstack.svc.cluster.local:8776/v3/fb5807ef882843c7a4ab225190c68c73/os-quota-sets/84a84f7927a34363a7be7f8786a1465d?usage=true
2026-05-14 18:09:40.830 7 INFO cinder.api.openstack.wsgi [None req-77c32f60-b0cc-471f-b3d0-eca05ebb7b73 22799b3e889d4431acde6033056ab141 fb5807ef882843c7a4ab225190c68c73 - - default default] http://cinder-api.openstack.svc.cluster.local:8776/v3/fb5807ef882843c7a4ab225190c68c73/os-quota-sets/84a84f7927a34363a7be7f8786a1465d?usage=true returned with HTTP 200 [pid: 7|app: 0|req: 459/916] 10.0.0.75 () {28 vars in 735 bytes} [Thu May 14 18:09:40 2026] GET /v3/fb5807ef882843c7a4ab225190c68c73/os-quota-sets/84a84f7927a34363a7be7f8786a1465d?usage=true => generated 847 bytes in 31 msecs (HTTP/1.1 200) 7 headers in 285 bytes (1 switches on core 0)
2026-05-14 18:09:40.846 8 INFO cinder.api.openstack.wsgi [None req-d84812a4-88c8-495d-a142-cdb67657d585 22799b3e889d4431acde6033056ab141 fb5807ef882843c7a4ab225190c68c73 - - default default] GET http://cinder-api.openstack.svc.cluster.local:8776/v3/fb5807ef882843c7a4ab225190c68c73/os-quota-sets/9284c3516abb421aafae0f9e51e6f4fc?usage=true
2026-05-14 18:09:40.890 8 INFO cinder.api.openstack.wsgi [None req-d84812a4-88c8-495d-a142-cdb67657d585 22799b3e889d4431acde6033056ab141 fb5807ef882843c7a4ab225190c68c73 - - default default] http://cinder-api.openstack.svc.cluster.local:8776/v3/fb5807ef882843c7a4ab225190c68c73/os-quota-sets/9284c3516abb421aafae0f9e51e6f4fc?usage=true returned with HTTP 200 [pid: 8|app: 0|req: 458/917] 10.0.0.75 () {28 vars in 735 bytes} [Thu May 14 18:09:40 2026] GET /v3/fb5807ef882843c7a4ab225190c68c73/os-quota-sets/9284c3516abb421aafae0f9e51e6f4fc?usage=true => generated 847 bytes in 54 msecs (HTTP/1.1 200) 7 headers in 285 bytes (1 switches on core 0)
2026-05-14 18:09:40.905 7 INFO cinder.api.openstack.wsgi [None req-4bcd2c85-04be-459e-aac8-ff7b38f091ef 22799b3e889d4431acde6033056ab141 fb5807ef882843c7a4ab225190c68c73 - - default default] GET http://cinder-api.openstack.svc.cluster.local:8776/v3/fb5807ef882843c7a4ab225190c68c73/os-quota-sets/981935e154234e69b8a17952bb5d3a3b?usage=true
2026-05-14 18:09:40.929 7 INFO cinder.api.openstack.wsgi [None req-4bcd2c85-04be-459e-aac8-ff7b38f091ef 22799b3e889d4431acde6033056ab141 fb5807ef882843c7a4ab225190c68c73 - - default default] http://cinder-api.openstack.svc.cluster.local:8776/v3/fb5807ef882843c7a4ab225190c68c73/os-quota-sets/981935e154234e69b8a17952bb5d3a3b?usage=true returned with HTTP 200 [pid: 7|app: 0|req: 460/918] 10.0.0.75 () {28 vars in 735 bytes} [Thu May 14 18:09:40 2026] GET /v3/fb5807ef882843c7a4ab225190c68c73/os-quota-sets/981935e154234e69b8a17952bb5d3a3b?usage=true => generated 847 bytes in 35 msecs (HTTP/1.1 200) 7 headers in 285 bytes (1 switches on core 0)
2026-05-14 18:09:40.944 8 INFO cinder.api.openstack.wsgi [None req-b39da208-39f7-41a0-bb85-19d84b11f7fc 22799b3e889d4431acde6033056ab141 fb5807ef882843c7a4ab225190c68c73 - - default default] GET http://cinder-api.openstack.svc.cluster.local:8776/v3/fb5807ef882843c7a4ab225190c68c73/os-quota-sets/9e74061955c64d85b224a6ed73996f13?usage=true
2026-05-14 18:09:40.968 8 INFO cinder.api.openstack.wsgi [None req-b39da208-39f7-41a0-bb85-19d84b11f7fc 22799b3e889d4431acde6033056ab141 fb5807ef882843c7a4ab225190c68c73 - - default default] http://cinder-api.openstack.svc.cluster.local:8776/v3/fb5807ef882843c7a4ab225190c68c73/os-quota-sets/9e74061955c64d85b224a6ed73996f13?usage=true returned with HTTP 200 [pid: 8|app: 0|req: 459/919] 10.0.0.75 () {28 vars in 735 bytes} [Thu May 14 18:09:40 2026] GET /v3/fb5807ef882843c7a4ab225190c68c73/os-quota-sets/9e74061955c64d85b224a6ed73996f13?usage=true => generated 847 bytes in 35 msecs (HTTP/1.1 200) 7 headers in 285 bytes (1 switches on core 0)
2026-05-14 18:09:40.981 7 INFO cinder.api.openstack.wsgi [None req-3ee85a75-b99e-42bf-b332-ae84623094a0 22799b3e889d4431acde6033056ab141 fb5807ef882843c7a4ab225190c68c73 - - default default] GET http://cinder-api.openstack.svc.cluster.local:8776/v3/fb5807ef882843c7a4ab225190c68c73/os-quota-sets/a214d6f1beee4726904bf3af1ba85471?usage=true
2026-05-14 18:09:41.002 7 INFO cinder.api.openstack.wsgi [None req-3ee85a75-b99e-42bf-b332-ae84623094a0 22799b3e889d4431acde6033056ab141 fb5807ef882843c7a4ab225190c68c73 - - default default] http://cinder-api.openstack.svc.cluster.local:8776/v3/fb5807ef882843c7a4ab225190c68c73/os-quota-sets/a214d6f1beee4726904bf3af1ba85471?usage=true returned with HTTP 200 [pid: 7|app: 0|req: 461/920] 10.0.0.75 () {28 vars in 735 bytes} [Thu May 14 18:09:40 2026] GET /v3/fb5807ef882843c7a4ab225190c68c73/os-quota-sets/a214d6f1beee4726904bf3af1ba85471?usage=true => generated 847 bytes in 30 msecs (HTTP/1.1 200) 7 headers in 285 bytes (1 switches on core 0)
2026-05-14 18:09:41.012 8 INFO cinder.api.openstack.wsgi [None req-0ef0f9c6-2cea-4b5f-b6be-d8c5f4621e5f 22799b3e889d4431acde6033056ab141 fb5807ef882843c7a4ab225190c68c73 - - default default] GET http://cinder-api.openstack.svc.cluster.local:8776/v3/fb5807ef882843c7a4ab225190c68c73/os-quota-sets/a7c772e4a8fb492e93f5080394cb441d?usage=true
2026-05-14 18:09:41.042 8 INFO cinder.api.openstack.wsgi [None req-0ef0f9c6-2cea-4b5f-b6be-d8c5f4621e5f 22799b3e889d4431acde6033056ab141 fb5807ef882843c7a4ab225190c68c73 - - default default] http://cinder-api.openstack.svc.cluster.local:8776/v3/fb5807ef882843c7a4ab225190c68c73/os-quota-sets/a7c772e4a8fb492e93f5080394cb441d?usage=true returned with HTTP 200 [pid: 8|app: 0|req: 460/921] 10.0.0.75 () {28 vars in 735 bytes} [Thu May 14 18:09:41 2026] GET /v3/fb5807ef882843c7a4ab225190c68c73/os-quota-sets/a7c772e4a8fb492e93f5080394cb441d?usage=true => generated 845 bytes in 37 msecs (HTTP/1.1 200) 7 headers in 285 bytes (1 switches on core 0)
2026-05-14 18:09:41.056 7 INFO cinder.api.openstack.wsgi [None req-760bc344-8c76-4346-82ac-e9e5d683e966 22799b3e889d4431acde6033056ab141 fb5807ef882843c7a4ab225190c68c73 - - default default] GET http://cinder-api.openstack.svc.cluster.local:8776/v3/fb5807ef882843c7a4ab225190c68c73/os-quota-sets/acb2c4e46e944b5ca5945d7c6a7264db?usage=true
2026-05-14 18:09:41.078 7 INFO cinder.api.openstack.wsgi [None req-760bc344-8c76-4346-82ac-e9e5d683e966 22799b3e889d4431acde6033056ab141 fb5807ef882843c7a4ab225190c68c73 - - default default] http://cinder-api.openstack.svc.cluster.local:8776/v3/fb5807ef882843c7a4ab225190c68c73/os-quota-sets/acb2c4e46e944b5ca5945d7c6a7264db?usage=true returned with HTTP 200 [pid: 7|app: 0|req: 462/922] 10.0.0.75 () {28 vars in 735 bytes} [Thu May 14 18:09:41 2026] GET /v3/fb5807ef882843c7a4ab225190c68c73/os-quota-sets/acb2c4e46e944b5ca5945d7c6a7264db?usage=true => generated 847 bytes in 30 msecs (HTTP/1.1 200) 7 headers in 285 bytes (1 switches on core 0)
2026-05-14 18:09:41.091 8 INFO cinder.api.openstack.wsgi [None req-112518bc-5b2a-48bd-bc17-8fff88def31f 22799b3e889d4431acde6033056ab141 fb5807ef882843c7a4ab225190c68c73 - - default default] GET http://cinder-api.openstack.svc.cluster.local:8776/v3/fb5807ef882843c7a4ab225190c68c73/os-quota-sets/b6597d56cc724170911ad6db38dfc630?usage=true
2026-05-14 18:09:41.127 8 INFO cinder.api.openstack.wsgi [None req-112518bc-5b2a-48bd-bc17-8fff88def31f 22799b3e889d4431acde6033056ab141 fb5807ef882843c7a4ab225190c68c73 - - default default] http://cinder-api.openstack.svc.cluster.local:8776/v3/fb5807ef882843c7a4ab225190c68c73/os-quota-sets/b6597d56cc724170911ad6db38dfc630?usage=true returned with HTTP 200 [pid: 8|app: 0|req: 461/923] 10.0.0.75 () {28 vars in 735 bytes} [Thu May 14 18:09:41 2026] GET /v3/fb5807ef882843c7a4ab225190c68c73/os-quota-sets/b6597d56cc724170911ad6db38dfc630?usage=true => generated 847 bytes in 43 msecs (HTTP/1.1 200) 7 headers in 285 bytes (1 switches on core 0)
2026-05-14 18:09:41.140 7 INFO cinder.api.openstack.wsgi [None req-10c92171-9b42-40a7-9bf3-66b4c6f1a7e7 22799b3e889d4431acde6033056ab141 fb5807ef882843c7a4ab225190c68c73 - - default default] GET http://cinder-api.openstack.svc.cluster.local:8776/v3/fb5807ef882843c7a4ab225190c68c73/os-quota-sets/ba54c4a9b17a46f98be6086b250985de?usage=true
2026-05-14 18:09:41.182 7 INFO cinder.api.openstack.wsgi [None req-10c92171-9b42-40a7-9bf3-66b4c6f1a7e7 22799b3e889d4431acde6033056ab141 fb5807ef882843c7a4ab225190c68c73 - - default default] http://cinder-api.openstack.svc.cluster.local:8776/v3/fb5807ef882843c7a4ab225190c68c73/os-quota-sets/ba54c4a9b17a46f98be6086b250985de?usage=true returned with HTTP 200 [pid: 7|app: 0|req: 463/924] 10.0.0.75 () {28 vars in 735 bytes} [Thu May 14 18:09:41 2026] GET /v3/fb5807ef882843c7a4ab225190c68c73/os-quota-sets/ba54c4a9b17a46f98be6086b250985de?usage=true => generated 847 bytes in 49 msecs (HTTP/1.1 200) 7 headers in 285 bytes (1 switches on core 0)
2026-05-14 18:09:41.191 8 INFO cinder.api.openstack.wsgi [None req-451b516a-b0c2-43af-8405-15da167375c6 22799b3e889d4431acde6033056ab141 fb5807ef882843c7a4ab225190c68c73 - - default default] GET http://cinder-api.openstack.svc.cluster.local:8776/v3/fb5807ef882843c7a4ab225190c68c73/os-quota-sets/c79818311bcc44c2a0098cb0291dbc52?usage=true
2026-05-14 18:09:41.224 8 INFO cinder.api.openstack.wsgi [None req-451b516a-b0c2-43af-8405-15da167375c6 22799b3e889d4431acde6033056ab141 fb5807ef882843c7a4ab225190c68c73 - - default default] http://cinder-api.openstack.svc.cluster.local:8776/v3/fb5807ef882843c7a4ab225190c68c73/os-quota-sets/c79818311bcc44c2a0098cb0291dbc52?usage=true returned with HTTP 200 [pid: 8|app: 0|req: 462/925] 10.0.0.75 () {28 vars in 735 bytes} [Thu May 14 18:09:41 2026] GET /v3/fb5807ef882843c7a4ab225190c68c73/os-quota-sets/c79818311bcc44c2a0098cb0291dbc52?usage=true => generated 847 bytes in 40 msecs (HTTP/1.1 200) 7 headers in 285 bytes (1 switches on core 0)
2026-05-14 18:09:41.238 7 INFO cinder.api.openstack.wsgi [None req-d4e3644d-de9d-4b4f-9479-4e355faac608 22799b3e889d4431acde6033056ab141 fb5807ef882843c7a4ab225190c68c73 - - default default] GET http://cinder-api.openstack.svc.cluster.local:8776/v3/fb5807ef882843c7a4ab225190c68c73/os-quota-sets/ebf0a784c3fe48309dada64a706d91a3?usage=true
2026-05-14 18:09:41.265 7 INFO cinder.api.openstack.wsgi [None req-d4e3644d-de9d-4b4f-9479-4e355faac608 22799b3e889d4431acde6033056ab141 fb5807ef882843c7a4ab225190c68c73 - - default default] http://cinder-api.openstack.svc.cluster.local:8776/v3/fb5807ef882843c7a4ab225190c68c73/os-quota-sets/ebf0a784c3fe48309dada64a706d91a3?usage=true returned with HTTP 200 [pid: 7|app: 0|req: 464/926] 10.0.0.75 () {28 vars in 735 bytes} [Thu May 14 18:09:41 2026] GET /v3/fb5807ef882843c7a4ab225190c68c73/os-quota-sets/ebf0a784c3fe48309dada64a706d91a3?usage=true => generated 847 bytes in 36 msecs (HTTP/1.1 200) 7 headers in 285 bytes (1 switches on core 0)
2026-05-14 18:09:41.278 8 INFO cinder.api.openstack.wsgi [None req-c17ec662-3efc-4ff8-a7ce-2fe48f50d8df 22799b3e889d4431acde6033056ab141 fb5807ef882843c7a4ab225190c68c73 - - default default] GET http://cinder-api.openstack.svc.cluster.local:8776/v3/fb5807ef882843c7a4ab225190c68c73/os-quota-sets/fb5807ef882843c7a4ab225190c68c73?usage=true
2026-05-14 18:09:41.305 8 INFO cinder.api.openstack.wsgi [None req-c17ec662-3efc-4ff8-a7ce-2fe48f50d8df 22799b3e889d4431acde6033056ab141 fb5807ef882843c7a4ab225190c68c73 - - default default] http://cinder-api.openstack.svc.cluster.local:8776/v3/fb5807ef882843c7a4ab225190c68c73/os-quota-sets/fb5807ef882843c7a4ab225190c68c73?usage=true returned with HTTP 200 [pid: 8|app: 0|req: 463/927] 10.0.0.75 () {28 vars in 735 bytes} [Thu May 14 18:09:41 2026] GET /v3/fb5807ef882843c7a4ab225190c68c73/os-quota-sets/fb5807ef882843c7a4ab225190c68c73?usage=true => generated 845 bytes in 37 msecs (HTTP/1.1 200) 7 headers in 285 bytes (1 switches on core 0)
2026-05-14 18:09:41.316 7 INFO cinder.api.openstack.wsgi [None req-b1836bc7-62e0-4309-a833-efdda5c56fe1 22799b3e889d4431acde6033056ab141 fb5807ef882843c7a4ab225190c68c73 - - default default] GET http://cinder-api.openstack.svc.cluster.local:8776/v3/fb5807ef882843c7a4ab225190c68c73/snapshots?all_tenants=true
2026-05-14 18:09:41.323 7 INFO cinder.volume.api [None req-b1836bc7-62e0-4309-a833-efdda5c56fe1 22799b3e889d4431acde6033056ab141 fb5807ef882843c7a4ab225190c68c73 - - default default] Get all snapshots completed successfully.
2026-05-14 18:09:41.323 7 INFO cinder.api.openstack.wsgi [None req-b1836bc7-62e0-4309-a833-efdda5c56fe1 22799b3e889d4431acde6033056ab141 fb5807ef882843c7a4ab225190c68c73 - - default default] http://cinder-api.openstack.svc.cluster.local:8776/v3/fb5807ef882843c7a4ab225190c68c73/snapshots?all_tenants=true returned with HTTP 200 [pid: 7|app: 0|req: 465/928] 10.0.0.75 () {28 vars in 673 bytes} [Thu May 14 18:09:41 2026] GET /v3/fb5807ef882843c7a4ab225190c68c73/snapshots?all_tenants=true => generated 17 bytes in 14 msecs (HTTP/1.1 200) 7 headers in 284 bytes (1 switches on core 0)
2026-05-14 18:09:41.337 8 INFO cinder.api.openstack.wsgi [None req-02e000b4-8807-4878-95dc-94c0e8e06096 22799b3e889d4431acde6033056ab141 fb5807ef882843c7a4ab225190c68c73 - - default default] GET http://cinder-api.openstack.svc.cluster.local:8776/v3/fb5807ef882843c7a4ab225190c68c73/scheduler-stats/get_pools?detail=true
2026-05-14 18:09:41.840 8 INFO cinder.api.openstack.wsgi [None req-02e000b4-8807-4878-95dc-94c0e8e06096 22799b3e889d4431acde6033056ab141 fb5807ef882843c7a4ab225190c68c73 - - default default] http://cinder-api.openstack.svc.cluster.local:8776/v3/fb5807ef882843c7a4ab225190c68c73/scheduler-stats/get_pools?detail=true returned with HTTP 200 [pid: 8|app: 0|req: 464/929] 10.0.0.75 () {28 vars in 695 bytes} [Thu May 14 18:09:41 2026] GET /v3/fb5807ef882843c7a4ab225190c68c73/scheduler-stats/get_pools?detail=true => generated 668 bytes in 512 msecs (HTTP/1.1 200) 7 headers in 285 bytes (1 switches on core 0)
2026-05-14 18:09:50.012 8 INFO cinder.api.openstack.wsgi [None req-02e000b4-8807-4878-95dc-94c0e8e06096 22799b3e889d4431acde6033056ab141 fb5807ef882843c7a4ab225190c68c73 - - default default] GET http://10.0.0.42:8776/
2026-05-14 18:09:50.012 7 INFO cinder.api.openstack.wsgi [None req-b1836bc7-62e0-4309-a833-efdda5c56fe1 22799b3e889d4431acde6033056ab141 fb5807ef882843c7a4ab225190c68c73 - - default default] GET http://10.0.0.42:8776/
2026-05-14 18:09:50.013 8 INFO cinder.api.openstack.wsgi [None req-02e000b4-8807-4878-95dc-94c0e8e06096 22799b3e889d4431acde6033056ab141 fb5807ef882843c7a4ab225190c68c73 - - default default] http://10.0.0.42:8776/ returned with HTTP 300
2026-05-14 18:09:50.014 7 INFO cinder.api.openstack.wsgi [None req-b1836bc7-62e0-4309-a833-efdda5c56fe1 22799b3e889d4431acde6033056ab141 fb5807ef882843c7a4ab225190c68c73 - - default default] http://10.0.0.42:8776/ returned with HTTP 300
2026-05-14 18:10:00.013 7 INFO cinder.api.openstack.wsgi [None req-b1836bc7-62e0-4309-a833-efdda5c56fe1 22799b3e889d4431acde6033056ab141 fb5807ef882843c7a4ab225190c68c73 - - default default] GET http://10.0.0.42:8776/
2026-05-14 18:10:00.013 8 INFO cinder.api.openstack.wsgi [None req-02e000b4-8807-4878-95dc-94c0e8e06096 22799b3e889d4431acde6033056ab141 fb5807ef882843c7a4ab225190c68c73 - - default default] GET http://10.0.0.42:8776/
2026-05-14 18:10:00.014 7 INFO cinder.api.openstack.wsgi [None req-b1836bc7-62e0-4309-a833-efdda5c56fe1 22799b3e889d4431acde6033056ab141 fb5807ef882843c7a4ab225190c68c73 - - default default] http://10.0.0.42:8776/ returned with HTTP 300
2026-05-14 18:10:00.015 8 INFO cinder.api.openstack.wsgi [None req-02e000b4-8807-4878-95dc-94c0e8e06096 22799b3e889d4431acde6033056ab141 fb5807ef882843c7a4ab225190c68c73 - - default default] http://10.0.0.42:8776/ returned with HTTP 300
2026-05-14 18:10:10.011 8 INFO cinder.api.openstack.wsgi [None req-02e000b4-8807-4878-95dc-94c0e8e06096 22799b3e889d4431acde6033056ab141 fb5807ef882843c7a4ab225190c68c73 - - default default] GET http://10.0.0.42:8776/
2026-05-14 18:10:10.011 7 INFO cinder.api.openstack.wsgi [None req-b1836bc7-62e0-4309-a833-efdda5c56fe1 22799b3e889d4431acde6033056ab141 fb5807ef882843c7a4ab225190c68c73 - - default default] GET http://10.0.0.42:8776/
2026-05-14 18:10:10.012 8 INFO cinder.api.openstack.wsgi [None req-02e000b4-8807-4878-95dc-94c0e8e06096 22799b3e889d4431acde6033056ab141 fb5807ef882843c7a4ab225190c68c73 - - default default] http://10.0.0.42:8776/ returned with HTTP 300
2026-05-14 18:10:10.013 7 INFO cinder.api.openstack.wsgi [None req-b1836bc7-62e0-4309-a833-efdda5c56fe1 22799b3e889d4431acde6033056ab141 fb5807ef882843c7a4ab225190c68c73 - - default default] http://10.0.0.42:8776/ returned with HTTP 300
2026-05-14 18:10:20.013 8 INFO cinder.api.openstack.wsgi [None req-02e000b4-8807-4878-95dc-94c0e8e06096 22799b3e889d4431acde6033056ab141 fb5807ef882843c7a4ab225190c68c73 - - default default] GET http://10.0.0.42:8776/
2026-05-14 18:10:20.013 7 INFO cinder.api.openstack.wsgi [None req-b1836bc7-62e0-4309-a833-efdda5c56fe1 22799b3e889d4431acde6033056ab141 fb5807ef882843c7a4ab225190c68c73 - - default default] GET http://10.0.0.42:8776/
2026-05-14 18:10:20.013 8 INFO cinder.api.openstack.wsgi [None req-02e000b4-8807-4878-95dc-94c0e8e06096 22799b3e889d4431acde6033056ab141 fb5807ef882843c7a4ab225190c68c73 - - default default] http://10.0.0.42:8776/ returned with HTTP 300
2026-05-14 18:10:20.014 7 INFO cinder.api.openstack.wsgi [None req-b1836bc7-62e0-4309-a833-efdda5c56fe1 22799b3e889d4431acde6033056ab141 fb5807ef882843c7a4ab225190c68c73 - - default default] http://10.0.0.42:8776/ returned with HTTP 300
2026-05-14 18:10:30.011 8 INFO cinder.api.openstack.wsgi [None req-02e000b4-8807-4878-95dc-94c0e8e06096 22799b3e889d4431acde6033056ab141 fb5807ef882843c7a4ab225190c68c73 - - default default] GET http://10.0.0.42:8776/
2026-05-14 18:10:30.012 7 INFO cinder.api.openstack.wsgi [None req-b1836bc7-62e0-4309-a833-efdda5c56fe1 22799b3e889d4431acde6033056ab141 fb5807ef882843c7a4ab225190c68c73 - - default default] GET http://10.0.0.42:8776/
2026-05-14 18:10:30.012 8 INFO cinder.api.openstack.wsgi [None req-02e000b4-8807-4878-95dc-94c0e8e06096 22799b3e889d4431acde6033056ab141 fb5807ef882843c7a4ab225190c68c73 - - default default] http://10.0.0.42:8776/ returned with HTTP 300
2026-05-14 18:10:30.013 7 INFO cinder.api.openstack.wsgi [None req-b1836bc7-62e0-4309-a833-efdda5c56fe1 22799b3e889d4431acde6033056ab141 fb5807ef882843c7a4ab225190c68c73 - - default default] http://10.0.0.42:8776/ returned with HTTP 300
2026-05-14 18:10:34.798 8 INFO cinder.api.openstack.wsgi [None req-54e711ba-d907-4042-afdf-8bccc036ed0f 22799b3e889d4431acde6033056ab141 fb5807ef882843c7a4ab225190c68c73 - - default default] POST http://cinder-api.openstack.svc.cluster.local:8776/v3/fb5807ef882843c7a4ab225190c68c73/volumes
2026-05-14 18:10:34.947 8 INFO cinder.api.v3.volumes [None req-54e711ba-d907-4042-afdf-8bccc036ed0f 22799b3e889d4431acde6033056ab141 fb5807ef882843c7a4ab225190c68c73 - - default default] Create volume of 16 GB
2026-05-14 18:10:34.954 8 INFO cinder.volume.api [None req-54e711ba-d907-4042-afdf-8bccc036ed0f 22799b3e889d4431acde6033056ab141 fb5807ef882843c7a4ab225190c68c73 - - default default] Availability Zones retrieved successfully.
2026-05-14 18:10:35.189 8 INFO cinder.volume.api [None req-54e711ba-d907-4042-afdf-8bccc036ed0f 22799b3e889d4431acde6033056ab141 fb5807ef882843c7a4ab225190c68c73 - - default default] Create volume request issued successfully.
2026-05-14 18:10:35.190 8 INFO cinder.api.openstack.wsgi [None req-54e711ba-d907-4042-afdf-8bccc036ed0f 22799b3e889d4431acde6033056ab141 fb5807ef882843c7a4ab225190c68c73 - - default default] http://cinder-api.openstack.svc.cluster.local:8776/v3/fb5807ef882843c7a4ab225190c68c73/volumes returned with HTTP 202 [pid: 8|app: 0|req: 470/940] 199.204.45.233 () {34 vars in 734 bytes} [Thu May 14 18:10:34 2026] POST /v3/fb5807ef882843c7a4ab225190c68c73/volumes => generated 846 bytes in 492 msecs (HTTP/1.1 202) 7 headers in 291 bytes (1 switches on core 0)
2026-05-14 18:10:35.208 7 INFO cinder.api.openstack.wsgi [req-54e711ba-d907-4042-afdf-8bccc036ed0f req-d12878a8-f4b9-4de6-9920-977e26d9ebd2 22799b3e889d4431acde6033056ab141 fb5807ef882843c7a4ab225190c68c73 - - default default] GET http://cinder-api.openstack.svc.cluster.local:8776/v3/fb5807ef882843c7a4ab225190c68c73/volumes/edc33a7f-fd2b-4bb0-9768-13a7155ba436 /var/lib/openstack/lib/python3.12/site-packages/oslo_context/context.py:101: DeprecationWarning: Policy enforcement is depending on the value of is_admin. This key is deprecated. Please update your policy file to use the standard policy values. warnings.warn(
2026-05-14 18:10:35.245 7 INFO cinder.volume.api [req-54e711ba-d907-4042-afdf-8bccc036ed0f req-d12878a8-f4b9-4de6-9920-977e26d9ebd2 22799b3e889d4431acde6033056ab141 fb5807ef882843c7a4ab225190c68c73 - - default default] Volume info retrieved successfully.
2026-05-14 18:10:35.250 7 INFO cinder.api.openstack.wsgi [req-54e711ba-d907-4042-afdf-8bccc036ed0f req-d12878a8-f4b9-4de6-9920-977e26d9ebd2 22799b3e889d4431acde6033056ab141 fb5807ef882843c7a4ab225190c68c73 - - default default] http://cinder-api.openstack.svc.cluster.local:8776/v3/fb5807ef882843c7a4ab225190c68c73/volumes/edc33a7f-fd2b-4bb0-9768-13a7155ba436 returned with HTTP 200 [pid: 7|app: 0|req: 471/941] 199.204.45.233 () {32 vars in 825 bytes} [Thu May 14 18:10:35 2026] GET /v3/fb5807ef882843c7a4ab225190c68c73/volumes/edc33a7f-fd2b-4bb0-9768-13a7155ba436 => generated 1025 bytes in 46 msecs (HTTP/1.1 200) 7 headers in 286 bytes (1 switches on core 0)
2026-05-14 18:10:40.012 8 INFO cinder.api.openstack.wsgi [None req-54e711ba-d907-4042-afdf-8bccc036ed0f 22799b3e889d4431acde6033056ab141 fb5807ef882843c7a4ab225190c68c73 - - default default] GET http://10.0.0.42:8776/
2026-05-14 18:10:40.012 7 INFO cinder.api.openstack.wsgi [req-54e711ba-d907-4042-afdf-8bccc036ed0f req-d12878a8-f4b9-4de6-9920-977e26d9ebd2 22799b3e889d4431acde6033056ab141 fb5807ef882843c7a4ab225190c68c73 - - default default] GET http://10.0.0.42:8776/
2026-05-14 18:10:40.013 8 INFO cinder.api.openstack.wsgi [None req-54e711ba-d907-4042-afdf-8bccc036ed0f 22799b3e889d4431acde6033056ab141 fb5807ef882843c7a4ab225190c68c73 - - default default] http://10.0.0.42:8776/ returned with HTTP 300
2026-05-14 18:10:40.013 7 INFO cinder.api.openstack.wsgi [req-54e711ba-d907-4042-afdf-8bccc036ed0f req-d12878a8-f4b9-4de6-9920-977e26d9ebd2 22799b3e889d4431acde6033056ab141 fb5807ef882843c7a4ab225190c68c73 - - default default] http://10.0.0.42:8776/ returned with HTTP 300 /var/lib/openstack/lib/python3.12/site-packages/pycadf/identifier.py:70: UserWarning: Invalid uuid: cinderv3. To ensure interoperability, identifiers should be a valid uuid. warnings.warn(('Invalid uuid: %s. To ensure interoperability, '
2026-05-14 18:10:40.268 8 INFO cinder.api.openstack.wsgi [req-54e711ba-d907-4042-afdf-8bccc036ed0f req-c565980d-a3fa-4495-a10b-5bd67da67c25 22799b3e889d4431acde6033056ab141 fb5807ef882843c7a4ab225190c68c73 - - default default] GET http://cinder-api.openstack.svc.cluster.local:8776/v3/fb5807ef882843c7a4ab225190c68c73/volumes/edc33a7f-fd2b-4bb0-9768-13a7155ba436 /var/lib/openstack/lib/python3.12/site-packages/oslo_context/context.py:101: DeprecationWarning: Policy enforcement is depending on the value of is_admin. This key is deprecated. Please update your policy file to use the standard policy values. warnings.warn(
2026-05-14 18:10:40.286 8 INFO cinder.volume.api [req-54e711ba-d907-4042-afdf-8bccc036ed0f req-c565980d-a3fa-4495-a10b-5bd67da67c25 22799b3e889d4431acde6033056ab141 fb5807ef882843c7a4ab225190c68c73 - - default default] Volume info retrieved successfully.
2026-05-14 18:10:40.292 8 INFO cinder.api.openstack.wsgi [req-54e711ba-d907-4042-afdf-8bccc036ed0f req-c565980d-a3fa-4495-a10b-5bd67da67c25 22799b3e889d4431acde6033056ab141 fb5807ef882843c7a4ab225190c68c73 - - default default] http://cinder-api.openstack.svc.cluster.local:8776/v3/fb5807ef882843c7a4ab225190c68c73/volumes/edc33a7f-fd2b-4bb0-9768-13a7155ba436 returned with HTTP 200 [pid: 8|app: 0|req: 472/944] 199.204.45.233 () {32 vars in 825 bytes} [Thu May 14 18:10:40 2026] GET /v3/fb5807ef882843c7a4ab225190c68c73/volumes/edc33a7f-fd2b-4bb0-9768-13a7155ba436 => generated 1489 bytes in 31 msecs (HTTP/1.1 200) 7 headers in 286 bytes (1 switches on core 0) /var/lib/openstack/lib/python3.12/site-packages/pycadf/identifier.py:70: UserWarning: Invalid uuid: cinderv3. To ensure interoperability, identifiers should be a valid uuid. warnings.warn(('Invalid uuid: %s. To ensure interoperability, '
2026-05-14 18:10:40.331 7 INFO cinder.api.openstack.wsgi [None req-7bc1536e-9499-4cce-a020-224df7b61007 22799b3e889d4431acde6033056ab141 fb5807ef882843c7a4ab225190c68c73 - - default default] GET http://cinder-api.openstack.svc.cluster.local:8776/v3/fb5807ef882843c7a4ab225190c68c73/os-services
2026-05-14 18:10:40.338 7 INFO cinder.api.openstack.wsgi [None req-7bc1536e-9499-4cce-a020-224df7b61007 22799b3e889d4431acde6033056ab141 fb5807ef882843c7a4ab225190c68c73 - - default default] http://cinder-api.openstack.svc.cluster.local:8776/v3/fb5807ef882843c7a4ab225190c68c73/os-services returned with HTTP 200 [pid: 7|app: 0|req: 473/945] 10.0.0.75 () {28 vars in 644 bytes} [Thu May 14 18:10:40 2026] GET /v3/fb5807ef882843c7a4ab225190c68c73/os-services => generated 646 bytes in 80 msecs (HTTP/1.1 200) 7 headers in 285 bytes (1 switches on core 0) /var/lib/openstack/lib/python3.12/site-packages/pycadf/identifier.py:70: UserWarning: Invalid uuid: cinderv3. To ensure interoperability, identifiers should be a valid uuid. warnings.warn(('Invalid uuid: %s. To ensure interoperability, '
2026-05-14 18:10:40.350 8 INFO cinder.api.openstack.wsgi [None req-88bf1620-9a9c-48ac-82c4-44a37f88fcb6 22799b3e889d4431acde6033056ab141 fb5807ef882843c7a4ab225190c68c73 - - default default] GET http://cinder-api.openstack.svc.cluster.local:8776/v3/fb5807ef882843c7a4ab225190c68c73/volumes/detail?all_tenants=true
2026-05-14 18:10:40.361 8 INFO cinder.volume.api [None req-88bf1620-9a9c-48ac-82c4-44a37f88fcb6 22799b3e889d4431acde6033056ab141 fb5807ef882843c7a4ab225190c68c73 - - default default] Get all volumes completed successfully. /var/lib/openstack/lib/python3.12/site-packages/oslo_context/context.py:101: DeprecationWarning: Policy enforcement is depending on the value of is_admin. This key is deprecated. Please update your policy file to use the standard policy values. warnings.warn(
2026-05-14 18:10:40.367 8 INFO cinder.api.openstack.wsgi [None req-88bf1620-9a9c-48ac-82c4-44a37f88fcb6 22799b3e889d4431acde6033056ab141 fb5807ef882843c7a4ab225190c68c73 - - default default] http://cinder-api.openstack.svc.cluster.local:8776/v3/fb5807ef882843c7a4ab225190c68c73/volumes/detail?all_tenants=true returned with HTTP 200 [pid: 8|app: 0|req: 473/946] 10.0.0.75 () {28 vars in 683 bytes} [Thu May 14 18:10:40 2026] GET /v3/fb5807ef882843c7a4ab225190c68c73/volumes/detail?all_tenants=true => generated 1492 bytes in 24 msecs (HTTP/1.1 200) 7 headers in 286 bytes (1 switches on core 0)
2026-05-14 18:10:40.380 7 INFO cinder.api.openstack.wsgi [None req-7958543d-fbb5-44ca-8d08-3953291229ba 22799b3e889d4431acde6033056ab141 fb5807ef882843c7a4ab225190c68c73 - - default default] GET http://cinder-api.openstack.svc.cluster.local:8776/v3/fb5807ef882843c7a4ab225190c68c73/volumes/detail?all_tenants=true
2026-05-14 18:10:40.399 7 INFO cinder.volume.api [None req-7958543d-fbb5-44ca-8d08-3953291229ba 22799b3e889d4431acde6033056ab141 fb5807ef882843c7a4ab225190c68c73 - - default default] Get all volumes completed successfully. /var/lib/openstack/lib/python3.12/site-packages/oslo_context/context.py:101: DeprecationWarning: Policy enforcement is depending on the value of is_admin. This key is deprecated. Please update your policy file to use the standard policy values. warnings.warn(
2026-05-14 18:10:40.417 7 INFO cinder.api.openstack.wsgi [None req-7958543d-fbb5-44ca-8d08-3953291229ba 22799b3e889d4431acde6033056ab141 fb5807ef882843c7a4ab225190c68c73 - - default default] http://cinder-api.openstack.svc.cluster.local:8776/v3/fb5807ef882843c7a4ab225190c68c73/volumes/detail?all_tenants=true returned with HTTP 200 [pid: 7|app: 0|req: 474/947] 10.0.0.75 () {28 vars in 683 bytes} [Thu May 14 18:10:40 2026] GET /v3/fb5807ef882843c7a4ab225190c68c73/volumes/detail?all_tenants=true => generated 1492 bytes in 44 msecs (HTTP/1.1 200) 7 headers in 286 bytes (1 switches on core 0) /var/lib/openstack/lib/python3.12/site-packages/pycadf/identifier.py:70: UserWarning: Invalid uuid: cinderv3. To ensure interoperability, identifiers should be a valid uuid. warnings.warn(('Invalid uuid: %s. To ensure interoperability, '
2026-05-14 18:10:40.428 8 INFO cinder.api.openstack.wsgi [None req-c4621e41-9dec-4aec-a33d-7317aedafb5f 22799b3e889d4431acde6033056ab141 fb5807ef882843c7a4ab225190c68c73 - - default default] GET http://cinder-api.openstack.svc.cluster.local:8776/v3/fb5807ef882843c7a4ab225190c68c73/scheduler-stats/get_pools?detail=true /var/lib/openstack/lib/python3.12/site-packages/pycadf/identifier.py:70: UserWarning: Invalid uuid: cinderv3. To ensure interoperability, identifiers should be a valid uuid. warnings.warn(('Invalid uuid: %s. To ensure interoperability, '
2026-05-14 18:10:40.774 7 INFO cinder.api.openstack.wsgi [req-9953c816-c66d-4003-8784-35539cee672c req-ae96a655-a8e0-4a28-9599-a8acd31b1b13 22799b3e889d4431acde6033056ab141 fb5807ef882843c7a4ab225190c68c73 - - default default] GET http://cinder-api.openstack.svc.cluster.local:8776/v3/fb5807ef882843c7a4ab225190c68c73/volumes/edc33a7f-fd2b-4bb0-9768-13a7155ba436 /var/lib/openstack/lib/python3.12/site-packages/oslo_context/context.py:101: DeprecationWarning: Policy enforcement is depending on the value of is_admin. This key is deprecated. Please update your policy file to use the standard policy values. warnings.warn(
2026-05-14 18:10:40.792 7 INFO cinder.volume.api [req-9953c816-c66d-4003-8784-35539cee672c req-ae96a655-a8e0-4a28-9599-a8acd31b1b13 22799b3e889d4431acde6033056ab141 fb5807ef882843c7a4ab225190c68c73 - - default default] Volume info retrieved successfully.
2026-05-14 18:10:40.799 7 INFO cinder.api.openstack.wsgi [req-9953c816-c66d-4003-8784-35539cee672c req-ae96a655-a8e0-4a28-9599-a8acd31b1b13 22799b3e889d4431acde6033056ab141 fb5807ef882843c7a4ab225190c68c73 - - default default] http://cinder-api.openstack.svc.cluster.local:8776/v3/fb5807ef882843c7a4ab225190c68c73/volumes/edc33a7f-fd2b-4bb0-9768-13a7155ba436 returned with HTTP 200 [pid: 7|app: 0|req: 475/948] 10.0.0.110 () {34 vars in 1028 bytes} [Thu May 14 18:10:40 2026] GET /v3/fb5807ef882843c7a4ab225190c68c73/volumes/edc33a7f-fd2b-4bb0-9768-13a7155ba436 => generated 1489 bytes in 31 msecs (HTTP/1.1 200) 7 headers in 286 bytes (1 switches on core 0)
2026-05-14 18:10:40.932 8 INFO cinder.api.openstack.wsgi [None req-c4621e41-9dec-4aec-a33d-7317aedafb5f 22799b3e889d4431acde6033056ab141 fb5807ef882843c7a4ab225190c68c73 - - default default] http://cinder-api.openstack.svc.cluster.local:8776/v3/fb5807ef882843c7a4ab225190c68c73/scheduler-stats/get_pools?detail=true returned with HTTP 200 [pid: 8|app: 0|req: 474/949] 10.0.0.75 () {28 vars in 695 bytes} [Thu May 14 18:10:40 2026] GET /v3/fb5807ef882843c7a4ab225190c68c73/scheduler-stats/get_pools?detail=true => generated 668 bytes in 510 msecs (HTTP/1.1 200) 7 headers in 285 bytes (1 switches on core 0) /var/lib/openstack/lib/python3.12/site-packages/pycadf/identifier.py:70: UserWarning: Invalid uuid: cinderv3. To ensure interoperability, identifiers should be a valid uuid. warnings.warn(('Invalid uuid: %s. To ensure interoperability, '
2026-05-14 18:10:40.944 7 INFO cinder.api.openstack.wsgi [None req-0d38b29d-787b-4f27-940c-5dc707f700b6 22799b3e889d4431acde6033056ab141 fb5807ef882843c7a4ab225190c68c73 - - default default] GET http://cinder-api.openstack.svc.cluster.local:8776/v3/fb5807ef882843c7a4ab225190c68c73/snapshots?all_tenants=true
2026-05-14 18:10:40.952 7 INFO cinder.volume.api [None req-0d38b29d-787b-4f27-940c-5dc707f700b6 22799b3e889d4431acde6033056ab141 fb5807ef882843c7a4ab225190c68c73 - - default default] Get all snapshots completed successfully.
2026-05-14 18:10:40.952 7 INFO cinder.api.openstack.wsgi [None req-0d38b29d-787b-4f27-940c-5dc707f700b6 22799b3e889d4431acde6033056ab141 fb5807ef882843c7a4ab225190c68c73 - - default default] http://cinder-api.openstack.svc.cluster.local:8776/v3/fb5807ef882843c7a4ab225190c68c73/snapshots?all_tenants=true returned with HTTP 200 [pid: 7|app: 0|req: 476/950] 10.0.0.75 () {28 vars in 673 bytes} [Thu May 14 18:10:40 2026] GET /v3/fb5807ef882843c7a4ab225190c68c73/snapshots?all_tenants=true => generated 17 bytes in 16 msecs (HTTP/1.1 200) 7 headers in 284 bytes (1 switches on core 0)
2026-05-14 18:10:40.993 8 INFO cinder.api.openstack.wsgi [None req-3ee8b4ef-113f-4f25-8d4b-fe5aacca9c65 22799b3e889d4431acde6033056ab141 fb5807ef882843c7a4ab225190c68c73 - - default default] GET http://cinder-api.openstack.svc.cluster.local:8776/v3/fb5807ef882843c7a4ab225190c68c73/os-quota-sets/526f9a4858db4ffeb9ccfa91773749a3?usage=true
2026-05-14 18:10:41.018 8 INFO cinder.api.openstack.wsgi [None req-3ee8b4ef-113f-4f25-8d4b-fe5aacca9c65 22799b3e889d4431acde6033056ab141 fb5807ef882843c7a4ab225190c68c73 - - default default] http://cinder-api.openstack.svc.cluster.local:8776/v3/fb5807ef882843c7a4ab225190c68c73/os-quota-sets/526f9a4858db4ffeb9ccfa91773749a3?usage=true returned with HTTP 200 [pid: 8|app: 0|req: 475/951] 10.0.0.75 () {28 vars in 735 bytes} [Thu May 14 18:10:40 2026] GET /v3/fb5807ef882843c7a4ab225190c68c73/os-quota-sets/526f9a4858db4ffeb9ccfa91773749a3?usage=true => generated 847 bytes in 31 msecs (HTTP/1.1 200) 7 headers in 285 bytes (1 switches on core 0)
2026-05-14 18:10:41.028 7 INFO cinder.api.openstack.wsgi [None req-3d936fe3-25ad-4ab9-b379-2bba015150c2 22799b3e889d4431acde6033056ab141 fb5807ef882843c7a4ab225190c68c73 - - default default] GET http://cinder-api.openstack.svc.cluster.local:8776/v3/fb5807ef882843c7a4ab225190c68c73/os-quota-sets/6285eb9602484698a650f38dd5e91192?usage=true
2026-05-14 18:10:41.049 7 INFO cinder.api.openstack.wsgi [None req-3d936fe3-25ad-4ab9-b379-2bba015150c2 22799b3e889d4431acde6033056ab141 fb5807ef882843c7a4ab225190c68c73 - - default default] http://cinder-api.openstack.svc.cluster.local:8776/v3/fb5807ef882843c7a4ab225190c68c73/os-quota-sets/6285eb9602484698a650f38dd5e91192?usage=true returned with HTTP 200 [pid: 7|app: 0|req: 477/952] 10.0.0.75 () {28 vars in 735 bytes} [Thu May 14 18:10:41 2026] GET /v3/fb5807ef882843c7a4ab225190c68c73/os-quota-sets/6285eb9602484698a650f38dd5e91192?usage=true => generated 847 bytes in 28 msecs (HTTP/1.1 200) 7 headers in 285 bytes (1 switches on core 0)
2026-05-14 18:10:41.059 8 INFO cinder.api.openstack.wsgi [None req-e298c42b-d0a3-4bda-8ba0-744d2774158f 22799b3e889d4431acde6033056ab141 fb5807ef882843c7a4ab225190c68c73 - - default default] GET http://cinder-api.openstack.svc.cluster.local:8776/v3/fb5807ef882843c7a4ab225190c68c73/os-quota-sets/65b74e95ab8a4fb3906c1b39ecb0d7c5?usage=true
2026-05-14 18:10:41.083 8 INFO cinder.api.openstack.wsgi [None req-e298c42b-d0a3-4bda-8ba0-744d2774158f 22799b3e889d4431acde6033056ab141 fb5807ef882843c7a4ab225190c68c73 - - default default] http://cinder-api.openstack.svc.cluster.local:8776/v3/fb5807ef882843c7a4ab225190c68c73/os-quota-sets/65b74e95ab8a4fb3906c1b39ecb0d7c5?usage=true returned with HTTP 200 [pid: 8|app: 0|req: 476/953] 10.0.0.75 () {28 vars in 735 bytes} [Thu May 14 18:10:41 2026] GET /v3/fb5807ef882843c7a4ab225190c68c73/os-quota-sets/65b74e95ab8a4fb3906c1b39ecb0d7c5?usage=true => generated 847 bytes in 30 msecs (HTTP/1.1 200) 7 headers in 285 bytes (1 switches on core 0)
2026-05-14 18:10:41.099 7 INFO cinder.api.openstack.wsgi [None req-baad0c2b-a358-4392-b987-24b68570a40e 22799b3e889d4431acde6033056ab141 fb5807ef882843c7a4ab225190c68c73 - - default default] GET http://cinder-api.openstack.svc.cluster.local:8776/v3/fb5807ef882843c7a4ab225190c68c73/os-quota-sets/6dc83cc7492a47bd9ddde8c6c9bbba95?usage=true
2026-05-14 18:10:41.125 7 INFO cinder.api.openstack.wsgi [None req-baad0c2b-a358-4392-b987-24b68570a40e 22799b3e889d4431acde6033056ab141 fb5807ef882843c7a4ab225190c68c73 - - default default] http://cinder-api.openstack.svc.cluster.local:8776/v3/fb5807ef882843c7a4ab225190c68c73/os-quota-sets/6dc83cc7492a47bd9ddde8c6c9bbba95?usage=true returned with HTTP 200 [pid: 7|app: 0|req: 478/954] 10.0.0.75 () {28 vars in 735 bytes} [Thu May 14 18:10:41 2026] GET /v3/fb5807ef882843c7a4ab225190c68c73/os-quota-sets/6dc83cc7492a47bd9ddde8c6c9bbba95?usage=true => generated 847 bytes in 38 msecs (HTTP/1.1 200) 7 headers in 285 bytes (1 switches on core 0)
2026-05-14 18:10:41.136 8 INFO cinder.api.openstack.wsgi [None req-bf3818e8-baea-409c-8347-97fa0b38fec2 22799b3e889d4431acde6033056ab141 fb5807ef882843c7a4ab225190c68c73 - - default default] GET http://cinder-api.openstack.svc.cluster.local:8776/v3/fb5807ef882843c7a4ab225190c68c73/os-quota-sets/981935e154234e69b8a17952bb5d3a3b?usage=true
2026-05-14 18:10:41.153 8 INFO cinder.api.openstack.wsgi [None req-bf3818e8-baea-409c-8347-97fa0b38fec2 22799b3e889d4431acde6033056ab141 fb5807ef882843c7a4ab225190c68c73 - - default default] http://cinder-api.openstack.svc.cluster.local:8776/v3/fb5807ef882843c7a4ab225190c68c73/os-quota-sets/981935e154234e69b8a17952bb5d3a3b?usage=true returned with HTTP 200 [pid: 8|app: 0|req: 477/955] 10.0.0.75 () {28 vars in 735 bytes} [Thu May 14 18:10:41 2026] GET /v3/fb5807ef882843c7a4ab225190c68c73/os-quota-sets/981935e154234e69b8a17952bb5d3a3b?usage=true => generated 847 bytes in 23 msecs (HTTP/1.1 200) 7 headers in 285 bytes (1 switches on core 0)
2026-05-14 18:10:41.164 7 INFO cinder.api.openstack.wsgi [None req-bbe32394-5f0e-4f47-804c-8cf695ad37f7 22799b3e889d4431acde6033056ab141 fb5807ef882843c7a4ab225190c68c73 - - default default] GET http://cinder-api.openstack.svc.cluster.local:8776/v3/fb5807ef882843c7a4ab225190c68c73/os-quota-sets/9e74061955c64d85b224a6ed73996f13?usage=true
2026-05-14 18:10:41.187 7 INFO cinder.api.openstack.wsgi [None req-bbe32394-5f0e-4f47-804c-8cf695ad37f7 22799b3e889d4431acde6033056ab141 fb5807ef882843c7a4ab225190c68c73 - - default default] http://cinder-api.openstack.svc.cluster.local:8776/v3/fb5807ef882843c7a4ab225190c68c73/os-quota-sets/9e74061955c64d85b224a6ed73996f13?usage=true returned with HTTP 200 [pid: 7|app: 0|req: 479/956] 10.0.0.75 () {28 vars in 735 bytes} [Thu May 14 18:10:41 2026] GET /v3/fb5807ef882843c7a4ab225190c68c73/os-quota-sets/9e74061955c64d85b224a6ed73996f13?usage=true => generated 847 bytes in 31 msecs (HTTP/1.1 200) 7 headers in 285 bytes (1 switches on core 0)
2026-05-14 18:10:41.197 8 INFO cinder.api.openstack.wsgi [None req-4109d7e8-4c17-4dde-8bc2-7a9100b1853e 22799b3e889d4431acde6033056ab141 fb5807ef882843c7a4ab225190c68c73 - - default default] GET http://cinder-api.openstack.svc.cluster.local:8776/v3/fb5807ef882843c7a4ab225190c68c73/os-quota-sets/a214d6f1beee4726904bf3af1ba85471?usage=true
2026-05-14 18:10:41.215 8 INFO cinder.api.openstack.wsgi [None req-4109d7e8-4c17-4dde-8bc2-7a9100b1853e 22799b3e889d4431acde6033056ab141 fb5807ef882843c7a4ab225190c68c73 - - default default] http://cinder-api.openstack.svc.cluster.local:8776/v3/fb5807ef882843c7a4ab225190c68c73/os-quota-sets/a214d6f1beee4726904bf3af1ba85471?usage=true returned with HTTP 200 [pid: 8|app: 0|req: 478/957] 10.0.0.75 () {28 vars in 735 bytes} [Thu May 14 18:10:41 2026] GET /v3/fb5807ef882843c7a4ab225190c68c73/os-quota-sets/a214d6f1beee4726904bf3af1ba85471?usage=true => generated 847 bytes in 24 msecs (HTTP/1.1 200) 7 headers in 285 bytes (1 switches on core 0)
2026-05-14 18:10:41.226 7 INFO cinder.api.openstack.wsgi [None req-3315cfb6-d3d4-4837-89d7-42514edeb1fd 22799b3e889d4431acde6033056ab141 fb5807ef882843c7a4ab225190c68c73 - - default default] GET http://cinder-api.openstack.svc.cluster.local:8776/v3/fb5807ef882843c7a4ab225190c68c73/os-quota-sets/a7c772e4a8fb492e93f5080394cb441d?usage=true
2026-05-14 18:10:41.237 8 INFO cinder.api.openstack.wsgi [req-9953c816-c66d-4003-8784-35539cee672c req-68cc0de3-10c7-4426-80a7-b2fff49988c9 22799b3e889d4431acde6033056ab141 fb5807ef882843c7a4ab225190c68c73 - - default default] GET http://cinder-api.openstack.svc.cluster.local:8776/v3/fb5807ef882843c7a4ab225190c68c73/volumes/edc33a7f-fd2b-4bb0-9768-13a7155ba436 /var/lib/openstack/lib/python3.12/site-packages/oslo_context/context.py:101: DeprecationWarning: Policy enforcement is depending on the value of is_admin. This key is deprecated. Please update your policy file to use the standard policy values. warnings.warn(
2026-05-14 18:10:41.251 8 INFO cinder.volume.api [req-9953c816-c66d-4003-8784-35539cee672c req-68cc0de3-10c7-4426-80a7-b2fff49988c9 22799b3e889d4431acde6033056ab141 fb5807ef882843c7a4ab225190c68c73 - - default default] Volume info retrieved successfully.
2026-05-14 18:10:41.255 8 INFO cinder.api.openstack.wsgi [req-9953c816-c66d-4003-8784-35539cee672c req-68cc0de3-10c7-4426-80a7-b2fff49988c9 22799b3e889d4431acde6033056ab141 fb5807ef882843c7a4ab225190c68c73 - - default default] http://cinder-api.openstack.svc.cluster.local:8776/v3/fb5807ef882843c7a4ab225190c68c73/volumes/edc33a7f-fd2b-4bb0-9768-13a7155ba436 returned with HTTP 200 [pid: 8|app: 0|req: 479/958] 10.0.0.110 () {34 vars in 1028 bytes} [Thu May 14 18:10:41 2026] GET /v3/fb5807ef882843c7a4ab225190c68c73/volumes/edc33a7f-fd2b-4bb0-9768-13a7155ba436 => generated 1489 bytes in 26 msecs (HTTP/1.1 200) 7 headers in 286 bytes (1 switches on core 0)
2026-05-14 18:10:41.258 7 INFO cinder.api.openstack.wsgi [None req-3315cfb6-d3d4-4837-89d7-42514edeb1fd 22799b3e889d4431acde6033056ab141 fb5807ef882843c7a4ab225190c68c73 - - default default] http://cinder-api.openstack.svc.cluster.local:8776/v3/fb5807ef882843c7a4ab225190c68c73/os-quota-sets/a7c772e4a8fb492e93f5080394cb441d?usage=true returned with HTTP 200 [pid: 7|app: 0|req: 480/959] 10.0.0.75 () {28 vars in 735 bytes} [Thu May 14 18:10:41 2026] GET /v3/fb5807ef882843c7a4ab225190c68c73/os-quota-sets/a7c772e4a8fb492e93f5080394cb441d?usage=true => generated 845 bytes in 40 msecs (HTTP/1.1 200) 7 headers in 285 bytes (1 switches on core 0)
2026-05-14 18:10:41.265 8 INFO cinder.api.openstack.wsgi [req-9953c816-c66d-4003-8784-35539cee672c req-68cc0de3-10c7-4426-80a7-b2fff49988c9 22799b3e889d4431acde6033056ab141 fb5807ef882843c7a4ab225190c68c73 - - default default] GET http://cinder-api.openstack.svc.cluster.local:8776/
2026-05-14 18:10:41.265 8 INFO cinder.api.openstack.wsgi [req-9953c816-c66d-4003-8784-35539cee672c req-68cc0de3-10c7-4426-80a7-b2fff49988c9 22799b3e889d4431acde6033056ab141 fb5807ef882843c7a4ab225190c68c73 - - default default] http://cinder-api.openstack.svc.cluster.local:8776/ returned with HTTP 300 [pid: 8|app: 0|req: 480/960] 10.0.0.110 () {32 vars in 829 bytes} [Thu May 14 18:10:41 2026] GET / => generated 411 bytes in 1 msecs (HTTP/1.1 300) 5 headers in 169 bytes (1 switches on core 0) /var/lib/openstack/lib/python3.12/site-packages/pycadf/identifier.py:70: UserWarning: Invalid uuid: cinderv3. To ensure interoperability, identifiers should be a valid uuid. warnings.warn(('Invalid uuid: %s. To ensure interoperability, '
2026-05-14 18:10:41.275 8 INFO cinder.api.openstack.wsgi [req-9953c816-c66d-4003-8784-35539cee672c req-9ea2f21e-9d12-43b0-8727-abb41aebadad 22799b3e889d4431acde6033056ab141 fb5807ef882843c7a4ab225190c68c73 - - default default] POST http://cinder-api.openstack.svc.cluster.local:8776/v3/fb5807ef882843c7a4ab225190c68c73/attachments
2026-05-14 18:10:41.275 7 INFO cinder.api.openstack.wsgi [None req-f9d26287-4675-4d31-a5ad-d5604ca213a5 22799b3e889d4431acde6033056ab141 fb5807ef882843c7a4ab225190c68c73 - - default default] GET http://cinder-api.openstack.svc.cluster.local:8776/v3/fb5807ef882843c7a4ab225190c68c73/os-quota-sets/ba54c4a9b17a46f98be6086b250985de?usage=true /var/lib/openstack/lib/python3.12/site-packages/oslo_context/context.py:101: DeprecationWarning: Policy enforcement is depending on the value of is_admin. This key is deprecated. Please update your policy file to use the standard policy values. warnings.warn(
2026-05-14 18:10:41.303 7 INFO cinder.api.openstack.wsgi [None req-f9d26287-4675-4d31-a5ad-d5604ca213a5 22799b3e889d4431acde6033056ab141 fb5807ef882843c7a4ab225190c68c73 - - default default] http://cinder-api.openstack.svc.cluster.local:8776/v3/fb5807ef882843c7a4ab225190c68c73/os-quota-sets/ba54c4a9b17a46f98be6086b250985de?usage=true returned with HTTP 200 [pid: 7|app: 0|req: 481/961] 10.0.0.75 () {28 vars in 735 bytes} [Thu May 14 18:10:41 2026] GET /v3/fb5807ef882843c7a4ab225190c68c73/os-quota-sets/ba54c4a9b17a46f98be6086b250985de?usage=true => generated 847 bytes in 39 msecs (HTTP/1.1 200) 7 headers in 285 bytes (1 switches on core 0)
2026-05-14 18:10:41.314 7 INFO cinder.api.openstack.wsgi [None req-5e78242d-d992-485a-a4f1-f01dcf1334bd 22799b3e889d4431acde6033056ab141 fb5807ef882843c7a4ab225190c68c73 - - default default] GET http://cinder-api.openstack.svc.cluster.local:8776/v3/fb5807ef882843c7a4ab225190c68c73/os-quota-sets/c79818311bcc44c2a0098cb0291dbc52?usage=true
