2026-05-14 18:07:38.466 7 INFO neutron.db.segments_db [None req-704a017b-0bfe-4eeb-92bf-3fdb3525a31d f8d0bc63930e41c897619377da7ed719 b105584a90e642ebafcb2b88aee1d03f - - default default] Added segment dc08e4e1-6d23-4242-8b36-dafcbf0c68d6 of type geneve for network c2af3a10-3c13-4552-8794-00e502534217 [pid: 8|app: 0|req: 915/1723] 10.0.0.99 () {32 vars in 671 bytes} [Thu May 14 18:07:38 2026] GET /v2.0/security-group-rules => generated 3560 bytes in 110 msecs (HTTP/1.1 200) 4 headers in 158 bytes (1 switches on core 0) [pid: 8|app: 0|req: 916/1724] 10.0.0.99 () {32 vars in 715 bytes} [Thu May 14 18:07:38 2026] GET /v2.0/ports/beb72ca9-c39a-4c83-a0fd-cbea565441f9 => generated 953 bytes in 35 msecs (HTTP/1.1 200) 4 headers in 157 bytes (1 switches on core 0)
2026-05-14 18:07:38.586 7 INFO neutron.db.ovn_revision_numbers_db [None req-704a017b-0bfe-4eeb-92bf-3fdb3525a31d f8d0bc63930e41c897619377da7ed719 b105584a90e642ebafcb2b88aee1d03f - - default default] Successfully bumped revision number for resource c2af3a10-3c13-4552-8794-00e502534217 (type: networks) to 1 [pid: 8|app: 0|req: 917/1725] 10.0.0.99 () {32 vars in 738 bytes} [Thu May 14 18:07:38 2026] DELETE /v2.0/security-groups/41a38e68-7cab-4084-b050-e0561ee7a367 => generated 0 bytes in 135 msecs (HTTP/1.1 204) 2 headers in 112 bytes (1 switches on core 0) [pid: 8|app: 0|req: 918/1726] 10.0.0.99 () {32 vars in 661 bytes} [Thu May 14 18:07:38 2026] GET /v2.0/security-groups => generated 2925 bytes in 25 msecs (HTTP/1.1 200) 4 headers in 158 bytes (1 switches on core 0) [pid: 8|app: 0|req: 919/1727] 10.0.0.99 () {32 vars in 661 bytes} [Thu May 14 18:07:38 2026] GET /v2.0/security-groups => generated 2925 bytes in 33 msecs (HTTP/1.1 200) 4 headers in 158 bytes (1 switches on core 0) [pid: 8|app: 0|req: 920/1728] 10.0.0.110 () {34 vars in 989 bytes} [Thu May 14 18:07:38 2026] GET /v2.0/ports?device_id=98971bf1-4e49-4ac2-ba77-9fa721d92959 => generated 1010 bytes in 67 msecs (HTTP/1.1 200) 4 headers in 158 bytes (1 switches on core 0)
2026-05-14 18:07:38.788 7 WARNING neutron.scheduler.dhcp_agent_scheduler [None req-704a017b-0bfe-4eeb-92bf-3fdb3525a31d f8d0bc63930e41c897619377da7ed719 b105584a90e642ebafcb2b88aee1d03f - - default default] No more DHCP agents
2026-05-14 18:07:38.790 7 WARNING neutron.api.rpc.agentnotifiers.dhcp_rpc_agent_api [None req-704a017b-0bfe-4eeb-92bf-3fdb3525a31d f8d0bc63930e41c897619377da7ed719 b105584a90e642ebafcb2b88aee1d03f - - default default] Unable to schedule network c2af3a10-3c13-4552-8794-00e502534217: no agents available; will retry on subsequent port and subnet creation events.
2026-05-14 18:07:38.848 8 INFO neutron.plugins.ml2.drivers.ovn.mech_driver.mech_driver [None req-6fac6a44-8c43-4eac-8a30-f95a9f7b1eee - - - - - -] OVN reports status down for port: 7a975d73-edd2-4525-9bc4-3df672bf9040 [pid: 8|app: 0|req: 921/1729] 10.0.0.110 () {34 vars in 1119 bytes} [Thu May 14 18:07:38 2026] GET /v2.0/security-groups?id=a3955a0a-1bc6-42ab-a50e-940786970ac5&id=4fa97a06-9ccf-460f-8589-b3da2afe9771&fields=id&fields=name => generated 206 bytes in 66 msecs (HTTP/1.1 200) 4 headers in 157 bytes (1 switches on core 0)
2026-05-14 18:07:38.885 7 INFO neutron.db.ovn_revision_numbers_db [None req-704a017b-0bfe-4eeb-92bf-3fdb3525a31d f8d0bc63930e41c897619377da7ed719 b105584a90e642ebafcb2b88aee1d03f - - default default] Successfully bumped revision number for resource 7a975d73-edd2-4525-9bc4-3df672bf9040 (type: ports) to 1 [pid: 7|app: 0|req: 809/1730] 10.0.0.99 () {34 vars in 668 bytes} [Thu May 14 18:07:38 2026] POST /v2.0/networks => generated 692 bytes in 545 msecs (HTTP/1.1 201) 4 headers in 162 bytes (1 switches on core 0)
2026-05-14 18:07:39.324 7 WARNING neutron.db.securitygroups_db [None req-3ae64c98-6761-41e3-a4de-f4033ebdfd6c 22799b3e889d4431acde6033056ab141 fb5807ef882843c7a4ab225190c68c73 - - default default] project_id key not found in filters, using tenant_id instead. This support has been deprecated and will be removed in a future release. [pid: 7|app: 0|req: 810/1731] 10.0.0.99 () {32 vars in 772 bytes} [Thu May 14 18:07:39 2026] GET /v2.0/security-groups?tenant_id=30f6a4bd941646f389e814e4d13e3834&name=default => generated 2925 bytes in 118 msecs (HTTP/1.1 200) 4 headers in 158 bytes (1 switches on core 0)
2026-05-14 18:07:39.386 8 WARNING neutron.scheduler.dhcp_agent_scheduler [None req-fd7d0a90-11ac-432e-949f-98259351f572 f8d0bc63930e41c897619377da7ed719 b105584a90e642ebafcb2b88aee1d03f - - default default] No more DHCP agents
2026-05-14 18:07:39.388 8 WARNING neutron.api.rpc.agentnotifiers.dhcp_rpc_agent_api [None req-fd7d0a90-11ac-432e-949f-98259351f572 f8d0bc63930e41c897619377da7ed719 b105584a90e642ebafcb2b88aee1d03f - - default default] Unable to schedule network 40bfc17a-82cd-467f-a5da-d74524058f52: no agents available; will retry on subsequent port and subnet creation events.
2026-05-14 18:07:39.477 7 INFO neutron.services.segments.plugin [-] Segment 95848f85-10a0-441e-95b4-8ce34366c4c5 resource provider aggregate not found
2026-05-14 18:07:39.489 7 INFO neutron.services.segments.plugin [-] Segment 95848f85-10a0-441e-95b4-8ce34366c4c5 resource provider aggregate not found
2026-05-14 18:07:39.497 8 INFO neutron.db.ovn_revision_numbers_db [None req-fd7d0a90-11ac-432e-949f-98259351f572 f8d0bc63930e41c897619377da7ed719 b105584a90e642ebafcb2b88aee1d03f - - default default] Successfully bumped revision number for resource 9ddf5574-887f-4c4d-b038-efd225f4fc71 (type: ports) to 1
2026-05-14 18:07:39.504 7 INFO neutron.services.segments.plugin [-] Segment 95848f85-10a0-441e-95b4-8ce34366c4c5 resource provider not found; error: Placement Client Error (4xx): {"errors": [{"status": 404, "title": "Not Found", "detail": "The resource could not be found.\n\n No resource provider with uuid 95848f85-10a0-441e-95b4-8ce34366c4c5 found for delete ", "request_id": "req-c7522880-fdec-4ac0-8bda-911986beeb55"}]}
2026-05-14 18:07:39.515 7 INFO neutron.services.segments.plugin [-] Segment 95848f85-10a0-441e-95b4-8ce34366c4c5 resource provider not found; error: Placement Client Error (4xx): {"errors": [{"status": 404, "title": "Not Found", "detail": "The resource could not be found.\n\n No resource provider with uuid 95848f85-10a0-441e-95b4-8ce34366c4c5 found for delete ", "request_id": "req-7a3f6fee-d021-40d3-9887-1ebdcaaf65dd"}]}
2026-05-14 18:07:39.518 7 WARNING neutron.plugins.ml2.drivers.ovn.mech_driver.ovsdb.ovn_client [None req-32374f52-b9f0-4f5d-bbe1-5d76b914bb32 - - - - - -] No hosting information found for port 261995e7-6be0-4f6e-af15-014afa545f05: RuntimeError: No hosting information found for port 261995e7-6be0-4f6e-af15-014afa545f05
2026-05-14 18:07:39.543 8 WARNING neutron.scheduler.dhcp_agent_scheduler [None req-fd7d0a90-11ac-432e-949f-98259351f572 f8d0bc63930e41c897619377da7ed719 b105584a90e642ebafcb2b88aee1d03f - - default default] No more DHCP agents
2026-05-14 18:07:39.544 8 WARNING neutron.api.rpc.agentnotifiers.dhcp_rpc_agent_api [None req-fd7d0a90-11ac-432e-949f-98259351f572 f8d0bc63930e41c897619377da7ed719 b105584a90e642ebafcb2b88aee1d03f - - default default] Unable to schedule network c2af3a10-3c13-4552-8794-00e502534217: no agents available; will retry on subsequent port and subnet creation events.
2026-05-14 18:07:39.660 8 INFO neutron.db.ovn_revision_numbers_db [None req-fd7d0a90-11ac-432e-949f-98259351f572 f8d0bc63930e41c897619377da7ed719 b105584a90e642ebafcb2b88aee1d03f - - default default] Successfully bumped revision number for resource 92a6fef6-3cd1-4992-8da2-ee72d032060f (type: ports) to 1
2026-05-14 18:07:39.680 7 INFO neutron.db.ovn_revision_numbers_db [None req-32374f52-b9f0-4f5d-bbe1-5d76b914bb32 - - - - - -] Successfully bumped revision number for resource 261995e7-6be0-4f6e-af15-014afa545f05 (type: router_ports) to 2
2026-05-14 18:07:39.779 7 INFO neutron.plugins.ml2.drivers.ovn.mech_driver.mech_driver [None req-32374f52-b9f0-4f5d-bbe1-5d76b914bb32 - - - - - -] OVN reports status down for port: beb72ca9-c39a-4c83-a0fd-cbea565441f9
2026-05-14 18:07:39.789 8 INFO neutron.plugins.ml2.drivers.ovn.mech_driver.mech_driver [None req-6fac6a44-8c43-4eac-8a30-f95a9f7b1eee - - - - - -] OVN reports status down for port: 28c26d1c-18d0-43f5-8f54-689e4cfb3c56 [pid: 7|app: 0|req: 811/1732] 10.0.0.99 () {32 vars in 738 bytes} [Thu May 14 18:07:39 2026] DELETE /v2.0/security-groups/9e55d0fe-fbf0-4f3a-889c-eccd9dfc639f => generated 0 bytes in 456 msecs (HTTP/1.1 204) 2 headers in 112 bytes (1 switches on core 0) [pid: 8|app: 0|req: 922/1735] 10.0.0.99 () {34 vars in 663 bytes} [Thu May 14 18:07:38 2026] POST /v2.0/ports => generated 1505 bytes in 897 msecs (HTTP/1.1 201) 4 headers in 163 bytes (1 switches on core 0) /var/lib/openstack/lib/python3.12/site-packages/pycadf/identifier.py:70: UserWarning: Invalid uuid: neutron. To ensure interoperability, identifiers should be a valid uuid. warnings.warn(('Invalid uuid: %s. To ensure interoperability, '
2026-05-14 18:07:39.954 7 WARNING neutron.plugins.ml2.drivers.ovn.mech_driver.ovsdb.ovn_client [None req-32374f52-b9f0-4f5d-bbe1-5d76b914bb32 - - - - - -] Logical_Switch_Port beb72ca9-c39a-4c83-a0fd-cbea565441f9 host information not removed, the port state is up
2026-05-14 18:07:39.955 7 INFO neutron.plugins.ml2.drivers.ovn.mech_driver.mech_driver [None req-32374f52-b9f0-4f5d-bbe1-5d76b914bb32 - - - - - -] OVN reports status up for port: beb72ca9-c39a-4c83-a0fd-cbea565441f9
2026-05-14 18:07:39.989 7 INFO neutron.plugins.ml2.plugin [None req-32374f52-b9f0-4f5d-bbe1-5d76b914bb32 - - - - - -] Attempt 1 to provision port beb72ca9-c39a-4c83-a0fd-cbea565441f9 [pid: 8|app: 0|req: 923/1736] 10.0.0.99 () {32 vars in 641 bytes} [Thu May 14 18:07:39 2026] GET /v2.0/ports => generated 3017 bytes in 174 msecs (HTTP/1.1 200) 4 headers in 158 bytes (1 switches on core 0)
2026-05-14 18:07:40.005 8 INFO neutron.notifiers.nova [-] Nova event matching ['req-a0259073-f6f6-4af4-81b4-355cdea6e56e'] response: {'server_uuid': '98971bf1-4e49-4ac2-ba77-9fa721d92959', 'name': 'network-vif-unplugged', 'status': 'completed', 'tag': '28c26d1c-18d0-43f5-8f54-689e4cfb3c56', 'code': 200} [pid: 7|app: 0|req: 814/1737] 10.0.0.99 () {32 vars in 715 bytes} [Thu May 14 18:07:39 2026] GET /v2.0/ports/beb72ca9-c39a-4c83-a0fd-cbea565441f9 => generated 953 bytes in 191 msecs (HTTP/1.1 200) 4 headers in 157 bytes (1 switches on core 0) [pid: 8|app: 0|req: 924/1738] 10.0.0.110 () {34 vars in 989 bytes} [Thu May 14 18:07:40 2026] GET /v2.0/ports?device_id=98971bf1-4e49-4ac2-ba77-9fa721d92959 => generated 1008 bytes in 80 msecs (HTTP/1.1 200) 4 headers in 158 bytes (1 switches on core 0) [pid: 8|app: 0|req: 925/1739] 10.0.0.110 () {34 vars in 1119 bytes} [Thu May 14 18:07:40 2026] GET /v2.0/security-groups?id=a3955a0a-1bc6-42ab-a50e-940786970ac5&id=4fa97a06-9ccf-460f-8589-b3da2afe9771&fields=id&fields=name => generated 206 bytes in 71 msecs (HTTP/1.1 200) 4 headers in 157 bytes (1 switches on core 0)
2026-05-14 18:07:40.250 8 INFO neutron.db.ovn_revision_numbers_db [None req-6fac6a44-8c43-4eac-8a30-f95a9f7b1eee - - - - - -] Successfully bumped revision number for resource 28c26d1c-18d0-43f5-8f54-689e4cfb3c56 (type: ports) to 6
2026-05-14 18:07:40.372 7 INFO neutron_taas.services.taas.taas_plugin [None req-fc2f89d6-198c-4c8c-95f4-be0a52d3ce4f f8d0bc63930e41c897619377da7ed719 b105584a90e642ebafcb2b88aee1d03f - - default default] TaaS: Handle Delete Port: 9ddf5574-887f-4c4d-b038-efd225f4fc71
2026-05-14 18:07:40.382 7 INFO neutron_taas.services.taas.tap_mirror_plugin [None req-fc2f89d6-198c-4c8c-95f4-be0a52d3ce4f f8d0bc63930e41c897619377da7ed719 b105584a90e642ebafcb2b88aee1d03f - - default default] Tap Mirror: Handle Delete Port: 9ddf5574-887f-4c4d-b038-efd225f4fc71 /var/lib/openstack/lib/python3.12/site-packages/pycadf/identifier.py:70: UserWarning: Invalid uuid: neutron. To ensure interoperability, identifiers should be a valid uuid. warnings.warn(('Invalid uuid: %s. To ensure interoperability, ' [pid: 8|app: 0|req: 926/1740] 10.0.0.75 () {28 vars in 581 bytes} [Thu May 14 18:07:40 2026] GET /v2.0/subnets => generated 3979 bytes in 162 msecs (HTTP/1.1 200) 4 headers in 158 bytes (1 switches on core 0) [pid: 8|app: 0|req: 927/1741] 10.0.0.75 () {28 vars in 589 bytes} [Thu May 14 18:07:40 2026] GET /v2.0/subnetpools => generated 19 bytes in 10 msecs (HTTP/1.1 200) 4 headers in 156 bytes (1 switches on core 0) [pid: 8|app: 0|req: 928/1742] 10.0.0.75 () {28 vars in 581 bytes} [Thu May 14 18:07:40 2026] GET /v2.0/subnets => generated 3979 bytes in 40 msecs (HTTP/1.1 200) 4 headers in 158 bytes (1 switches on core 0) [pid: 7|app: 0|req: 815/1743] 10.0.0.99 () {32 vars in 718 bytes} [Thu May 14 18:07:40 2026] DELETE /v2.0/ports/9ddf5574-887f-4c4d-b038-efd225f4fc71 => generated 0 bytes in 614 msecs (HTTP/1.1 204) 3 headers in 131 bytes (1 switches on core 0) [pid: 7|app: 0|req: 816/1744] 10.0.0.75 () {28 vars in 617 bytes} [Thu May 14 18:07:40 2026] GET /v2.0/network-ip-availabilities => generated 5944 bytes in 56 msecs (HTTP/1.1 200) 4 headers in 158 bytes (1 switches on core 0)
2026-05-14 18:07:40.750 8 INFO neutron_taas.services.taas.taas_plugin [None req-a95d4144-e180-42d5-b140-8789d515e9a2 f8d0bc63930e41c897619377da7ed719 b105584a90e642ebafcb2b88aee1d03f - - default default] TaaS: Handle Delete Port: 92a6fef6-3cd1-4992-8da2-ee72d032060f
2026-05-14 18:07:40.757 8 INFO neutron_taas.services.taas.tap_mirror_plugin [None req-a95d4144-e180-42d5-b140-8789d515e9a2 f8d0bc63930e41c897619377da7ed719 b105584a90e642ebafcb2b88aee1d03f - - default default] Tap Mirror: Handle Delete Port: 92a6fef6-3cd1-4992-8da2-ee72d032060f [pid: 7|app: 0|req: 817/1745] 10.0.0.75 () {28 vars in 597 bytes} [Thu May 14 18:07:40 2026] GET /v2.0/security-groups => generated 37223 bytes in 123 msecs (HTTP/1.1 200) 4 headers in 159 bytes (1 switches on core 0)
2026-05-14 18:07:40.820 7 INFO neutron.db.ovn_revision_numbers_db [None req-32374f52-b9f0-4f5d-bbe1-5d76b914bb32 - - - - - -] Successfully bumped revision number for resource beb72ca9-c39a-4c83-a0fd-cbea565441f9 (type: ports) to 2 [pid: 8|app: 0|req: 929/1746] 10.0.0.99 () {32 vars in 718 bytes} [Thu May 14 18:07:40 2026] DELETE /v2.0/ports/92a6fef6-3cd1-4992-8da2-ee72d032060f => generated 0 bytes in 251 msecs (HTTP/1.1 204) 3 headers in 131 bytes (1 switches on core 0) [pid: 8|app: 0|req: 930/1747] 10.0.0.99 () {32 vars in 641 bytes} [Thu May 14 18:07:40 2026] GET /v2.0/ports => generated 1523 bytes in 48 msecs (HTTP/1.1 200) 4 headers in 158 bytes (1 switches on core 0) [pid: 7|app: 0|req: 818/1748] 10.0.0.75 () {28 vars in 581 bytes} [Thu May 14 18:07:40 2026] GET /v2.0/routers => generated 2613 bytes in 139 msecs (HTTP/1.1 200) 4 headers in 158 bytes (1 switches on core 0) [pid: 7|app: 0|req: 819/1749] 10.0.0.75 () {28 vars in 622 bytes} [Thu May 14 18:07:40 2026] GET /v2.0/agents?binary=ovn-controller => generated 416 bytes in 66 msecs (HTTP/1.1 200) 4 headers in 157 bytes (1 switches on core 0)
2026-05-14 18:07:41.030 8 INFO neutron.db.segments_db [None req-543df976-76cb-4eab-92ee-c9157290c775 f8d0bc63930e41c897619377da7ed719 b105584a90e642ebafcb2b88aee1d03f - - default default] Added segment 5518fe51-f7db-4a2f-921f-3f40810d64d1 of type geneve for network c721d48d-eba3-48c5-a2f4-3f3ced9cc2e1 [pid: 7|app: 0|req: 820/1750] 199.204.45.233 () {34 vars in 993 bytes} [Thu May 14 18:07:41 2026] GET /v2.0/ports?device_id=98971bf1-4e49-4ac2-ba77-9fa721d92959 => generated 1008 bytes in 83 msecs (HTTP/1.1 200) 4 headers in 158 bytes (1 switches on core 0) [pid: 7|app: 0|req: 821/1751] 10.0.0.99 () {32 vars in 715 bytes} [Thu May 14 18:07:41 2026] GET /v2.0/ports/beb72ca9-c39a-4c83-a0fd-cbea565441f9 => generated 955 bytes in 44 msecs (HTTP/1.1 200) 4 headers in 157 bytes (1 switches on core 0)
2026-05-14 18:07:41.159 8 INFO neutron.db.ovn_revision_numbers_db [None req-543df976-76cb-4eab-92ee-c9157290c775 f8d0bc63930e41c897619377da7ed719 b105584a90e642ebafcb2b88aee1d03f - - default default] Successfully bumped revision number for resource c721d48d-eba3-48c5-a2f4-3f3ced9cc2e1 (type: networks) to 1 [pid: 7|app: 0|req: 822/1752] 10.0.0.75 () {28 vars in 577 bytes} [Thu May 14 18:07:41 2026] GET /v2.0/ports => generated 19599 bytes in 97 msecs (HTTP/1.1 200) 4 headers in 159 bytes (1 switches on core 0)
2026-05-14 18:07:41.318 8 WARNING neutron.scheduler.dhcp_agent_scheduler [None req-543df976-76cb-4eab-92ee-c9157290c775 f8d0bc63930e41c897619377da7ed719 b105584a90e642ebafcb2b88aee1d03f - - default default] No more DHCP agents
2026-05-14 18:07:41.320 8 WARNING neutron.api.rpc.agentnotifiers.dhcp_rpc_agent_api [None req-543df976-76cb-4eab-92ee-c9157290c775 f8d0bc63930e41c897619377da7ed719 b105584a90e642ebafcb2b88aee1d03f - - default default] Unable to schedule network c721d48d-eba3-48c5-a2f4-3f3ced9cc2e1: no agents available; will retry on subsequent port and subnet creation events.
2026-05-14 18:07:41.374 8 INFO neutron.plugins.ml2.drivers.ovn.mech_driver.mech_driver [None req-b8e8bcf4-550c-4569-93aa-e6eaf9e9bc04 - - - - - -] OVN reports status down for port: efcddc8b-0884-46f8-b152-11d172c269dc
2026-05-14 18:07:41.405 7 INFO neutron_taas.services.taas.taas_plugin [req-5ba21e4f-e2b6-402a-80fb-957b8fc97c74 req-687dc6dc-505c-4864-addf-0fec06eb92e5 544da1cbaa1e4552abbcbd2c8bbf1a25 1d22e09d28ca430583720337307558a1 - - default default] TaaS: Handle Delete Port: 28c26d1c-18d0-43f5-8f54-689e4cfb3c56
2026-05-14 18:07:41.409 7 INFO neutron_taas.services.taas.tap_mirror_plugin [req-5ba21e4f-e2b6-402a-80fb-957b8fc97c74 req-687dc6dc-505c-4864-addf-0fec06eb92e5 544da1cbaa1e4552abbcbd2c8bbf1a25 1d22e09d28ca430583720337307558a1 - - default default] Tap Mirror: Handle Delete Port: 28c26d1c-18d0-43f5-8f54-689e4cfb3c56
2026-05-14 18:07:41.438 8 INFO neutron.db.ovn_revision_numbers_db [None req-543df976-76cb-4eab-92ee-c9157290c775 f8d0bc63930e41c897619377da7ed719 b105584a90e642ebafcb2b88aee1d03f - - default default] Successfully bumped revision number for resource efcddc8b-0884-46f8-b152-11d172c269dc (type: ports) to 1 [pid: 8|app: 0|req: 931/1753] 10.0.0.99 () {34 vars in 668 bytes} [Thu May 14 18:07:40 2026] POST /v2.0/networks => generated 692 bytes in 548 msecs (HTTP/1.1 201) 4 headers in 162 bytes (1 switches on core 0)
2026-05-14 18:07:41.600 7 INFO neutron.db.l3_db [req-5ba21e4f-e2b6-402a-80fb-957b8fc97c74 req-687dc6dc-505c-4864-addf-0fec06eb92e5 544da1cbaa1e4552abbcbd2c8bbf1a25 1d22e09d28ca430583720337307558a1 - - default default] Floating IP e4c73c76-f24f-4464-8448-2b05a3554283 disassociated. External IP: 10.96.250.202, port: 28c26d1c-18d0-43f5-8f54-689e4cfb3c56. [pid: 7|app: 0|req: 823/1754] 199.204.45.233 () {36 vars in 996 bytes} [Thu May 14 18:07:41 2026] DELETE /v2.0/ports/28c26d1c-18d0-43f5-8f54-689e4cfb3c56 => generated 0 bytes in 489 msecs (HTTP/1.1 204) 3 headers in 131 bytes (1 switches on core 0) [pid: 7|app: 0|req: 824/1755] 10.0.0.110 () {34 vars in 989 bytes} [Thu May 14 18:07:41 2026] GET /v2.0/ports?device_id=98971bf1-4e49-4ac2-ba77-9fa721d92959 => generated 12 bytes in 27 msecs (HTTP/1.1 200) 4 headers in 156 bytes (1 switches on core 0)
2026-05-14 18:07:41.779 7 INFO neutron.notifiers.nova [-] Nova event matching ['req-bfd327e4-18a0-4f76-b530-de66eccaa7a3'] response: {'server_uuid': '98971bf1-4e49-4ac2-ba77-9fa721d92959', 'name': 'network-vif-deleted', 'tag': '28c26d1c-18d0-43f5-8f54-689e4cfb3c56', 'status': 'completed', 'code': 200}
2026-05-14 18:07:41.793 8 INFO neutron_taas.services.taas.taas_plugin [None req-01ebf3fa-fb0a-4fc6-af3e-df65129b6e32 09949a13aaf5491ab6b5b8e7c07960a5 25626702da004b89a3725f10b9b6e5bf - - default default] TaaS: Handle Delete Port: beb72ca9-c39a-4c83-a0fd-cbea565441f9 [pid: 7|app: 0|req: 825/1756] 10.0.0.75 () {28 vars in 579 bytes} [Thu May 14 18:07:41 2026] GET /v2.0/agents => generated 1214 bytes in 25 msecs (HTTP/1.1 200) 4 headers in 158 bytes (1 switches on core 0)
2026-05-14 18:07:41.802 8 INFO neutron_taas.services.taas.tap_mirror_plugin [None req-01ebf3fa-fb0a-4fc6-af3e-df65129b6e32 09949a13aaf5491ab6b5b8e7c07960a5 25626702da004b89a3725f10b9b6e5bf - - default default] Tap Mirror: Handle Delete Port: beb72ca9-c39a-4c83-a0fd-cbea565441f9
2026-05-14 18:07:41.898 7 INFO neutron.db.segments_db [None req-f8c75758-7334-4280-85d0-8ca5e7f32458 f8d0bc63930e41c897619377da7ed719 b105584a90e642ebafcb2b88aee1d03f - - default default] Added segment 3a2b5042-f940-4f1e-9633-057297bbef09 of type geneve for network effd1068-92c7-4e2b-806a-d0a7b39a6c5b
2026-05-14 18:07:42.019 7 INFO neutron.db.ovn_revision_numbers_db [None req-f8c75758-7334-4280-85d0-8ca5e7f32458 f8d0bc63930e41c897619377da7ed719 b105584a90e642ebafcb2b88aee1d03f - - default default] Successfully bumped revision number for resource effd1068-92c7-4e2b-806a-d0a7b39a6c5b (type: networks) to 1
2026-05-14 18:07:42.051 8 INFO neutron.notifiers.nova [-] Nova event matching ['req-a462284a-ffe4-43d4-92bf-444260fc6135'] response: {'server_uuid': '98971bf1-4e49-4ac2-ba77-9fa721d92959', 'name': 'network-vif-unplugged', 'status': 'completed', 'tag': '28c26d1c-18d0-43f5-8f54-689e4cfb3c56', 'code': 200} [pid: 8|app: 0|req: 932/1757] 10.0.0.99 () {34 vars in 787 bytes} [Thu May 14 18:07:41 2026] PUT /v2.0/routers/9b4f4dba-580e-41d9-8160-4462e31abe6b/remove_router_interface => generated 310 bytes in 662 msecs (HTTP/1.1 200) 4 headers in 157 bytes (1 switches on core 0)
2026-05-14 18:07:42.175 7 WARNING neutron.scheduler.dhcp_agent_scheduler [None req-f8c75758-7334-4280-85d0-8ca5e7f32458 f8d0bc63930e41c897619377da7ed719 b105584a90e642ebafcb2b88aee1d03f - - default default] No more DHCP agents
2026-05-14 18:07:42.177 7 WARNING neutron.api.rpc.agentnotifiers.dhcp_rpc_agent_api [None req-f8c75758-7334-4280-85d0-8ca5e7f32458 f8d0bc63930e41c897619377da7ed719 b105584a90e642ebafcb2b88aee1d03f - - default default] Unable to schedule network effd1068-92c7-4e2b-806a-d0a7b39a6c5b: no agents available; will retry on subsequent port and subnet creation events. /var/lib/openstack/lib/python3.12/site-packages/pycadf/identifier.py:70: UserWarning: Invalid uuid: neutron. To ensure interoperability, identifiers should be a valid uuid. warnings.warn(('Invalid uuid: %s. To ensure interoperability, '
2026-05-14 18:07:42.270 7 INFO neutron.db.ovn_revision_numbers_db [None req-f8c75758-7334-4280-85d0-8ca5e7f32458 f8d0bc63930e41c897619377da7ed719 b105584a90e642ebafcb2b88aee1d03f - - default default] Successfully bumped revision number for resource 9f7ad15d-669f-46cd-b495-d00618564eb3 (type: ports) to 1 [pid: 7|app: 0|req: 826/1758] 10.0.0.99 () {34 vars in 668 bytes} [Thu May 14 18:07:41 2026] POST /v2.0/networks => generated 691 bytes in 497 msecs (HTTP/1.1 201) 4 headers in 162 bytes (1 switches on core 0) [pid: 7|app: 0|req: 827/1759] 10.0.0.75 () {28 vars in 589 bytes} [Thu May 14 18:07:42 2026] GET /v2.0/floatingips => generated 555 bytes in 21 msecs (HTTP/1.1 200) 4 headers in 157 bytes (1 switches on core 0) [pid: 8|app: 0|req: 933/1760] 10.0.0.99 () {34 vars in 675 bytes} [Thu May 14 18:07:42 2026] POST /v2.0/subnetpools => generated 549 bytes in 176 msecs (HTTP/1.1 201) 4 headers in 162 bytes (1 switches on core 0) [pid: 7|app: 0|req: 828/1761] 10.0.0.99 () {32 vars in 715 bytes} [Thu May 14 18:07:42 2026] GET /v2.0/ports/261995e7-6be0-4f6e-af15-014afa545f05 => generated 947 bytes in 66 msecs (HTTP/1.1 200) 4 headers in 157 bytes (1 switches on core 0) [pid: 7|app: 0|req: 829/1762] 10.0.0.99 () {32 vars in 727 bytes} [Thu May 14 18:07:42 2026] GET /v2.0/subnetpools/95c7c5c4-40fc-4e98-8708-e99fd8f966ec => generated 549 bytes in 21 msecs (HTTP/1.1 200) 4 headers in 157 bytes (1 switches on core 0) [pid: 8|app: 0|req: 934/1763] 10.0.0.75 () {28 vars in 583 bytes} [Thu May 14 18:07:42 2026] GET /v2.0/networks => generated 8513 bytes in 89 msecs (HTTP/1.1 200) 4 headers in 158 bytes (1 switches on core 0) [pid: 8|app: 0|req: 935/1764] 10.0.0.99 () {34 vars in 747 bytes} [Thu May 14 18:07:42 2026] PUT /v2.0/subnetpools/95c7c5c4-40fc-4e98-8708-e99fd8f966ec => generated 501 bytes in 65 msecs (HTTP/1.1 200) 4 headers in 157 bytes (1 switches on core 0) [pid: 8|app: 0|req: 936/1765] 10.0.0.99 () {32 vars in 730 bytes} [Thu May 14 18:07:42 2026] DELETE /v2.0/subnetpools/95c7c5c4-40fc-4e98-8708-e99fd8f966ec => generated 0 bytes in 53 msecs (HTTP/1.1 204) 2 headers in 112 bytes (1 switches on core 0)
2026-05-14 18:07:42.559 8 INFO neutron.api.v2.resource [None req-f6f83df2-a552-4dde-be87-2d3c191a552e d74f842608af4419b1bbb6995550797c 4f16b5ff90f447deb589bbeda6aa9378 - - default default] show failed (client error): The resource could not be found. [pid: 8|app: 0|req: 937/1766] 10.0.0.99 () {32 vars in 727 bytes} [Thu May 14 18:07:42 2026] GET /v2.0/subnetpools/95c7c5c4-40fc-4e98-8708-e99fd8f966ec => generated 145 bytes in 15 msecs (HTTP/1.1 404) 4 headers in 164 bytes (1 switches on core 0)
2026-05-14 18:07:42.578 8 INFO neutron.api.v2.resource [None req-150c59ef-a335-40a5-9036-5c417b0f4b71 d74f842608af4419b1bbb6995550797c 4f16b5ff90f447deb589bbeda6aa9378 - - default default] delete failed (client error): The resource could not be found. [pid: 8|app: 0|req: 938/1767] 10.0.0.99 () {32 vars in 730 bytes} [Thu May 14 18:07:42 2026] DELETE /v2.0/subnetpools/95c7c5c4-40fc-4e98-8708-e99fd8f966ec => generated 145 bytes in 14 msecs (HTTP/1.1 404) 4 headers in 164 bytes (1 switches on core 0)
2026-05-14 18:07:42.746 7 INFO neutron_taas.services.taas.taas_plugin [None req-b2690f3b-4604-4e7a-8eaa-f5864ed8afb9 09949a13aaf5491ab6b5b8e7c07960a5 25626702da004b89a3725f10b9b6e5bf - - default default] TaaS: Handle Delete Port: 261995e7-6be0-4f6e-af15-014afa545f05
2026-05-14 18:07:42.750 7 INFO neutron_taas.services.taas.tap_mirror_plugin [None req-b2690f3b-4604-4e7a-8eaa-f5864ed8afb9 09949a13aaf5491ab6b5b8e7c07960a5 25626702da004b89a3725f10b9b6e5bf - - default default] Tap Mirror: Handle Delete Port: 261995e7-6be0-4f6e-af15-014afa545f05 [pid: 7|app: 0|req: 830/1768] 10.0.0.99 () {34 vars in 787 bytes} [Thu May 14 18:07:42 2026] PUT /v2.0/routers/9b4f4dba-580e-41d9-8160-4462e31abe6b/remove_router_interface => generated 310 bytes in 623 msecs (HTTP/1.1 200) 4 headers in 157 bytes (1 switches on core 0) /var/lib/openstack/lib/python3.12/site-packages/pycadf/identifier.py:70: UserWarning: Invalid uuid: neutron. To ensure interoperability, identifiers should be a valid uuid. warnings.warn(('Invalid uuid: %s. To ensure interoperability, ' [pid: 7|app: 0|req: 831/1769] 10.0.0.110 () {34 vars in 989 bytes} [Thu May 14 18:07:43 2026] GET /v2.0/ports?device_id=98971bf1-4e49-4ac2-ba77-9fa721d92959 => generated 12 bytes in 22 msecs (HTTP/1.1 200) 4 headers in 156 bytes (1 switches on core 0) [pid: 7|app: 0|req: 832/1770] 10.0.0.99 () {32 vars in 734 bytes} [Thu May 14 18:07:43 2026] GET /v2.0/ports?device_id=9b4f4dba-580e-41d9-8160-4462e31abe6b => generated 12 bytes in 22 msecs (HTTP/1.1 200) 4 headers in 156 bytes (1 switches on core 0)
2026-05-14 18:07:43.213 8 WARNING neutron.scheduler.dhcp_agent_scheduler [None req-6a002bef-286e-4a57-a821-3af8f0db106b f8d0bc63930e41c897619377da7ed719 b105584a90e642ebafcb2b88aee1d03f - - default default] No more DHCP agents
2026-05-14 18:07:43.214 8 WARNING neutron.api.rpc.agentnotifiers.dhcp_rpc_agent_api [None req-6a002bef-286e-4a57-a821-3af8f0db106b f8d0bc63930e41c897619377da7ed719 b105584a90e642ebafcb2b88aee1d03f - - default default] Unable to schedule network c721d48d-eba3-48c5-a2f4-3f3ced9cc2e1: no agents available; will retry on subsequent port and subnet creation events.
2026-05-14 18:07:43.254 8 INFO neutron.db.ovn_revision_numbers_db [None req-6a002bef-286e-4a57-a821-3af8f0db106b f8d0bc63930e41c897619377da7ed719 b105584a90e642ebafcb2b88aee1d03f - - default default] Successfully bumped revision number for resource 2038467c-e29d-4db5-ab40-aeaedb82f4fb (type: subnets) to 0 [pid: 7|app: 0|req: 833/1771] 10.0.0.99 () {32 vars in 722 bytes} [Thu May 14 18:07:43 2026] DELETE /v2.0/routers/9b4f4dba-580e-41d9-8160-4462e31abe6b => generated 0 bytes in 206 msecs (HTTP/1.1 204) 2 headers in 112 bytes (1 switches on core 0)
2026-05-14 18:07:43.303 8 WARNING neutron.scheduler.dhcp_agent_scheduler [None req-6a002bef-286e-4a57-a821-3af8f0db106b f8d0bc63930e41c897619377da7ed719 b105584a90e642ebafcb2b88aee1d03f - - default default] No more DHCP agents
2026-05-14 18:07:43.304 8 WARNING neutron.api.rpc.agentnotifiers.dhcp_rpc_agent_api [None req-6a002bef-286e-4a57-a821-3af8f0db106b f8d0bc63930e41c897619377da7ed719 b105584a90e642ebafcb2b88aee1d03f - - default default] Unable to schedule network effd1068-92c7-4e2b-806a-d0a7b39a6c5b: no agents available; will retry on subsequent port and subnet creation events.
2026-05-14 18:07:43.348 8 INFO neutron.db.ovn_revision_numbers_db [None req-6a002bef-286e-4a57-a821-3af8f0db106b f8d0bc63930e41c897619377da7ed719 b105584a90e642ebafcb2b88aee1d03f - - default default] Successfully bumped revision number for resource 5861b15d-c256-4fbb-a080-f4945463ac3c (type: subnets) to 0 [pid: 8|app: 0|req: 939/1772] 10.0.0.99 () {34 vars in 667 bytes} [Thu May 14 18:07:42 2026] POST /v2.0/subnets => generated 1324 bytes in 512 msecs (HTTP/1.1 201) 4 headers in 163 bytes (1 switches on core 0)
2026-05-14 18:07:43.424 7 WARNING neutron.db.securitygroups_db [None req-c7eaf6c0-b73f-496b-b454-0d2635473f4d 22799b3e889d4431acde6033056ab141 fb5807ef882843c7a4ab225190c68c73 - - default default] project_id key not found in filters, using tenant_id instead. This support has been deprecated and will be removed in a future release. [pid: 8|app: 0|req: 940/1773] 10.0.0.99 () {32 vars in 722 bytes} [Thu May 14 18:07:43 2026] DELETE /v2.0/subnets/cc0ca446-d0d3-429b-95f8-21044223eb3d => generated 0 bytes in 137 msecs (HTTP/1.1 204) 3 headers in 131 bytes (1 switches on core 0)
2026-05-14 18:07:43.542 7 INFO neutron.db.ovn_revision_numbers_db [None req-c7eaf6c0-b73f-496b-b454-0d2635473f4d 22799b3e889d4431acde6033056ab141 fb5807ef882843c7a4ab225190c68c73 - - default default] Successfully bumped revision number for resource 3be2775d-25a9-4416-8879-04078499bb23 (type: security_groups) to 1 [pid: 8|app: 0|req: 941/1774] 10.0.0.99 () {32 vars in 645 bytes} [Thu May 14 18:07:43 2026] GET /v2.0/subnets => generated 1960 bytes in 44 msecs (HTTP/1.1 200) 4 headers in 158 bytes (1 switches on core 0)
2026-05-14 18:07:43.557 7 INFO neutron.db.ovn_revision_numbers_db [None req-c7eaf6c0-b73f-496b-b454-0d2635473f4d 22799b3e889d4431acde6033056ab141 fb5807ef882843c7a4ab225190c68c73 - - default default] Successfully bumped revision number for resource 195e10f3-f125-44e0-8d42-a3821552017e (type: security_group_rules) to 0
2026-05-14 18:07:43.569 7 INFO neutron.db.ovn_revision_numbers_db [None req-c7eaf6c0-b73f-496b-b454-0d2635473f4d 22799b3e889d4431acde6033056ab141 fb5807ef882843c7a4ab225190c68c73 - - default default] Successfully bumped revision number for resource 7acd872c-c461-44a3-a511-94c30f912af0 (type: security_group_rules) to 0
2026-05-14 18:07:43.585 7 INFO neutron.db.ovn_revision_numbers_db [None req-c7eaf6c0-b73f-496b-b454-0d2635473f4d 22799b3e889d4431acde6033056ab141 fb5807ef882843c7a4ab225190c68c73 - - default default] Successfully bumped revision number for resource 83a1f5e1-5223-4654-bf1c-e896ccd50ef6 (type: security_group_rules) to 0
2026-05-14 18:07:43.597 7 INFO neutron.db.ovn_revision_numbers_db [None req-c7eaf6c0-b73f-496b-b454-0d2635473f4d 22799b3e889d4431acde6033056ab141 fb5807ef882843c7a4ab225190c68c73 - - default default] Successfully bumped revision number for resource a2fdab6f-299e-40f1-83d9-26a08c0ad092 (type: security_group_rules) to 0 [pid: 7|app: 0|req: 834/1775] 10.0.0.99 () {32 vars in 772 bytes} [Thu May 14 18:07:43 2026] GET /v2.0/security-groups?tenant_id=4f16b5ff90f447deb589bbeda6aa9378&name=default => generated 2925 bytes in 350 msecs (HTTP/1.1 200) 4 headers in 158 bytes (1 switches on core 0) [pid: 8|app: 0|req: 942/1776] 10.0.0.99 () {32 vars in 722 bytes} [Thu May 14 18:07:43 2026] DELETE /v2.0/subnets/ea98f9e1-e4ef-4053-97f9-42a232cb4650 => generated 0 bytes in 138 msecs (HTTP/1.1 204) 3 headers in 131 bytes (1 switches on core 0) [pid: 7|app: 0|req: 835/1777] 10.0.0.99 () {32 vars in 722 bytes} [Thu May 14 18:07:43 2026] DELETE /v2.0/subnets/2038467c-e29d-4db5-ab40-aeaedb82f4fb => generated 0 bytes in 125 msecs (HTTP/1.1 204) 3 headers in 131 bytes (1 switches on core 0) [pid: 8|app: 0|req: 943/1778] 10.0.0.99 () {32 vars in 738 bytes} [Thu May 14 18:07:43 2026] DELETE /v2.0/security-groups/3be2775d-25a9-4416-8879-04078499bb23 => generated 0 bytes in 168 msecs (HTTP/1.1 204) 2 headers in 112 bytes (1 switches on core 0)
2026-05-14 18:07:43.889 7 INFO neutron_taas.services.taas.taas_plugin [None req-29de0d2a-976b-46b5-9d02-ede8ef1e24c7 09949a13aaf5491ab6b5b8e7c07960a5 25626702da004b89a3725f10b9b6e5bf - - default default] TaaS: Handle Delete Port: 44ba65f2-dc65-4284-aad3-b097c06f7348
2026-05-14 18:07:43.892 7 INFO neutron_taas.services.taas.tap_mirror_plugin [None req-29de0d2a-976b-46b5-9d02-ede8ef1e24c7 09949a13aaf5491ab6b5b8e7c07960a5 25626702da004b89a3725f10b9b6e5bf - - default default] Tap Mirror: Handle Delete Port: 44ba65f2-dc65-4284-aad3-b097c06f7348 [pid: 8|app: 0|req: 944/1779] 10.0.0.99 () {32 vars in 722 bytes} [Thu May 14 18:07:43 2026] DELETE /v2.0/subnets/5861b15d-c256-4fbb-a080-f4945463ac3c => generated 0 bytes in 145 msecs (HTTP/1.1 204) 3 headers in 131 bytes (1 switches on core 0) [pid: 8|app: 0|req: 945/1780] 10.0.0.99 () {32 vars in 645 bytes} [Thu May 14 18:07:44 2026] GET /v2.0/subnets => generated 649 bytes in 27 msecs (HTTP/1.1 200) 4 headers in 157 bytes (1 switches on core 0)
2026-05-14 18:07:44.085 7 INFO neutron.services.segments.plugin [-] Segment a1f263b3-705a-40b9-a71c-cea9c0f66bab resource provider aggregate not found
2026-05-14 18:07:44.090 7 INFO neutron.services.segments.plugin [-] Segment a1f263b3-705a-40b9-a71c-cea9c0f66bab resource provider aggregate not found
2026-05-14 18:07:44.111 7 INFO neutron.services.segments.plugin [-] Segment a1f263b3-705a-40b9-a71c-cea9c0f66bab resource provider not found; error: Placement Client Error (4xx): {"errors": [{"status": 404, "title": "Not Found", "detail": "The resource could not be found.\n\n No resource provider with uuid a1f263b3-705a-40b9-a71c-cea9c0f66bab found for delete ", "request_id": "req-068f5f98-5caf-4def-8f0b-7688af50acf4"}]}
2026-05-14 18:07:44.112 7 INFO neutron.services.segments.plugin [-] Segment a1f263b3-705a-40b9-a71c-cea9c0f66bab resource provider not found; error: Placement Client Error (4xx): {"errors": [{"status": 404, "title": "Not Found", "detail": "The resource could not be found.\n\n No resource provider with uuid a1f263b3-705a-40b9-a71c-cea9c0f66bab found for delete ", "request_id": "req-6a93424d-78a9-4c2d-9bee-e3cca7d63f06"}]} [pid: 7|app: 0|req: 836/1781] 10.0.0.99 () {32 vars in 724 bytes} [Thu May 14 18:07:43 2026] DELETE /v2.0/networks/72ee6eed-fe6d-4387-aa36-08b65b5b927a => generated 0 bytes in 382 msecs (HTTP/1.1 204) 3 headers in 131 bytes (1 switches on core 0) [pid: 7|app: 0|req: 837/1782] 10.0.0.110 () {34 vars in 989 bytes} [Thu May 14 18:07:44 2026] GET /v2.0/ports?device_id=98971bf1-4e49-4ac2-ba77-9fa721d92959 => generated 12 bytes in 22 msecs (HTTP/1.1 200) 4 headers in 156 bytes (1 switches on core 0)
2026-05-14 18:07:44.181 8 INFO neutron_taas.services.taas.taas_plugin [None req-ed0ac60b-2eee-474e-9f18-908f1a4f4e04 f8d0bc63930e41c897619377da7ed719 b105584a90e642ebafcb2b88aee1d03f - - default default] TaaS: Handle Delete Port: 9f7ad15d-669f-46cd-b495-d00618564eb3
2026-05-14 18:07:44.185 8 INFO neutron_taas.services.taas.tap_mirror_plugin [None req-ed0ac60b-2eee-474e-9f18-908f1a4f4e04 f8d0bc63930e41c897619377da7ed719 b105584a90e642ebafcb2b88aee1d03f - - default default] Tap Mirror: Handle Delete Port: 9f7ad15d-669f-46cd-b495-d00618564eb3
2026-05-14 18:07:44.288 7 INFO neutron_taas.services.taas.taas_plugin [None req-34122e9c-a11c-4594-a9fb-5b253a50306c 09949a13aaf5491ab6b5b8e7c07960a5 25626702da004b89a3725f10b9b6e5bf - - default default] TaaS: Handle Delete Port: d8014ebc-46ef-4438-b669-fb9f82317cef
2026-05-14 18:07:44.295 7 INFO neutron_taas.services.taas.tap_mirror_plugin [None req-34122e9c-a11c-4594-a9fb-5b253a50306c 09949a13aaf5491ab6b5b8e7c07960a5 25626702da004b89a3725f10b9b6e5bf - - default default] Tap Mirror: Handle Delete Port: d8014ebc-46ef-4438-b669-fb9f82317cef
2026-05-14 18:07:44.381 8 INFO neutron.services.segments.plugin [-] Segment 3a2b5042-f940-4f1e-9633-057297bbef09 resource provider aggregate not found
2026-05-14 18:07:44.388 8 INFO neutron.services.segments.plugin [-] Segment 3a2b5042-f940-4f1e-9633-057297bbef09 resource provider aggregate not found
2026-05-14 18:07:44.409 8 INFO neutron.services.segments.plugin [-] Segment 3a2b5042-f940-4f1e-9633-057297bbef09 resource provider not found; error: Placement Client Error (4xx): {"errors": [{"status": 404, "title": "Not Found", "detail": "The resource could not be found.\n\n No resource provider with uuid 3a2b5042-f940-4f1e-9633-057297bbef09 found for delete ", "request_id": "req-e358e160-e77e-4da2-813d-57db1efbbfc3"}]}
2026-05-14 18:07:44.415 8 INFO neutron.services.segments.plugin [-] Segment 3a2b5042-f940-4f1e-9633-057297bbef09 resource provider not found; error: Placement Client Error (4xx): {"errors": [{"status": 404, "title": "Not Found", "detail": "The resource could not be found.\n\n No resource provider with uuid 3a2b5042-f940-4f1e-9633-057297bbef09 found for delete ", "request_id": "req-f0daab66-325f-4ff2-a98a-2fd8c69f9201"}]} [pid: 8|app: 0|req: 946/1783] 10.0.0.99 () {32 vars in 724 bytes} [Thu May 14 18:07:44 2026] DELETE /v2.0/networks/effd1068-92c7-4e2b-806a-d0a7b39a6c5b => generated 0 bytes in 401 msecs (HTTP/1.1 204) 3 headers in 131 bytes (1 switches on core 0) [pid: 7|app: 0|req: 838/1784] 10.0.0.99 () {32 vars in 724 bytes} [Thu May 14 18:07:44 2026] DELETE /v2.0/networks/aae7aa82-c772-465f-a2fb-ff5edddbed14 => generated 0 bytes in 357 msecs (HTTP/1.1 204) 3 headers in 131 bytes (1 switches on core 0)
2026-05-14 18:07:44.587 8 INFO neutron_taas.services.taas.taas_plugin [None req-5c258adb-6717-42ff-b0df-927a2c56f394 f8d0bc63930e41c897619377da7ed719 b105584a90e642ebafcb2b88aee1d03f - - default default] TaaS: Handle Delete Port: efcddc8b-0884-46f8-b152-11d172c269dc
2026-05-14 18:07:44.591 8 INFO neutron_taas.services.taas.tap_mirror_plugin [None req-5c258adb-6717-42ff-b0df-927a2c56f394 f8d0bc63930e41c897619377da7ed719 b105584a90e642ebafcb2b88aee1d03f - - default default] Tap Mirror: Handle Delete Port: efcddc8b-0884-46f8-b152-11d172c269dc
2026-05-14 18:07:44.632 7 INFO neutron.db.segments_db [None req-9c2c5129-f5ae-4777-961b-1d161198ca03 09949a13aaf5491ab6b5b8e7c07960a5 25626702da004b89a3725f10b9b6e5bf - - default default] Added segment 61b7afa2-167c-496a-a523-6012d9bc15f2 of type geneve for network 9cc63910-e682-4ad8-b8a1-b11e554ab288
2026-05-14 18:07:44.752 7 INFO neutron.db.ovn_revision_numbers_db [None req-9c2c5129-f5ae-4777-961b-1d161198ca03 09949a13aaf5491ab6b5b8e7c07960a5 25626702da004b89a3725f10b9b6e5bf - - default default] Successfully bumped revision number for resource 9cc63910-e682-4ad8-b8a1-b11e554ab288 (type: networks) to 1 [pid: 8|app: 0|req: 947/1785] 10.0.0.99 () {32 vars in 724 bytes} [Thu May 14 18:07:44 2026] DELETE /v2.0/networks/c721d48d-eba3-48c5-a2f4-3f3ced9cc2e1 => generated 0 bytes in 344 msecs (HTTP/1.1 204) 3 headers in 131 bytes (1 switches on core 0)
2026-05-14 18:07:44.932 8 INFO neutron_taas.services.taas.taas_plugin [None req-65ce0e87-9793-462d-b0a2-aa6bb5346dca f8d0bc63930e41c897619377da7ed719 b105584a90e642ebafcb2b88aee1d03f - - default default] TaaS: Handle Delete Port: 7a975d73-edd2-4525-9bc4-3df672bf9040
2026-05-14 18:07:44.938 8 INFO neutron_taas.services.taas.tap_mirror_plugin [None req-65ce0e87-9793-462d-b0a2-aa6bb5346dca f8d0bc63930e41c897619377da7ed719 b105584a90e642ebafcb2b88aee1d03f - - default default] Tap Mirror: Handle Delete Port: 7a975d73-edd2-4525-9bc4-3df672bf9040
2026-05-14 18:07:44.950 7 WARNING neutron.scheduler.dhcp_agent_scheduler [None req-9c2c5129-f5ae-4777-961b-1d161198ca03 09949a13aaf5491ab6b5b8e7c07960a5 25626702da004b89a3725f10b9b6e5bf - - default default] No more DHCP agents
2026-05-14 18:07:44.953 7 WARNING neutron.api.rpc.agentnotifiers.dhcp_rpc_agent_api [None req-9c2c5129-f5ae-4777-961b-1d161198ca03 09949a13aaf5491ab6b5b8e7c07960a5 25626702da004b89a3725f10b9b6e5bf - - default default] Unable to schedule network 9cc63910-e682-4ad8-b8a1-b11e554ab288: no agents available; will retry on subsequent port and subnet creation events.
2026-05-14 18:07:45.006 8 INFO neutron.plugins.ml2.drivers.ovn.mech_driver.mech_driver [None req-b8e8bcf4-550c-4569-93aa-e6eaf9e9bc04 - - - - - -] OVN reports status down for port: 7c3b58c0-f242-43f3-b8a4-6ff1e3259762
2026-05-14 18:07:45.027 7 INFO neutron.db.ovn_revision_numbers_db [None req-9c2c5129-f5ae-4777-961b-1d161198ca03 09949a13aaf5491ab6b5b8e7c07960a5 25626702da004b89a3725f10b9b6e5bf - - default default] Successfully bumped revision number for resource 7c3b58c0-f242-43f3-b8a4-6ff1e3259762 (type: ports) to 1 [pid: 7|app: 0|req: 839/1786] 10.0.0.99 () {34 vars in 668 bytes} [Thu May 14 18:07:44 2026] POST /v2.0/networks => generated 672 bytes in 525 msecs (HTTP/1.1 201) 4 headers in 162 bytes (1 switches on core 0) [pid: 8|app: 0|req: 948/1787] 10.0.0.99 () {32 vars in 724 bytes} [Thu May 14 18:07:44 2026] DELETE /v2.0/networks/c2af3a10-3c13-4552-8794-00e502534217 => generated 0 bytes in 461 msecs (HTTP/1.1 204) 3 headers in 131 bytes (1 switches on core 0)
2026-05-14 18:07:45.316 7 WARNING neutron.scheduler.dhcp_agent_scheduler [None req-09ec2517-aeaf-4ad5-9f97-ed3d86cf8850 09949a13aaf5491ab6b5b8e7c07960a5 25626702da004b89a3725f10b9b6e5bf - - default default] No more DHCP agents
2026-05-14 18:07:45.318 7 WARNING neutron.api.rpc.agentnotifiers.dhcp_rpc_agent_api [None req-09ec2517-aeaf-4ad5-9f97-ed3d86cf8850 09949a13aaf5491ab6b5b8e7c07960a5 25626702da004b89a3725f10b9b6e5bf - - default default] Unable to schedule network 9cc63910-e682-4ad8-b8a1-b11e554ab288: no agents available; will retry on subsequent port and subnet creation events.
2026-05-14 18:07:45.343 7 INFO neutron.db.ovn_revision_numbers_db [None req-09ec2517-aeaf-4ad5-9f97-ed3d86cf8850 09949a13aaf5491ab6b5b8e7c07960a5 25626702da004b89a3725f10b9b6e5bf - - default default] Successfully bumped revision number for resource eaae4097-7790-4752-8c98-e0cb32c0e023 (type: subnets) to 0 [pid: 7|app: 0|req: 840/1788] 10.0.0.99 () {34 vars in 667 bytes} [Thu May 14 18:07:45 2026] POST /v2.0/subnets => generated 646 bytes in 294 msecs (HTTP/1.1 201) 4 headers in 162 bytes (1 switches on core 0)
2026-05-14 18:07:45.395 8 INFO neutron_taas.services.taas.taas_plugin [None req-41d6f513-edb6-43d1-8633-74f0561448af f8d0bc63930e41c897619377da7ed719 b105584a90e642ebafcb2b88aee1d03f - - default default] TaaS: Handle Delete Port: 65249791-02e6-4d69-a15e-88ac2ed1773b
2026-05-14 18:07:45.401 8 INFO neutron_taas.services.taas.tap_mirror_plugin [None req-41d6f513-edb6-43d1-8633-74f0561448af f8d0bc63930e41c897619377da7ed719 b105584a90e642ebafcb2b88aee1d03f - - default default] Tap Mirror: Handle Delete Port: 65249791-02e6-4d69-a15e-88ac2ed1773b [pid: 7|app: 0|req: 841/1789] 10.0.0.99 () {32 vars in 738 bytes} [Thu May 14 18:07:45 2026] DELETE /v2.0/security-groups/4fa97a06-9ccf-460f-8589-b3da2afe9771 => generated 0 bytes in 196 msecs (HTTP/1.1 204) 2 headers in 112 bytes (1 switches on core 0) [pid: 8|app: 0|req: 949/1790] 10.0.0.99 () {32 vars in 724 bytes} [Thu May 14 18:07:45 2026] DELETE /v2.0/networks/40bfc17a-82cd-467f-a5da-d74524058f52 => generated 0 bytes in 339 msecs (HTTP/1.1 204) 3 headers in 131 bytes (1 switches on core 0)
2026-05-14 18:07:45.607 8 INFO neutron.api.v2.resource [None req-6ed2e0da-b9cc-4566-a83b-5d57104d0180 544da1cbaa1e4552abbcbd2c8bbf1a25 1d22e09d28ca430583720337307558a1 - - default default] show failed (client error): The resource could not be found. [pid: 8|app: 0|req: 950/1791] 10.0.0.99 () {32 vars in 735 bytes} [Thu May 14 18:07:45 2026] GET /v2.0/security-groups/4fa97a06-9ccf-460f-8589-b3da2afe9771 => generated 146 bytes in 12 msecs (HTTP/1.1 404) 4 headers in 164 bytes (1 switches on core 0)
2026-05-14 18:07:45.661 7 INFO neutron.db.ovn_revision_numbers_db [None req-e20d61bd-3fa1-401c-baf8-61b93ed88453 09949a13aaf5491ab6b5b8e7c07960a5 25626702da004b89a3725f10b9b6e5bf - - default default] Successfully bumped revision number for resource 5cbb7e8e-5681-4fca-9f48-8c2a91a8ede3 (type: routers) to 1 [pid: 7|app: 0|req: 842/1792] 10.0.0.99 () {34 vars in 667 bytes} [Thu May 14 18:07:45 2026] POST /v2.0/routers => generated 628 bytes in 120 msecs (HTTP/1.1 201) 4 headers in 162 bytes (1 switches on core 0)
2026-05-14 18:07:45.750 8 INFO neutron_taas.services.taas.taas_plugin [None req-94ab9e3c-5929-424f-868f-730a0aba3d15 544da1cbaa1e4552abbcbd2c8bbf1a25 1d22e09d28ca430583720337307558a1 - - default default] TaaS: Handle Delete Port: 6d1d7b3e-3a22-4afa-89f3-a280b80de363
2026-05-14 18:07:45.753 8 INFO neutron_taas.services.taas.tap_mirror_plugin [None req-94ab9e3c-5929-424f-868f-730a0aba3d15 544da1cbaa1e4552abbcbd2c8bbf1a25 1d22e09d28ca430583720337307558a1 - - default default] Tap Mirror: Handle Delete Port: 6d1d7b3e-3a22-4afa-89f3-a280b80de363 [pid: 8|app: 0|req: 951/1793] 10.0.0.99 () {32 vars in 730 bytes} [Thu May 14 18:07:45 2026] DELETE /v2.0/floatingips/e4c73c76-f24f-4464-8448-2b05a3554283 => generated 0 bytes in 306 msecs (HTTP/1.1 204) 2 headers in 112 bytes (1 switches on core 0)
2026-05-14 18:07:45.972 7 WARNING neutron.scheduler.dhcp_agent_scheduler [None req-27501022-dd98-4958-bd54-f115560846a6 09949a13aaf5491ab6b5b8e7c07960a5 25626702da004b89a3725f10b9b6e5bf - - default default] No more DHCP agents
2026-05-14 18:07:45.974 7 WARNING neutron.api.rpc.agentnotifiers.dhcp_rpc_agent_api [None req-27501022-dd98-4958-bd54-f115560846a6 09949a13aaf5491ab6b5b8e7c07960a5 25626702da004b89a3725f10b9b6e5bf - - default default] Unable to schedule network 9cc63910-e682-4ad8-b8a1-b11e554ab288: no agents available; will retry on subsequent port and subnet creation events.
2026-05-14 18:07:46.097 7 INFO neutron.db.ovn_revision_numbers_db [None req-27501022-dd98-4958-bd54-f115560846a6 09949a13aaf5491ab6b5b8e7c07960a5 25626702da004b89a3725f10b9b6e5bf - - default default] Successfully bumped revision number for resource b10c70fd-f5f3-41d6-b496-4cae8548ed5f (type: ports) to 1 [pid: 8|app: 0|req: 952/1794] 10.0.0.99 () {32 vars in 738 bytes} [Thu May 14 18:07:45 2026] DELETE /v2.0/security-groups/a3955a0a-1bc6-42ab-a50e-940786970ac5 => generated 0 bytes in 192 msecs (HTTP/1.1 204) 2 headers in 112 bytes (1 switches on core 0)
2026-05-14 18:07:46.132 7 INFO neutron.services.segments.plugin [-] Segment 7258b33c-4fce-4c7a-8083-96c2d5e193cf resource provider aggregate not found
2026-05-14 18:07:46.137 7 INFO neutron.services.segments.plugin [-] Segment 7258b33c-4fce-4c7a-8083-96c2d5e193cf resource provider aggregate not found [pid: 7|app: 0|req: 843/1795] 10.0.0.99 () {34 vars in 663 bytes} [Thu May 14 18:07:45 2026] POST /v2.0/ports => generated 964 bytes in 466 msecs (HTTP/1.1 201) 4 headers in 162 bytes (1 switches on core 0)
2026-05-14 18:07:46.152 7 INFO neutron.services.segments.plugin [-] Segment 7258b33c-4fce-4c7a-8083-96c2d5e193cf resource provider not found; error: Placement Client Error (4xx): {"errors": [{"status": 404, "title": "Not Found", "detail": "The resource could not be found.\n\n No resource provider with uuid 7258b33c-4fce-4c7a-8083-96c2d5e193cf found for delete ", "request_id": "req-0330a0ff-0abb-40b1-9b02-1a699863c592"}]}
2026-05-14 18:07:46.154 7 INFO neutron.services.segments.plugin [-] Segment 7258b33c-4fce-4c7a-8083-96c2d5e193cf resource provider not found; error: Placement Client Error (4xx): {"errors": [{"status": 404, "title": "Not Found", "detail": "The resource could not be found.\n\n No resource provider with uuid 7258b33c-4fce-4c7a-8083-96c2d5e193cf found for delete ", "request_id": "req-597352eb-81ae-4455-91d5-8c1c923569ee"}]} /var/lib/openstack/lib/python3.12/site-packages/pycadf/identifier.py:70: UserWarning: Invalid uuid: neutron. To ensure interoperability, identifiers should be a valid uuid. warnings.warn(('Invalid uuid: %s. To ensure interoperability, '
2026-05-14 18:07:46.322 8 WARNING neutron.db.securitygroups_db [None req-3b062155-83f3-46ea-abe4-38450cf22af3 22799b3e889d4431acde6033056ab141 fb5807ef882843c7a4ab225190c68c73 - - default default] project_id key not found in filters, using tenant_id instead. This support has been deprecated and will be removed in a future release. [pid: 8|app: 0|req: 953/1796] 10.0.0.99 () {32 vars in 772 bytes} [Thu May 14 18:07:46 2026] GET /v2.0/security-groups?tenant_id=b105584a90e642ebafcb2b88aee1d03f&name=default => generated 2925 bytes in 219 msecs (HTTP/1.1 200) 4 headers in 158 bytes (1 switches on core 0)
2026-05-14 18:07:46.436 8 INFO neutron.services.segments.plugin [-] Segment 5518fe51-f7db-4a2f-921f-3f40810d64d1 resource provider aggregate not found
2026-05-14 18:07:46.442 8 INFO neutron.services.segments.plugin [-] Segment 5518fe51-f7db-4a2f-921f-3f40810d64d1 resource provider aggregate not found
2026-05-14 18:07:46.456 8 INFO neutron.services.segments.plugin [-] Segment 5518fe51-f7db-4a2f-921f-3f40810d64d1 resource provider not found; error: Placement Client Error (4xx): {"errors": [{"status": 404, "title": "Not Found", "detail": "The resource could not be found.\n\n No resource provider with uuid 5518fe51-f7db-4a2f-921f-3f40810d64d1 found for delete ", "request_id": "req-d11f4272-d8b7-4697-b72d-70324c68886d"}]}
2026-05-14 18:07:46.461 7 INFO neutron_taas.services.taas.taas_plugin [None req-c968211e-9144-45cf-a831-f36e63541a23 22799b3e889d4431acde6033056ab141 fb5807ef882843c7a4ab225190c68c73 - - default default] TaaS: Handle Delete Port: 2a04153b-ce11-4e30-8eb9-b0f332947d7f
2026-05-14 18:07:46.464 7 INFO neutron_taas.services.taas.tap_mirror_plugin [None req-c968211e-9144-45cf-a831-f36e63541a23 22799b3e889d4431acde6033056ab141 fb5807ef882843c7a4ab225190c68c73 - - default default] Tap Mirror: Handle Delete Port: 2a04153b-ce11-4e30-8eb9-b0f332947d7f
