+ exec neutron-metadata-agent --config-file /etc/neutron/neutron.conf --config-file /tmp/pod-shared/neutron-agent.ini --config-file /etc/neutron/metadata_agent.ini 3 RLock(s) were not greened, to fix this error make sure you run eventlet.monkey_patch() before importing any other modules. /var/lib/openstack/lib/python3.12/site-packages/pecan/core.py:320: SyntaxWarning: invalid escape sequence '\*' ''' /var/lib/openstack/lib/python3.12/site-packages/pecan/routing.py:48: SyntaxWarning: invalid escape sequence '\(' '^[0-9a-zA-Z-_$\(\)\.~!,;:*+@=]+$', route
2026-05-27 01:17:34.836 36 INFO neutron.common.config [-] Logging enabled!
2026-05-27 01:17:34.836 36 INFO neutron.common.config [-] /var/lib/openstack/bin/neutron-metadata-agent version 25.2.4.dev2
2026-05-27 01:17:34.856 36 INFO oslo_service.service [None req-7c3b9cdc-e4d8-40c4-8e3f-1dbdf9091961 - - - - - -] Starting 2 workers
2026-05-27 01:17:34.866 45 INFO eventlet.wsgi.server [-] (45) wsgi starting up on http:/var/lib/neutron/openstack-helm/metadata_proxy
2026-05-27 01:17:34.866 44 INFO eventlet.wsgi.server [-] (44) wsgi starting up on http:/var/lib/neutron/openstack-helm/metadata_proxy
2026-05-27 01:18:51.283 45 ERROR neutron.agent.metadata.agent [-] No port found in network None with IP address 169.254.169.254
2026-05-27 01:18:51.284 45 INFO eventlet.wsgi.server [-] 169.254.169.254, "GET / HTTP/1.1" status: 404 len: 176 time: 1.0664129
2026-05-27 01:21:07.287 45 ERROR neutron.agent.metadata.agent [-] No port found in network None with IP address 169.254.169.254
2026-05-27 01:21:07.287 45 INFO eventlet.wsgi.server [-] 169.254.169.254, "GET / HTTP/1.1" status: 404 len: 176 time: 0.0056162
2026-05-27 01:24:17.271 45 ERROR neutron.agent.metadata.agent [-] No port found in network None with IP address 169.254.169.254
2026-05-27 01:24:17.272 45 INFO eventlet.wsgi.server [-] 169.254.169.254, "GET / HTTP/1.1" status: 404 len: 176 time: 0.0086052
2026-05-27 01:24:47.413 44 ERROR neutron.agent.metadata.agent [-] No port found in network None with IP address 169.254.169.254
2026-05-27 01:24:47.414 44 INFO eventlet.wsgi.server [-] 169.254.169.254, "GET / HTTP/1.1" status: 404 len: 176 time: 0.0086601
2026-05-27 01:27:27.293 44 ERROR neutron.agent.metadata.agent [-] No port found in network None with IP address 169.254.169.254
2026-05-27 01:27:27.294 44 INFO eventlet.wsgi.server [-] 169.254.169.254, "GET / HTTP/1.1" status: 404 len: 176 time: 0.0065875
2026-05-27 01:30:38.351 44 ERROR neutron.agent.metadata.agent [-] No port found in network None with IP address 169.254.169.254
2026-05-27 01:30:38.351 44 INFO eventlet.wsgi.server [-] 169.254.169.254, "GET / HTTP/1.1" status: 404 len: 176 time: 1.0588143
2026-05-27 01:33:47.349 44 ERROR neutron.agent.metadata.agent [-] No port found in network None with IP address 169.254.169.254
2026-05-27 01:33:47.350 44 INFO eventlet.wsgi.server [-] 169.254.169.254, "GET / HTTP/1.1" status: 404 len: 176 time: 0.0080955
2026-05-27 01:34:47.272 44 ERROR neutron.agent.metadata.agent [-] No port found in network None with IP address 169.254.169.254
2026-05-27 01:34:47.273 44 INFO eventlet.wsgi.server [-] 169.254.169.254, "GET / HTTP/1.1" status: 404 len: 176 time: 0.0076458
2026-05-27 01:36:57.239 44 ERROR neutron.agent.metadata.agent [-] No port found in network None with IP address 169.254.169.254
2026-05-27 01:36:57.240 44 INFO eventlet.wsgi.server [-] 169.254.169.254, "GET / HTTP/1.1" status: 404 len: 176 time: 0.0065818
2026-05-27 01:40:07.243 44 ERROR neutron.agent.metadata.agent [-] No port found in network None with IP address 169.254.169.254
2026-05-27 01:40:07.244 44 INFO eventlet.wsgi.server [-] 169.254.169.254, "GET / HTTP/1.1" status: 404 len: 176 time: 0.0080421
2026-05-27 01:43:18.294 44 ERROR neutron.agent.metadata.agent [-] No port found in network None with IP address 169.254.169.254
2026-05-27 01:43:18.295 44 INFO eventlet.wsgi.server [-] 169.254.169.254, "GET / HTTP/1.1" status: 404 len: 176 time: 1.0159607
2026-05-27 01:44:47.295 44 ERROR neutron.agent.metadata.agent [-] No port found in network None with IP address 169.254.169.254
2026-05-27 01:44:47.296 44 INFO eventlet.wsgi.server [-] 169.254.169.254, "GET / HTTP/1.1" status: 404 len: 176 time: 0.0254910
2026-05-27 01:46:27.306 44 ERROR neutron.agent.metadata.agent [-] No port found in network None with IP address 169.254.169.254
2026-05-27 01:46:27.306 44 INFO eventlet.wsgi.server [-] 169.254.169.254, "GET / HTTP/1.1" status: 404 len: 176 time: 0.0063355
2026-05-27 01:49:37.281 45 ERROR neutron.agent.metadata.agent [-] No port found in network None with IP address 169.254.169.254
2026-05-27 01:49:37.282 45 INFO eventlet.wsgi.server [-] 169.254.169.254, "GET / HTTP/1.1" status: 404 len: 176 time: 0.0046856
2026-05-27 01:50:16.392 44 INFO eventlet.wsgi.server [-] 10.100.0.5, "GET /2009-04-04/meta-data/instance-id HTTP/1.1" status: 200 len: 146 time: 1.5305614
2026-05-27 01:50:16.425 45 INFO eventlet.wsgi.server [-] 10.100.0.5, "GET /2009-04-04/meta-data/public-keys HTTP/1.1" status: 200 len: 163 time: 0.0252998
2026-05-27 01:50:16.450 44 INFO eventlet.wsgi.server [-] 10.100.0.5, "GET /2009-04-04/meta-data/public-keys/0/openssh-key HTTP/1.1" status: 200 len: 341 time: 0.0187907
2026-05-27 01:50:16.478 45 INFO eventlet.wsgi.server [-] 10.100.0.5, "GET /2009-04-04/meta-data/instance-id HTTP/1.1" status: 200 len: 146 time: 0.0204918
2026-05-27 01:50:16.496 45 INFO eventlet.wsgi.server [-] 10.100.0.5, "GET /2009-04-04/meta-data/ami-launch-index HTTP/1.1" status: 200 len: 136 time: 0.0113604
2026-05-27 01:50:16.516 45 INFO eventlet.wsgi.server [-] 10.100.0.5, "GET /2009-04-04/meta-data/instance-type HTTP/1.1" status: 200 len: 142 time: 0.0110941
2026-05-27 01:50:16.537 44 INFO eventlet.wsgi.server [-] 10.100.0.5, "GET /2009-04-04/meta-data/local-ipv4 HTTP/1.1" status: 200 len: 146 time: 0.0140626
2026-05-27 01:50:16.562 45 INFO eventlet.wsgi.server [-] 10.100.0.5, "GET /2009-04-04/meta-data/public-ipv4 HTTP/1.1" status: 200 len: 149 time: 0.0170574
2026-05-27 01:50:16.579 45 INFO eventlet.wsgi.server [-] 10.100.0.5, "GET /2009-04-04/meta-data/hostname HTTP/1.1" status: 200 len: 200 time: 0.0116656
2026-05-27 01:50:16.597 44 INFO eventlet.wsgi.server [-] 10.100.0.5, "GET /2009-04-04/meta-data/local-hostname HTTP/1.1" status: 200 len: 200 time: 0.0096383
2026-05-27 01:50:16.636 44 INFO eventlet.wsgi.server [-] 10.100.0.5, "GET /2009-04-04/user-data HTTP/1.1" status: 200 len: 231 time: 0.0108645
2026-05-27 01:50:16.652 44 INFO eventlet.wsgi.server [-] 10.100.0.5, "GET /2009-04-04/meta-data/block-device-mapping HTTP/1.1" status: 200 len: 143 time: 0.0088761
2026-05-27 01:50:16.669 44 INFO eventlet.wsgi.server [-] 10.100.0.5, "GET /2009-04-04/meta-data/block-device-mapping/ami HTTP/1.1" status: 200 len: 138 time: 0.0096309
2026-05-27 01:50:16.682 44 INFO eventlet.wsgi.server [-] 10.100.0.5, "GET /2009-04-04/meta-data/block-device-mapping/root HTTP/1.1" status: 200 len: 143 time: 0.0094128
2026-05-27 01:50:16.698 44 INFO eventlet.wsgi.server [-] 10.100.0.5, "GET /2009-04-04/meta-data/public-hostname HTTP/1.1" status: 200 len: 200 time: 0.0086062
2026-05-27 01:50:16.713 44 INFO eventlet.wsgi.server [-] 10.100.0.5, "GET /2009-04-04/meta-data/placement/availability-zone HTTP/1.1" status: 200 len: 139 time: 0.0116911
2026-05-27 01:50:18.353 45 INFO eventlet.wsgi.server [-] 10.100.0.12, "GET /2009-04-04/meta-data/instance-id HTTP/1.1" status: 200 len: 146 time: 1.4746530
2026-05-27 01:50:18.374 45 INFO eventlet.wsgi.server [-] 10.100.0.12, "GET /2009-04-04/meta-data/public-keys HTTP/1.1" status: 200 len: 163 time: 0.0088193
2026-05-27 01:50:18.390 45 INFO eventlet.wsgi.server [-] 10.100.0.12, "GET /2009-04-04/meta-data/public-keys/0/openssh-key HTTP/1.1" status: 200 len: 341 time: 0.0090349
2026-05-27 01:50:18.417 45 INFO eventlet.wsgi.server [-] 10.100.0.12, "GET /2009-04-04/meta-data/instance-id HTTP/1.1" status: 200 len: 146 time: 0.0108294
2026-05-27 01:50:18.439 45 INFO eventlet.wsgi.server [-] 10.100.0.12, "GET /2009-04-04/meta-data/ami-launch-index HTTP/1.1" status: 200 len: 136 time: 0.0156024
2026-05-27 01:50:18.464 45 INFO eventlet.wsgi.server [-] 10.100.0.12, "GET /2009-04-04/meta-data/instance-type HTTP/1.1" status: 200 len: 142 time: 0.0148909
2026-05-27 01:50:18.481 45 INFO eventlet.wsgi.server [-] 10.100.0.12, "GET /2009-04-04/meta-data/local-ipv4 HTTP/1.1" status: 200 len: 147 time: 0.0106564
2026-05-27 01:50:18.502 44 INFO eventlet.wsgi.server [-] 10.100.0.12, "GET /2009-04-04/meta-data/public-ipv4 HTTP/1.1" status: 200 len: 149 time: 0.0138605
2026-05-27 01:50:18.526 44 INFO eventlet.wsgi.server [-] 10.100.0.12, "GET /2009-04-04/meta-data/hostname HTTP/1.1" status: 200 len: 193 time: 0.0194397
2026-05-27 01:50:18.547 44 INFO eventlet.wsgi.server [-] 10.100.0.12, "GET /2009-04-04/meta-data/local-hostname HTTP/1.1" status: 200 len: 193 time: 0.0135417
2026-05-27 01:50:18.601 45 INFO eventlet.wsgi.server [-] 10.100.0.12, "GET /2009-04-04/user-data HTTP/1.1" status: 200 len: 231 time: 0.0110056
2026-05-27 01:50:18.616 45 INFO eventlet.wsgi.server [-] 10.100.0.12, "GET /2009-04-04/meta-data/block-device-mapping HTTP/1.1" status: 200 len: 143 time: 0.0105963
2026-05-27 01:50:18.629 45 INFO eventlet.wsgi.server [-] 10.100.0.12, "GET /2009-04-04/meta-data/block-device-mapping/ami HTTP/1.1" status: 200 len: 138 time: 0.0079994
2026-05-27 01:50:18.642 45 INFO eventlet.wsgi.server [-] 10.100.0.12, "GET /2009-04-04/meta-data/block-device-mapping/root HTTP/1.1" status: 200 len: 143 time: 0.0084884
2026-05-27 01:50:18.663 44 INFO eventlet.wsgi.server [-] 10.100.0.12, "GET /2009-04-04/meta-data/public-hostname HTTP/1.1" status: 200 len: 193 time: 0.0158455
2026-05-27 01:50:18.682 45 INFO eventlet.wsgi.server [-] 10.100.0.12, "GET /2009-04-04/meta-data/placement/availability-zone HTTP/1.1" status: 200 len: 139 time: 0.0131807
2026-05-27 01:50:50.279 44 INFO eventlet.wsgi.server [-] 10.100.0.12, "GET /2009-04-04/meta-data/instance-id HTTP/1.1" status: 200 len: 146 time: 0.2464192
2026-05-27 01:50:50.302 44 INFO eventlet.wsgi.server [-] 10.100.0.12, "GET /2009-04-04/meta-data/public-keys HTTP/1.1" status: 200 len: 163 time: 0.0116420
2026-05-27 01:50:50.323 44 INFO eventlet.wsgi.server [-] 10.100.0.12, "GET /2009-04-04/meta-data/public-keys/0/openssh-key HTTP/1.1" status: 200 len: 341 time: 0.0152426
2026-05-27 01:50:50.344 44 INFO eventlet.wsgi.server [-] 10.100.0.12, "GET /2009-04-04/meta-data/instance-id HTTP/1.1" status: 200 len: 146 time: 0.0137377
2026-05-27 01:50:50.368 44 INFO eventlet.wsgi.server [-] 10.100.0.12, "GET /2009-04-04/meta-data/ami-launch-index HTTP/1.1" status: 200 len: 136 time: 0.0175314
2026-05-27 01:50:50.390 44 INFO eventlet.wsgi.server [-] 10.100.0.12, "GET /2009-04-04/meta-data/instance-type HTTP/1.1" status: 200 len: 142 time: 0.0136034
2026-05-27 01:50:50.421 45 INFO eventlet.wsgi.server [-] 10.100.0.12, "GET /2009-04-04/meta-data/local-ipv4 HTTP/1.1" status: 200 len: 147 time: 0.0230901
2026-05-27 01:50:50.443 45 INFO eventlet.wsgi.server [-] 10.100.0.12, "GET /2009-04-04/meta-data/public-ipv4 HTTP/1.1" status: 200 len: 149 time: 0.0132642
2026-05-27 01:50:50.461 45 INFO eventlet.wsgi.server [-] 10.100.0.12, "GET /2009-04-04/meta-data/hostname HTTP/1.1" status: 200 len: 193 time: 0.0107090
2026-05-27 01:50:50.481 45 INFO eventlet.wsgi.server [-] 10.100.0.12, "GET /2009-04-04/meta-data/local-hostname HTTP/1.1" status: 200 len: 193 time: 0.0132897
2026-05-27 01:50:50.499 45 INFO eventlet.wsgi.server [-] 10.100.0.12, "GET /2009-04-04/user-data HTTP/1.1" status: 200 len: 231 time: 0.0102921
2026-05-27 01:50:50.520 45 INFO eventlet.wsgi.server [-] 10.100.0.12, "GET /2009-04-04/meta-data/block-device-mapping HTTP/1.1" status: 200 len: 143 time: 0.0132027
2026-05-27 01:50:50.535 44 INFO eventlet.wsgi.server [-] 10.100.0.12, "GET /2009-04-04/meta-data/block-device-mapping/ami HTTP/1.1" status: 200 len: 138 time: 0.0098302
2026-05-27 01:50:50.550 44 INFO eventlet.wsgi.server [-] 10.100.0.12, "GET /2009-04-04/meta-data/block-device-mapping/root HTTP/1.1" status: 200 len: 143 time: 0.0089777
2026-05-27 01:50:50.568 44 INFO eventlet.wsgi.server [-] 10.100.0.12, "GET /2009-04-04/meta-data/public-hostname HTTP/1.1" status: 200 len: 193 time: 0.0106823
2026-05-27 01:50:50.583 44 INFO eventlet.wsgi.server [-] 10.100.0.12, "GET /2009-04-04/meta-data/placement/availability-zone HTTP/1.1" status: 200 len: 139 time: 0.0084822
2026-05-27 01:52:47.348 45 ERROR neutron.agent.metadata.agent [-] No port found in network None with IP address 169.254.169.254
2026-05-27 01:52:47.349 45 INFO eventlet.wsgi.server [-] 169.254.169.254, "GET / HTTP/1.1" status: 404 len: 176 time: 0.0073001
2026-05-27 01:53:05.222 44 INFO eventlet.wsgi.server [-] 10.100.0.9, "GET /2009-04-04/meta-data/instance-id HTTP/1.1" status: 200 len: 146 time: 0.6766212
2026-05-27 01:53:05.260 45 INFO eventlet.wsgi.server [-] 10.100.0.9, "GET /2009-04-04/meta-data/public-keys HTTP/1.1" status: 200 len: 176 time: 0.0260110
2026-05-27 01:53:05.275 45 INFO eventlet.wsgi.server [-] 10.100.0.9, "GET /2009-04-04/meta-data/public-keys/0/openssh-key HTTP/1.1" status: 200 len: 341 time: 0.0093148
2026-05-27 01:53:05.294 45 INFO eventlet.wsgi.server [-] 10.100.0.9, "GET /2009-04-04/meta-data/instance-id HTTP/1.1" status: 200 len: 146 time: 0.0130382
2026-05-27 01:53:05.312 44 INFO eventlet.wsgi.server [-] 10.100.0.9, "GET /2009-04-04/meta-data/ami-launch-index HTTP/1.1" status: 200 len: 136 time: 0.0106997
2026-05-27 01:53:05.331 44 INFO eventlet.wsgi.server [-] 10.100.0.9, "GET /2009-04-04/meta-data/instance-type HTTP/1.1" status: 200 len: 142 time: 0.0109699
2026-05-27 01:53:05.348 44 INFO eventlet.wsgi.server [-] 10.100.0.9, "GET /2009-04-04/meta-data/local-ipv4 HTTP/1.1" status: 200 len: 146 time: 0.0091102
2026-05-27 01:53:05.366 44 INFO eventlet.wsgi.server [-] 10.100.0.9, "GET /2009-04-04/meta-data/public-ipv4 HTTP/1.1" status: 200 len: 149 time: 0.0110686
2026-05-27 01:53:05.394 44 INFO eventlet.wsgi.server [-] 10.100.0.9, "GET /2009-04-04/meta-data/hostname HTTP/1.1" status: 200 len: 191 time: 0.0188885
2026-05-27 01:53:05.414 44 INFO eventlet.wsgi.server [-] 10.100.0.9, "GET /2009-04-04/meta-data/local-hostname HTTP/1.1" status: 200 len: 191 time: 0.0120411
2026-05-27 01:53:05.448 44 INFO neutron.agent.metadata.proxy_base [-] The instance: 2acb5cca-3f29-4503-afd5-ee28ab1a58bc is not present anymore, skipping cache...
2026-05-27 01:53:05.961 44 INFO eventlet.wsgi.server [-] 10.100.0.9, "GET /2009-04-04/user-data HTTP/1.1" status: 404 len: 297 time: 0.5237045
2026-05-27 01:53:05.985 44 INFO eventlet.wsgi.server [-] 10.100.0.9, "GET /2009-04-04/meta-data/block-device-mapping HTTP/1.1" status: 200 len: 143 time: 0.0129435
2026-05-27 01:53:06.002 44 INFO eventlet.wsgi.server [-] 10.100.0.9, "GET /2009-04-04/meta-data/block-device-mapping/ami HTTP/1.1" status: 200 len: 138 time: 0.0106072
2026-05-27 01:53:06.020 44 INFO eventlet.wsgi.server [-] 10.100.0.9, "GET /2009-04-04/meta-data/block-device-mapping/root HTTP/1.1" status: 200 len: 143 time: 0.0122023
2026-05-27 01:53:06.040 45 INFO eventlet.wsgi.server [-] 10.100.0.9, "GET /2009-04-04/meta-data/public-hostname HTTP/1.1" status: 200 len: 191 time: 0.0111215
2026-05-27 01:53:06.058 44 INFO eventlet.wsgi.server [-] 10.100.0.9, "GET /2009-04-04/meta-data/placement/availability-zone HTTP/1.1" status: 200 len: 139 time: 0.0128584
2026-05-27 01:53:36.522 44 INFO eventlet.wsgi.server [-] 10.100.0.10, "GET /2009-04-04/meta-data/instance-id HTTP/1.1" status: 200 len: 146 time: 0.6648741
2026-05-27 01:53:36.563 45 INFO eventlet.wsgi.server [-] 10.100.0.10, "GET /2009-04-04/meta-data/public-keys HTTP/1.1" status: 200 len: 175 time: 0.0273576
2026-05-27 01:53:36.582 44 INFO eventlet.wsgi.server [-] 10.100.0.10, "GET /2009-04-04/meta-data/public-keys/0/openssh-key HTTP/1.1" status: 200 len: 341 time: 0.0144007
2026-05-27 01:53:36.603 44 INFO eventlet.wsgi.server [-] 10.100.0.10, "GET /2009-04-04/meta-data/instance-id HTTP/1.1" status: 200 len: 146 time: 0.0133765
2026-05-27 01:53:36.620 44 INFO eventlet.wsgi.server [-] 10.100.0.10, "GET /2009-04-04/meta-data/ami-launch-index HTTP/1.1" status: 200 len: 136 time: 0.0118177
2026-05-27 01:53:36.640 44 INFO eventlet.wsgi.server [-] 10.100.0.10, "GET /2009-04-04/meta-data/instance-type HTTP/1.1" status: 200 len: 142 time: 0.0121281
2026-05-27 01:53:36.663 45 INFO eventlet.wsgi.server [-] 10.100.0.10, "GET /2009-04-04/meta-data/local-ipv4 HTTP/1.1" status: 200 len: 147 time: 0.0172801
2026-05-27 01:53:36.684 44 INFO eventlet.wsgi.server [-] 10.100.0.10, "GET /2009-04-04/meta-data/public-ipv4 HTTP/1.1" status: 200 len: 149 time: 0.0142777
2026-05-27 01:53:36.702 44 INFO eventlet.wsgi.server [-] 10.100.0.10, "GET /2009-04-04/meta-data/hostname HTTP/1.1" status: 200 len: 190 time: 0.0124023
2026-05-27 01:53:36.718 44 INFO eventlet.wsgi.server [-] 10.100.0.10, "GET /2009-04-04/meta-data/local-hostname HTTP/1.1" status: 200 len: 190 time: 0.0104945
2026-05-27 01:53:36.735 44 INFO neutron.agent.metadata.proxy_base [-] The instance: 1b5e9a89-59cb-4a36-a559-55aed6f160d5 is not present anymore, skipping cache...
2026-05-27 01:53:37.248 44 INFO eventlet.wsgi.server [-] 10.100.0.10, "GET /2009-04-04/user-data HTTP/1.1" status: 404 len: 297 time: 0.5248475
2026-05-27 01:53:37.267 44 INFO eventlet.wsgi.server [-] 10.100.0.10, "GET /2009-04-04/meta-data/block-device-mapping HTTP/1.1" status: 200 len: 143 time: 0.0087512
2026-05-27 01:53:37.281 44 INFO eventlet.wsgi.server [-] 10.100.0.10, "GET /2009-04-04/meta-data/block-device-mapping/ami HTTP/1.1" status: 200 len: 138 time: 0.0068207
2026-05-27 01:53:37.292 44 INFO eventlet.wsgi.server [-] 10.100.0.10, "GET /2009-04-04/meta-data/block-device-mapping/root HTTP/1.1" status: 200 len: 143 time: 0.0078673
2026-05-27 01:53:37.307 44 INFO eventlet.wsgi.server [-] 10.100.0.10, "GET /2009-04-04/meta-data/public-hostname HTTP/1.1" status: 200 len: 190 time: 0.0067382
2026-05-27 01:53:37.322 45 INFO eventlet.wsgi.server [-] 10.100.0.10, "GET /2009-04-04/meta-data/placement/availability-zone HTTP/1.1" status: 200 len: 139 time: 0.0109277
2026-05-27 01:54:33.015 44 INFO eventlet.wsgi.server [-] 10.100.0.7, "GET /latest/meta-data/public-ipv4 HTTP/1.1" status: 200 len: 149 time: 0.6893582
2026-05-27 01:54:33.364 45 INFO eventlet.wsgi.server [-] 10.100.0.7, "POST /openstack/2013-10-17/password HTTP/1.1" status: 200 len: 134 time: 0.2660797
2026-05-27 01:54:48.337 45 ERROR neutron.agent.metadata.agent [-] No port found in network None with IP address 169.254.169.254
2026-05-27 01:54:48.338 45 INFO eventlet.wsgi.server [-] 169.254.169.254, "GET / HTTP/1.1" status: 404 len: 176 time: 1.0126233
2026-05-27 01:55:52.643 45 INFO eventlet.wsgi.server [-] 10.2.1.128, "GET /2009-04-04/meta-data/instance-id HTTP/1.1" status: 200 len: 146 time: 0.7628262
2026-05-27 01:55:52.677 44 INFO eventlet.wsgi.server [-] 10.2.1.128, "GET /2009-04-04/meta-data/public-keys HTTP/1.1" status: 200 len: 174 time: 0.0241404
2026-05-27 01:55:52.697 44 INFO eventlet.wsgi.server [-] 10.2.1.128, "GET /2009-04-04/meta-data/public-keys/0/openssh-key HTTP/1.1" status: 200 len: 341 time: 0.0114772
2026-05-27 01:55:52.714 44 INFO eventlet.wsgi.server [-] 10.2.1.128, "GET /2009-04-04/meta-data/instance-id HTTP/1.1" status: 200 len: 146 time: 0.0112364
2026-05-27 01:55:52.734 44 INFO eventlet.wsgi.server [-] 10.2.1.128, "GET /2009-04-04/meta-data/ami-launch-index HTTP/1.1" status: 200 len: 136 time: 0.0117271
2026-05-27 01:55:52.756 45 INFO eventlet.wsgi.server [-] 10.2.1.128, "GET /2009-04-04/meta-data/instance-type HTTP/1.1" status: 200 len: 142 time: 0.0130591
2026-05-27 01:55:52.779 45 INFO eventlet.wsgi.server [-] 10.2.1.128, "GET /2009-04-04/meta-data/local-ipv4 HTTP/1.1" status: 200 len: 146 time: 0.0141845
2026-05-27 01:55:52.795 45 INFO eventlet.wsgi.server [-] 10.2.1.128, "GET /2009-04-04/meta-data/public-ipv4 HTTP/1.1" status: 200 len: 149 time: 0.0093122
2026-05-27 01:55:52.817 45 INFO eventlet.wsgi.server [-] 10.2.1.128, "GET /2009-04-04/meta-data/hostname HTTP/1.1" status: 200 len: 185 time: 0.0147521
2026-05-27 01:55:52.848 44 INFO eventlet.wsgi.server [-] 10.2.1.128, "GET /2009-04-04/meta-data/local-hostname HTTP/1.1" status: 200 len: 185 time: 0.0150023
2026-05-27 01:55:52.864 44 INFO neutron.agent.metadata.proxy_base [-] The instance: bd4add8f-91cf-489f-b254-c2bb3c2cc351 is not present anymore, skipping cache...
2026-05-27 01:55:53.374 44 INFO eventlet.wsgi.server [-] 10.2.1.128, "GET /2009-04-04/user-data HTTP/1.1" status: 404 len: 297 time: 0.5213408
2026-05-27 01:55:53.398 44 INFO eventlet.wsgi.server [-] 10.2.1.128, "GET /2009-04-04/meta-data/block-device-mapping HTTP/1.1" status: 200 len: 143 time: 0.0092773
2026-05-27 01:55:53.415 44 INFO eventlet.wsgi.server [-] 10.2.1.128, "GET /2009-04-04/meta-data/block-device-mapping/ami HTTP/1.1" status: 200 len: 138 time: 0.0125241
2026-05-27 01:55:53.429 44 INFO eventlet.wsgi.server [-] 10.2.1.128, "GET /2009-04-04/meta-data/block-device-mapping/root HTTP/1.1" status: 200 len: 143 time: 0.0099447
2026-05-27 01:55:53.458 44 INFO eventlet.wsgi.server [-] 10.2.1.128, "GET /2009-04-04/meta-data/public-hostname HTTP/1.1" status: 200 len: 185 time: 0.0205073
2026-05-27 01:55:53.478 44 INFO eventlet.wsgi.server [-] 10.2.1.128, "GET /2009-04-04/meta-data/placement/availability-zone HTTP/1.1" status: 200 len: 139 time: 0.0128138
2026-05-27 01:55:57.352 45 ERROR neutron.agent.metadata.agent [-] No port found in network None with IP address 169.254.169.254
2026-05-27 01:55:57.353 45 INFO eventlet.wsgi.server [-] 169.254.169.254, "GET / HTTP/1.1" status: 404 len: 176 time: 0.0094864
2026-05-27 01:56:10.133 44 INFO eventlet.wsgi.server [-] 10.2.2.140, "GET /2009-04-04/meta-data/instance-id HTTP/1.1" status: 200 len: 146 time: 0.6478848
2026-05-27 01:56:10.156 44 INFO eventlet.wsgi.server [-] 10.2.2.140, "GET /2009-04-04/meta-data/public-keys HTTP/1.1" status: 200 len: 174 time: 0.0115852
2026-05-27 01:56:10.174 44 INFO eventlet.wsgi.server [-] 10.2.2.140, "GET /2009-04-04/meta-data/public-keys/0/openssh-key HTTP/1.1" status: 200 len: 341 time: 0.0116501
2026-05-27 01:56:10.191 45 INFO eventlet.wsgi.server [-] 10.2.2.140, "GET /2009-04-04/meta-data/instance-id HTTP/1.1" status: 200 len: 146 time: 0.0110102
2026-05-27 01:56:10.209 45 INFO eventlet.wsgi.server [-] 10.2.2.140, "GET /2009-04-04/meta-data/ami-launch-index HTTP/1.1" status: 200 len: 136 time: 0.0110261
2026-05-27 01:56:10.226 45 INFO eventlet.wsgi.server [-] 10.2.2.140, "GET /2009-04-04/meta-data/instance-type HTTP/1.1" status: 200 len: 142 time: 0.0107269
2026-05-27 01:56:10.247 44 INFO eventlet.wsgi.server [-] 10.2.2.140, "GET /2009-04-04/meta-data/local-ipv4 HTTP/1.1" status: 200 len: 146 time: 0.0125806
2026-05-27 01:56:10.264 44 INFO eventlet.wsgi.server [-] 10.2.2.140, "GET /2009-04-04/meta-data/public-ipv4 HTTP/1.1" status: 200 len: 135 time: 0.0100083
2026-05-27 01:56:10.284 44 INFO eventlet.wsgi.server [-] 10.2.2.140, "GET /2009-04-04/meta-data/hostname HTTP/1.1" status: 200 len: 184 time: 0.0115898
2026-05-27 01:56:10.333 44 INFO eventlet.wsgi.server [-] 10.2.2.140, "GET /2009-04-04/meta-data/local-hostname HTTP/1.1" status: 200 len: 184 time: 0.0112779
2026-05-27 01:56:10.352 44 INFO neutron.agent.metadata.proxy_base [-] The instance: 67af21e9-e48b-4810-bebb-c4f6d7e1ca3e is not present anymore, skipping cache...
2026-05-27 01:56:10.862 44 INFO eventlet.wsgi.server [-] 10.2.2.140, "GET /2009-04-04/user-data HTTP/1.1" status: 404 len: 297 time: 0.5225537
2026-05-27 01:56:10.884 45 INFO eventlet.wsgi.server [-] 10.2.2.140, "GET /2009-04-04/meta-data/block-device-mapping HTTP/1.1" status: 200 len: 143 time: 0.0122726
2026-05-27 01:56:10.903 45 INFO eventlet.wsgi.server [-] 10.2.2.140, "GET /2009-04-04/meta-data/block-device-mapping/ami HTTP/1.1" status: 200 len: 138 time: 0.0126264
2026-05-27 01:56:10.918 45 INFO eventlet.wsgi.server [-] 10.2.2.140, "GET /2009-04-04/meta-data/block-device-mapping/root HTTP/1.1" status: 200 len: 143 time: 0.0097635
2026-05-27 01:56:10.937 45 INFO eventlet.wsgi.server [-] 10.2.2.140, "GET /2009-04-04/meta-data/public-hostname HTTP/1.1" status: 200 len: 184 time: 0.0126083
2026-05-27 01:56:10.953 45 INFO eventlet.wsgi.server [-] 10.2.2.140, "GET /2009-04-04/meta-data/placement/availability-zone HTTP/1.1" status: 200 len: 139 time: 0.0086203
2026-05-27 01:59:07.334 44 ERROR neutron.agent.metadata.agent [-] No port found in network None with IP address 169.254.169.254
2026-05-27 01:59:07.334 44 INFO eventlet.wsgi.server [-] 169.254.169.254, "GET / HTTP/1.1" status: 404 len: 176 time: 0.0063529
2026-05-27 02:02:17.345 44 ERROR neutron.agent.metadata.agent [-] No port found in network None with IP address 169.254.169.254
2026-05-27 02:02:17.350 44 INFO eventlet.wsgi.server [-] 169.254.169.254, "GET / HTTP/1.1" status: 404 len: 176 time: 0.0076101
2026-05-27 02:04:47.283 44 ERROR neutron.agent.metadata.agent [-] No port found in network None with IP address 169.254.169.254
2026-05-27 02:04:47.284 44 INFO eventlet.wsgi.server [-] 169.254.169.254, "GET / HTTP/1.1" status: 404 len: 176 time: 0.0072255