+ COMMAND=start + start + for KEYSTONE_WSGI_SCRIPT in keystone-wsgi-public ++ type -p keystone-wsgi-public + cp -a /var/lib/openstack/bin/keystone-wsgi-public /var/www/cgi-bin/keystone/ + '[' -f /etc/apache2/envvars ']' + source /etc/apache2/envvars ++ unset HOME ++ '[' '' '!=' '' ']' ++ SUFFIX= ++ export APACHE_RUN_USER=www-data ++ APACHE_RUN_USER=www-data ++ export APACHE_RUN_GROUP=www-data ++ APACHE_RUN_GROUP=www-data ++ export APACHE_PID_FILE=/var/run/apache2/apache2.pid ++ APACHE_PID_FILE=/var/run/apache2/apache2.pid ++ export APACHE_RUN_DIR=/var/run/apache2 ++ APACHE_RUN_DIR=/var/run/apache2 ++ export APACHE_LOCK_DIR=/var/lock/apache2 ++ APACHE_LOCK_DIR=/var/lock/apache2 ++ export APACHE_LOG_DIR=/var/log/apache2 ++ APACHE_LOG_DIR=/var/log/apache2 ++ export LANG=C ++ LANG=C ++ export LANG + '[' -f /var/run/apache2/apache2.pid ']' + exec apache2 -DFOREGROUND AH00558: apache2: Could not reliably determine the server's fully qualified domain name, using 10.0.0.43. Set the 'ServerName' directive globally to suppress this message AH00558: apache2: Could not reliably determine the server's fully qualified domain name, using 10.0.0.43. Set the 'ServerName' directive globally to suppress this message
[Sat May 30 09:59:02.638293 2026] [mpm_event:notice] [pid 1:tid 140393619715968] AH00489: Apache/2.4.58 (Ubuntu) mod_wsgi/5.0.0 Python/3.12 configured -- resuming normal operations
[Sat May 30 09:59:02.638450 2026] [core:notice] [pid 1:tid 140393619715968] AH00094: Command line: 'apache2 -D FOREGROUND'
[Sat May 30 09:59:57.625663 2026] [wsgi:error] [pid 9:tid 140392982943424] /var/lib/openstack/lib/python3.12/site-packages/oslo_utils/importutils.py:77: EventletDeprecationWarning:
[Sat May 30 09:59:57.625707 2026] [wsgi:error] [pid 9:tid 140392982943424] Eventlet is deprecated. It is currently being maintained in bugfix mode, and
[Sat May 30 09:59:57.625709 2026] [wsgi:error] [pid 9:tid 140392982943424] we strongly recommend against using it for new projects.
[Sat May 30 09:59:57.625710 2026] [wsgi:error] [pid 9:tid 140392982943424]
[Sat May 30 09:59:57.625712 2026] [wsgi:error] [pid 9:tid 140392982943424] If you are already using Eventlet, we recommend migrating to a different
[Sat May 30 09:59:57.625713 2026] [wsgi:error] [pid 9:tid 140392982943424] framework. For more detail see
[Sat May 30 09:59:57.625714 2026] [wsgi:error] [pid 9:tid 140392982943424] https://eventlet.readthedocs.io/en/latest/asyncio/migration.html
[Sat May 30 09:59:57.625715 2026] [wsgi:error] [pid 9:tid 140392982943424]
[Sat May 30 09:59:57.625716 2026] [wsgi:error] [pid 9:tid 140392982943424] __import__(import_str)
[Sat May 30 09:59:57.632286 2026] [wsgi:error] [pid 11:tid 140392982943424] /var/lib/openstack/lib/python3.12/site-packages/oslo_utils/importutils.py:77: EventletDeprecationWarning:
[Sat May 30 09:59:57.632317 2026] [wsgi:error] [pid 11:tid 140392982943424] Eventlet is deprecated. It is currently being maintained in bugfix mode, and
[Sat May 30 09:59:57.632319 2026] [wsgi:error] [pid 11:tid 140392982943424] we strongly recommend against using it for new projects.
[Sat May 30 09:59:57.632320 2026] [wsgi:error] [pid 11:tid 140392982943424]
[Sat May 30 09:59:57.632321 2026] [wsgi:error] [pid 11:tid 140392982943424] If you are already using Eventlet, we recommend migrating to a different
[Sat May 30 09:59:57.632322 2026] [wsgi:error] [pid 11:tid 140392982943424] framework. For more detail see
[Sat May 30 09:59:57.632323 2026] [wsgi:error] [pid 11:tid 140392982943424] https://eventlet.readthedocs.io/en/latest/asyncio/migration.html
[Sat May 30 09:59:57.632325 2026] [wsgi:error] [pid 11:tid 140392982943424]
[Sat May 30 09:59:57.632326 2026] [wsgi:error] [pid 11:tid 140392982943424] __import__(import_str) 10.0.0.27 - - [30/May/2026:09:59:56 +0000] "GET /v3/ HTTP/1.1" 200 249 10.0.0.27 - - [30/May/2026:09:59:56 +0000] "GET /v3/ HTTP/1.1" 200 249
[Sat May 30 10:00:09.218894 2026] [wsgi:error] [pid 10:tid 140392982943424] /var/lib/openstack/lib/python3.12/site-packages/oslo_utils/importutils.py:77: EventletDeprecationWarning:
[Sat May 30 10:00:09.218938 2026] [wsgi:error] [pid 10:tid 140392982943424] Eventlet is deprecated. It is currently being maintained in bugfix mode, and
[Sat May 30 10:00:09.218940 2026] [wsgi:error] [pid 10:tid 140392982943424] we strongly recommend against using it for new projects.
[Sat May 30 10:00:09.218941 2026] [wsgi:error] [pid 10:tid 140392982943424]
[Sat May 30 10:00:09.218942 2026] [wsgi:error] [pid 10:tid 140392982943424] If you are already using Eventlet, we recommend migrating to a different
[Sat May 30 10:00:09.218944 2026] [wsgi:error] [pid 10:tid 140392982943424] framework. For more detail see
[Sat May 30 10:00:09.218945 2026] [wsgi:error] [pid 10:tid 140392982943424] https://eventlet.readthedocs.io/en/latest/asyncio/migration.html
[Sat May 30 10:00:09.218946 2026] [wsgi:error] [pid 10:tid 140392982943424]
[Sat May 30 10:00:09.218947 2026] [wsgi:error] [pid 10:tid 140392982943424] __import__(import_str) 10.0.0.84 - - [30/May/2026:10:00:08 +0000] "GET / HTTP/1.1" 300 295
[Sat May 30 10:00:14.556013 2026] [wsgi:error] [pid 12:tid 140392982943424] /var/lib/openstack/lib/python3.12/site-packages/oslo_utils/importutils.py:77: EventletDeprecationWarning:
[Sat May 30 10:00:14.556045 2026] [wsgi:error] [pid 12:tid 140392982943424] Eventlet is deprecated. It is currently being maintained in bugfix mode, and
[Sat May 30 10:00:14.556047 2026] [wsgi:error] [pid 12:tid 140392982943424] we strongly recommend against using it for new projects.
[Sat May 30 10:00:14.556048 2026] [wsgi:error] [pid 12:tid 140392982943424]
[Sat May 30 10:00:14.556049 2026] [wsgi:error] [pid 12:tid 140392982943424] If you are already using Eventlet, we recommend migrating to a different
[Sat May 30 10:00:14.556050 2026] [wsgi:error] [pid 12:tid 140392982943424] framework. For more detail see
[Sat May 30 10:00:14.556051 2026] [wsgi:error] [pid 12:tid 140392982943424] https://eventlet.readthedocs.io/en/latest/asyncio/migration.html
[Sat May 30 10:00:14.556052 2026] [wsgi:error] [pid 12:tid 140392982943424]
[Sat May 30 10:00:14.556053 2026] [wsgi:error] [pid 12:tid 140392982943424] __import__(import_str)
[Sat May 30 10:00:19.299572 2026] [wsgi:error] [pid 12:tid 140392982943424] [remote 10.0.0.84:40098] 2026-05-30 10:00:19.296 12 WARNING keystone.identity.core [None req-16ddbcc8-74f7-46e3-9ce4-fd72cd147d86 - - - - - -] Invalid domain name (atmosphere) found in config file name: keystone.exception.DomainNotFound: Could not find domain: atmosphere.
[Sat May 30 10:00:19.350412 2026] [wsgi:error] [pid 12:tid 140392982943424] [remote 10.0.0.84:40098] 2026-05-30 10:00:19.350 12 WARNING keystone.common.password_hashing [None req-16ddbcc8-74f7-46e3-9ce4-fd72cd147d86 - - - - - -] Truncating password to algorithm specific maximum length 72 characters.
[Sat May 30 10:00:19.627423 2026] [wsgi:error] [pid 12:tid 140392982943424] [remote 10.0.0.84:40098] 2026-05-30 10:00:19.627 12 WARNING keystone.common.fernet_utils [None req-16ddbcc8-74f7-46e3-9ce4-fd72cd147d86 - - - - - -] key_repository is world readable: /etc/keystone/fernet-keys/ 10.0.0.84 - - [30/May/2026:10:00:13 +0000] "POST /v3/auth/tokens HTTP/1.1" 201 1360
[Sat May 30 10:00:19.985921 2026] [wsgi:error] [pid 11:tid 140392982943424] [remote 10.0.0.84:40098] 2026-05-30 10:00:19.983 11 WARNING keystone.identity.core [None req-5ac1f765-390c-4ee4-849a-cd8329062b45 - - - - - -] Invalid domain name (atmosphere) found in config file name: keystone.exception.DomainNotFound: Could not find domain: atmosphere. 10.0.0.84 - - [30/May/2026:10:00:19 +0000] "POST /v3/domains HTTP/1.1" 201 261 10.0.0.180 - - [30/May/2026:10:00:30 +0000] "GET / HTTP/1.1" 300 295
[Sat May 30 10:00:31.052546 2026] [wsgi:error] [pid 10:tid 140392982943424] [remote 10.0.0.180:60990] 2026-05-30 10:00:31.051 10 WARNING keystone.common.password_hashing [None req-6145abaf-0392-4336-891e-d1a0b412d993 - - - - - -] Truncating password to algorithm specific maximum length 72 characters.
[Sat May 30 10:00:31.325586 2026] [wsgi:error] [pid 10:tid 140392982943424] [remote 10.0.0.180:60990] 2026-05-30 10:00:31.325 10 WARNING keystone.common.fernet_utils [None req-6145abaf-0392-4336-891e-d1a0b412d993 - - - - - -] key_repository is world readable: /etc/keystone/fernet-keys/ 10.0.0.180 - - [30/May/2026:10:00:30 +0000] "POST /v3/auth/tokens HTTP/1.1" 201 1360 10.0.0.180 - - [30/May/2026:10:00:31 +0000] "GET /v3/roles/admin HTTP/1.1" 404 83
[Sat May 30 10:00:31.565482 2026] [wsgi:error] [pid 11:tid 140392982943424] [remote 10.0.0.180:60990] 2026-05-30 10:00:31.565 11 WARNING keystone.common.rbac_enforcer.enforcer [None req-0b014726-0116-4fd5-a06f-a1cf45324823 848c4fbe336149be869a27bf7b11605f 55e2d51018604f488454ccdb6bce9a4a - - default default] Deprecated policy rules found. Use oslopolicy-policy-generator and oslopolicy-policy-upgrade to detect and resolve deprecated policies in your configuration. 10.0.0.180 - - [30/May/2026:10:00:31 +0000] "GET /v3/roles?name=admin HTTP/1.1" 200 389
[Sat May 30 10:00:32.067421 2026] [wsgi:error] [pid 9:tid 140392982943424] [remote 10.0.0.180:60990] 2026-05-30 10:00:32.067 9 WARNING keystone.common.rbac_enforcer.enforcer [None req-59367dbb-5298-4424-9945-21ceef028702 848c4fbe336149be869a27bf7b11605f 55e2d51018604f488454ccdb6bce9a4a - - default default] Deprecated policy rules found. Use oslopolicy-policy-generator and oslopolicy-policy-upgrade to detect and resolve deprecated policies in your configuration. 10.0.0.180 - - [30/May/2026:10:00:31 +0000] "GET /v3/users/admin-RegionOne HTTP/1.1" 404 93
[Sat May 30 10:00:32.206704 2026] [wsgi:error] [pid 10:tid 140392982943424] [remote 10.0.0.180:60990] 2026-05-30 10:00:32.206 10 WARNING keystone.common.rbac_enforcer.enforcer [None req-8066e1cf-05e7-4bfe-b4df-1b4f4b8f6eb1 848c4fbe336149be869a27bf7b11605f 55e2d51018604f488454ccdb6bce9a4a - - default default] Deprecated policy rules found. Use oslopolicy-policy-generator and oslopolicy-policy-upgrade to detect and resolve deprecated policies in your configuration. 10.0.0.180 - - [30/May/2026:10:00:32 +0000] "GET /v3/users?name=admin-RegionOne HTTP/1.1" 200 422
[Sat May 30 10:00:32.380756 2026] [wsgi:error] [pid 12:tid 140392982943424] [remote 10.0.0.180:60990] 2026-05-30 10:00:32.380 12 WARNING keystone.common.rbac_enforcer.enforcer [None req-0497d433-fdcf-4c35-a683-427c21358503 848c4fbe336149be869a27bf7b11605f 55e2d51018604f488454ccdb6bce9a4a - - default default] Deprecated policy rules found. Use oslopolicy-policy-generator and oslopolicy-policy-upgrade to detect and resolve deprecated policies in your configuration. 10.0.0.180 - - [30/May/2026:10:00:32 +0000] "GET /v3/domains/default HTTP/1.1" 200 224 10.0.0.180 - - [30/May/2026:10:00:32 +0000] "PUT /v3/domains/default/users/848c4fbe336149be869a27bf7b11605f/roles/ca5448287fe74751a55e9e388df5a48e HTTP/1.1" 204 - 10.0.0.27 - - [30/May/2026:10:00:42 +0000] "GET / HTTP/1.1" 300 281 10.0.0.27 - - [30/May/2026:10:00:43 +0000] "GET /v3 HTTP/1.1" 200 266
[Sat May 30 10:00:43.572656 2026] [wsgi:error] [pid 12:tid 140392982943424] [remote 10.0.0.27:38116] 2026-05-30 10:00:43.572 12 WARNING keystone.common.password_hashing [None req-ab073c49-fa0a-47c2-a859-a7eb172b4f68 - - - - - -] Truncating password to algorithm specific maximum length 72 characters.
[Sat May 30 10:00:43.844567 2026] [wsgi:error] [pid 12:tid 140392982943424] [remote 10.0.0.27:38116] 2026-05-30 10:00:43.844 12 WARNING keystone.common.fernet_utils [None req-ab073c49-fa0a-47c2-a859-a7eb172b4f68 - - - - - -] key_repository is world readable: /etc/keystone/fernet-keys/ 10.0.0.27 - - [30/May/2026:10:00:43 +0000] "POST /v3/auth/tokens HTTP/1.1" 201 1360 10.0.0.27 - - [30/May/2026:10:00:43 +0000] "GET / HTTP/1.1" 300 281 10.0.0.27 - - [30/May/2026:10:00:43 +0000] "GET /v3/domains/atmosphere HTTP/1.1" 404 90 10.0.0.27 - - [30/May/2026:10:00:44 +0000] "GET /v3/domains?name=atmosphere HTTP/1.1" 200 370 10.0.0.27 - - [30/May/2026:10:00:44 +0000] "GET /v3/domains/966ac525deb942309ce0489314dcd1bc HTTP/1.1" 200 247 10.0.0.27 - - [30/May/2026:10:00:45 +0000] "GET /v3 HTTP/1.1" 200 266
[Sat May 30 10:00:45.045865 2026] [wsgi:error] [pid 9:tid 140392982943424] [remote 10.0.0.27:38106] 2026-05-30 10:00:45.045 9 WARNING keystone.common.password_hashing [None req-660ecefd-5579-4dec-94c3-a685c45ffa61 - - - - - -] Truncating password to algorithm specific maximum length 72 characters.
[Sat May 30 10:00:45.322425 2026] [wsgi:error] [pid 9:tid 140392982943424] [remote 10.0.0.27:38106] 2026-05-30 10:00:45.322 9 WARNING keystone.common.fernet_utils [None req-660ecefd-5579-4dec-94c3-a685c45ffa61 - - - - - -] key_repository is world readable: /etc/keystone/fernet-keys/ 10.0.0.27 - - [30/May/2026:10:00:45 +0000] "POST /v3/auth/tokens HTTP/1.1" 201 1360 10.0.0.27 - - [30/May/2026:10:00:45 +0000] "GET / HTTP/1.1" 300 281 10.0.0.27 - - [30/May/2026:10:00:45 +0000] "GET /v3/OS-FEDERATION/identity_providers/atmosphere HTTP/1.1" 404 101 10.0.0.27 - - [30/May/2026:10:00:45 +0000] "GET /v3/OS-FEDERATION/identity_providers HTTP/1.1" 200 156 10.0.0.27 - - [30/May/2026:10:00:45 +0000] "PUT /v3/OS-FEDERATION/identity_providers/atmosphere HTTP/1.1" 201 342 10.0.0.27 - - [30/May/2026:10:00:46 +0000] "GET /v3 HTTP/1.1" 200 266
[Sat May 30 10:00:46.150181 2026] [wsgi:error] [pid 12:tid 140392982943424] [remote 10.0.0.27:38106] 2026-05-30 10:00:46.150 12 WARNING keystone.common.password_hashing [None req-60ac1ef3-0814-4526-ad39-c7dd3dcc95ca - - - - - -] Truncating password to algorithm specific maximum length 72 characters.
[Sat May 30 10:00:46.421703 2026] [wsgi:error] [pid 12:tid 140392982943424] [remote 10.0.0.27:38106] 2026-05-30 10:00:46.421 12 WARNING keystone.common.fernet_utils [None req-60ac1ef3-0814-4526-ad39-c7dd3dcc95ca - - - - - -] key_repository is world readable: /etc/keystone/fernet-keys/ 10.0.0.27 - - [30/May/2026:10:00:46 +0000] "POST /v3/auth/tokens HTTP/1.1" 201 1360 10.0.0.27 - - [30/May/2026:10:00:46 +0000] "GET / HTTP/1.1" 300 281 10.0.0.27 - - [30/May/2026:10:00:46 +0000] "GET /v3/OS-FEDERATION/mappings/atmosphere-openid HTTP/1.1" 404 98 10.0.0.27 - - [30/May/2026:10:00:46 +0000] "GET /v3/OS-FEDERATION/mappings HTTP/1.1" 200 136 10.0.0.27 - - [30/May/2026:10:00:46 +0000] "PUT /v3/OS-FEDERATION/mappings/atmosphere-openid HTTP/1.1" 201 357 10.0.0.27 - - [30/May/2026:10:00:47 +0000] "GET /v3 HTTP/1.1" 200 266
[Sat May 30 10:00:47.287083 2026] [wsgi:error] [pid 9:tid 140392982943424] [remote 10.0.0.27:38106] 2026-05-30 10:00:47.286 9 WARNING keystone.common.password_hashing [None req-fd68618d-e17d-47ed-ab88-e05889aab471 - - - - - -] Truncating password to algorithm specific maximum length 72 characters.
[Sat May 30 10:00:47.570057 2026] [wsgi:error] [pid 9:tid 140392982943424] [remote 10.0.0.27:38106] 2026-05-30 10:00:47.569 9 WARNING keystone.common.fernet_utils [None req-fd68618d-e17d-47ed-ab88-e05889aab471 - - - - - -] key_repository is world readable: /etc/keystone/fernet-keys/ 10.0.0.27 - - [30/May/2026:10:00:47 +0000] "POST /v3/auth/tokens HTTP/1.1" 201 1360 10.0.0.27 - - [30/May/2026:10:00:47 +0000] "GET / HTTP/1.1" 300 281 10.0.0.27 - - [30/May/2026:10:00:47 +0000] "GET /v3/OS-FEDERATION/identity_providers/atmosphere/protocols/openid?idp_id=atmosphere HTTP/1.1" 404 131 10.0.0.27 - - [30/May/2026:10:00:47 +0000] "GET /v3/OS-FEDERATION/identity_providers/atmosphere/protocols HTTP/1.1" 200 168 10.0.0.27 - - [30/May/2026:10:00:47 +0000] "PUT /v3/OS-FEDERATION/identity_providers/atmosphere/protocols/openid HTTP/1.1" 201 224 10.0.0.27 - - [30/May/2026:10:00:56 +0000] "GET /v3/ HTTP/1.1" 200 249 10.0.0.27 - - [30/May/2026:10:00:56 +0000] "GET /v3/ HTTP/1.1" 200 249 10.0.0.27 - - [30/May/2026:10:01:56 +0000] "GET /v3/ HTTP/1.1" 200 249 10.0.0.27 - - [30/May/2026:10:01:56 +0000] "GET /v3/ HTTP/1.1" 200 249 10.0.0.97 - - [30/May/2026:10:02:09 +0000] "GET / HTTP/1.1" 300 295
[Sat May 30 10:02:09.527378 2026] [wsgi:error] [pid 12:tid 140392982943424] [remote 10.0.0.97:59080] 2026-05-30 10:02:09.527 12 WARNING keystone.common.password_hashing [None req-cf29a122-3931-4b1a-8c37-2681ccabffb0 - - - - - -] Truncating password to algorithm specific maximum length 72 characters.
[Sat May 30 10:02:09.797516 2026] [wsgi:error] [pid 12:tid 140392982943424] [remote 10.0.0.97:59080] 2026-05-30 10:02:09.797 12 WARNING keystone.common.fernet_utils [None req-cf29a122-3931-4b1a-8c37-2681ccabffb0 - - - - - -] key_repository is world readable: /etc/keystone/fernet-keys/ 10.0.0.97 - - [30/May/2026:10:02:09 +0000] "POST /v3/auth/tokens HTTP/1.1" 201 1360 10.0.0.97 - - [30/May/2026:10:02:09 +0000] "GET /v3/services HTTP/1.1" 200 355 10.0.0.97 - - [30/May/2026:10:02:13 +0000] "GET / HTTP/1.1" 300 295
[Sat May 30 10:02:13.253526 2026] [wsgi:error] [pid 10:tid 140392982943424] [remote 10.0.0.97:59084] 2026-05-30 10:02:13.253 10 WARNING keystone.common.password_hashing [None req-5e1cf065-d020-486c-8b3a-50857dd66b6a - - - - - -] Truncating password to algorithm specific maximum length 72 characters.
[Sat May 30 10:02:13.534924 2026] [wsgi:error] [pid 10:tid 140392982943424] [remote 10.0.0.97:59084] 2026-05-30 10:02:13.534 10 WARNING keystone.common.fernet_utils [None req-5e1cf065-d020-486c-8b3a-50857dd66b6a - - - - - -] key_repository is world readable: /etc/keystone/fernet-keys/ 10.0.0.97 - - [30/May/2026:10:02:13 +0000] "POST /v3/auth/tokens HTTP/1.1" 201 1360 10.0.0.97 - - [30/May/2026:10:02:13 +0000] "GET /v3/services HTTP/1.1" 200 355 10.0.0.97 - - [30/May/2026:10:02:16 +0000] "GET / HTTP/1.1" 300 295
[Sat May 30 10:02:16.937698 2026] [wsgi:error] [pid 9:tid 140392982943424] [remote 10.0.0.97:48864] 2026-05-30 10:02:16.937 9 WARNING keystone.common.password_hashing [None req-3b60de5c-128c-49a9-a075-b4830b91b8fe - - - - - -] Truncating password to algorithm specific maximum length 72 characters.
[Sat May 30 10:02:17.219336 2026] [wsgi:error] [pid 9:tid 140392982943424] [remote 10.0.0.97:48864] 2026-05-30 10:02:17.219 9 WARNING keystone.common.fernet_utils [None req-3b60de5c-128c-49a9-a075-b4830b91b8fe - - - - - -] key_repository is world readable: /etc/keystone/fernet-keys/ 10.0.0.97 - - [30/May/2026:10:02:16 +0000] "POST /v3/auth/tokens HTTP/1.1" 201 1360 10.0.0.97 - - [30/May/2026:10:02:17 +0000] "GET /v3/services HTTP/1.1" 200 355 10.0.0.97 - - [30/May/2026:10:02:20 +0000] "GET / HTTP/1.1" 300 295
[Sat May 30 10:02:20.628460 2026] [wsgi:error] [pid 11:tid 140392982943424] [remote 10.0.0.97:48876] 2026-05-30 10:02:20.627 11 WARNING keystone.common.password_hashing [None req-fd0b7c53-1c40-47de-9741-6d8272c086c2 - - - - - -] Truncating password to algorithm specific maximum length 72 characters.
[Sat May 30 10:02:20.931336 2026] [wsgi:error] [pid 11:tid 140392982943424] [remote 10.0.0.97:48876] 2026-05-30 10:02:20.931 11 WARNING keystone.common.fernet_utils [None req-fd0b7c53-1c40-47de-9741-6d8272c086c2 - - - - - -] key_repository is world readable: /etc/keystone/fernet-keys/ 10.0.0.97 - - [30/May/2026:10:02:20 +0000] "POST /v3/auth/tokens HTTP/1.1" 201 1360 10.0.0.97 - - [30/May/2026:10:02:21 +0000] "POST /v3/services HTTP/1.1" 201 296 10.0.0.44 - - [30/May/2026:10:02:31 +0000] "GET / HTTP/1.1" 300 295
[Sat May 30 10:02:31.921239 2026] [wsgi:error] [pid 12:tid 140392982943424] [remote 10.0.0.44:39284] 2026-05-30 10:02:31.921 12 WARNING keystone.common.password_hashing [None req-ada9f5b9-3e89-4ff3-af50-9de384b4e8fc - - - - - -] Truncating password to algorithm specific maximum length 72 characters. 10.0.0.44 - - [30/May/2026:10:02:31 +0000] "GET / HTTP/1.1" 300 295
[Sat May 30 10:02:31.997492 2026] [wsgi:error] [pid 9:tid 140392982943424] [remote 10.0.0.44:39296] 2026-05-30 10:02:31.997 9 WARNING keystone.common.password_hashing [None req-e850695b-a437-4fb9-b118-1a809e87890f - - - - - -] Truncating password to algorithm specific maximum length 72 characters. 10.0.0.44 - - [30/May/2026:10:02:32 +0000] "GET / HTTP/1.1" 300 295
[Sat May 30 10:02:32.025769 2026] [wsgi:error] [pid 11:tid 140392982943424] [remote 10.0.0.44:39312] 2026-05-30 10:02:32.025 11 WARNING keystone.common.password_hashing [None req-65eeed3a-11bf-494e-871a-91cf67b9e503 - - - - - -] Truncating password to algorithm specific maximum length 72 characters.
[Sat May 30 10:02:32.199548 2026] [wsgi:error] [pid 12:tid 140392982943424] [remote 10.0.0.44:39284] 2026-05-30 10:02:32.199 12 WARNING keystone.common.fernet_utils [None req-ada9f5b9-3e89-4ff3-af50-9de384b4e8fc - - - - - -] key_repository is world readable: /etc/keystone/fernet-keys/ 10.0.0.44 - - [30/May/2026:10:02:31 +0000] "POST /v3/auth/tokens HTTP/1.1" 201 1464
[Sat May 30 10:02:32.275603 2026] [wsgi:error] [pid 9:tid 140392982943424] [remote 10.0.0.44:39296] 2026-05-30 10:02:32.275 9 WARNING keystone.common.fernet_utils [None req-e850695b-a437-4fb9-b118-1a809e87890f - - - - - -] key_repository is world readable: /etc/keystone/fernet-keys/ 10.0.0.44 - - [30/May/2026:10:02:31 +0000] "POST /v3/auth/tokens HTTP/1.1" 201 1464
[Sat May 30 10:02:32.294771 2026] [wsgi:error] [pid 11:tid 140392982943424] [remote 10.0.0.44:39312] 2026-05-30 10:02:32.294 11 WARNING keystone.common.fernet_utils [None req-65eeed3a-11bf-494e-871a-91cf67b9e503 - - - - - -] key_repository is world readable: /etc/keystone/fernet-keys/ 10.0.0.44 - - [30/May/2026:10:02:32 +0000] "POST /v3/auth/tokens HTTP/1.1" 201 1464 10.0.0.44 - - [30/May/2026:10:02:32 +0000] "GET /v3/services HTTP/1.1" 200 639 10.0.0.44 - - [30/May/2026:10:02:32 +0000] "GET /v3/services HTTP/1.1" 200 639 10.0.0.44 - - [30/May/2026:10:02:32 +0000] "GET /v3/services HTTP/1.1" 200 639 10.0.0.44 - - [30/May/2026:10:02:33 +0000] "GET / HTTP/1.1" 300 295
[Sat May 30 10:02:33.791970 2026] [wsgi:error] [pid 10:tid 140392982943424] [remote 10.0.0.44:39320] 2026-05-30 10:02:33.791 10 WARNING keystone.common.password_hashing [None req-59c558eb-7770-40b1-9927-c69b1299a747 - - - - - -] Truncating password to algorithm specific maximum length 72 characters. 10.0.0.44 - - [30/May/2026:10:02:33 +0000] "GET / HTTP/1.1" 300 295
[Sat May 30 10:02:33.854940 2026] [wsgi:error] [pid 9:tid 140392982943424] [remote 10.0.0.44:39336] 2026-05-30 10:02:33.854 9 WARNING keystone.common.password_hashing [None req-5b6fcf5a-f06c-4da5-8c69-98122e1ac431 - - - - - -] Truncating password to algorithm specific maximum length 72 characters. 10.0.0.44 - - [30/May/2026:10:02:33 +0000] "GET / HTTP/1.1" 300 295
[Sat May 30 10:02:33.912989 2026] [wsgi:error] [pid 12:tid 140392982943424] [remote 10.0.0.44:39342] 2026-05-30 10:02:33.912 12 WARNING keystone.common.password_hashing [None req-f075f718-d8cb-4142-9c25-117917b260fd - - - - - -] Truncating password to algorithm specific maximum length 72 characters.
[Sat May 30 10:02:34.091407 2026] [wsgi:error] [pid 10:tid 140392982943424] [remote 10.0.0.44:39320] 2026-05-30 10:02:34.091 10 WARNING keystone.common.fernet_utils [None req-59c558eb-7770-40b1-9927-c69b1299a747 - - - - - -] key_repository is world readable: /etc/keystone/fernet-keys/ 10.0.0.44 - - [30/May/2026:10:02:33 +0000] "POST /v3/auth/tokens HTTP/1.1" 201 1464
[Sat May 30 10:02:34.126967 2026] [wsgi:error] [pid 9:tid 140392982943424] [remote 10.0.0.44:39336] 2026-05-30 10:02:34.126 9 WARNING keystone.common.fernet_utils [None req-5b6fcf5a-f06c-4da5-8c69-98122e1ac431 - - - - - -] key_repository is world readable: /etc/keystone/fernet-keys/ 10.0.0.44 - - [30/May/2026:10:02:33 +0000] "POST /v3/auth/tokens HTTP/1.1" 201 1464
[Sat May 30 10:02:34.189064 2026] [wsgi:error] [pid 12:tid 140392982943424] [remote 10.0.0.44:39342] 2026-05-30 10:02:34.188 12 WARNING keystone.common.fernet_utils [None req-f075f718-d8cb-4142-9c25-117917b260fd - - - - - -] key_repository is world readable: /etc/keystone/fernet-keys/ 10.0.0.44 - - [30/May/2026:10:02:33 +0000] "POST /v3/auth/tokens HTTP/1.1" 201 1464 10.0.0.44 - - [30/May/2026:10:02:34 +0000] "GET /v3/endpoints HTTP/1.1" 200 1227 10.0.0.44 - - [30/May/2026:10:02:34 +0000] "GET /v3/services/0d10663f5a83424f9e50ac1c3fbca4d6 HTTP/1.1" 200 233 10.0.0.44 - - [30/May/2026:10:02:34 +0000] "GET /v3/endpoints HTTP/1.1" 200 1227 10.0.0.44 - - [30/May/2026:10:02:34 +0000] "GET /v3/services/0d10663f5a83424f9e50ac1c3fbca4d6 HTTP/1.1" 200 233 10.0.0.44 - - [30/May/2026:10:02:34 +0000] "GET /v3/services/0d10663f5a83424f9e50ac1c3fbca4d6 HTTP/1.1" 200 233 10.0.0.44 - - [30/May/2026:10:02:34 +0000] "GET /v3/services/0d10663f5a83424f9e50ac1c3fbca4d6 HTTP/1.1" 200 233 10.0.0.44 - - [30/May/2026:10:02:34 +0000] "GET /v3/services/0d10663f5a83424f9e50ac1c3fbca4d6 HTTP/1.1" 200 233 10.0.0.44 - - [30/May/2026:10:02:34 +0000] "GET /v3/endpoints HTTP/1.1" 200 1227 10.0.0.44 - - [30/May/2026:10:02:34 +0000] "GET /v3/services/0d10663f5a83424f9e50ac1c3fbca4d6 HTTP/1.1" 200 233 10.0.0.44 - - [30/May/2026:10:02:34 +0000] "GET /v3/services/0d10663f5a83424f9e50ac1c3fbca4d6 HTTP/1.1" 200 233 10.0.0.44 - - [30/May/2026:10:02:34 +0000] "GET /v3/services/0d10663f5a83424f9e50ac1c3fbca4d6 HTTP/1.1" 200 233 10.0.0.44 - - [30/May/2026:10:02:34 +0000] "GET /v3/services/0d10663f5a83424f9e50ac1c3fbca4d6 HTTP/1.1" 200 233 10.0.0.44 - - [30/May/2026:10:02:35 +0000] "GET / HTTP/1.1" 300 295
[Sat May 30 10:02:35.673006 2026] [wsgi:error] [pid 9:tid 140392982943424] [remote 10.0.0.44:49826] 2026-05-30 10:02:35.672 9 WARNING keystone.common.password_hashing [None req-e1e63e4f-7480-439c-bf1e-dafe4a67c927 - - - - - -] Truncating password to algorithm specific maximum length 72 characters. 10.0.0.44 - - [30/May/2026:10:02:35 +0000] "GET / HTTP/1.1" 300 295
[Sat May 30 10:02:35.693867 2026] [wsgi:error] [pid 12:tid 140392982943424] [remote 10.0.0.44:49840] 2026-05-30 10:02:35.693 12 WARNING keystone.common.password_hashing [None req-e136bc80-734f-4e20-a8d0-f9349e43644e - - - - - -] Truncating password to algorithm specific maximum length 72 characters. 10.0.0.44 - - [30/May/2026:10:02:35 +0000] "GET / HTTP/1.1" 300 295
[Sat May 30 10:02:35.752856 2026] [wsgi:error] [pid 10:tid 140392982943424] [remote 10.0.0.44:49844] 2026-05-30 10:02:35.752 10 WARNING keystone.common.password_hashing [None req-beecd2f9-bff7-40e5-9cd9-eac59905097f - - - - - -] Truncating password to algorithm specific maximum length 72 characters.
[Sat May 30 10:02:35.943873 2026] [wsgi:error] [pid 9:tid 140392982943424] [remote 10.0.0.44:49826] 2026-05-30 10:02:35.943 9 WARNING keystone.common.fernet_utils [None req-e1e63e4f-7480-439c-bf1e-dafe4a67c927 - - - - - -] key_repository is world readable: /etc/keystone/fernet-keys/ 10.0.0.44 - - [30/May/2026:10:02:35 +0000] "POST /v3/auth/tokens HTTP/1.1" 201 1464
[Sat May 30 10:02:35.972487 2026] [wsgi:error] [pid 12:tid 140392982943424] [remote 10.0.0.44:49840] 2026-05-30 10:02:35.972 12 WARNING keystone.common.fernet_utils [None req-e136bc80-734f-4e20-a8d0-f9349e43644e - - - - - -] key_repository is world readable: /etc/keystone/fernet-keys/ 10.0.0.44 - - [30/May/2026:10:02:35 +0000] "POST /v3/auth/tokens HTTP/1.1" 201 1464
[Sat May 30 10:02:36.029013 2026] [wsgi:error] [pid 10:tid 140392982943424] [remote 10.0.0.44:49844] 2026-05-30 10:02:36.028 10 WARNING keystone.common.fernet_utils [None req-beecd2f9-bff7-40e5-9cd9-eac59905097f - - - - - -] key_repository is world readable: /etc/keystone/fernet-keys/ 10.0.0.44 - - [30/May/2026:10:02:35 +0000] "POST /v3/auth/tokens HTTP/1.1" 201 1464 10.0.0.44 - - [30/May/2026:10:02:36 +0000] "GET /v3/services/daba6ec3afbc4b67a8ac9ddaa1aaa0af HTTP/1.1" 200 296 10.0.0.44 - - [30/May/2026:10:02:36 +0000] "GET /v3/regions/RegionOne HTTP/1.1" 200 173 10.0.0.44 - - [30/May/2026:10:02:36 +0000] "GET /v3/services/daba6ec3afbc4b67a8ac9ddaa1aaa0af HTTP/1.1" 200 296 10.0.0.44 - - [30/May/2026:10:02:36 +0000] "GET /v3/regions/RegionOne HTTP/1.1" 200 173 10.0.0.44 - - [30/May/2026:10:02:36 +0000] "GET /v3/services/daba6ec3afbc4b67a8ac9ddaa1aaa0af HTTP/1.1" 200 296 10.0.0.44 - - [30/May/2026:10:02:36 +0000] "GET /v3/regions/RegionOne HTTP/1.1" 200 173 10.0.0.44 - - [30/May/2026:10:02:36 +0000] "POST /v3/endpoints HTTP/1.1" 201 380 10.0.0.44 - - [30/May/2026:10:02:36 +0000] "POST /v3/endpoints HTTP/1.1" 201 383 10.0.0.44 - - [30/May/2026:10:02:36 +0000] "POST /v3/endpoints HTTP/1.1" 201 370 10.0.0.44 - - [30/May/2026:10:02:37 +0000] "GET / HTTP/1.1" 300 295
[Sat May 30 10:02:37.552467 2026] [wsgi:error] [pid 9:tid 140392982943424] [remote 10.0.0.44:49856] 2026-05-30 10:02:37.552 9 WARNING keystone.common.password_hashing [None req-ebb40449-1318-48a7-ab0c-07e7585dc32b - - - - - -] Truncating password to algorithm specific maximum length 72 characters. 10.0.0.44 - - [30/May/2026:10:02:37 +0000] "GET / HTTP/1.1" 300 295
[Sat May 30 10:02:37.723991 2026] [wsgi:error] [pid 12:tid 140392982943424] [remote 10.0.0.44:49866] 2026-05-30 10:02:37.723 12 WARNING keystone.common.password_hashing [None req-1149d980-b3fe-4226-825e-3dc27978b636 - - - - - -] Truncating password to algorithm specific maximum length 72 characters.
[Sat May 30 10:02:37.837576 2026] [wsgi:error] [pid 9:tid 140392982943424] [remote 10.0.0.44:49856] 2026-05-30 10:02:37.837 9 WARNING keystone.common.fernet_utils [None req-ebb40449-1318-48a7-ab0c-07e7585dc32b - - - - - -] key_repository is world readable: /etc/keystone/fernet-keys/ 10.0.0.44 - - [30/May/2026:10:02:37 +0000] "GET / HTTP/1.1" 300 295
[Sat May 30 10:02:37.854123 2026] [wsgi:error] [pid 10:tid 140392982943424] [remote 10.0.0.44:49874] 2026-05-30 10:02:37.853 10 WARNING keystone.common.password_hashing [None req-dc16df7b-945e-4a28-83ea-7252ad72c6f3 - - - - - -] Truncating password to algorithm specific maximum length 72 characters. 10.0.0.44 - - [30/May/2026:10:02:37 +0000] "POST /v3/auth/tokens HTTP/1.1" 201 1992 10.0.0.44 - - [30/May/2026:10:02:37 +0000] "GET /v3/endpoints/662d7d6ca43844e492e0df6bbe460704 HTTP/1.1" 200 380 10.0.0.44 - - [30/May/2026:10:02:37 +0000] "GET /v3/services/daba6ec3afbc4b67a8ac9ddaa1aaa0af HTTP/1.1" 200 296
[Sat May 30 10:02:38.027233 2026] [wsgi:error] [pid 12:tid 140392982943424] [remote 10.0.0.44:49866] 2026-05-30 10:02:38.027 12 WARNING keystone.common.fernet_utils [None req-1149d980-b3fe-4226-825e-3dc27978b636 - - - - - -] key_repository is world readable: /etc/keystone/fernet-keys/ 10.0.0.44 - - [30/May/2026:10:02:37 +0000] "POST /v3/auth/tokens HTTP/1.1" 201 1992 10.0.0.44 - - [30/May/2026:10:02:38 +0000] "GET /v3/endpoints/e2bf2dfed4a44a999d021f7428862a12 HTTP/1.1" 200 370
[Sat May 30 10:02:38.150829 2026] [wsgi:error] [pid 10:tid 140392982943424] [remote 10.0.0.44:49874] 2026-05-30 10:02:38.150 10 WARNING keystone.common.fernet_utils [None req-dc16df7b-945e-4a28-83ea-7252ad72c6f3 - - - - - -] key_repository is world readable: /etc/keystone/fernet-keys/ 10.0.0.44 - - [30/May/2026:10:02:38 +0000] "GET /v3/services/daba6ec3afbc4b67a8ac9ddaa1aaa0af HTTP/1.1" 200 296 10.0.0.44 - - [30/May/2026:10:02:37 +0000] "POST /v3/auth/tokens HTTP/1.1" 201 1992 10.0.0.44 - - [30/May/2026:10:02:38 +0000] "GET /v3/endpoints/cb97ff43f31e4597beca377868a897cb HTTP/1.1" 200 383 10.0.0.44 - - [30/May/2026:10:02:38 +0000] "GET /v3/services/daba6ec3afbc4b67a8ac9ddaa1aaa0af HTTP/1.1" 200 296 10.0.0.38 - - [30/May/2026:10:02:48 +0000] "GET / HTTP/1.1" 300 295
[Sat May 30 10:02:48.922760 2026] [wsgi:error] [pid 10:tid 140392982943424] [remote 10.0.0.38:46276] 2026-05-30 10:02:48.922 10 WARNING keystone.common.password_hashing [None req-c3b18f0f-1e09-4195-8e60-e507daef5064 - - - - - -] Truncating password to algorithm specific maximum length 72 characters.
[Sat May 30 10:02:49.193826 2026] [wsgi:error] [pid 10:tid 140392982943424] [remote 10.0.0.38:46276] 2026-05-30 10:02:49.193 10 WARNING keystone.common.fernet_utils [None req-c3b18f0f-1e09-4195-8e60-e507daef5064 - - - - - -] key_repository is world readable: /etc/keystone/fernet-keys/ 10.0.0.38 - - [30/May/2026:10:02:48 +0000] "POST /v3/auth/tokens HTTP/1.1" 201 1992 10.0.0.38 - - [30/May/2026:10:02:49 +0000] "POST /v3/domains HTTP/1.1" 201 284 10.0.0.38 - - [30/May/2026:10:02:50 +0000] "GET / HTTP/1.1" 300 295
[Sat May 30 10:02:50.798776 2026] [wsgi:error] [pid 9:tid 140392982943424] [remote 10.0.0.38:46292] 2026-05-30 10:02:50.798 9 WARNING keystone.common.password_hashing [None req-56ae5533-1d92-4d16-904f-d4d9f4d03c08 - - - - - -] Truncating password to algorithm specific maximum length 72 characters.
[Sat May 30 10:02:51.073073 2026] [wsgi:error] [pid 9:tid 140392982943424] [remote 10.0.0.38:46292] 2026-05-30 10:02:51.072 9 WARNING keystone.common.fernet_utils [None req-56ae5533-1d92-4d16-904f-d4d9f4d03c08 - - - - - -] key_repository is world readable: /etc/keystone/fernet-keys/ 10.0.0.38 - - [30/May/2026:10:02:50 +0000] "POST /v3/auth/tokens HTTP/1.1" 201 1992
[Sat May 30 10:02:51.257162 2026] [wsgi:error] [pid 10:tid 140392982943424] [remote 10.0.0.38:46292] 2026-05-30 10:02:51.237 10 ERROR keystone.server.flask.application [None req-d244ccc1-0dd0-4359-afc7-1fad6f8b461b 848c4fbe336149be869a27bf7b11605f 55e2d51018604f488454ccdb6bce9a4a - - default default] Conflict occurred attempting to store project - it is not permitted to have two projects acting as domains with the same name: service.: keystone.exception.Conflict: Conflict occurred attempting to store project - it is not permitted to have two projects acting as domains with the same name: service.
[Sat May 30 10:02:51.257207 2026] [wsgi:error] [pid 10:tid 140392982943424] [remote 10.0.0.38:46292] 2026-05-30 10:02:51.237 10 ERROR keystone.server.flask.application
Traceback (most recent call last):
[Sat May 30 10:02:51.257209 2026] [wsgi:error] [pid 10:tid 140392982943424] [remote 10.0.0.38:46292] 2026-05-30 10:02:51.237 10 ERROR keystone.server.flask.application
File "/var/lib/openstack/lib/python3.12/site-packages/sqlalchemy/engine/base.py", line 1967, in _exec_single_context
[Sat May 30 10:02:51.257211 2026] [wsgi:error] [pid 10:tid 140392982943424] [remote 10.0.0.38:46292] 2026-05-30 10:02:51.237 10 ERROR keystone.server.flask.application self.dialect.do_execute(
[Sat May 30 10:02:51.257212 2026] [wsgi:error] [pid 10:tid 140392982943424] [remote 10.0.0.38:46292] 2026-05-30 10:02:51.237 10 ERROR keystone.server.flask.application
File "/var/lib/openstack/lib/python3.12/site-packages/sqlalchemy/engine/default.py", line 952, in do_execute
[Sat May 30 10:02:51.257214 2026] [wsgi:error] [pid 10:tid 140392982943424] [remote 10.0.0.38:46292] 2026-05-30 10:02:51.237 10 ERROR keystone.server.flask.application cursor.execute(statement, parameters)
[Sat May 30 10:02:51.257216 2026] [wsgi:error] [pid 10:tid 140392982943424] [remote 10.0.0.38:46292] 2026-05-30 10:02:51.237 10 ERROR keystone.server.flask.application
File "/var/lib/openstack/lib/python3.12/site-packages/pymysql/cursors.py", line 159, in execute
[Sat May 30 10:02:51.257218 2026] [wsgi:error] [pid 10:tid 140392982943424] [remote 10.0.0.38:46292] 2026-05-30 10:02:51.237 10 ERROR keystone.server.flask.application result = self._query(query)
[Sat May 30 10:02:51.257219 2026] [wsgi:error] [pid 10:tid 140392982943424] [remote 10.0.0.38:46292] 2026-05-30 10:02:51.237 10 ERROR keystone.server.flask.application ^^^^^^^^^^^^^^^^^^
[Sat May 30 10:02:51.257220 2026] [wsgi:error] [pid 10:tid 140392982943424] [remote 10.0.0.38:46292] 2026-05-30 10:02:51.237 10 ERROR keystone.server.flask.application
File "/var/lib/openstack/lib/python3.12/site-packages/pymysql/cursors.py", line 330, in _query
[Sat May 30 10:02:51.257222 2026] [wsgi:error] [pid 10:tid 140392982943424] [remote 10.0.0.38:46292] 2026-05-30 10:02:51.237 10 ERROR keystone.server.flask.application conn.query(q)
[Sat May 30 10:02:51.257223 2026] [wsgi:error] [pid 10:tid 140392982943424] [remote 10.0.0.38:46292] 2026-05-30 10:02:51.237 10 ERROR keystone.server.flask.application
File "/var/lib/openstack/lib/python3.12/site-packages/pymysql/connections.py", line 582, in query
[Sat May 30 10:02:51.257225 2026] [wsgi:error] [pid 10:tid 140392982943424] [remote 10.0.0.38:46292] 2026-05-30 10:02:51.237 10 ERROR keystone.server.flask.application self._affected_rows = self._read_query_result(unbuffered=unbuffered)
[Sat May 30 10:02:51.257226 2026] [wsgi:error] [pid 10:tid 140392982943424] [remote 10.0.0.38:46292] 2026-05-30 10:02:51.237 10 ERROR keystone.server.flask.application ^^^^^^^^^^^^^^^^^^^^^^^^^^^^^^^^^^^^^^^^^^^^^^
[Sat May 30 10:02:51.257228 2026] [wsgi:error] [pid 10:tid 140392982943424] [remote 10.0.0.38:46292] 2026-05-30 10:02:51.237 10 ERROR keystone.server.flask.application
File "/var/lib/openstack/lib/python3.12/site-packages/pymysql/connections.py", line 847, in _read_query_result
[Sat May 30 10:02:51.257231 2026] [wsgi:error] [pid 10:tid 140392982943424] [remote 10.0.0.38:46292] 2026-05-30 10:02:51.237 10 ERROR keystone.server.flask.application result.read()
[Sat May 30 10:02:51.257234 2026] [wsgi:error] [pid 10:tid 140392982943424] [remote 10.0.0.38:46292] 2026-05-30 10:02:51.237 10 ERROR keystone.server.flask.application
File "/var/lib/openstack/lib/python3.12/site-packages/pymysql/connections.py", line 1245, in read
[Sat May 30 10:02:51.257236 2026] [wsgi:error] [pid 10:tid 140392982943424] [remote 10.0.0.38:46292] 2026-05-30 10:02:51.237 10 ERROR keystone.server.flask.application first_packet = self.connection._read_packet()
[Sat May 30 10:02:51.257237 2026] [wsgi:error] [pid 10:tid 140392982943424] [remote 10.0.0.38:46292] 2026-05-30 10:02:51.237 10 ERROR keystone.server.flask.application ^^^^^^^^^^^^^^^^^^^^^^^^^^^^^^
[Sat May 30 10:02:51.257238 2026] [wsgi:error] [pid 10:tid 140392982943424] [remote 10.0.0.38:46292] 2026-05-30 10:02:51.237 10 ERROR keystone.server.flask.application
File "/var/lib/openstack/lib/python3.12/site-packages/pymysql/connections.py", line 803, in _read_packet
[Sat May 30 10:02:51.257240 2026] [wsgi:error] [pid 10:tid 140392982943424] [remote 10.0.0.38:46292] 2026-05-30 10:02:51.237 10 ERROR keystone.server.flask.application packet.raise_for_error()
[Sat May 30 10:02:51.257241 2026] [wsgi:error] [pid 10:tid 140392982943424] [remote 10.0.0.38:46292] 2026-05-30 10:02:51.237 10 ERROR keystone.server.flask.application
File "/var/lib/openstack/lib/python3.12/site-packages/pymysql/protocol.py", line 219, in raise_for_error
[Sat May 30 10:02:51.257242 2026] [wsgi:error] [pid 10:tid 140392982943424] [remote 10.0.0.38:46292] 2026-05-30 10:02:51.237 10 ERROR keystone.server.flask.application err.raise_mysql_exception(self._data)
[Sat May 30 10:02:51.257244 2026] [wsgi:error] [pid 10:tid 140392982943424] [remote 10.0.0.38:46292] 2026-05-30 10:02:51.237 10 ERROR keystone.server.flask.application
File "/var/lib/openstack/lib/python3.12/site-packages/pymysql/err.py", line 154, in raise_mysql_exception
[Sat May 30 10:02:51.257245 2026] [wsgi:error] [pid 10:tid 140392982943424] [remote 10.0.0.38:46292] 2026-05-30 10:02:51.237 10 ERROR keystone.server.flask.application raise errorclass(errno, errval, sqlstate=sqlstate)
[Sat May 30 10:02:51.257247 2026] [wsgi:error] [pid 10:tid 140392982943424] [remote 10.0.0.38:46292] 2026-05-30 10:02:51.237 10 ERROR keystone.server.flask.application pymysql.err.IntegrityError: (1062, "Duplicate entry '<>-service' for key 'project.ixu_project_name_domain_id'")
[Sat May 30 10:02:51.257248 2026] [wsgi:error] [pid 10:tid 140392982943424] [remote 10.0.0.38:46292] 2026-05-30 10:02:51.237 10 ERROR keystone.server.flask.application
[Sat May 30 10:02:51.257250 2026] [wsgi:error] [pid 10:tid 140392982943424] [remote 10.0.0.38:46292] 2026-05-30 10:02:51.237 10 ERROR keystone.server.flask.application The above exception was the direct cause of the following exception:
[Sat May 30 10:02:51.257251 2026] [wsgi:error] [pid 10:tid 140392982943424] [remote 10.0.0.38:46292] 2026-05-30 10:02:51.237 10 ERROR keystone.server.flask.application
[Sat May 30 10:02:51.257252 2026] [wsgi:error] [pid 10:tid 140392982943424] [remote 10.0.0.38:46292] 2026-05-30 10:02:51.237 10 ERROR keystone.server.flask.application
Traceback (most recent call last):
[Sat May 30 10:02:51.257253 2026] [wsgi:error] [pid 10:tid 140392982943424] [remote 10.0.0.38:46292] 2026-05-30 10:02:51.237 10 ERROR keystone.server.flask.application
File "/var/lib/openstack/lib/python3.12/site-packages/keystone/common/sql/core.py", line 575, in wrapper
[Sat May 30 10:02:51.257255 2026] [wsgi:error] [pid 10:tid 140392982943424] [remote 10.0.0.38:46292] 2026-05-30 10:02:51.237 10 ERROR keystone.server.flask.application return method(*args, **kwargs)
[Sat May 30 10:02:51.257256 2026] [wsgi:error] [pid 10:tid 140392982943424] [remote 10.0.0.38:46292] 2026-05-30 10:02:51.237 10 ERROR keystone.server.flask.application ^^^^^^^^^^^^^^^^^^^^^^^
[Sat May 30 10:02:51.257258 2026] [wsgi:error] [pid 10:tid 140392982943424] [remote 10.0.0.38:46292] 2026-05-30 10:02:51.237 10 ERROR keystone.server.flask.application
File "/var/lib/openstack/lib/python3.12/site-packages/keystone/resource/backends/sql.py", line 278, in create_project
[Sat May 30 10:02:51.257260 2026] [wsgi:error] [pid 10:tid 140392982943424] [remote 10.0.0.38:46292] 2026-05-30 10:02:51.237 10 ERROR keystone.server.flask.application with sql.session_for_write() as session:
[Sat May 30 10:02:51.257261 2026] [wsgi:error] [pid 10:tid 140392982943424] [remote 10.0.0.38:46292] 2026-05-30 10:02:51.237 10 ERROR keystone.server.flask.application
File "/usr/lib/python3.12/contextlib.py", line 144, in __exit__
[Sat May 30 10:02:51.257263 2026] [wsgi:error] [pid 10:tid 140392982943424] [remote 10.0.0.38:46292] 2026-05-30 10:02:51.237 10 ERROR keystone.server.flask.application next(self.gen)
[Sat May 30 10:02:51.257277 2026] [wsgi:error] [pid 10:tid 140392982943424] [remote 10.0.0.38:46292] 2026-05-30 10:02:51.237 10 ERROR keystone.server.flask.application
File "/var/lib/openstack/lib/python3.12/site-packages/oslo_db/sqlalchemy/enginefacade.py", line 1175, in _transaction_scope
[Sat May 30 10:02:51.257279 2026] [wsgi:error] [pid 10:tid 140392982943424] [remote 10.0.0.38:46292] 2026-05-30 10:02:51.237 10 ERROR keystone.server.flask.application with current._produce_block(
[Sat May 30 10:02:51.257280 2026] [wsgi:error] [pid 10:tid 140392982943424] [remote 10.0.0.38:46292] 2026-05-30 10:02:51.237 10 ERROR keystone.server.flask.application
File "/usr/lib/python3.12/contextlib.py", line 144, in __exit__
[Sat May 30 10:02:51.257282 2026] [wsgi:error] [pid 10:tid 140392982943424] [remote 10.0.0.38:46292] 2026-05-30 10:02:51.237 10 ERROR keystone.server.flask.application next(self.gen)
[Sat May 30 10:02:51.257284 2026] [wsgi:error] [pid 10:tid 140392982943424] [remote 10.0.0.38:46292] 2026-05-30 10:02:51.237 10 ERROR keystone.server.flask.application
File "/var/lib/openstack/lib/python3.12/site-packages/oslo_db/sqlalchemy/enginefacade.py", line 837, in _session
[Sat May 30 10:02:51.257285 2026] [wsgi:error] [pid 10:tid 140392982943424] [remote 10.0.0.38:46292] 2026-05-30 10:02:51.237 10 ERROR keystone.server.flask.application with excutils.save_and_reraise_exception():
[Sat May 30 10:02:51.257287 2026] [wsgi:error] [pid 10:tid 140392982943424] [remote 10.0.0.38:46292] 2026-05-30 10:02:51.237 10 ERROR keystone.server.flask.application
File "/var/lib/openstack/lib/python3.12/site-packages/oslo_utils/excutils.py", line 266, in __exit__
[Sat May 30 10:02:51.257289 2026] [wsgi:error] [pid 10:tid 140392982943424] [remote 10.0.0.38:46292] 2026-05-30 10:02:51.237 10 ERROR keystone.server.flask.application self.force_reraise()
[Sat May 30 10:02:51.257290 2026] [wsgi:error] [pid 10:tid 140392982943424] [remote 10.0.0.38:46292] 2026-05-30 10:02:51.237 10 ERROR keystone.server.flask.application
File "/var/lib/openstack/lib/python3.12/site-packages/oslo_utils/excutils.py", line 232, in force_reraise
[Sat May 30 10:02:51.257292 2026] [wsgi:error] [pid 10:tid 140392982943424] [remote 10.0.0.38:46292] 2026-05-30 10:02:51.237 10 ERROR keystone.server.flask.application raise self.value
[Sat May 30 10:02:51.257293 2026] [wsgi:error] [pid 10:tid 140392982943424] [remote 10.0.0.38:46292] 2026-05-30 10:02:51.237 10 ERROR keystone.server.flask.application
File "/var/lib/openstack/lib/python3.12/site-packages/oslo_db/sqlalchemy/enginefacade.py", line 835, in _session
[Sat May 30 10:02:51.257295 2026] [wsgi:error] [pid 10:tid 140392982943424] [remote 10.0.0.38:46292] 2026-05-30 10:02:51.237 10 ERROR keystone.server.flask.application self._end_session_transaction(self.session)
[Sat May 30 10:02:51.257297 2026] [wsgi:error] [pid 10:tid 140392982943424] [remote 10.0.0.38:46292] 2026-05-30 10:02:51.237 10 ERROR keystone.server.flask.application
File "/var/lib/openstack/lib/python3.12/site-packages/oslo_db/sqlalchemy/enginefacade.py", line 748, in _end_session_transaction
[Sat May 30 10:02:51.257298 2026] [wsgi:error] [pid 10:tid 140392982943424] [remote 10.0.0.38:46292] 2026-05-30 10:02:51.237 10 ERROR keystone.server.flask.application session.commit()
[Sat May 30 10:02:51.257300 2026] [wsgi:error] [pid 10:tid 140392982943424] [remote 10.0.0.38:46292] 2026-05-30 10:02:51.237 10 ERROR keystone.server.flask.application
File "/var/lib/openstack/lib/python3.12/site-packages/sqlalchemy/orm/session.py", line 2030, in commit
[Sat May 30 10:02:51.257303 2026] [wsgi:error] [pid 10:tid 140392982943424] [remote 10.0.0.38:46292] 2026-05-30 10:02:51.237 10 ERROR keystone.server.flask.application trans.commit(_to_root=True)
[Sat May 30 10:02:51.257304 2026] [wsgi:error] [pid 10:tid 140392982943424] [remote 10.0.0.38:46292] 2026-05-30 10:02:51.237 10 ERROR keystone.server.flask.application File "", line 2, in commit
[Sat May 30 10:02:51.257307 2026] [wsgi:error] [pid 10:tid 140392982943424] [remote 10.0.0.38:46292] 2026-05-30 10:02:51.237 10 ERROR keystone.server.flask.application
File "/var/lib/openstack/lib/python3.12/site-packages/sqlalchemy/orm/state_changes.py", line 137, in _go
[Sat May 30 10:02:51.257313 2026] [wsgi:error] [pid 10:tid 140392982943424] [remote 10.0.0.38:46292] 2026-05-30 10:02:51.237 10 ERROR keystone.server.flask.application ret_value = fn(self, *arg, **kw)
[Sat May 30 10:02:51.257314 2026] [wsgi:error] [pid 10:tid 140392982943424] [remote 10.0.0.38:46292] 2026-05-30 10:02:51.237 10 ERROR keystone.server.flask.application ^^^^^^^^^^^^^^^^^^^^
[Sat May 30 10:02:51.257316 2026] [wsgi:error] [pid 10:tid 140392982943424] [remote 10.0.0.38:46292] 2026-05-30 10:02:51.237 10 ERROR keystone.server.flask.application
File "/var/lib/openstack/lib/python3.12/site-packages/sqlalchemy/orm/session.py", line 1311, in commit
[Sat May 30 10:02:51.257318 2026] [wsgi:error] [pid 10:tid 140392982943424] [remote 10.0.0.38:46292] 2026-05-30 10:02:51.237 10 ERROR keystone.server.flask.application self._prepare_impl()
[Sat May 30 10:02:51.257320 2026] [wsgi:error] [pid 10:tid 140392982943424] [remote 10.0.0.38:46292] 2026-05-30 10:02:51.237 10 ERROR keystone.server.flask.application File "", line 2, in _prepare_impl
[Sat May 30 10:02:51.257322 2026] [wsgi:error] [pid 10:tid 140392982943424] [remote 10.0.0.38:46292] 2026-05-30 10:02:51.237 10 ERROR keystone.server.flask.application
File "/var/lib/openstack/lib/python3.12/site-packages/sqlalchemy/orm/state_changes.py", line 137, in _go
[Sat May 30 10:02:51.257325 2026] [wsgi:error] [pid 10:tid 140392982943424] [remote 10.0.0.38:46292] 2026-05-30 10:02:51.237 10 ERROR keystone.server.flask.application ret_value = fn(self, *arg, **kw)
[Sat May 30 10:02:51.257329 2026] [wsgi:error] [pid 10:tid 140392982943424] [remote 10.0.0.38:46292] 2026-05-30 10:02:51.237 10 ERROR keystone.server.flask.application ^^^^^^^^^^^^^^^^^^^^
[Sat May 30 10:02:51.257331 2026] [wsgi:error] [pid 10:tid 140392982943424] [remote 10.0.0.38:46292] 2026-05-30 10:02:51.237 10 ERROR keystone.server.flask.application
File "/var/lib/openstack/lib/python3.12/site-packages/sqlalchemy/orm/session.py", line 1286, in _prepare_impl
[Sat May 30 10:02:51.257333 2026] [wsgi:error] [pid 10:tid 140392982943424] [remote 10.0.0.38:46292] 2026-05-30 10:02:51.237 10 ERROR keystone.server.flask.application self.session.flush()
[Sat May 30 10:02:51.257337 2026] [wsgi:error] [pid 10:tid 140392982943424] [remote 10.0.0.38:46292] 2026-05-30 10:02:51.237 10 ERROR keystone.server.flask.application
File "/var/lib/openstack/lib/python3.12/site-packages/sqlalchemy/orm/session.py", line 4331, in flush
[Sat May 30 10:02:51.257339 2026] [wsgi:error] [pid 10:tid 140392982943424] [remote 10.0.0.38:46292] 2026-05-30 10:02:51.237 10 ERROR keystone.server.flask.application self._flush(objects)
[Sat May 30 10:02:51.257340 2026] [wsgi:error] [pid 10:tid 140392982943424] [remote 10.0.0.38:46292] 2026-05-30 10:02:51.237 10 ERROR keystone.server.flask.application
File "/var/lib/openstack/lib/python3.12/site-packages/sqlalchemy/orm/session.py", line 4466, in _flush
[Sat May 30 10:02:51.257342 2026] [wsgi:error] [pid 10:tid 140392982943424] [remote 10.0.0.38:46292] 2026-05-30 10:02:51.237 10 ERROR keystone.server.flask.application with util.safe_reraise():
[Sat May 30 10:02:51.257343 2026] [wsgi:error] [pid 10:tid 140392982943424] [remote 10.0.0.38:46292] 2026-05-30 10:02:51.237 10 ERROR keystone.server.flask.application
File "/var/lib/openstack/lib/python3.12/site-packages/sqlalchemy/util/langhelpers.py", line 121, in __exit__
[Sat May 30 10:02:51.257345 2026] [wsgi:error] [pid 10:tid 140392982943424] [remote 10.0.0.38:46292] 2026-05-30 10:02:51.237 10 ERROR keystone.server.flask.application raise exc_value.with_traceback(exc_tb)
[Sat May 30 10:02:51.257349 2026] [wsgi:error] [pid 10:tid 140392982943424] [remote 10.0.0.38:46292] 2026-05-30 10:02:51.237 10 ERROR keystone.server.flask.application
File "/var/lib/openstack/lib/python3.12/site-packages/sqlalchemy/orm/session.py", line 4427, in _flush
[Sat May 30 10:02:51.257351 2026] [wsgi:error] [pid 10:tid 140392982943424] [remote 10.0.0.38:46292] 2026-05-30 10:02:51.237 10 ERROR keystone.server.flask.application flush_context.execute()
[Sat May 30 10:02:51.257353 2026] [wsgi:error] [pid 10:tid 140392982943424] [remote 10.0.0.38:46292] 2026-05-30 10:02:51.237 10 ERROR keystone.server.flask.application
File "/var/lib/openstack/lib/python3.12/site-packages/sqlalchemy/orm/unitofwork.py", line 466, in execute
[Sat May 30 10:02:51.257357 2026] [wsgi:error] [pid 10:tid 140392982943424] [remote 10.0.0.38:46292] 2026-05-30 10:02:51.237 10 ERROR keystone.server.flask.application rec.execute(self)
