Jun 11 23:04:14.391218 np0000179723 systemd[1]: Starting devstack@n-api-meta.service - Devstack devstack@n-api-meta.service...
Jun 11 23:04:14.399399 np0000179723 devstack@n-api-meta.service[107960]: [uWSGI] getting INI configuration from /etc/nova/nova-metadata-uwsgi.ini
Jun 11 23:04:14.402760 np0000179723 devstack@n-api-meta.service[107960]: *** Starting uWSGI 2.0.24-debian (64bit) on [Thu Jun 11 23:04:14 2026] ***
Jun 11 23:04:14.402760 np0000179723 devstack@n-api-meta.service[107960]: compiled with version: 13.2.0 on 17 April 2024 16:23:48
Jun 11 23:04:14.402760 np0000179723 devstack@n-api-meta.service[107960]: os: Linux-6.8.0-124-generic #124-Ubuntu SMP PREEMPT_DYNAMIC Tue May 26 13:00:45 UTC 2026
Jun 11 23:04:14.402760 np0000179723 devstack@n-api-meta.service[107960]: nodename: np0000179723
Jun 11 23:04:14.402760 np0000179723 devstack@n-api-meta.service[107960]: machine: x86_64
Jun 11 23:04:14.402760 np0000179723 devstack@n-api-meta.service[107960]: clock source: unix
Jun 11 23:04:14.402760 np0000179723 devstack@n-api-meta.service[107960]: pcre jit disabled
Jun 11 23:04:14.402760 np0000179723 devstack@n-api-meta.service[107960]: detected number of CPU cores: 16
Jun 11 23:04:14.402760 np0000179723 devstack@n-api-meta.service[107960]: current working directory: /
Jun 11 23:04:14.402760 np0000179723 devstack@n-api-meta.service[107960]: detected binary path: /usr/bin/uwsgi-core
Jun 11 23:04:14.402760 np0000179723 devstack@n-api-meta.service[107960]: your processes number limit is 256917
Jun 11 23:04:14.402760 np0000179723 devstack@n-api-meta.service[107960]: your memory page size is 4096 bytes
Jun 11 23:04:14.402760 np0000179723 devstack@n-api-meta.service[107960]: detected max file descriptor number: 2048
Jun 11 23:04:14.402760 np0000179723 devstack@n-api-meta.service[107960]: lock engine: pthread robust mutexes
Jun 11 23:04:14.403454 np0000179723 devstack@n-api-meta.service[107960]: thunder lock: enabled
Jun 11 23:04:14.403454 np0000179723 devstack@n-api-meta.service[107960]: uWSGI http bound on 0.0.0.0:8775 fd 5
Jun 11 23:04:14.403454 np0000179723 devstack@n-api-meta.service[107960]: uwsgi socket 0 bound to TCP address 127.0.0.1:42913 (port auto-assigned) fd 4
Jun 11 23:04:14.403454 np0000179723 devstack@n-api-meta.service[107960]: Python version: 3.12.3 (main, Mar 23 2026, 19:04:32) [GCC 13.3.0]
Jun 11 23:04:14.403454 np0000179723 devstack@n-api-meta.service[107960]: PEP 405 virtualenv detected: /opt/stack/data/venv
Jun 11 23:04:14.403454 np0000179723 devstack@n-api-meta.service[107960]: Set PythonHome to /opt/stack/data/venv
Jun 11 23:04:14.441108 np0000179723 devstack@n-api-meta.service[107960]: Python main interpreter initialized at 0x713e84aa3668
Jun 11 23:04:14.441108 np0000179723 devstack@n-api-meta.service[107960]: python threads support enabled
Jun 11 23:04:14.441108 np0000179723 devstack@n-api-meta.service[107960]: your server socket listen backlog is limited to 100 connections
Jun 11 23:04:14.441108 np0000179723 devstack@n-api-meta.service[107960]: your mercy for graceful operations on workers is 80 seconds
Jun 11 23:04:14.441632 np0000179723 devstack@n-api-meta.service[107960]: mapped 671795 bytes (656 KB) for 4 cores
Jun 11 23:04:14.441778 np0000179723 devstack@n-api-meta.service[107960]: *** Operational MODE: preforking ***
Jun 11 23:04:14.441939 np0000179723 devstack@n-api-meta.service[107960]: *** uWSGI is running in multiple interpreter mode ***
Jun 11 23:04:14.441939 np0000179723 devstack@n-api-meta.service[107960]: spawned uWSGI master process (pid: 107960)
Jun 11 23:04:14.442413 np0000179723 systemd[1]: Started devstack@n-api-meta.service - Devstack devstack@n-api-meta.service.
Jun 11 23:04:14.442671 np0000179723 devstack@n-api-meta.service[107960]: spawned uWSGI worker 1 (pid: 107961, cores: 1)
Jun 11 23:04:14.443376 np0000179723 devstack@n-api-meta.service[107960]: spawned uWSGI worker 2 (pid: 107962, cores: 1)
Jun 11 23:04:14.443854 np0000179723 devstack@n-api-meta.service[107960]: spawned uWSGI worker 3 (pid: 107963, cores: 1)
Jun 11 23:04:14.444332 np0000179723 devstack@n-api-meta.service[107960]: spawned uWSGI worker 4 (pid: 107964, cores: 1)
Jun 11 23:04:14.444851 np0000179723 devstack@n-api-meta.service[107960]: spawned uWSGI http 1 (pid: 107965)
Jun 11 23:04:14.444851 np0000179723 devstack@n-api-meta.service[107960]: running "unix_signal:15 gracefully_kill_them_all" (master-start)...
Jun 11 23:04:16.079178 np0000179723 devstack@n-api-meta.service[107961]: INFO dbcounter [None req-c5f9e98a-1c02-44f5-9ecf-77ff2d30f021 None None] Registered counter for database nova_api
Jun 11 23:04:16.129459 np0000179723 devstack@n-api-meta.service[107961]: DEBUG oslo_db.sqlalchemy.engines [None req-c5f9e98a-1c02-44f5-9ecf-77ff2d30f021 None None] MySQL server mode set to STRICT_TRANS_TABLES,STRICT_ALL_TABLES,NO_ZERO_IN_DATE,NO_ZERO_DATE,ERROR_FOR_DIVISION_BY_ZERO,TRADITIONAL,NO_ENGINE_SUBSTITUTION {{(pid=107961) _check_effective_sql_mode /opt/stack/data/venv/lib/python3.12/site-packages/oslo_db/sqlalchemy/engines.py:325}}
Jun 11 23:04:16.129593 np0000179723 devstack@n-api-meta.service[107964]: INFO dbcounter [None req-a37ded08-a18e-402c-b72a-96aa71bedf4c None None] Registered counter for database nova_api
Jun 11 23:04:16.131135 np0000179723 devstack@n-api-meta.service[107962]: INFO dbcounter [None req-3934177a-709b-4273-86a9-a66a383e81cf None None] Registered counter for database nova_api
Jun 11 23:04:16.141279 np0000179723 devstack@n-api-meta.service[107963]: INFO dbcounter [None req-28841dd5-c08e-464a-ab01-4b7e588298cf None None] Registered counter for database nova_api
Jun 11 23:04:16.158926 np0000179723 devstack@n-api-meta.service[107961]: DEBUG dbcounter [-] [107961] Writer thread running {{(pid=107961) stat_writer /opt/stack/data/venv/lib/python3.12/site-packages/dbcounter.py:102}}
Jun 11 23:04:16.161381 np0000179723 devstack@n-api-meta.service[107961]: DEBUG nova.context [None req-c5f9e98a-1c02-44f5-9ecf-77ff2d30f021 None None] Found 2 cells: 00000000-0000-0000-0000-000000000000(cell0),09beecf3-93a4-4f85-96ca-53a50039d7fa(cell1) {{(pid=107961) load_cells /opt/stack/nova/nova/context.py:509}}
Jun 11 23:04:16.161596 np0000179723 devstack@n-api-meta.service[107961]: INFO nova.utils [None req-c5f9e98a-1c02-44f5-9ecf-77ff2d30f021 None None] The cell worker thread pool MainProcess.cell_worker is initialized
Jun 11 23:04:16.163300 np0000179723 devstack@n-api-meta.service[107961]: DEBUG oslo_concurrency.lockutils [None req-c5f9e98a-1c02-44f5-9ecf-77ff2d30f021 None None] Acquiring lock "00000000-0000-0000-0000-000000000000" by "nova.context.set_target_cell..get_or_set_cached_cell_and_set_connections" {{(pid=107961) inner /opt/stack/data/venv/lib/python3.12/site-packages/oslo_concurrency/lockutils.py:511}}
Jun 11 23:04:16.163516 np0000179723 devstack@n-api-meta.service[107961]: DEBUG oslo_concurrency.lockutils [None req-c5f9e98a-1c02-44f5-9ecf-77ff2d30f021 None None] Lock "00000000-0000-0000-0000-000000000000" acquired by "nova.context.set_target_cell..get_or_set_cached_cell_and_set_connections" :: waited 0.000s {{(pid=107961) inner /opt/stack/data/venv/lib/python3.12/site-packages/oslo_concurrency/lockutils.py:524}}
Jun 11 23:04:16.163858 np0000179723 devstack@n-api-meta.service[107961]: DEBUG oslo_concurrency.lockutils [None req-c5f9e98a-1c02-44f5-9ecf-77ff2d30f021 None None] Lock "00000000-0000-0000-0000-000000000000" "released" by "nova.context.set_target_cell..get_or_set_cached_cell_and_set_connections" :: held 0.000s {{(pid=107961) inner /opt/stack/data/venv/lib/python3.12/site-packages/oslo_concurrency/lockutils.py:543}}
Jun 11 23:04:16.164922 np0000179723 devstack@n-api-meta.service[107961]: DEBUG oslo_concurrency.lockutils [None req-c5f9e98a-1c02-44f5-9ecf-77ff2d30f021 None None] Acquiring lock "09beecf3-93a4-4f85-96ca-53a50039d7fa" by "nova.context.set_target_cell..get_or_set_cached_cell_and_set_connections" {{(pid=107961) inner /opt/stack/data/venv/lib/python3.12/site-packages/oslo_concurrency/lockutils.py:511}}
Jun 11 23:04:16.165046 np0000179723 devstack@n-api-meta.service[107961]: DEBUG oslo_concurrency.lockutils [None req-c5f9e98a-1c02-44f5-9ecf-77ff2d30f021 None None] Lock "09beecf3-93a4-4f85-96ca-53a50039d7fa" acquired by "nova.context.set_target_cell..get_or_set_cached_cell_and_set_connections" :: waited 0.000s {{(pid=107961) inner /opt/stack/data/venv/lib/python3.12/site-packages/oslo_concurrency/lockutils.py:524}}
Jun 11 23:04:16.165887 np0000179723 devstack@n-api-meta.service[107961]: DEBUG oslo_concurrency.lockutils [None req-c5f9e98a-1c02-44f5-9ecf-77ff2d30f021 None None] Lock "09beecf3-93a4-4f85-96ca-53a50039d7fa" "released" by "nova.context.set_target_cell..get_or_set_cached_cell_and_set_connections" :: held 0.001s {{(pid=107961) inner /opt/stack/data/venv/lib/python3.12/site-packages/oslo_concurrency/lockutils.py:543}}
Jun 11 23:04:16.170084 np0000179723 devstack@n-api-meta.service[107961]: INFO dbcounter [None req-c5f9e98a-1c02-44f5-9ecf-77ff2d30f021 None None] Registered counter for database nova_cell0
Jun 11 23:04:16.177675 np0000179723 devstack@n-api-meta.service[107961]: INFO dbcounter [None req-c5f9e98a-1c02-44f5-9ecf-77ff2d30f021 None None] Registered counter for database nova_cell1
Jun 11 23:04:16.182383 np0000179723 devstack@n-api-meta.service[107962]: DEBUG oslo_db.sqlalchemy.engines [None req-3934177a-709b-4273-86a9-a66a383e81cf None None] MySQL server mode set to STRICT_TRANS_TABLES,STRICT_ALL_TABLES,NO_ZERO_IN_DATE,NO_ZERO_DATE,ERROR_FOR_DIVISION_BY_ZERO,TRADITIONAL,NO_ENGINE_SUBSTITUTION {{(pid=107962) _check_effective_sql_mode /opt/stack/data/venv/lib/python3.12/site-packages/oslo_db/sqlalchemy/engines.py:325}}
Jun 11 23:04:16.197654 np0000179723 devstack@n-api-meta.service[107963]: DEBUG oslo_db.sqlalchemy.engines [None req-28841dd5-c08e-464a-ab01-4b7e588298cf None None] MySQL server mode set to STRICT_TRANS_TABLES,STRICT_ALL_TABLES,NO_ZERO_IN_DATE,NO_ZERO_DATE,ERROR_FOR_DIVISION_BY_ZERO,TRADITIONAL,NO_ENGINE_SUBSTITUTION {{(pid=107963) _check_effective_sql_mode /opt/stack/data/venv/lib/python3.12/site-packages/oslo_db/sqlalchemy/engines.py:325}}
Jun 11 23:04:16.201447 np0000179723 devstack@n-api-meta.service[107964]: DEBUG oslo_db.sqlalchemy.engines [None req-a37ded08-a18e-402c-b72a-96aa71bedf4c None None] MySQL server mode set to STRICT_TRANS_TABLES,STRICT_ALL_TABLES,NO_ZERO_IN_DATE,NO_ZERO_DATE,ERROR_FOR_DIVISION_BY_ZERO,TRADITIONAL,NO_ENGINE_SUBSTITUTION {{(pid=107964) _check_effective_sql_mode /opt/stack/data/venv/lib/python3.12/site-packages/oslo_db/sqlalchemy/engines.py:325}}
Jun 11 23:04:16.216115 np0000179723 devstack@n-api-meta.service[107962]: DEBUG dbcounter [-] [107962] Writer thread running {{(pid=107962) stat_writer /opt/stack/data/venv/lib/python3.12/site-packages/dbcounter.py:102}}
Jun 11 23:04:16.218597 np0000179723 devstack@n-api-meta.service[107962]: DEBUG nova.context [None req-3934177a-709b-4273-86a9-a66a383e81cf None None] Found 2 cells: 00000000-0000-0000-0000-000000000000(cell0),09beecf3-93a4-4f85-96ca-53a50039d7fa(cell1) {{(pid=107962) load_cells /opt/stack/nova/nova/context.py:509}}
Jun 11 23:04:16.218915 np0000179723 devstack@n-api-meta.service[107962]: INFO nova.utils [None req-3934177a-709b-4273-86a9-a66a383e81cf None None] The cell worker thread pool MainProcess.cell_worker is initialized
Jun 11 23:04:16.220675 np0000179723 devstack@n-api-meta.service[107962]: DEBUG oslo_concurrency.lockutils [None req-3934177a-709b-4273-86a9-a66a383e81cf None None] Acquiring lock "00000000-0000-0000-0000-000000000000" by "nova.context.set_target_cell..get_or_set_cached_cell_and_set_connections" {{(pid=107962) inner /opt/stack/data/venv/lib/python3.12/site-packages/oslo_concurrency/lockutils.py:511}}
Jun 11 23:04:16.220838 np0000179723 devstack@n-api-meta.service[107962]: DEBUG oslo_concurrency.lockutils [None req-3934177a-709b-4273-86a9-a66a383e81cf None None] Lock "00000000-0000-0000-0000-000000000000" acquired by "nova.context.set_target_cell..get_or_set_cached_cell_and_set_connections" :: waited 0.000s {{(pid=107962) inner /opt/stack/data/venv/lib/python3.12/site-packages/oslo_concurrency/lockutils.py:524}}
Jun 11 23:04:16.221212 np0000179723 devstack@n-api-meta.service[107962]: DEBUG oslo_concurrency.lockutils [None req-3934177a-709b-4273-86a9-a66a383e81cf None None] Lock "00000000-0000-0000-0000-000000000000" "released" by "nova.context.set_target_cell..get_or_set_cached_cell_and_set_connections" :: held 0.000s {{(pid=107962) inner /opt/stack/data/venv/lib/python3.12/site-packages/oslo_concurrency/lockutils.py:543}}
Jun 11 23:04:16.221895 np0000179723 devstack@n-api-meta.service[107962]: DEBUG oslo_concurrency.lockutils [None req-3934177a-709b-4273-86a9-a66a383e81cf None None] Acquiring lock "09beecf3-93a4-4f85-96ca-53a50039d7fa" by "nova.context.set_target_cell..get_or_set_cached_cell_and_set_connections" {{(pid=107962) inner /opt/stack/data/venv/lib/python3.12/site-packages/oslo_concurrency/lockutils.py:511}}
Jun 11 23:04:16.222032 np0000179723 devstack@n-api-meta.service[107962]: DEBUG oslo_concurrency.lockutils [None req-3934177a-709b-4273-86a9-a66a383e81cf None None] Lock "09beecf3-93a4-4f85-96ca-53a50039d7fa" acquired by "nova.context.set_target_cell..get_or_set_cached_cell_and_set_connections" :: waited 0.000s {{(pid=107962) inner /opt/stack/data/venv/lib/python3.12/site-packages/oslo_concurrency/lockutils.py:524}}
Jun 11 23:04:16.222847 np0000179723 devstack@n-api-meta.service[107962]: DEBUG oslo_concurrency.lockutils [None req-3934177a-709b-4273-86a9-a66a383e81cf None None] Lock "09beecf3-93a4-4f85-96ca-53a50039d7fa" "released" by "nova.context.set_target_cell..get_or_set_cached_cell_and_set_connections" :: held 0.001s {{(pid=107962) inner /opt/stack/data/venv/lib/python3.12/site-packages/oslo_concurrency/lockutils.py:543}}
Jun 11 23:04:16.225722 np0000179723 devstack@n-api-meta.service[107962]: INFO dbcounter [None req-3934177a-709b-4273-86a9-a66a383e81cf None None] Registered counter for database nova_cell0
Jun 11 23:04:16.230851 np0000179723 devstack@n-api-meta.service[107962]: INFO dbcounter [None req-3934177a-709b-4273-86a9-a66a383e81cf None None] Registered counter for database nova_cell1
Jun 11 23:04:16.231481 np0000179723 devstack@n-api-meta.service[107963]: DEBUG dbcounter [-] [107963] Writer thread running {{(pid=107963) stat_writer /opt/stack/data/venv/lib/python3.12/site-packages/dbcounter.py:102}}
Jun 11 23:04:16.234075 np0000179723 devstack@n-api-meta.service[107963]: DEBUG nova.context [None req-28841dd5-c08e-464a-ab01-4b7e588298cf None None] Found 2 cells: 00000000-0000-0000-0000-000000000000(cell0),09beecf3-93a4-4f85-96ca-53a50039d7fa(cell1) {{(pid=107963) load_cells /opt/stack/nova/nova/context.py:509}}
Jun 11 23:04:16.234393 np0000179723 devstack@n-api-meta.service[107963]: INFO nova.utils [None req-28841dd5-c08e-464a-ab01-4b7e588298cf None None] The cell worker thread pool MainProcess.cell_worker is initialized
Jun 11 23:04:16.234694 np0000179723 devstack@n-api-meta.service[107964]: DEBUG dbcounter [-] [107964] Writer thread running {{(pid=107964) stat_writer /opt/stack/data/venv/lib/python3.12/site-packages/dbcounter.py:102}}
Jun 11 23:04:16.236335 np0000179723 devstack@n-api-meta.service[107963]: DEBUG oslo_concurrency.lockutils [None req-28841dd5-c08e-464a-ab01-4b7e588298cf None None] Acquiring lock "00000000-0000-0000-0000-000000000000" by "nova.context.set_target_cell..get_or_set_cached_cell_and_set_connections" {{(pid=107963) inner /opt/stack/data/venv/lib/python3.12/site-packages/oslo_concurrency/lockutils.py:511}}
Jun 11 23:04:16.236604 np0000179723 devstack@n-api-meta.service[107963]: DEBUG oslo_concurrency.lockutils [None req-28841dd5-c08e-464a-ab01-4b7e588298cf None None] Lock "00000000-0000-0000-0000-000000000000" acquired by "nova.context.set_target_cell..get_or_set_cached_cell_and_set_connections" :: waited 0.000s {{(pid=107963) inner /opt/stack/data/venv/lib/python3.12/site-packages/oslo_concurrency/lockutils.py:524}}
Jun 11 23:04:16.237035 np0000179723 devstack@n-api-meta.service[107963]: DEBUG oslo_concurrency.lockutils [None req-28841dd5-c08e-464a-ab01-4b7e588298cf None None] Lock "00000000-0000-0000-0000-000000000000" "released" by "nova.context.set_target_cell..get_or_set_cached_cell_and_set_connections" :: held 0.000s {{(pid=107963) inner /opt/stack/data/venv/lib/python3.12/site-packages/oslo_concurrency/lockutils.py:543}}
Jun 11 23:04:16.237081 np0000179723 devstack@n-api-meta.service[107964]: DEBUG nova.context [None req-a37ded08-a18e-402c-b72a-96aa71bedf4c None None] Found 2 cells: 00000000-0000-0000-0000-000000000000(cell0),09beecf3-93a4-4f85-96ca-53a50039d7fa(cell1) {{(pid=107964) load_cells /opt/stack/nova/nova/context.py:509}}
Jun 11 23:04:16.237275 np0000179723 devstack@n-api-meta.service[107964]: INFO nova.utils [None req-a37ded08-a18e-402c-b72a-96aa71bedf4c None None] The cell worker thread pool MainProcess.cell_worker is initialized
Jun 11 23:04:16.238000 np0000179723 devstack@n-api-meta.service[107963]: DEBUG oslo_concurrency.lockutils [None req-28841dd5-c08e-464a-ab01-4b7e588298cf None None] Acquiring lock "09beecf3-93a4-4f85-96ca-53a50039d7fa" by "nova.context.set_target_cell..get_or_set_cached_cell_and_set_connections" {{(pid=107963) inner /opt/stack/data/venv/lib/python3.12/site-packages/oslo_concurrency/lockutils.py:511}}
Jun 11 23:04:16.238998 np0000179723 devstack@n-api-meta.service[107964]: DEBUG oslo_concurrency.lockutils [None req-a37ded08-a18e-402c-b72a-96aa71bedf4c None None] Acquiring lock "00000000-0000-0000-0000-000000000000" by "nova.context.set_target_cell..get_or_set_cached_cell_and_set_connections" {{(pid=107964) inner /opt/stack/data/venv/lib/python3.12/site-packages/oslo_concurrency/lockutils.py:511}}
Jun 11 23:04:16.239168 np0000179723 devstack@n-api-meta.service[107964]: DEBUG oslo_concurrency.lockutils [None req-a37ded08-a18e-402c-b72a-96aa71bedf4c None None] Lock "00000000-0000-0000-0000-000000000000" acquired by "nova.context.set_target_cell..get_or_set_cached_cell_and_set_connections" :: waited 0.000s {{(pid=107964) inner /opt/stack/data/venv/lib/python3.12/site-packages/oslo_concurrency/lockutils.py:524}}
Jun 11 23:04:16.239540 np0000179723 devstack@n-api-meta.service[107964]: DEBUG oslo_concurrency.lockutils [None req-a37ded08-a18e-402c-b72a-96aa71bedf4c None None] Lock "00000000-0000-0000-0000-000000000000" "released" by "nova.context.set_target_cell..get_or_set_cached_cell_and_set_connections" :: held 0.000s {{(pid=107964) inner /opt/stack/data/venv/lib/python3.12/site-packages/oslo_concurrency/lockutils.py:543}}
Jun 11 23:04:16.240281 np0000179723 devstack@n-api-meta.service[107964]: DEBUG oslo_concurrency.lockutils [None req-a37ded08-a18e-402c-b72a-96aa71bedf4c None None] Acquiring lock "09beecf3-93a4-4f85-96ca-53a50039d7fa" by "nova.context.set_target_cell..get_or_set_cached_cell_and_set_connections" {{(pid=107964) inner /opt/stack/data/venv/lib/python3.12/site-packages/oslo_concurrency/lockutils.py:511}}
Jun 11 23:04:16.240447 np0000179723 devstack@n-api-meta.service[107964]: DEBUG oslo_concurrency.lockutils [None req-a37ded08-a18e-402c-b72a-96aa71bedf4c None None] Lock "09beecf3-93a4-4f85-96ca-53a50039d7fa" acquired by "nova.context.set_target_cell..get_or_set_cached_cell_and_set_connections" :: waited 0.000s {{(pid=107964) inner /opt/stack/data/venv/lib/python3.12/site-packages/oslo_concurrency/lockutils.py:524}}
Jun 11 23:04:16.242114 np0000179723 devstack@n-api-meta.service[107963]: INFO dbcounter [None req-28841dd5-c08e-464a-ab01-4b7e588298cf None None] Registered counter for database nova_cell0
Jun 11 23:04:16.245233 np0000179723 devstack@n-api-meta.service[107964]: INFO dbcounter [None req-a37ded08-a18e-402c-b72a-96aa71bedf4c None None] Registered counter for database nova_cell0
Jun 11 23:04:16.245292 np0000179723 devstack@n-api-meta.service[107963]: DEBUG oslo_concurrency.lockutils [None req-28841dd5-c08e-464a-ab01-4b7e588298cf None None] Lock "09beecf3-93a4-4f85-96ca-53a50039d7fa" acquired by "nova.context.set_target_cell..get_or_set_cached_cell_and_set_connections" :: waited 0.004s {{(pid=107963) inner /opt/stack/data/venv/lib/python3.12/site-packages/oslo_concurrency/lockutils.py:524}}
Jun 11 23:04:16.245348 np0000179723 devstack@n-api-meta.service[107961]: DEBUG oslo_db.sqlalchemy.engines [None req-c5f9e98a-1c02-44f5-9ecf-77ff2d30f021 None None] MySQL server mode set to STRICT_TRANS_TABLES,STRICT_ALL_TABLES,NO_ZERO_IN_DATE,NO_ZERO_DATE,ERROR_FOR_DIVISION_BY_ZERO,TRADITIONAL,NO_ENGINE_SUBSTITUTION {{(pid=107961) _check_effective_sql_mode /opt/stack/data/venv/lib/python3.12/site-packages/oslo_db/sqlalchemy/engines.py:325}}
Jun 11 23:04:16.245391 np0000179723 devstack@n-api-meta.service[107963]: DEBUG oslo_concurrency.lockutils [None req-28841dd5-c08e-464a-ab01-4b7e588298cf None None] Lock "09beecf3-93a4-4f85-96ca-53a50039d7fa" "released" by "nova.context.set_target_cell..get_or_set_cached_cell_and_set_connections" :: held 0.003s {{(pid=107963) inner /opt/stack/data/venv/lib/python3.12/site-packages/oslo_concurrency/lockutils.py:543}}
Jun 11 23:04:16.245426 np0000179723 devstack@n-api-meta.service[107964]: DEBUG oslo_concurrency.lockutils [None req-a37ded08-a18e-402c-b72a-96aa71bedf4c None None] Lock "09beecf3-93a4-4f85-96ca-53a50039d7fa" "released" by "nova.context.set_target_cell..get_or_set_cached_cell_and_set_connections" :: held 0.003s {{(pid=107964) inner /opt/stack/data/venv/lib/python3.12/site-packages/oslo_concurrency/lockutils.py:543}}
Jun 11 23:04:16.247022 np0000179723 devstack@n-api-meta.service[107964]: INFO dbcounter [None req-a37ded08-a18e-402c-b72a-96aa71bedf4c None None] Registered counter for database nova_cell1
Jun 11 23:04:16.247821 np0000179723 devstack@n-api-meta.service[107963]: INFO dbcounter [None req-28841dd5-c08e-464a-ab01-4b7e588298cf None None] Registered counter for database nova_cell1
Jun 11 23:04:16.303863 np0000179723 devstack@n-api-meta.service[107962]: DEBUG oslo_db.sqlalchemy.engines [None req-3934177a-709b-4273-86a9-a66a383e81cf None None] MySQL server mode set to STRICT_TRANS_TABLES,STRICT_ALL_TABLES,NO_ZERO_IN_DATE,NO_ZERO_DATE,ERROR_FOR_DIVISION_BY_ZERO,TRADITIONAL,NO_ENGINE_SUBSTITUTION {{(pid=107962) _check_effective_sql_mode /opt/stack/data/venv/lib/python3.12/site-packages/oslo_db/sqlalchemy/engines.py:325}}
Jun 11 23:04:16.308478 np0000179723 devstack@n-api-meta.service[107963]: DEBUG oslo_db.sqlalchemy.engines [None req-28841dd5-c08e-464a-ab01-4b7e588298cf None None] MySQL server mode set to STRICT_TRANS_TABLES,STRICT_ALL_TABLES,NO_ZERO_IN_DATE,NO_ZERO_DATE,ERROR_FOR_DIVISION_BY_ZERO,TRADITIONAL,NO_ENGINE_SUBSTITUTION {{(pid=107963) _check_effective_sql_mode /opt/stack/data/venv/lib/python3.12/site-packages/oslo_db/sqlalchemy/engines.py:325}}
Jun 11 23:04:16.321350 np0000179723 devstack@n-api-meta.service[107964]: DEBUG oslo_db.sqlalchemy.engines [None req-a37ded08-a18e-402c-b72a-96aa71bedf4c None None] MySQL server mode set to STRICT_TRANS_TABLES,STRICT_ALL_TABLES,NO_ZERO_IN_DATE,NO_ZERO_DATE,ERROR_FOR_DIVISION_BY_ZERO,TRADITIONAL,NO_ENGINE_SUBSTITUTION {{(pid=107964) _check_effective_sql_mode /opt/stack/data/venv/lib/python3.12/site-packages/oslo_db/sqlalchemy/engines.py:325}}
Jun 11 23:04:16.334254 np0000179723 devstack@n-api-meta.service[107964]: DEBUG oslo_db.sqlalchemy.engines [None req-a37ded08-a18e-402c-b72a-96aa71bedf4c None None] MySQL server mode set to STRICT_TRANS_TABLES,STRICT_ALL_TABLES,NO_ZERO_IN_DATE,NO_ZERO_DATE,ERROR_FOR_DIVISION_BY_ZERO,TRADITIONAL,NO_ENGINE_SUBSTITUTION {{(pid=107964) _check_effective_sql_mode /opt/stack/data/venv/lib/python3.12/site-packages/oslo_db/sqlalchemy/engines.py:325}}
Jun 11 23:04:16.343855 np0000179723 devstack@n-api-meta.service[107961]: DEBUG oslo_db.sqlalchemy.engines [None req-c5f9e98a-1c02-44f5-9ecf-77ff2d30f021 None None] MySQL server mode set to STRICT_TRANS_TABLES,STRICT_ALL_TABLES,NO_ZERO_IN_DATE,NO_ZERO_DATE,ERROR_FOR_DIVISION_BY_ZERO,TRADITIONAL,NO_ENGINE_SUBSTITUTION {{(pid=107961) _check_effective_sql_mode /opt/stack/data/venv/lib/python3.12/site-packages/oslo_db/sqlalchemy/engines.py:325}}
Jun 11 23:04:16.345671 np0000179723 devstack@n-api-meta.service[107961]: DEBUG dbcounter [-] [107961] Writer thread running {{(pid=107961) stat_writer /opt/stack/data/venv/lib/python3.12/site-packages/dbcounter.py:102}}
Jun 11 23:04:16.355240 np0000179723 devstack@n-api-meta.service[107961]: DEBUG dbcounter [-] [107961] Writer thread running {{(pid=107961) stat_writer /opt/stack/data/venv/lib/python3.12/site-packages/dbcounter.py:102}}
Jun 11 23:04:16.359125 np0000179723 devstack@n-api-meta.service[107961]: INFO dbcounter [None req-c5f9e98a-1c02-44f5-9ecf-77ff2d30f021 None None] Registered counter for database nova_cell0
Jun 11 23:04:16.379221 np0000179723 devstack@n-api-meta.service[107963]: DEBUG oslo_db.sqlalchemy.engines [None req-28841dd5-c08e-464a-ab01-4b7e588298cf None None] MySQL server mode set to STRICT_TRANS_TABLES,STRICT_ALL_TABLES,NO_ZERO_IN_DATE,NO_ZERO_DATE,ERROR_FOR_DIVISION_BY_ZERO,TRADITIONAL,NO_ENGINE_SUBSTITUTION {{(pid=107963) _check_effective_sql_mode /opt/stack/data/venv/lib/python3.12/site-packages/oslo_db/sqlalchemy/engines.py:325}}
Jun 11 23:04:16.385043 np0000179723 devstack@n-api-meta.service[107962]: DEBUG oslo_db.sqlalchemy.engines [None req-3934177a-709b-4273-86a9-a66a383e81cf None None] MySQL server mode set to STRICT_TRANS_TABLES,STRICT_ALL_TABLES,NO_ZERO_IN_DATE,NO_ZERO_DATE,ERROR_FOR_DIVISION_BY_ZERO,TRADITIONAL,NO_ENGINE_SUBSTITUTION {{(pid=107962) _check_effective_sql_mode /opt/stack/data/venv/lib/python3.12/site-packages/oslo_db/sqlalchemy/engines.py:325}}
Jun 11 23:04:16.393208 np0000179723 devstack@n-api-meta.service[107962]: DEBUG dbcounter [-] [107962] Writer thread running {{(pid=107962) stat_writer /opt/stack/data/venv/lib/python3.12/site-packages/dbcounter.py:102}}
Jun 11 23:04:16.400016 np0000179723 devstack@n-api-meta.service[107961]: DEBUG oslo_db.sqlalchemy.engines [None req-c5f9e98a-1c02-44f5-9ecf-77ff2d30f021 None None] MySQL server mode set to STRICT_TRANS_TABLES,STRICT_ALL_TABLES,NO_ZERO_IN_DATE,NO_ZERO_DATE,ERROR_FOR_DIVISION_BY_ZERO,TRADITIONAL,NO_ENGINE_SUBSTITUTION {{(pid=107961) _check_effective_sql_mode /opt/stack/data/venv/lib/python3.12/site-packages/oslo_db/sqlalchemy/engines.py:325}}
Jun 11 23:04:16.400685 np0000179723 devstack@n-api-meta.service[107963]: DEBUG dbcounter [-] [107963] Writer thread running {{(pid=107963) stat_writer /opt/stack/data/venv/lib/python3.12/site-packages/dbcounter.py:102}}
Jun 11 23:04:16.401803 np0000179723 devstack@n-api-meta.service[107962]: DEBUG dbcounter [-] [107962] Writer thread running {{(pid=107962) stat_writer /opt/stack/data/venv/lib/python3.12/site-packages/dbcounter.py:102}}
Jun 11 23:04:16.406508 np0000179723 devstack@n-api-meta.service[107962]: INFO dbcounter [None req-3934177a-709b-4273-86a9-a66a383e81cf None None] Registered counter for database nova_cell0
Jun 11 23:04:16.407209 np0000179723 devstack@n-api-meta.service[107961]: DEBUG dbcounter [-] [107961] Writer thread running {{(pid=107961) stat_writer /opt/stack/data/venv/lib/python3.12/site-packages/dbcounter.py:102}}
Jun 11 23:04:16.408785 np0000179723 devstack@n-api-meta.service[107964]: DEBUG dbcounter [-] [107964] Writer thread running {{(pid=107964) stat_writer /opt/stack/data/venv/lib/python3.12/site-packages/dbcounter.py:102}}
Jun 11 23:04:16.408989 np0000179723 devstack@n-api-meta.service[107963]: DEBUG dbcounter [-] [107963] Writer thread running {{(pid=107963) stat_writer /opt/stack/data/venv/lib/python3.12/site-packages/dbcounter.py:102}}
Jun 11 23:04:16.414340 np0000179723 devstack@n-api-meta.service[107963]: INFO dbcounter [None req-28841dd5-c08e-464a-ab01-4b7e588298cf None None] Registered counter for database nova_cell0
Jun 11 23:04:16.416070 np0000179723 devstack@n-api-meta.service[107964]: DEBUG dbcounter [-] [107964] Writer thread running {{(pid=107964) stat_writer /opt/stack/data/venv/lib/python3.12/site-packages/dbcounter.py:102}}
Jun 11 23:04:16.420619 np0000179723 devstack@n-api-meta.service[107964]: INFO dbcounter [None req-a37ded08-a18e-402c-b72a-96aa71bedf4c None None] Registered counter for database nova_cell0
Jun 11 23:04:16.447302 np0000179723 devstack@n-api-meta.service[107961]: WARNING nova.api.metadata.handler [None req-c5f9e98a-1c02-44f5-9ecf-77ff2d30f021 None None] metadata_proxy_shared_secret is not configured, the metadata information returned by the proxy cannot be trusted
Jun 11 23:04:16.449689 np0000179723 devstack@n-api-meta.service[107961]: DEBUG nova.api.openstack.wsgi_app [None req-c5f9e98a-1c02-44f5-9ecf-77ff2d30f021 None None] ******************************************************************************** {{(pid=107961) log_opt_values /opt/stack/data/venv/lib/python3.12/site-packages/oslo_config/cfg.py:3226}}
Jun 11 23:04:16.449800 np0000179723 devstack@n-api-meta.service[107961]: DEBUG nova.api.openstack.wsgi_app [None req-c5f9e98a-1c02-44f5-9ecf-77ff2d30f021 None None] Configuration options gathered from: {{(pid=107961) log_opt_values /opt/stack/data/venv/lib/python3.12/site-packages/oslo_config/cfg.py:3227}}
Jun 11 23:04:16.449909 np0000179723 devstack@n-api-meta.service[107961]: DEBUG nova.api.openstack.wsgi_app [None req-c5f9e98a-1c02-44f5-9ecf-77ff2d30f021 None None] command line args: [] {{(pid=107961) log_opt_values /opt/stack/data/venv/lib/python3.12/site-packages/oslo_config/cfg.py:3228}}
Jun 11 23:04:16.450060 np0000179723 devstack@n-api-meta.service[107961]: DEBUG nova.api.openstack.wsgi_app [None req-c5f9e98a-1c02-44f5-9ecf-77ff2d30f021 None None] config files: ['/etc/nova/api-paste.ini', '/etc/nova/nova.conf'] {{(pid=107961) log_opt_values /opt/stack/data/venv/lib/python3.12/site-packages/oslo_config/cfg.py:3229}}
Jun 11 23:04:16.450161 np0000179723 devstack@n-api-meta.service[107961]: DEBUG nova.api.openstack.wsgi_app [None req-c5f9e98a-1c02-44f5-9ecf-77ff2d30f021 None None] ================================================================================ {{(pid=107961) log_opt_values /opt/stack/data/venv/lib/python3.12/site-packages/oslo_config/cfg.py:3234}}
Jun 11 23:04:16.450350 np0000179723 devstack@n-api-meta.service[107961]: DEBUG nova.api.openstack.wsgi_app [None req-c5f9e98a-1c02-44f5-9ecf-77ff2d30f021 None None] allow_resize_to_same_host = True {{(pid=107961) log_opt_values /opt/stack/data/venv/lib/python3.12/site-packages/oslo_config/cfg.py:3242}}
Jun 11 23:04:16.450608 np0000179723 devstack@n-api-meta.service[107961]: DEBUG nova.api.openstack.wsgi_app [None req-c5f9e98a-1c02-44f5-9ecf-77ff2d30f021 None None] arq_binding_timeout = 300 {{(pid=107961) log_opt_values /opt/stack/data/venv/lib/python3.12/site-packages/oslo_config/cfg.py:3242}}
Jun 11 23:04:16.450672 np0000179723 devstack@n-api-meta.service[107961]: DEBUG nova.api.openstack.wsgi_app [None req-c5f9e98a-1c02-44f5-9ecf-77ff2d30f021 None None] block_device_allocate_retries = 60 {{(pid=107961) log_opt_values /opt/stack/data/venv/lib/python3.12/site-packages/oslo_config/cfg.py:3242}}
Jun 11 23:04:16.450809 np0000179723 devstack@n-api-meta.service[107961]: DEBUG nova.api.openstack.wsgi_app [None req-c5f9e98a-1c02-44f5-9ecf-77ff2d30f021 None None] block_device_allocate_retries_interval = 3 {{(pid=107961) log_opt_values /opt/stack/data/venv/lib/python3.12/site-packages/oslo_config/cfg.py:3242}}
Jun 11 23:04:16.450936 np0000179723 devstack@n-api-meta.service[107961]: DEBUG nova.api.openstack.wsgi_app [None req-c5f9e98a-1c02-44f5-9ecf-77ff2d30f021 None None] cell_worker_thread_pool_size = 5 {{(pid=107961) log_opt_values /opt/stack/data/venv/lib/python3.12/site-packages/oslo_config/cfg.py:3242}}
Jun 11 23:04:16.451073 np0000179723 devstack@n-api-meta.service[107961]: DEBUG nova.api.openstack.wsgi_app [None req-c5f9e98a-1c02-44f5-9ecf-77ff2d30f021 None None] cert = self.pem {{(pid=107961) log_opt_values /opt/stack/data/venv/lib/python3.12/site-packages/oslo_config/cfg.py:3242}}
Jun 11 23:04:16.451207 np0000179723 devstack@n-api-meta.service[107961]: DEBUG nova.api.openstack.wsgi_app [None req-c5f9e98a-1c02-44f5-9ecf-77ff2d30f021 None None] compute_driver = libvirt.LibvirtDriver {{(pid=107961) log_opt_values /opt/stack/data/venv/lib/python3.12/site-packages/oslo_config/cfg.py:3242}}
Jun 11 23:04:16.451358 np0000179723 devstack@n-api-meta.service[107961]: DEBUG nova.api.openstack.wsgi_app [None req-c5f9e98a-1c02-44f5-9ecf-77ff2d30f021 None None] compute_monitors = [] {{(pid=107961) log_opt_values /opt/stack/data/venv/lib/python3.12/site-packages/oslo_config/cfg.py:3242}}
Jun 11 23:04:16.451493 np0000179723 devstack@n-api-meta.service[107961]: DEBUG nova.api.openstack.wsgi_app [None req-c5f9e98a-1c02-44f5-9ecf-77ff2d30f021 None None] config_dir = [] {{(pid=107961) log_opt_values /opt/stack/data/venv/lib/python3.12/site-packages/oslo_config/cfg.py:3242}}
Jun 11 23:04:16.451628 np0000179723 devstack@n-api-meta.service[107961]: DEBUG nova.api.openstack.wsgi_app [None req-c5f9e98a-1c02-44f5-9ecf-77ff2d30f021 None None] config_drive_format = iso9660 {{(pid=107961) log_opt_values /opt/stack/data/venv/lib/python3.12/site-packages/oslo_config/cfg.py:3242}}
Jun 11 23:04:16.451733 np0000179723 devstack@n-api-meta.service[107961]: DEBUG nova.api.openstack.wsgi_app [None req-c5f9e98a-1c02-44f5-9ecf-77ff2d30f021 None None] config_file = ['/etc/nova/api-paste.ini', '/etc/nova/nova.conf'] {{(pid=107961) log_opt_values /opt/stack/data/venv/lib/python3.12/site-packages/oslo_config/cfg.py:3242}}
Jun 11 23:04:16.451862 np0000179723 devstack@n-api-meta.service[107961]: DEBUG nova.api.openstack.wsgi_app [None req-c5f9e98a-1c02-44f5-9ecf-77ff2d30f021 None None] config_source = [] {{(pid=107961) log_opt_values /opt/stack/data/venv/lib/python3.12/site-packages/oslo_config/cfg.py:3242}}
Jun 11 23:04:16.451995 np0000179723 devstack@n-api-meta.service[107961]: DEBUG nova.api.openstack.wsgi_app [None req-c5f9e98a-1c02-44f5-9ecf-77ff2d30f021 None None] console_host = np0000179723 {{(pid=107961) log_opt_values /opt/stack/data/venv/lib/python3.12/site-packages/oslo_config/cfg.py:3242}}
Jun 11 23:04:16.452130 np0000179723 devstack@n-api-meta.service[107961]: DEBUG nova.api.openstack.wsgi_app [None req-c5f9e98a-1c02-44f5-9ecf-77ff2d30f021 None None] control_exchange = nova {{(pid=107961) log_opt_values /opt/stack/data/venv/lib/python3.12/site-packages/oslo_config/cfg.py:3242}}
Jun 11 23:04:16.452254 np0000179723 devstack@n-api-meta.service[107961]: DEBUG nova.api.openstack.wsgi_app [None req-c5f9e98a-1c02-44f5-9ecf-77ff2d30f021 None None] cpu_allocation_ratio = None {{(pid=107961) log_opt_values /opt/stack/data/venv/lib/python3.12/site-packages/oslo_config/cfg.py:3242}}
Jun 11 23:04:16.452409 np0000179723 devstack@n-api-meta.service[107961]: DEBUG nova.api.openstack.wsgi_app [None req-c5f9e98a-1c02-44f5-9ecf-77ff2d30f021 None None] daemon = False {{(pid=107961) log_opt_values /opt/stack/data/venv/lib/python3.12/site-packages/oslo_config/cfg.py:3242}}
Jun 11 23:04:16.452539 np0000179723 devstack@n-api-meta.service[107961]: DEBUG nova.api.openstack.wsgi_app [None req-c5f9e98a-1c02-44f5-9ecf-77ff2d30f021 None None] debug = True {{(pid=107961) log_opt_values /opt/stack/data/venv/lib/python3.12/site-packages/oslo_config/cfg.py:3242}}
Jun 11 23:04:16.452664 np0000179723 devstack@n-api-meta.service[107961]: DEBUG nova.api.openstack.wsgi_app [None req-c5f9e98a-1c02-44f5-9ecf-77ff2d30f021 None None] default_access_ip_network_name = None {{(pid=107961) log_opt_values /opt/stack/data/venv/lib/python3.12/site-packages/oslo_config/cfg.py:3242}}
Jun 11 23:04:16.452797 np0000179723 devstack@n-api-meta.service[107961]: DEBUG nova.api.openstack.wsgi_app [None req-c5f9e98a-1c02-44f5-9ecf-77ff2d30f021 None None] default_availability_zone = nova {{(pid=107961) log_opt_values /opt/stack/data/venv/lib/python3.12/site-packages/oslo_config/cfg.py:3242}}
Jun 11 23:04:16.452927 np0000179723 devstack@n-api-meta.service[107961]: DEBUG nova.api.openstack.wsgi_app [None req-c5f9e98a-1c02-44f5-9ecf-77ff2d30f021 None None] default_ephemeral_format = ext4 {{(pid=107961) log_opt_values /opt/stack/data/venv/lib/python3.12/site-packages/oslo_config/cfg.py:3242}}
Jun 11 23:04:16.453055 np0000179723 devstack@n-api-meta.service[107961]: DEBUG nova.api.openstack.wsgi_app [None req-c5f9e98a-1c02-44f5-9ecf-77ff2d30f021 None None] default_green_pool_size = 1000 {{(pid=107961) log_opt_values /opt/stack/data/venv/lib/python3.12/site-packages/oslo_config/cfg.py:3242}}
Jun 11 23:04:16.453264 np0000179723 devstack@n-api-meta.service[107961]: DEBUG nova.api.openstack.wsgi_app [None req-c5f9e98a-1c02-44f5-9ecf-77ff2d30f021 None None] default_log_levels = ['amqp=WARN', 'boto=WARN', 'sqlalchemy=WARN', 'suds=INFO', 'oslo.messaging=INFO', 'oslo_messaging=INFO', 'iso8601=WARN', 'requests.packages.urllib3.connectionpool=WARN', 'urllib3.connectionpool=WARN', 'websocket=WARN', 'requests.packages.urllib3.util.retry=WARN', 'urllib3.util.retry=WARN', 'keystonemiddleware=WARN', 'routes.middleware=WARN', 'stevedore=WARN', 'taskflow=WARN', 'keystoneauth=WARN', 'oslo.cache=INFO', 'oslo_policy=INFO', 'dogpile.core.dogpile=INFO', 'glanceclient=WARN', 'oslo.privsep.daemon=INFO'] {{(pid=107961) log_opt_values /opt/stack/data/venv/lib/python3.12/site-packages/oslo_config/cfg.py:3242}}
Jun 11 23:04:16.453407 np0000179723 devstack@n-api-meta.service[107961]: DEBUG nova.api.openstack.wsgi_app [None req-c5f9e98a-1c02-44f5-9ecf-77ff2d30f021 None None] default_schedule_zone = None {{(pid=107961) log_opt_values /opt/stack/data/venv/lib/python3.12/site-packages/oslo_config/cfg.py:3242}}
Jun 11 23:04:16.453533 np0000179723 devstack@n-api-meta.service[107961]: DEBUG nova.api.openstack.wsgi_app [None req-c5f9e98a-1c02-44f5-9ecf-77ff2d30f021 None None] default_thread_pool_size = 10 {{(pid=107961) log_opt_values /opt/stack/data/venv/lib/python3.12/site-packages/oslo_config/cfg.py:3242}}
Jun 11 23:04:16.453655 np0000179723 devstack@n-api-meta.service[107961]: DEBUG nova.api.openstack.wsgi_app [None req-c5f9e98a-1c02-44f5-9ecf-77ff2d30f021 None None] disk_allocation_ratio = None {{(pid=107961) log_opt_values /opt/stack/data/venv/lib/python3.12/site-packages/oslo_config/cfg.py:3242}}
Jun 11 23:04:16.453781 np0000179723 devstack@n-api-meta.service[107961]: DEBUG nova.api.openstack.wsgi_app [None req-c5f9e98a-1c02-44f5-9ecf-77ff2d30f021 None None] enable_new_services = True {{(pid=107961) log_opt_values /opt/stack/data/venv/lib/python3.12/site-packages/oslo_config/cfg.py:3242}}
Jun 11 23:04:16.453908 np0000179723 devstack@n-api-meta.service[107961]: DEBUG nova.api.openstack.wsgi_app [None req-c5f9e98a-1c02-44f5-9ecf-77ff2d30f021 None None] flat_injected = False {{(pid=107961) log_opt_values /opt/stack/data/venv/lib/python3.12/site-packages/oslo_config/cfg.py:3242}}
Jun 11 23:04:16.454040 np0000179723 devstack@n-api-meta.service[107961]: DEBUG nova.api.openstack.wsgi_app [None req-c5f9e98a-1c02-44f5-9ecf-77ff2d30f021 None None] force_config_drive = False {{(pid=107961) log_opt_values /opt/stack/data/venv/lib/python3.12/site-packages/oslo_config/cfg.py:3242}}
Jun 11 23:04:16.454164 np0000179723 devstack@n-api-meta.service[107961]: DEBUG nova.api.openstack.wsgi_app [None req-c5f9e98a-1c02-44f5-9ecf-77ff2d30f021 None None] force_raw_images = True {{(pid=107961) log_opt_values /opt/stack/data/venv/lib/python3.12/site-packages/oslo_config/cfg.py:3242}}
Jun 11 23:04:16.454303 np0000179723 devstack@n-api-meta.service[107961]: DEBUG nova.api.openstack.wsgi_app [None req-c5f9e98a-1c02-44f5-9ecf-77ff2d30f021 None None] graceful_shutdown_timeout = 5 {{(pid=107961) log_opt_values /opt/stack/data/venv/lib/python3.12/site-packages/oslo_config/cfg.py:3242}}
Jun 11 23:04:16.454447 np0000179723 devstack@n-api-meta.service[107961]: DEBUG nova.api.openstack.wsgi_app [None req-c5f9e98a-1c02-44f5-9ecf-77ff2d30f021 None None] heal_instance_info_cache_interval = -1 {{(pid=107961) log_opt_values /opt/stack/data/venv/lib/python3.12/site-packages/oslo_config/cfg.py:3242}}
Jun 11 23:04:16.454639 np0000179723 devstack@n-api-meta.service[107961]: DEBUG nova.api.openstack.wsgi_app [None req-c5f9e98a-1c02-44f5-9ecf-77ff2d30f021 None None] host = np0000179723 {{(pid=107961) log_opt_values /opt/stack/data/venv/lib/python3.12/site-packages/oslo_config/cfg.py:3242}}
Jun 11 23:04:16.454772 np0000179723 devstack@n-api-meta.service[107961]: DEBUG nova.api.openstack.wsgi_app [None req-c5f9e98a-1c02-44f5-9ecf-77ff2d30f021 None None] initial_cpu_allocation_ratio = 4.0 {{(pid=107961) log_opt_values /opt/stack/data/venv/lib/python3.12/site-packages/oslo_config/cfg.py:3242}}
Jun 11 23:04:16.454898 np0000179723 devstack@n-api-meta.service[107961]: DEBUG nova.api.openstack.wsgi_app [None req-c5f9e98a-1c02-44f5-9ecf-77ff2d30f021 None None] initial_disk_allocation_ratio = 1.0 {{(pid=107961) log_opt_values /opt/stack/data/venv/lib/python3.12/site-packages/oslo_config/cfg.py:3242}}
Jun 11 23:04:16.455026 np0000179723 devstack@n-api-meta.service[107961]: DEBUG nova.api.openstack.wsgi_app [None req-c5f9e98a-1c02-44f5-9ecf-77ff2d30f021 None None] initial_ram_allocation_ratio = 1.0 {{(pid=107961) log_opt_values /opt/stack/data/venv/lib/python3.12/site-packages/oslo_config/cfg.py:3242}}
Jun 11 23:04:16.455200 np0000179723 devstack@n-api-meta.service[107961]: DEBUG nova.api.openstack.wsgi_app [None req-c5f9e98a-1c02-44f5-9ecf-77ff2d30f021 None None] injected_network_template = /opt/stack/nova/nova/virt/interfaces.template {{(pid=107961) log_opt_values /opt/stack/data/venv/lib/python3.12/site-packages/oslo_config/cfg.py:3242}}
Jun 11 23:04:16.455342 np0000179723 devstack@n-api-meta.service[107961]: DEBUG nova.api.openstack.wsgi_app [None req-c5f9e98a-1c02-44f5-9ecf-77ff2d30f021 None None] instance_build_timeout = 0 {{(pid=107961) log_opt_values /opt/stack/data/venv/lib/python3.12/site-packages/oslo_config/cfg.py:3242}}
Jun 11 23:04:16.455471 np0000179723 devstack@n-api-meta.service[107961]: DEBUG nova.api.openstack.wsgi_app [None req-c5f9e98a-1c02-44f5-9ecf-77ff2d30f021 None None] instance_delete_interval = 300 {{(pid=107961) log_opt_values /opt/stack/data/venv/lib/python3.12/site-packages/oslo_config/cfg.py:3242}}
Jun 11 23:04:16.455602 np0000179723 devstack@n-api-meta.service[107961]: DEBUG nova.api.openstack.wsgi_app [None req-c5f9e98a-1c02-44f5-9ecf-77ff2d30f021 None None] instance_format = [instance: %(uuid)s] {{(pid=107961) log_opt_values /opt/stack/data/venv/lib/python3.12/site-packages/oslo_config/cfg.py:3242}}
Jun 11 23:04:16.455734 np0000179723 devstack@n-api-meta.service[107961]: DEBUG nova.api.openstack.wsgi_app [None req-c5f9e98a-1c02-44f5-9ecf-77ff2d30f021 None None] instance_name_template = instance-%08x {{(pid=107961) log_opt_values /opt/stack/data/venv/lib/python3.12/site-packages/oslo_config/cfg.py:3242}}
Jun 11 23:04:16.455859 np0000179723 devstack@n-api-meta.service[107961]: DEBUG nova.api.openstack.wsgi_app [None req-c5f9e98a-1c02-44f5-9ecf-77ff2d30f021 None None] instance_usage_audit = False {{(pid=107961) log_opt_values /opt/stack/data/venv/lib/python3.12/site-packages/oslo_config/cfg.py:3242}}
Jun 11 23:04:16.455994 np0000179723 devstack@n-api-meta.service[107961]: DEBUG nova.api.openstack.wsgi_app [None req-c5f9e98a-1c02-44f5-9ecf-77ff2d30f021 None None] instance_usage_audit_period = month {{(pid=107961) log_opt_values /opt/stack/data/venv/lib/python3.12/site-packages/oslo_config/cfg.py:3242}}
Jun 11 23:04:16.456125 np0000179723 devstack@n-api-meta.service[107961]: DEBUG nova.api.openstack.wsgi_app [None req-c5f9e98a-1c02-44f5-9ecf-77ff2d30f021 None None] instance_uuid_format = [instance: %(uuid)s] {{(pid=107961) log_opt_values /opt/stack/data/venv/lib/python3.12/site-packages/oslo_config/cfg.py:3242}}
Jun 11 23:04:16.456253 np0000179723 devstack@n-api-meta.service[107961]: DEBUG nova.api.openstack.wsgi_app [None req-c5f9e98a-1c02-44f5-9ecf-77ff2d30f021 None None] instances_path = /opt/stack/data/nova/instances {{(pid=107961) log_opt_values /opt/stack/data/venv/lib/python3.12/site-packages/oslo_config/cfg.py:3242}}
Jun 11 23:04:16.456414 np0000179723 devstack@n-api-meta.service[107961]: DEBUG nova.api.openstack.wsgi_app [None req-c5f9e98a-1c02-44f5-9ecf-77ff2d30f021 None None] internal_service_availability_zone = internal {{(pid=107961) log_opt_values /opt/stack/data/venv/lib/python3.12/site-packages/oslo_config/cfg.py:3242}}
Jun 11 23:04:16.456539 np0000179723 devstack@n-api-meta.service[107961]: DEBUG nova.api.openstack.wsgi_app [None req-c5f9e98a-1c02-44f5-9ecf-77ff2d30f021 None None] key = None {{(pid=107961) log_opt_values /opt/stack/data/venv/lib/python3.12/site-packages/oslo_config/cfg.py:3242}}
Jun 11 23:04:16.456667 np0000179723 devstack@n-api-meta.service[107961]: DEBUG nova.api.openstack.wsgi_app [None req-c5f9e98a-1c02-44f5-9ecf-77ff2d30f021 None None] live_migration_retry_count = 30 {{(pid=107961) log_opt_values /opt/stack/data/venv/lib/python3.12/site-packages/oslo_config/cfg.py:3242}}
Jun 11 23:04:16.456800 np0000179723 devstack@n-api-meta.service[107961]: DEBUG nova.api.openstack.wsgi_app [None req-c5f9e98a-1c02-44f5-9ecf-77ff2d30f021 None None] log_color = False {{(pid=107961) log_opt_values /opt/stack/data/venv/lib/python3.12/site-packages/oslo_config/cfg.py:3242}}
Jun 11 23:04:16.456930 np0000179723 devstack@n-api-meta.service[107961]: DEBUG nova.api.openstack.wsgi_app [None req-c5f9e98a-1c02-44f5-9ecf-77ff2d30f021 None None] log_config_append = None {{(pid=107961) log_opt_values /opt/stack/data/venv/lib/python3.12/site-packages/oslo_config/cfg.py:3242}}
Jun 11 23:04:16.457062 np0000179723 devstack@n-api-meta.service[107961]: DEBUG nova.api.openstack.wsgi_app [None req-c5f9e98a-1c02-44f5-9ecf-77ff2d30f021 None None] log_date_format = %Y-%m-%d %H:%M:%S {{(pid=107961) log_opt_values /opt/stack/data/venv/lib/python3.12/site-packages/oslo_config/cfg.py:3242}}
Jun 11 23:04:16.457193 np0000179723 devstack@n-api-meta.service[107961]: DEBUG nova.api.openstack.wsgi_app [None req-c5f9e98a-1c02-44f5-9ecf-77ff2d30f021 None None] log_dir = None {{(pid=107961) log_opt_values /opt/stack/data/venv/lib/python3.12/site-packages/oslo_config/cfg.py:3242}}
Jun 11 23:04:16.457335 np0000179723 devstack@n-api-meta.service[107961]: DEBUG nova.api.openstack.wsgi_app [None req-c5f9e98a-1c02-44f5-9ecf-77ff2d30f021 None None] log_file = None {{(pid=107961) log_opt_values /opt/stack/data/venv/lib/python3.12/site-packages/oslo_config/cfg.py:3242}}
Jun 11 23:04:16.457438 np0000179723 devstack@n-api-meta.service[107961]: DEBUG nova.api.openstack.wsgi_app [None req-c5f9e98a-1c02-44f5-9ecf-77ff2d30f021 None None] log_options = True {{(pid=107961) log_opt_values /opt/stack/data/venv/lib/python3.12/site-packages/oslo_config/cfg.py:3242}}
Jun 11 23:04:16.457565 np0000179723 devstack@n-api-meta.service[107961]: DEBUG nova.api.openstack.wsgi_app [None req-c5f9e98a-1c02-44f5-9ecf-77ff2d30f021 None None] log_rotate_interval = 1 {{(pid=107961) log_opt_values /opt/stack/data/venv/lib/python3.12/site-packages/oslo_config/cfg.py:3242}}
Jun 11 23:04:16.457700 np0000179723 devstack@n-api-meta.service[107961]: DEBUG nova.api.openstack.wsgi_app [None req-c5f9e98a-1c02-44f5-9ecf-77ff2d30f021 None None] log_rotate_interval_type = days {{(pid=107961) log_opt_values /opt/stack/data/venv/lib/python3.12/site-packages/oslo_config/cfg.py:3242}}
Jun 11 23:04:16.457831 np0000179723 devstack@n-api-meta.service[107961]: DEBUG nova.api.openstack.wsgi_app [None req-c5f9e98a-1c02-44f5-9ecf-77ff2d30f021 None None] log_rotation_type = none {{(pid=107961) log_opt_values /opt/stack/data/venv/lib/python3.12/site-packages/oslo_config/cfg.py:3242}}
Jun 11 23:04:16.457930 np0000179723 devstack@n-api-meta.service[107961]: DEBUG nova.api.openstack.wsgi_app [None req-c5f9e98a-1c02-44f5-9ecf-77ff2d30f021 None None] logging_context_format_string = %(color)s%(levelname)s %(name)s [%(global_request_id)s %(request_id)s %(project_name)s %(user_name)s%(color)s] %(instance)s%(color)s%(message)s {{(pid=107961) log_opt_values /opt/stack/data/venv/lib/python3.12/site-packages/oslo_config/cfg.py:3242}}
Jun 11 23:04:16.458031 np0000179723 devstack@n-api-meta.service[107961]: DEBUG nova.api.openstack.wsgi_app [None req-c5f9e98a-1c02-44f5-9ecf-77ff2d30f021 None None] logging_debug_format_suffix = {{(pid=%(process)d) %(funcName)s %(pathname)s:%(lineno)d}} {{(pid=107961) log_opt_values /opt/stack/data/venv/lib/python3.12/site-packages/oslo_config/cfg.py:3242}}
Jun 11 23:04:16.458162 np0000179723 devstack@n-api-meta.service[107961]: DEBUG nova.api.openstack.wsgi_app [None req-c5f9e98a-1c02-44f5-9ecf-77ff2d30f021 None None] logging_default_format_string = %(color)s%(levelname)s %(name)s [-%(color)s] %(instance)s%(color)s%(message)s {{(pid=107961) log_opt_values /opt/stack/data/venv/lib/python3.12/site-packages/oslo_config/cfg.py:3242}}
Jun 11 23:04:16.458289 np0000179723 devstack@n-api-meta.service[107961]: DEBUG nova.api.openstack.wsgi_app [None req-c5f9e98a-1c02-44f5-9ecf-77ff2d30f021 None None] logging_exception_prefix = ERROR %(name)s %(instance)s {{(pid=107961) log_opt_values /opt/stack/data/venv/lib/python3.12/site-packages/oslo_config/cfg.py:3242}}
Jun 11 23:04:16.458413 np0000179723 devstack@n-api-meta.service[107961]: DEBUG nova.api.openstack.wsgi_app [None req-c5f9e98a-1c02-44f5-9ecf-77ff2d30f021 None None] logging_user_identity_format = %(user)s %(project)s %(domain)s %(system_scope)s %(user_domain)s %(project_domain)s {{(pid=107961) log_opt_values /opt/stack/data/venv/lib/python3.12/site-packages/oslo_config/cfg.py:3242}}
Jun 11 23:04:16.458571 np0000179723 devstack@n-api-meta.service[107961]: DEBUG nova.api.openstack.wsgi_app [None req-c5f9e98a-1c02-44f5-9ecf-77ff2d30f021 None None] long_rpc_timeout = 1800 {{(pid=107961) log_opt_values /opt/stack/data/venv/lib/python3.12/site-packages/oslo_config/cfg.py:3242}}
Jun 11 23:04:16.458698 np0000179723 devstack@n-api-meta.service[107961]: DEBUG nova.api.openstack.wsgi_app [None req-c5f9e98a-1c02-44f5-9ecf-77ff2d30f021 None None] manager_shutdown_timeout = 160 {{(pid=107961) log_opt_values /opt/stack/data/venv/lib/python3.12/site-packages/oslo_config/cfg.py:3242}}
