2026-05-11 02:08:47.873 7 INFO neutron.db.ovn_revision_numbers_db [None req-268ea342-3be8-4d73-91bb-0ff1bec939a5 dab00c41473f49aaa330882aa713f2d5 5c3ee0faeb5d4be783e7499684a45f46 - - default default] Successfully bumped revision number for resource 118e274d-7fe8-4495-b8d1-d31bce79d551 (type: security_groups) to 1
2026-05-11 02:08:47.898 7 INFO neutron.db.ovn_revision_numbers_db [None req-268ea342-3be8-4d73-91bb-0ff1bec939a5 dab00c41473f49aaa330882aa713f2d5 5c3ee0faeb5d4be783e7499684a45f46 - - default default] Successfully bumped revision number for resource 2c2722d8-474d-4f96-af99-ceb229a071da (type: security_group_rules) to 0
2026-05-11 02:08:47.917 7 INFO neutron.db.ovn_revision_numbers_db [None req-268ea342-3be8-4d73-91bb-0ff1bec939a5 dab00c41473f49aaa330882aa713f2d5 5c3ee0faeb5d4be783e7499684a45f46 - - default default] Successfully bumped revision number for resource 49596560-b90f-4c52-b1f0-ea026b33dcfb (type: security_group_rules) to 0
2026-05-11 02:08:47.931 7 INFO neutron.db.ovn_revision_numbers_db [None req-268ea342-3be8-4d73-91bb-0ff1bec939a5 dab00c41473f49aaa330882aa713f2d5 5c3ee0faeb5d4be783e7499684a45f46 - - default default] Successfully bumped revision number for resource ba6ec35a-1b2d-488f-9c49-2817733bbc74 (type: security_group_rules) to 0
2026-05-11 02:08:47.951 7 INFO neutron.db.ovn_revision_numbers_db [None req-268ea342-3be8-4d73-91bb-0ff1bec939a5 dab00c41473f49aaa330882aa713f2d5 5c3ee0faeb5d4be783e7499684a45f46 - - default default] Successfully bumped revision number for resource f2922d3f-4ffb-47d3-bf0a-0eea4f05925b (type: security_group_rules) to 0 [pid: 7|app: 0|req: 1163/2470] 10.0.0.129 () {32 vars in 773 bytes} [Mon May 11 02:08:47 2026] GET /v2.0/security-groups?tenant_id=7086af410973460b9cc2a88af65f1823&name=default => generated 2925 bytes in 461 msecs (HTTP/1.1 200) 4 headers in 158 bytes (1 switches on core 0)
2026-05-11 02:08:48.255 7 INFO neutron.db.ovn_revision_numbers_db [None req-2118260b-dcbe-48ad-a137-bbadc331b3ce - - - - - -] Successfully bumped revision number for resource 09507aa4-3380-4097-873b-be1021c48430 (type: ports) to 2 [pid: 7|app: 0|req: 1164/2471] 10.0.0.129 () {32 vars in 739 bytes} [Mon May 11 02:08:48 2026] DELETE /v2.0/security-groups/118e274d-7fe8-4495-b8d1-d31bce79d551 => generated 0 bytes in 389 msecs (HTTP/1.1 204) 2 headers in 112 bytes (1 switches on core 0)
2026-05-11 02:08:48.452 8 INFO neutron.plugins.ml2.drivers.ovn.mech_driver.ovsdb.commands [None req-f2ea0e98-5100-49a1-9a19-5060820db595 - - - - - -] Schedule LRP lrp-0e8493af-f0f1-49e6-871e-ba5f0ae1a08b on gateway 8bb3dbb6-cec6-4852-83e9-5a5993024467 with priority 1
2026-05-11 02:08:48.518 8 INFO neutron.db.ovn_revision_numbers_db [None req-9c797c39-bb77-466f-ba8c-460b4c9c1756 44398fbd639d4329acb1dbde6d8ade49 18084ed2ef0641bab9c1c8fa2f5222e6 - - default default] Successfully bumped revision number for resource 0e8493af-f0f1-49e6-871e-ba5f0ae1a08b (type: router_ports) to 1
2026-05-11 02:08:48.599 8 INFO neutron.db.ovn_revision_numbers_db [None req-9c797c39-bb77-466f-ba8c-460b4c9c1756 44398fbd639d4329acb1dbde6d8ade49 18084ed2ef0641bab9c1c8fa2f5222e6 - - default default] Successfully bumped revision number for resource 3f491133-93f1-4322-be28-abdf068e80c6 (type: routers) to 2 [pid: 8|app: 0|req: 1308/2472] 10.0.0.129 () {34 vars in 668 bytes} [Mon May 11 02:08:47 2026] POST /v2.0/routers => generated 936 bytes in 1360 msecs (HTTP/1.1 201) 4 headers in 162 bytes (1 switches on core 0)
2026-05-11 02:08:48.867 8 INFO neutron.db.ovn_revision_numbers_db [None req-1ce405f8-19af-4994-9532-6f7b74f15140 dab00c41473f49aaa330882aa713f2d5 5c3ee0faeb5d4be783e7499684a45f46 - - default default] Successfully bumped revision number for resource dded1f71-0f94-407e-b596-59561bcc0040 (type: security_groups) to 1
2026-05-11 02:08:48.880 8 INFO neutron.db.ovn_revision_numbers_db [None req-1ce405f8-19af-4994-9532-6f7b74f15140 dab00c41473f49aaa330882aa713f2d5 5c3ee0faeb5d4be783e7499684a45f46 - - default default] Successfully bumped revision number for resource 1fce7ff6-58e0-454b-9d89-781b39d24e98 (type: security_group_rules) to 0
2026-05-11 02:08:48.890 8 INFO neutron.db.ovn_revision_numbers_db [None req-1ce405f8-19af-4994-9532-6f7b74f15140 dab00c41473f49aaa330882aa713f2d5 5c3ee0faeb5d4be783e7499684a45f46 - - default default] Successfully bumped revision number for resource 228dfd26-2ad1-49c1-a7f6-a7d7eb041c51 (type: security_group_rules) to 0
2026-05-11 02:08:48.902 8 INFO neutron.db.ovn_revision_numbers_db [None req-1ce405f8-19af-4994-9532-6f7b74f15140 dab00c41473f49aaa330882aa713f2d5 5c3ee0faeb5d4be783e7499684a45f46 - - default default] Successfully bumped revision number for resource 491878a8-b686-4be3-b599-3b69838931dc (type: security_group_rules) to 0
2026-05-11 02:08:48.913 8 INFO neutron.db.ovn_revision_numbers_db [None req-1ce405f8-19af-4994-9532-6f7b74f15140 dab00c41473f49aaa330882aa713f2d5 5c3ee0faeb5d4be783e7499684a45f46 - - default default] Successfully bumped revision number for resource e701a5b4-6c2f-4521-9a56-e93f2185aa21 (type: security_group_rules) to 0
2026-05-11 02:08:48.995 8 INFO neutron.db.segments_db [None req-1ce405f8-19af-4994-9532-6f7b74f15140 dab00c41473f49aaa330882aa713f2d5 5c3ee0faeb5d4be783e7499684a45f46 - - default default] Added segment 517c383c-10af-40ce-a67b-4f81d638f094 of type geneve for network 6ebc7c2f-4790-4d60-a66e-6a015c295363
2026-05-11 02:08:49.096 8 INFO neutron.db.ovn_revision_numbers_db [None req-1ce405f8-19af-4994-9532-6f7b74f15140 dab00c41473f49aaa330882aa713f2d5 5c3ee0faeb5d4be783e7499684a45f46 - - default default] Successfully bumped revision number for resource 6ebc7c2f-4790-4d60-a66e-6a015c295363 (type: networks) to 1
2026-05-11 02:08:49.132 7 WARNING neutron.scheduler.dhcp_agent_scheduler [None req-6e970f9a-037d-4f3f-9583-893810041527 44398fbd639d4329acb1dbde6d8ade49 18084ed2ef0641bab9c1c8fa2f5222e6 - - default default] No more DHCP agents
2026-05-11 02:08:49.134 7 WARNING neutron.api.rpc.agentnotifiers.dhcp_rpc_agent_api [None req-6e970f9a-037d-4f3f-9583-893810041527 44398fbd639d4329acb1dbde6d8ade49 18084ed2ef0641bab9c1c8fa2f5222e6 - - default default] Unable to schedule network ca5560e1-93f8-430c-994c-a513b828fb95: no agents available; will retry on subsequent port and subnet creation events.
2026-05-11 02:08:49.224 8 WARNING neutron.scheduler.dhcp_agent_scheduler [None req-1ce405f8-19af-4994-9532-6f7b74f15140 dab00c41473f49aaa330882aa713f2d5 5c3ee0faeb5d4be783e7499684a45f46 - - default default] No more DHCP agents
2026-05-11 02:08:49.226 8 WARNING neutron.api.rpc.agentnotifiers.dhcp_rpc_agent_api [None req-1ce405f8-19af-4994-9532-6f7b74f15140 dab00c41473f49aaa330882aa713f2d5 5c3ee0faeb5d4be783e7499684a45f46 - - default default] Unable to schedule network 6ebc7c2f-4790-4d60-a66e-6a015c295363: no agents available; will retry on subsequent port and subnet creation events.
2026-05-11 02:08:49.256 8 INFO neutron.plugins.ml2.drivers.ovn.mech_driver.mech_driver [None req-fe7ac25e-d7a8-4c88-91e2-1ebd8f547971 - - - - - -] OVN reports status down for port: bb36bae6-4824-455e-96de-28bf63715e3b
2026-05-11 02:08:49.271 7 INFO neutron.db.ovn_revision_numbers_db [None req-6e970f9a-037d-4f3f-9583-893810041527 44398fbd639d4329acb1dbde6d8ade49 18084ed2ef0641bab9c1c8fa2f5222e6 - - default default] Successfully bumped revision number for resource bb36bae6-4824-455e-96de-28bf63715e3b (type: ports) to 1
2026-05-11 02:08:49.343 8 INFO neutron.db.ovn_revision_numbers_db [None req-1ce405f8-19af-4994-9532-6f7b74f15140 dab00c41473f49aaa330882aa713f2d5 5c3ee0faeb5d4be783e7499684a45f46 - - default default] Successfully bumped revision number for resource 181a9d0b-1d93-4821-a3d4-52d64930bfa7 (type: ports) to 1 [pid: 8|app: 0|req: 1309/2473] 10.0.0.129 () {34 vars in 670 bytes} [Mon May 11 02:08:48 2026] POST /v2.0/networks => generated 782 bytes in 657 msecs (HTTP/1.1 201) 4 headers in 162 bytes (1 switches on core 0)
2026-05-11 02:08:49.505 8 WARNING neutron.scheduler.dhcp_agent_scheduler [None req-30fb149b-5dd1-4cd3-bca0-60e139def5e1 dab00c41473f49aaa330882aa713f2d5 5c3ee0faeb5d4be783e7499684a45f46 - - default default] No more DHCP agents
2026-05-11 02:08:49.506 8 WARNING neutron.api.rpc.agentnotifiers.dhcp_rpc_agent_api [None req-30fb149b-5dd1-4cd3-bca0-60e139def5e1 dab00c41473f49aaa330882aa713f2d5 5c3ee0faeb5d4be783e7499684a45f46 - - default default] Unable to schedule network 6ebc7c2f-4790-4d60-a66e-6a015c295363: no agents available; will retry on subsequent port and subnet creation events.
2026-05-11 02:08:49.909 8 INFO neutron.plugins.ml2.drivers.ovn.mech_driver.mech_driver [None req-fe7ac25e-d7a8-4c88-91e2-1ebd8f547971 - - - - - -] OVN reports status up for port: bb36bae6-4824-455e-96de-28bf63715e3b
2026-05-11 02:08:49.943 8 INFO neutron.plugins.ml2.plugin [None req-fe7ac25e-d7a8-4c88-91e2-1ebd8f547971 - - - - - -] Attempt 1 to provision port bb36bae6-4824-455e-96de-28bf63715e3b
2026-05-11 02:08:49.967 8 INFO neutron.db.ovn_revision_numbers_db [None req-6ca20523-b348-47d2-a869-d7ee96f9916d - - - - - -] Successfully bumped revision number for resource 181a9d0b-1d93-4821-a3d4-52d64930bfa7 (type: ports) to 2
2026-05-11 02:08:49.986 7 WARNING neutron.scheduler.dhcp_agent_scheduler [None req-6e970f9a-037d-4f3f-9583-893810041527 44398fbd639d4329acb1dbde6d8ade49 18084ed2ef0641bab9c1c8fa2f5222e6 - - default default] No more DHCP agents
2026-05-11 02:08:49.987 7 WARNING neutron.api.rpc.agentnotifiers.dhcp_rpc_agent_api [None req-6e970f9a-037d-4f3f-9583-893810041527 44398fbd639d4329acb1dbde6d8ade49 18084ed2ef0641bab9c1c8fa2f5222e6 - - default default] Unable to schedule network ca5560e1-93f8-430c-994c-a513b828fb95: no agents available; will retry on subsequent port and subnet creation events.
2026-05-11 02:08:50.015 8 INFO neutron.db.ovn_revision_numbers_db [None req-6ca20523-b348-47d2-a869-d7ee96f9916d - - - - - -] Successfully bumped revision number for resource bdd40bc3-0523-40e2-91f1-29030d9d4b4b (type: subnets) to 0 [pid: 8|app: 0|req: 1310/2474] 10.0.0.129 () {34 vars in 668 bytes} [Mon May 11 02:08:49 2026] POST /v2.0/subnets => generated 688 bytes in 655 msecs (HTTP/1.1 201) 4 headers in 162 bytes (1 switches on core 0)
2026-05-11 02:08:50.288 7 INFO neutron.db.ovn_revision_numbers_db [None req-6e970f9a-037d-4f3f-9583-893810041527 44398fbd639d4329acb1dbde6d8ade49 18084ed2ef0641bab9c1c8fa2f5222e6 - - default default] Successfully bumped revision number for resource bb36bae6-4824-455e-96de-28bf63715e3b (type: router_ports) to 1 [pid: 7|app: 0|req: 1165/2475] 10.0.0.129 () {34 vars in 782 bytes} [Mon May 11 02:08:48 2026] PUT /v2.0/routers/3f491133-93f1-4322-be28-abdf068e80c6/add_router_interface => generated 309 bytes in 1668 msecs (HTTP/1.1 200) 4 headers in 157 bytes (1 switches on core 0)
2026-05-11 02:08:50.783 8 WARNING neutron.scheduler.dhcp_agent_scheduler [None req-531a22a0-14c0-4314-b642-4158ae552ee1 dab00c41473f49aaa330882aa713f2d5 5c3ee0faeb5d4be783e7499684a45f46 - - default default] No more DHCP agents
2026-05-11 02:08:50.787 8 WARNING neutron.api.rpc.agentnotifiers.dhcp_rpc_agent_api [None req-531a22a0-14c0-4314-b642-4158ae552ee1 dab00c41473f49aaa330882aa713f2d5 5c3ee0faeb5d4be783e7499684a45f46 - - default default] Unable to schedule network b0c1e137-8330-48aa-978e-3bced79ecc02: no agents available; will retry on subsequent port and subnet creation events.
2026-05-11 02:08:50.800 8 INFO neutron.db.ovn_revision_numbers_db [None req-fe7ac25e-d7a8-4c88-91e2-1ebd8f547971 - - - - - -] Successfully bumped revision number for resource bb36bae6-4824-455e-96de-28bf63715e3b (type: ports) to 2
2026-05-11 02:08:50.906 7 WARNING neutron.scheduler.dhcp_agent_scheduler [None req-1f50f02f-ffac-43c0-8935-6254c0c8fd1b - - - - - -] No more DHCP agents
2026-05-11 02:08:50.907 7 WARNING neutron.api.rpc.agentnotifiers.dhcp_rpc_agent_api [None req-1f50f02f-ffac-43c0-8935-6254c0c8fd1b - - - - - -] Unable to schedule network b0c1e137-8330-48aa-978e-3bced79ecc02: no agents available; will retry on subsequent port and subnet creation events.
2026-05-11 02:08:51.011 8 INFO neutron.db.ovn_revision_numbers_db [None req-531a22a0-14c0-4314-b642-4158ae552ee1 dab00c41473f49aaa330882aa713f2d5 5c3ee0faeb5d4be783e7499684a45f46 - - default default] Successfully bumped revision number for resource bb97fba1-3d40-43f4-8adb-1820c714b4f9 (type: ports) to 1
2026-05-11 02:08:51.084 7 INFO neutron.db.ovn_revision_numbers_db [None req-1f50f02f-ffac-43c0-8935-6254c0c8fd1b - - - - - -] Successfully bumped revision number for resource 95ec4f03-2de7-496c-a766-49a945ee5ca1 (type: ports) to 1
2026-05-11 02:08:51.317 7 INFO neutron.db.ovn_revision_numbers_db [None req-1f50f02f-ffac-43c0-8935-6254c0c8fd1b - - - - - -] Successfully bumped revision number for resource 95ec4f03-2de7-496c-a766-49a945ee5ca1 (type: ports) to 3
2026-05-11 02:08:51.374 7 INFO neutron.db.segments_db [None req-1f50f02f-ffac-43c0-8935-6254c0c8fd1b - - - - - -] Added segment a0a7f536-ee3f-4e49-84eb-165175abcdc4 of type geneve for network 7315f581-34c1-451a-a200-4adcab2884a9
2026-05-11 02:08:51.487 7 INFO neutron.db.ovn_revision_numbers_db [None req-2248761a-ac43-496e-821e-02cd37328f43 - - - - - -] Successfully bumped revision number for resource 7315f581-34c1-451a-a200-4adcab2884a9 (type: networks) to 1
2026-05-11 02:08:51.623 7 WARNING neutron.scheduler.dhcp_agent_scheduler [None req-2248761a-ac43-496e-821e-02cd37328f43 - - - - - -] No more DHCP agents
2026-05-11 02:08:51.625 7 WARNING neutron.api.rpc.agentnotifiers.dhcp_rpc_agent_api [None req-2248761a-ac43-496e-821e-02cd37328f43 - - - - - -] Unable to schedule network 7315f581-34c1-451a-a200-4adcab2884a9: no agents available; will retry on subsequent port and subnet creation events.
2026-05-11 02:08:51.628 8 INFO neutron.plugins.ml2.drivers.ovn.mech_driver.ovsdb.commands [None req-f2ea0e98-5100-49a1-9a19-5060820db595 - - - - - -] Schedule LRP lrp-bb97fba1-3d40-43f4-8adb-1820c714b4f9 on gateway 8bb3dbb6-cec6-4852-83e9-5a5993024467 with priority 1
2026-05-11 02:08:51.685 7 INFO neutron.plugins.ml2.drivers.ovn.mech_driver.ovsdb.ovsdb_monitor [None req-a516274d-874f-4a94-965e-ae82595ddb8f - - - - - -] Router ec27e1ba-a664-44b8-8cf1-5771f54b1057 is bound to host instance
2026-05-11 02:08:51.694 8 INFO neutron.db.ovn_revision_numbers_db [None req-531a22a0-14c0-4314-b642-4158ae552ee1 dab00c41473f49aaa330882aa713f2d5 5c3ee0faeb5d4be783e7499684a45f46 - - default default] Successfully bumped revision number for resource bb97fba1-3d40-43f4-8adb-1820c714b4f9 (type: router_ports) to 1
2026-05-11 02:08:51.783 8 INFO neutron.db.ovn_revision_numbers_db [None req-531a22a0-14c0-4314-b642-4158ae552ee1 dab00c41473f49aaa330882aa713f2d5 5c3ee0faeb5d4be783e7499684a45f46 - - default default] Successfully bumped revision number for resource ec27e1ba-a664-44b8-8cf1-5771f54b1057 (type: routers) to 2 [pid: 8|app: 0|req: 1311/2476] 10.0.0.129 () {34 vars in 668 bytes} [Mon May 11 02:08:50 2026] POST /v2.0/routers => generated 966 bytes in 1757 msecs (HTTP/1.1 201) 4 headers in 162 bytes (1 switches on core 0)
2026-05-11 02:08:51.814 7 INFO neutron.db.ovn_revision_numbers_db [None req-2248761a-ac43-496e-821e-02cd37328f43 - - - - - -] Successfully bumped revision number for resource ea7bc554-b4ba-4c60-8dd7-136b6687d453 (type: ports) to 1
2026-05-11 02:08:52.044 7 WARNING neutron.scheduler.dhcp_agent_scheduler [None req-2248761a-ac43-496e-821e-02cd37328f43 - - - - - -] No more DHCP agents
2026-05-11 02:08:52.046 7 WARNING neutron.api.rpc.agentnotifiers.dhcp_rpc_agent_api [None req-2248761a-ac43-496e-821e-02cd37328f43 - - - - - -] Unable to schedule network 7315f581-34c1-451a-a200-4adcab2884a9: no agents available; will retry on subsequent port and subnet creation events.
2026-05-11 02:08:52.080 8 INFO neutron.db.ovn_revision_numbers_db [None req-ee0a5154-5d20-411f-9b1e-8cb716c16cbe 80017be7d7514292aaf5ff4596c97d82 87ee3d816952469bae5d7b0b4a08cbf8 - - default default] Successfully bumped revision number for resource 561da1d2-da01-4b99-8f7c-b568eb1dfc28 (type: security_groups) to 1
2026-05-11 02:08:52.083 7 INFO neutron.db.ovn_revision_numbers_db [None req-2248761a-ac43-496e-821e-02cd37328f43 - - - - - -] Successfully bumped revision number for resource 1cc2f6fa-3993-408c-93a8-127768e770b2 (type: subnets) to 0
2026-05-11 02:08:52.095 8 INFO neutron.db.ovn_revision_numbers_db [None req-ee0a5154-5d20-411f-9b1e-8cb716c16cbe 80017be7d7514292aaf5ff4596c97d82 87ee3d816952469bae5d7b0b4a08cbf8 - - default default] Successfully bumped revision number for resource 00ee1bab-490c-4e13-9370-f56dfbba0f7f (type: security_group_rules) to 0
2026-05-11 02:08:52.109 8 INFO neutron.db.ovn_revision_numbers_db [None req-ee0a5154-5d20-411f-9b1e-8cb716c16cbe 80017be7d7514292aaf5ff4596c97d82 87ee3d816952469bae5d7b0b4a08cbf8 - - default default] Successfully bumped revision number for resource 05111a0d-4716-4081-9d62-77297a347f07 (type: security_group_rules) to 0
2026-05-11 02:08:52.121 8 INFO neutron.db.ovn_revision_numbers_db [None req-ee0a5154-5d20-411f-9b1e-8cb716c16cbe 80017be7d7514292aaf5ff4596c97d82 87ee3d816952469bae5d7b0b4a08cbf8 - - default default] Successfully bumped revision number for resource 0a60f59f-c720-4099-b54e-dd546b4d77b9 (type: security_group_rules) to 0
2026-05-11 02:08:52.131 8 INFO neutron.db.ovn_revision_numbers_db [None req-ee0a5154-5d20-411f-9b1e-8cb716c16cbe 80017be7d7514292aaf5ff4596c97d82 87ee3d816952469bae5d7b0b4a08cbf8 - - default default] Successfully bumped revision number for resource a43d7d24-d004-4e07-8b49-51ddb2aeef50 (type: security_group_rules) to 0
2026-05-11 02:08:52.211 8 INFO neutron.db.segments_db [None req-ee0a5154-5d20-411f-9b1e-8cb716c16cbe 80017be7d7514292aaf5ff4596c97d82 87ee3d816952469bae5d7b0b4a08cbf8 - - default default] Added segment ece6ff15-cbd5-4bc7-b735-5fecd8ca373d of type geneve for network 7e5b359d-f205-4759-9b01-b8c475e20924
2026-05-11 02:08:52.312 8 INFO neutron.db.ovn_revision_numbers_db [None req-ee0a5154-5d20-411f-9b1e-8cb716c16cbe 80017be7d7514292aaf5ff4596c97d82 87ee3d816952469bae5d7b0b4a08cbf8 - - default default] Successfully bumped revision number for resource 7e5b359d-f205-4759-9b01-b8c475e20924 (type: networks) to 1
2026-05-11 02:08:52.488 8 WARNING neutron.scheduler.dhcp_agent_scheduler [None req-ee0a5154-5d20-411f-9b1e-8cb716c16cbe 80017be7d7514292aaf5ff4596c97d82 87ee3d816952469bae5d7b0b4a08cbf8 - - default default] No more DHCP agents
2026-05-11 02:08:52.498 8 WARNING neutron.api.rpc.agentnotifiers.dhcp_rpc_agent_api [None req-ee0a5154-5d20-411f-9b1e-8cb716c16cbe 80017be7d7514292aaf5ff4596c97d82 87ee3d816952469bae5d7b0b4a08cbf8 - - default default] Unable to schedule network 7e5b359d-f205-4759-9b01-b8c475e20924: no agents available; will retry on subsequent port and subnet creation events.
2026-05-11 02:08:52.573 8 INFO neutron.db.ovn_revision_numbers_db [None req-ee0a5154-5d20-411f-9b1e-8cb716c16cbe 80017be7d7514292aaf5ff4596c97d82 87ee3d816952469bae5d7b0b4a08cbf8 - - default default] Successfully bumped revision number for resource c463e667-1c7b-4fc6-8abd-1c6efcb0bbf2 (type: ports) to 1 [pid: 8|app: 0|req: 1312/2477] 10.0.0.129 () {34 vars in 669 bytes} [Mon May 11 02:08:51 2026] POST /v2.0/networks => generated 669 bytes in 796 msecs (HTTP/1.1 201) 4 headers in 162 bytes (1 switches on core 0)
2026-05-11 02:08:52.769 7 WARNING neutron.scheduler.dhcp_agent_scheduler [None req-2248761a-ac43-496e-821e-02cd37328f43 - - - - - -] No more DHCP agents
2026-05-11 02:08:52.772 7 WARNING neutron.api.rpc.agentnotifiers.dhcp_rpc_agent_api [None req-2248761a-ac43-496e-821e-02cd37328f43 - - - - - -] Unable to schedule network 7315f581-34c1-451a-a200-4adcab2884a9: no agents available; will retry on subsequent port and subnet creation events.
2026-05-11 02:08:52.988 8 WARNING neutron.scheduler.dhcp_agent_scheduler [None req-e3d634e1-7664-439e-b0b3-83ab52c81e5f dab00c41473f49aaa330882aa713f2d5 5c3ee0faeb5d4be783e7499684a45f46 - - default default] No more DHCP agents
2026-05-11 02:08:52.989 8 WARNING neutron.api.rpc.agentnotifiers.dhcp_rpc_agent_api [None req-e3d634e1-7664-439e-b0b3-83ab52c81e5f dab00c41473f49aaa330882aa713f2d5 5c3ee0faeb5d4be783e7499684a45f46 - - default default] Unable to schedule network 6ebc7c2f-4790-4d60-a66e-6a015c295363: no agents available; will retry on subsequent port and subnet creation events.
2026-05-11 02:08:53.005 7 INFO neutron.db.ovn_revision_numbers_db [None req-2248761a-ac43-496e-821e-02cd37328f43 - - - - - -] Successfully bumped revision number for resource 6123d225-658d-4554-9bf7-277944898990 (type: ports) to 1
2026-05-11 02:08:53.122 7 INFO neutron.db.ovn_revision_numbers_db [None req-17afb59c-38de-4373-b69c-3ce4b79bbb16 - - - - - -] Successfully bumped revision number for resource bb97fba1-3d40-43f4-8adb-1820c714b4f9 (type: ports) to 4
2026-05-11 02:08:53.132 8 INFO neutron.db.ovn_revision_numbers_db [None req-e3d634e1-7664-439e-b0b3-83ab52c81e5f dab00c41473f49aaa330882aa713f2d5 5c3ee0faeb5d4be783e7499684a45f46 - - default default] Successfully bumped revision number for resource 5c70ea1b-b546-4890-a13a-55a4f8c7c5ba (type: ports) to 1
2026-05-11 02:08:53.461 7 WARNING neutron.plugins.ml2.drivers.ovn.mech_driver.ovsdb.ovn_client [None req-0a95554b-d6a9-45fe-99f1-81124bc6dd62 - - - - - -] No hosting information found for port 09507aa4-3380-4097-873b-be1021c48430: RuntimeError: No hosting information found for port 09507aa4-3380-4097-873b-be1021c48430
2026-05-11 02:08:53.703 7 INFO neutron.db.ovn_revision_numbers_db [None req-0a95554b-d6a9-45fe-99f1-81124bc6dd62 - - - - - -] Successfully bumped revision number for resource 09507aa4-3380-4097-873b-be1021c48430 (type: router_ports) to 2
2026-05-11 02:08:53.703 7 INFO neutron.plugins.ml2.drivers.ovn.mech_driver.mech_driver [None req-0a95554b-d6a9-45fe-99f1-81124bc6dd62 - - - - - -] OVN reports status down for port: 0e8493af-f0f1-49e6-871e-ba5f0ae1a08b
2026-05-11 02:08:53.815 8 WARNING neutron.scheduler.dhcp_agent_scheduler [None req-e3d634e1-7664-439e-b0b3-83ab52c81e5f dab00c41473f49aaa330882aa713f2d5 5c3ee0faeb5d4be783e7499684a45f46 - - default default] No more DHCP agents
2026-05-11 02:08:53.816 8 WARNING neutron.api.rpc.agentnotifiers.dhcp_rpc_agent_api [None req-e3d634e1-7664-439e-b0b3-83ab52c81e5f dab00c41473f49aaa330882aa713f2d5 5c3ee0faeb5d4be783e7499684a45f46 - - default default] Unable to schedule network 6ebc7c2f-4790-4d60-a66e-6a015c295363: no agents available; will retry on subsequent port and subnet creation events.
2026-05-11 02:08:53.987 7 WARNING neutron.plugins.ml2.drivers.ovn.mech_driver.ovsdb.ovn_client [None req-0a95554b-d6a9-45fe-99f1-81124bc6dd62 - - - - - -] Logical_Switch_Port 0e8493af-f0f1-49e6-871e-ba5f0ae1a08b host information not removed, the port state is up
2026-05-11 02:08:54.022 7 INFO neutron.db.ovn_revision_numbers_db [None req-17afb59c-38de-4373-b69c-3ce4b79bbb16 - - - - - -] Successfully bumped revision number for resource bb97fba1-3d40-43f4-8adb-1820c714b4f9 (type: ports) to 5
2026-05-11 02:08:54.121 7 INFO neutron.plugins.ml2.drivers.ovn.mech_driver.mech_driver [None req-0a95554b-d6a9-45fe-99f1-81124bc6dd62 - - - - - -] OVN reports status up for port: 0e8493af-f0f1-49e6-871e-ba5f0ae1a08b
2026-05-11 02:08:54.159 7 INFO neutron.plugins.ml2.plugin [None req-0a95554b-d6a9-45fe-99f1-81124bc6dd62 - - - - - -] Attempt 1 to provision port 0e8493af-f0f1-49e6-871e-ba5f0ae1a08b
2026-05-11 02:08:54.389 8 INFO neutron.db.ovn_revision_numbers_db [None req-e3d634e1-7664-439e-b0b3-83ab52c81e5f dab00c41473f49aaa330882aa713f2d5 5c3ee0faeb5d4be783e7499684a45f46 - - default default] Successfully bumped revision number for resource 5c70ea1b-b546-4890-a13a-55a4f8c7c5ba (type: router_ports) to 1 [pid: 8|app: 0|req: 1313/2478] 10.0.0.129 () {34 vars in 782 bytes} [Mon May 11 02:08:52 2026] PUT /v2.0/routers/ec27e1ba-a664-44b8-8cf1-5771f54b1057/add_router_interface => generated 309 bytes in 1798 msecs (HTTP/1.1 200) 4 headers in 157 bytes (1 switches on core 0)
2026-05-11 02:08:54.465 7 WARNING neutron.scheduler.dhcp_agent_scheduler [None req-2248761a-ac43-496e-821e-02cd37328f43 - - - - - -] No more DHCP agents
2026-05-11 02:08:54.466 7 WARNING neutron.api.rpc.agentnotifiers.dhcp_rpc_agent_api [None req-2248761a-ac43-496e-821e-02cd37328f43 - - - - - -] Unable to schedule network 7315f581-34c1-451a-a200-4adcab2884a9: no agents available; will retry on subsequent port and subnet creation events.
2026-05-11 02:08:54.478 8 INFO neutron.db.segments_db [None req-aecbbc82-81ce-41a6-9825-5d19c24a9853 80017be7d7514292aaf5ff4596c97d82 87ee3d816952469bae5d7b0b4a08cbf8 - - default default] Added segment 420b85fa-2446-4414-8b08-0fa492ba37da of type geneve for network 6c698462-9fc6-4a2d-80eb-5ddaeae9e4c5
2026-05-11 02:08:54.592 8 INFO neutron.db.ovn_revision_numbers_db [None req-aecbbc82-81ce-41a6-9825-5d19c24a9853 80017be7d7514292aaf5ff4596c97d82 87ee3d816952469bae5d7b0b4a08cbf8 - - default default] Successfully bumped revision number for resource 6c698462-9fc6-4a2d-80eb-5ddaeae9e4c5 (type: networks) to 1
2026-05-11 02:08:54.758 8 WARNING neutron.scheduler.dhcp_agent_scheduler [None req-aecbbc82-81ce-41a6-9825-5d19c24a9853 80017be7d7514292aaf5ff4596c97d82 87ee3d816952469bae5d7b0b4a08cbf8 - - default default] No more DHCP agents
2026-05-11 02:08:54.759 8 WARNING neutron.api.rpc.agentnotifiers.dhcp_rpc_agent_api [None req-aecbbc82-81ce-41a6-9825-5d19c24a9853 80017be7d7514292aaf5ff4596c97d82 87ee3d816952469bae5d7b0b4a08cbf8 - - default default] Unable to schedule network 6c698462-9fc6-4a2d-80eb-5ddaeae9e4c5: no agents available; will retry on subsequent port and subnet creation events.
2026-05-11 02:08:54.824 8 INFO neutron.db.ovn_revision_numbers_db [None req-aecbbc82-81ce-41a6-9825-5d19c24a9853 80017be7d7514292aaf5ff4596c97d82 87ee3d816952469bae5d7b0b4a08cbf8 - - default default] Successfully bumped revision number for resource 25b4ca9c-061e-43ed-958c-232e13fe37ff (type: ports) to 1 [pid: 8|app: 0|req: 1314/2479] 10.0.0.129 () {34 vars in 669 bytes} [Mon May 11 02:08:54 2026] POST /v2.0/networks => generated 670 bytes in 450 msecs (HTTP/1.1 201) 4 headers in 162 bytes (1 switches on core 0) [pid: 8|app: 0|req: 1317/2482] 10.0.0.129 () {34 vars in 752 bytes} [Mon May 11 02:08:54 2026] PUT /v2.0/networks/7e5b359d-f205-4759-9b01-b8c475e20924/tags => generated 25 bytes in 48 msecs (HTTP/1.1 200) 4 headers in 156 bytes (1 switches on core 0) [pid: 8|app: 0|req: 1318/2483] 10.0.0.129 () {32 vars in 732 bytes} [Mon May 11 02:08:54 2026] GET /v2.0/networks/7e5b359d-f205-4759-9b01-b8c475e20924/tags => generated 25 bytes in 41 msecs (HTTP/1.1 200) 4 headers in 156 bytes (1 switches on core 0) [pid: 8|app: 0|req: 1319/2484] 10.0.0.129 () {34 vars in 752 bytes} [Mon May 11 02:08:54 2026] PUT /v2.0/networks/6c698462-9fc6-4a2d-80eb-5ddaeae9e4c5/tags => generated 17 bytes in 65 msecs (HTTP/1.1 200) 4 headers in 156 bytes (1 switches on core 0)
2026-05-11 02:08:55.059 7 INFO neutron.db.ovn_revision_numbers_db [None req-2248761a-ac43-496e-821e-02cd37328f43 - - - - - -] Successfully bumped revision number for resource 6123d225-658d-4554-9bf7-277944898990 (type: router_ports) to 1
2026-05-11 02:08:55.130 8 INFO neutron.db.ovn_revision_numbers_db [None req-be67ea14-ccc5-44b6-be25-2649f2206636 7399e36b95264e7a8cd72c159a91286a a8871702d3554b1193eac18e600832d2 - - default default] Successfully bumped revision number for resource 6b87d697-212c-4da8-a290-84503bd807a0 (type: security_groups) to 1
2026-05-11 02:08:55.144 8 INFO neutron.db.ovn_revision_numbers_db [None req-be67ea14-ccc5-44b6-be25-2649f2206636 7399e36b95264e7a8cd72c159a91286a a8871702d3554b1193eac18e600832d2 - - default default] Successfully bumped revision number for resource c6941dea-a99c-49d9-86b4-374ec339b858 (type: security_group_rules) to 0
2026-05-11 02:08:55.155 8 INFO neutron.db.ovn_revision_numbers_db [None req-be67ea14-ccc5-44b6-be25-2649f2206636 7399e36b95264e7a8cd72c159a91286a a8871702d3554b1193eac18e600832d2 - - default default] Successfully bumped revision number for resource f525345b-5e5f-4051-8a4e-4bf556148534 (type: security_group_rules) to 0 [pid: 8|app: 0|req: 1320/2485] 10.0.0.129 () {34 vars in 684 bytes} [Mon May 11 02:08:55 2026] POST /v2.0/security-groups => generated 1673 bytes in 172 msecs (HTTP/1.1 201) 4 headers in 163 bytes (1 switches on core 0) [pid: 8|app: 0|req: 1321/2486] 10.0.0.129 () {32 vars in 732 bytes} [Mon May 11 02:08:55 2026] GET /v2.0/networks/6c698462-9fc6-4a2d-80eb-5ddaeae9e4c5/tags => generated 17 bytes in 41 msecs (HTTP/1.1 200) 4 headers in 156 bytes (1 switches on core 0)
2026-05-11 02:08:55.263 7 WARNING neutron.scheduler.dhcp_agent_scheduler [None req-2248761a-ac43-496e-821e-02cd37328f43 - - - - - -] No more DHCP agents
2026-05-11 02:08:55.264 7 WARNING neutron.api.rpc.agentnotifiers.dhcp_rpc_agent_api [None req-2248761a-ac43-496e-821e-02cd37328f43 - - - - - -] Unable to schedule network 7315f581-34c1-451a-a200-4adcab2884a9: no agents available; will retry on subsequent port and subnet creation events.
2026-05-11 02:08:55.378 7 INFO neutron.db.ovn_revision_numbers_db [None req-2248761a-ac43-496e-821e-02cd37328f43 - - - - - -] Successfully bumped revision number for resource 97c3ff5d-9740-4354-801a-bb6db3ded962 (type: ports) to 1
2026-05-11 02:08:55.388 8 INFO neutron.db.ovn_revision_numbers_db [None req-4213c329-a2ab-4ecc-b6e4-c56c95a086c8 7399e36b95264e7a8cd72c159a91286a a8871702d3554b1193eac18e600832d2 - - default default] Successfully bumped revision number for resource 671faeaf-06e5-447f-8380-6ace2ea6c1e3 (type: security_group_rules) to 0 [pid: 8|app: 0|req: 1322/2487] 10.0.0.129 () {34 vars in 694 bytes} [Mon May 11 02:08:55 2026] POST /v2.0/security-group-rules => generated 597 bytes in 184 msecs (HTTP/1.1 201) 4 headers in 162 bytes (1 switches on core 0) [pid: 8|app: 0|req: 1323/2488] 10.0.0.129 () {34 vars in 752 bytes} [Mon May 11 02:08:55 2026] PUT /v2.0/networks/6c698462-9fc6-4a2d-80eb-5ddaeae9e4c5/tags => generated 12 bytes in 44 msecs (HTTP/1.1 200) 4 headers in 156 bytes (1 switches on core 0)
2026-05-11 02:08:55.593 7 INFO neutron.db.ovn_revision_numbers_db [None req-2248761a-ac43-496e-821e-02cd37328f43 - - - - - -] Successfully bumped revision number for resource 97c3ff5d-9740-4354-801a-bb6db3ded962 (type: ports) to 3
2026-05-11 02:08:55.595 8 INFO neutron.db.ovn_revision_numbers_db [None req-8d64541d-f9f8-4dbe-90df-ac992ac1cb2c 7399e36b95264e7a8cd72c159a91286a a8871702d3554b1193eac18e600832d2 - - default default] Successfully bumped revision number for resource 8595b43f-e66b-48c4-bc47-e177b4b72c03 (type: security_group_rules) to 0 [pid: 8|app: 0|req: 1324/2489] 10.0.0.129 () {34 vars in 694 bytes} [Mon May 11 02:08:55 2026] POST /v2.0/security-group-rules => generated 596 bytes in 164 msecs (HTTP/1.1 201) 4 headers in 162 bytes (1 switches on core 0) [pid: 8|app: 0|req: 1325/2490] 10.0.0.129 () {32 vars in 732 bytes} [Mon May 11 02:08:55 2026] GET /v2.0/networks/6c698462-9fc6-4a2d-80eb-5ddaeae9e4c5/tags => generated 12 bytes in 42 msecs (HTTP/1.1 200) 4 headers in 156 bytes (1 switches on core 0)
2026-05-11 02:08:55.802 8 INFO neutron.db.ovn_revision_numbers_db [None req-a7da2fc2-84b3-4fbe-a282-43d0e0cb55d5 7399e36b95264e7a8cd72c159a91286a a8871702d3554b1193eac18e600832d2 - - default default] Successfully bumped revision number for resource 67323a17-9468-4444-b875-94d47f3e1feb (type: security_group_rules) to 0 [pid: 7|app: 0|req: 1166/2491] 10.0.0.129 () {34 vars in 684 bytes} [Mon May 11 02:08:50 2026] POST /v2.0/vpn/vpnservices => generated 458 bytes in 5506 msecs (HTTP/1.1 201) 4 headers in 162 bytes (1 switches on core 0) [pid: 8|app: 0|req: 1326/2492] 10.0.0.129 () {34 vars in 694 bytes} [Mon May 11 02:08:55 2026] POST /v2.0/security-group-rules => generated 602 bytes in 159 msecs (HTTP/1.1 201) 4 headers in 162 bytes (1 switches on core 0) [pid: 7|app: 0|req: 1167/2493] 10.0.0.129 () {32 vars in 732 bytes} [Mon May 11 02:08:55 2026] GET /v2.0/networks/7e5b359d-f205-4759-9b01-b8c475e20924/tags => generated 25 bytes in 34 msecs (HTTP/1.1 200) 4 headers in 156 bytes (1 switches on core 0)
2026-05-11 02:08:55.979 7 INFO neutron.db.ovn_revision_numbers_db [None req-2d7a4f69-7fe7-4abd-ab04-a06e24e6a580 7399e36b95264e7a8cd72c159a91286a a8871702d3554b1193eac18e600832d2 - - default default] Successfully bumped revision number for resource 4655233e-cde2-41e2-8ea2-61ba21097d5c (type: security_group_rules) to 0 [pid: 7|app: 0|req: 1168/2494] 10.0.0.129 () {34 vars in 694 bytes} [Mon May 11 02:08:55 2026] POST /v2.0/security-group-rules => generated 601 bytes in 172 msecs (HTTP/1.1 201) 4 headers in 162 bytes (1 switches on core 0)
2026-05-11 02:08:56.129 7 INFO neutron_taas.services.taas.taas_plugin [None req-1735ad18-5520-4142-95dc-8fb662a268ec 80017be7d7514292aaf5ff4596c97d82 87ee3d816952469bae5d7b0b4a08cbf8 - - default default] TaaS: Handle Delete Port: c463e667-1c7b-4fc6-8abd-1c6efcb0bbf2
2026-05-11 02:08:56.132 7 INFO neutron_taas.services.taas.tap_mirror_plugin [None req-1735ad18-5520-4142-95dc-8fb662a268ec 80017be7d7514292aaf5ff4596c97d82 87ee3d816952469bae5d7b0b4a08cbf8 - - default default] Tap Mirror: Handle Delete Port: c463e667-1c7b-4fc6-8abd-1c6efcb0bbf2
2026-05-11 02:08:56.238 8 WARNING neutron.plugins.ml2.drivers.ovn.mech_driver.ovsdb.ovn_client [None req-1c33e6b4-2a5c-4fbd-84b1-d55077c6f3e3 - - - - - -] No hosting information found for port bb36bae6-4824-455e-96de-28bf63715e3b: RuntimeError: No hosting information found for port bb36bae6-4824-455e-96de-28bf63715e3b
2026-05-11 02:08:56.301 7 INFO neutron.services.segments.plugin [-] Segment ece6ff15-cbd5-4bc7-b735-5fecd8ca373d resource provider aggregate not found
2026-05-11 02:08:56.306 7 INFO neutron.services.segments.plugin [-] Segment ece6ff15-cbd5-4bc7-b735-5fecd8ca373d resource provider aggregate not found
2026-05-11 02:08:56.321 7 INFO neutron.services.segments.plugin [-] Segment ece6ff15-cbd5-4bc7-b735-5fecd8ca373d resource provider not found; error: Placement Client Error (4xx): {"errors": [{"status": 404, "title": "Not Found", "detail": "The resource could not be found.\n\n No resource provider with uuid ece6ff15-cbd5-4bc7-b735-5fecd8ca373d found for delete ", "request_id": "req-e9a57184-f617-4f75-9db2-b7242795465f"}]}
2026-05-11 02:08:56.326 7 INFO neutron.services.segments.plugin [-] Segment ece6ff15-cbd5-4bc7-b735-5fecd8ca373d resource provider not found; error: Placement Client Error (4xx): {"errors": [{"status": 404, "title": "Not Found", "detail": "The resource could not be found.\n\n No resource provider with uuid ece6ff15-cbd5-4bc7-b735-5fecd8ca373d found for delete ", "request_id": "req-f4302813-5f2c-4bc5-84f1-01cf91ab995a"}]} [pid: 7|app: 0|req: 1169/2495] 10.0.0.129 () {32 vars in 725 bytes} [Mon May 11 02:08:56 2026] DELETE /v2.0/networks/7e5b359d-f205-4759-9b01-b8c475e20924 => generated 0 bytes in 345 msecs (HTTP/1.1 204) 3 headers in 131 bytes (1 switches on core 0)
2026-05-11 02:08:56.397 7 INFO neutron.db.securitygroups_db [None req-a7046c89-3dc3-4967-8267-c5039de2f4e1 7399e36b95264e7a8cd72c159a91286a a8871702d3554b1193eac18e600832d2 - - default default] Project a8871702d3554b1193eac18e600832d2 added a security group rule with legacy IPv6 ICMP protocol name icmp, ipv6-icmp should be used instead. It was automatically converted.
2026-05-11 02:08:56.405 8 INFO neutron.db.ovn_revision_numbers_db [None req-1c33e6b4-2a5c-4fbd-84b1-d55077c6f3e3 - - - - - -] Successfully bumped revision number for resource bb36bae6-4824-455e-96de-28bf63715e3b (type: router_ports) to 2 [pid: 8|app: 0|req: 1327/2496] 10.0.0.129 () {34 vars in 684 bytes} [Mon May 11 02:08:55 2026] POST /v2.0/vpn/vpnservices => generated 423 bytes in 592 msecs (HTTP/1.1 201) 4 headers in 162 bytes (1 switches on core 0)
2026-05-11 02:08:56.472 8 INFO neutron.plugins.ml2.drivers.ovn.mech_driver.mech_driver [None req-1c33e6b4-2a5c-4fbd-84b1-d55077c6f3e3 - - - - - -] OVN reports status down for port: ea7bc554-b4ba-4c60-8dd7-136b6687d453
2026-05-11 02:08:56.498 7 INFO neutron.db.ovn_revision_numbers_db [None req-a7046c89-3dc3-4967-8267-c5039de2f4e1 7399e36b95264e7a8cd72c159a91286a a8871702d3554b1193eac18e600832d2 - - default default] Successfully bumped revision number for resource 3b6ef5cc-62f4-4731-9999-1671e55de116 (type: security_group_rules) to 0 [pid: 7|app: 0|req: 1170/2497] 10.0.0.129 () {34 vars in 694 bytes} [Mon May 11 02:08:56 2026] POST /v2.0/security-group-rules => generated 607 bytes in 171 msecs (HTTP/1.1 201) 4 headers in 162 bytes (1 switches on core 0) [pid: 7|app: 0|req: 1171/2498] 10.0.0.129 () {34 vars in 683 bytes} [Mon May 11 02:08:56 2026] POST /v2.0/vpn/ikepolicies => generated 403 bytes in 42 msecs (HTTP/1.1 201) 4 headers in 162 bytes (1 switches on core 0)
2026-05-11 02:08:56.572 8 INFO neutron.plugins.ml2.drivers.ovn.mech_driver.mech_driver [None req-1c33e6b4-2a5c-4fbd-84b1-d55077c6f3e3 - - - - - -] OVN reports status down for port: 5c70ea1b-b546-4890-a13a-55a4f8c7c5ba
2026-05-11 02:08:56.603 7 INFO neutron.db.securitygroups_db [None req-7452ce81-e790-4aa0-bde9-fb16f25202a2 7399e36b95264e7a8cd72c159a91286a a8871702d3554b1193eac18e600832d2 - - default default] Project a8871702d3554b1193eac18e600832d2 added a security group rule with legacy IPv6 ICMP protocol name icmp, ipv6-icmp should be used instead. It was automatically converted.
2026-05-11 02:08:56.616 8 INFO neutron_taas.services.taas.taas_plugin [None req-456147fc-fce5-4cc4-8239-51ae33bed6cf 80017be7d7514292aaf5ff4596c97d82 87ee3d816952469bae5d7b0b4a08cbf8 - - default default] TaaS: Handle Delete Port: 25b4ca9c-061e-43ed-958c-232e13fe37ff
2026-05-11 02:08:56.621 8 INFO neutron_taas.services.taas.tap_mirror_plugin [None req-456147fc-fce5-4cc4-8239-51ae33bed6cf 80017be7d7514292aaf5ff4596c97d82 87ee3d816952469bae5d7b0b4a08cbf8 - - default default] Tap Mirror: Handle Delete Port: 25b4ca9c-061e-43ed-958c-232e13fe37ff
2026-05-11 02:08:56.671 8 WARNING neutron.plugins.ml2.drivers.ovn.mech_driver.ovsdb.ovn_client [None req-1c33e6b4-2a5c-4fbd-84b1-d55077c6f3e3 - - - - - -] Logical_Switch_Port 5c70ea1b-b546-4890-a13a-55a4f8c7c5ba host information not removed, the port state is up
2026-05-11 02:08:56.673 8 INFO neutron.plugins.ml2.drivers.ovn.mech_driver.mech_driver [None req-1c33e6b4-2a5c-4fbd-84b1-d55077c6f3e3 - - - - - -] OVN reports status up for port: 5c70ea1b-b546-4890-a13a-55a4f8c7c5ba
2026-05-11 02:08:56.693 8 INFO neutron.plugins.ml2.plugin [None req-1c33e6b4-2a5c-4fbd-84b1-d55077c6f3e3 - - - - - -] Attempt 1 to provision port 5c70ea1b-b546-4890-a13a-55a4f8c7c5ba
2026-05-11 02:08:56.711 7 INFO neutron.db.ovn_revision_numbers_db [None req-7452ce81-e790-4aa0-bde9-fb16f25202a2 7399e36b95264e7a8cd72c159a91286a a8871702d3554b1193eac18e600832d2 - - default default] Successfully bumped revision number for resource f08fdd30-c5c9-4587-80c4-b03a48582ba2 (type: security_group_rules) to 0 [pid: 7|app: 0|req: 1172/2499] 10.0.0.129 () {34 vars in 694 bytes} [Mon May 11 02:08:56 2026] POST /v2.0/security-group-rules => generated 606 bytes in 168 msecs (HTTP/1.1 201) 4 headers in 162 bytes (1 switches on core 0) [pid: 7|app: 0|req: 1173/2500] 10.0.0.129 () {34 vars in 687 bytes} [Mon May 11 02:08:56 2026] POST /v2.0/vpn/ipsecpolicies => generated 413 bytes in 51 msecs (HTTP/1.1 201) 4 headers in 162 bytes (1 switches on core 0) [pid: 7|app: 0|req: 1174/2501] 10.0.0.129 () {34 vars in 692 bytes} [Mon May 11 02:08:56 2026] POST /v2.0/vpn/endpoint-groups => generated 328 bytes in 56 msecs (HTTP/1.1 201) 4 headers in 162 bytes (1 switches on core 0)
2026-05-11 02:08:56.889 8 INFO neutron.services.segments.plugin [-] Segment 420b85fa-2446-4414-8b08-0fa492ba37da resource provider aggregate not found [pid: 7|app: 0|req: 1175/2502] 10.0.0.129 () {34 vars in 692 bytes} [Mon May 11 02:08:56 2026] POST /v2.0/vpn/endpoint-groups => generated 320 bytes in 44 msecs (HTTP/1.1 201) 4 headers in 162 bytes (1 switches on core 0)
2026-05-11 02:08:56.909 8 INFO neutron.services.segments.plugin [-] Segment 420b85fa-2446-4414-8b08-0fa492ba37da resource provider aggregate not found
2026-05-11 02:08:56.933 8 INFO neutron.services.segments.plugin [-] Segment 420b85fa-2446-4414-8b08-0fa492ba37da resource provider not found; error: Placement Client Error (4xx): {"errors": [{"status": 404, "title": "Not Found", "detail": "The resource could not be found.\n\n No resource provider with uuid 420b85fa-2446-4414-8b08-0fa492ba37da found for delete ", "request_id": "req-6831dd5b-8a39-49db-aadd-af333959407f"}]}
2026-05-11 02:08:56.952 8 INFO neutron.services.segments.plugin [-] Segment 420b85fa-2446-4414-8b08-0fa492ba37da resource provider not found; error: Placement Client Error (4xx): {"errors": [{"status": 404, "title": "Not Found", "detail": "The resource could not be found.\n\n No resource provider with uuid 420b85fa-2446-4414-8b08-0fa492ba37da found for delete ", "request_id": "req-604b5c83-48fd-48eb-a978-bd5a29c510b9"}]} [pid: 8|app: 0|req: 1328/2503] 10.0.0.129 () {32 vars in 725 bytes} [Mon May 11 02:08:56 2026] DELETE /v2.0/networks/6c698462-9fc6-4a2d-80eb-5ddaeae9e4c5 => generated 0 bytes in 595 msecs (HTTP/1.1 204) 3 headers in 131 bytes (1 switches on core 0)
2026-05-11 02:08:57.621 7 INFO neutron.db.ovn_revision_numbers_db [None req-68d2b822-c404-4583-bd57-d450fd1c720a 44398fbd639d4329acb1dbde6d8ade49 18084ed2ef0641bab9c1c8fa2f5222e6 - - default default] Successfully bumped revision number for resource 3f491133-93f1-4322-be28-abdf068e80c6 (type: routers) to 5 [pid: 7|app: 0|req: 1176/2504] 10.0.0.129 () {34 vars in 706 bytes} [Mon May 11 02:08:56 2026] POST /v2.0/vpn/ipsec-site-connections => generated 802 bytes in 742 msecs (HTTP/1.1 201) 4 headers in 162 bytes (1 switches on core 0) [pid: 7|app: 0|req: 1177/2505] 10.0.0.129 () {34 vars in 692 bytes} [Mon May 11 02:08:57 2026] POST /v2.0/vpn/endpoint-groups => generated 290 bytes in 49 msecs (HTTP/1.1 201) 4 headers in 162 bytes (1 switches on core 0)
2026-05-11 02:08:57.834 8 INFO neutron.db.ovn_revision_numbers_db [None req-1c33e6b4-2a5c-4fbd-84b1-d55077c6f3e3 - - - - - -] Successfully bumped revision number for resource 5c70ea1b-b546-4890-a13a-55a4f8c7c5ba (type: ports) to 2
2026-05-11 02:08:57.837 8 INFO neutron.db.ovn_revision_numbers_db [None req-9e4ce3c7-d1cb-4531-829b-4c8aa7334d38 7399e36b95264e7a8cd72c159a91286a a8871702d3554b1193eac18e600832d2 - - default default] Successfully bumped revision number for resource 2d038d24-0321-44df-8c5c-b6d1a39aa6fe (type: security_groups) to 1
2026-05-11 02:08:57.857 8 INFO neutron.db.ovn_revision_numbers_db [None req-9e4ce3c7-d1cb-4531-829b-4c8aa7334d38 7399e36b95264e7a8cd72c159a91286a a8871702d3554b1193eac18e600832d2 - - default default] Successfully bumped revision number for resource 6f4160d2-39e6-49b1-be49-d93d230b2f03 (type: security_group_rules) to 0
2026-05-11 02:08:57.879 8 INFO neutron.db.ovn_revision_numbers_db [None req-9e4ce3c7-d1cb-4531-829b-4c8aa7334d38 7399e36b95264e7a8cd72c159a91286a a8871702d3554b1193eac18e600832d2 - - default default] Successfully bumped revision number for resource e7583ea0-46d1-44c3-8f8a-09679d17dc4a (type: security_group_rules) to 0
2026-05-11 02:08:57.941 7 INFO neutron.db.ovn_revision_numbers_db [None req-d6669ed1-0d81-4bf5-b138-34557c7a60b2 dab00c41473f49aaa330882aa713f2d5 5c3ee0faeb5d4be783e7499684a45f46 - - default default] Successfully bumped revision number for resource 1952963e-e531-4f9c-9472-c23ee22eca31 (type: security_groups) to 1
2026-05-11 02:08:57.953 7 INFO neutron.db.ovn_revision_numbers_db [None req-d6669ed1-0d81-4bf5-b138-34557c7a60b2 dab00c41473f49aaa330882aa713f2d5 5c3ee0faeb5d4be783e7499684a45f46 - - default default] Successfully bumped revision number for resource 0409f5f3-5233-472f-a668-39c8505ebb95 (type: security_group_rules) to 0 [pid: 8|app: 0|req: 1329/2506] 10.0.0.129 () {34 vars in 684 bytes} [Mon May 11 02:08:57 2026] POST /v2.0/security-groups => generated 1660 bytes in 836 msecs (HTTP/1.1 201) 4 headers in 163 bytes (1 switches on core 0)
2026-05-11 02:08:57.967 7 INFO neutron.db.ovn_revision_numbers_db [None req-d6669ed1-0d81-4bf5-b138-34557c7a60b2 dab00c41473f49aaa330882aa713f2d5 5c3ee0faeb5d4be783e7499684a45f46 - - default default] Successfully bumped revision number for resource 11b3a456-a237-4bfb-b4c5-2177734f4341 (type: security_group_rules) to 0
2026-05-11 02:08:57.981 7 INFO neutron.db.ovn_revision_numbers_db [None req-d6669ed1-0d81-4bf5-b138-34557c7a60b2 dab00c41473f49aaa330882aa713f2d5 5c3ee0faeb5d4be783e7499684a45f46 - - default default] Successfully bumped revision number for resource 658f2946-1c12-42e7-81b4-b598b4f9cfbf (type: security_group_rules) to 0
2026-05-11 02:08:57.992 7 INFO neutron.db.ovn_revision_numbers_db [None req-d6669ed1-0d81-4bf5-b138-34557c7a60b2 dab00c41473f49aaa330882aa713f2d5 5c3ee0faeb5d4be783e7499684a45f46 - - default default] Successfully bumped revision number for resource 68690c8b-6b30-4d1c-9e2c-814b09851321 (type: security_group_rules) to 0 [pid: 8|app: 0|req: 1330/2507] 10.0.0.129 () {32 vars in 747 bytes} [Mon May 11 02:08:57 2026] DELETE /v2.0/vpn/endpoint-groups/2e125784-d696-478a-aad2-704f1f45f530 => generated 0 bytes in 57 msecs (HTTP/1.1 204) 2 headers in 112 bytes (1 switches on core 0) [pid: 7|app: 0|req: 1178/2508] 10.0.0.129 () {32 vars in 773 bytes} [Mon May 11 02:08:57 2026] GET /v2.0/security-groups?tenant_id=809c18751ee349448d06531da3a55f98&name=default => generated 2929 bytes in 336 msecs (HTTP/1.1 200) 4 headers in 158 bytes (1 switches on core 0) [pid: 7|app: 0|req: 1179/2509] 10.0.0.129 () {32 vars in 670 bytes} [Mon May 11 02:08:58 2026] GET /v2.0/vpn/endpoint-groups => generated 633 bytes in 16 msecs (HTTP/1.1 200) 4 headers in 157 bytes (1 switches on core 0)
2026-05-11 02:08:58.158 8 INFO neutron.db.ovn_revision_numbers_db [None req-43f387f8-be4e-4932-9bd0-ec14bbfd9d93 7399e36b95264e7a8cd72c159a91286a a8871702d3554b1193eac18e600832d2 - - default default] Successfully bumped revision number for resource 4c44ba18-14aa-44c5-93ac-fb6c29dd07ff (type: security_group_rules) to 0 [pid: 8|app: 0|req: 1331/2510] 10.0.0.129 () {34 vars in 694 bytes} [Mon May 11 02:08:58 2026] POST /v2.0/security-group-rules => generated 597 bytes in 178 msecs (HTTP/1.1 201) 4 headers in 162 bytes (1 switches on core 0) [pid: 8|app: 0|req: 1332/2511] 10.0.0.129 () {32 vars in 670 bytes} [Mon May 11 02:08:58 2026] GET /v2.0/vpn/endpoint-groups => generated 633 bytes in 17 msecs (HTTP/1.1 200) 4 headers in 157 bytes (1 switches on core 0) [pid: 7|app: 0|req: 1180/2512] 10.0.0.129 () {32 vars in 739 bytes} [Mon May 11 02:08:58 2026] DELETE /v2.0/security-groups/1952963e-e531-4f9c-9472-c23ee22eca31 => generated 0 bytes in 249 msecs (HTTP/1.1 204) 2 headers in 112 bytes (1 switches on core 0)
2026-05-11 02:08:58.379 8 INFO neutron.db.ovn_revision_numbers_db [None req-ab90a28f-a226-4800-8444-195a531ee63a 7399e36b95264e7a8cd72c159a91286a a8871702d3554b1193eac18e600832d2 - - default default] Successfully bumped revision number for resource 1a3b3e82-2a3a-4397-81ed-bca47d623996 (type: security_group_rules) to 0 [pid: 8|app: 0|req: 1333/2513] 10.0.0.129 () {34 vars in 694 bytes} [Mon May 11 02:08:58 2026] POST /v2.0/security-group-rules => generated 602 bytes in 202 msecs (HTTP/1.1 201) 4 headers in 162 bytes (1 switches on core 0) [pid: 7|app: 0|req: 1181/2514] 10.0.0.129 () {32 vars in 773 bytes} [Mon May 11 02:08:58 2026] GET /v2.0/security-groups?tenant_id=87ee3d816952469bae5d7b0b4a08cbf8&name=default => generated 2925 bytes in 33 msecs (HTTP/1.1 200) 4 headers in 158 bytes (1 switches on core 0)
2026-05-11 02:08:58.642 8 WARNING neutron.scheduler.dhcp_agent_scheduler [None req-86158b2f-32b3-4006-ac0a-d093ae22cb27 7399e36b95264e7a8cd72c159a91286a a8871702d3554b1193eac18e600832d2 - - default default] No more DHCP agents
