2026-05-11 02:13:35.395 7 INFO neutron.db.ovn_revision_numbers_db [None req-f93ebd56-bdca-46e6-8c23-778065570a58 - - - - - -] Successfully bumped revision number for resource 183c1e9e-b4f4-4686-a558-6879c0d3cf93 (type: ports) to 6 /var/lib/openstack/lib/python3.12/site-packages/pycadf/identifier.py:70: UserWarning: Invalid uuid: neutron. To ensure interoperability, identifiers should be a valid uuid. warnings.warn(('Invalid uuid: %s. To ensure interoperability, ' [pid: 7|app: 0|req: 1738/3595] 199.204.45.129 () {34 vars in 993 bytes} [Mon May 11 02:13:36 2026] GET /v2.0/ports?device_id=dd699df5-8671-4c52-9bff-28f0c1ca321a => generated 1194 bytes in 75 msecs (HTTP/1.1 200) 4 headers in 158 bytes (1 switches on core 0)
2026-05-11 02:13:36.548 8 INFO neutron_taas.services.taas.taas_plugin [req-ef226b5b-f893-45ba-8469-8fada31c3554 req-a5bacc52-92e8-43ce-b372-db0f7d6c771b 300feb072b7244269eacd915f3db0482 759673a63cbb40c5aa9cfbb29d0772e0 - - default default] TaaS: Handle Delete Port: 183c1e9e-b4f4-4686-a558-6879c0d3cf93
2026-05-11 02:13:36.552 8 INFO neutron_taas.services.taas.tap_mirror_plugin [req-ef226b5b-f893-45ba-8469-8fada31c3554 req-a5bacc52-92e8-43ce-b372-db0f7d6c771b 300feb072b7244269eacd915f3db0482 759673a63cbb40c5aa9cfbb29d0772e0 - - default default] Tap Mirror: Handle Delete Port: 183c1e9e-b4f4-4686-a558-6879c0d3cf93 [pid: 8|app: 0|req: 1858/3596] 199.204.45.129 () {36 vars in 996 bytes} [Mon May 11 02:13:36 2026] DELETE /v2.0/ports/183c1e9e-b4f4-4686-a558-6879c0d3cf93 => generated 0 bytes in 260 msecs (HTTP/1.1 204) 3 headers in 131 bytes (1 switches on core 0)
2026-05-11 02:13:36.728 8 INFO neutron.notifiers.nova [-] Nova event matching ['req-437e1ddd-5556-459a-881c-0c257efd0137'] response: {'server_uuid': 'dd699df5-8671-4c52-9bff-28f0c1ca321a', 'name': 'network-vif-deleted', 'tag': '183c1e9e-b4f4-4686-a558-6879c0d3cf93', 'status': 'completed', 'code': 200}
2026-05-11 02:13:37.327 7 INFO neutron.notifiers.nova [-] Nova event matching ['req-30f01712-556e-4786-af22-56200d1fac0e'] response: {'server_uuid': 'dd699df5-8671-4c52-9bff-28f0c1ca321a', 'name': 'network-vif-unplugged', 'status': 'completed', 'tag': '183c1e9e-b4f4-4686-a558-6879c0d3cf93', 'code': 200} [pid: 7|app: 0|req: 1739/3597] 10.0.0.128 () {34 vars in 989 bytes} [Mon May 11 02:13:39 2026] GET /v2.0/ports?device_id=dd699df5-8671-4c52-9bff-28f0c1ca321a => generated 12 bytes in 22 msecs (HTTP/1.1 200) 4 headers in 156 bytes (1 switches on core 0) [pid: 8|app: 0|req: 1860/3600] 10.0.0.129 () {32 vars in 749 bytes} [Mon May 11 02:13:44 2026] DELETE /v2.0/security-group-rules/8e274188-697f-47ab-8e9a-b4c10b1d28ad => generated 0 bytes in 186 msecs (HTTP/1.1 204) 2 headers in 112 bytes (1 switches on core 0)
2026-05-11 02:13:44.553 7 INFO neutron.api.v2.resource [None req-03cac50b-3314-410e-9370-30e945c5ace6 300feb072b7244269eacd915f3db0482 759673a63cbb40c5aa9cfbb29d0772e0 - - default default] show failed (client error): The resource could not be found. [pid: 7|app: 0|req: 1741/3601] 10.0.0.129 () {32 vars in 746 bytes} [Mon May 11 02:13:44 2026] GET /v2.0/security-group-rules/8e274188-697f-47ab-8e9a-b4c10b1d28ad => generated 155 bytes in 10 msecs (HTTP/1.1 404) 4 headers in 164 bytes (1 switches on core 0) [pid: 8|app: 0|req: 1861/3602] 10.0.0.129 () {32 vars in 749 bytes} [Mon May 11 02:13:44 2026] DELETE /v2.0/security-group-rules/888f399d-b0c1-4228-bf1c-63e52453a54f => generated 0 bytes in 142 msecs (HTTP/1.1 204) 2 headers in 112 bytes (1 switches on core 0)
2026-05-11 02:13:44.720 7 INFO neutron.api.v2.resource [None req-929e6b97-b653-4c94-8bb1-c1969445b106 300feb072b7244269eacd915f3db0482 759673a63cbb40c5aa9cfbb29d0772e0 - - default default] show failed (client error): The resource could not be found. [pid: 7|app: 0|req: 1742/3603] 10.0.0.129 () {32 vars in 746 bytes} [Mon May 11 02:13:44 2026] GET /v2.0/security-group-rules/888f399d-b0c1-4228-bf1c-63e52453a54f => generated 155 bytes in 12 msecs (HTTP/1.1 404) 4 headers in 164 bytes (1 switches on core 0) [pid: 8|app: 0|req: 1862/3604] 10.0.0.129 () {32 vars in 749 bytes} [Mon May 11 02:13:44 2026] DELETE /v2.0/security-group-rules/bb6a4922-f20c-41d7-a20f-565e36f3763c => generated 0 bytes in 130 msecs (HTTP/1.1 204) 2 headers in 112 bytes (1 switches on core 0)
2026-05-11 02:13:44.874 7 INFO neutron.api.v2.resource [None req-80ff77fe-e31f-498b-866b-af06dd58377f 300feb072b7244269eacd915f3db0482 759673a63cbb40c5aa9cfbb29d0772e0 - - default default] show failed (client error): The resource could not be found. [pid: 7|app: 0|req: 1743/3605] 10.0.0.129 () {32 vars in 746 bytes} [Mon May 11 02:13:44 2026] GET /v2.0/security-group-rules/bb6a4922-f20c-41d7-a20f-565e36f3763c => generated 155 bytes in 12 msecs (HTTP/1.1 404) 4 headers in 164 bytes (1 switches on core 0) [pid: 8|app: 0|req: 1863/3606] 10.0.0.129 () {32 vars in 749 bytes} [Mon May 11 02:13:44 2026] DELETE /v2.0/security-group-rules/49de22ab-f4fd-4fd0-a53b-dc59d446a9ea => generated 0 bytes in 131 msecs (HTTP/1.1 204) 2 headers in 112 bytes (1 switches on core 0)
2026-05-11 02:13:45.026 7 INFO neutron.api.v2.resource [None req-bb977a0d-ea87-4c76-869e-acdec7ac9ac6 300feb072b7244269eacd915f3db0482 759673a63cbb40c5aa9cfbb29d0772e0 - - default default] show failed (client error): The resource could not be found. [pid: 7|app: 0|req: 1744/3607] 10.0.0.129 () {32 vars in 746 bytes} [Mon May 11 02:13:45 2026] GET /v2.0/security-group-rules/49de22ab-f4fd-4fd0-a53b-dc59d446a9ea => generated 155 bytes in 12 msecs (HTTP/1.1 404) 4 headers in 164 bytes (1 switches on core 0) [pid: 8|app: 0|req: 1864/3608] 10.0.0.129 () {32 vars in 749 bytes} [Mon May 11 02:13:45 2026] DELETE /v2.0/security-group-rules/5cae24aa-b28d-4b7b-a839-bd3cf36ad921 => generated 0 bytes in 175 msecs (HTTP/1.1 204) 2 headers in 112 bytes (1 switches on core 0)
2026-05-11 02:13:45.223 7 INFO neutron.api.v2.resource [None req-f797f36e-d345-431e-badb-7dec494e00c0 300feb072b7244269eacd915f3db0482 759673a63cbb40c5aa9cfbb29d0772e0 - - default default] show failed (client error): The resource could not be found. [pid: 7|app: 0|req: 1745/3609] 10.0.0.129 () {32 vars in 746 bytes} [Mon May 11 02:13:45 2026] GET /v2.0/security-group-rules/5cae24aa-b28d-4b7b-a839-bd3cf36ad921 => generated 155 bytes in 14 msecs (HTTP/1.1 404) 4 headers in 164 bytes (1 switches on core 0) [pid: 8|app: 0|req: 1865/3610] 10.0.0.129 () {32 vars in 749 bytes} [Mon May 11 02:13:45 2026] DELETE /v2.0/security-group-rules/97d6f7d1-c44d-4b2a-81b9-79a00e30ce50 => generated 0 bytes in 137 msecs (HTTP/1.1 204) 2 headers in 112 bytes (1 switches on core 0)
2026-05-11 02:13:45.389 7 INFO neutron.api.v2.resource [None req-8a70d394-a5a0-47ff-a230-8377f3231ceb 300feb072b7244269eacd915f3db0482 759673a63cbb40c5aa9cfbb29d0772e0 - - default default] show failed (client error): The resource could not be found. [pid: 7|app: 0|req: 1746/3611] 10.0.0.129 () {32 vars in 746 bytes} [Mon May 11 02:13:45 2026] GET /v2.0/security-group-rules/97d6f7d1-c44d-4b2a-81b9-79a00e30ce50 => generated 155 bytes in 17 msecs (HTTP/1.1 404) 4 headers in 164 bytes (1 switches on core 0) [pid: 8|app: 0|req: 1866/3612] 10.0.0.129 () {32 vars in 749 bytes} [Mon May 11 02:13:45 2026] DELETE /v2.0/security-group-rules/22b1d8bc-7fb0-4939-a031-b5d3fa19157c => generated 0 bytes in 124 msecs (HTTP/1.1 204) 2 headers in 112 bytes (1 switches on core 0)
2026-05-11 02:13:45.534 7 INFO neutron.api.v2.resource [None req-065abcd3-8ce5-4373-ab9f-8ea20e47947e 300feb072b7244269eacd915f3db0482 759673a63cbb40c5aa9cfbb29d0772e0 - - default default] show failed (client error): The resource could not be found. [pid: 7|app: 0|req: 1747/3613] 10.0.0.129 () {32 vars in 746 bytes} [Mon May 11 02:13:45 2026] GET /v2.0/security-group-rules/22b1d8bc-7fb0-4939-a031-b5d3fa19157c => generated 155 bytes in 12 msecs (HTTP/1.1 404) 4 headers in 164 bytes (1 switches on core 0) [pid: 8|app: 0|req: 1867/3614] 10.0.0.129 () {32 vars in 749 bytes} [Mon May 11 02:13:45 2026] DELETE /v2.0/security-group-rules/e4b7dd89-a896-426e-8cff-05a58ef84d86 => generated 0 bytes in 108 msecs (HTTP/1.1 204) 2 headers in 112 bytes (1 switches on core 0)
2026-05-11 02:13:45.662 7 INFO neutron.api.v2.resource [None req-62b30660-4a5c-43b4-9c05-b4790cc224b6 300feb072b7244269eacd915f3db0482 759673a63cbb40c5aa9cfbb29d0772e0 - - default default] show failed (client error): The resource could not be found. [pid: 7|app: 0|req: 1748/3615] 10.0.0.129 () {32 vars in 746 bytes} [Mon May 11 02:13:45 2026] GET /v2.0/security-group-rules/e4b7dd89-a896-426e-8cff-05a58ef84d86 => generated 155 bytes in 11 msecs (HTTP/1.1 404) 4 headers in 164 bytes (1 switches on core 0) [pid: 8|app: 0|req: 1868/3616] 10.0.0.129 () {32 vars in 749 bytes} [Mon May 11 02:13:45 2026] DELETE /v2.0/security-group-rules/cef25c52-3e1c-4664-b028-44f4fe37a3ce => generated 0 bytes in 117 msecs (HTTP/1.1 204) 2 headers in 112 bytes (1 switches on core 0)
2026-05-11 02:13:45.805 7 INFO neutron.api.v2.resource [None req-92c5e66c-af8e-435c-80f0-0bebf0f953e5 300feb072b7244269eacd915f3db0482 759673a63cbb40c5aa9cfbb29d0772e0 - - default default] show failed (client error): The resource could not be found. [pid: 7|app: 0|req: 1749/3617] 10.0.0.129 () {32 vars in 746 bytes} [Mon May 11 02:13:45 2026] GET /v2.0/security-group-rules/cef25c52-3e1c-4664-b028-44f4fe37a3ce => generated 155 bytes in 14 msecs (HTTP/1.1 404) 4 headers in 164 bytes (1 switches on core 0) [pid: 8|app: 0|req: 1869/3618] 10.0.0.129 () {32 vars in 749 bytes} [Mon May 11 02:13:45 2026] DELETE /v2.0/security-group-rules/c85f36be-fbc7-411e-87a4-9e9556802715 => generated 0 bytes in 116 msecs (HTTP/1.1 204) 2 headers in 112 bytes (1 switches on core 0)
2026-05-11 02:13:45.944 7 INFO neutron.api.v2.resource [None req-c715f10a-6a07-439a-a93a-cb40e6861d10 300feb072b7244269eacd915f3db0482 759673a63cbb40c5aa9cfbb29d0772e0 - - default default] show failed (client error): The resource could not be found. [pid: 7|app: 0|req: 1750/3619] 10.0.0.129 () {32 vars in 746 bytes} [Mon May 11 02:13:45 2026] GET /v2.0/security-group-rules/c85f36be-fbc7-411e-87a4-9e9556802715 => generated 155 bytes in 13 msecs (HTTP/1.1 404) 4 headers in 164 bytes (1 switches on core 0) [pid: 8|app: 0|req: 1870/3620] 10.0.0.129 () {32 vars in 749 bytes} [Mon May 11 02:13:45 2026] DELETE /v2.0/security-group-rules/374a914e-41a7-4672-b16c-c575dfe391ed => generated 0 bytes in 114 msecs (HTTP/1.1 204) 2 headers in 112 bytes (1 switches on core 0)
2026-05-11 02:13:46.079 7 INFO neutron.api.v2.resource [None req-b50240c9-7fe2-41ec-8425-c3d5011dba5c 300feb072b7244269eacd915f3db0482 759673a63cbb40c5aa9cfbb29d0772e0 - - default default] show failed (client error): The resource could not be found. [pid: 7|app: 0|req: 1751/3621] 10.0.0.129 () {32 vars in 746 bytes} [Mon May 11 02:13:46 2026] GET /v2.0/security-group-rules/374a914e-41a7-4672-b16c-c575dfe391ed => generated 155 bytes in 11 msecs (HTTP/1.1 404) 4 headers in 164 bytes (1 switches on core 0) [pid: 8|app: 0|req: 1871/3622] 10.0.0.129 () {32 vars in 739 bytes} [Mon May 11 02:13:46 2026] DELETE /v2.0/security-groups/120ed94a-e0f5-4cf3-9ac5-39a138e4f2e9 => generated 0 bytes in 98 msecs (HTTP/1.1 204) 2 headers in 112 bytes (1 switches on core 0)
2026-05-11 02:13:46.199 7 INFO neutron.api.v2.resource [None req-6063f87a-26e1-49d1-aedb-3019b37d9c90 300feb072b7244269eacd915f3db0482 759673a63cbb40c5aa9cfbb29d0772e0 - - default default] show failed (client error): The resource could not be found. [pid: 7|app: 0|req: 1752/3623] 10.0.0.129 () {32 vars in 736 bytes} [Mon May 11 02:13:46 2026] GET /v2.0/security-groups/120ed94a-e0f5-4cf3-9ac5-39a138e4f2e9 => generated 146 bytes in 14 msecs (HTTP/1.1 404) 4 headers in 164 bytes (1 switches on core 0)
2026-05-11 02:13:46.503 8 INFO neutron_taas.services.taas.taas_plugin [None req-2e10092b-d13f-4f9d-9a00-f614a026a83a 300feb072b7244269eacd915f3db0482 759673a63cbb40c5aa9cfbb29d0772e0 - - default default] TaaS: Handle Delete Port: ffb605be-8de1-4233-b644-6093a358cbde
2026-05-11 02:13:46.507 8 INFO neutron_taas.services.taas.tap_mirror_plugin [None req-2e10092b-d13f-4f9d-9a00-f614a026a83a 300feb072b7244269eacd915f3db0482 759673a63cbb40c5aa9cfbb29d0772e0 - - default default] Tap Mirror: Handle Delete Port: ffb605be-8de1-4233-b644-6093a358cbde [pid: 8|app: 0|req: 1872/3624] 10.0.0.129 () {34 vars in 788 bytes} [Mon May 11 02:13:46 2026] PUT /v2.0/routers/63d62d9f-cd9b-4ea3-9ac7-313f59ec13ea/remove_router_interface => generated 309 bytes in 751 msecs (HTTP/1.1 200) 4 headers in 157 bytes (1 switches on core 0)
2026-05-11 02:13:47.117 7 INFO neutron.api.v2.resource [None req-334d3f43-f7e9-4561-aca1-20081bce0f13 300feb072b7244269eacd915f3db0482 759673a63cbb40c5aa9cfbb29d0772e0 - - default default] remove_router_interface failed (client error): The resource could not be found. [pid: 7|app: 0|req: 1753/3625] 10.0.0.129 () {34 vars in 788 bytes} [Mon May 11 02:13:47 2026] PUT /v2.0/routers/63d62d9f-cd9b-4ea3-9ac7-313f59ec13ea/remove_router_interface => generated 198 bytes in 116 msecs (HTTP/1.1 404) 4 headers in 164 bytes (1 switches on core 0) /var/lib/openstack/lib/python3.12/site-packages/pycadf/identifier.py:70: UserWarning: Invalid uuid: neutron. To ensure interoperability, identifiers should be a valid uuid. warnings.warn(('Invalid uuid: %s. To ensure interoperability, '
2026-05-11 02:13:47.419 8 INFO neutron_taas.services.taas.taas_plugin [None req-6e58e872-2483-4efa-838f-6d22b078ba85 300feb072b7244269eacd915f3db0482 759673a63cbb40c5aa9cfbb29d0772e0 - - default default] TaaS: Handle Delete Port: 04931e9f-ac58-4f01-9355-f82e6bddf46d
2026-05-11 02:13:47.422 8 INFO neutron_taas.services.taas.tap_mirror_plugin [None req-6e58e872-2483-4efa-838f-6d22b078ba85 300feb072b7244269eacd915f3db0482 759673a63cbb40c5aa9cfbb29d0772e0 - - default default] Tap Mirror: Handle Delete Port: 04931e9f-ac58-4f01-9355-f82e6bddf46d [pid: 8|app: 0|req: 1873/3626] 10.0.0.129 () {34 vars in 788 bytes} [Mon May 11 02:13:47 2026] PUT /v2.0/routers/63d62d9f-cd9b-4ea3-9ac7-313f59ec13ea/remove_router_interface => generated 309 bytes in 826 msecs (HTTP/1.1 200) 4 headers in 157 bytes (1 switches on core 0)
2026-05-11 02:13:48.055 7 INFO neutron.api.v2.resource [None req-1feae1d1-122b-419a-b59a-f14483362747 300feb072b7244269eacd915f3db0482 759673a63cbb40c5aa9cfbb29d0772e0 - - default default] remove_router_interface failed (client error): The resource could not be found. [pid: 7|app: 0|req: 1754/3627] 10.0.0.129 () {34 vars in 788 bytes} [Mon May 11 02:13:47 2026] PUT /v2.0/routers/63d62d9f-cd9b-4ea3-9ac7-313f59ec13ea/remove_router_interface => generated 198 bytes in 105 msecs (HTTP/1.1 404) 4 headers in 164 bytes (1 switches on core 0) /var/lib/openstack/lib/python3.12/site-packages/pycadf/identifier.py:70: UserWarning: Invalid uuid: neutron. To ensure interoperability, identifiers should be a valid uuid. warnings.warn(('Invalid uuid: %s. To ensure interoperability, '
2026-05-11 02:13:48.391 8 INFO neutron_taas.services.taas.taas_plugin [None req-b9d06ab6-ebde-47fe-9ca5-c88e15ef661b 300feb072b7244269eacd915f3db0482 759673a63cbb40c5aa9cfbb29d0772e0 - - default default] TaaS: Handle Delete Port: 6714774e-941f-45c1-b4ad-50c262f52866
2026-05-11 02:13:48.394 8 INFO neutron_taas.services.taas.tap_mirror_plugin [None req-b9d06ab6-ebde-47fe-9ca5-c88e15ef661b 300feb072b7244269eacd915f3db0482 759673a63cbb40c5aa9cfbb29d0772e0 - - default default] Tap Mirror: Handle Delete Port: 6714774e-941f-45c1-b4ad-50c262f52866 [pid: 8|app: 0|req: 1874/3628] 10.0.0.129 () {34 vars in 788 bytes} [Mon May 11 02:13:48 2026] PUT /v2.0/routers/63d62d9f-cd9b-4ea3-9ac7-313f59ec13ea/remove_router_interface => generated 309 bytes in 817 msecs (HTTP/1.1 200) 4 headers in 157 bytes (1 switches on core 0)
2026-05-11 02:13:48.986 7 INFO neutron.api.v2.resource [None req-fee14135-8ca5-40b0-b6fe-61df0c0aeaa4 300feb072b7244269eacd915f3db0482 759673a63cbb40c5aa9cfbb29d0772e0 - - default default] remove_router_interface failed (client error): The resource could not be found. [pid: 7|app: 0|req: 1755/3629] 10.0.0.129 () {34 vars in 788 bytes} [Mon May 11 02:13:48 2026] PUT /v2.0/routers/63d62d9f-cd9b-4ea3-9ac7-313f59ec13ea/remove_router_interface => generated 198 bytes in 104 msecs (HTTP/1.1 404) 4 headers in 164 bytes (1 switches on core 0) /var/lib/openstack/lib/python3.12/site-packages/pycadf/identifier.py:70: UserWarning: Invalid uuid: neutron. To ensure interoperability, identifiers should be a valid uuid. warnings.warn(('Invalid uuid: %s. To ensure interoperability, '
2026-05-11 02:13:49.304 8 INFO neutron_taas.services.taas.taas_plugin [None req-fe162ba6-977c-438e-b724-d81bce25bf0f 300feb072b7244269eacd915f3db0482 759673a63cbb40c5aa9cfbb29d0772e0 - - default default] TaaS: Handle Delete Port: f64a9d15-13b0-449a-9ff1-79f876176b8e
2026-05-11 02:13:49.306 8 INFO neutron_taas.services.taas.tap_mirror_plugin [None req-fe162ba6-977c-438e-b724-d81bce25bf0f 300feb072b7244269eacd915f3db0482 759673a63cbb40c5aa9cfbb29d0772e0 - - default default] Tap Mirror: Handle Delete Port: f64a9d15-13b0-449a-9ff1-79f876176b8e [pid: 8|app: 0|req: 1875/3630] 10.0.0.129 () {32 vars in 723 bytes} [Mon May 11 02:13:48 2026] DELETE /v2.0/routers/63d62d9f-cd9b-4ea3-9ac7-313f59ec13ea => generated 0 bytes in 700 msecs (HTTP/1.1 204) 2 headers in 112 bytes (1 switches on core 0)
2026-05-11 02:13:49.727 7 INFO neutron.api.v2.resource [None req-9a92df87-b75f-43ac-822e-3251e2bf94fa 300feb072b7244269eacd915f3db0482 759673a63cbb40c5aa9cfbb29d0772e0 - - default default] show failed (client error): The resource could not be found. [pid: 7|app: 0|req: 1756/3631] 10.0.0.129 () {32 vars in 720 bytes} [Mon May 11 02:13:49 2026] GET /v2.0/routers/63d62d9f-cd9b-4ea3-9ac7-313f59ec13ea => generated 135 bytes in 31 msecs (HTTP/1.1 404) 4 headers in 164 bytes (1 switches on core 0) [pid: 8|app: 0|req: 1876/3632] 10.0.0.129 () {32 vars in 723 bytes} [Mon May 11 02:13:49 2026] DELETE /v2.0/subnets/20c6a805-2092-4285-9f52-f20178fa49fc => generated 0 bytes in 134 msecs (HTTP/1.1 204) 3 headers in 131 bytes (1 switches on core 0)
2026-05-11 02:13:49.886 7 INFO neutron.pecan_wsgi.hooks.translation [None req-daa9ff0e-34a8-4e0b-85c7-6b00fd3ff6bc 300feb072b7244269eacd915f3db0482 759673a63cbb40c5aa9cfbb29d0772e0 - - default default] GET failed (client error): The resource could not be found. [pid: 7|app: 0|req: 1757/3633] 10.0.0.129 () {32 vars in 720 bytes} [Mon May 11 02:13:49 2026] GET /v2.0/subnets/20c6a805-2092-4285-9f52-f20178fa49fc => generated 136 bytes in 14 msecs (HTTP/1.1 404) 4 headers in 164 bytes (1 switches on core 0) [pid: 8|app: 0|req: 1877/3634] 10.0.0.129 () {32 vars in 723 bytes} [Mon May 11 02:13:49 2026] DELETE /v2.0/subnets/42ddf471-d1c8-4fd8-883c-810833bdca9b => generated 0 bytes in 151 msecs (HTTP/1.1 204) 3 headers in 131 bytes (1 switches on core 0)
2026-05-11 02:13:50.064 7 INFO neutron.pecan_wsgi.hooks.translation [None req-ea44dbc8-06d1-4756-a0be-efac7fe9de02 300feb072b7244269eacd915f3db0482 759673a63cbb40c5aa9cfbb29d0772e0 - - default default] GET failed (client error): The resource could not be found. [pid: 7|app: 0|req: 1758/3635] 10.0.0.129 () {32 vars in 720 bytes} [Mon May 11 02:13:50 2026] GET /v2.0/subnets/42ddf471-d1c8-4fd8-883c-810833bdca9b => generated 136 bytes in 17 msecs (HTTP/1.1 404) 4 headers in 164 bytes (1 switches on core 0)
2026-05-11 02:13:50.188 8 INFO neutron_taas.services.taas.taas_plugin [None req-8a431022-46d0-42ae-84cf-063dfce3ca68 300feb072b7244269eacd915f3db0482 759673a63cbb40c5aa9cfbb29d0772e0 - - default default] TaaS: Handle Delete Port: f776da91-e56b-4675-a9a2-65c9225710c6
2026-05-11 02:13:50.191 8 INFO neutron_taas.services.taas.tap_mirror_plugin [None req-8a431022-46d0-42ae-84cf-063dfce3ca68 300feb072b7244269eacd915f3db0482 759673a63cbb40c5aa9cfbb29d0772e0 - - default default] Tap Mirror: Handle Delete Port: f776da91-e56b-4675-a9a2-65c9225710c6
2026-05-11 02:13:50.372 8 INFO neutron.services.segments.plugin [-] Segment 988cbca4-00fe-49a0-9da3-4540522ecea4 resource provider aggregate not found
2026-05-11 02:13:50.373 8 INFO neutron.services.segments.plugin [-] Segment 988cbca4-00fe-49a0-9da3-4540522ecea4 resource provider aggregate not found
2026-05-11 02:13:50.395 8 INFO neutron.services.segments.plugin [-] Segment 988cbca4-00fe-49a0-9da3-4540522ecea4 resource provider not found; error: Placement Client Error (4xx): {"errors": [{"status": 404, "title": "Not Found", "detail": "The resource could not be found.\n\n No resource provider with uuid 988cbca4-00fe-49a0-9da3-4540522ecea4 found for delete ", "request_id": "req-b371005b-450e-4341-9593-100b669ad463"}]}
2026-05-11 02:13:50.395 8 INFO neutron.services.segments.plugin [-] Segment 988cbca4-00fe-49a0-9da3-4540522ecea4 resource provider not found; error: Placement Client Error (4xx): {"errors": [{"status": 404, "title": "Not Found", "detail": "The resource could not be found.\n\n No resource provider with uuid 988cbca4-00fe-49a0-9da3-4540522ecea4 found for delete ", "request_id": "req-0f7bd964-63eb-4ceb-9585-21f06b0e7d5e"}]} [pid: 8|app: 0|req: 1878/3636] 10.0.0.129 () {32 vars in 725 bytes} [Mon May 11 02:13:50 2026] DELETE /v2.0/networks/9e74cbf0-8c66-4ed6-ab9f-8f4b2663fc4f => generated 0 bytes in 350 msecs (HTTP/1.1 204) 3 headers in 131 bytes (1 switches on core 0)
2026-05-11 02:13:50.439 7 INFO neutron.pecan_wsgi.hooks.translation [None req-d9feee37-6a2f-4a83-a81d-db7e58a17120 300feb072b7244269eacd915f3db0482 759673a63cbb40c5aa9cfbb29d0772e0 - - default default] GET failed (client error): The resource could not be found. [pid: 7|app: 0|req: 1759/3637] 10.0.0.129 () {32 vars in 722 bytes} [Mon May 11 02:13:50 2026] GET /v2.0/networks/9e74cbf0-8c66-4ed6-ab9f-8f4b2663fc4f => generated 138 bytes in 16 msecs (HTTP/1.1 404) 4 headers in 164 bytes (1 switches on core 0) [pid: 8|app: 0|req: 1879/3638] 10.0.0.129 () {32 vars in 723 bytes} [Mon May 11 02:13:50 2026] DELETE /v2.0/subnets/fe85cf09-56f4-4837-8111-a26ba53890e3 => generated 0 bytes in 133 msecs (HTTP/1.1 204) 3 headers in 131 bytes (1 switches on core 0)
2026-05-11 02:13:50.600 7 INFO neutron.pecan_wsgi.hooks.translation [None req-0172b81a-02f9-47a4-91de-e05fc9fae765 300feb072b7244269eacd915f3db0482 759673a63cbb40c5aa9cfbb29d0772e0 - - default default] GET failed (client error): The resource could not be found. [pid: 7|app: 0|req: 1760/3639] 10.0.0.129 () {32 vars in 720 bytes} [Mon May 11 02:13:50 2026] GET /v2.0/subnets/fe85cf09-56f4-4837-8111-a26ba53890e3 => generated 136 bytes in 17 msecs (HTTP/1.1 404) 4 headers in 164 bytes (1 switches on core 0) [pid: 8|app: 0|req: 1880/3640] 10.0.0.129 () {32 vars in 723 bytes} [Mon May 11 02:13:50 2026] DELETE /v2.0/subnets/a6f1eb3e-ff1e-4180-8a2f-ac9ea024df3d => generated 0 bytes in 180 msecs (HTTP/1.1 204) 3 headers in 131 bytes (1 switches on core 0)
2026-05-11 02:13:50.807 7 INFO neutron.pecan_wsgi.hooks.translation [None req-76b968d3-405a-4218-837a-737ad00d325c 300feb072b7244269eacd915f3db0482 759673a63cbb40c5aa9cfbb29d0772e0 - - default default] GET failed (client error): The resource could not be found. [pid: 7|app: 0|req: 1761/3641] 10.0.0.129 () {32 vars in 720 bytes} [Mon May 11 02:13:50 2026] GET /v2.0/subnets/a6f1eb3e-ff1e-4180-8a2f-ac9ea024df3d => generated 136 bytes in 25 msecs (HTTP/1.1 404) 4 headers in 164 bytes (1 switches on core 0)
2026-05-11 02:13:50.934 8 INFO neutron_taas.services.taas.taas_plugin [None req-d4b312ca-42d8-4539-b57e-4976b4bec88f 300feb072b7244269eacd915f3db0482 759673a63cbb40c5aa9cfbb29d0772e0 - - default default] TaaS: Handle Delete Port: 186446bc-00b2-4c33-8f07-400a5e87de1b
2026-05-11 02:13:50.939 8 INFO neutron_taas.services.taas.tap_mirror_plugin [None req-d4b312ca-42d8-4539-b57e-4976b4bec88f 300feb072b7244269eacd915f3db0482 759673a63cbb40c5aa9cfbb29d0772e0 - - default default] Tap Mirror: Handle Delete Port: 186446bc-00b2-4c33-8f07-400a5e87de1b [pid: 8|app: 0|req: 1881/3642] 10.0.0.129 () {32 vars in 725 bytes} [Mon May 11 02:13:50 2026] DELETE /v2.0/networks/bc0db6f8-37cc-4fb9-8ca9-98c970b36ee8 => generated 0 bytes in 328 msecs (HTTP/1.1 204) 3 headers in 131 bytes (1 switches on core 0)
2026-05-11 02:13:51.172 7 INFO neutron.pecan_wsgi.hooks.translation [None req-bdfc6115-8019-4692-b7c1-98249959cc53 300feb072b7244269eacd915f3db0482 759673a63cbb40c5aa9cfbb29d0772e0 - - default default] GET failed (client error): The resource could not be found. [pid: 7|app: 0|req: 1762/3643] 10.0.0.129 () {32 vars in 722 bytes} [Mon May 11 02:13:51 2026] GET /v2.0/networks/bc0db6f8-37cc-4fb9-8ca9-98c970b36ee8 => generated 138 bytes in 16 msecs (HTTP/1.1 404) 4 headers in 164 bytes (1 switches on core 0) [pid: 8|app: 0|req: 1882/3644] 10.0.0.129 () {32 vars in 723 bytes} [Mon May 11 02:13:51 2026] DELETE /v2.0/subnets/052cea5b-7906-439c-9c7d-a986ae6017d6 => generated 0 bytes in 155 msecs (HTTP/1.1 204) 3 headers in 131 bytes (1 switches on core 0)
2026-05-11 02:13:51.347 7 INFO neutron.pecan_wsgi.hooks.translation [None req-97f3b0a6-2e6f-4914-aee0-efa2a5c84e16 300feb072b7244269eacd915f3db0482 759673a63cbb40c5aa9cfbb29d0772e0 - - default default] GET failed (client error): The resource could not be found. [pid: 7|app: 0|req: 1763/3645] 10.0.0.129 () {32 vars in 720 bytes} [Mon May 11 02:13:51 2026] GET /v2.0/subnets/052cea5b-7906-439c-9c7d-a986ae6017d6 => generated 136 bytes in 12 msecs (HTTP/1.1 404) 4 headers in 164 bytes (1 switches on core 0) [pid: 8|app: 0|req: 1883/3646] 10.0.0.129 () {32 vars in 723 bytes} [Mon May 11 02:13:51 2026] DELETE /v2.0/subnets/967abf4f-2f51-4d09-a7ed-15b1716db6e0 => generated 0 bytes in 151 msecs (HTTP/1.1 204) 3 headers in 131 bytes (1 switches on core 0)
2026-05-11 02:13:51.525 7 INFO neutron.pecan_wsgi.hooks.translation [None req-bc45a8fc-0415-4ce2-8f0f-d3afb67bf81b 300feb072b7244269eacd915f3db0482 759673a63cbb40c5aa9cfbb29d0772e0 - - default default] GET failed (client error): The resource could not be found. [pid: 7|app: 0|req: 1764/3647] 10.0.0.129 () {32 vars in 720 bytes} [Mon May 11 02:13:51 2026] GET /v2.0/subnets/967abf4f-2f51-4d09-a7ed-15b1716db6e0 => generated 136 bytes in 17 msecs (HTTP/1.1 404) 4 headers in 164 bytes (1 switches on core 0)
2026-05-11 02:13:51.646 8 INFO neutron_taas.services.taas.taas_plugin [None req-0dee9bf4-9ce4-4a1c-bf6b-a87442483a63 300feb072b7244269eacd915f3db0482 759673a63cbb40c5aa9cfbb29d0772e0 - - default default] TaaS: Handle Delete Port: 5f8a46b0-2384-49cf-bf36-e95033e8ebfc
2026-05-11 02:13:51.649 8 INFO neutron_taas.services.taas.tap_mirror_plugin [None req-0dee9bf4-9ce4-4a1c-bf6b-a87442483a63 300feb072b7244269eacd915f3db0482 759673a63cbb40c5aa9cfbb29d0772e0 - - default default] Tap Mirror: Handle Delete Port: 5f8a46b0-2384-49cf-bf36-e95033e8ebfc [pid: 8|app: 0|req: 1884/3648] 10.0.0.129 () {32 vars in 725 bytes} [Mon May 11 02:13:51 2026] DELETE /v2.0/networks/0b8bb45d-145e-40f8-8f97-ced5f64b0602 => generated 0 bytes in 306 msecs (HTTP/1.1 204) 3 headers in 131 bytes (1 switches on core 0)
2026-05-11 02:13:51.857 7 INFO neutron.pecan_wsgi.hooks.translation [None req-25cf7853-32f8-4ae0-a20b-b2433689d5b6 300feb072b7244269eacd915f3db0482 759673a63cbb40c5aa9cfbb29d0772e0 - - default default] GET failed (client error): The resource could not be found. [pid: 7|app: 0|req: 1765/3649] 10.0.0.129 () {32 vars in 722 bytes} [Mon May 11 02:13:51 2026] GET /v2.0/networks/0b8bb45d-145e-40f8-8f97-ced5f64b0602 => generated 138 bytes in 17 msecs (HTTP/1.1 404) 4 headers in 164 bytes (1 switches on core 0)
2026-05-11 02:13:52.413 8 INFO neutron.services.segments.plugin [-] Segment 3dea02ec-8e35-417a-af51-39d6616a462b resource provider aggregate not found
2026-05-11 02:13:52.418 8 INFO neutron.services.segments.plugin [-] Segment 3dea02ec-8e35-417a-af51-39d6616a462b resource provider aggregate not found
2026-05-11 02:13:52.434 8 INFO neutron.services.segments.plugin [-] Segment 3dea02ec-8e35-417a-af51-39d6616a462b resource provider not found; error: Placement Client Error (4xx): {"errors": [{"status": 404, "title": "Not Found", "detail": "The resource could not be found.\n\n No resource provider with uuid 3dea02ec-8e35-417a-af51-39d6616a462b found for delete ", "request_id": "req-c17bdc05-c2bb-4662-96fb-8762995b375a"}]}
2026-05-11 02:13:52.439 8 INFO neutron.services.segments.plugin [-] Segment 3dea02ec-8e35-417a-af51-39d6616a462b resource provider not found; error: Placement Client Error (4xx): {"errors": [{"status": 404, "title": "Not Found", "detail": "The resource could not be found.\n\n No resource provider with uuid 3dea02ec-8e35-417a-af51-39d6616a462b found for delete ", "request_id": "req-d0526831-0684-4f7e-a822-d3b8700bc783"}]}
2026-05-11 02:13:52.455 8 INFO neutron.services.segments.plugin [-] Segment af6dd0ba-8bf7-4d5b-8e4e-71c2c3678434 resource provider aggregate not found
2026-05-11 02:13:52.457 8 INFO neutron.services.segments.plugin [-] Segment af6dd0ba-8bf7-4d5b-8e4e-71c2c3678434 resource provider aggregate not found
2026-05-11 02:13:52.474 8 INFO neutron.services.segments.plugin [-] Segment af6dd0ba-8bf7-4d5b-8e4e-71c2c3678434 resource provider not found; error: Placement Client Error (4xx): {"errors": [{"status": 404, "title": "Not Found", "detail": "The resource could not be found.\n\n No resource provider with uuid af6dd0ba-8bf7-4d5b-8e4e-71c2c3678434 found for delete ", "request_id": "req-f3cd575b-5c3c-4429-93dd-ae4641f8203a"}]}
2026-05-11 02:13:52.476 8 INFO neutron.services.segments.plugin [-] Segment af6dd0ba-8bf7-4d5b-8e4e-71c2c3678434 resource provider not found; error: Placement Client Error (4xx): {"errors": [{"status": 404, "title": "Not Found", "detail": "The resource could not be found.\n\n No resource provider with uuid af6dd0ba-8bf7-4d5b-8e4e-71c2c3678434 found for delete ", "request_id": "req-c460818e-8269-4ec7-ac5f-10228d2efccd"}]}
2026-05-11 02:13:54.031 8 INFO neutron.db.ovn_revision_numbers_db [None req-7d3411ca-2393-4182-ad08-4b7219c50112 dab00c41473f49aaa330882aa713f2d5 5c3ee0faeb5d4be783e7499684a45f46 - - default default] Successfully bumped revision number for resource 21c1db7d-4e5b-46c2-bc55-8bf4f0ebeed2 (type: security_groups) to 1
2026-05-11 02:13:54.049 8 INFO neutron.db.ovn_revision_numbers_db [None req-7d3411ca-2393-4182-ad08-4b7219c50112 dab00c41473f49aaa330882aa713f2d5 5c3ee0faeb5d4be783e7499684a45f46 - - default default] Successfully bumped revision number for resource 0a65d052-f07f-42d0-881b-702614688d0c (type: security_group_rules) to 0
2026-05-11 02:13:54.059 8 INFO neutron.db.ovn_revision_numbers_db [None req-7d3411ca-2393-4182-ad08-4b7219c50112 dab00c41473f49aaa330882aa713f2d5 5c3ee0faeb5d4be783e7499684a45f46 - - default default] Successfully bumped revision number for resource 228b2c24-c0bc-4f66-9ff3-e50386671596 (type: security_group_rules) to 0
2026-05-11 02:13:54.070 8 INFO neutron.db.ovn_revision_numbers_db [None req-7d3411ca-2393-4182-ad08-4b7219c50112 dab00c41473f49aaa330882aa713f2d5 5c3ee0faeb5d4be783e7499684a45f46 - - default default] Successfully bumped revision number for resource 8e0d7aa2-8147-4cdf-a17b-0f972fd6e4e3 (type: security_group_rules) to 0
2026-05-11 02:13:54.080 8 INFO neutron.db.ovn_revision_numbers_db [None req-7d3411ca-2393-4182-ad08-4b7219c50112 dab00c41473f49aaa330882aa713f2d5 5c3ee0faeb5d4be783e7499684a45f46 - - default default] Successfully bumped revision number for resource 93946278-e86e-4dca-8726-6edc7a88bdc5 (type: security_group_rules) to 0 [pid: 8|app: 0|req: 1885/3650] 10.0.0.129 () {32 vars in 773 bytes} [Mon May 11 02:13:53 2026] GET /v2.0/security-groups?tenant_id=1589058048454f3fbd1dd4b0c17b5941&name=default => generated 2929 bytes in 383 msecs (HTTP/1.1 200) 4 headers in 158 bytes (1 switches on core 0) [pid: 7|app: 0|req: 1766/3651] 10.0.0.129 () {32 vars in 739 bytes} [Mon May 11 02:13:54 2026] DELETE /v2.0/security-groups/21c1db7d-4e5b-46c2-bc55-8bf4f0ebeed2 => generated 0 bytes in 242 msecs (HTTP/1.1 204) 2 headers in 112 bytes (1 switches on core 0)
2026-05-11 02:13:54.588 8 INFO neutron.db.ovn_revision_numbers_db [None req-2876d92b-eea7-4ea4-8a8e-18a927a8d7a6 dab00c41473f49aaa330882aa713f2d5 5c3ee0faeb5d4be783e7499684a45f46 - - default default] Successfully bumped revision number for resource ca1f75f2-a50c-4706-b1a3-207ca04e4736 (type: security_groups) to 1
2026-05-11 02:13:54.603 8 INFO neutron.db.ovn_revision_numbers_db [None req-2876d92b-eea7-4ea4-8a8e-18a927a8d7a6 dab00c41473f49aaa330882aa713f2d5 5c3ee0faeb5d4be783e7499684a45f46 - - default default] Successfully bumped revision number for resource 48c3aa27-c139-4931-a493-ff4b07c4201b (type: security_group_rules) to 0
2026-05-11 02:13:54.617 8 INFO neutron.db.ovn_revision_numbers_db [None req-2876d92b-eea7-4ea4-8a8e-18a927a8d7a6 dab00c41473f49aaa330882aa713f2d5 5c3ee0faeb5d4be783e7499684a45f46 - - default default] Successfully bumped revision number for resource 84451ce4-48a7-4e7a-9862-a964d83a5ead (type: security_group_rules) to 0
2026-05-11 02:13:54.629 8 INFO neutron.db.ovn_revision_numbers_db [None req-2876d92b-eea7-4ea4-8a8e-18a927a8d7a6 dab00c41473f49aaa330882aa713f2d5 5c3ee0faeb5d4be783e7499684a45f46 - - default default] Successfully bumped revision number for resource a1005b81-5d0f-4f0b-be09-3f7ae85350f5 (type: security_group_rules) to 0
2026-05-11 02:13:54.639 8 INFO neutron.db.ovn_revision_numbers_db [None req-2876d92b-eea7-4ea4-8a8e-18a927a8d7a6 dab00c41473f49aaa330882aa713f2d5 5c3ee0faeb5d4be783e7499684a45f46 - - default default] Successfully bumped revision number for resource bb9d1b1b-5fd7-425a-96cc-85492ae5c372 (type: security_group_rules) to 0 [pid: 8|app: 0|req: 1886/3652] 10.0.0.129 () {32 vars in 773 bytes} [Mon May 11 02:13:54 2026] GET /v2.0/security-groups?tenant_id=23450bced0494e23aa4e46d963d8bd30&name=default => generated 2929 bytes in 205 msecs (HTTP/1.1 200) 4 headers in 158 bytes (1 switches on core 0) [pid: 7|app: 0|req: 1767/3655] 10.0.0.129 () {32 vars in 739 bytes} [Mon May 11 02:13:54 2026] DELETE /v2.0/security-groups/ca1f75f2-a50c-4706-b1a3-207ca04e4736 => generated 0 bytes in 252 msecs (HTTP/1.1 204) 2 headers in 112 bytes (1 switches on core 0)
2026-05-11 02:13:55.170 8 INFO neutron.db.ovn_revision_numbers_db [None req-f197d5c1-82d9-45af-8ba0-1780d1f15c45 dab00c41473f49aaa330882aa713f2d5 5c3ee0faeb5d4be783e7499684a45f46 - - default default] Successfully bumped revision number for resource 1931f655-b0ee-41e2-9303-bc76244db148 (type: security_groups) to 1
2026-05-11 02:13:55.185 8 INFO neutron.db.ovn_revision_numbers_db [None req-f197d5c1-82d9-45af-8ba0-1780d1f15c45 dab00c41473f49aaa330882aa713f2d5 5c3ee0faeb5d4be783e7499684a45f46 - - default default] Successfully bumped revision number for resource 23dd13e8-7d6d-4d5e-8892-a326632e2714 (type: security_group_rules) to 0
2026-05-11 02:13:55.195 8 INFO neutron.db.ovn_revision_numbers_db [None req-f197d5c1-82d9-45af-8ba0-1780d1f15c45 dab00c41473f49aaa330882aa713f2d5 5c3ee0faeb5d4be783e7499684a45f46 - - default default] Successfully bumped revision number for resource a3561635-49c2-49eb-b7d2-df3edca26fc9 (type: security_group_rules) to 0
2026-05-11 02:13:55.205 8 INFO neutron.db.ovn_revision_numbers_db [None req-f197d5c1-82d9-45af-8ba0-1780d1f15c45 dab00c41473f49aaa330882aa713f2d5 5c3ee0faeb5d4be783e7499684a45f46 - - default default] Successfully bumped revision number for resource e8f00a53-81f0-40ee-8adc-0ddcdcf09b97 (type: security_group_rules) to 0
2026-05-11 02:13:55.217 8 INFO neutron.db.ovn_revision_numbers_db [None req-f197d5c1-82d9-45af-8ba0-1780d1f15c45 dab00c41473f49aaa330882aa713f2d5 5c3ee0faeb5d4be783e7499684a45f46 - - default default] Successfully bumped revision number for resource ed762b93-f45e-4f15-8def-814cde972aac (type: security_group_rules) to 0 [pid: 8|app: 0|req: 1889/3656] 10.0.0.129 () {32 vars in 773 bytes} [Mon May 11 02:13:55 2026] GET /v2.0/security-groups?tenant_id=1cdafaa899da4d059cd4dc71336b7b66&name=default => generated 2929 bytes in 172 msecs (HTTP/1.1 200) 4 headers in 158 bytes (1 switches on core 0) [pid: 7|app: 0|req: 1768/3657] 10.0.0.129 () {32 vars in 739 bytes} [Mon May 11 02:13:55 2026] DELETE /v2.0/security-groups/1931f655-b0ee-41e2-9303-bc76244db148 => generated 0 bytes in 247 msecs (HTTP/1.1 204) 2 headers in 112 bytes (1 switches on core 0) [pid: 8|app: 0|req: 1890/3658] 10.0.0.129 () {32 vars in 773 bytes} [Mon May 11 02:13:55 2026] GET /v2.0/security-groups?tenant_id=759673a63cbb40c5aa9cfbb29d0772e0&name=default => generated 2929 bytes in 33 msecs (HTTP/1.1 200) 4 headers in 158 bytes (1 switches on core 0) [pid: 7|app: 0|req: 1769/3659] 10.0.0.129 () {32 vars in 739 bytes} [Mon May 11 02:13:55 2026] DELETE /v2.0/security-groups/87158fb1-83a6-4104-b0e0-89ba881cad67 => generated 0 bytes in 249 msecs (HTTP/1.1 204) 2 headers in 112 bytes (1 switches on core 0)
2026-05-11 02:13:56.198 8 INFO neutron.db.ovn_revision_numbers_db [None req-d01baafe-dedf-4ab5-ad4f-fa2da529dc7a dab00c41473f49aaa330882aa713f2d5 5c3ee0faeb5d4be783e7499684a45f46 - - default default] Successfully bumped revision number for resource c78672c7-8c8f-4362-babb-507f4479ccce (type: security_groups) to 1
2026-05-11 02:13:56.210 8 INFO neutron.db.ovn_revision_numbers_db [None req-d01baafe-dedf-4ab5-ad4f-fa2da529dc7a dab00c41473f49aaa330882aa713f2d5 5c3ee0faeb5d4be783e7499684a45f46 - - default default] Successfully bumped revision number for resource 6513f13c-26b4-4838-bb72-2f574c5dec35 (type: security_group_rules) to 0
2026-05-11 02:13:56.225 8 INFO neutron.db.ovn_revision_numbers_db [None req-d01baafe-dedf-4ab5-ad4f-fa2da529dc7a dab00c41473f49aaa330882aa713f2d5 5c3ee0faeb5d4be783e7499684a45f46 - - default default] Successfully bumped revision number for resource 9b9a6e62-5e15-4182-8cfa-69eb5d666ada (type: security_group_rules) to 0
2026-05-11 02:13:56.238 8 INFO neutron.db.ovn_revision_numbers_db [None req-d01baafe-dedf-4ab5-ad4f-fa2da529dc7a dab00c41473f49aaa330882aa713f2d5 5c3ee0faeb5d4be783e7499684a45f46 - - default default] Successfully bumped revision number for resource b655eea2-1553-4f34-8571-3a80384aeda0 (type: security_group_rules) to 0
2026-05-11 02:13:56.249 8 INFO neutron.db.ovn_revision_numbers_db [None req-d01baafe-dedf-4ab5-ad4f-fa2da529dc7a dab00c41473f49aaa330882aa713f2d5 5c3ee0faeb5d4be783e7499684a45f46 - - default default] Successfully bumped revision number for resource c1c97176-4d8a-42fa-912c-bcde848e790e (type: security_group_rules) to 0 [pid: 8|app: 0|req: 1891/3660] 10.0.0.129 () {32 vars in 773 bytes} [Mon May 11 02:13:56 2026] GET /v2.0/security-groups?tenant_id=e0121cc73dbf4de4b582b84e3e2f9c8f&name=default => generated 2929 bytes in 216 msecs (HTTP/1.1 200) 4 headers in 158 bytes (1 switches on core 0) [pid: 7|app: 0|req: 1770/3661] 10.0.0.129 () {32 vars in 739 bytes} [Mon May 11 02:13:56 2026] DELETE /v2.0/security-groups/c78672c7-8c8f-4362-babb-507f4479ccce => generated 0 bytes in 246 msecs (HTTP/1.1 204) 2 headers in 112 bytes (1 switches on core 0)
2026-05-11 02:13:56.880 8 INFO neutron.db.ovn_revision_numbers_db [None req-d69fa99d-8cdc-49f1-b778-d4fa6629baa1 dab00c41473f49aaa330882aa713f2d5 5c3ee0faeb5d4be783e7499684a45f46 - - default default] Successfully bumped revision number for resource 488f2ab8-2c55-46dc-aeae-5414e06a2682 (type: security_groups) to 1
2026-05-11 02:13:56.894 8 INFO neutron.db.ovn_revision_numbers_db [None req-d69fa99d-8cdc-49f1-b778-d4fa6629baa1 dab00c41473f49aaa330882aa713f2d5 5c3ee0faeb5d4be783e7499684a45f46 - - default default] Successfully bumped revision number for resource 466d3353-79ad-4457-a74a-e7e3d26dce08 (type: security_group_rules) to 0
2026-05-11 02:13:56.905 8 INFO neutron.db.ovn_revision_numbers_db [None req-d69fa99d-8cdc-49f1-b778-d4fa6629baa1 dab00c41473f49aaa330882aa713f2d5 5c3ee0faeb5d4be783e7499684a45f46 - - default default] Successfully bumped revision number for resource ca15f986-4432-4e57-ad8c-a75e0c133da8 (type: security_group_rules) to 0
2026-05-11 02:13:56.916 8 INFO neutron.db.ovn_revision_numbers_db [None req-d69fa99d-8cdc-49f1-b778-d4fa6629baa1 dab00c41473f49aaa330882aa713f2d5 5c3ee0faeb5d4be783e7499684a45f46 - - default default] Successfully bumped revision number for resource d98103fa-e934-4850-aa6d-6f29ad6cd263 (type: security_group_rules) to 0
2026-05-11 02:13:56.928 8 INFO neutron.db.ovn_revision_numbers_db [None req-d69fa99d-8cdc-49f1-b778-d4fa6629baa1 dab00c41473f49aaa330882aa713f2d5 5c3ee0faeb5d4be783e7499684a45f46 - - default default] Successfully bumped revision number for resource fd1fdce0-e95a-416a-9cb5-a9650ac1ffe9 (type: security_group_rules) to 0 [pid: 8|app: 0|req: 1892/3662] 10.0.0.129 () {32 vars in 773 bytes} [Mon May 11 02:13:56 2026] GET /v2.0/security-groups?tenant_id=fe26e6280e9546ad938b105d5f083e22&name=default => generated 2929 bytes in 255 msecs (HTTP/1.1 200) 4 headers in 158 bytes (1 switches on core 0) [pid: 7|app: 0|req: 1771/3663] 10.0.0.129 () {32 vars in 739 bytes} [Mon May 11 02:13:56 2026] DELETE /v2.0/security-groups/488f2ab8-2c55-46dc-aeae-5414e06a2682 => generated 0 bytes in 235 msecs (HTTP/1.1 204) 2 headers in 112 bytes (1 switches on core 0)
2026-05-11 02:13:57.473 8 INFO neutron.db.ovn_revision_numbers_db [None req-5f6b3cbc-e832-4857-94cf-5d0c1acf8118 dab00c41473f49aaa330882aa713f2d5 5c3ee0faeb5d4be783e7499684a45f46 - - default default] Successfully bumped revision number for resource c1f1a09d-8344-41f4-943e-601507ca426d (type: security_groups) to 1
2026-05-11 02:13:57.488 8 INFO neutron.db.ovn_revision_numbers_db [None req-5f6b3cbc-e832-4857-94cf-5d0c1acf8118 dab00c41473f49aaa330882aa713f2d5 5c3ee0faeb5d4be783e7499684a45f46 - - default default] Successfully bumped revision number for resource 1bf88ebe-663e-47b1-b9d5-d79d3b5bceb1 (type: security_group_rules) to 0
2026-05-11 02:13:57.502 8 INFO neutron.db.ovn_revision_numbers_db [None req-5f6b3cbc-e832-4857-94cf-5d0c1acf8118 dab00c41473f49aaa330882aa713f2d5 5c3ee0faeb5d4be783e7499684a45f46 - - default default] Successfully bumped revision number for resource 8a3d4e35-645b-428b-b8ef-1b91ef6fcab5 (type: security_group_rules) to 0
2026-05-11 02:13:57.515 8 INFO neutron.db.ovn_revision_numbers_db [None req-5f6b3cbc-e832-4857-94cf-5d0c1acf8118 dab00c41473f49aaa330882aa713f2d5 5c3ee0faeb5d4be783e7499684a45f46 - - default default] Successfully bumped revision number for resource b4848985-d84f-4838-afa4-fe05533d15a4 (type: security_group_rules) to 0
2026-05-11 02:13:57.527 8 INFO neutron.db.ovn_revision_numbers_db [None req-5f6b3cbc-e832-4857-94cf-5d0c1acf8118 dab00c41473f49aaa330882aa713f2d5 5c3ee0faeb5d4be783e7499684a45f46 - - default default] Successfully bumped revision number for resource d85eea7c-9523-4120-a773-6af82799052f (type: security_group_rules) to 0 [pid: 8|app: 0|req: 1893/3664] 10.0.0.129 () {32 vars in 773 bytes} [Mon May 11 02:13:57 2026] GET /v2.0/security-groups?tenant_id=b59957984a4d4dbf802bb73f5b385b6d&name=default => generated 2929 bytes in 220 msecs (HTTP/1.1 200) 4 headers in 158 bytes (1 switches on core 0) [pid: 7|app: 0|req: 1772/3665] 10.0.0.129 () {32 vars in 739 bytes} [Mon May 11 02:13:57 2026] DELETE /v2.0/security-groups/c1f1a09d-8344-41f4-943e-601507ca426d => generated 0 bytes in 231 msecs (HTTP/1.1 204) 2 headers in 112 bytes (1 switches on core 0) [pid: 8|app: 0|req: 1894/3666] 10.0.0.129 () {32 vars in 648 bytes} [Mon May 11 02:14:00 2026] GET /v2.0/networks => generated 2287 bytes in 205 msecs (HTTP/1.1 200) 4 headers in 158 bytes (1 switches on core 0) [pid: 7|app: 0|req: 1773/3667] 10.0.0.129 () {32 vars in 654 bytes} [Mon May 11 02:14:01 2026] GET /v2.0/floatingips => generated 19 bytes in 17 msecs (HTTP/1.1 200) 4 headers in 156 bytes (1 switches on core 0) [pid: 8|app: 0|req: 1895/3668] 10.0.0.129 () {32 vars in 646 bytes} [Mon May 11 02:14:01 2026] GET /v2.0/routers => generated 15 bytes in 20 msecs (HTTP/1.1 200) 4 headers in 156 bytes (1 switches on core 0) [pid: 7|app: 0|req: 1774/3669] 10.0.0.129 () {32 vars in 642 bytes} [Mon May 11 02:14:01 2026] GET /v2.0/ports => generated 5171 bytes in 42 msecs (HTTP/1.1 200) 4 headers in 158 bytes (1 switches on core 0) [pid: 8|app: 0|req: 1896/3670] 10.0.0.129 () {32 vars in 646 bytes} [Mon May 11 02:14:01 2026] GET /v2.0/subnets => generated 1308 bytes in 26 msecs (HTTP/1.1 200) 4 headers in 158 bytes (1 switches on core 0) [pid: 7|app: 0|req: 1775/3671] 10.0.0.129 () {32 vars in 648 bytes} [Mon May 11 02:14:01 2026] GET /v2.0/networks => generated 2287 bytes in 59 msecs (HTTP/1.1 200) 4 headers in 158 bytes (1 switches on core 0) [pid: 8|app: 0|req: 1897/3672] 10.0.0.129 () {32 vars in 662 bytes} [Mon May 11 02:14:01 2026] GET /v2.0/security-groups => generated 17397 bytes in 37 msecs (HTTP/1.1 200) 4 headers in 159 bytes (1 switches on core 0) [pid: 7|app: 0|req: 1776/3673] 10.0.0.129 () {32 vars in 654 bytes} [Mon May 11 02:14:01 2026] GET /v2.0/subnetpools => generated 19 bytes in 16 msecs (HTTP/1.1 200) 4 headers in 156 bytes (1 switches on core 0) [pid: 8|app: 0|req: 1898/3674] 10.0.0.130 () {28 vars in 582 bytes} [Mon May 11 02:14:05 2026] GET /v2.0/subnets => generated 1308 bytes in 65 msecs (HTTP/1.1 200) 4 headers in 158 bytes (1 switches on core 0) [pid: 7|app: 0|req: 1777/3675] 10.0.0.130 () {28 vars in 584 bytes} [Mon May 11 02:14:05 2026] GET /v2.0/networks => generated 2287 bytes in 51 msecs (HTTP/1.1 200) 4 headers in 158 bytes (1 switches on core 0) [pid: 8|app: 0|req: 1899/3676] 10.0.0.130 () {28 vars in 582 bytes} [Mon May 11 02:14:05 2026] GET /v2.0/routers => generated 15 bytes in 15 msecs (HTTP/1.1 200) 4 headers in 156 bytes (1 switches on core 0) [pid: 7|app: 0|req: 1778/3677] 10.0.0.130 () {28 vars in 623 bytes} [Mon May 11 02:14:05 2026] GET /v2.0/agents?binary=ovn-controller => generated 416 bytes in 13 msecs (HTTP/1.1 200) 4 headers in 157 bytes (1 switches on core 0) [pid: 8|app: 0|req: 1900/3678] 10.0.0.130 () {28 vars in 578 bytes} [Mon May 11 02:14:05 2026] GET /v2.0/ports => generated 5171 bytes in 52 msecs (HTTP/1.1 200) 4 headers in 158 bytes (1 switches on core 0) [pid: 7|app: 0|req: 1779/3679] 10.0.0.130 () {28 vars in 580 bytes} [Mon May 11 02:14:05 2026] GET /v2.0/agents => generated 1214 bytes in 19 msecs (HTTP/1.1 200) 4 headers in 158 bytes (1 switches on core 0) [pid: 8|app: 0|req: 1901/3680] 10.0.0.130 () {28 vars in 618 bytes} [Mon May 11 02:14:05 2026] GET /v2.0/network-ip-availabilities => generated 1104 bytes in 13 msecs (HTTP/1.1 200) 4 headers in 158 bytes (1 switches on core 0) [pid: 7|app: 0|req: 1780/3681] 10.0.0.130 () {28 vars in 582 bytes} [Mon May 11 02:14:05 2026] GET /v2.0/subnets => generated 1308 bytes in 32 msecs (HTTP/1.1 200) 4 headers in 158 bytes (1 switches on core 0) [pid: 8|app: 0|req: 1902/3682] 10.0.0.130 () {28 vars in 590 bytes} [Mon May 11 02:14:05 2026] GET /v2.0/subnetpools => generated 19 bytes in 15 msecs (HTTP/1.1 200) 4 headers in 156 bytes (1 switches on core 0) [pid: 7|app: 0|req: 1781/3683] 10.0.0.130 () {28 vars in 590 bytes} [Mon May 11 02:14:05 2026] GET /v2.0/floatingips => generated 19 bytes in 22 msecs (HTTP/1.1 200) 4 headers in 156 bytes (1 switches on core 0) [pid: 8|app: 0|req: 1903/3684] 10.0.0.130 () {28 vars in 598 bytes} [Mon May 11 02:14:05 2026] GET /v2.0/security-groups => generated 17397 bytes in 50 msecs (HTTP/1.1 200) 4 headers in 159 bytes (1 switches on core 0) [pid: 8|app: 0|req: 1908/3693] 10.0.0.130 () {28 vars in 580 bytes} [Mon May 11 02:15:05 2026] GET /v2.0/agents => generated 1214 bytes in 106 msecs (HTTP/1.1 200) 4 headers in 158 bytes (1 switches on core 0) [pid: 7|app: 0|req: 1786/3694] 10.0.0.130 () {28 vars in 618 bytes} [Mon May 11 02:15:05 2026] GET /v2.0/network-ip-availabilities => generated 1104 bytes in 17 msecs (HTTP/1.1 200) 4 headers in 158 bytes (1 switches on core 0) [pid: 8|app: 0|req: 1909/3695] 10.0.0.130 () {28 vars in 598 bytes} [Mon May 11 02:15:05 2026] GET /v2.0/security-groups => generated 17397 bytes in 37 msecs (HTTP/1.1 200) 4 headers in 159 bytes (1 switches on core 0) [pid: 7|app: 0|req: 1787/3696] 10.0.0.130 () {28 vars in 578 bytes} [Mon May 11 02:15:05 2026] GET /v2.0/ports => generated 5171 bytes in 67 msecs (HTTP/1.1 200) 4 headers in 158 bytes (1 switches on core 0) [pid: 8|app: 0|req: 1910/3697] 10.0.0.130 () {28 vars in 590 bytes} [Mon May 11 02:15:05 2026] GET /v2.0/floatingips => generated 19 bytes in 19 msecs (HTTP/1.1 200) 4 headers in 156 bytes (1 switches on core 0) [pid: 7|app: 0|req: 1788/3698] 10.0.0.130 () {28 vars in 582 bytes} [Mon May 11 02:15:05 2026] GET /v2.0/subnets => generated 1308 bytes in 35 msecs (HTTP/1.1 200) 4 headers in 158 bytes (1 switc