2026-05-29 03:17:56.817 8 INFO placement.requestlog [req-8154592c-6d5c-4e1c-af86-f13b668d4136 req-ad70b013-4122-405e-ba14-b0191a377cda 0d7237d6d0ea413eadcd0e1a717c9633 9b5bfc035ff54947b8434d08e07fd0be - - 451796d036ce4197b515863486769eef 451796d036ce4197b515863486769eef] 199.204.45.157 "GET /allocations/6e6dd33a-0883-4ca9-9d95-ba5c24ff56f3" status: 200 len: 258 microversion: 1.28 [pid: 8|app: 0|req: 506/1012] 199.204.45.157 () {34 vars in 863 bytes} [Fri May 29 03:17:56 2026] GET /allocations/6e6dd33a-0883-4ca9-9d95-ba5c24ff56f3 => generated 258 bytes in 13 msecs (HTTP/1.1 200) 8 headers in 296 bytes (1 switches on core 0)
2026-05-29 03:18:03.881 7 INFO placement.requestlog [None req-20d47094-13d8-474e-9b8f-64c34375ddcf - - - - - -] 10.0.0.8 "GET /" status: 200 len: 136 microversion: 1.0
2026-05-29 03:18:03.883 8 INFO placement.requestlog [None req-bdcd19c1-10ed-4e70-a6db-39df377597ac - - - - - -] 10.0.0.8 "GET /" status: 200 len: 136 microversion: 1.0
2026-05-29 03:18:08.275 7 INFO placement.requestlog [None req-9cbdfae1-e1fc-44ad-9a66-d1cdafa595f7 bb4444fce5ab4b42a1cd5a343d6022e8 9b5bfc035ff54947b8434d08e07fd0be - - 451796d036ce4197b515863486769eef 451796d036ce4197b515863486769eef] 10.0.0.90 "GET /resource_providers/aedd9561-7b99-4aec-904a-43b3bbd5ffcf/aggregates" status: 404 len: 235 microversion: 1.1 [pid: 7|app: 0|req: 508/1015] 10.0.0.90 () {32 vars in 824 bytes} [Fri May 29 03:18:08 2026] GET /resource_providers/aedd9561-7b99-4aec-904a-43b3bbd5ffcf/aggregates => generated 235 bytes in 14 msecs (HTTP/1.1 404) 5 headers in 202 bytes (1 switches on core 0)
2026-05-29 03:18:08.278 8 INFO placement.requestlog [None req-b6aeb056-c56e-4539-add3-6dc72aa567d8 bb4444fce5ab4b42a1cd5a343d6022e8 9b5bfc035ff54947b8434d08e07fd0be - - 451796d036ce4197b515863486769eef 451796d036ce4197b515863486769eef] 10.0.0.90 "GET /resource_providers/aedd9561-7b99-4aec-904a-43b3bbd5ffcf/aggregates" status: 404 len: 235 microversion: 1.1 [pid: 8|app: 0|req: 508/1016] 10.0.0.90 () {32 vars in 824 bytes} [Fri May 29 03:18:08 2026] GET /resource_providers/aedd9561-7b99-4aec-904a-43b3bbd5ffcf/aggregates => generated 235 bytes in 12 msecs (HTTP/1.1 404) 5 headers in 202 bytes (1 switches on core 0)
2026-05-29 03:18:08.301 7 INFO placement.requestlog [None req-54098957-10df-43f7-ab70-5cb5983b52ed bb4444fce5ab4b42a1cd5a343d6022e8 9b5bfc035ff54947b8434d08e07fd0be - - 451796d036ce4197b515863486769eef 451796d036ce4197b515863486769eef] 10.0.0.90 "DELETE /resource_providers/aedd9561-7b99-4aec-904a-43b3bbd5ffcf" status: 404 len: 246 microversion: 1.1
2026-05-29 03:18:08.301 8 INFO placement.requestlog [None req-a9d7a82f-59de-43d5-a653-e965d4d78dcb bb4444fce5ab4b42a1cd5a343d6022e8 9b5bfc035ff54947b8434d08e07fd0be - - 451796d036ce4197b515863486769eef 451796d036ce4197b515863486769eef] 10.0.0.90 "DELETE /resource_providers/aedd9561-7b99-4aec-904a-43b3bbd5ffcf" status: 404 len: 246 microversion: 1.1 [pid: 7|app: 0|req: 509/1017] 10.0.0.90 () {34 vars in 824 bytes} [Fri May 29 03:18:08 2026] DELETE /resource_providers/aedd9561-7b99-4aec-904a-43b3bbd5ffcf => generated 246 bytes in 11 msecs (HTTP/1.1 404) 6 headers in 231 bytes (1 switches on core 0) [pid: 8|app: 0|req: 509/1018] 10.0.0.90 () {34 vars in 824 bytes} [Fri May 29 03:18:08 2026] DELETE /resource_providers/aedd9561-7b99-4aec-904a-43b3bbd5ffcf => generated 246 bytes in 11 msecs (HTTP/1.1 404) 6 headers in 231 bytes (1 switches on core 0)
2026-05-29 03:18:08.712 7 INFO placement.requestlog [None req-8cd3fc03-f80a-42df-85de-7bb20ba89b05 bb4444fce5ab4b42a1cd5a343d6022e8 9b5bfc035ff54947b8434d08e07fd0be - - 451796d036ce4197b515863486769eef 451796d036ce4197b515863486769eef] 10.0.0.90 "GET /resource_providers/f3055910-2e8f-497a-b0b1-b3d57ab89753/aggregates" status: 404 len: 235 microversion: 1.1 [pid: 7|app: 0|req: 510/1019] 10.0.0.90 () {32 vars in 824 bytes} [Fri May 29 03:18:08 2026] GET /resource_providers/f3055910-2e8f-497a-b0b1-b3d57ab89753/aggregates => generated 235 bytes in 11 msecs (HTTP/1.1 404) 5 headers in 202 bytes (1 switches on core 0)
2026-05-29 03:18:08.713 8 INFO placement.requestlog [None req-3c76d884-ea44-44bb-964b-deb040ea4dc2 bb4444fce5ab4b42a1cd5a343d6022e8 9b5bfc035ff54947b8434d08e07fd0be - - 451796d036ce4197b515863486769eef 451796d036ce4197b515863486769eef] 10.0.0.90 "GET /resource_providers/f3055910-2e8f-497a-b0b1-b3d57ab89753/aggregates" status: 404 len: 235 microversion: 1.1 [pid: 8|app: 0|req: 510/1020] 10.0.0.90 () {32 vars in 824 bytes} [Fri May 29 03:18:08 2026] GET /resource_providers/f3055910-2e8f-497a-b0b1-b3d57ab89753/aggregates => generated 235 bytes in 13 msecs (HTTP/1.1 404) 5 headers in 202 bytes (1 switches on core 0)
2026-05-29 03:18:08.726 7 INFO placement.requestlog [None req-795b30fe-7e6e-4760-a880-9c972be5b83b bb4444fce5ab4b42a1cd5a343d6022e8 9b5bfc035ff54947b8434d08e07fd0be - - 451796d036ce4197b515863486769eef 451796d036ce4197b515863486769eef] 10.0.0.90 "DELETE /resource_providers/f3055910-2e8f-497a-b0b1-b3d57ab89753" status: 404 len: 246 microversion: 1.1 [pid: 7|app: 0|req: 511/1021] 10.0.0.90 () {34 vars in 824 bytes} [Fri May 29 03:18:08 2026] DELETE /resource_providers/f3055910-2e8f-497a-b0b1-b3d57ab89753 => generated 246 bytes in 8 msecs (HTTP/1.1 404) 6 headers in 231 bytes (1 switches on core 0)
2026-05-29 03:18:08.730 8 INFO placement.requestlog [None req-b155db26-7020-4b47-82ff-a7a55bd314cd bb4444fce5ab4b42a1cd5a343d6022e8 9b5bfc035ff54947b8434d08e07fd0be - - 451796d036ce4197b515863486769eef 451796d036ce4197b515863486769eef] 10.0.0.90 "DELETE /resource_providers/f3055910-2e8f-497a-b0b1-b3d57ab89753" status: 404 len: 246 microversion: 1.1 [pid: 8|app: 0|req: 511/1022] 10.0.0.90 () {34 vars in 824 bytes} [Fri May 29 03:18:08 2026] DELETE /resource_providers/f3055910-2e8f-497a-b0b1-b3d57ab89753 => generated 246 bytes in 10 msecs (HTTP/1.1 404) 6 headers in 231 bytes (1 switches on core 0)
2026-05-29 03:18:10.322 7 INFO placement.requestlog [None req-53a662f1-01ab-4db0-bfde-8719d7e7f358 bb4444fce5ab4b42a1cd5a343d6022e8 9b5bfc035ff54947b8434d08e07fd0be - - 451796d036ce4197b515863486769eef 451796d036ce4197b515863486769eef] 10.0.0.90 "GET /resource_providers/54a473cc-be5b-4b9a-8b7f-5adada9c5972/aggregates" status: 404 len: 235 microversion: 1.1 [pid: 7|app: 0|req: 512/1023] 10.0.0.90 () {32 vars in 824 bytes} [Fri May 29 03:18:10 2026] GET /resource_providers/54a473cc-be5b-4b9a-8b7f-5adada9c5972/aggregates => generated 235 bytes in 14 msecs (HTTP/1.1 404) 5 headers in 202 bytes (1 switches on core 0)
2026-05-29 03:18:10.323 8 INFO placement.requestlog [None req-8a330b54-0cb2-4186-964a-f2ade71111d2 bb4444fce5ab4b42a1cd5a343d6022e8 9b5bfc035ff54947b8434d08e07fd0be - - 451796d036ce4197b515863486769eef 451796d036ce4197b515863486769eef] 10.0.0.90 "GET /resource_providers/54a473cc-be5b-4b9a-8b7f-5adada9c5972/aggregates" status: 404 len: 235 microversion: 1.1 [pid: 8|app: 0|req: 512/1024] 10.0.0.90 () {32 vars in 824 bytes} [Fri May 29 03:18:10 2026] GET /resource_providers/54a473cc-be5b-4b9a-8b7f-5adada9c5972/aggregates => generated 235 bytes in 12 msecs (HTTP/1.1 404) 5 headers in 202 bytes (1 switches on core 0)
2026-05-29 03:18:10.349 8 INFO placement.requestlog [None req-ee1075bb-8954-4400-ab71-7821e17eab95 bb4444fce5ab4b42a1cd5a343d6022e8 9b5bfc035ff54947b8434d08e07fd0be - - 451796d036ce4197b515863486769eef 451796d036ce4197b515863486769eef] 10.0.0.90 "DELETE /resource_providers/54a473cc-be5b-4b9a-8b7f-5adada9c5972" status: 404 len: 246 microversion: 1.1 [pid: 8|app: 0|req: 513/1025] 10.0.0.90 () {34 vars in 824 bytes} [Fri May 29 03:18:10 2026] DELETE /resource_providers/54a473cc-be5b-4b9a-8b7f-5adada9c5972 => generated 246 bytes in 11 msecs (HTTP/1.1 404) 6 headers in 231 bytes (1 switches on core 0)
2026-05-29 03:18:10.350 7 INFO placement.requestlog [None req-3708c39b-118d-4d98-be97-d496957d904e bb4444fce5ab4b42a1cd5a343d6022e8 9b5bfc035ff54947b8434d08e07fd0be - - 451796d036ce4197b515863486769eef 451796d036ce4197b515863486769eef] 10.0.0.90 "DELETE /resource_providers/54a473cc-be5b-4b9a-8b7f-5adada9c5972" status: 404 len: 246 microversion: 1.1 [pid: 7|app: 0|req: 513/1026] 10.0.0.90 () {34 vars in 824 bytes} [Fri May 29 03:18:10 2026] DELETE /resource_providers/54a473cc-be5b-4b9a-8b7f-5adada9c5972 => generated 246 bytes in 13 msecs (HTTP/1.1 404) 6 headers in 231 bytes (1 switches on core 0)
2026-05-29 03:18:13.882 7 INFO placement.requestlog [None req-f363e69d-3dd4-478b-83f4-d6740457c030 - - - - - -] 10.0.0.8 "GET /" status: 200 len: 136 microversion: 1.0
2026-05-29 03:18:13.882 8 INFO placement.requestlog [None req-5f06242e-bcbb-42fc-83a7-79dd0e6013b3 - - - - - -] 10.0.0.8 "GET /" status: 200 len: 136 microversion: 1.0
2026-05-29 03:18:23.881 8 INFO placement.requestlog [None req-03452cd8-aacc-49b3-8fb3-ba24e950fa69 - - - - - -] 10.0.0.8 "GET /" status: 200 len: 136 microversion: 1.0
2026-05-29 03:18:23.882 7 INFO placement.requestlog [None req-c6c04f67-78b1-4e02-a2b2-722f2434fe81 - - - - - -] 10.0.0.8 "GET /" status: 200 len: 136 microversion: 1.0
2026-05-29 03:18:29.203 8 INFO placement.requestlog [req-411a6ed5-7282-4153-bad2-fc53ab56c22c req-13c85a0a-29cd-463c-8b4b-253e34e1c266 0d7237d6d0ea413eadcd0e1a717c9633 9b5bfc035ff54947b8434d08e07fd0be - - 451796d036ce4197b515863486769eef 451796d036ce4197b515863486769eef] 10.0.0.209 "GET /allocation_candidates?limit=1000&resources=MEMORY_MB%3A2048%2CVCPU%3A2&root_required=%21COMPUTE_STATUS_DISABLED" status: 200 len: 2207 microversion: 1.36 [pid: 8|app: 0|req: 516/1031] 10.0.0.209 () {34 vars in 986 bytes} [Fri May 29 03:18:29 2026] GET /allocation_candidates?limit=1000&resources=MEMORY_MB%3A2048%2CVCPU%3A2&root_required=%21COMPUTE_STATUS_DISABLED => generated 2207 bytes in 41 msecs (HTTP/1.1 200) 8 headers in 297 bytes (1 switches on core 0)
2026-05-29 03:18:29.242 7 INFO placement.requestlog [req-411a6ed5-7282-4153-bad2-fc53ab56c22c req-ca82f4c2-8fc6-406f-84dd-f0339663becf 0d7237d6d0ea413eadcd0e1a717c9633 9b5bfc035ff54947b8434d08e07fd0be - - 451796d036ce4197b515863486769eef 451796d036ce4197b515863486769eef] 10.0.0.209 "GET /allocations/b278e6c9-1afb-46c7-b927-da5c16810bc2" status: 200 len: 19 microversion: 1.28 [pid: 7|app: 0|req: 516/1032] 10.0.0.209 () {34 vars in 861 bytes} [Fri May 29 03:18:29 2026] GET /allocations/b278e6c9-1afb-46c7-b927-da5c16810bc2 => generated 19 bytes in 15 msecs (HTTP/1.1 200) 8 headers in 295 bytes (1 switches on core 0)
2026-05-29 03:18:29.326 8 INFO placement.requestlog [req-411a6ed5-7282-4153-bad2-fc53ab56c22c req-a30cc2f3-af20-45d5-a565-8f96700d2bff 0d7237d6d0ea413eadcd0e1a717c9633 9b5bfc035ff54947b8434d08e07fd0be - - 451796d036ce4197b515863486769eef 451796d036ce4197b515863486769eef] 10.0.0.209 "PUT /allocations/b278e6c9-1afb-46c7-b927-da5c16810bc2" status: 204 len: 0 microversion: 1.36 [pid: 8|app: 0|req: 517/1033] 10.0.0.209 () {38 vars in 914 bytes} [Fri May 29 03:18:29 2026] PUT /allocations/b278e6c9-1afb-46c7-b927-da5c16810bc2 => generated 0 bytes in 79 msecs (HTTP/1.1 204) 5 headers in 199 bytes (1 switches on core 0)
2026-05-29 03:18:29.621 7 INFO placement.requestlog [req-411a6ed5-7282-4153-bad2-fc53ab56c22c req-14299911-0003-4f38-9181-e97e429efebf 0d7237d6d0ea413eadcd0e1a717c9633 9b5bfc035ff54947b8434d08e07fd0be - - 451796d036ce4197b515863486769eef 451796d036ce4197b515863486769eef] 199.204.45.157 "GET /allocations/b278e6c9-1afb-46c7-b927-da5c16810bc2" status: 200 len: 245 microversion: 1.28 [pid: 7|app: 0|req: 517/1034] 199.204.45.157 () {34 vars in 863 bytes} [Fri May 29 03:18:29 2026] GET /allocations/b278e6c9-1afb-46c7-b927-da5c16810bc2 => generated 245 bytes in 16 msecs (HTTP/1.1 200) 8 headers in 296 bytes (1 switches on core 0)
2026-05-29 03:18:29.746 8 INFO placement.requestlog [req-411a6ed5-7282-4153-bad2-fc53ab56c22c req-a552d85f-72c5-44c2-902b-19b9a5d09987 0d7237d6d0ea413eadcd0e1a717c9633 9b5bfc035ff54947b8434d08e07fd0be - - 451796d036ce4197b515863486769eef 451796d036ce4197b515863486769eef] 199.204.45.157 "GET /resource_providers/669503f4-1858-4710-a221-1be566e1714f/allocations" status: 200 len: 340 microversion: 1.0 [pid: 8|app: 0|req: 518/1035] 199.204.45.157 () {32 vars in 857 bytes} [Fri May 29 03:18:29 2026] GET /resource_providers/669503f4-1858-4710-a221-1be566e1714f/allocations => generated 340 bytes in 17 msecs (HTTP/1.1 200) 6 headers in 224 bytes (1 switches on core 0)
2026-05-29 03:18:29.770 7 INFO placement.requestlog [req-411a6ed5-7282-4153-bad2-fc53ab56c22c req-fd4ecb37-e784-4fb2-8066-d6c2bffb7633 0d7237d6d0ea413eadcd0e1a717c9633 9b5bfc035ff54947b8434d08e07fd0be - - 451796d036ce4197b515863486769eef 451796d036ce4197b515863486769eef] 199.204.45.157 "GET /allocations/0743cdda-3fb4-45dd-bcc1-c8ffae3fe3d9" status: 200 len: 258 microversion: 1.28 [pid: 7|app: 0|req: 518/1036] 199.204.45.157 () {34 vars in 863 bytes} [Fri May 29 03:18:29 2026] GET /allocations/0743cdda-3fb4-45dd-bcc1-c8ffae3fe3d9 => generated 258 bytes in 16 msecs (HTTP/1.1 200) 8 headers in 296 bytes (1 switches on core 0)
2026-05-29 03:18:29.792 8 INFO placement.requestlog [req-411a6ed5-7282-4153-bad2-fc53ab56c22c req-4e2cbf0b-f007-488f-a820-603a8f055202 0d7237d6d0ea413eadcd0e1a717c9633 9b5bfc035ff54947b8434d08e07fd0be - - 451796d036ce4197b515863486769eef 451796d036ce4197b515863486769eef] 199.204.45.157 "GET /allocations/b278e6c9-1afb-46c7-b927-da5c16810bc2" status: 200 len: 245 microversion: 1.28 [pid: 8|app: 0|req: 519/1037] 199.204.45.157 () {34 vars in 863 bytes} [Fri May 29 03:18:29 2026] GET /allocations/b278e6c9-1afb-46c7-b927-da5c16810bc2 => generated 245 bytes in 13 msecs (HTTP/1.1 200) 8 headers in 296 bytes (1 switches on core 0)
2026-05-29 03:18:29.815 7 INFO placement.requestlog [req-411a6ed5-7282-4153-bad2-fc53ab56c22c req-c009f629-97c8-4c63-8914-a97db371057f 0d7237d6d0ea413eadcd0e1a717c9633 9b5bfc035ff54947b8434d08e07fd0be - - 451796d036ce4197b515863486769eef 451796d036ce4197b515863486769eef] 199.204.45.157 "GET /allocations/6e6dd33a-0883-4ca9-9d95-ba5c24ff56f3" status: 200 len: 258 microversion: 1.28 [pid: 7|app: 0|req: 519/1038] 199.204.45.157 () {34 vars in 863 bytes} [Fri May 29 03:18:29 2026] GET /allocations/6e6dd33a-0883-4ca9-9d95-ba5c24ff56f3 => generated 258 bytes in 15 msecs (HTTP/1.1 200) 8 headers in 296 bytes (1 switches on core 0)
2026-05-29 03:18:33.882 8 INFO placement.requestlog [None req-0aac78bb-8ff8-4fd5-8357-29778c4e2f5f - - - - - -] 10.0.0.8 "GET /" status: 200 len: 136 microversion: 1.0
2026-05-29 03:18:33.884 7 INFO placement.requestlog [None req-9d80b23b-7b14-41b2-bd88-d2bc00698e9e - - - - - -] 10.0.0.8 "GET /" status: 200 len: 136 microversion: 1.0
2026-05-29 03:18:40.464 7 INFO placement.requestlog [req-a982b398-137e-42bb-86f1-453d62d471a5 req-242a70c9-e11f-47f3-b865-7155d636658c 0d7237d6d0ea413eadcd0e1a717c9633 9b5bfc035ff54947b8434d08e07fd0be - - 451796d036ce4197b515863486769eef 451796d036ce4197b515863486769eef] 199.204.45.157 "GET /resource_providers/669503f4-1858-4710-a221-1be566e1714f/allocations" status: 200 len: 340 microversion: 1.0 [pid: 7|app: 0|req: 521/1041] 199.204.45.157 () {32 vars in 857 bytes} [Fri May 29 03:18:40 2026] GET /resource_providers/669503f4-1858-4710-a221-1be566e1714f/allocations => generated 340 bytes in 152 msecs (HTTP/1.1 200) 6 headers in 224 bytes (1 switches on core 0)
2026-05-29 03:18:40.490 8 INFO placement.requestlog [req-a982b398-137e-42bb-86f1-453d62d471a5 req-91b0a20a-dbbd-4076-b3c2-7c89dfda152d 0d7237d6d0ea413eadcd0e1a717c9633 9b5bfc035ff54947b8434d08e07fd0be - - 451796d036ce4197b515863486769eef 451796d036ce4197b515863486769eef] 199.204.45.157 "GET /resource_providers?in_tree=669503f4-1858-4710-a221-1be566e1714f" status: 200 len: 798 microversion: 1.14 [pid: 8|app: 0|req: 521/1042] 199.204.45.157 () {34 vars in 892 bytes} [Fri May 29 03:18:40 2026] GET /resource_providers?in_tree=669503f4-1858-4710-a221-1be566e1714f => generated 798 bytes in 17 msecs (HTTP/1.1 200) 6 headers in 225 bytes (1 switches on core 0)
2026-05-29 03:18:40.514 7 INFO placement.requestlog [req-a982b398-137e-42bb-86f1-453d62d471a5 req-24c01c11-1226-41d0-9fdc-581a3a183311 0d7237d6d0ea413eadcd0e1a717c9633 9b5bfc035ff54947b8434d08e07fd0be - - 451796d036ce4197b515863486769eef 451796d036ce4197b515863486769eef] 199.204.45.157 "GET /resource_providers/669503f4-1858-4710-a221-1be566e1714f/inventories" status: 200 len: 401 microversion: 1.0 [pid: 7|app: 0|req: 522/1043] 199.204.45.157 () {32 vars in 857 bytes} [Fri May 29 03:18:40 2026] GET /resource_providers/669503f4-1858-4710-a221-1be566e1714f/inventories => generated 401 bytes in 15 msecs (HTTP/1.1 200) 6 headers in 224 bytes (1 switches on core 0)
2026-05-29 03:18:40.536 8 INFO placement.requestlog [req-a982b398-137e-42bb-86f1-453d62d471a5 req-273a6b96-c9e9-4533-9ee0-0fcdb81a1725 0d7237d6d0ea413eadcd0e1a717c9633 9b5bfc035ff54947b8434d08e07fd0be - - 451796d036ce4197b515863486769eef 451796d036ce4197b515863486769eef] 199.204.45.157 "GET /resource_providers/669503f4-1858-4710-a221-1be566e1714f/aggregates" status: 200 len: 54 microversion: 1.19 [pid: 8|app: 0|req: 522/1044] 199.204.45.157 () {34 vars in 899 bytes} [Fri May 29 03:18:40 2026] GET /resource_providers/669503f4-1858-4710-a221-1be566e1714f/aggregates => generated 54 bytes in 13 msecs (HTTP/1.1 200) 8 headers in 295 bytes (1 switches on core 0)
2026-05-29 03:18:40.564 7 INFO placement.requestlog [req-a982b398-137e-42bb-86f1-453d62d471a5 req-474e7fe1-7821-459f-b42a-0e3348c8d788 0d7237d6d0ea413eadcd0e1a717c9633 9b5bfc035ff54947b8434d08e07fd0be - - 451796d036ce4197b515863486769eef 451796d036ce4197b515863486769eef] 199.204.45.157 "GET /resource_providers/669503f4-1858-4710-a221-1be566e1714f/traits" status: 200 len: 1753 microversion: 1.6 [pid: 7|app: 0|req: 523/1045] 199.204.45.157 () {34 vars in 890 bytes} [Fri May 29 03:18:40 2026] GET /resource_providers/669503f4-1858-4710-a221-1be566e1714f/traits => generated 1753 bytes in 20 msecs (HTTP/1.1 200) 6 headers in 225 bytes (1 switches on core 0)
2026-05-29 03:18:40.595 8 INFO placement.requestlog [req-a982b398-137e-42bb-86f1-453d62d471a5 req-ebe78520-2138-4190-9487-24c73c7ea922 0d7237d6d0ea413eadcd0e1a717c9633 9b5bfc035ff54947b8434d08e07fd0be - - 451796d036ce4197b515863486769eef 451796d036ce4197b515863486769eef] 199.204.45.157 "GET /resource_providers/669503f4-1858-4710-a221-1be566e1714f/allocations" status: 200 len: 340 microversion: 1.0 [pid: 8|app: 0|req: 523/1046] 199.204.45.157 () {32 vars in 857 bytes} [Fri May 29 03:18:40 2026] GET /resource_providers/669503f4-1858-4710-a221-1be566e1714f/allocations => generated 340 bytes in 22 msecs (HTTP/1.1 200) 6 headers in 224 bytes (1 switches on core 0)
2026-05-29 03:18:40.617 7 INFO placement.requestlog [req-a982b398-137e-42bb-86f1-453d62d471a5 req-e5c5bcef-9857-401e-ad26-bc58d3daae63 0d7237d6d0ea413eadcd0e1a717c9633 9b5bfc035ff54947b8434d08e07fd0be - - 451796d036ce4197b515863486769eef 451796d036ce4197b515863486769eef] 199.204.45.157 "GET /allocations/0743cdda-3fb4-45dd-bcc1-c8ffae3fe3d9" status: 200 len: 258 microversion: 1.28 [pid: 7|app: 0|req: 524/1047] 199.204.45.157 () {34 vars in 863 bytes} [Fri May 29 03:18:40 2026] GET /allocations/0743cdda-3fb4-45dd-bcc1-c8ffae3fe3d9 => generated 258 bytes in 14 msecs (HTTP/1.1 200) 8 headers in 296 bytes (1 switches on core 0)
2026-05-29 03:18:40.639 8 INFO placement.requestlog [req-a982b398-137e-42bb-86f1-453d62d471a5 req-70b1bbd6-ba5f-429f-b985-0f5627a18e14 0d7237d6d0ea413eadcd0e1a717c9633 9b5bfc035ff54947b8434d08e07fd0be - - 451796d036ce4197b515863486769eef 451796d036ce4197b515863486769eef] 199.204.45.157 "GET /allocations/b278e6c9-1afb-46c7-b927-da5c16810bc2" status: 200 len: 245 microversion: 1.28 [pid: 8|app: 0|req: 524/1048] 199.204.45.157 () {34 vars in 863 bytes} [Fri May 29 03:18:40 2026] GET /allocations/b278e6c9-1afb-46c7-b927-da5c16810bc2 => generated 245 bytes in 14 msecs (HTTP/1.1 200) 8 headers in 296 bytes (1 switches on core 0)
2026-05-29 03:18:40.671 7 INFO placement.requestlog [req-a982b398-137e-42bb-86f1-453d62d471a5 req-fdef1e94-db6c-4e82-a59f-433b6f13b250 0d7237d6d0ea413eadcd0e1a717c9633 9b5bfc035ff54947b8434d08e07fd0be - - 451796d036ce4197b515863486769eef 451796d036ce4197b515863486769eef] 199.204.45.157 "GET /allocations/6e6dd33a-0883-4ca9-9d95-ba5c24ff56f3" status: 200 len: 258 microversion: 1.28 [pid: 7|app: 0|req: 525/1049] 199.204.45.157 () {34 vars in 863 bytes} [Fri May 29 03:18:40 2026] GET /allocations/6e6dd33a-0883-4ca9-9d95-ba5c24ff56f3 => generated 258 bytes in 18 msecs (HTTP/1.1 200) 8 headers in 296 bytes (1 switches on core 0)
2026-05-29 03:18:43.882 7 INFO placement.requestlog [None req-01e9e628-35f6-4f32-9b6a-f7f6c47e206f - - - - - -] 10.0.0.8 "GET /" status: 200 len: 136 microversion: 1.0
2026-05-29 03:18:43.883 8 INFO placement.requestlog [None req-a10cfb09-d4d5-4e0c-b381-cf1f5009e240 - - - - - -] 10.0.0.8 "GET /" status: 200 len: 136 microversion: 1.0
2026-05-29 03:18:53.881 7 INFO placement.requestlog [None req-9509637e-d643-4b81-bff2-eb65839a632b - - - - - -] 10.0.0.8 "GET /" status: 200 len: 136 microversion: 1.0
2026-05-29 03:18:53.882 8 INFO placement.requestlog [None req-6c8496ac-cc63-4171-a757-366b875b3160 - - - - - -] 10.0.0.8 "GET /" status: 200 len: 136 microversion: 1.0
2026-05-29 03:19:03.882 8 INFO placement.requestlog [None req-446c70f4-3177-4a27-8b13-9cd24e99fb2c - - - - - -] 10.0.0.8 "GET /" status: 200 len: 136 microversion: 1.0
2026-05-29 03:19:03.883 7 INFO placement.requestlog [None req-dad06ce1-aec8-4a63-8abc-400fb9663b11 - - - - - -] 10.0.0.8 "GET /" status: 200 len: 136 microversion: 1.0
2026-05-29 03:19:13.883 7 INFO placement.requestlog [None req-dd0924d0-7257-490d-b731-f1fb9e1fa59c - - - - - -] 10.0.0.8 "GET /" status: 200 len: 136 microversion: 1.0
2026-05-29 03:19:13.883 8 INFO placement.requestlog [None req-faf5232b-600e-44b3-bece-94f7a3fcd6ab - - - - - -] 10.0.0.8 "GET /" status: 200 len: 136 microversion: 1.0
2026-05-29 03:19:23.882 7 INFO placement.requestlog [None req-a6e45d72-5a70-4be4-8617-eac69480cd44 - - - - - -] 10.0.0.8 "GET /" status: 200 len: 136 microversion: 1.0
2026-05-29 03:19:23.882 8 INFO placement.requestlog [None req-6a435882-5b3b-4381-a580-a7ad300f606b - - - - - -] 10.0.0.8 "GET /" status: 200 len: 136 microversion: 1.0
2026-05-29 03:19:33.882 7 INFO placement.requestlog [None req-f85fbaa9-6e21-4f2c-8c8d-1f092051aa60 - - - - - -] 10.0.0.8 "GET /" status: 200 len: 136 microversion: 1.0
2026-05-29 03:19:33.882 8 INFO placement.requestlog [None req-fca27b46-0d33-47d0-be9f-005ad3946cb2 - - - - - -] 10.0.0.8 "GET /" status: 200 len: 136 microversion: 1.0
2026-05-29 03:19:41.306 7 INFO placement.requestlog [req-fc2b37f7-65f7-4f38-b9c7-f74e2f61da4b req-e995b2dd-cafc-4150-887e-e36b54ad2dac 0d7237d6d0ea413eadcd0e1a717c9633 9b5bfc035ff54947b8434d08e07fd0be - - 451796d036ce4197b515863486769eef 451796d036ce4197b515863486769eef] 199.204.45.157 "GET /resource_providers/669503f4-1858-4710-a221-1be566e1714f/allocations" status: 200 len: 340 microversion: 1.0 [pid: 7|app: 0|req: 532/1062] 199.204.45.157 () {32 vars in 857 bytes} [Fri May 29 03:19:41 2026] GET /resource_providers/669503f4-1858-4710-a221-1be566e1714f/allocations => generated 340 bytes in 21 msecs (HTTP/1.1 200) 6 headers in 224 bytes (1 switches on core 0)
2026-05-29 03:19:41.330 8 INFO placement.requestlog [req-fc2b37f7-65f7-4f38-b9c7-f74e2f61da4b req-d5c3becf-8f58-491d-8d7a-a42fbe6618ab 0d7237d6d0ea413eadcd0e1a717c9633 9b5bfc035ff54947b8434d08e07fd0be - - 451796d036ce4197b515863486769eef 451796d036ce4197b515863486769eef] 199.204.45.157 "GET /resource_providers/669503f4-1858-4710-a221-1be566e1714f/allocations" status: 200 len: 340 microversion: 1.0 [pid: 8|app: 0|req: 531/1063] 199.204.45.157 () {32 vars in 857 bytes} [Fri May 29 03:19:41 2026] GET /resource_providers/669503f4-1858-4710-a221-1be566e1714f/allocations => generated 340 bytes in 16 msecs (HTTP/1.1 200) 6 headers in 224 bytes (1 switches on core 0)
2026-05-29 03:19:41.349 7 INFO placement.requestlog [req-fc2b37f7-65f7-4f38-b9c7-f74e2f61da4b req-cea846c9-e59a-420a-a181-04d9c62c6bfa 0d7237d6d0ea413eadcd0e1a717c9633 9b5bfc035ff54947b8434d08e07fd0be - - 451796d036ce4197b515863486769eef 451796d036ce4197b515863486769eef] 199.204.45.157 "GET /allocations/0743cdda-3fb4-45dd-bcc1-c8ffae3fe3d9" status: 200 len: 258 microversion: 1.28 [pid: 7|app: 0|req: 533/1064] 199.204.45.157 () {34 vars in 863 bytes} [Fri May 29 03:19:41 2026] GET /allocations/0743cdda-3fb4-45dd-bcc1-c8ffae3fe3d9 => generated 258 bytes in 14 msecs (HTTP/1.1 200) 8 headers in 296 bytes (1 switches on core 0)
2026-05-29 03:19:41.368 8 INFO placement.requestlog [req-fc2b37f7-65f7-4f38-b9c7-f74e2f61da4b req-00b93ae7-2a11-44e0-8e49-aabda8fe5976 0d7237d6d0ea413eadcd0e1a717c9633 9b5bfc035ff54947b8434d08e07fd0be - - 451796d036ce4197b515863486769eef 451796d036ce4197b515863486769eef] 199.204.45.157 "GET /allocations/b278e6c9-1afb-46c7-b927-da5c16810bc2" status: 200 len: 245 microversion: 1.28 [pid: 8|app: 0|req: 532/1065] 199.204.45.157 () {34 vars in 863 bytes} [Fri May 29 03:19:41 2026] GET /allocations/b278e6c9-1afb-46c7-b927-da5c16810bc2 => generated 245 bytes in 11 msecs (HTTP/1.1 200) 8 headers in 296 bytes (1 switches on core 0)
2026-05-29 03:19:41.388 7 INFO placement.requestlog [req-fc2b37f7-65f7-4f38-b9c7-f74e2f61da4b req-a8589be8-6824-4c1e-b0a0-c21518c185eb 0d7237d6d0ea413eadcd0e1a717c9633 9b5bfc035ff54947b8434d08e07fd0be - - 451796d036ce4197b515863486769eef 451796d036ce4197b515863486769eef] 199.204.45.157 "GET /allocations/6e6dd33a-0883-4ca9-9d95-ba5c24ff56f3" status: 200 len: 258 microversion: 1.28 [pid: 7|app: 0|req: 534/1066] 199.204.45.157 () {34 vars in 863 bytes} [Fri May 29 03:19:41 2026] GET /allocations/6e6dd33a-0883-4ca9-9d95-ba5c24ff56f3 => generated 258 bytes in 15 msecs (HTTP/1.1 200) 8 headers in 296 bytes (1 switches on core 0)
2026-05-29 03:19:43.882 8 INFO placement.requestlog [None req-f23a9483-694b-447f-83ba-125817d7cfc0 - - - - - -] 10.0.0.8 "GET /" status: 200 len: 136 microversion: 1.0
2026-05-29 03:19:43.882 7 INFO placement.requestlog [None req-3b5f47ba-02bd-4ecb-8097-f432a67ad893 - - - - - -] 10.0.0.8 "GET /" status: 200 len: 136 microversion: 1.0
2026-05-29 03:19:53.882 7 INFO placement.requestlog [None req-0e4dc23a-ae81-478f-82bd-7656157c268b - - - - - -] 10.0.0.8 "GET /" status: 200 len: 136 microversion: 1.0
2026-05-29 03:19:53.882 8 INFO placement.requestlog [None req-073a033a-0eb9-4488-bb08-3bec7c157752 - - - - - -] 10.0.0.8 "GET /" status: 200 len: 136 microversion: 1.0
2026-05-29 03:20:03.882 7 INFO placement.requestlog [None req-c6fae3d4-c159-4a1a-ba2e-dbced07d2079 - - - - - -] 10.0.0.8 "GET /" status: 200 len: 136 microversion: 1.0
2026-05-29 03:20:03.882 8 INFO placement.requestlog [None req-09ce0fd7-240c-4838-86bd-2fc1036afb3f - - - - - -] 10.0.0.8 "GET /" status: 200 len: 136 microversion: 1.0
2026-05-29 03:20:13.882 7 INFO placement.requestlog [None req-6b3287d9-220c-4268-bfc1-55521cb4c809 - - - - - -] 10.0.0.8 "GET /" status: 200 len: 136 microversion: 1.0
2026-05-29 03:20:13.882 8 INFO placement.requestlog [None req-1593f15b-60e0-4f5e-8279-de7626f09191 - - - - - -] 10.0.0.8 "GET /" status: 200 len: 136 microversion: 1.0
2026-05-29 03:20:23.882 7 INFO placement.requestlog [None req-058f8864-2c17-491d-8197-5b218f2d784c - - - - - -] 10.0.0.8 "GET /" status: 200 len: 136 microversion: 1.0
2026-05-29 03:20:23.883 8 INFO placement.requestlog [None req-8d7db833-6d6d-4155-b80c-fedd164bdb80 - - - - - -] 10.0.0.8 "GET /" status: 200 len: 136 microversion: 1.0
2026-05-29 03:20:33.883 7 INFO placement.requestlog [None req-3b6e817e-b29f-4369-acd6-201aa14fda4d - - - - - -] 10.0.0.8 "GET /" status: 200 len: 136 microversion: 1.0
2026-05-29 03:20:33.883 8 INFO placement.requestlog [None req-c71541ce-7e46-4b08-be37-93358ab5d40f - - - - - -] 10.0.0.8 "GET /" status: 200 len: 136 microversion: 1.0
2026-05-29 03:20:43.501 7 INFO placement.requestlog [req-1a9d162b-0cda-424f-8170-eff152cf5be2 req-ef59e7cc-39dc-42cb-9273-17c59258a780 0d7237d6d0ea413eadcd0e1a717c9633 9b5bfc035ff54947b8434d08e07fd0be - - 451796d036ce4197b515863486769eef 451796d036ce4197b515863486769eef] 199.204.45.157 "GET /resource_providers/669503f4-1858-4710-a221-1be566e1714f/allocations" status: 200 len: 340 microversion: 1.0 [pid: 7|app: 0|req: 541/1079] 199.204.45.157 () {32 vars in 857 bytes} [Fri May 29 03:20:43 2026] GET /resource_providers/669503f4-1858-4710-a221-1be566e1714f/allocations => generated 340 bytes in 31 msecs (HTTP/1.1 200) 6 headers in 224 bytes (1 switches on core 0)
2026-05-29 03:20:43.533 8 INFO placement.requestlog [req-1a9d162b-0cda-424f-8170-eff152cf5be2 req-a1025177-8c70-4e44-8c9e-954393536c96 0d7237d6d0ea413eadcd0e1a717c9633 9b5bfc035ff54947b8434d08e07fd0be - - 451796d036ce4197b515863486769eef 451796d036ce4197b515863486769eef] 199.204.45.157 "GET /resource_providers/669503f4-1858-4710-a221-1be566e1714f/allocations" status: 200 len: 340 microversion: 1.0 [pid: 8|app: 0|req: 539/1080] 199.204.45.157 () {32 vars in 857 bytes} [Fri May 29 03:20:43 2026] GET /resource_providers/669503f4-1858-4710-a221-1be566e1714f/allocations => generated 340 bytes in 23 msecs (HTTP/1.1 200) 6 headers in 224 bytes (1 switches on core 0)
2026-05-29 03:20:43.553 7 INFO placement.requestlog [req-1a9d162b-0cda-424f-8170-eff152cf5be2 req-c4eee871-7691-4468-8db6-f1d988c469e3 0d7237d6d0ea413eadcd0e1a717c9633 9b5bfc035ff54947b8434d08e07fd0be - - 451796d036ce4197b515863486769eef 451796d036ce4197b515863486769eef] 199.204.45.157 "GET /allocations/0743cdda-3fb4-45dd-bcc1-c8ffae3fe3d9" status: 200 len: 258 microversion: 1.28 [pid: 7|app: 0|req: 542/1081] 199.204.45.157 () {34 vars in 863 bytes} [Fri May 29 03:20:43 2026] GET /allocations/0743cdda-3fb4-45dd-bcc1-c8ffae3fe3d9 => generated 258 bytes in 14 msecs (HTTP/1.1 200) 8 headers in 296 bytes (1 switches on core 0)
2026-05-29 03:20:43.587 8 INFO placement.requestlog [req-1a9d162b-0cda-424f-8170-eff152cf5be2 req-88b9934c-ccec-4332-8c38-3eedc5c9e1ac 0d7237d6d0ea413eadcd0e1a717c9633 9b5bfc035ff54947b8434d08e07fd0be - - 451796d036ce4197b515863486769eef 451796d036ce4197b515863486769eef] 199.204.45.157 "GET /allocations/b278e6c9-1afb-46c7-b927-da5c16810bc2" status: 200 len: 245 microversion: 1.28 [pid: 8|app: 0|req: 540/1082] 199.204.45.157 () {34 vars in 863 bytes} [Fri May 29 03:20:43 2026] GET /allocations/b278e6c9-1afb-46c7-b927-da5c16810bc2 => generated 245 bytes in 27 msecs (HTTP/1.1 200) 8 headers in 296 bytes (1 switches on core 0)
2026-05-29 03:20:43.612 7 INFO placement.requestlog [req-1a9d162b-0cda-424f-8170-eff152cf5be2 req-dc6d29f3-2f00-4687-9af4-9cb5c0c25eb8 0d7237d6d0ea413eadcd0e1a717c9633 9b5bfc035ff54947b8434d08e07fd0be - - 451796d036ce4197b515863486769eef 451796d036ce4197b515863486769eef] 199.204.45.157 "GET /allocations/6e6dd33a-0883-4ca9-9d95-ba5c24ff56f3" status: 200 len: 258 microversion: 1.28 [pid: 7|app: 0|req: 543/1083] 199.204.45.157 () {34 vars in 863 bytes} [Fri May 29 03:20:43 2026] GET /allocations/6e6dd33a-0883-4ca9-9d95-ba5c24ff56f3 => generated 258 bytes in 14 msecs (HTTP/1.1 200) 8 headers in 296 bytes (1 switches on core 0)
2026-05-29 03:20:43.882 8 INFO placement.requestlog [None req-363bcb5c-cfec-407d-b185-705e74355cc2 - - - - - -] 10.0.0.8 "GET /" status: 200 len: 136 microversion: 1.0
2026-05-29 03:20:43.883 7 INFO placement.requestlog [None req-19e4a36f-b578-478c-b7db-466740bba7ec - - - - - -] 10.0.0.8 "GET /" status: 200 len: 136 microversion: 1.0
2026-05-29 03:20:53.882 8 INFO placement.requestlog [None req-2254d3f9-68e4-4ad7-85e1-42d60d800330 - - - - - -] 10.0.0.8 "GET /" status: 200 len: 136 microversion: 1.0
2026-05-29 03:20:53.883 7 INFO placement.requestlog [None req-ca67f734-7ebc-4bd5-bccb-7d069f757821 - - - - - -] 10.0.0.8 "GET /" status: 200 len: 136 microversion: 1.0
2026-05-29 03:21:03.881 7 INFO placement.requestlog [None req-8df62d0e-5325-4a00-a792-9e034afdd873 - - - - - -] 10.0.0.8 "GET /" status: 200 len: 136 microversion: 1.0
2026-05-29 03:21:03.882 8 INFO placement.requestlog [None req-3ffd9f89-f486-42e7-8708-fcae18bc119f - - - - - -] 10.0.0.8 "GET /" status: 200 len: 136 microversion: 1.0
2026-05-29 03:21:13.882 8 INFO placement.requestlog [None req-af6b2a8b-800f-42f4-af32-8879c9b513c5 - - - - - -] 10.0.0.8 "GET /" status: 200 len: 136 microversion: 1.0
2026-05-29 03:21:13.884 7 INFO placement.requestlog [None req-35fab936-89c0-40ea-add6-3ba4c3a10ce1 - - - - - -] 10.0.0.8 "GET /" status: 200 len: 136 microversion: 1.0
2026-05-29 03:21:23.883 7 INFO placement.requestlog [None req-e5948f89-e32e-49ae-b575-0d64e7a214a7 - - - - - -] 10.0.0.8 "GET /" status: 200 len: 136 microversion: 1.0
2026-05-29 03:21:23.883 8 INFO placement.requestlog [None req-26bfc2df-2f83-4ece-9fad-4aea10da5903 - - - - - -] 10.0.0.8 "GET /" status: 200 len: 136 microversion: 1.0
2026-05-29 03:21:24.799 7 INFO placement.requestlog [req-4214ab07-4e50-4e56-91ec-e8b493dcd894 req-9bab4c1d-4ec7-4cc4-b0e0-356702269760 0d7237d6d0ea413eadcd0e1a717c9633 9b5bfc035ff54947b8434d08e07fd0be - - 451796d036ce4197b515863486769eef 451796d036ce4197b515863486769eef] 199.204.45.157 "GET /resource_providers/669503f4-1858-4710-a221-1be566e1714f/allocations" status: 200 len: 340 microversion: 1.0 [pid: 7|app: 0|req: 549/1094] 199.204.45.157 () {32 vars in 857 bytes} [Fri May 29 03:21:24 2026] GET /resource_providers/669503f4-1858-4710-a221-1be566e1714f/allocations => generated 340 bytes in 21 msecs (HTTP/1.1 200) 6 headers in 224 bytes (1 switches on core 0)
2026-05-29 03:21:24.822 8 INFO placement.requestlog [req-4214ab07-4e50-4e56-91ec-e8b493dcd894 req-66aa1d55-6c20-44fe-b6c3-edcde1167d53 0d7237d6d0ea413eadcd0e1a717c9633 9b5bfc035ff54947b8434d08e07fd0be - - 451796d036ce4197b515863486769eef 451796d036ce4197b515863486769eef] 199.204.45.157 "GET /allocations/0743cdda-3fb4-45dd-bcc1-c8ffae3fe3d9" status: 200 len: 258 microversion: 1.28 [pid: 8|app: 0|req: 546/1095] 199.204.45.157 () {34 vars in 863 bytes} [Fri May 29 03:21:24 2026] GET /allocations/0743cdda-3fb4-45dd-bcc1-c8ffae3fe3d9 => generated 258 bytes in 15 msecs (HTTP/1.1 200) 8 headers in 296 bytes (1 switches on core 0)
2026-05-29 03:21:24.841 7 INFO placement.requestlog [req-4214ab07-4e50-4e56-91ec-e8b493dcd894 req-bb4d3cd0-ff30-4f1f-a4b5-9fdc1db7e2ad 0d7237d6d0ea413eadcd0e1a717c9633 9b5bfc035ff54947b8434d08e07fd0be - - 451796d036ce4197b515863486769eef 451796d036ce4197b515863486769eef] 199.204.45.157 "GET /allocations/b278e6c9-1afb-46c7-b927-da5c16810bc2" status: 200 len: 245 microversion: 1.28 [pid: 7|app: 0|req: 550/1096] 199.204.45.157 () {34 vars in 863 bytes} [Fri May 29 03:21:24 2026] GET /allocations/b278e6c9-1afb-46c7-b927-da5c16810bc2 => generated 245 bytes in 14 msecs (HTTP/1.1 200) 8 headers in 296 bytes (1 switches on core 0)
2026-05-29 03:21:24.871 8 INFO placement.requestlog [req-4214ab07-4e50-4e56-91ec-e8b493dcd894 req-e8739684-c23a-4500-87bf-2a1ad6735df8 0d7237d6d0ea413eadcd0e1a717c9633 9b5bfc035ff54947b8434d08e07fd0be - - 451796d036ce4197b515863486769eef 451796d036ce4197b515863486769eef] 199.204.45.157 "GET /allocations/6e6dd33a-0883-4ca9-9d95-ba5c24ff56f3" status: 200 len: 258 microversion: 1.28 [pid: 8|app: 0|req: 547/1097] 199.204.45.157 () {34 vars in 863 bytes} [Fri May 29 03:21:24 2026] GET /allocations/6e6dd33a-0883-4ca9-9d95-ba5c24ff56f3 => generated 258 bytes in 21 msecs (HTTP/1.1 200) 8 headers in 296 bytes (1 switches on core 0)
2026-05-29 03:21:24.970 7 INFO placement.requestlog [req-4214ab07-4e50-4e56-91ec-e8b493dcd894 req-8e79a377-0751-4b3a-a465-b11ec85dfba7 0d7237d6d0ea413eadcd0e1a717c9633 9b5bfc035ff54947b8434d08e07fd0be - - 451796d036ce4197b515863486769eef 451796d036ce4197b515863486769eef] 199.204.45.157 "DELETE /allocations/b278e6c9-1afb-46c7-b927-da5c16810bc2" status: 204 len: 0 microversion: 1.0 [pid: 7|app: 0|req: 551/1098] 199.204.45.157 () {34 vars in 841 bytes} [Fri May 29 03:21:24 2026] DELETE /allocations/b278e6c9-1afb-46c7-b927-da5c16810bc2 => generated 0 bytes in 30 msecs (HTTP/1.1 204) 5 headers in 198 bytes (1 switches on core 0)
2026-05-29 03:21:25.808 8 INFO placement.requestlog [req-fa504df9-2394-4945-920d-b9d73106c17d req-4d595a15-b731-4d5d-9c12-6f1dc11f15bf 0d7237d6d0ea413eadcd0e1a717c9633 9b5bfc035ff54947b8434d08e07fd0be - - 451796d036ce4197b515863486769eef 451796d036ce4197b515863486769eef] 199.204.45.157 "GET /resource_providers/669503f4-1858-4710-a221-1be566e1714f/allocations" status: 200 len: 253 microversion: 1.0 [pid: 8|app: 0|req: 548/1099] 199.204.45.157 () {32 vars in 857 bytes} [Fri May 29 03:21:25 2026] GET /resource_providers/669503f4-1858-4710-a221-1be566e1714f/allocations => generated 253 bytes in 20 msecs (HTTP/1.1 200) 6 headers in 224 bytes (1 switches on core 0)
2026-05-29 03:21:25.830 7 INFO placement.requestlog [req-fa504df9-2394-4945-920d-b9d73106c17d req-bbc1c2f0-a036-4814-ae50-b14ddcbb27e2 0d7237d6d0ea413eadcd0e1a717c9633 9b5bfc035ff54947b8434d08e07fd0be - - 451796d036ce4197b515863486769eef 451796d036ce4197b515863486769eef] 199.204.45.157 "GET /allocations/0743cdda-3fb4-45dd-bcc1-c8ffae3fe3d9" status: 200 len: 258 microversion: 1.28 [pid: 7|app: 0|req: 552/1100] 199.204.45.157 () {34 vars in 863 bytes} [Fri May 29 03:21:25 2026] GET /allocations/0743cdda-3fb4-45dd-bcc1-c8ffae3fe3d9 => generated 258 bytes in 14 msecs (HTTP/1.1 200) 8 headers in 296 bytes (1 switches on core 0)
2026-05-29 03:21:25.853 8 INFO placement.requestlog [req-fa504df9-2394-4945-920d-b9d73106c17d req-5bd721b4-e7ca-482c-aa4e-e9eba481939c 0d7237d6d0ea413eadcd0e1a717c9633 9b5bfc035ff54947b8434d08e07fd0be - - 451796d036ce4197b515863486769eef 451796d036ce4197b515863486769eef] 199.204.45.157 "GET /allocations/6e6dd33a-0883-4ca9-9d95-ba5c24ff56f3" status: 200 len: 258 microversion: 1.28 [pid: 8|app: 0|req: 549/1101] 199.204.45.157 () {34 vars in 863 bytes} [Fri May 29 03:21:25 2026] GET /allocations/6e6dd33a-0883-4ca9-9d95-ba5c24ff56f3 => generated 258 bytes in 15 msecs (HTTP/1.1 200) 8 headers in 296 bytes (1 switches on core 0)
2026-05-29 03:21:25.940 7 INFO placement.requestlog [req-fa504df9-2394-4945-920d-b9d73106c17d req-2256264b-9c90-483a-b62f-18ea140d58f9 0d7237d6d0ea413eadcd0e1a717c9633 9b5bfc035ff54947b8434d08e07fd0be - - 451796d036ce4197b515863486769eef 451796d036ce4197b515863486769eef] 199.204.45.157 "DELETE /allocations/6e6dd33a-0883-4ca9-9d95-ba5c24ff56f3" status: 204 len: 0 microversion: 1.0 [pid: 7|app: 0|req: 553/1102] 199.204.45.157 () {34 vars in 841 bytes} [Fri May 29 03:21:25 2026] DELETE /allocations/6e6dd33a-0883-4ca9-9d95-ba5c24ff56f3 => generated 0 bytes in 29 msecs (HTTP/1.1 204) 5 headers in 198 bytes (1 switches on core 0)
2026-05-29 03:21:31.730 8 INFO placement.requestlog [req-37920e2f-389f-4eed-9ad5-1b509156278a req-9fcf6048-7846-4ac4-8e7b-be4847ae209c 0d7237d6d0ea413eadcd0e1a717c9633 9b5bfc035ff54947b8434d08e07fd0be - - 451796d036ce4197b515863486769eef 451796d036ce4197b515863486769eef] 199.204.45.157 "GET /resource_providers/669503f4-1858-4710-a221-1be566e1714f/allocations" status: 200 len: 153 microversion: 1.0 [pid: 8|app: 0|req: 550/1103] 199.204.45.157 () {32 vars in 857 bytes} [Fri May 29 03:21:31 2026] GET /resource_providers/669503f4-1858-4710-a221-1be566e1714f/allocations => generated 153 bytes in 18 msecs (HTTP/1.1 200) 6 headers in 224 bytes (1 switches on core 0)
2026-05-29 03:21:31.754 7 INFO placement.requestlog [req-37920e2f-389f-4eed-9ad5-1b509156278a req-1ea743ad-30ee-4dda-a5d6-3efa404da6aa 0d7237d6d0ea413eadcd0e1a717c9633 9b5bfc035ff54947b8434d08e07fd0be - - 451796d036ce4197b515863486769eef 451796d036ce4197b515863486769eef] 199.204.45.157 "GET /allocations/0743cdda-3fb4-45dd-bcc1-c8ffae3fe3d9" status: 200 len: 258 microversion: 1.28 [pid: 7|app: 0|req: 554/1104] 199.204.45.157 () {34 vars in 863 bytes} [Fri May 29 03:21:31 2026] GET /allocations/0743cdda-3fb4-45dd-bcc1-c8ffae3fe3d9 => generated 258 bytes in 16 msecs (HTTP/1.1 200) 8 headers in 296 bytes (1 switches on core 0)
2026-05-29 03:21:31.839 8 INFO placement.requestlog [req-37920e2f-389f-4eed-9ad5-1b509156278a req-08a4947a-523a-485f-989d-71a70c6f2ea3 0d7237d6d0ea413eadcd0e1a717c9633 9b5bfc035ff54947b8434d08e07fd0be - - 451796d036ce4197b515863486769eef 451796d036ce4197b515863486769eef] 199.204.45.157 "DELETE /allocations/0743cdda-3fb4-45dd-bcc1-c8ffae3fe3d9" status: 204 len: 0 microversion: 1.0 [pid: 8|app: 0|req: 551/1105] 199.204.45.157 () {34 vars in 841 bytes} [Fri May 29 03:21:31 2026] DELETE /allocations/0743cdda-3fb4-45dd-bcc1-c8ffae3fe3d9 => generated 0 bytes in 29 msecs (HTTP/1.1 204) 5 headers in 198 bytes (1 switches on core 0)
2026-05-29 03:21:33.882 7 INFO placement.requestlog [None req-45024356-5d8b-45ff-9b93-364b7acff85f - - - - - -] 10.0.0.8 "GET /" status: 200 len: 136 microversion: 1.0
2026-05-29 03:21:33.883 8 INFO placement.requestlog [None req-b3a41ecb-020d-4459-bcae-e4956a081c1b - - - - - -] 10.0.0.8 "GET /" status: 200 len: 136 microversion: 1.0
2026-05-29 03:21:43.003 7 INFO placement.requestlog [req-ac4028dd-d006-4845-9c66-3bd71c12b34d req-5f76a595-7411-43ae-a063-c95ed2dcbd48 0d7237d6d0ea413eadcd0e1a717c9633 9b5bfc035ff54947b8434d08e07fd0be - - 451796d036ce4197b515863486769eef 451796d036ce4197b515863486769eef] 199.204.45.157 "GET /resource_providers/669503f4-1858-4710-a221-1be566e1714f/allocations" status: 200 len: 55 microversion: 1.0 [pid: 7|app: 0|req: 556/1108] 199.204.45.157 () {32 vars in 857 bytes} [Fri May 29 03:21:42 2026] GET /resource_providers/669503f4-1858-4710-a221-1be566e1714f/allocations => generated 55 bytes in 22 msecs (HTTP/1.1 200) 6 headers in 223 bytes (1 switches on core 0)
2026-05-29 03:21:43.030 8 INFO placement.requestlog [req-ac4028dd-d006-4845-9c66-3bd71c12b34d req-f7120d77-9821-45eb-8a40-bce0ba2d63b0 0d7237d6d0ea413eadcd0e1a717c9633 9b5bfc035ff54947b8434d08e07fd0be - - 451796d036ce4197b515863486769eef 451796d036ce4197b515863486769eef] 199.204.45.157 "GET /resource_providers/669503f4-1858-4710-a221-1be566e1714f/allocations" status: 200 len: 55 microversion: 1.0 [pid: 8|app: 0|req: 553/1109] 199.204.45.157 () {32 vars in 857 bytes} [Fri May 29 03:21:43 2026] GET /resource_providers/669503f4-1858-4710-a221-1be566e1714f/allocations => generated 55 bytes in 16 msecs (HTTP/1.1 200) 6 headers in 223 bytes (1 switches on core 0)
2026-05-29 03:21:43.515 8 INFO placement.requestlog [None req-ee4c442b-0a9e-410b-a269-1515ce580906 bb4444fce5ab4b42a1cd5a343d6022e8 9b5bfc035ff54947b8434d08e07fd0be - - 451796d036ce4197b515863486769eef 451796d036ce4197b515863486769eef] 10.0.0.90 "GET /resource_providers/1a659665-2023-4d52-a2c4-70076326c01f/aggregates" status: 404 len: 235 microversion: 1.1 [pid: 8|app: 0|req: 554/1110] 10.0.0.90 () {32 vars in 824 bytes} [Fri May 29 03:21:43 2026] GET /resource_providers/1a659665-2023-4d52-a2c4-70076326c01f/aggregates => generated 235 bytes in 80 msecs (HTTP/1.1 404) 5 headers in 202 bytes (1 switches on core 0)
2026-05-29 03:21:43.517 7 INFO placement.requestlog [None req-d144edce-04ef-437a-bc15-011433dbcf4f bb4444fce5ab4b42a1cd5a343d6022e8 9b5bfc035ff54947b8434d08e07fd0be - - 451796d036ce4197b515863486769eef 451796d036ce4197b515863486769eef] 10.0.0.90 "GET /resource_providers/1a659665-2023-4d52-a2c4-70076326c01f/aggregates" status: 404 len: 235 microversion: 1.1 [pid: 7|app: 0|req: 557/1111] 10.0.0.90 () {32 vars in 824 bytes} [Fri May 29 03:21:43 2026] GET /resource_providers/1a659665-2023-4d52-a2c4-70076326c01f/aggregates => generated 235 bytes in 82 msecs (HTTP/1.1 404) 5 headers in 202 bytes (1 switches on core 0)
2026-05-29 03:21:43.539 7 INFO placement.requestlog [None req-b4d810b4-8f45-4095-a305-b1b447bc5c28 bb4444fce5ab4b42a1cd5a343d6022e8 9b5bfc035ff54947b8434d08e07fd0be - - 451796d036ce4197b515863486769eef 451796d036ce4197b515863486769eef] 10.0.0.90 "DELETE /resource_providers/1a659665-2023-4d52-a2c4-70076326c01f" status: 404 len: 246 microversion: 1.1 [pid: 7|app: 0|req: 558/1112] 10.0.0.90 () {34 vars in 824 bytes} [Fri May 29 03:21:43 2026] DELETE /resource_providers/1a659665-2023-4d52-a2c4-70076326c01f => generated 246 bytes in 11 msecs (HTTP/1.1 404) 6 headers in 231 bytes (1 switches on core 0)
2026-05-29 03:21:43.543 8 INFO placement.requestlog [None req-d4e76837-4113-479a-bc2d-7f6adc5d3d7c bb4444fce5ab4b42a1cd5a343d6022e8 9b5bfc035ff54947b8434d08e07fd0be - - 451796d036ce4197b515863486769eef 451796d036ce4197b515863486769eef] 10.0.0.90 "DELETE /resource_providers/1a659665-2023-4d52-a2c4-70076326c01f" status: 404 len: 246 microversion: 1.1 [pid: 8|app: 0|req: 555/1113] 10.0.0.90 () {34 vars in 824 bytes} [Fri May 29 03:21:43 2026] DELETE /resource_providers/1a659665-2023-4d52-a2c4-70076326c01f => generated 246 bytes in 16 msecs (HTTP/1.1 404) 6 headers in 231 bytes (1 switches on core 0)
2026-05-29 03:21:43.882 7 INFO placement.requestlog [None req-f2dac698-a308-41c2-bf70-be38f77f245b - - - - - -] 10.0.0.8 "GET /" status: 200 len: 136 microversion: 1.0
2026-05-29 03:21:43.885 8 INFO placement.requestlog [None req-ef29e11f-e142-4f3d-bcb3-4c903486be09 - - - - - -] 10.0.0.8 "GET /" status: 200 len: 136 microversion: 1.0
2026-05-29 03:21:45.237 8 INFO placement.requestlog [None req-34767470-87a7-4ad1-b04d-35956de3b414 bb4444fce5ab4b42a1cd5a343d6022e8 9b5bfc035ff54947b8434d08e07fd0be - - 451796d036ce4197b515863486769eef 451796d036ce4197b515863486769eef] 10.0.0.90 "GET /resource_providers/acf6c71f-7b16-4cc5-9340-76772a51069d/aggregates" status: 404 len: 235 microversion: 1.1 [pid: 8|app: 0|req: 557/1116] 10.0.0.90 () {32 vars in 824 bytes} [Fri May 29 03:21:45 2026] GET /resource_providers/acf6c71f-7b16-4cc5-9340-76772a51069d/aggregates => generated 235 bytes in 52 msecs (HTTP/1.1 404) 5 headers in 202 bytes (1 switches on core 0)
2026-05-29 03:21:45.240 7 INFO placement.requestlog [None req-3a7435ea-f131-4f72-8ccd-eb767b3fad72 bb4444fce5ab4b42a1cd5a343d6022e8 9b5bfc035ff54947b8434d08e07fd0be - - 451796d036ce4197b515863486769eef 451796d036ce4197b515863486769eef] 10.0.0.90 "GET /resource_providers/acf6c71f-7b16-4cc5-9340-76772a51069d/aggregates" status: 404 len: 235 microversion: 1.1 [pid: 7|app: 0|req: 560/1117] 10.0.0.90 () {32 vars in 824 bytes} [Fri May 29 03:21:45 2026] GET /resource_providers/acf6c71f-7b16-4cc5-9340-76772a51069d/aggregates => generated 235 bytes in 55 msecs (HTTP/1.1 404) 5 headers in 202 bytes (1 switches on core 0)
2026-05-29 03:21:45.258 7 INFO placement.requestlog [None req-1eb48a26-1d58-49ec-80bc-8ae54eff4e3a bb4444fce5ab4b42a1cd5a343d6022e8 9b5bfc035ff54947b8434d08e07fd0be - - 451796d036ce4197b515863486769eef 451796d036ce4197b515863486769eef] 10.0.0.90 "DELETE /resource_providers/acf6c71f-7b16-4cc5-9340-76772a51069d" status: 404 len: 246 microversion: 1.1 [pid: 7|app: 0|req: 561/1118] 10.0.0.90 () {34 vars in 824 bytes} [Fri May 29 03:21:45 2026] DELETE /resource_providers/acf6c71f-7b16-4cc5-9340-76772a51069d => generated 246 bytes in 9 msecs (HTTP/1.1 404) 6 headers in 231 bytes (1 switches on core 0)
2026-05-29 03:21:45.261 8 INFO placement.requestlog [None req-34a75a24-3a25-4805-be90-0c4d8fa62614 bb4444fce5ab4b42a1cd5a343d6022e8 9b5bfc035ff54947b8434d08e07fd0be - - 451796d036ce4197b515863486769eef 451796d036ce4197b515863486769eef] 10.0.0.90 "DELETE /resource_providers/acf6c71f-7b16-4cc5-9340-76772a51069d" status: 404 len: 246 microversion: 1.1 [pid: 8|app: 0|req: 558/1119] 10.0.0.90 () {34 vars in 824 bytes} [Fri May 29 03:21:45 2026] DELETE /resource_providers/acf6c71f-7b16-4cc5-9340-76772a51069d => generated 246 bytes in 12 msecs (HTTP/1.1 404) 6 headers in 231 bytes (1 switches on core 0)
2026-05-29 03:21:45.562 7 INFO placement.requestlog [None req-1e814cf7-93c3-4d91-8678-04b0275b37ef bb4444fce5ab4b42a1cd5a343d6022e8 9b5bfc035ff54947b8434d08e07fd0be - - 451796d036ce4197b515863486769eef 451796d036ce4197b515863486769eef] 10.0.0.90 "GET /resource_providers/481926ff-71c4-466c-a9fd-ffe62f35236f/aggregates" status: 404 len: 235 microversion: 1.1 [pid: 7|app: 0|req: 562/1120] 10.0.0.90 () {32 vars in 824 bytes} [Fri May 29 03:21:45 2026] GET /resource_providers/481926ff-71c4-466c-a9fd-ffe62f35236f/aggregates => generated 235 bytes in 13 msecs (HTTP/1.1 404) 5 headers in 202 bytes (1 switches on core 0)
2026-05-29 03:21:45.566 8 INFO placement.requestlog [None req-8e5316d6-060c-4344-aebc-070d6c6bf9fa bb4444fce5ab4b42a1cd5a343d6022e8 9b5bfc035ff54947b8434d08e07fd0be - - 451796d036ce4197b515863486769eef 451796d036ce4197b515863486769eef] 10.0.0.90 "GET /resource_providers/481926ff-71c4-466c-a9fd-ffe62f35236f/aggregates" status: 404 len: 235 microversion: 1.1 [pid: 8|app: 0|req: 559/1121] 10.0.0.90 () {32 vars in 824 bytes} [Fri May 29 03:21:45 2026] GET /resource_providers/481926ff-71c4-466c-a9fd-ffe62f35236f/aggregates => generated 235 bytes in 11 msecs (HTTP/1.1 404) 5 headers in 202 bytes (1 switches on core 0)
2026-05-29 03:21:45.574 7 INFO placement.requestlog [None req-ce737d7f-9cb8-4bd4-abc2-6f51cb8a2117 bb4444fce5ab4b42a1cd5a343d6022e8 9b5bfc035ff54947b8434d08e07fd0be - - 451796d036ce4197b515863486769eef 451796d036ce4197b515863486769eef] 10.0.0.90 "DELETE /resource_providers/481926ff-71c4-466c-a9fd-ffe62f35236f" status: 404 len: 246 microversion: 1.1 [pid: 7|app: 0|req: 563/1122] 10.0.0.90 () {34 vars in 824 bytes} [Fri May 29 03:21:45 2026] DELETE /resource_providers/481926ff-71c4-466c-a9fd-ffe62f35236f => generated 246 bytes in 6 msecs (HTTP/1.1 404) 6 headers in 231 bytes (1 switches on core 0)
2026-05-29 03:21:45.585 8 INFO placement.requestlog [None req-c804092a-c4ee-4fc1-b772-c2b3d122c8af bb4444fce5ab4b42a1cd5a343d6022e8 9b5bfc035ff54947b8434d08e07fd0be - - 451796d036ce4197b515863486769eef 451796d036ce4197b515863486769eef] 10.0.0.90 "DELETE /resource_providers/481926ff-71c4-466c-a9fd-ffe62f35236f" status: 404 len: 246 microversion: 1.1 [pid: 8|app: 0|req: 560/1123] 10.0.0.90 () {34 vars in 824 bytes} [Fri May 29 03:21:45 2026] DELETE /resource_providers/481926ff-71c4-466c-a9fd-ffe62f35236f => generated 246 bytes in 9 msecs (HTTP/1.1 404) 6 headers in 231 bytes (1 switches on core 0)
2026-05-29 03:21:53.882 7 INFO placement.requestlog [None req-da2abb2d-efb5-4bd4-80a6-8e7f4369c72f - - - - - -] 10.0.0.8 "GET /" status: 200 len: 136 microversion: 1.0
2026-05-29 03:21:53.883 8 INFO placement.requestlog [None req-b4f316bc-adc5-4870-960c-7299065f93a8 - - - - - -] 10.0.0.8 "GET /" status: 200 len: 136 microversion: 1.0
