2026-05-06 02:28:21.783 7 INFO placement.requestlog [req-7a6fb6ed-900c-4f17-b010-a63131704778 req-5459522c-a4b2-4579-b49d-c037f7721378 7044d2de20364e4cb1dd1c4170c3a5fa 280265f7d22d4644bebbe5a831fc9625 - - 14297e761f5f40c8905c6b287a3f0e2b 14297e761f5f40c8905c6b287a3f0e2b] 10.0.0.254 "PUT /allocations/5532d74e-a30f-42c7-9f4b-66233ae5f599" status: 204 len: 0 microversion: 1.36 [pid: 7|app: 0|req: 430/855] 10.0.0.254 () {38 vars in 914 bytes} [Wed May 6 02:28:21 2026] PUT /allocations/5532d74e-a30f-42c7-9f4b-66233ae5f599 => generated 0 bytes in 61 msecs (HTTP/1.1 204) 5 headers in 199 bytes (1 switches on core 0)
2026-05-06 02:28:23.279 8 INFO placement.requestlog [req-7a6fb6ed-900c-4f17-b010-a63131704778 req-6976d945-8f8b-4e9f-baac-3ed718c691b3 7044d2de20364e4cb1dd1c4170c3a5fa 280265f7d22d4644bebbe5a831fc9625 - - 14297e761f5f40c8905c6b287a3f0e2b 14297e761f5f40c8905c6b287a3f0e2b] 199.204.45.115 "GET /allocations/5532d74e-a30f-42c7-9f4b-66233ae5f599" status: 200 len: 258 microversion: 1.28 [pid: 8|app: 0|req: 426/856] 199.204.45.115 () {34 vars in 863 bytes} [Wed May 6 02:28:23 2026] GET /allocations/5532d74e-a30f-42c7-9f4b-66233ae5f599 => generated 258 bytes in 14 msecs (HTTP/1.1 200) 8 headers in 296 bytes (1 switches on core 0)
2026-05-06 02:28:23.672 7 INFO placement.requestlog [None req-b26bc66f-71c6-48a0-9d52-58f28e6591b0 7a7db78a9a754704a5158c2ca19d024a 280265f7d22d4644bebbe5a831fc9625 - - 14297e761f5f40c8905c6b287a3f0e2b 14297e761f5f40c8905c6b287a3f0e2b] 10.0.0.101 "GET /resource_providers/42b1bff6-2fb4-40a2-a3c1-ef0aa9cb33db/aggregates" status: 404 len: 235 microversion: 1.1 [pid: 7|app: 0|req: 431/857] 10.0.0.101 () {32 vars in 816 bytes} [Wed May 6 02:28:23 2026] GET /resource_providers/42b1bff6-2fb4-40a2-a3c1-ef0aa9cb33db/aggregates => generated 235 bytes in 20 msecs (HTTP/1.1 404) 5 headers in 202 bytes (1 switches on core 0)
2026-05-06 02:28:23.701 8 INFO placement.requestlog [None req-5e8148df-64f1-4256-bc3d-817553d00a7c 7a7db78a9a754704a5158c2ca19d024a 280265f7d22d4644bebbe5a831fc9625 - - 14297e761f5f40c8905c6b287a3f0e2b 14297e761f5f40c8905c6b287a3f0e2b] 10.0.0.101 "GET /resource_providers/42b1bff6-2fb4-40a2-a3c1-ef0aa9cb33db/aggregates" status: 404 len: 235 microversion: 1.1 [pid: 8|app: 0|req: 427/858] 10.0.0.101 () {32 vars in 816 bytes} [Wed May 6 02:28:23 2026] GET /resource_providers/42b1bff6-2fb4-40a2-a3c1-ef0aa9cb33db/aggregates => generated 235 bytes in 16 msecs (HTTP/1.1 404) 5 headers in 202 bytes (1 switches on core 0)
2026-05-06 02:28:23.716 7 INFO placement.requestlog [None req-33b62d97-9479-4b4e-8026-dccb894e41c4 7a7db78a9a754704a5158c2ca19d024a 280265f7d22d4644bebbe5a831fc9625 - - 14297e761f5f40c8905c6b287a3f0e2b 14297e761f5f40c8905c6b287a3f0e2b] 10.0.0.101 "DELETE /resource_providers/42b1bff6-2fb4-40a2-a3c1-ef0aa9cb33db" status: 404 len: 246 microversion: 1.1 [pid: 7|app: 0|req: 432/859] 10.0.0.101 () {34 vars in 816 bytes} [Wed May 6 02:28:23 2026] DELETE /resource_providers/42b1bff6-2fb4-40a2-a3c1-ef0aa9cb33db => generated 246 bytes in 14 msecs (HTTP/1.1 404) 6 headers in 231 bytes (1 switches on core 0)
2026-05-06 02:28:23.734 8 INFO placement.requestlog [None req-5e8fb045-7ddb-419e-83f8-33f8ad275443 7a7db78a9a754704a5158c2ca19d024a 280265f7d22d4644bebbe5a831fc9625 - - 14297e761f5f40c8905c6b287a3f0e2b 14297e761f5f40c8905c6b287a3f0e2b] 10.0.0.101 "DELETE /resource_providers/42b1bff6-2fb4-40a2-a3c1-ef0aa9cb33db" status: 404 len: 246 microversion: 1.1 [pid: 8|app: 0|req: 428/860] 10.0.0.101 () {34 vars in 816 bytes} [Wed May 6 02:28:23 2026] DELETE /resource_providers/42b1bff6-2fb4-40a2-a3c1-ef0aa9cb33db => generated 246 bytes in 11 msecs (HTTP/1.1 404) 6 headers in 231 bytes (1 switches on core 0)
2026-05-06 02:28:24.331 7 INFO placement.requestlog [req-7a6fb6ed-900c-4f17-b010-a63131704778 req-01b03de9-e327-4ff1-b05e-02ba94431add 7044d2de20364e4cb1dd1c4170c3a5fa 280265f7d22d4644bebbe5a831fc9625 - - 14297e761f5f40c8905c6b287a3f0e2b 14297e761f5f40c8905c6b287a3f0e2b] 199.204.45.115 "GET /resource_providers/4c3dd7fe-23ed-4c0c-ace7-12b268d1673a/allocations" status: 200 len: 353 microversion: 1.0 [pid: 7|app: 0|req: 433/861] 199.204.45.115 () {32 vars in 857 bytes} [Wed May 6 02:28:24 2026] GET /resource_providers/4c3dd7fe-23ed-4c0c-ace7-12b268d1673a/allocations => generated 353 bytes in 24 msecs (HTTP/1.1 200) 6 headers in 224 bytes (1 switches on core 0)
2026-05-06 02:28:24.348 8 INFO placement.requestlog [req-7a6fb6ed-900c-4f17-b010-a63131704778 req-34a8f87c-464b-4d36-bc91-87577fb7ad8b 7044d2de20364e4cb1dd1c4170c3a5fa 280265f7d22d4644bebbe5a831fc9625 - - 14297e761f5f40c8905c6b287a3f0e2b 14297e761f5f40c8905c6b287a3f0e2b] 199.204.45.115 "GET /allocations/476e5601-30b1-4955-a275-6f746404a556" status: 200 len: 258 microversion: 1.28 [pid: 8|app: 0|req: 429/862] 199.204.45.115 () {34 vars in 863 bytes} [Wed May 6 02:28:24 2026] GET /allocations/476e5601-30b1-4955-a275-6f746404a556 => generated 258 bytes in 10 msecs (HTTP/1.1 200) 8 headers in 296 bytes (1 switches on core 0)
2026-05-06 02:28:24.367 7 INFO placement.requestlog [req-7a6fb6ed-900c-4f17-b010-a63131704778 req-f51d0fa4-caf5-4b9c-85e4-c5aa6fd3bd52 7044d2de20364e4cb1dd1c4170c3a5fa 280265f7d22d4644bebbe5a831fc9625 - - 14297e761f5f40c8905c6b287a3f0e2b 14297e761f5f40c8905c6b287a3f0e2b] 199.204.45.115 "GET /allocations/5532d74e-a30f-42c7-9f4b-66233ae5f599" status: 200 len: 258 microversion: 1.28 [pid: 7|app: 0|req: 434/863] 199.204.45.115 () {34 vars in 863 bytes} [Wed May 6 02:28:24 2026] GET /allocations/5532d74e-a30f-42c7-9f4b-66233ae5f599 => generated 258 bytes in 14 msecs (HTTP/1.1 200) 8 headers in 296 bytes (1 switches on core 0)
2026-05-06 02:28:24.386 8 INFO placement.requestlog [req-7a6fb6ed-900c-4f17-b010-a63131704778 req-6c50df51-90c5-4498-bf1a-3fbaa73d6b2a 7044d2de20364e4cb1dd1c4170c3a5fa 280265f7d22d4644bebbe5a831fc9625 - - 14297e761f5f40c8905c6b287a3f0e2b 14297e761f5f40c8905c6b287a3f0e2b] 199.204.45.115 "GET /allocations/48800bab-2d5d-41c0-b06e-952e6bad4e60" status: 200 len: 258 microversion: 1.28 [pid: 8|app: 0|req: 430/864] 199.204.45.115 () {34 vars in 863 bytes} [Wed May 6 02:28:24 2026] GET /allocations/48800bab-2d5d-41c0-b06e-952e6bad4e60 => generated 258 bytes in 15 msecs (HTTP/1.1 200) 8 headers in 296 bytes (1 switches on core 0)
2026-05-06 02:28:26.617 7 INFO placement.requestlog [None req-efd3dda5-1eac-4820-9289-8737f32ac2ca 7a7db78a9a754704a5158c2ca19d024a 280265f7d22d4644bebbe5a831fc9625 - - 14297e761f5f40c8905c6b287a3f0e2b 14297e761f5f40c8905c6b287a3f0e2b] 10.0.0.101 "GET /resource_providers/94035e60-598e-4164-96c8-f55a4b2e9702/aggregates" status: 404 len: 235 microversion: 1.1 [pid: 7|app: 0|req: 435/865] 10.0.0.101 () {32 vars in 816 bytes} [Wed May 6 02:28:26 2026] GET /resource_providers/94035e60-598e-4164-96c8-f55a4b2e9702/aggregates => generated 235 bytes in 11 msecs (HTTP/1.1 404) 5 headers in 202 bytes (1 switches on core 0)
2026-05-06 02:28:26.618 8 INFO placement.requestlog [None req-ce613ca8-2ecb-4664-a5b3-fc5ee93619e6 7a7db78a9a754704a5158c2ca19d024a 280265f7d22d4644bebbe5a831fc9625 - - 14297e761f5f40c8905c6b287a3f0e2b 14297e761f5f40c8905c6b287a3f0e2b] 10.0.0.101 "GET /resource_providers/94035e60-598e-4164-96c8-f55a4b2e9702/aggregates" status: 404 len: 235 microversion: 1.1 [pid: 8|app: 0|req: 431/866] 10.0.0.101 () {32 vars in 816 bytes} [Wed May 6 02:28:26 2026] GET /resource_providers/94035e60-598e-4164-96c8-f55a4b2e9702/aggregates => generated 235 bytes in 11 msecs (HTTP/1.1 404) 5 headers in 202 bytes (1 switches on core 0)
2026-05-06 02:28:26.641 7 INFO placement.requestlog [None req-f953b1d9-62cf-425d-b06a-a5867da49414 7a7db78a9a754704a5158c2ca19d024a 280265f7d22d4644bebbe5a831fc9625 - - 14297e761f5f40c8905c6b287a3f0e2b 14297e761f5f40c8905c6b287a3f0e2b] 10.0.0.101 "DELETE /resource_providers/94035e60-598e-4164-96c8-f55a4b2e9702" status: 404 len: 246 microversion: 1.1 [pid: 7|app: 0|req: 436/867] 10.0.0.101 () {34 vars in 816 bytes} [Wed May 6 02:28:26 2026] DELETE /resource_providers/94035e60-598e-4164-96c8-f55a4b2e9702 => generated 246 bytes in 9 msecs (HTTP/1.1 404) 6 headers in 231 bytes (1 switches on core 0)
2026-05-06 02:28:26.648 8 INFO placement.requestlog [None req-1165d424-92fd-4bd6-87d3-f571e87ad3f4 7a7db78a9a754704a5158c2ca19d024a 280265f7d22d4644bebbe5a831fc9625 - - 14297e761f5f40c8905c6b287a3f0e2b 14297e761f5f40c8905c6b287a3f0e2b] 10.0.0.101 "DELETE /resource_providers/94035e60-598e-4164-96c8-f55a4b2e9702" status: 404 len: 246 microversion: 1.1 [pid: 8|app: 0|req: 432/868] 10.0.0.101 () {34 vars in 816 bytes} [Wed May 6 02:28:26 2026] DELETE /resource_providers/94035e60-598e-4164-96c8-f55a4b2e9702 => generated 246 bytes in 12 msecs (HTTP/1.1 404) 6 headers in 231 bytes (1 switches on core 0)
2026-05-06 02:28:28.677 8 INFO placement.requestlog [None req-6b96f3a0-7977-4aeb-96e4-713cc5cb7ca4 7a7db78a9a754704a5158c2ca19d024a 280265f7d22d4644bebbe5a831fc9625 - - 14297e761f5f40c8905c6b287a3f0e2b 14297e761f5f40c8905c6b287a3f0e2b] 10.0.0.101 "GET /resource_providers/6d629c39-a340-4f6b-842f-db280dd7f1ff/aggregates" status: 404 len: 235 microversion: 1.1 [pid: 8|app: 0|req: 433/869] 10.0.0.101 () {32 vars in 816 bytes} [Wed May 6 02:28:28 2026] GET /resource_providers/6d629c39-a340-4f6b-842f-db280dd7f1ff/aggregates => generated 235 bytes in 17 msecs (HTTP/1.1 404) 5 headers in 202 bytes (1 switches on core 0)
2026-05-06 02:28:28.678 7 INFO placement.requestlog [None req-d5aca566-001a-42de-a58a-dec97c6b90cc 7a7db78a9a754704a5158c2ca19d024a 280265f7d22d4644bebbe5a831fc9625 - - 14297e761f5f40c8905c6b287a3f0e2b 14297e761f5f40c8905c6b287a3f0e2b] 10.0.0.101 "GET /resource_providers/6d629c39-a340-4f6b-842f-db280dd7f1ff/aggregates" status: 404 len: 235 microversion: 1.1 [pid: 7|app: 0|req: 437/870] 10.0.0.101 () {32 vars in 816 bytes} [Wed May 6 02:28:28 2026] GET /resource_providers/6d629c39-a340-4f6b-842f-db280dd7f1ff/aggregates => generated 235 bytes in 19 msecs (HTTP/1.1 404) 5 headers in 202 bytes (1 switches on core 0)
2026-05-06 02:28:28.697 8 INFO placement.requestlog [None req-6d53bc30-e14f-482d-839c-31a18a8224f4 7a7db78a9a754704a5158c2ca19d024a 280265f7d22d4644bebbe5a831fc9625 - - 14297e761f5f40c8905c6b287a3f0e2b 14297e761f5f40c8905c6b287a3f0e2b] 10.0.0.101 "DELETE /resource_providers/6d629c39-a340-4f6b-842f-db280dd7f1ff" status: 404 len: 246 microversion: 1.1 [pid: 8|app: 0|req: 434/871] 10.0.0.101 () {34 vars in 816 bytes} [Wed May 6 02:28:28 2026] DELETE /resource_providers/6d629c39-a340-4f6b-842f-db280dd7f1ff => generated 246 bytes in 9 msecs (HTTP/1.1 404) 6 headers in 231 bytes (1 switches on core 0)
2026-05-06 02:28:28.699 7 INFO placement.requestlog [None req-213e2e55-135e-4ad1-b2dd-9319f4864f19 7a7db78a9a754704a5158c2ca19d024a 280265f7d22d4644bebbe5a831fc9625 - - 14297e761f5f40c8905c6b287a3f0e2b 14297e761f5f40c8905c6b287a3f0e2b] 10.0.0.101 "DELETE /resource_providers/6d629c39-a340-4f6b-842f-db280dd7f1ff" status: 404 len: 246 microversion: 1.1 [pid: 7|app: 0|req: 438/872] 10.0.0.101 () {34 vars in 816 bytes} [Wed May 6 02:28:28 2026] DELETE /resource_providers/6d629c39-a340-4f6b-842f-db280dd7f1ff => generated 246 bytes in 8 msecs (HTTP/1.1 404) 6 headers in 231 bytes (1 switches on core 0)
2026-05-06 02:28:30.834 7 INFO placement.requestlog [None req-c1d012d4-9714-482f-89d2-4b548209c08d 7a7db78a9a754704a5158c2ca19d024a 280265f7d22d4644bebbe5a831fc9625 - - 14297e761f5f40c8905c6b287a3f0e2b 14297e761f5f40c8905c6b287a3f0e2b] 10.0.0.101 "GET /resource_providers/2d64295c-05f5-41a8-a886-a311ea128e73/aggregates" status: 404 len: 235 microversion: 1.1 [pid: 7|app: 0|req: 439/873] 10.0.0.101 () {32 vars in 816 bytes} [Wed May 6 02:28:30 2026] GET /resource_providers/2d64295c-05f5-41a8-a886-a311ea128e73/aggregates => generated 235 bytes in 8 msecs (HTTP/1.1 404) 5 headers in 202 bytes (1 switches on core 0)
2026-05-06 02:28:30.836 8 INFO placement.requestlog [None req-2d17e034-8e9f-4d81-860a-bba46b8e83e5 7a7db78a9a754704a5158c2ca19d024a 280265f7d22d4644bebbe5a831fc9625 - - 14297e761f5f40c8905c6b287a3f0e2b 14297e761f5f40c8905c6b287a3f0e2b] 10.0.0.101 "GET /resource_providers/2d64295c-05f5-41a8-a886-a311ea128e73/aggregates" status: 404 len: 235 microversion: 1.1 [pid: 8|app: 0|req: 435/874] 10.0.0.101 () {32 vars in 816 bytes} [Wed May 6 02:28:30 2026] GET /resource_providers/2d64295c-05f5-41a8-a886-a311ea128e73/aggregates => generated 235 bytes in 13 msecs (HTTP/1.1 404) 5 headers in 202 bytes (1 switches on core 0)
2026-05-06 02:28:30.859 7 INFO placement.requestlog [None req-eb6d5a48-a1a8-4b66-98ff-b70fd78eb537 7a7db78a9a754704a5158c2ca19d024a 280265f7d22d4644bebbe5a831fc9625 - - 14297e761f5f40c8905c6b287a3f0e2b 14297e761f5f40c8905c6b287a3f0e2b] 10.0.0.101 "DELETE /resource_providers/2d64295c-05f5-41a8-a886-a311ea128e73" status: 404 len: 246 microversion: 1.1 [pid: 7|app: 0|req: 440/875] 10.0.0.101 () {34 vars in 816 bytes} [Wed May 6 02:28:30 2026] DELETE /resource_providers/2d64295c-05f5-41a8-a886-a311ea128e73 => generated 246 bytes in 8 msecs (HTTP/1.1 404) 6 headers in 231 bytes (1 switches on core 0)
2026-05-06 02:28:30.863 8 INFO placement.requestlog [None req-ea13a16c-5e91-436a-8b28-880a82c16e1b 7a7db78a9a754704a5158c2ca19d024a 280265f7d22d4644bebbe5a831fc9625 - - 14297e761f5f40c8905c6b287a3f0e2b 14297e761f5f40c8905c6b287a3f0e2b] 10.0.0.101 "DELETE /resource_providers/2d64295c-05f5-41a8-a886-a311ea128e73" status: 404 len: 246 microversion: 1.1 [pid: 8|app: 0|req: 436/876] 10.0.0.101 () {34 vars in 816 bytes} [Wed May 6 02:28:30 2026] DELETE /resource_providers/2d64295c-05f5-41a8-a886-a311ea128e73 => generated 246 bytes in 12 msecs (HTTP/1.1 404) 6 headers in 231 bytes (1 switches on core 0)
2026-05-06 02:28:30.980 7 INFO placement.requestlog [None req-45ccb075-90b1-4e58-a92a-79fb614ea15d - - - - - -] 10.0.0.99 "GET /" status: 200 len: 136 microversion: 1.0
2026-05-06 02:28:30.982 8 INFO placement.requestlog [None req-d7c40c5e-d145-43e4-88c6-173d1df0698f - - - - - -] 10.0.0.99 "GET /" status: 200 len: 136 microversion: 1.0
2026-05-06 02:28:38.866 7 INFO placement.requestlog [req-2da44a5a-eeef-4689-b9dc-8f5b415dadd1 req-ac0075a8-003f-4541-a2bb-3ddcfc1448d4 7044d2de20364e4cb1dd1c4170c3a5fa 280265f7d22d4644bebbe5a831fc9625 - - 14297e761f5f40c8905c6b287a3f0e2b 14297e761f5f40c8905c6b287a3f0e2b] 10.0.0.254 "GET /allocation_candidates?limit=1000&resources=DISK_GB%3A1%2CMEMORY_MB%3A512%2CVCPU%3A1&root_required=%21COMPUTE_STATUS_DISABLED" status: 200 len: 2784 microversion: 1.36 [pid: 7|app: 0|req: 442/879] 10.0.0.254 () {34 vars in 1012 bytes} [Wed May 6 02:28:38 2026] GET /allocation_candidates?limit=1000&resources=DISK_GB%3A1%2CMEMORY_MB%3A512%2CVCPU%3A1&root_required=%21COMPUTE_STATUS_DISABLED => generated 2784 bytes in 59 msecs (HTTP/1.1 200) 8 headers in 297 bytes (1 switches on core 0)
2026-05-06 02:28:38.924 8 INFO placement.requestlog [req-2da44a5a-eeef-4689-b9dc-8f5b415dadd1 req-12e72c33-ca83-4ee9-be67-b1409c35f605 7044d2de20364e4cb1dd1c4170c3a5fa 280265f7d22d4644bebbe5a831fc9625 - - 14297e761f5f40c8905c6b287a3f0e2b 14297e761f5f40c8905c6b287a3f0e2b] 10.0.0.254 "GET /allocations/c8800028-e025-446a-8997-e0835c0b1831" status: 200 len: 19 microversion: 1.28 [pid: 8|app: 0|req: 438/880] 10.0.0.254 () {34 vars in 861 bytes} [Wed May 6 02:28:38 2026] GET /allocations/c8800028-e025-446a-8997-e0835c0b1831 => generated 19 bytes in 18 msecs (HTTP/1.1 200) 8 headers in 295 bytes (1 switches on core 0)
2026-05-06 02:28:38.983 7 INFO placement.requestlog [req-2da44a5a-eeef-4689-b9dc-8f5b415dadd1 req-b704d789-439b-43f2-8c16-63471b0b1da7 7044d2de20364e4cb1dd1c4170c3a5fa 280265f7d22d4644bebbe5a831fc9625 - - 14297e761f5f40c8905c6b287a3f0e2b 14297e761f5f40c8905c6b287a3f0e2b] 10.0.0.254 "PUT /allocations/c8800028-e025-446a-8997-e0835c0b1831" status: 204 len: 0 microversion: 1.36 [pid: 7|app: 0|req: 443/881] 10.0.0.254 () {38 vars in 914 bytes} [Wed May 6 02:28:38 2026] PUT /allocations/c8800028-e025-446a-8997-e0835c0b1831 => generated 0 bytes in 52 msecs (HTTP/1.1 204) 5 headers in 199 bytes (1 switches on core 0)
2026-05-06 02:28:40.472 8 INFO placement.requestlog [req-2da44a5a-eeef-4689-b9dc-8f5b415dadd1 req-b9e75dea-72e0-45c3-9cb4-49134ea271fd 7044d2de20364e4cb1dd1c4170c3a5fa 280265f7d22d4644bebbe5a831fc9625 - - 14297e761f5f40c8905c6b287a3f0e2b 14297e761f5f40c8905c6b287a3f0e2b] 199.204.45.115 "GET /allocations/c8800028-e025-446a-8997-e0835c0b1831" status: 200 len: 258 microversion: 1.28 [pid: 8|app: 0|req: 439/882] 199.204.45.115 () {34 vars in 863 bytes} [Wed May 6 02:28:40 2026] GET /allocations/c8800028-e025-446a-8997-e0835c0b1831 => generated 258 bytes in 12 msecs (HTTP/1.1 200) 8 headers in 296 bytes (1 switches on core 0)
2026-05-06 02:28:40.979 7 INFO placement.requestlog [None req-e84df6bf-e5d2-49ee-a854-1c2fece8fe8e - - - - - -] 10.0.0.99 "GET /" status: 200 len: 136 microversion: 1.0
2026-05-06 02:28:40.980 8 INFO placement.requestlog [None req-b44dc40b-8c73-4da5-8e16-164ea35036e2 - - - - - -] 10.0.0.99 "GET /" status: 200 len: 136 microversion: 1.0
2026-05-06 02:28:41.517 8 INFO placement.requestlog [req-2da44a5a-eeef-4689-b9dc-8f5b415dadd1 req-8098463a-ac8e-4f99-acac-469623358afe 7044d2de20364e4cb1dd1c4170c3a5fa 280265f7d22d4644bebbe5a831fc9625 - - 14297e761f5f40c8905c6b287a3f0e2b 14297e761f5f40c8905c6b287a3f0e2b] 199.204.45.115 "GET /resource_providers/4c3dd7fe-23ed-4c0c-ace7-12b268d1673a/allocations" status: 200 len: 453 microversion: 1.0 [pid: 8|app: 0|req: 441/885] 199.204.45.115 () {32 vars in 857 bytes} [Wed May 6 02:28:41 2026] GET /resource_providers/4c3dd7fe-23ed-4c0c-ace7-12b268d1673a/allocations => generated 453 bytes in 18 msecs (HTTP/1.1 200) 6 headers in 224 bytes (1 switches on core 0)
2026-05-06 02:28:41.539 7 INFO placement.requestlog [req-2da44a5a-eeef-4689-b9dc-8f5b415dadd1 req-7a4c7578-d4e9-4ac8-b6cd-5487fe427b25 7044d2de20364e4cb1dd1c4170c3a5fa 280265f7d22d4644bebbe5a831fc9625 - - 14297e761f5f40c8905c6b287a3f0e2b 14297e761f5f40c8905c6b287a3f0e2b] 199.204.45.115 "GET /allocations/476e5601-30b1-4955-a275-6f746404a556" status: 200 len: 258 microversion: 1.28 [pid: 7|app: 0|req: 445/886] 199.204.45.115 () {34 vars in 863 bytes} [Wed May 6 02:28:41 2026] GET /allocations/476e5601-30b1-4955-a275-6f746404a556 => generated 258 bytes in 14 msecs (HTTP/1.1 200) 8 headers in 296 bytes (1 switches on core 0)
2026-05-06 02:28:41.567 8 INFO placement.requestlog [req-2da44a5a-eeef-4689-b9dc-8f5b415dadd1 req-e65a57e3-d95e-4614-9029-326bc9ef00ca 7044d2de20364e4cb1dd1c4170c3a5fa 280265f7d22d4644bebbe5a831fc9625 - - 14297e761f5f40c8905c6b287a3f0e2b 14297e761f5f40c8905c6b287a3f0e2b] 199.204.45.115 "GET /allocations/5532d74e-a30f-42c7-9f4b-66233ae5f599" status: 200 len: 258 microversion: 1.28 [pid: 8|app: 0|req: 442/887] 199.204.45.115 () {34 vars in 863 bytes} [Wed May 6 02:28:41 2026] GET /allocations/5532d74e-a30f-42c7-9f4b-66233ae5f599 => generated 258 bytes in 22 msecs (HTTP/1.1 200) 8 headers in 296 bytes (1 switches on core 0)
2026-05-06 02:28:41.587 7 INFO placement.requestlog [req-2da44a5a-eeef-4689-b9dc-8f5b415dadd1 req-234a2a9f-9d72-48c8-a55f-9d4cc4b6c76e 7044d2de20364e4cb1dd1c4170c3a5fa 280265f7d22d4644bebbe5a831fc9625 - - 14297e761f5f40c8905c6b287a3f0e2b 14297e761f5f40c8905c6b287a3f0e2b] 199.204.45.115 "GET /allocations/48800bab-2d5d-41c0-b06e-952e6bad4e60" status: 200 len: 258 microversion: 1.28 [pid: 7|app: 0|req: 446/888] 199.204.45.115 () {34 vars in 863 bytes} [Wed May 6 02:28:41 2026] GET /allocations/48800bab-2d5d-41c0-b06e-952e6bad4e60 => generated 258 bytes in 15 msecs (HTTP/1.1 200) 8 headers in 296 bytes (1 switches on core 0)
2026-05-06 02:28:41.618 8 INFO placement.requestlog [req-2da44a5a-eeef-4689-b9dc-8f5b415dadd1 req-13dff0e2-7dfa-4555-ad39-3c64a512f519 7044d2de20364e4cb1dd1c4170c3a5fa 280265f7d22d4644bebbe5a831fc9625 - - 14297e761f5f40c8905c6b287a3f0e2b 14297e761f5f40c8905c6b287a3f0e2b] 199.204.45.115 "GET /allocations/c8800028-e025-446a-8997-e0835c0b1831" status: 200 len: 258 microversion: 1.28 [pid: 8|app: 0|req: 443/889] 199.204.45.115 () {34 vars in 863 bytes} [Wed May 6 02:28:41 2026] GET /allocations/c8800028-e025-446a-8997-e0835c0b1831 => generated 258 bytes in 24 msecs (HTTP/1.1 200) 8 headers in 296 bytes (1 switches on core 0)
2026-05-06 02:28:42.668 7 INFO placement.requestlog [req-728ae93d-924f-47b1-a2db-d5316087accc req-677d37ad-3f1a-4d4b-8053-cbd2aa07439e 7044d2de20364e4cb1dd1c4170c3a5fa 280265f7d22d4644bebbe5a831fc9625 - - 14297e761f5f40c8905c6b287a3f0e2b 14297e761f5f40c8905c6b287a3f0e2b] 199.204.45.115 "GET /resource_providers/4c3dd7fe-23ed-4c0c-ace7-12b268d1673a/allocations" status: 200 len: 453 microversion: 1.0 [pid: 7|app: 0|req: 447/890] 199.204.45.115 () {32 vars in 857 bytes} [Wed May 6 02:28:42 2026] GET /resource_providers/4c3dd7fe-23ed-4c0c-ace7-12b268d1673a/allocations => generated 453 bytes in 18 msecs (HTTP/1.1 200) 6 headers in 224 bytes (1 switches on core 0)
2026-05-06 02:28:42.688 8 INFO placement.requestlog [req-728ae93d-924f-47b1-a2db-d5316087accc req-c87ed69c-4f80-476b-bfa3-a778e5c27558 7044d2de20364e4cb1dd1c4170c3a5fa 280265f7d22d4644bebbe5a831fc9625 - - 14297e761f5f40c8905c6b287a3f0e2b 14297e761f5f40c8905c6b287a3f0e2b] 199.204.45.115 "GET /allocations/476e5601-30b1-4955-a275-6f746404a556" status: 200 len: 258 microversion: 1.28 [pid: 8|app: 0|req: 444/891] 199.204.45.115 () {34 vars in 863 bytes} [Wed May 6 02:28:42 2026] GET /allocations/476e5601-30b1-4955-a275-6f746404a556 => generated 258 bytes in 13 msecs (HTTP/1.1 200) 8 headers in 296 bytes (1 switches on core 0)
2026-05-06 02:28:42.709 7 INFO placement.requestlog [req-728ae93d-924f-47b1-a2db-d5316087accc req-c7d82c18-becf-4948-a2fe-ce24b15ced72 7044d2de20364e4cb1dd1c4170c3a5fa 280265f7d22d4644bebbe5a831fc9625 - - 14297e761f5f40c8905c6b287a3f0e2b 14297e761f5f40c8905c6b287a3f0e2b] 199.204.45.115 "GET /allocations/5532d74e-a30f-42c7-9f4b-66233ae5f599" status: 200 len: 258 microversion: 1.28 [pid: 7|app: 0|req: 448/892] 199.204.45.115 () {34 vars in 863 bytes} [Wed May 6 02:28:42 2026] GET /allocations/5532d74e-a30f-42c7-9f4b-66233ae5f599 => generated 258 bytes in 14 msecs (HTTP/1.1 200) 8 headers in 296 bytes (1 switches on core 0)
2026-05-06 02:28:42.727 8 INFO placement.requestlog [req-728ae93d-924f-47b1-a2db-d5316087accc req-7d4d1665-7ccf-422e-8165-03239ae4a13b 7044d2de20364e4cb1dd1c4170c3a5fa 280265f7d22d4644bebbe5a831fc9625 - - 14297e761f5f40c8905c6b287a3f0e2b 14297e761f5f40c8905c6b287a3f0e2b] 199.204.45.115 "GET /allocations/48800bab-2d5d-41c0-b06e-952e6bad4e60" status: 200 len: 258 microversion: 1.28 [pid: 8|app: 0|req: 445/893] 199.204.45.115 () {34 vars in 863 bytes} [Wed May 6 02:28:42 2026] GET /allocations/48800bab-2d5d-41c0-b06e-952e6bad4e60 => generated 258 bytes in 12 msecs (HTTP/1.1 200) 8 headers in 296 bytes (1 switches on core 0)
2026-05-06 02:28:42.753 7 INFO placement.requestlog [req-728ae93d-924f-47b1-a2db-d5316087accc req-963a8fe2-338e-43af-9270-660d7e42aebb 7044d2de20364e4cb1dd1c4170c3a5fa 280265f7d22d4644bebbe5a831fc9625 - - 14297e761f5f40c8905c6b287a3f0e2b 14297e761f5f40c8905c6b287a3f0e2b] 199.204.45.115 "GET /allocations/c8800028-e025-446a-8997-e0835c0b1831" status: 200 len: 258 microversion: 1.28 [pid: 7|app: 0|req: 449/894] 199.204.45.115 () {34 vars in 863 bytes} [Wed May 6 02:28:42 2026] GET /allocations/c8800028-e025-446a-8997-e0835c0b1831 => generated 258 bytes in 15 msecs (HTTP/1.1 200) 8 headers in 296 bytes (1 switches on core 0)
2026-05-06 02:28:43.814 8 INFO placement.requestlog [req-728ae93d-924f-47b1-a2db-d5316087accc req-d4a976b2-2ea1-44ab-a77a-d2de122886a3 7044d2de20364e4cb1dd1c4170c3a5fa 280265f7d22d4644bebbe5a831fc9625 - - 14297e761f5f40c8905c6b287a3f0e2b 14297e761f5f40c8905c6b287a3f0e2b] 199.204.45.115 "DELETE /allocations/5532d74e-a30f-42c7-9f4b-66233ae5f599" status: 204 len: 0 microversion: 1.0 [pid: 8|app: 0|req: 446/895] 199.204.45.115 () {34 vars in 841 bytes} [Wed May 6 02:28:43 2026] DELETE /allocations/5532d74e-a30f-42c7-9f4b-66233ae5f599 => generated 0 bytes in 30 msecs (HTTP/1.1 204) 5 headers in 198 bytes (1 switches on core 0)
2026-05-06 02:28:47.103 7 INFO placement.requestlog [req-3352b871-d0b7-4797-9ea6-8f0e169c78a1 req-fc6cd644-8130-4e31-879f-dc567c71980c 7044d2de20364e4cb1dd1c4170c3a5fa 280265f7d22d4644bebbe5a831fc9625 - - 14297e761f5f40c8905c6b287a3f0e2b 14297e761f5f40c8905c6b287a3f0e2b] 199.204.45.115 "GET /resource_providers/4c3dd7fe-23ed-4c0c-ace7-12b268d1673a/allocations" status: 200 len: 353 microversion: 1.0 [pid: 7|app: 0|req: 450/896] 199.204.45.115 () {32 vars in 857 bytes} [Wed May 6 02:28:47 2026] GET /resource_providers/4c3dd7fe-23ed-4c0c-ace7-12b268d1673a/allocations => generated 353 bytes in 17 msecs (HTTP/1.1 200) 6 headers in 224 bytes (1 switches on core 0)
2026-05-06 02:28:47.127 8 INFO placement.requestlog [req-3352b871-d0b7-4797-9ea6-8f0e169c78a1 req-05bde104-bf8e-4bf8-b1fa-a271565e64af 7044d2de20364e4cb1dd1c4170c3a5fa 280265f7d22d4644bebbe5a831fc9625 - - 14297e761f5f40c8905c6b287a3f0e2b 14297e761f5f40c8905c6b287a3f0e2b] 199.204.45.115 "GET /resource_providers/4c3dd7fe-23ed-4c0c-ace7-12b268d1673a/allocations" status: 200 len: 353 microversion: 1.0 [pid: 8|app: 0|req: 447/897] 199.204.45.115 () {32 vars in 857 bytes} [Wed May 6 02:28:47 2026] GET /resource_providers/4c3dd7fe-23ed-4c0c-ace7-12b268d1673a/allocations => generated 353 bytes in 19 msecs (HTTP/1.1 200) 6 headers in 224 bytes (1 switches on core 0)
2026-05-06 02:28:47.147 7 INFO placement.requestlog [req-3352b871-d0b7-4797-9ea6-8f0e169c78a1 req-8cdad240-ebe6-4fed-b801-c99711c02be9 7044d2de20364e4cb1dd1c4170c3a5fa 280265f7d22d4644bebbe5a831fc9625 - - 14297e761f5f40c8905c6b287a3f0e2b 14297e761f5f40c8905c6b287a3f0e2b] 199.204.45.115 "GET /allocations/476e5601-30b1-4955-a275-6f746404a556" status: 200 len: 258 microversion: 1.28 [pid: 7|app: 0|req: 451/898] 199.204.45.115 () {34 vars in 863 bytes} [Wed May 6 02:28:47 2026] GET /allocations/476e5601-30b1-4955-a275-6f746404a556 => generated 258 bytes in 11 msecs (HTTP/1.1 200) 8 headers in 296 bytes (1 switches on core 0)
2026-05-06 02:28:47.170 8 INFO placement.requestlog [req-3352b871-d0b7-4797-9ea6-8f0e169c78a1 req-623dcef1-5178-4e15-bdea-5e4f760cb3b0 7044d2de20364e4cb1dd1c4170c3a5fa 280265f7d22d4644bebbe5a831fc9625 - - 14297e761f5f40c8905c6b287a3f0e2b 14297e761f5f40c8905c6b287a3f0e2b] 199.204.45.115 "GET /allocations/48800bab-2d5d-41c0-b06e-952e6bad4e60" status: 200 len: 258 microversion: 1.28 [pid: 8|app: 0|req: 448/899] 199.204.45.115 () {34 vars in 863 bytes} [Wed May 6 02:28:47 2026] GET /allocations/48800bab-2d5d-41c0-b06e-952e6bad4e60 => generated 258 bytes in 19 msecs (HTTP/1.1 200) 8 headers in 296 bytes (1 switches on core 0)
2026-05-06 02:28:47.190 7 INFO placement.requestlog [req-3352b871-d0b7-4797-9ea6-8f0e169c78a1 req-e1bc0c24-63c2-4018-83be-55423e09e90f 7044d2de20364e4cb1dd1c4170c3a5fa 280265f7d22d4644bebbe5a831fc9625 - - 14297e761f5f40c8905c6b287a3f0e2b 14297e761f5f40c8905c6b287a3f0e2b] 199.204.45.115 "GET /allocations/c8800028-e025-446a-8997-e0835c0b1831" status: 200 len: 258 microversion: 1.28 [pid: 7|app: 0|req: 452/900] 199.204.45.115 () {34 vars in 863 bytes} [Wed May 6 02:28:47 2026] GET /allocations/c8800028-e025-446a-8997-e0835c0b1831 => generated 258 bytes in 11 msecs (HTTP/1.1 200) 8 headers in 296 bytes (1 switches on core 0)
2026-05-06 02:28:48.330 7 INFO placement.requestlog [None req-215e3cc4-4009-4315-8219-d5b66fa0867e 7a7db78a9a754704a5158c2ca19d024a 280265f7d22d4644bebbe5a831fc9625 - - 14297e761f5f40c8905c6b287a3f0e2b 14297e761f5f40c8905c6b287a3f0e2b] 10.0.0.101 "GET /resource_providers/5d571f2e-6c6e-4a62-a15d-aafa47d66e90/aggregates" status: 404 len: 235 microversion: 1.1 [pid: 7|app: 0|req: 453/901] 10.0.0.101 () {32 vars in 816 bytes} [Wed May 6 02:28:48 2026] GET /resource_providers/5d571f2e-6c6e-4a62-a15d-aafa47d66e90/aggregates => generated 235 bytes in 9 msecs (HTTP/1.1 404) 5 headers in 202 bytes (1 switches on core 0)
2026-05-06 02:28:48.332 8 INFO placement.requestlog [None req-525714f5-0c5e-43fb-ab2a-410f18a3e696 7a7db78a9a754704a5158c2ca19d024a 280265f7d22d4644bebbe5a831fc9625 - - 14297e761f5f40c8905c6b287a3f0e2b 14297e761f5f40c8905c6b287a3f0e2b] 10.0.0.101 "GET /resource_providers/5d571f2e-6c6e-4a62-a15d-aafa47d66e90/aggregates" status: 404 len: 235 microversion: 1.1 [pid: 8|app: 0|req: 449/902] 10.0.0.101 () {32 vars in 816 bytes} [Wed May 6 02:28:48 2026] GET /resource_providers/5d571f2e-6c6e-4a62-a15d-aafa47d66e90/aggregates => generated 235 bytes in 12 msecs (HTTP/1.1 404) 5 headers in 202 bytes (1 switches on core 0)
2026-05-06 02:28:48.349 7 INFO placement.requestlog [None req-0d323c32-baee-447e-9dfd-95f675e81598 7a7db78a9a754704a5158c2ca19d024a 280265f7d22d4644bebbe5a831fc9625 - - 14297e761f5f40c8905c6b287a3f0e2b 14297e761f5f40c8905c6b287a3f0e2b] 10.0.0.101 "DELETE /resource_providers/5d571f2e-6c6e-4a62-a15d-aafa47d66e90" status: 404 len: 246 microversion: 1.1 [pid: 7|app: 0|req: 454/903] 10.0.0.101 () {34 vars in 816 bytes} [Wed May 6 02:28:48 2026] DELETE /resource_providers/5d571f2e-6c6e-4a62-a15d-aafa47d66e90 => generated 246 bytes in 10 msecs (HTTP/1.1 404) 6 headers in 231 bytes (1 switches on core 0)
2026-05-06 02:28:48.361 8 INFO placement.requestlog [None req-51447a20-37a2-4942-a2be-2cc0f2f991a5 7a7db78a9a754704a5158c2ca19d024a 280265f7d22d4644bebbe5a831fc9625 - - 14297e761f5f40c8905c6b287a3f0e2b 14297e761f5f40c8905c6b287a3f0e2b] 10.0.0.101 "DELETE /resource_providers/5d571f2e-6c6e-4a62-a15d-aafa47d66e90" status: 404 len: 246 microversion: 1.1 [pid: 8|app: 0|req: 450/904] 10.0.0.101 () {34 vars in 816 bytes} [Wed May 6 02:28:48 2026] DELETE /resource_providers/5d571f2e-6c6e-4a62-a15d-aafa47d66e90 => generated 246 bytes in 9 msecs (HTTP/1.1 404) 6 headers in 231 bytes (1 switches on core 0)
2026-05-06 02:28:48.976 7 INFO placement.requestlog [None req-218ecc9d-3a69-4045-a9e3-8797eae38a8b 7a7db78a9a754704a5158c2ca19d024a 280265f7d22d4644bebbe5a831fc9625 - - 14297e761f5f40c8905c6b287a3f0e2b 14297e761f5f40c8905c6b287a3f0e2b] 10.0.0.101 "GET /resource_providers/0ed8a0d5-3110-4120-90ae-7ee004bebde2/aggregates" status: 404 len: 235 microversion: 1.1 [pid: 7|app: 0|req: 455/905] 10.0.0.101 () {32 vars in 816 bytes} [Wed May 6 02:28:48 2026] GET /resource_providers/0ed8a0d5-3110-4120-90ae-7ee004bebde2/aggregates => generated 235 bytes in 8 msecs (HTTP/1.1 404) 5 headers in 202 bytes (1 switches on core 0)
2026-05-06 02:28:48.985 8 INFO placement.requestlog [None req-929c6755-fa65-4fd5-a54a-f22288aa921a 7a7db78a9a754704a5158c2ca19d024a 280265f7d22d4644bebbe5a831fc9625 - - 14297e761f5f40c8905c6b287a3f0e2b 14297e761f5f40c8905c6b287a3f0e2b] 10.0.0.101 "GET /resource_providers/0ed8a0d5-3110-4120-90ae-7ee004bebde2/aggregates" status: 404 len: 235 microversion: 1.1 [pid: 8|app: 0|req: 451/906] 10.0.0.101 () {32 vars in 816 bytes} [Wed May 6 02:28:48 2026] GET /resource_providers/0ed8a0d5-3110-4120-90ae-7ee004bebde2/aggregates => generated 235 bytes in 16 msecs (HTTP/1.1 404) 5 headers in 202 bytes (1 switches on core 0)
2026-05-06 02:28:49.009 8 INFO placement.requestlog [None req-b3a92827-da98-4956-90e9-fa59ec2ca869 7a7db78a9a754704a5158c2ca19d024a 280265f7d22d4644bebbe5a831fc9625 - - 14297e761f5f40c8905c6b287a3f0e2b 14297e761f5f40c8905c6b287a3f0e2b] 10.0.0.101 "DELETE /resource_providers/0ed8a0d5-3110-4120-90ae-7ee004bebde2" status: 404 len: 246 microversion: 1.1 [pid: 8|app: 0|req: 452/907] 10.0.0.101 () {34 vars in 816 bytes} [Wed May 6 02:28:48 2026] DELETE /resource_providers/0ed8a0d5-3110-4120-90ae-7ee004bebde2 => generated 246 bytes in 11 msecs (HTTP/1.1 404) 6 headers in 231 bytes (1 switches on core 0)
2026-05-06 02:28:49.011 7 INFO placement.requestlog [None req-05510837-82b8-41e3-94c4-401008318d3b 7a7db78a9a754704a5158c2ca19d024a 280265f7d22d4644bebbe5a831fc9625 - - 14297e761f5f40c8905c6b287a3f0e2b 14297e761f5f40c8905c6b287a3f0e2b] 10.0.0.101 "DELETE /resource_providers/0ed8a0d5-3110-4120-90ae-7ee004bebde2" status: 404 len: 246 microversion: 1.1 [pid: 7|app: 0|req: 456/908] 10.0.0.101 () {34 vars in 816 bytes} [Wed May 6 02:28:48 2026] DELETE /resource_providers/0ed8a0d5-3110-4120-90ae-7ee004bebde2 => generated 246 bytes in 14 msecs (HTTP/1.1 404) 6 headers in 231 bytes (1 switches on core 0)
2026-05-06 02:28:50.366 8 INFO placement.requestlog [None req-f6295130-b281-4d40-971b-2be004ec20d5 7a7db78a9a754704a5158c2ca19d024a 280265f7d22d4644bebbe5a831fc9625 - - 14297e761f5f40c8905c6b287a3f0e2b 14297e761f5f40c8905c6b287a3f0e2b] 10.0.0.101 "GET /resource_providers/5d6fdd59-c9c4-407d-a08a-d03d79421648/aggregates" status: 404 len: 235 microversion: 1.1 [pid: 8|app: 0|req: 453/909] 10.0.0.101 () {32 vars in 816 bytes} [Wed May 6 02:28:50 2026] GET /resource_providers/5d6fdd59-c9c4-407d-a08a-d03d79421648/aggregates => generated 235 bytes in 9 msecs (HTTP/1.1 404) 5 headers in 202 bytes (1 switches on core 0)
2026-05-06 02:28:50.388 7 INFO placement.requestlog [None req-e270b2fe-3c79-4a6a-9a01-7adb743d7c4b 7a7db78a9a754704a5158c2ca19d024a 280265f7d22d4644bebbe5a831fc9625 - - 14297e761f5f40c8905c6b287a3f0e2b 14297e761f5f40c8905c6b287a3f0e2b] 10.0.0.101 "DELETE /resource_providers/5d6fdd59-c9c4-407d-a08a-d03d79421648" status: 404 len: 246 microversion: 1.1
2026-05-06 02:28:50.388 8 INFO placement.requestlog [None req-e3e37e3b-89db-4a1a-9db4-7f660e60fb7d 7a7db78a9a754704a5158c2ca19d024a 280265f7d22d4644bebbe5a831fc9625 - - 14297e761f5f40c8905c6b287a3f0e2b 14297e761f5f40c8905c6b287a3f0e2b] 10.0.0.101 "GET /resource_providers/5d6fdd59-c9c4-407d-a08a-d03d79421648/aggregates" status: 404 len: 235 microversion: 1.1 [pid: 7|app: 0|req: 457/910] 10.0.0.101 () {34 vars in 816 bytes} [Wed May 6 02:28:50 2026] DELETE /resource_providers/5d6fdd59-c9c4-407d-a08a-d03d79421648 => generated 246 bytes in 13 msecs (HTTP/1.1 404) 6 headers in 231 bytes (1 switches on core 0) [pid: 8|app: 0|req: 454/911] 10.0.0.101 () {32 vars in 816 bytes} [Wed May 6 02:28:50 2026] GET /resource_providers/5d6fdd59-c9c4-407d-a08a-d03d79421648/aggregates => generated 235 bytes in 11 msecs (HTTP/1.1 404) 5 headers in 202 bytes (1 switches on core 0)
2026-05-06 02:28:50.410 7 INFO placement.requestlog [None req-7fa3057f-e692-484e-bb27-5cc34bf16b5f 7a7db78a9a754704a5158c2ca19d024a 280265f7d22d4644bebbe5a831fc9625 - - 14297e761f5f40c8905c6b287a3f0e2b 14297e761f5f40c8905c6b287a3f0e2b] 10.0.0.101 "GET /resource_providers/0614a033-012d-4e80-94a8-1fe7084a2fe1/aggregates" status: 404 len: 235 microversion: 1.1 [pid: 7|app: 0|req: 458/912] 10.0.0.101 () {32 vars in 816 bytes} [Wed May 6 02:28:50 2026] GET /resource_providers/0614a033-012d-4e80-94a8-1fe7084a2fe1/aggregates => generated 235 bytes in 11 msecs (HTTP/1.1 404) 5 headers in 202 bytes (1 switches on core 0)
2026-05-06 02:28:50.418 8 INFO placement.requestlog [None req-ad137479-6d75-4994-ad41-0da88243f8cd 7a7db78a9a754704a5158c2ca19d024a 280265f7d22d4644bebbe5a831fc9625 - - 14297e761f5f40c8905c6b287a3f0e2b 14297e761f5f40c8905c6b287a3f0e2b] 10.0.0.101 "DELETE /resource_providers/5d6fdd59-c9c4-407d-a08a-d03d79421648" status: 404 len: 246 microversion: 1.1 [pid: 8|app: 0|req: 455/913] 10.0.0.101 () {34 vars in 816 bytes} [Wed May 6 02:28:50 2026] DELETE /resource_providers/5d6fdd59-c9c4-407d-a08a-d03d79421648 => generated 246 bytes in 14 msecs (HTTP/1.1 404) 6 headers in 231 bytes (1 switches on core 0)
2026-05-06 02:28:50.423 7 INFO placement.requestlog [None req-41bb91d0-2f15-4189-8ce4-38da358f04f2 7a7db78a9a754704a5158c2ca19d024a 280265f7d22d4644bebbe5a831fc9625 - - 14297e761f5f40c8905c6b287a3f0e2b 14297e761f5f40c8905c6b287a3f0e2b] 10.0.0.101 "DELETE /resource_providers/0614a033-012d-4e80-94a8-1fe7084a2fe1" status: 404 len: 246 microversion: 1.1 [pid: 7|app: 0|req: 459/914] 10.0.0.101 () {34 vars in 816 bytes} [Wed May 6 02:28:50 2026] DELETE /resource_providers/0614a033-012d-4e80-94a8-1fe7084a2fe1 => generated 246 bytes in 7 msecs (HTTP/1.1 404) 6 headers in 231 bytes (1 switches on core 0)
2026-05-06 02:28:50.436 7 INFO placement.requestlog [None req-36a6f3c2-9f85-4898-8edf-055b2567e449 7a7db78a9a754704a5158c2ca19d024a 280265f7d22d4644bebbe5a831fc9625 - - 14297e761f5f40c8905c6b287a3f0e2b 14297e761f5f40c8905c6b287a3f0e2b] 10.0.0.101 "GET /resource_providers/0614a033-012d-4e80-94a8-1fe7084a2fe1/aggregates" status: 404 len: 235 microversion: 1.1 [pid: 7|app: 0|req: 460/915] 10.0.0.101 () {32 vars in 816 bytes} [Wed May 6 02:28:50 2026] GET /resource_providers/0614a033-012d-4e80-94a8-1fe7084a2fe1/aggregates => generated 235 bytes in 6 msecs (HTTP/1.1 404) 5 headers in 202 bytes (1 switches on core 0)
2026-05-06 02:28:50.442 8 INFO placement.requestlog [None req-4765c98e-f857-41f6-9624-b6ec4e87bd81 7a7db78a9a754704a5158c2ca19d024a 280265f7d22d4644bebbe5a831fc9625 - - 14297e761f5f40c8905c6b287a3f0e2b 14297e761f5f40c8905c6b287a3f0e2b] 10.0.0.101 "GET /resource_providers/933ab60a-4791-44d8-b8eb-15ba938c5d00/aggregates" status: 404 len: 235 microversion: 1.1 [pid: 8|app: 0|req: 456/916] 10.0.0.101 () {32 vars in 816 bytes} [Wed May 6 02:28:50 2026] GET /resource_providers/933ab60a-4791-44d8-b8eb-15ba938c5d00/aggregates => generated 235 bytes in 12 msecs (HTTP/1.1 404) 5 headers in 202 bytes (1 switches on core 0)
2026-05-06 02:28:50.453 7 INFO placement.requestlog [None req-4c0f1216-ff7f-40d7-94ce-6bb09291589d 7a7db78a9a754704a5158c2ca19d024a 280265f7d22d4644bebbe5a831fc9625 - - 14297e761f5f40c8905c6b287a3f0e2b 14297e761f5f40c8905c6b287a3f0e2b] 10.0.0.101 "DELETE /resource_providers/0614a033-012d-4e80-94a8-1fe7084a2fe1" status: 404 len: 246 microversion: 1.1 [pid: 7|app: 0|req: 461/917] 10.0.0.101 () {34 vars in 816 bytes} [Wed May 6 02:28:50 2026] DELETE /resource_providers/0614a033-012d-4e80-94a8-1fe7084a2fe1 => generated 246 bytes in 10 msecs (HTTP/1.1 404) 6 headers in 231 bytes (1 switches on core 0)
2026-05-06 02:28:50.466 7 INFO placement.requestlog [None req-4eea67b0-3b8d-4a34-a997-9ffc7d8ca315 7a7db78a9a754704a5158c2ca19d024a 280265f7d22d4644bebbe5a831fc9625 - - 14297e761f5f40c8905c6b287a3f0e2b 14297e761f5f40c8905c6b287a3f0e2b] 10.0.0.101 "GET /resource_providers/933ab60a-4791-44d8-b8eb-15ba938c5d00/aggregates" status: 404 len: 235 microversion: 1.1 [pid: 7|app: 0|req: 462/918] 10.0.0.101 () {32 vars in 816 bytes} [Wed May 6 02:28:50 2026] GET /resource_providers/933ab60a-4791-44d8-b8eb-15ba938c5d00/aggregates => generated 235 bytes in 7 msecs (HTTP/1.1 404) 5 headers in 202 bytes (1 switches on core 0)
2026-05-06 02:28:50.472 8 INFO placement.requestlog [None req-c7f8938c-1f86-4ab6-83ed-ba9bcba4a807 7a7db78a9a754704a5158c2ca19d024a 280265f7d22d4644bebbe5a831fc9625 - - 14297e761f5f40c8905c6b287a3f0e2b 14297e761f5f40c8905c6b287a3f0e2b] 10.0.0.101 "DELETE /resource_providers/933ab60a-4791-44d8-b8eb-15ba938c5d00" status: 404 len: 246 microversion: 1.1 [pid: 8|app: 0|req: 457/919] 10.0.0.101 () {34 vars in 816 bytes} [Wed May 6 02:28:50 2026] DELETE /resource_providers/933ab60a-4791-44d8-b8eb-15ba938c5d00 => generated 246 bytes in 14 msecs (HTTP/1.1 404) 6 headers in 231 bytes (1 switches on core 0)
2026-05-06 02:28:50.484 7 INFO placement.requestlog [None req-9e9dca35-9cc1-42be-87c6-42e025b16b25 7a7db78a9a754704a5158c2ca19d024a 280265f7d22d4644bebbe5a831fc9625 - - 14297e761f5f40c8905c6b287a3f0e2b 14297e761f5f40c8905c6b287a3f0e2b] 10.0.0.101 "DELETE /resource_providers/933ab60a-4791-44d8-b8eb-15ba938c5d00" status: 404 len: 246 microversion: 1.1 [pid: 7|app: 0|req: 463/920] 10.0.0.101 () {34 vars in 816 bytes} [Wed May 6 02:28:50 2026] DELETE /resource_providers/933ab60a-4791-44d8-b8eb-15ba938c5d00 => generated 246 bytes in 7 msecs (HTTP/1.1 404) 6 headers in 231 bytes (1 switches on core 0)
2026-05-06 02:28:50.493 8 INFO placement.requestlog [None req-56cdfb1c-bbf0-4109-a9ad-b72003d0d318 7a7db78a9a754704a5158c2ca19d024a 280265f7d22d4644bebbe5a831fc9625 - - 14297e761f5f40c8905c6b287a3f0e2b 14297e761f5f40c8905c6b287a3f0e2b] 10.0.0.101 "GET /resource_providers/4aff775c-67e2-4497-9ac7-125acfb390e0/aggregates" status: 404 len: 235 microversion: 1.1 [pid: 8|app: 0|req: 458/921] 10.0.0.101 () {32 vars in 816 bytes} [Wed May 6 02:28:50 2026] GET /resource_providers/4aff775c-67e2-4497-9ac7-125acfb390e0/aggregates => generated 235 bytes in 11 msecs (HTTP/1.1 404) 5 headers in 202 bytes (1 switches on core 0)
2026-05-06 02:28:50.511 7 INFO placement.requestlog [None req-0773b02d-b8b8-4f6a-8990-7c161a1f041a 7a7db78a9a754704a5158c2ca19d024a 280265f7d22d4644bebbe5a831fc9625 - - 14297e761f5f40c8905c6b287a3f0e2b 14297e761f5f40c8905c6b287a3f0e2b] 10.0.0.101 "GET /resource_providers/4aff775c-67e2-4497-9ac7-125acfb390e0/aggregates" status: 404 len: 235 microversion: 1.1 [pid: 7|app: 0|req: 464/922] 10.0.0.101 () {32 vars in 816 bytes} [Wed May 6 02:28:50 2026] GET /resource_providers/4aff775c-67e2-4497-9ac7-125acfb390e0/aggregates => generated 235 bytes in 14 msecs (HTTP/1.1 404) 5 headers in 202 bytes (1 switches on core 0)
2026-05-06 02:28:50.512 8 INFO placement.requestlog [None req-ed83a0d9-c571-4768-a886-9612ccc50d2a 7a7db78a9a754704a5158c2ca19d024a 280265f7d22d4644bebbe5a831fc9625 - - 14297e761f5f40c8905c6b287a3f0e2b 14297e761f5f40c8905c6b287a3f0e2b] 10.0.0.101 "DELETE /resource_providers/4aff775c-67e2-4497-9ac7-125acfb390e0" status: 404 len: 246 microversion: 1.1 [pid: 8|app: 0|req: 459/923] 10.0.0.101 () {34 vars in 816 bytes} [Wed May 6 02:28:50 2026] DELETE /resource_providers/4aff775c-67e2-4497-9ac7-125acfb390e0 => generated 246 bytes in 12 msecs (HTTP/1.1 404) 6 headers in 231 bytes (1 switches on core 0)
2026-05-06 02:28:50.544 7 INFO placement.requestlog [None req-2ec13d94-6022-435c-9ce6-185a67a0ca7a 7a7db78a9a754704a5158c2ca19d024a 280265f7d22d4644bebbe5a831fc9625 - - 14297e761f5f40c8905c6b287a3f0e2b 14297e761f5f40c8905c6b287a3f0e2b] 10.0.0.101 "DELETE /resource_providers/4aff775c-67e2-4497-9ac7-125acfb390e0" status: 404 len: 246 microversion: 1.1 [pid: 7|app: 0|req: 465/924] 10.0.0.101 () {34 vars in 816 bytes} [Wed May 6 02:28:50 2026] DELETE /resource_providers/4aff775c-67e2-4497-9ac7-125acfb390e0 => generated 246 bytes in 10 msecs (HTTP/1.1 404) 6 headers in 231 bytes (1 switches on core 0)
2026-05-06 02:28:50.980 8 INFO placement.requestlog [None req-dde0edd9-34dd-44a4-8feb-765a4e59cb5e - - - - - -] 10.0.0.99 "GET /" status: 200 len: 136 microversion: 1.0
2026-05-06 02:28:50.981 7 INFO placement.requestlog [None req-241a2bfb-b8fb-465d-9d4c-c56f28bf3db6 - - - - - -] 10.0.0.99 "GET /" status: 200 len: 136 microversion: 1.0
2026-05-06 02:28:51.036 7 INFO placement.requestlog [None req-698a73d8-39c0-42d3-8380-60c88b174f6e 7a7db78a9a754704a5158c2ca19d024a 280265f7d22d4644bebbe5a831fc9625 - - 14297e761f5f40c8905c6b287a3f0e2b 14297e761f5f40c8905c6b287a3f0e2b] 10.0.0.101 "GET /resource_providers/b84c5885-49f4-477f-8373-10ccce27b554/aggregates" status: 404 len: 235 microversion: 1.1
2026-05-06 02:28:51.036 8 INFO placement.requestlog [None req-02f19482-afe9-4f04-b76e-d776428c79f0 7a7db78a9a754704a5158c2ca19d024a 280265f7d22d4644bebbe5a831fc9625 - - 14297e761f5f40c8905c6b287a3f0e2b 14297e761f5f40c8905c6b287a3f0e2b] 10.0.0.101 "GET /resource_providers/b84c5885-49f4-477f-8373-10ccce27b554/aggregates" status: 404 len: 235 microversion: 1.1 [pid: 7|app: 0|req: 467/927] 10.0.0.101 () {32 vars in 816 bytes} [Wed May 6 02:28:51 2026] GET /resource_providers/b84c5885-49f4-477f-8373-10ccce27b554/aggregates => generated 235 bytes in 11 msecs (HTTP/1.1 404) 5 headers in 202 bytes (1 switches on core 0) [pid: 8|app: 0|req: 461/928] 10.0.0.101 () {32 vars in 816 bytes} [Wed May 6 02:28:51 2026] GET /resource_providers/b84c5885-49f4-477f-8373-10ccce27b554/aggregates => generated 235 bytes in 11 msecs (HTTP/1.1 404) 5 headers in 202 bytes (1 switches on core 0)
2026-05-06 02:28:51.057 7 INFO placement.requestlog [None req-aa528cd7-4e09-4326-9c65-8c6f64c7feb6 7a7db78a9a754704a5158c2ca19d024a 280265f7d22d4644bebbe5a831fc9625 - - 14297e761f5f40c8905c6b287a3f0e2b 14297e761f5f40c8905c6b287a3f0e2b] 10.0.0.101 "DELETE /resource_providers/b84c5885-49f4-477f-8373-10ccce27b554" status: 404 len: 246 microversion: 1.1 [pid: 7|app: 0|req: 468/929] 10.0.0.101 () {34 vars in 816 bytes} [Wed May 6 02:28:51 2026] DELETE /resource_providers/b84c5885-49f4-477f-8373-10ccce27b554 => generated 246 bytes in 10 msecs (HTTP/1.1 404) 6 headers in 231 bytes (1 switches on core 0)
2026-05-06 02:28:51.061 8 INFO placement.requestlog [None req-6d2f3156-da86-40de-af93-f30c44d0b462 7a7db78a9a754704a5158c2ca19d024a 280265f7d22d4644bebbe5a831fc9625 - - 14297e761f5f40c8905c6b287a3f0e2b 14297e761f5f40c8905c6b287a3f0e2b] 10.0.0.101 "DELETE /resource_providers/b84c5885-49f4-477f-8373-10ccce27b554" status: 404 len: 246 microversion: 1.1 [pid: 8|app: 0|req: 462/930] 10.0.0.101 () {34 vars in 816 bytes} [Wed May 6 02:28:51 2026] DELETE /resource_providers/b84c5885-49f4-477f-8373-10ccce27b554 => generated 246 bytes in 12 msecs (HTTP/1.1 404) 6 headers in 231 bytes (1 switches on core 0)
2026-05-06 02:29:00.980 7 INFO placement.requestlog [None req-306527a1-0508-419d-a0a0-eed041a4fb98 - - - - - -] 10.0.0.99 "GET /" status: 200 len: 136 microversion: 1.0
2026-05-06 02:29:00.980 8 INFO placement.requestlog [None req-9d6ab6f2-6068-4230-98a2-ba62cdc45561 - - - - - -] 10.0.0.99 "GET /" status: 200 len: 136 microversion: 1.0
2026-05-06 02:29:04.863 7 INFO placement.requestlog [req-92bfe34e-549e-4d4f-aa5e-250141942c68 req-21c4f4d5-a9bf-458f-aa3f-b266895f768d 7044d2de20364e4cb1dd1c4170c3a5fa 280265f7d22d4644bebbe5a831fc9625 - - 14297e761f5f40c8905c6b287a3f0e2b 14297e761f5f40c8905c6b287a3f0e2b] 199.204.45.115 "GET /resource_providers/4c3dd7fe-23ed-4c0c-ace7-12b268d1673a/allocations" status: 200 len: 353 microversion: 1.0 [pid: 7|app: 0|req: 470/933] 199.204.45.115 () {32 vars in 857 bytes} [Wed May 6 02:29:04 2026] GET /resource_providers/4c3dd7fe-23ed-4c0c-ace7-12b268d1673a/allocations => generated 353 bytes in 22 msecs (HTTP/1.1 200) 6 headers in 224 bytes (1 switches on core 0)
2026-05-06 02:29:04.882 8 INFO placement.requestlog [req-92bfe34e-549e-4d4f-aa5e-250141942c68 req-4cd89073-d51b-4688-80db-649c9c3ae9e1 7044d2de20364e4cb1dd1c4170c3a5fa 280265f7d22d4644bebbe5a831fc9625 - - 14297e761f5f40c8905c6b287a3f0e2b 14297e761f5f40c8905c6b287a3f0e2b] 199.204.45.115 "GET /allocations/476e5601-30b1-4955-a275-6f746404a556" status: 200 len: 258 microversion: 1.28 [pid: 8|app: 0|req: 464/934] 199.204.45.115 () {34 vars in 863 bytes} [Wed May 6 02:29:04 2026] GET /allocations/476e5601-30b1-4955-a275-6f746404a556 => generated 258 bytes in 13 msecs (HTTP/1.1 200) 8 headers in 296 bytes (1 switches on core 0)
2026-05-06 02:29:04.907 7 INFO placement.requestlog [req-92bfe34e-549e-4d4f-aa5e-250141942c68 req-7942f9bf-d2bd-4216-8d21-46e6a1c95056 7044d2de20364e4cb1dd1c4170c3a5fa 280265f7d22d4644bebbe5a831fc9625 - - 14297e761f5f40c8905c6b287a3f0e2b 14297e761f5f40c8905c6b287a3f0e2b] 199.204.45.115 "GET /allocations/48800bab-2d5d-41c0-b06e-952e6bad4e60" status: 200 len: 258 microversion: 1.28 [pid: 7|app: 0|req: 471/935] 199.204.45.115 () {34 vars in 863 bytes} [Wed May 6 02:29:04 2026] GET /allocations/48800bab-2d5d-41c0-b06e-952e6bad4e60 => generated 258 bytes in 19 msecs (HTTP/1.1 200) 8 headers in 296 bytes (1 switches on core 0)
2026-05-06 02:29:04.928 8 INFO placement.requestlog [req-92bfe34e-549e-4d4f-aa5e-250141942c68 req-2e700f49-ba4f-41b8-9782-34bc85854b4d 7044d2de20364e4cb1dd1c4170c3a5fa 280265f7d22d4644bebbe5a831fc9625 - - 14297e761f5f40c8905c6b287a3f0e2b 14297e761f5f40c8905c6b287a3f0e2b] 199.204.45.115 "GET /allocations/c8800028-e025-446a-8997-e0835c0b1831" status: 200 len: 258 microversion: 1.28 [pid: 8|app: 0|req: 465/936] 199.204.45.115 () {34 vars in 863 bytes} [Wed May 6 02:29:04 2026] GET /allocations/c8800028-e025-446a-8997-e0835c0b1831 => generated 258 bytes in 11 msecs (HTTP/1.1 200) 8 headers in 296 bytes (1 switches on core 0)
2026-05-06 02:29:05.972 7 INFO placement.requestlog [req-92bfe34e-549e-4d4f-aa5e-250141942c68 req-ea4e2773-4ee6-4774-a2c2-f8d669ef0ad0 7044d2de20364e4cb1dd1c4170c3a5fa 280265f7d22d4644bebbe5a831fc9625 - - 14297e761f5f40c8905c6b287a3f0e2b 14297e761f5f40c8905c6b287a3f0e2b] 199.204.45.115 "DELETE /allocations/48800bab-2d5d-41c0-b06e-952e6bad4e60" status: 204 len: 0 microversion: 1.0 [pid: 7|app: 0|req: 472/937] 199.204.45.115 () {34 vars in 841 bytes} [Wed May 6 02:29:05 2026] DELETE /allocations/48800bab-2d5d-41c0-b06e-952e6bad4e60 => generated 0 bytes in 20 msecs (HTTP/1.1 204) 5 headers in 198 bytes (1 switches on core 0)
2026-05-06 02:29:10.121 8 INFO placement.requestlog [None req-20e5d0f2-7ab2-480b-baaa-9b7228866bbb 7a7db78a9a754704a5158c2ca19d024a 280265f7d22d4644bebbe5a831fc9625 - - 14297e761f5f40c8905c6b287a3f0e2b 14297e761f5f40c8905c6b287a3f0e2b] 10.0.0.101 "GET /resource_providers/1d915660-a95d-4b2e-838a-361b20dfeb60/aggregates" status: 404 len: 235 microversion: 1.1 [pid: 8|app: 0|req: 466/938] 10.0.0.101 () {32 vars in 816 bytes} [Wed May 6 02:29:10 2026] GET /resource_providers/1d915660-a95d-4b2e-838a-361b20dfeb60/aggregates => generated 235 bytes in 17 msecs (HTTP/1.1 404) 5 headers in 202 bytes (1 switches on core 0)
2026-05-06 02:29:10.122 7 INFO placement.requestlog [None req-d9d0cbba-3884-4d8c-afec-32d881630138 7a7db78a9a754704a5158c2ca19d024a 280265f7d22d4644bebbe5a831fc9625 - - 14297e761f5f40c8905c6b287a3f0e2b 14297e761f5f40c8905c6b287a3f0e2b] 10.0.0.101 "GET /resource_providers/1d915660-a95d-4b2e-838a-361b20dfeb60/aggregates" status: 404 len: 235 microversion: 1.1 [pid: 7|app: 0|req: 473/939] 10.0.0.101 () {32 vars in 816 bytes} [Wed May 6 02:29:10 2026] GET /resource_providers/1d915660-a95d-4b2e-838a-361b20dfeb60/aggregates => generated 235 bytes in 17 msecs (HTTP/1.1 404) 5 headers in 202 bytes (1 switches on core 0)
2026-05-06 02:29:10.154 8 INFO placement.requestlog [None req-6de3c972-44a7-4b72-8d4d-178d50aa9eb5 7a7db78a9a754704a5158c2ca19d024a 280265f7d22d4644bebbe5a831fc9625 - - 14297e761f5f40c8905c6b287a3f0e2b 14297e761f5f40c8905c6b287a3f0e2b] 10.0.0.101 "DELETE /resource_providers/1d915660-a95d-4b2e-838a-361b20dfeb60" status: 404 len: 246 microversion: 1.1 [pid: 8|app: 0|req: 467/940] 10.0.0.101 () {34 vars in 816 bytes} [Wed May 6 02:29:10 2026] DELETE /resource_providers/1d915660-a95d-4b2e-838a-361b20dfeb60 => generated 246 bytes in 14 msecs (HTTP/1.1 404) 6 headers in 231 bytes (1 switches on core 0)
