May 16 14:29:43.943716 np0000174401 devstack@neutron-api.service[102839]: DEBUG neutron_lib.callbacks.manager [None req-9f53cade-e27e-4a95-a73e-3a9837351643 None None] Subscribe: subnet after_update 55550000, False {{(pid=102839) subscribe /opt/stack/data/venv/lib/python3.12/site-packages/neutron_lib/callbacks/manager.py:52}}
May 16 14:29:43.943809 np0000174401 devstack@neutron-api.service[102839]: DEBUG neutron.quota.resource_registry [None req-9f53cade-e27e-4a95-a73e-3a9837351643 None None] Tracking information for resource: router configured {{(pid=102839) set_tracked_resource /opt/stack/neutron/neutron/quota/resource_registry.py:203}}
May 16 14:29:43.943936 np0000174401 devstack@neutron-api.service[102839]: DEBUG neutron.quota.resource_registry [None req-9f53cade-e27e-4a95-a73e-3a9837351643 None None] Tracking information for resource: floatingip configured {{(pid=102839) set_tracked_resource /opt/stack/neutron/neutron/quota/resource_registry.py:203}}
May 16 14:29:43.944002 np0000174401 devstack@neutron-api.service[102839]: INFO neutron.services.ovn_l3.plugin [None req-9f53cade-e27e-4a95-a73e-3a9837351643 None None] Starting OVNL3RouterPlugin
May 16 14:29:43.945172 np0000174401 devstack@neutron-api.service[102841]: INFO neutron.quota [None req-4077a405-c587-4779-9a5b-61fcf15155d6 None None] Loaded quota_driver: .
May 16 14:29:43.945445 np0000174401 devstack@neutron-api.service[102839]: DEBUG neutron_lib.callbacks.manager [None req-9f53cade-e27e-4a95-a73e-3a9837351643 None None] Subscribe: > port_forwarding_plugin after_init 55550000, False {{(pid=102839) subscribe /opt/stack/data/venv/lib/python3.12/site-packages/neutron_lib/callbacks/manager.py:52}}
May 16 14:29:43.946495 np0000174401 devstack@neutron-api.service[102841]: INFO neutron.plugins.ml2.plugin [None req-4077a405-c587-4779-9a5b-61fcf15155d6 None None] Modular L2 Plugin initialization complete
May 16 14:29:43.946495 np0000174401 devstack@neutron-api.service[102841]: DEBUG neutron.manager [None req-4077a405-c587-4779-9a5b-61fcf15155d6 None None] Loading services supported by the core plugin {{(pid=102841) _load_services_from_core_plugin /opt/stack/neutron/neutron/manager.py:170}}
May 16 14:29:43.946927 np0000174401 devstack@neutron-api.service[102839]: DEBUG neutron_lib.callbacks.manager [None req-9f53cade-e27e-4a95-a73e-3a9837351643 None None] Subscribe: > router before_create 55550100, False {{(pid=102839) subscribe /opt/stack/data/venv/lib/python3.12/site-packages/neutron_lib/callbacks/manager.py:52}}
May 16 14:29:43.947269 np0000174401 devstack@neutron-api.service[102841]: INFO neutron.plugins.ml2.managers [None req-4077a405-c587-4779-9a5b-61fcf15155d6 None None] Got port-security extension from driver 'port_security'
May 16 14:29:43.947350 np0000174401 devstack@neutron-api.service[102839]: DEBUG neutron_lib.callbacks.manager [None req-9f53cade-e27e-4a95-a73e-3a9837351643 None None] Subscribe: > router precommit_delete 55550100, False {{(pid=102839) subscribe /opt/stack/data/venv/lib/python3.12/site-packages/neutron_lib/callbacks/manager.py:52}}
May 16 14:29:43.947350 np0000174401 devstack@neutron-api.service[102839]: DEBUG neutron_lib.callbacks.manager [None req-9f53cade-e27e-4a95-a73e-3a9837351643 None None] Subscribe: > router precommit_create 55550100, False {{(pid=102839) subscribe /opt/stack/data/venv/lib/python3.12/site-packages/neutron_lib/callbacks/manager.py:52}}
May 16 14:29:43.947350 np0000174401 devstack@neutron-api.service[102839]: DEBUG neutron_lib.callbacks.manager [None req-9f53cade-e27e-4a95-a73e-3a9837351643 None None] Subscribe: > router precommit_update 55550100, False {{(pid=102839) subscribe /opt/stack/data/venv/lib/python3.12/site-packages/neutron_lib/callbacks/manager.py:52}}
May 16 14:29:43.947431 np0000174401 devstack@neutron-api.service[102841]: DEBUG neutron.manager [None req-4077a405-c587-4779-9a5b-61fcf15155d6 None None] Loading service plugins: ['ovn-router', 'auto_allocate', 'tag', 'timestamp', 'network_ip_availability', 'flavors', 'revisions'] {{(pid=102841) _load_service_plugins /opt/stack/neutron/neutron/manager.py:195}}
May 16 14:29:43.947431 np0000174401 devstack@neutron-api.service[102841]: INFO neutron.manager [None req-4077a405-c587-4779-9a5b-61fcf15155d6 None None] Loading Plugin: ovn-router
May 16 14:29:43.948286 np0000174401 devstack@neutron-api.service[102839]: DEBUG neutron.services.provider_configuration [None req-9f53cade-e27e-4a95-a73e-3a9837351643 None None] Service providers = [] {{(pid=102839) parse_service_provider_opt /opt/stack/neutron/neutron/services/provider_configuration.py:170}}
May 16 14:29:43.948369 np0000174401 devstack@neutron-api.service[102839]: DEBUG neutron.db.servicetype_db [None req-9f53cade-e27e-4a95-a73e-3a9837351643 None None] Adding provider configuration for service L3_ROUTER_NAT {{(pid=102839) add_provider_configuration /opt/stack/neutron/neutron/db/servicetype_db.py:45}}
May 16 14:29:43.949688 np0000174401 devstack@neutron-api.service[102839]: DEBUG neutron_lib.callbacks.manager [None req-9f53cade-e27e-4a95-a73e-3a9837351643 None None] Subscribe: > router precommit_create 55549900, False {{(pid=102839) subscribe /opt/stack/data/venv/lib/python3.12/site-packages/neutron_lib/callbacks/manager.py:52}}
May 16 14:29:43.949808 np0000174401 devstack@neutron-api.service[102839]: DEBUG neutron_lib.callbacks.manager [None req-9f53cade-e27e-4a95-a73e-3a9837351643 None None] Subscribe: > router_interface after_create 55550000, False {{(pid=102839) subscribe /opt/stack/data/venv/lib/python3.12/site-packages/neutron_lib/callbacks/manager.py:52}}
May 16 14:29:43.949942 np0000174401 devstack@neutron-api.service[102839]: DEBUG neutron_lib.callbacks.manager [None req-9f53cade-e27e-4a95-a73e-3a9837351643 None None] Subscribe: > floatingip after_create 55550000, False {{(pid=102839) subscribe /opt/stack/data/venv/lib/python3.12/site-packages/neutron_lib/callbacks/manager.py:52}}
May 16 14:29:43.950067 np0000174401 devstack@neutron-api.service[102839]: DEBUG neutron_lib.callbacks.manager [None req-9f53cade-e27e-4a95-a73e-3a9837351643 None None] Subscribe: > floatingip precommit_create 55550000, False {{(pid=102839) subscribe /opt/stack/data/venv/lib/python3.12/site-packages/neutron_lib/callbacks/manager.py:52}}
May 16 14:29:43.950154 np0000174401 devstack@neutron-api.service[102839]: DEBUG neutron_lib.callbacks.manager [None req-9f53cade-e27e-4a95-a73e-3a9837351643 None None] Subscribe: > floatingip precommit_update 55550000, False {{(pid=102839) subscribe /opt/stack/data/venv/lib/python3.12/site-packages/neutron_lib/callbacks/manager.py:52}}
May 16 14:29:43.950273 np0000174401 devstack@neutron-api.service[102839]: DEBUG neutron_lib.callbacks.manager [None req-9f53cade-e27e-4a95-a73e-3a9837351643 None None] Subscribe: > floatingip after_delete 55550000, False {{(pid=102839) subscribe /opt/stack/data/venv/lib/python3.12/site-packages/neutron_lib/callbacks/manager.py:52}}
May 16 14:29:43.950363 np0000174401 devstack@neutron-api.service[102839]: DEBUG neutron_lib.callbacks.manager [None req-9f53cade-e27e-4a95-a73e-3a9837351643 None None] Subscribe: > floatingip after_status_update 55550000, False {{(pid=102839) subscribe /opt/stack/data/venv/lib/python3.12/site-packages/neutron_lib/callbacks/manager.py:52}}
May 16 14:29:43.950445 np0000174401 devstack@neutron-api.service[102839]: DEBUG neutron_lib.callbacks.manager [None req-9f53cade-e27e-4a95-a73e-3a9837351643 None None] Subscribe: > floatingip after_update 55550000, False {{(pid=102839) subscribe /opt/stack/data/venv/lib/python3.12/site-packages/neutron_lib/callbacks/manager.py:52}}
May 16 14:29:43.950524 np0000174401 devstack@neutron-api.service[102839]: DEBUG neutron_lib.callbacks.manager [None req-9f53cade-e27e-4a95-a73e-3a9837351643 None None] Subscribe: > port_forwarding after_create 55550000, False {{(pid=102839) subscribe /opt/stack/data/venv/lib/python3.12/site-packages/neutron_lib/callbacks/manager.py:52}}
May 16 14:29:43.950635 np0000174401 devstack@neutron-api.service[102839]: DEBUG neutron_lib.callbacks.manager [None req-9f53cade-e27e-4a95-a73e-3a9837351643 None None] Subscribe: > router_interface after_delete 55550000, False {{(pid=102839) subscribe /opt/stack/data/venv/lib/python3.12/site-packages/neutron_lib/callbacks/manager.py:52}}
May 16 14:29:43.950768 np0000174401 devstack@neutron-api.service[102839]: DEBUG neutron_lib.callbacks.manager [None req-9f53cade-e27e-4a95-a73e-3a9837351643 None None] Subscribe: > router after_create 55550000, False {{(pid=102839) subscribe /opt/stack/data/venv/lib/python3.12/site-packages/neutron_lib/callbacks/manager.py:52}}
May 16 14:29:43.950846 np0000174401 devstack@neutron-api.service[102839]: DEBUG neutron_lib.callbacks.manager [None req-9f53cade-e27e-4a95-a73e-3a9837351643 None None] Subscribe: > router precommit_create 55550000, False {{(pid=102839) subscribe /opt/stack/data/venv/lib/python3.12/site-packages/neutron_lib/callbacks/manager.py:52}}
May 16 14:29:43.950961 np0000174401 devstack@neutron-api.service[102839]: DEBUG neutron_lib.callbacks.manager [None req-9f53cade-e27e-4a95-a73e-3a9837351643 None None] Subscribe: > router after_delete 55550000, False {{(pid=102839) subscribe /opt/stack/data/venv/lib/python3.12/site-packages/neutron_lib/callbacks/manager.py:52}}
May 16 14:29:43.951048 np0000174401 devstack@neutron-api.service[102839]: DEBUG neutron_lib.callbacks.manager [None req-9f53cade-e27e-4a95-a73e-3a9837351643 None None] Subscribe: > router after_update 55550000, False {{(pid=102839) subscribe /opt/stack/data/venv/lib/python3.12/site-packages/neutron_lib/callbacks/manager.py:52}}
May 16 14:29:43.951339 np0000174401 devstack@neutron-api.service[102839]: DEBUG neutron.services.service_base [None req-9f53cade-e27e-4a95-a73e-3a9837351643 None None] Loaded 'neutron.services.ovn_l3.service_providers.ovn.OvnDriver' provider for service L3_ROUTER_NAT {{(pid=102839) load_drivers /opt/stack/neutron/neutron/services/service_base.py:49}}
May 16 14:29:43.951339 np0000174401 devstack@neutron-api.service[102839]: DEBUG neutron_lib.callbacks.manager [None req-9f53cade-e27e-4a95-a73e-3a9837351643 None None] Subscribe: > process after_init 55550001, True {{(pid=102839) subscribe /opt/stack/data/venv/lib/python3.12/site-packages/neutron_lib/callbacks/manager.py:52}}
May 16 14:29:43.951499 np0000174401 devstack@neutron-api.service[102839]: DEBUG neutron.manager [None req-9f53cade-e27e-4a95-a73e-3a9837351643 None None] Successfully loaded L3_ROUTER_NAT plugin. Description: L3 Router Service Plugin for basic L3 forwarding using OVN {{(pid=102839) _create_and_add_service_plugin /opt/stack/neutron/neutron/manager.py:239}}
May 16 14:29:43.951499 np0000174401 devstack@neutron-api.service[102839]: INFO neutron.manager [None req-9f53cade-e27e-4a95-a73e-3a9837351643 None None] Loading Plugin: auto_allocate
May 16 14:29:43.952666 np0000174401 devstack@neutron-api.service[102839]: DEBUG neutron_lib.callbacks.manager [None req-9f53cade-e27e-4a95-a73e-3a9837351643 None None] Subscribe: network precommit_update 55550000, False {{(pid=102839) subscribe /opt/stack/data/venv/lib/python3.12/site-packages/neutron_lib/callbacks/manager.py:52}}
May 16 14:29:43.952666 np0000174401 devstack@neutron-api.service[102839]: DEBUG neutron_lib.callbacks.manager [None req-9f53cade-e27e-4a95-a73e-3a9837351643 None None] Subscribe: network precommit_create 55550000, False {{(pid=102839) subscribe /opt/stack/data/venv/lib/python3.12/site-packages/neutron_lib/callbacks/manager.py:52}}
May 16 14:29:43.952782 np0000174401 devstack@neutron-api.service[102839]: DEBUG neutron.manager [None req-9f53cade-e27e-4a95-a73e-3a9837351643 None None] Successfully loaded auto-allocated-topology plugin. Description: Auto Allocated Topology - aka get me a network. {{(pid=102839) _create_and_add_service_plugin /opt/stack/neutron/neutron/manager.py:239}}
May 16 14:29:43.952817 np0000174401 devstack@neutron-api.service[102839]: INFO neutron.manager [None req-9f53cade-e27e-4a95-a73e-3a9837351643 None None] Loading Plugin: tag
May 16 14:29:43.954487 np0000174401 devstack@neutron-api.service[102841]: DEBUG neutron_lib.callbacks.manager [None req-4077a405-c587-4779-9a5b-61fcf15155d6 None None] Subscribe: > router before_delete 55550000, False {{(pid=102841) subscribe /opt/stack/data/venv/lib/python3.12/site-packages/neutron_lib/callbacks/manager.py:52}}
May 16 14:29:43.954487 np0000174401 devstack@neutron-api.service[102841]: DEBUG neutron_lib.callbacks.manager [None req-4077a405-c587-4779-9a5b-61fcf15155d6 None None] Subscribe: port before_update 55550000, False {{(pid=102841) subscribe /opt/stack/data/venv/lib/python3.12/site-packages/neutron_lib/callbacks/manager.py:52}}
May 16 14:29:43.954632 np0000174401 devstack@neutron-api.service[102841]: DEBUG neutron_lib.callbacks.manager [None req-4077a405-c587-4779-9a5b-61fcf15155d6 None None] Subscribe: port after_update 55550000, False {{(pid=102841) subscribe /opt/stack/data/venv/lib/python3.12/site-packages/neutron_lib/callbacks/manager.py:52}}
May 16 14:29:43.954665 np0000174401 devstack@neutron-api.service[102841]: DEBUG neutron_lib.callbacks.manager [None req-4077a405-c587-4779-9a5b-61fcf15155d6 None None] Subscribe: > port precommit_delete 55550000, False {{(pid=102841) subscribe /opt/stack/data/venv/lib/python3.12/site-packages/neutron_lib/callbacks/manager.py:52}}
May 16 14:29:43.954915 np0000174401 devstack@neutron-api.service[102841]: DEBUG neutron_lib.callbacks.manager [None req-4077a405-c587-4779-9a5b-61fcf15155d6 None None] Subscribe: port before_update 55550000, False {{(pid=102841) subscribe /opt/stack/data/venv/lib/python3.12/site-packages/neutron_lib/callbacks/manager.py:52}}
May 16 14:29:43.954915 np0000174401 devstack@neutron-api.service[102841]: DEBUG neutron_lib.callbacks.manager [None req-4077a405-c587-4779-9a5b-61fcf15155d6 None None] Subscribe: port before_delete 55550000, False {{(pid=102841) subscribe /opt/stack/data/venv/lib/python3.12/site-packages/neutron_lib/callbacks/manager.py:52}}
May 16 14:29:43.955744 np0000174401 devstack@neutron-api.service[102841]: DEBUG neutron_lib.callbacks.manager [None req-4077a405-c587-4779-9a5b-61fcf15155d6 None None] Subscribe: > router precommit_create 55550000, False {{(pid=102841) subscribe /opt/stack/data/venv/lib/python3.12/site-packages/neutron_lib/callbacks/manager.py:52}}
May 16 14:29:43.955744 np0000174401 devstack@neutron-api.service[102841]: DEBUG neutron_lib.callbacks.manager [None req-4077a405-c587-4779-9a5b-61fcf15155d6 None None] Subscribe: > router precommit_create 55550000, False {{(pid=102841) subscribe /opt/stack/data/venv/lib/python3.12/site-packages/neutron_lib/callbacks/manager.py:52}}
May 16 14:29:43.955744 np0000174401 devstack@neutron-api.service[102841]: DEBUG neutron_lib.callbacks.manager [None req-4077a405-c587-4779-9a5b-61fcf15155d6 None None] Subscribe: > router precommit_update 55550000, False {{(pid=102841) subscribe /opt/stack/data/venv/lib/python3.12/site-packages/neutron_lib/callbacks/manager.py:52}}
May 16 14:29:43.955744 np0000174401 devstack@neutron-api.service[102841]: DEBUG neutron_lib.callbacks.manager [None req-4077a405-c587-4779-9a5b-61fcf15155d6 None None] Subscribe: subnet after_update 55550000, False {{(pid=102841) subscribe /opt/stack/data/venv/lib/python3.12/site-packages/neutron_lib/callbacks/manager.py:52}}
May 16 14:29:43.955744 np0000174401 devstack@neutron-api.service[102841]: DEBUG neutron.quota.resource_registry [None req-4077a405-c587-4779-9a5b-61fcf15155d6 None None] Tracking information for resource: router configured {{(pid=102841) set_tracked_resource /opt/stack/neutron/neutron/quota/resource_registry.py:203}}
May 16 14:29:43.956045 np0000174401 devstack@neutron-api.service[102839]: DEBUG neutron.manager [None req-9f53cade-e27e-4a95-a73e-3a9837351643 None None] Successfully loaded TAG plugin. Description: Tag support {{(pid=102839) _create_and_add_service_plugin /opt/stack/neutron/neutron/manager.py:239}}
May 16 14:29:43.956520 np0000174401 devstack@neutron-api.service[102841]: DEBUG neutron.quota.resource_registry [None req-4077a405-c587-4779-9a5b-61fcf15155d6 None None] Tracking information for resource: floatingip configured {{(pid=102841) set_tracked_resource /opt/stack/neutron/neutron/quota/resource_registry.py:203}}
May 16 14:29:43.956616 np0000174401 devstack@neutron-api.service[102839]: INFO neutron.manager [None req-9f53cade-e27e-4a95-a73e-3a9837351643 None None] Loading Plugin: timestamp
May 16 14:29:43.956676 np0000174401 devstack@neutron-api.service[102841]: INFO neutron.services.ovn_l3.plugin [None req-4077a405-c587-4779-9a5b-61fcf15155d6 None None] Starting OVNL3RouterPlugin
May 16 14:29:43.956676 np0000174401 devstack@neutron-api.service[102841]: DEBUG neutron_lib.callbacks.manager [None req-4077a405-c587-4779-9a5b-61fcf15155d6 None None] Subscribe: > port_forwarding_plugin after_init 55550000, False {{(pid=102841) subscribe /opt/stack/data/venv/lib/python3.12/site-packages/neutron_lib/callbacks/manager.py:52}}
May 16 14:29:43.956676 np0000174401 devstack@neutron-api.service[102841]: DEBUG neutron_lib.callbacks.manager [None req-4077a405-c587-4779-9a5b-61fcf15155d6 None None] Subscribe: > router before_create 55550100, False {{(pid=102841) subscribe /opt/stack/data/venv/lib/python3.12/site-packages/neutron_lib/callbacks/manager.py:52}}
May 16 14:29:43.956676 np0000174401 devstack@neutron-api.service[102841]: DEBUG neutron_lib.callbacks.manager [None req-4077a405-c587-4779-9a5b-61fcf15155d6 None None] Subscribe: > router precommit_delete 55550100, False {{(pid=102841) subscribe /opt/stack/data/venv/lib/python3.12/site-packages/neutron_lib/callbacks/manager.py:52}}
May 16 14:29:43.956676 np0000174401 devstack@neutron-api.service[102841]: DEBUG neutron_lib.callbacks.manager [None req-4077a405-c587-4779-9a5b-61fcf15155d6 None None] Subscribe: > router precommit_create 55550100, False {{(pid=102841) subscribe /opt/stack/data/venv/lib/python3.12/site-packages/neutron_lib/callbacks/manager.py:52}}
May 16 14:29:43.956859 np0000174401 devstack@neutron-api.service[102841]: DEBUG neutron_lib.callbacks.manager [None req-4077a405-c587-4779-9a5b-61fcf15155d6 None None] Subscribe: > router precommit_update 55550100, False {{(pid=102841) subscribe /opt/stack/data/venv/lib/python3.12/site-packages/neutron_lib/callbacks/manager.py:52}}
May 16 14:29:43.956936 np0000174401 devstack@neutron-api.service[102839]: DEBUG neutron.manager [None req-9f53cade-e27e-4a95-a73e-3a9837351643 None None] Successfully loaded timestamp plugin. Description: Adds timestamps to Neutron resources with standard attributes {{(pid=102839) _create_and_add_service_plugin /opt/stack/neutron/neutron/manager.py:239}}
May 16 14:29:43.957087 np0000174401 devstack@neutron-api.service[102839]: INFO neutron.manager [None req-9f53cade-e27e-4a95-a73e-3a9837351643 None None] Loading Plugin: network_ip_availability
May 16 14:29:43.958591 np0000174401 devstack@neutron-api.service[102839]: DEBUG neutron.manager [None req-9f53cade-e27e-4a95-a73e-3a9837351643 None None] Successfully loaded network-ip-availability plugin. Description: Provides IP availability data for each network and subnet. {{(pid=102839) _create_and_add_service_plugin /opt/stack/neutron/neutron/manager.py:239}}
May 16 14:29:43.958690 np0000174401 devstack@neutron-api.service[102839]: INFO neutron.manager [None req-9f53cade-e27e-4a95-a73e-3a9837351643 None None] Loading Plugin: flavors
May 16 14:29:43.959609 np0000174401 devstack@neutron-api.service[102839]: DEBUG neutron.manager [None req-9f53cade-e27e-4a95-a73e-3a9837351643 None None] Successfully loaded FLAVORS plugin. Description: Neutron Flavors and Service Profiles manager plugin {{(pid=102839) _create_and_add_service_plugin /opt/stack/neutron/neutron/manager.py:239}}
May 16 14:29:43.959719 np0000174401 devstack@neutron-api.service[102839]: INFO neutron.manager [None req-9f53cade-e27e-4a95-a73e-3a9837351643 None None] Loading Plugin: revisions
May 16 14:29:43.959811 np0000174401 devstack@neutron-api.service[102841]: DEBUG neutron.services.provider_configuration [None req-4077a405-c587-4779-9a5b-61fcf15155d6 None None] Service providers = [] {{(pid=102841) parse_service_provider_opt /opt/stack/neutron/neutron/services/provider_configuration.py:170}}
May 16 14:29:43.960007 np0000174401 devstack@neutron-api.service[102841]: DEBUG neutron.db.servicetype_db [None req-4077a405-c587-4779-9a5b-61fcf15155d6 None None] Adding provider configuration for service L3_ROUTER_NAT {{(pid=102841) add_provider_configuration /opt/stack/neutron/neutron/db/servicetype_db.py:45}}
May 16 14:29:43.961030 np0000174401 devstack@neutron-api.service[102839]: DEBUG neutron.manager [None req-9f53cade-e27e-4a95-a73e-3a9837351643 None None] Successfully loaded revision_plugin plugin. Description: Adds revision numbers to resources. {{(pid=102839) _create_and_add_service_plugin /opt/stack/neutron/neutron/manager.py:239}}
May 16 14:29:43.961141 np0000174401 devstack@neutron-api.service[102839]: DEBUG oslo_concurrency.lockutils [None req-9f53cade-e27e-4a95-a73e-3a9837351643 None None] Lock "manager" "released" by "neutron.manager.NeutronManager._create_instance" :: held 4.462s {{(pid=102839) inner /opt/stack/data/venv/lib/python3.12/site-packages/oslo_concurrency/lockutils.py:538}}
May 16 14:29:43.961379 np0000174401 devstack@neutron-api.service[102839]: DEBUG neutron.api.extensions [None req-9f53cade-e27e-4a95-a73e-3a9837351643 None None] get_extension_paths = OrderedDict({'/opt/stack/neutron/neutron/extensions': 1}) {{(pid=102839) get_extensions_path /opt/stack/neutron/neutron/api/extensions.py:640}}
May 16 14:29:43.961617 np0000174401 devstack@neutron-api.service[102839]: INFO neutron.api.extensions [None req-9f53cade-e27e-4a95-a73e-3a9837351643 None None] Initializing extension manager.
May 16 14:29:43.961825 np0000174401 devstack@neutron-api.service[102841]: DEBUG neutron_lib.callbacks.manager [None req-4077a405-c587-4779-9a5b-61fcf15155d6 None None] Subscribe: > router precommit_create 55549900, False {{(pid=102841) subscribe /opt/stack/data/venv/lib/python3.12/site-packages/neutron_lib/callbacks/manager.py:52}}
May 16 14:29:43.961936 np0000174401 devstack@neutron-api.service[102839]: DEBUG neutron.api.extensions [None req-9f53cade-e27e-4a95-a73e-3a9837351643 None None] Loading extension file: __init__.py {{(pid=102839) _load_all_extensions_from_path /opt/stack/neutron/neutron/api/extensions.py:449}}
May 16 14:29:43.962076 np0000174401 devstack@neutron-api.service[102841]: DEBUG neutron_lib.callbacks.manager [None req-4077a405-c587-4779-9a5b-61fcf15155d6 None None] Subscribe: > router_interface after_create 55550000, False {{(pid=102841) subscribe /opt/stack/data/venv/lib/python3.12/site-packages/neutron_lib/callbacks/manager.py:52}}
May 16 14:29:43.962927 np0000174401 devstack@neutron-api.service[102839]: DEBUG neutron.api.extensions [None req-9f53cade-e27e-4a95-a73e-3a9837351643 None None] Loading extension file: __pycache__ {{(pid=102839) _load_all_extensions_from_path /opt/stack/neutron/neutron/api/extensions.py:449}}
May 16 14:29:43.963157 np0000174401 devstack@neutron-api.service[102841]: DEBUG neutron_lib.callbacks.manager [None req-4077a405-c587-4779-9a5b-61fcf15155d6 None None] Subscribe: > floatingip after_create 55550000, False {{(pid=102841) subscribe /opt/stack/data/venv/lib/python3.12/site-packages/neutron_lib/callbacks/manager.py:52}}
May 16 14:29:43.963352 np0000174401 devstack@neutron-api.service[102839]: DEBUG neutron.api.extensions [None req-9f53cade-e27e-4a95-a73e-3a9837351643 None None] Loading extension file: address_group.py {{(pid=102839) _load_all_extensions_from_path /opt/stack/neutron/neutron/api/extensions.py:449}}
May 16 14:29:43.963452 np0000174401 devstack@neutron-api.service[102841]: DEBUG neutron_lib.callbacks.manager [None req-4077a405-c587-4779-9a5b-61fcf15155d6 None None] Subscribe: > floatingip precommit_create 55550000, False {{(pid=102841) subscribe /opt/stack/data/venv/lib/python3.12/site-packages/neutron_lib/callbacks/manager.py:52}}
May 16 14:29:43.963452 np0000174401 devstack@neutron-api.service[102841]: DEBUG neutron_lib.callbacks.manager [None req-4077a405-c587-4779-9a5b-61fcf15155d6 None None] Subscribe: > floatingip precommit_update 55550000, False {{(pid=102841) subscribe /opt/stack/data/venv/lib/python3.12/site-packages/neutron_lib/callbacks/manager.py:52}}
May 16 14:29:43.963452 np0000174401 devstack@neutron-api.service[102841]: DEBUG neutron_lib.callbacks.manager [None req-4077a405-c587-4779-9a5b-61fcf15155d6 None None] Subscribe: > floatingip after_delete 55550000, False {{(pid=102841) subscribe /opt/stack/data/venv/lib/python3.12/site-packages/neutron_lib/callbacks/manager.py:52}}
May 16 14:29:43.963532 np0000174401 devstack@neutron-api.service[102839]: DEBUG neutron.api.extensions [None req-9f53cade-e27e-4a95-a73e-3a9837351643 None None] Ext name="Address group" alias="address-group" description="Support address group" updated="2020-07-15T10:00:00-00:00" {{(pid=102839) _check_extension /opt/stack/neutron/neutron/api/extensions.py:415}}
May 16 14:29:43.963618 np0000174401 devstack@neutron-api.service[102841]: DEBUG neutron_lib.callbacks.manager [None req-4077a405-c587-4779-9a5b-61fcf15155d6 None None] Subscribe: > floatingip after_status_update 55550000, False {{(pid=102841) subscribe /opt/stack/data/venv/lib/python3.12/site-packages/neutron_lib/callbacks/manager.py:52}}
May 16 14:29:43.963618 np0000174401 devstack@neutron-api.service[102841]: DEBUG neutron_lib.callbacks.manager [None req-4077a405-c587-4779-9a5b-61fcf15155d6 None None] Subscribe: > floatingip after_update 55550000, False {{(pid=102841) subscribe /opt/stack/data/venv/lib/python3.12/site-packages/neutron_lib/callbacks/manager.py:52}}
May 16 14:29:43.963618 np0000174401 devstack@neutron-api.service[102841]: DEBUG neutron_lib.callbacks.manager [None req-4077a405-c587-4779-9a5b-61fcf15155d6 None None] Subscribe: > port_forwarding after_create 55550000, False {{(pid=102841) subscribe /opt/stack/data/venv/lib/python3.12/site-packages/neutron_lib/callbacks/manager.py:52}}
May 16 14:29:43.963752 np0000174401 devstack@neutron-api.service[102839]: INFO neutron.api.extensions [None req-9f53cade-e27e-4a95-a73e-3a9837351643 None None] Loaded extension: address-group
May 16 14:29:43.963782 np0000174401 devstack@neutron-api.service[102841]: DEBUG neutron_lib.callbacks.manager [None req-4077a405-c587-4779-9a5b-61fcf15155d6 None None] Subscribe: > router_interface after_delete 55550000, False {{(pid=102841) subscribe /opt/stack/data/venv/lib/python3.12/site-packages/neutron_lib/callbacks/manager.py:52}}
May 16 14:29:43.963840 np0000174401 devstack@neutron-api.service[102839]: DEBUG neutron.api.extensions [None req-9f53cade-e27e-4a95-a73e-3a9837351643 None None] Loading extension file: address_scope.py {{(pid=102839) _load_all_extensions_from_path /opt/stack/neutron/neutron/api/extensions.py:449}}
May 16 14:29:43.963866 np0000174401 devstack@neutron-api.service[102841]: DEBUG neutron_lib.callbacks.manager [None req-4077a405-c587-4779-9a5b-61fcf15155d6 None None] Subscribe: > router after_create 55550000, False {{(pid=102841) subscribe /opt/stack/data/venv/lib/python3.12/site-packages/neutron_lib/callbacks/manager.py:52}}
May 16 14:29:43.963866 np0000174401 devstack@neutron-api.service[102841]: DEBUG neutron_lib.callbacks.manager [None req-4077a405-c587-4779-9a5b-61fcf15155d6 None None] Subscribe: > router precommit_create 55550000, False {{(pid=102841) subscribe /opt/stack/data/venv/lib/python3.12/site-packages/neutron_lib/callbacks/manager.py:52}}
May 16 14:29:43.963866 np0000174401 devstack@neutron-api.service[102841]: DEBUG neutron_lib.callbacks.manager [None req-4077a405-c587-4779-9a5b-61fcf15155d6 None None] Subscribe: > router after_delete 55550000, False {{(pid=102841) subscribe /opt/stack/data/venv/lib/python3.12/site-packages/neutron_lib/callbacks/manager.py:52}}
May 16 14:29:43.964009 np0000174401 devstack@neutron-api.service[102839]: DEBUG neutron.api.extensions [None req-9f53cade-e27e-4a95-a73e-3a9837351643 None None] Ext name="Address scope" alias="address-scope" description="Address scopes extension." updated="2015-07-26T10:00:00-00:00" {{(pid=102839) _check_extension /opt/stack/neutron/neutron/api/extensions.py:415}}
May 16 14:29:43.964037 np0000174401 devstack@neutron-api.service[102841]: DEBUG neutron_lib.callbacks.manager [None req-4077a405-c587-4779-9a5b-61fcf15155d6 None None] Subscribe: > router after_update 55550000, False {{(pid=102841) subscribe /opt/stack/data/venv/lib/python3.12/site-packages/neutron_lib/callbacks/manager.py:52}}
May 16 14:29:43.964094 np0000174401 devstack@neutron-api.service[102839]: INFO neutron.api.extensions [None req-9f53cade-e27e-4a95-a73e-3a9837351643 None None] Loaded extension: address-scope
May 16 14:29:43.964124 np0000174401 devstack@neutron-api.service[102841]: DEBUG neutron.services.service_base [None req-4077a405-c587-4779-9a5b-61fcf15155d6 None None] Loaded 'neutron.services.ovn_l3.service_providers.ovn.OvnDriver' provider for service L3_ROUTER_NAT {{(pid=102841) load_drivers /opt/stack/neutron/neutron/services/service_base.py:49}}
May 16 14:29:43.964195 np0000174401 devstack@neutron-api.service[102839]: DEBUG neutron.api.extensions [None req-9f53cade-e27e-4a95-a73e-3a9837351643 None None] Loading extension file: admin_state_down_before_update.py {{(pid=102839) _load_all_extensions_from_path /opt/stack/neutron/neutron/api/extensions.py:449}}
May 16 14:29:43.964254 np0000174401 devstack@neutron-api.service[102841]: DEBUG neutron_lib.callbacks.manager [None req-4077a405-c587-4779-9a5b-61fcf15155d6 None None] Subscribe: > process after_init 55550001, True {{(pid=102841) subscribe /opt/stack/data/venv/lib/python3.12/site-packages/neutron_lib/callbacks/manager.py:52}}
May 16 14:29:43.964254 np0000174401 devstack@neutron-api.service[102841]: DEBUG neutron.manager [None req-4077a405-c587-4779-9a5b-61fcf15155d6 None None] Successfully loaded L3_ROUTER_NAT plugin. Description: L3 Router Service Plugin for basic L3 forwarding using OVN {{(pid=102841) _create_and_add_service_plugin /opt/stack/neutron/neutron/manager.py:239}}
May 16 14:29:43.964332 np0000174401 devstack@neutron-api.service[102839]: DEBUG neutron.api.extensions [None req-9f53cade-e27e-4a95-a73e-3a9837351643 None None] Ext name="Enforce Router's Admin State Down Before Update Extension" alias="router-admin-state-down-before-update" description="Ensure that the admin state of a router is DOWN (admin_state_up=False) before updating the distributed attribute" updated="2019-07-02T15:56:00" {{(pid=102839) _check_extension /opt/stack/neutron/neutron/api/extensions.py:415}}
May 16 14:29:43.964403 np0000174401 devstack@neutron-api.service[102841]: INFO neutron.manager [None req-4077a405-c587-4779-9a5b-61fcf15155d6 None None] Loading Plugin: auto_allocate
May 16 14:29:43.964432 np0000174401 devstack@neutron-api.service[102839]: INFO neutron.api.extensions [None req-9f53cade-e27e-4a95-a73e-3a9837351643 None None] Extension router-admin-state-down-before-update not supported by any of loaded plugins
May 16 14:29:43.964432 np0000174401 devstack@neutron-api.service[102839]: DEBUG neutron.api.extensions [None req-9f53cade-e27e-4a95-a73e-3a9837351643 None None] Loading extension file: agent.py {{(pid=102839) _load_all_extensions_from_path /opt/stack/neutron/neutron/api/extensions.py:449}}
May 16 14:29:43.964432 np0000174401 devstack@neutron-api.service[102839]: DEBUG neutron.api.extensions [None req-9f53cade-e27e-4a95-a73e-3a9837351643 None None] Ext name="agent" alias="agent" description="The agent management extension." updated="2013-02-03T10:00:00-00:00" {{(pid=102839) _check_extension /opt/stack/neutron/neutron/api/extensions.py:415}}
May 16 14:29:43.964432 np0000174401 devstack@neutron-api.service[102839]: INFO neutron.api.extensions [None req-9f53cade-e27e-4a95-a73e-3a9837351643 None None] Loaded extension: agent
May 16 14:29:43.964432 np0000174401 devstack@neutron-api.service[102839]: DEBUG neutron.api.extensions [None req-9f53cade-e27e-4a95-a73e-3a9837351643 None None] Loading extension file: agent_resources_synced.py {{(pid=102839) _load_all_extensions_from_path /opt/stack/neutron/neutron/api/extensions.py:449}}
May 16 14:29:43.964615 np0000174401 devstack@neutron-api.service[102841]: DEBUG neutron_lib.callbacks.manager [None req-4077a405-c587-4779-9a5b-61fcf15155d6 None None] Subscribe: network precommit_update 55550000, False {{(pid=102841) subscribe /opt/stack/data/venv/lib/python3.12/site-packages/neutron_lib/callbacks/manager.py:52}}
May 16 14:29:43.964696 np0000174401 devstack@neutron-api.service[102839]: DEBUG neutron.api.extensions [None req-9f53cade-e27e-4a95-a73e-3a9837351643 None None] Ext name="Agent's Resource View Synced to Placement" alias="agent-resources-synced" description="Stores success/failure of last sync to Placement" updated="2018-12-19T00:00:00-00:00" {{(pid=102839) _check_extension /opt/stack/neutron/neutron/api/extensions.py:415}}
May 16 14:29:43.964727 np0000174401 devstack@neutron-api.service[102841]: DEBUG neutron_lib.callbacks.manager [None req-4077a405-c587-4779-9a5b-61fcf15155d6 None None] Subscribe: network precommit_create 55550000, False {{(pid=102841) subscribe /opt/stack/data/venv/lib/python3.12/site-packages/neutron_lib/callbacks/manager.py:52}}
May 16 14:29:43.964785 np0000174401 devstack@neutron-api.service[102839]: INFO neutron.api.extensions [None req-9f53cade-e27e-4a95-a73e-3a9837351643 None None] Extension agent-resources-synced not supported by any of loaded plugins
May 16 14:29:43.964819 np0000174401 devstack@neutron-api.service[102841]: DEBUG neutron.manager [None req-4077a405-c587-4779-9a5b-61fcf15155d6 None None] Successfully loaded auto-allocated-topology plugin. Description: Auto Allocated Topology - aka get me a network. {{(pid=102841) _create_and_add_service_plugin /opt/stack/neutron/neutron/manager.py:239}}
May 16 14:29:43.964882 np0000174401 devstack@neutron-api.service[102839]: DEBUG neutron.api.extensions [None req-9f53cade-e27e-4a95-a73e-3a9837351643 None None] Loading extension file: agent_sort_key.py {{(pid=102839) _load_all_extensions_from_path /opt/stack/neutron/neutron/api/extensions.py:449}}
May 16 14:29:43.964939 np0000174401 devstack@neutron-api.service[102841]: INFO neutron.manager [None req-4077a405-c587-4779-9a5b-61fcf15155d6 None None] Loading Plugin: tag
May 16 14:29:43.964992 np0000174401 devstack@neutron-api.service[102838]: INFO neutron.plugins.ml2.drivers.type_vlan [None req-24d5753e-1d9a-4e20-9ca1-785ac02db537 None None] VlanTypeDriver initialization complete
May 16 14:29:43.965279 np0000174401 devstack@neutron-api.service[102839]: DEBUG neutron.api.extensions [None req-9f53cade-e27e-4a95-a73e-3a9837351643 None None] Ext name="Agents Sort Key" alias="agent_sort_key" description="Enabling the keyword sort_key for sorting in agents." updated="2013-02-03T10:00:00-00:00" {{(pid=102839) _check_extension /opt/stack/neutron/neutron/api/extensions.py:415}}
May 16 14:29:43.965371 np0000174401 devstack@neutron-api.service[102838]: INFO neutron.plugins.ml2.managers [None req-24d5753e-1d9a-4e20-9ca1-785ac02db537 None None] Initializing extension driver 'port_security'
May 16 14:29:43.965371 np0000174401 devstack@neutron-api.service[102838]: INFO neutron.plugins.ml2.extensions.port_security [None req-24d5753e-1d9a-4e20-9ca1-785ac02db537 None None] PortSecurityExtensionDriver initialization complete
May 16 14:29:43.965453 np0000174401 devstack@neutron-api.service[102839]: INFO neutron.api.extensions [None req-9f53cade-e27e-4a95-a73e-3a9837351643 None None] Extension agent_sort_key not supported by any of loaded plugins
May 16 14:29:43.965516 np0000174401 devstack@neutron-api.service[102838]: INFO neutron.plugins.ml2.managers [None req-24d5753e-1d9a-4e20-9ca1-785ac02db537 None None] Initializing extension driver 'qos'
May 16 14:29:43.965573 np0000174401 devstack@neutron-api.service[102839]: DEBUG neutron.api.extensions [None req-9f53cade-e27e-4a95-a73e-3a9837351643 None None] Loading extension file: allowedaddresspairs.py {{(pid=102839) _load_all_extensions_from_path /opt/stack/neutron/neutron/api/extensions.py:449}}
May 16 14:29:43.965600 np0000174401 devstack@neutron-api.service[102838]: DEBUG neutron.plugins.ml2.extensions.qos [None req-24d5753e-1d9a-4e20-9ca1-785ac02db537 None None] QosExtensionDriver initialization complete {{(pid=102838) initialize /opt/stack/neutron/neutron/plugins/ml2/extensions/qos.py:31}}
May 16 14:29:43.965600 np0000174401 devstack@neutron-api.service[102838]: INFO neutron.plugins.ml2.managers [None req-24d5753e-1d9a-4e20-9ca1-785ac02db537 None None] Initializing mechanism driver 'ovn'
May 16 14:29:43.965600 np0000174401 devstack@neutron-api.service[102838]: INFO neutron.plugins.ml2.drivers.ovn.mech_driver.mech_driver [None req-24d5753e-1d9a-4e20-9ca1-785ac02db537 None None] Starting OVNMechanismDriver
May 16 14:29:43.966593 np0000174401 devstack@neutron-api.service[102839]: DEBUG neutron.api.extensions [None req-9f53cade-e27e-4a95-a73e-3a9837351643 None None] Ext name="Allowed Address Pairs" alias="allowed-address-pairs" description="Provides allowed address pairs" updated="2013-07-23T10:00:00-00:00" {{(pid=102839) _check_extension /opt/stack/neutron/neutron/api/extensions.py:415}}
May 16 14:29:43.966593 np0000174401 devstack@neutron-api.service[102839]: INFO neutron.api.extensions [None req-9f53cade-e27e-4a95-a73e-3a9837351643 None None] Loaded extension: allowed-address-pairs
May 16 14:29:43.966593 np0000174401 devstack@neutron-api.service[102839]: DEBUG neutron.api.extensions [None req-9f53cade-e27e-4a95-a73e-3a9837351643 None None] Loading extension file: auto_allocated_topology.py {{(pid=102839) _load_all_extensions_from_path /opt/stack/neutron/neutron/api/extensions.py:449}}
May 16 14:29:43.966593 np0000174401 devstack@neutron-api.service[102839]: DEBUG neutron.api.extensions [None req-9f53cade-e27e-4a95-a73e-3a9837351643 None None] Ext name="Auto Allocated Topology Services" alias="auto-allocated-topology" description="Auto Allocated Topology Services." updated="2016-01-01T00:00:00-00:00" {{(pid=102839) _check_extension /opt/stack/neutron/neutron/api/extensions.py:415}}
May 16 14:29:43.966593 np0000174401 devstack@neutron-api.service[102839]: INFO neutron.api.extensions [None req-9f53cade-e27e-4a95-a73e-3a9837351643 None None] Loaded extension: auto-allocated-topology
May 16 14:29:43.966866 np0000174401 devstack@neutron-api.service[102839]: DEBUG neutron.api.extensions [None req-9f53cade-e27e-4a95-a73e-3a9837351643 None None] Loading extension file: availability_zone.py {{(pid=102839) _load_all_extensions_from_path /opt/stack/neutron/neutron/api/extensions.py:449}}
May 16 14:29:43.967020 np0000174401 devstack@neutron-api.service[102839]: DEBUG neutron.api.extensions [None req-9f53cade-e27e-4a95-a73e-3a9837351643 None None] Ext name="Availability Zone" alias="availability_zone" description="The availability zone extension." updated="2015-01-01T10:00:00-00:00" {{(pid=102839) _check_extension /opt/stack/neutron/neutron/api/extensions.py:415}}
May 16 14:29:43.967442 np0000174401 devstack@neutron-api.service[102838]: DEBUG neutron_lib.callbacks.manager [None req-24d5753e-1d9a-4e20-9ca1-785ac02db537 None None] Subscribe: > process before_spawn 55550000, False {{(pid=102838) subscribe /opt/stack/data/venv/lib/python3.12/site-packages/neutron_lib/callbacks/manager.py:52}}
May 16 14:29:43.967884 np0000174401 devstack@neutron-api.service[102839]: INFO neutron.api.extensions [None req-9f53cade-e27e-4a95-a73e-3a9837351643 None None] Loaded extension: availability_zone
May 16 14:29:43.967884 np0000174401 devstack@neutron-api.service[102839]: DEBUG neutron.api.extensions [None req-9f53cade-e27e-4a95-a73e-3a9837351643 None None] Loading extension file: availability_zone_filter.py {{(pid=102839) _load_all_extensions_from_path /opt/stack/neutron/neutron/api/extensions.py:449}}
May 16 14:29:43.968072 np0000174401 devstack@neutron-api.service[102838]: DEBUG neutron_lib.callbacks.manager [None req-24d5753e-1d9a-4e20-9ca1-785ac02db537 None None] Subscribe: > process after_init 55550000, True {{(pid=102838) subscribe /opt/stack/data/venv/lib/python3.12/site-packages/neutron_lib/callbacks/manager.py:52}}
May 16 14:29:43.968072 np0000174401 devstack@neutron-api.service[102838]: DEBUG neutron_lib.callbacks.manager [None req-24d5753e-1d9a-4e20-9ca1-785ac02db537 None None] Subscribe: > segment after_create 55550000, False {{(pid=102838) subscribe /opt/stack/data/venv/lib/python3.12/site-packages/neutron_lib/callbacks/manager.py:52}}
May 16 14:29:43.968186 np0000174401 devstack@neutron-api.service[102841]: DEBUG neutron.manager [None req-4077a405-c587-4779-9a5b-61fcf15155d6 None None] Successfully loaded TAG plugin. Description: Tag support {{(pid=102841) _create_and_add_service_plugin /opt/stack/neutron/neutron/manager.py:239}}
May 16 14:29:43.968245 np0000174401 devstack@neutron-api.service[102838]: DEBUG neutron_lib.callbacks.manager [None req-24d5753e-1d9a-4e20-9ca1-785ac02db537 None None] Subscribe: > segment after_create 55550000, False {{(pid=102838) subscribe /opt/stack/data/venv/lib/python3.12/site-packages/neutron_lib/callbacks/manager.py:52}}
May 16 14:29:43.968314 np0000174401 devstack@neutron-api.service[102839]: DEBUG neutron.api.extensions [None req-9f53cade-e27e-4a95-a73e-3a9837351643 None None] Ext name="Availability Zone Filter Extension" alias="availability_zone_filter" description="Add filter parameters to AvailabilityZone resource" updated="2018-06-22T10:00:00-00:00" {{(pid=102839) _check_extension /opt/stack/neutron/neutron/api/extensions.py:415}}
May 16 14:29:43.968350 np0000174401 devstack@neutron-api.service[102841]: INFO neutron.manager [None req-4077a405-c587-4779-9a5b-61fcf15155d6 None None] Loading Plugin: timestamp
May 16 14:29:43.968407 np0000174401 devstack@neutron-api.service[102838]: DEBUG neutron_lib.callbacks.manager [None req-24d5753e-1d9a-4e20-9ca1-785ac02db537 None None] Subscribe: > segment after_delete 55550000, False {{(pid=102838) subscribe /opt/stack/data/venv/lib/python3.12/site-packages/neutron_lib/callbacks/manager.py:52}}
May 16 14:29:43.968463 np0000174401 devstack@neutron-api.service[102839]: INFO neutron.api.extensions [None req-9f53cade-e27e-4a95-a73e-3a9837351643 None None] Extension availability_zone_filter not supported by any of loaded plugins
May 16 14:29:43.968493 np0000174401 devstack@neutron-api.service[102838]: DEBUG neutron_lib.callbacks.manager [None req-24d5753e-1d9a-4e20-9ca1-785ac02db537 None None] Subscribe: > allowed_address_pair before_create 55550000, False {{(pid=102838) subscribe /opt/stack/data/venv/lib/python3.12/site-packages/neutron_lib/callbacks/manager.py:52}}
May 16 14:29:43.968555 np0000174401 devstack@neutron-api.service[102839]: DEBUG neutron.api.extensions [None req-9f53cade-e27e-4a95-a73e-3a9837351643 None None] Loading extension file: data_plane_status.py {{(pid=102839) _load_all_extensions_from_path /opt/stack/neutron/neutron/api/extensions.py:449}}
May 16 14:29:43.968585 np0000174401 devstack@neutron-api.service[102838]: DEBUG neutron_lib.callbacks.manager [None req-24d5753e-1d9a-4e20-9ca1-785ac02db537 None None] Subscribe: > security_group precommit_create 55550000, False {{(pid=102838) subscribe /opt/stack/data/venv/lib/python3.12/site-packages/neutron_lib/callbacks/manager.py:52}}
May 16 14:29:43.968585 np0000174401 devstack@neutron-api.service[102838]: DEBUG neutron_lib.callbacks.manager [None req-24d5753e-1d9a-4e20-9ca1-785ac02db537 None None] Subscribe: > security_group after_update 55550000, False {{(pid=102838) subscribe /opt/stack/data/venv/lib/python3.12/site-packages/neutron_lib/callbacks/manager.py:52}}
May 16 14:29:43.968668 np0000174401 devstack@neutron-api.service[102839]: DEBUG neutron.api.extensions [None req-9f53cade-e27e-4a95-a73e-3a9837351643 None None] Ext name="Port data plane status extension" alias="data-plane-status" description="Expose status of underlying data plane" updated="2017-01-24T10:00:00-00:00" {{(pid=102839) _check_extension /opt/stack/neutron/neutron/api/extensions.py:415}}
May 16 14:29:43.968737 np0000174401 devstack@neutron-api.service[102838]: DEBUG neutron_lib.callbacks.manager [None req-24d5753e-1d9a-4e20-9ca1-785ac02db537 None None] Subscribe: > security_group after_create 55550000, False {{(pid=102838) subscribe /opt/stack/data/venv/lib/python3.12/site-packages/neutron_lib/callbacks/manager.py:52}}
May 16 14:29:43.968737 np0000174401 devstack@neutron-api.service[102838]: DEBUG neutron_lib.callbacks.manager [None req-24d5753e-1d9a-4e20-9ca1-785ac02db537 None None] Subscribe: > security_group precommit_delete 55550000, False {{(pid=102838) subscribe /opt/stack/data/venv/lib/python3.12/site-packages/neutron_lib/callbacks/manager.py:52}}
May 16 14:29:43.968828 np0000174401 devstack@neutron-api.service[102839]: INFO neutron.api.extensions [None req-9f53cade-e27e-4a95-a73e-3a9837351643 None None] Extension data-plane-status not supported by any of loaded plugins
May 16 14:29:43.968828 np0000174401 devstack@neutron-api.service[102839]: DEBUG neutron.api.extensions [None req-9f53cade-e27e-4a95-a73e-3a9837351643 None None] Loading extension file: default_subnetpools.py {{(pid=102839) _load_all_extensions_from_path /opt/stack/neutron/neutron/api/extensions.py:449}}
May 16 14:29:43.968902 np0000174401 devstack@neutron-api.service[102838]: DEBUG neutron_lib.callbacks.manager [None req-24d5753e-1d9a-4e20-9ca1-785ac02db537 None None] Subscribe: > security_group after_delete 55550000, False {{(pid=102838) subscribe /opt/stack/data/venv/lib/python3.12/site-packages/neutron_lib/callbacks/manager.py:52}}
May 16 14:29:43.968902 np0000174401 devstack@neutron-api.service[102838]: DEBUG neutron_lib.callbacks.manager [None req-24d5753e-1d9a-4e20-9ca1-785ac02db537 None None] Subscribe: > security_group_rule precommit_create 55550000, False {{(pid=102838) subscribe /opt/stack/data/venv/lib/python3.12/site-packages/neutron_lib/callbacks/manager.py:52}}
May 16 14:29:43.968902 np0000174401 devstack@neutron-api.service[102838]: DEBUG neutron_lib.callbacks.manager [None req-24d5753e-1d9a-4e20-9ca1-785ac02db537 None None] Subscribe: > security_group_rule after_create 55550000, False {{(pid=102838) subscribe /opt/stack/data/venv/lib/python3.12/site-packages/neutron_lib/callbacks/manager.py:52}}
May 16 14:29:43.969698 np0000174401 devstack@neutron-api.service[102839]: DEBUG neutron.api.extensions [None req-9f53cade-e27e-4a95-a73e-3a9837351643 None None] Ext name="Default Subnetpools" alias="default-subnetpools" description="Provides ability to mark and use a subnetpool as the default." updated="2016-02-18T18:00:00-00:00" {{(pid=102839) _check_extension /opt/stack/neutron/neutron/api/extensions.py:415}}
May 16 14:29:43.969915 np0000174401 devstack@neutron-api.service[102838]: DEBUG neutron_lib.callbacks.manager [None req-24d5753e-1d9a-4e20-9ca1-785ac02db537 None None] Subscribe: > security_group_rule before_delete 55550000, False {{(pid=102838) subscribe /opt/stack/data/venv/lib/python3.12/site-packages/neutron_lib/callbacks/manager.py:52}}
May 16 14:29:43.970110 np0000174401 devstack@neutron-api.service[102839]: INFO neutron.api.extensions [None req-9f53cade-e27e-4a95-a73e-3a9837351643 None None] Loaded extension: default-subnetpools
May 16 14:29:43.970188 np0000174401 devstack@neutron-api.service[102838]: DEBUG neutron_lib.callbacks.manager [None req-24d5753e-1d9a-4e20-9ca1-785ac02db537 None None] Subscribe: > address_group after_create 55550000, False {{(pid=102838) subscribe /opt/stack/data/venv/lib/python3.12/site-packages/neutron_lib/callbacks/manager.py:52}}
May 16 14:29:43.970248 np0000174401 devstack@neutron-api.service[102839]: DEBUG neutron.api.extensions [None req-9f53cade-e27e-4a95-a73e-3a9837351643 None None] Loading extension file: dhcpagentscheduler.py {{(pid=102839) _load_all_extensions_from_path /opt/stack/neutron/neutron/api/extensions.py:449}}
May 16 14:29:43.970313 np0000174401 devstack@neutron-api.service[102838]: DEBUG neutron_lib.callbacks.manager [None req-24d5753e-1d9a-4e20-9ca1-785ac02db537 None None] Subscribe: > address_group after_update 55550000, False {{(pid=102838) subscribe /opt/stack/data/venv/lib/python3.12/site-packages/neutron_lib/callbacks/manager.py:52}}
May 16 14:29:43.970342 np0000174401 devstack@neutron-api.service[102841]: DEBUG neutron.manager [None req-4077a405-c587-4779-9a5b-61fcf15155d6 None None] Successfully loaded timestamp plugin. Description: Adds timestamps to Neutron resources with standard attributes {{(pid=102841) _create_and_add_service_plugin /opt/stack/neutron/neutron/manager.py:239}}
May 16 14:29:43.970400 np0000174401 devstack@neutron-api.service[102838]: DEBUG neutron_lib.callbacks.manager [None req-24d5753e-1d9a-4e20-9ca1-785ac02db537 None None] Subscribe: > address_group after_delete 55550000, False {{(pid=102838) subscribe /opt/stack/data/venv/lib/python3.12/site-packages/neutron_lib/callbacks/manager.py:52}}
May 16 14:29:43.970465 np0000174401 devstack@neutron-api.service[102841]: INFO neutron.manager [None req-4077a405-c587-4779-9a5b-61fcf15155d6 None None] Loading Plugin: network_ip_availability
May 16 14:29:43.970493 np0000174401 devstack@neutron-api.service[102838]: DEBUG neutron_lib.callbacks.manager [None req-24d5753e-1d9a-4e20-9ca1-785ac02db537 None None] Subscribe: > qos_plugin after_init 55550000, False {{(pid=102838) subscribe /opt/stack/data/venv/lib/python3.12/site-packages/neutron_lib/callbacks/manager.py:52}}
May 16 14:29:43.970548 np0000174401 devstack@neutron-api.service[102839]: DEBUG neutron.api.extensions [None req-9f53cade-e27e-4a95-a73e-3a9837351643 None None] Ext name="DHCP Agent Scheduler" alias="dhcp_agent_scheduler" description="Schedule networks among dhcp agents" updated="2013-02-07T10:00:00-00:00" {{(pid=102839) _check_extension /opt/stack/neutron/neutron/api/extensions.py:415}}
