2026-05-12 12:39:18.028 9 INFO neutron.wsgi [None req-ed6ce8e8-7ede-47f6-bdf4-54da7ba8ef20 ff24ce3440394e0db1a763750d19370e 4fee5fca02534a749782bcae56c4cb92 - - default default] 10.0.0.129 "PUT /v2.0/routers/ddbcf802-0027-455e-99fb-2ad51792015f/remove_router_interface HTTP/1.1" status: 404 len: 398 time: 0.0658693 /var/lib/openstack/lib/python3.10/site-packages/pycadf/identifier.py:71: UserWarning: Invalid uuid: neutron. To ensure interoperability, identifiers should be a valid uuid. warnings.warn(('Invalid uuid: %s. To ensure interoperability, '
2026-05-12 12:39:18.051 9 INFO neutron.wsgi [None req-95d63781-d8de-47e8-a0e3-9303190cde6d ff24ce3440394e0db1a763750d19370e 4fee5fca02534a749782bcae56c4cb92 - - default default] 10.0.0.129 "GET /v2.0/ports?device_id=ddbcf802-0027-455e-99fb-2ad51792015f HTTP/1.1" status: 200 len: 205 time: 0.0191612
2026-05-12 12:39:18.140 10 INFO neutron.db.ovn_revision_numbers_db [None req-08d66f78-6662-41c8-8303-d93b22c1da57 813b50fe033c47bf86101b677565ebf1 70531c47f5fd4c7d945a6ab385b39429 - - default default] Successfully bumped revision number for resource dd2be329-74ca-4239-84bd-bf46d51ff060 (type: security_groups) to 1
2026-05-12 12:39:18.154 10 INFO neutron.db.ovn_revision_numbers_db [None req-08d66f78-6662-41c8-8303-d93b22c1da57 813b50fe033c47bf86101b677565ebf1 70531c47f5fd4c7d945a6ab385b39429 - - default default] Successfully bumped revision number for resource 31a83709-dd1f-494e-9d6d-42c6b50526c9 (type: security_group_rules) to 0
2026-05-12 12:39:18.168 10 INFO neutron.db.ovn_revision_numbers_db [None req-08d66f78-6662-41c8-8303-d93b22c1da57 813b50fe033c47bf86101b677565ebf1 70531c47f5fd4c7d945a6ab385b39429 - - default default] Successfully bumped revision number for resource 40a9eda4-7139-4467-859d-62b017408fe5 (type: security_group_rules) to 0
2026-05-12 12:39:18.183 10 INFO neutron.db.ovn_revision_numbers_db [None req-08d66f78-6662-41c8-8303-d93b22c1da57 813b50fe033c47bf86101b677565ebf1 70531c47f5fd4c7d945a6ab385b39429 - - default default] Successfully bumped revision number for resource 7ac965e1-a081-485f-9153-9ddba69a9481 (type: security_group_rules) to 0
2026-05-12 12:39:18.198 10 INFO neutron.db.ovn_revision_numbers_db [None req-08d66f78-6662-41c8-8303-d93b22c1da57 813b50fe033c47bf86101b677565ebf1 70531c47f5fd4c7d945a6ab385b39429 - - default default] Successfully bumped revision number for resource 9fbec440-5b81-4c00-91d0-b62dfa613cc6 (type: security_group_rules) to 0
2026-05-12 12:39:18.220 10 INFO neutron.wsgi [None req-08d66f78-6662-41c8-8303-d93b22c1da57 813b50fe033c47bf86101b677565ebf1 70531c47f5fd4c7d945a6ab385b39429 - - default default] 10.0.0.129 "GET /v2.0/security-groups?tenant_id=9d6121f0abad499381d6825d77dbbce7&name=default HTTP/1.1" status: 200 len: 2996 time: 0.1936817
2026-05-12 12:39:18.239 9 INFO neutron.wsgi [None req-5fccbaec-7c72-4035-b693-30e68c4c43bd ff24ce3440394e0db1a763750d19370e 4fee5fca02534a749782bcae56c4cb92 - - default default] 10.0.0.129 "DELETE /v2.0/routers/ddbcf802-0027-455e-99fb-2ad51792015f HTTP/1.1" status: 204 len: 168 time: 0.1807585
2026-05-12 12:39:18.369 10 INFO neutron.wsgi [None req-94313d9d-fcbf-40a8-90dd-0d003d8b2551 813b50fe033c47bf86101b677565ebf1 70531c47f5fd4c7d945a6ab385b39429 - - default default] 10.0.0.129 "GET /v2.0/security-groups?tenant_id=1bd842c38ecc49c792bd3486af964927&name=default HTTP/1.1" status: 200 len: 2996 time: 0.1376886
2026-05-12 12:39:18.440 10 INFO neutron.wsgi [None req-b5e94a14-6e2f-49ed-a1a2-22f2b5580be2 813b50fe033c47bf86101b677565ebf1 70531c47f5fd4c7d945a6ab385b39429 - - default default] 10.0.0.129 "DELETE /v2.0/security-groups/dd2be329-74ca-4239-84bd-bf46d51ff060 HTTP/1.1" status: 204 len: 168 time: 0.2150288
2026-05-12 12:39:18.442 9 INFO neutron.wsgi [None req-d5e3e0c2-2b6e-4fd0-83eb-608ad3e58488 ff24ce3440394e0db1a763750d19370e 4fee5fca02534a749782bcae56c4cb92 - - default default] 10.0.0.129 "DELETE /v2.0/subnets/146e385d-d8b0-4230-a0c9-5ded6119d01d HTTP/1.1" status: 204 len: 168 time: 0.1996691
2026-05-12 12:39:18.512 9 INFO neutron.services.segments.plugin [-] Segment dfd02e0d-8a8b-4539-8c9c-84707d491d2d resource provider aggregate not found
2026-05-12 12:39:18.520 9 INFO neutron.services.segments.plugin [-] Segment dfd02e0d-8a8b-4539-8c9c-84707d491d2d resource provider aggregate not found
2026-05-12 12:39:18.525 9 INFO neutron.services.segments.plugin [-] Segment dfd02e0d-8a8b-4539-8c9c-84707d491d2d resource provider not found; error: Placement Client Error (4xx): {"errors": [{"status": 404, "title": "Not Found", "detail": "The resource could not be found.\n\n No resource provider with uuid dfd02e0d-8a8b-4539-8c9c-84707d491d2d found for delete ", "request_id": "req-a5c714d3-841b-4228-879f-f842a87d2ff4"}]}
2026-05-12 12:39:18.534 9 INFO neutron.services.segments.plugin [-] Segment dfd02e0d-8a8b-4539-8c9c-84707d491d2d resource provider not found; error: Placement Client Error (4xx): {"errors": [{"status": 404, "title": "Not Found", "detail": "The resource could not be found.\n\n No resource provider with uuid dfd02e0d-8a8b-4539-8c9c-84707d491d2d found for delete ", "request_id": "req-31cfba5a-0cdd-4722-a0d3-758226eed8c5"}]}
2026-05-12 12:39:18.639 10 INFO neutron.wsgi [None req-5446a91e-1c5b-4868-8edb-cb8323711647 813b50fe033c47bf86101b677565ebf1 70531c47f5fd4c7d945a6ab385b39429 - - default default] 10.0.0.129 "DELETE /v2.0/security-groups/dc726205-13d4-4478-8114-0f47f4af7654 HTTP/1.1" status: 204 len: 168 time: 0.2654483
2026-05-12 12:39:18.804 10 INFO neutron.services.segments.plugin [-] Segment fde71a77-6b94-45e2-8152-7d450ea21d62 resource provider aggregate not found
2026-05-12 12:39:18.808 10 INFO neutron.services.segments.plugin [-] Segment fde71a77-6b94-45e2-8152-7d450ea21d62 resource provider aggregate not found
2026-05-12 12:39:18.824 10 INFO neutron.services.segments.plugin [-] Segment fde71a77-6b94-45e2-8152-7d450ea21d62 resource provider not found; error: Placement Client Error (4xx): {"errors": [{"status": 404, "title": "Not Found", "detail": "The resource could not be found.\n\n No resource provider with uuid fde71a77-6b94-45e2-8152-7d450ea21d62 found for delete ", "request_id": "req-40752fd6-4110-42c1-bd87-6e9f9d905293"}]}
2026-05-12 12:39:18.827 10 INFO neutron.services.segments.plugin [-] Segment fde71a77-6b94-45e2-8152-7d450ea21d62 resource provider not found; error: Placement Client Error (4xx): {"errors": [{"status": 404, "title": "Not Found", "detail": "The resource could not be found.\n\n No resource provider with uuid fde71a77-6b94-45e2-8152-7d450ea21d62 found for delete ", "request_id": "req-2de84311-4c3e-41a4-8ae9-a5e628ff0318"}]}
2026-05-12 12:39:18.851 10 INFO neutron.wsgi [None req-97fcd19e-a794-40c1-a21e-2209a12fb6bc ff24ce3440394e0db1a763750d19370e 4fee5fca02534a749782bcae56c4cb92 - - default default] 10.0.0.129 "DELETE /v2.0/networks/d95c1462-b878-4621-9fb9-6c7e1c3f3660 HTTP/1.1" status: 204 len: 168 time: 0.4037650
2026-05-12 12:39:18.941 10 INFO neutron.db.segments_db [None req-78985762-56db-43b7-9c60-ac1aba2f1ec9 ff24ce3440394e0db1a763750d19370e 4fee5fca02534a749782bcae56c4cb92 - - default default] Added segment f7f04dec-c952-4ed3-b125-cb509e51fbb9 of type geneve for network 7cefa0e7-f4af-4f5b-9490-7d3ed4c66679
2026-05-12 12:39:18.965 9 INFO neutron.wsgi [req-9ca772e3-865a-4512-b9ca-d92c36d2d198 req-29efe5bc-bae4-4eed-8d5e-27adda2e69bc 051d982b2dd0416cbefc82d35d2a24d3 d3635270c66c47abbc4db15347eb055c - - 7919d296f07d4a20bccfb82a8f4b3ec3 7919d296f07d4a20bccfb82a8f4b3ec3] 10.0.0.90 "GET /v2.0/ports?device_id=120d5b30-ce69-4eb7-b2fc-5ba279e245d8 HTTP/1.1" status: 200 len: 1413 time: 0.0468199
2026-05-12 12:39:19.007 9 INFO neutron.wsgi [req-9ca772e3-865a-4512-b9ca-d92c36d2d198 req-4b9b8042-0c6b-4fb8-b6d2-bb98522db723 051d982b2dd0416cbefc82d35d2a24d3 d3635270c66c47abbc4db15347eb055c - - 7919d296f07d4a20bccfb82a8f4b3ec3 7919d296f07d4a20bccfb82a8f4b3ec3] 10.0.0.90 "GET /v2.0/security-groups?id=eabc8a5b-d936-49e7-9fb5-fed4e9f5814b&fields=id&fields=name HTTP/1.1" status: 200 len: 313 time: 0.0367322
2026-05-12 12:39:19.093 10 INFO neutron.db.ovn_revision_numbers_db [None req-78985762-56db-43b7-9c60-ac1aba2f1ec9 ff24ce3440394e0db1a763750d19370e 4fee5fca02534a749782bcae56c4cb92 - - default default] Successfully bumped revision number for resource 7cefa0e7-f4af-4f5b-9490-7d3ed4c66679 (type: networks) to 1
2026-05-12 12:39:19.298 10 WARNING neutron.scheduler.dhcp_agent_scheduler [None req-78985762-56db-43b7-9c60-ac1aba2f1ec9 ff24ce3440394e0db1a763750d19370e 4fee5fca02534a749782bcae56c4cb92 - - default default] No more DHCP agents
2026-05-12 12:39:19.301 10 WARNING neutron.api.rpc.agentnotifiers.dhcp_rpc_agent_api [None req-78985762-56db-43b7-9c60-ac1aba2f1ec9 ff24ce3440394e0db1a763750d19370e 4fee5fca02534a749782bcae56c4cb92 - - default default] Unable to schedule network 7cefa0e7-f4af-4f5b-9490-7d3ed4c66679: no agents available; will retry on subsequent port and subnet creation events.
2026-05-12 12:39:19.399 10 INFO neutron.db.ovn_revision_numbers_db [None req-78985762-56db-43b7-9c60-ac1aba2f1ec9 ff24ce3440394e0db1a763750d19370e 4fee5fca02534a749782bcae56c4cb92 - - default default] Successfully bumped revision number for resource f4f07220-fbec-4300-80cb-fbd83936ef25 (type: ports) to 1
2026-05-12 12:39:19.420 10 INFO neutron.wsgi [None req-78985762-56db-43b7-9c60-ac1aba2f1ec9 ff24ce3440394e0db1a763750d19370e 4fee5fca02534a749782bcae56c4cb92 - - default default] 10.0.0.129 "POST /v2.0/networks HTTP/1.1" status: 201 len: 829 time: 0.5602729
2026-05-12 12:39:19.672 10 WARNING neutron.scheduler.dhcp_agent_scheduler [None req-c7895b61-2cff-4fb4-8b5e-d8f7094529a1 ff24ce3440394e0db1a763750d19370e 4fee5fca02534a749782bcae56c4cb92 - - default default] No more DHCP agents
2026-05-12 12:39:19.674 10 WARNING neutron.api.rpc.agentnotifiers.dhcp_rpc_agent_api [None req-c7895b61-2cff-4fb4-8b5e-d8f7094529a1 ff24ce3440394e0db1a763750d19370e 4fee5fca02534a749782bcae56c4cb92 - - default default] Unable to schedule network 7cefa0e7-f4af-4f5b-9490-7d3ed4c66679: no agents available; will retry on subsequent port and subnet creation events.
2026-05-12 12:39:20.131 10 INFO neutron.db.ovn_revision_numbers_db [None req-c7895b61-2cff-4fb4-8b5e-d8f7094529a1 ff24ce3440394e0db1a763750d19370e 4fee5fca02534a749782bcae56c4cb92 - - default default] Successfully bumped revision number for resource f4f07220-fbec-4300-80cb-fbd83936ef25 (type: ports) to 2
2026-05-12 12:39:20.173 10 INFO neutron.db.ovn_revision_numbers_db [None req-c7895b61-2cff-4fb4-8b5e-d8f7094529a1 ff24ce3440394e0db1a763750d19370e 4fee5fca02534a749782bcae56c4cb92 - - default default] Successfully bumped revision number for resource a2e34688-72b6-4587-a0db-536774f7e329 (type: subnets) to 0
2026-05-12 12:39:20.191 10 INFO neutron.wsgi [None req-c7895b61-2cff-4fb4-8b5e-d8f7094529a1 ff24ce3440394e0db1a763750d19370e 4fee5fca02534a749782bcae56c4cb92 - - default default] 10.0.0.129 "POST /v2.0/subnets HTTP/1.1" status: 201 len: 801 time: 0.7660036
2026-05-12 12:39:20.365 9 INFO neutron.db.ovn_revision_numbers_db [None req-d79d7291-8c85-4274-bb4d-b6b0066695cc ff24ce3440394e0db1a763750d19370e 4fee5fca02534a749782bcae56c4cb92 - - default default] Successfully bumped revision number for resource bb46e6bc-ac08-4041-85ac-f2c05a89b746 (type: routers) to 1
2026-05-12 12:39:20.376 9 INFO neutron.wsgi [None req-d79d7291-8c85-4274-bb4d-b6b0066695cc ff24ce3440394e0db1a763750d19370e 4fee5fca02534a749782bcae56c4cb92 - - default default] 10.0.0.129 "POST /v2.0/routers HTTP/1.1" status: 201 len: 687 time: 0.1773756
2026-05-12 12:39:20.834 10 INFO neutron.db.ovn_revision_numbers_db [None req-552ae598-9a59-4ce4-8650-21e946b09e2c 236c1ea07c274c93804c7cdd1bbad325 947744261d7f41039697890b05ff0841 - - default default] Successfully bumped revision number for resource e1f008e6-b8a1-4847-b200-c01cbcee29fe (type: security_groups) to 1
2026-05-12 12:39:20.848 10 INFO neutron.db.ovn_revision_numbers_db [None req-552ae598-9a59-4ce4-8650-21e946b09e2c 236c1ea07c274c93804c7cdd1bbad325 947744261d7f41039697890b05ff0841 - - default default] Successfully bumped revision number for resource 8887cc1e-16b4-4aa5-a5c5-c4b6ba3e6361 (type: security_group_rules) to 0
2026-05-12 12:39:20.861 10 INFO neutron.db.ovn_revision_numbers_db [None req-552ae598-9a59-4ce4-8650-21e946b09e2c 236c1ea07c274c93804c7cdd1bbad325 947744261d7f41039697890b05ff0841 - - default default] Successfully bumped revision number for resource a744e01d-cf77-4b50-8826-e19f5b63b94a (type: security_group_rules) to 0
2026-05-12 12:39:20.871 9 WARNING neutron.scheduler.dhcp_agent_scheduler [None req-43a9cd30-4063-403e-aeb2-6e836936138e ff24ce3440394e0db1a763750d19370e 4fee5fca02534a749782bcae56c4cb92 - - default default] No more DHCP agents
2026-05-12 12:39:20.873 9 WARNING neutron.api.rpc.agentnotifiers.dhcp_rpc_agent_api [None req-43a9cd30-4063-403e-aeb2-6e836936138e ff24ce3440394e0db1a763750d19370e 4fee5fca02534a749782bcae56c4cb92 - - default default] Unable to schedule network 7cefa0e7-f4af-4f5b-9490-7d3ed4c66679: no agents available; will retry on subsequent port and subnet creation events.
2026-05-12 12:39:20.876 10 INFO neutron.db.ovn_revision_numbers_db [None req-552ae598-9a59-4ce4-8650-21e946b09e2c 236c1ea07c274c93804c7cdd1bbad325 947744261d7f41039697890b05ff0841 - - default default] Successfully bumped revision number for resource c107ef07-a2b9-41cb-b789-675b64a372aa (type: security_group_rules) to 0
2026-05-12 12:39:20.890 10 INFO neutron.db.ovn_revision_numbers_db [None req-552ae598-9a59-4ce4-8650-21e946b09e2c 236c1ea07c274c93804c7cdd1bbad325 947744261d7f41039697890b05ff0841 - - default default] Successfully bumped revision number for resource e12bd814-a65a-4b1e-bd4f-d51d870f6ad3 (type: security_group_rules) to 0
2026-05-12 12:39:20.955 10 INFO neutron.db.segments_db [None req-552ae598-9a59-4ce4-8650-21e946b09e2c 236c1ea07c274c93804c7cdd1bbad325 947744261d7f41039697890b05ff0841 - - default default] Added segment 8229a7bb-e1ca-4ba4-9abb-1dbbd7656ee4 of type geneve for network 1e615c32-8d3c-4824-829b-156dcd68927f
2026-05-12 12:39:21.020 9 INFO neutron.db.ovn_revision_numbers_db [None req-43a9cd30-4063-403e-aeb2-6e836936138e ff24ce3440394e0db1a763750d19370e 4fee5fca02534a749782bcae56c4cb92 - - default default] Successfully bumped revision number for resource a48f0771-091c-423f-8297-2600f0f70c88 (type: ports) to 1
2026-05-12 12:39:21.094 10 INFO neutron.db.ovn_revision_numbers_db [None req-552ae598-9a59-4ce4-8650-21e946b09e2c 236c1ea07c274c93804c7cdd1bbad325 947744261d7f41039697890b05ff0841 - - default default] Successfully bumped revision number for resource 1e615c32-8d3c-4824-829b-156dcd68927f (type: networks) to 1
2026-05-12 12:39:21.265 10 WARNING neutron.scheduler.dhcp_agent_scheduler [None req-552ae598-9a59-4ce4-8650-21e946b09e2c 236c1ea07c274c93804c7cdd1bbad325 947744261d7f41039697890b05ff0841 - - default default] No more DHCP agents
2026-05-12 12:39:21.270 10 WARNING neutron.api.rpc.agentnotifiers.dhcp_rpc_agent_api [None req-552ae598-9a59-4ce4-8650-21e946b09e2c 236c1ea07c274c93804c7cdd1bbad325 947744261d7f41039697890b05ff0841 - - default default] Unable to schedule network 1e615c32-8d3c-4824-829b-156dcd68927f: no agents available; will retry on subsequent port and subnet creation events.
2026-05-12 12:39:21.344 10 INFO neutron.db.ovn_revision_numbers_db [None req-552ae598-9a59-4ce4-8650-21e946b09e2c 236c1ea07c274c93804c7cdd1bbad325 947744261d7f41039697890b05ff0841 - - default default] Successfully bumped revision number for resource 5841c594-9e18-4954-9320-89223bc3ffee (type: ports) to 1
2026-05-12 12:39:21.364 10 INFO neutron.wsgi [None req-552ae598-9a59-4ce4-8650-21e946b09e2c 236c1ea07c274c93804c7cdd1bbad325 947744261d7f41039697890b05ff0841 - - default default] 10.0.0.129 "POST /v2.0/networks HTTP/1.1" status: 201 len: 832 time: 0.9466598
2026-05-12 12:39:21.452 10 INFO neutron.db.segments_db [None req-0f5a1ae1-e072-4999-a298-56ce616e99e8 236c1ea07c274c93804c7cdd1bbad325 947744261d7f41039697890b05ff0841 - - default default] Added segment d2423d51-25d7-437a-8bf7-c9348cf63296 of type geneve for network ca949fef-c964-4554-a41c-cf16062acd80
2026-05-12 12:39:21.473 10 INFO neutron.wsgi [-] 10.0.0.215 "GET / HTTP/1.1" status: 200 len: 247 time: 0.0013127
2026-05-12 12:39:21.476 10 INFO neutron.wsgi [-] 10.0.0.215 "GET / HTTP/1.1" status: 200 len: 247 time: 0.0030618
2026-05-12 12:39:21.523 9 WARNING neutron.plugins.ml2.drivers.ovn.mech_driver.ovsdb.ovn_client [None req-3a078323-2504-463b-b6cc-c0b14309ece2 - - - - - -] No port found with ID a906a17c-d30a-4104-86ad-d2d396c313f7: RuntimeError: No port found with ID a906a17c-d30a-4104-86ad-d2d396c313f7
2026-05-12 12:39:21.583 9 INFO neutron.plugins.ml2.drivers.ovn.mech_driver.mech_driver [None req-3a078323-2504-463b-b6cc-c0b14309ece2 - - - - - -] OVN reports status up for port: a48f0771-091c-423f-8297-2600f0f70c88
2026-05-12 12:39:21.594 9 INFO neutron.plugins.ml2.plugin [None req-3a078323-2504-463b-b6cc-c0b14309ece2 - - - - - -] Attempt 1 to provision port a48f0771-091c-423f-8297-2600f0f70c88
2026-05-12 12:39:21.606 9 INFO neutron.db.ovn_revision_numbers_db [None req-43a9cd30-4063-403e-aeb2-6e836936138e ff24ce3440394e0db1a763750d19370e 4fee5fca02534a749782bcae56c4cb92 - - default default] Successfully bumped revision number for resource a48f0771-091c-423f-8297-2600f0f70c88 (type: router_ports) to 1
2026-05-12 12:39:21.608 10 INFO neutron.db.ovn_revision_numbers_db [None req-0f5a1ae1-e072-4999-a298-56ce616e99e8 236c1ea07c274c93804c7cdd1bbad325 947744261d7f41039697890b05ff0841 - - default default] Successfully bumped revision number for resource ca949fef-c964-4554-a41c-cf16062acd80 (type: networks) to 1
2026-05-12 12:39:21.763 10 WARNING neutron.scheduler.dhcp_agent_scheduler [None req-0f5a1ae1-e072-4999-a298-56ce616e99e8 236c1ea07c274c93804c7cdd1bbad325 947744261d7f41039697890b05ff0841 - - default default] No more DHCP agents
2026-05-12 12:39:21.764 10 WARNING neutron.api.rpc.agentnotifiers.dhcp_rpc_agent_api [None req-0f5a1ae1-e072-4999-a298-56ce616e99e8 236c1ea07c274c93804c7cdd1bbad325 947744261d7f41039697890b05ff0841 - - default default] Unable to schedule network ca949fef-c964-4554-a41c-cf16062acd80: no agents available; will retry on subsequent port and subnet creation events.
2026-05-12 12:39:21.795 9 INFO neutron.db.ovn_revision_numbers_db [None req-43a9cd30-4063-403e-aeb2-6e836936138e ff24ce3440394e0db1a763750d19370e 4fee5fca02534a749782bcae56c4cb92 - - default default] Successfully bumped revision number for resource a48f0771-091c-423f-8297-2600f0f70c88 (type: ports) to 1
2026-05-12 12:39:21.839 10 INFO neutron.db.ovn_revision_numbers_db [None req-0f5a1ae1-e072-4999-a298-56ce616e99e8 236c1ea07c274c93804c7cdd1bbad325 947744261d7f41039697890b05ff0841 - - default default] Successfully bumped revision number for resource 346d2466-d1d3-43cd-866c-8a534285c7ab (type: ports) to 1
2026-05-12 12:39:21.875 10 INFO neutron.wsgi [None req-0f5a1ae1-e072-4999-a298-56ce616e99e8 236c1ea07c274c93804c7cdd1bbad325 947744261d7f41039697890b05ff0841 - - default default] 10.0.0.129 "POST /v2.0/networks HTTP/1.1" status: 201 len: 832 time: 0.5063651
2026-05-12 12:39:21.896 9 WARNING neutron.scheduler.dhcp_agent_scheduler [None req-43a9cd30-4063-403e-aeb2-6e836936138e ff24ce3440394e0db1a763750d19370e 4fee5fca02534a749782bcae56c4cb92 - - default default] No more DHCP agents
2026-05-12 12:39:21.897 9 WARNING neutron.api.rpc.agentnotifiers.dhcp_rpc_agent_api [None req-43a9cd30-4063-403e-aeb2-6e836936138e ff24ce3440394e0db1a763750d19370e 4fee5fca02534a749782bcae56c4cb92 - - default default] Unable to schedule network 7cefa0e7-f4af-4f5b-9490-7d3ed4c66679: no agents available; will retry on subsequent port and subnet creation events.
2026-05-12 12:39:21.998 9 INFO neutron.db.ovn_revision_numbers_db [None req-3a078323-2504-463b-b6cc-c0b14309ece2 - - - - - -] Successfully bumped revision number for resource a48f0771-091c-423f-8297-2600f0f70c88 (type: ports) to 2
2026-05-12 12:39:22.127 9 INFO neutron.db.ovn_revision_numbers_db [None req-43a9cd30-4063-403e-aeb2-6e836936138e ff24ce3440394e0db1a763750d19370e 4fee5fca02534a749782bcae56c4cb92 - - default default] Successfully bumped revision number for resource a48f0771-091c-423f-8297-2600f0f70c88 (type: router_ports) to 2
2026-05-12 12:39:22.129 9 INFO neutron.wsgi [None req-43a9cd30-4063-403e-aeb2-6e836936138e ff24ce3440394e0db1a763750d19370e 4fee5fca02534a749782bcae56c4cb92 - - default default] 10.0.0.129 "PUT /v2.0/routers/bb46e6bc-ac08-4041-85ac-f2c05a89b746/add_router_interface HTTP/1.1" status: 200 len: 503 time: 1.7480671
2026-05-12 12:39:22.130 10 WARNING neutron.scheduler.dhcp_agent_scheduler [None req-ff741ff6-be15-4505-b4bf-e26388f63979 236c1ea07c274c93804c7cdd1bbad325 947744261d7f41039697890b05ff0841 - - default default] No more DHCP agents
2026-05-12 12:39:22.132 10 WARNING neutron.api.rpc.agentnotifiers.dhcp_rpc_agent_api [None req-ff741ff6-be15-4505-b4bf-e26388f63979 236c1ea07c274c93804c7cdd1bbad325 947744261d7f41039697890b05ff0841 - - default default] Unable to schedule network 1e615c32-8d3c-4824-829b-156dcd68927f: no agents available; will retry on subsequent port and subnet creation events.
2026-05-12 12:39:22.171 10 INFO neutron.wsgi [None req-6b7b6f5b-1f27-476f-b0cb-789ca3883d79 ff24ce3440394e0db1a763750d19370e 4fee5fca02534a749782bcae56c4cb92 - - default default] 10.0.0.129 "GET /v2.0/ports/a48f0771-091c-423f-8297-2600f0f70c88 HTTP/1.1" status: 200 len: 1137 time: 0.0362275
2026-05-12 12:39:22.195 10 INFO neutron.db.ovn_revision_numbers_db [None req-ff741ff6-be15-4505-b4bf-e26388f63979 236c1ea07c274c93804c7cdd1bbad325 947744261d7f41039697890b05ff0841 - - default default] Successfully bumped revision number for resource 2e6b5590-4b39-495f-87bd-ac7f691ed928 (type: subnets) to 0
2026-05-12 12:39:22.208 10 INFO neutron.wsgi [None req-e8f3dbb5-82d2-4e5e-9f7b-63dfeaa1674c ff24ce3440394e0db1a763750d19370e 4fee5fca02534a749782bcae56c4cb92 - - default default] 10.0.0.129 "GET /v2.0/ports/a48f0771-091c-423f-8297-2600f0f70c88 HTTP/1.1" status: 200 len: 1137 time: 0.0324340
2026-05-12 12:39:22.214 10 INFO neutron.wsgi [None req-ff741ff6-be15-4505-b4bf-e26388f63979 236c1ea07c274c93804c7cdd1bbad325 947744261d7f41039697890b05ff0841 - - default default] 10.0.0.129 "POST /v2.0/subnets HTTP/1.1" status: 201 len: 821 time: 0.3322947
2026-05-12 12:39:22.483 10 WARNING neutron.scheduler.dhcp_agent_scheduler [None req-7cbad5c4-a61b-4789-83da-3bc594d9fd9d 236c1ea07c274c93804c7cdd1bbad325 947744261d7f41039697890b05ff0841 - - default default] No more DHCP agents
2026-05-12 12:39:22.484 10 WARNING neutron.api.rpc.agentnotifiers.dhcp_rpc_agent_api [None req-7cbad5c4-a61b-4789-83da-3bc594d9fd9d 236c1ea07c274c93804c7cdd1bbad325 947744261d7f41039697890b05ff0841 - - default default] Unable to schedule network ca949fef-c964-4554-a41c-cf16062acd80: no agents available; will retry on subsequent port and subnet creation events.
2026-05-12 12:39:22.518 10 INFO neutron.db.ovn_revision_numbers_db [None req-7cbad5c4-a61b-4789-83da-3bc594d9fd9d 236c1ea07c274c93804c7cdd1bbad325 947744261d7f41039697890b05ff0841 - - default default] Successfully bumped revision number for resource 5f66d7e6-6c7a-4843-8a92-960d1a234d65 (type: subnets) to 0
2026-05-12 12:39:22.532 10 INFO neutron.wsgi [None req-7cbad5c4-a61b-4789-83da-3bc594d9fd9d 236c1ea07c274c93804c7cdd1bbad325 947744261d7f41039697890b05ff0841 - - default default] 10.0.0.129 "POST /v2.0/subnets HTTP/1.1" status: 201 len: 830 time: 0.3061886
2026-05-12 12:39:22.597 10 INFO neutron.db.ovn_revision_numbers_db [None req-7ec3d1bb-087b-459c-a869-b51308a598dc 813b50fe033c47bf86101b677565ebf1 70531c47f5fd4c7d945a6ab385b39429 - - default default] Successfully bumped revision number for resource d1ed1b07-417d-4f71-a1b8-2a445d13f7b8 (type: security_groups) to 1
2026-05-12 12:39:22.611 10 INFO neutron.db.ovn_revision_numbers_db [None req-7ec3d1bb-087b-459c-a869-b51308a598dc 813b50fe033c47bf86101b677565ebf1 70531c47f5fd4c7d945a6ab385b39429 - - default default] Successfully bumped revision number for resource 0825a38a-a636-49bd-9aae-52c5545c2a84 (type: security_group_rules) to 0
2026-05-12 12:39:22.624 10 INFO neutron.db.ovn_revision_numbers_db [None req-7ec3d1bb-087b-459c-a869-b51308a598dc 813b50fe033c47bf86101b677565ebf1 70531c47f5fd4c7d945a6ab385b39429 - - default default] Successfully bumped revision number for resource 6f67bc1c-74f6-4a2a-9b39-9ff878f283cc (type: security_group_rules) to 0
2026-05-12 12:39:22.637 10 INFO neutron.db.ovn_revision_numbers_db [None req-7ec3d1bb-087b-459c-a869-b51308a598dc 813b50fe033c47bf86101b677565ebf1 70531c47f5fd4c7d945a6ab385b39429 - - default default] Successfully bumped revision number for resource 9af5fcb0-8fe7-4f21-9890-8f34c88aab26 (type: security_group_rules) to 0
2026-05-12 12:39:22.652 10 INFO neutron.db.ovn_revision_numbers_db [None req-7ec3d1bb-087b-459c-a869-b51308a598dc 813b50fe033c47bf86101b677565ebf1 70531c47f5fd4c7d945a6ab385b39429 - - default default] Successfully bumped revision number for resource f071390a-06f4-4d6b-a0fb-4174b2a5c28a (type: security_group_rules) to 0
2026-05-12 12:39:22.674 10 INFO neutron.wsgi [None req-7ec3d1bb-087b-459c-a869-b51308a598dc 813b50fe033c47bf86101b677565ebf1 70531c47f5fd4c7d945a6ab385b39429 - - default default] 10.0.0.129 "GET /v2.0/security-groups?tenant_id=83291ae4c5b044a78c080b4b648c4911&name=default HTTP/1.1" status: 200 len: 2996 time: 0.3353825
2026-05-12 12:39:22.723 9 INFO neutron.db.ovn_revision_numbers_db [None req-59932366-320a-411e-bd32-160da5b4a1cb 236c1ea07c274c93804c7cdd1bbad325 947744261d7f41039697890b05ff0841 - - default default] Successfully bumped revision number for resource bbe60c67-61e3-40d5-bd6b-9cd32ac7a216 (type: routers) to 1
2026-05-12 12:39:22.752 9 INFO neutron.wsgi [None req-59932366-320a-411e-bd32-160da5b4a1cb 236c1ea07c274c93804c7cdd1bbad325 947744261d7f41039697890b05ff0841 - - default default] 10.0.0.129 "POST /v2.0/routers HTTP/1.1" status: 201 len: 690 time: 0.2156117
2026-05-12 12:39:22.856 10 INFO neutron.wsgi [None req-f4e58f71-d46e-4f11-8716-157d596d0a18 813b50fe033c47bf86101b677565ebf1 70531c47f5fd4c7d945a6ab385b39429 - - default default] 10.0.0.129 "DELETE /v2.0/security-groups/d1ed1b07-417d-4f71-a1b8-2a445d13f7b8 HTTP/1.1" status: 204 len: 168 time: 0.1762941
2026-05-12 12:39:22.905 9 INFO neutron.wsgi [None req-bec94563-0c05-4d4f-b387-0f8a45851325 ff24ce3440394e0db1a763750d19370e 4fee5fca02534a749782bcae56c4cb92 - - default default] 10.0.0.129 "PUT /v2.0/routers/bb46e6bc-ac08-4041-85ac-f2c05a89b746/remove_router_interface HTTP/1.1" status: 200 len: 503 time: 0.6912472
2026-05-12 12:39:22.930 10 INFO neutron.wsgi [None req-b07e0d00-3977-4b9e-9654-8e6cc8b9f8eb ff24ce3440394e0db1a763750d19370e 4fee5fca02534a749782bcae56c4cb92 - - default default] 10.0.0.129 "GET /v2.0/ports?device_id=bb46e6bc-ac08-4041-85ac-f2c05a89b746 HTTP/1.1" status: 200 len: 205 time: 0.0196128
2026-05-12 12:39:23.192 9 WARNING neutron.scheduler.dhcp_agent_scheduler [None req-b4c47547-2e9f-4b0e-a98c-c7969fe5652f 236c1ea07c274c93804c7cdd1bbad325 947744261d7f41039697890b05ff0841 - - default default] No more DHCP agents
2026-05-12 12:39:23.195 9 WARNING neutron.api.rpc.agentnotifiers.dhcp_rpc_agent_api [None req-b4c47547-2e9f-4b0e-a98c-c7969fe5652f 236c1ea07c274c93804c7cdd1bbad325 947744261d7f41039697890b05ff0841 - - default default] Unable to schedule network 1e615c32-8d3c-4824-829b-156dcd68927f: no agents available; will retry on subsequent port and subnet creation events.
2026-05-12 12:39:23.310 9 INFO neutron.db.ovn_revision_numbers_db [None req-b4c47547-2e9f-4b0e-a98c-c7969fe5652f 236c1ea07c274c93804c7cdd1bbad325 947744261d7f41039697890b05ff0841 - - default default] Successfully bumped revision number for resource e547bb9f-dca2-447e-b4e9-f03fa5a53893 (type: ports) to 1
2026-05-12 12:39:23.330 10 INFO neutron.wsgi [None req-76aefd73-d504-4ee6-98f8-885bb997fe74 ff24ce3440394e0db1a763750d19370e 4fee5fca02534a749782bcae56c4cb92 - - default default] 10.0.0.129 "DELETE /v2.0/routers/bb46e6bc-ac08-4041-85ac-f2c05a89b746 HTTP/1.1" status: 204 len: 168 time: 0.3953266
2026-05-12 12:39:23.335 10 INFO neutron.db.ovn_revision_numbers_db [None req-b2a14ed5-0434-4801-8206-b42a0dff7e65 813b50fe033c47bf86101b677565ebf1 70531c47f5fd4c7d945a6ab385b39429 - - default default] Successfully bumped revision number for resource 40c2f10c-8e12-47d2-be0f-9e61eac5a1a7 (type: security_groups) to 1
2026-05-12 12:39:23.358 10 INFO neutron.db.ovn_revision_numbers_db [None req-b2a14ed5-0434-4801-8206-b42a0dff7e65 813b50fe033c47bf86101b677565ebf1 70531c47f5fd4c7d945a6ab385b39429 - - default default] Successfully bumped revision number for resource 06cad0d1-262f-433d-aa2e-fab013d6d94b (type: security_group_rules) to 0
2026-05-12 12:39:23.380 10 INFO neutron.db.ovn_revision_numbers_db [None req-b2a14ed5-0434-4801-8206-b42a0dff7e65 813b50fe033c47bf86101b677565ebf1 70531c47f5fd4c7d945a6ab385b39429 - - default default] Successfully bumped revision number for resource 42217849-5e83-423e-a8ee-b878b97cb13b (type: security_group_rules) to 0
2026-05-12 12:39:23.398 10 INFO neutron.db.ovn_revision_numbers_db [None req-b2a14ed5-0434-4801-8206-b42a0dff7e65 813b50fe033c47bf86101b677565ebf1 70531c47f5fd4c7d945a6ab385b39429 - - default default] Successfully bumped revision number for resource b8aa4c30-42be-4fce-98b8-df9c858c0190 (type: security_group_rules) to 0
2026-05-12 12:39:23.418 10 INFO neutron.db.ovn_revision_numbers_db [None req-b2a14ed5-0434-4801-8206-b42a0dff7e65 813b50fe033c47bf86101b677565ebf1 70531c47f5fd4c7d945a6ab385b39429 - - default default] Successfully bumped revision number for resource c90a5d31-eb61-4f0a-9e3d-4a3391ce8d7b (type: security_group_rules) to 0
2026-05-12 12:39:23.451 10 INFO neutron.wsgi [None req-b2a14ed5-0434-4801-8206-b42a0dff7e65 813b50fe033c47bf86101b677565ebf1 70531c47f5fd4c7d945a6ab385b39429 - - default default] 10.0.0.129 "GET /v2.0/security-groups?tenant_id=d733394235ec40f68f95456bd0c35859&name=default HTTP/1.1" status: 200 len: 2996 time: 0.4957705 /var/lib/openstack/lib/python3.10/site-packages/pycadf/identifier.py:71: UserWarning: Invalid uuid: neutron. To ensure interoperability, identifiers should be a valid uuid. warnings.warn(('Invalid uuid: %s. To ensure interoperability, '
2026-05-12 12:39:23.538 10 INFO neutron.wsgi [None req-4c2acdac-c5d9-4ca8-9b58-79b9534d30c4 ff24ce3440394e0db1a763750d19370e 4fee5fca02534a749782bcae56c4cb92 - - default default] 10.0.0.129 "DELETE /v2.0/subnets/a2e34688-72b6-4587-a0db-536774f7e329 HTTP/1.1" status: 204 len: 168 time: 0.2018287
2026-05-12 12:39:23.692 9 INFO neutron.db.ovn_revision_numbers_db [None req-b4c47547-2e9f-4b0e-a98c-c7969fe5652f 236c1ea07c274c93804c7cdd1bbad325 947744261d7f41039697890b05ff0841 - - default default] Successfully bumped revision number for resource e547bb9f-dca2-447e-b4e9-f03fa5a53893 (type: router_ports) to 1
2026-05-12 12:39:23.758 9 INFO neutron.wsgi [None req-fd693058-9553-4f38-9855-777b4b9c6412 813b50fe033c47bf86101b677565ebf1 70531c47f5fd4c7d945a6ab385b39429 - - default default] 10.0.0.129 "DELETE /v2.0/security-groups/40c2f10c-8e12-47d2-be0f-9e61eac5a1a7 HTTP/1.1" status: 204 len: 168 time: 0.3012619
2026-05-12 12:39:23.801 9 INFO neutron.db.ovn_revision_numbers_db [None req-b4c47547-2e9f-4b0e-a98c-c7969fe5652f 236c1ea07c274c93804c7cdd1bbad325 947744261d7f41039697890b05ff0841 - - default default] Successfully bumped revision number for resource e547bb9f-dca2-447e-b4e9-f03fa5a53893 (type: ports) to 1
2026-05-12 12:39:23.832 10 INFO neutron.wsgi [req-51398f24-2bb7-4dcb-b469-d5a86154bb29 req-f58568ea-2fd3-4d53-9894-029c6808df6a 32a88cff2ff9459caec55978d8620267 2bf896468a5a46faad48dd176255f841 - - default default] 10.0.0.52 "GET /v2.0/ports?device_id=120d5b30-ce69-4eb7-b2fc-5ba279e245d8 HTTP/1.1" status: 200 len: 1174 time: 0.1086538
2026-05-12 12:39:23.872 9 WARNING neutron.scheduler.dhcp_agent_scheduler [None req-b4c47547-2e9f-4b0e-a98c-c7969fe5652f 236c1ea07c274c93804c7cdd1bbad325 947744261d7f41039697890b05ff0841 - - default default] No more DHCP agents
2026-05-12 12:39:23.874 9 WARNING neutron.api.rpc.agentnotifiers.dhcp_rpc_agent_api [None req-b4c47547-2e9f-4b0e-a98c-c7969fe5652f 236c1ea07c274c93804c7cdd1bbad325 947744261d7f41039697890b05ff0841 - - default default] Unable to schedule network 1e615c32-8d3c-4824-829b-156dcd68927f: no agents available; will retry on subsequent port and subnet creation events.
2026-05-12 12:39:23.892 10 INFO neutron.wsgi [req-51398f24-2bb7-4dcb-b469-d5a86154bb29 req-ed38a8ce-0e83-401a-87db-02dca2a25f97 32a88cff2ff9459caec55978d8620267 2bf896468a5a46faad48dd176255f841 - - default default] 10.0.0.52 "GET /v2.0/security-groups?id=eabc8a5b-d936-49e7-9fb5-fed4e9f5814b&fields=id&fields=name HTTP/1.1" status: 200 len: 313 time: 0.0454743
2026-05-12 12:39:23.930 10 INFO neutron.services.segments.plugin [-] Segment f7f04dec-c952-4ed3-b125-cb509e51fbb9 resource provider aggregate not found
2026-05-12 12:39:23.946 10 INFO neutron.services.segments.plugin [-] Segment f7f04dec-c952-4ed3-b125-cb509e51fbb9 resource provider aggregate not found
2026-05-12 12:39:23.962 10 INFO neutron.services.segments.plugin [-] Segment f7f04dec-c952-4ed3-b125-cb509e51fbb9 resource provider not found; error: Placement Client Error (4xx): {"errors": [{"status": 404, "title": "Not Found", "detail": "The resource could not be found.\n\n No resource provider with uuid f7f04dec-c952-4ed3-b125-cb509e51fbb9 found for delete ", "request_id": "req-5b5c7da2-e80e-4129-891f-1b720937a4b6"}]}
2026-05-12 12:39:23.964 10 INFO neutron.services.segments.plugin [-] Segment f7f04dec-c952-4ed3-b125-cb509e51fbb9 resource provider not found; error: Placement Client Error (4xx): {"errors": [{"status": 404, "title": "Not Found", "detail": "The resource could not be found.\n\n No resource provider with uuid f7f04dec-c952-4ed3-b125-cb509e51fbb9 found for delete ", "request_id": "req-43ec1f8d-f495-47c0-a87a-42eb0174fa33"}]}
2026-05-12 12:39:23.986 10 INFO neutron.wsgi [None req-497b7e36-a69d-4057-b4e2-edcc4ec7b088 ff24ce3440394e0db1a763750d19370e 4fee5fca02534a749782bcae56c4cb92 - - default default] 10.0.0.129 "DELETE /v2.0/networks/7cefa0e7-f4af-4f5b-9490-7d3ed4c66679 HTTP/1.1" status: 204 len: 168 time: 0.4444056
2026-05-12 12:39:24.074 9 INFO neutron.db.ovn_revision_numbers_db [None req-b4c47547-2e9f-4b0e-a98c-c7969fe5652f 236c1ea07c274c93804c7cdd1bbad325 947744261d7f41039697890b05ff0841 - - default default] Successfully bumped revision number for resource e547bb9f-dca2-447e-b4e9-f03fa5a53893 (type: router_ports) to 1
2026-05-12 12:39:24.077 9 INFO neutron.wsgi [None req-b4c47547-2e9f-4b0e-a98c-c7969fe5652f 236c1ea07c274c93804c7cdd1bbad325 947744261d7f41039697890b05ff0841 - - default default] 10.0.0.129 "PUT /v2.0/routers/bbe60c67-61e3-40d5-bd6b-9cd32ac7a216/add_router_interface HTTP/1.1" status: 200 len: 503 time: 1.3199863
2026-05-12 12:39:24.136 10 INFO neutron.plugins.ml2.drivers.ovn.mech_driver.mech_driver [None req-1ba4cf68-df90-4fdb-acf9-b87a25295594 - - - - - -] OVN reports status down for port: 5edb5fd2-8bb1-4c72-bf04-f64e71cd157d
2026-05-12 12:39:24.154 10 INFO neutron.wsgi [None req-0eab666a-777d-42f7-95cd-82b024f5b43c 236c1ea07c274c93804c7cdd1bbad325 947744261d7f41039697890b05ff0841 - - default default] 10.0.0.129 "GET /v2.0/ports/e547bb9f-dca2-447e-b4e9-f03fa5a53893 HTTP/1.1" status: 200 len: 1139 time: 0.0724626
2026-05-12 12:39:24.160 10 INFO neutron.wsgi [req-48dd3bcd-e3f4-44dc-8b92-f72972b8cd0a req-113861dd-ab99-4166-924d-706a7e1008be 32a88cff2ff9459caec55978d8620267 2bf896468a5a46faad48dd176255f841 - - default default] 10.0.0.52 "GET /v2.0/ports?device_id=120d5b30-ce69-4eb7-b2fc-5ba279e245d8 HTTP/1.1" status: 200 len: 1174 time: 0.0907903
2026-05-12 12:39:24.226 10 INFO neutron.wsgi [req-48dd3bcd-e3f4-44dc-8b92-f72972b8cd0a req-b9f9a2a4-4849-4a9d-b48e-ec3072acc912 32a88cff2ff9459caec55978d8620267 2bf896468a5a46faad48dd176255f841 - - default default] 10.0.0.52 "GET /v2.0/security-groups?id=eabc8a5b-d936-49e7-9fb5-fed4e9f5814b&fields=id&fields=name HTTP/1.1" status: 200 len: 313 time: 0.0493405
2026-05-12 12:39:24.417 10 INFO neutron.notifiers.nova [-] Nova event matching ['req-dea0f898-683a-4a8b-bab4-96d9f0681279'] response: {'server_uuid': '120d5b30-ce69-4eb7-b2fc-5ba279e245d8', 'name': 'network-vif-unplugged', 'status': 'completed', 'tag': '5edb5fd2-8bb1-4c72-bf04-f64e71cd157d', 'code': 200}
2026-05-12 12:39:24.633 10 INFO neutron.db.ovn_revision_numbers_db [None req-1ba4cf68-df90-4fdb-acf9-b87a25295594 - - - - - -] Successfully bumped revision number for resource 5edb5fd2-8bb1-4c72-bf04-f64e71cd157d (type: ports) to 7
2026-05-12 12:39:24.654 9 INFO neutron.wsgi [req-dda7413d-23b2-446c-985d-d19abae39de5 req-d87bfd4a-9328-459f-b6d1-bf43819f0dc6 32a88cff2ff9459caec55978d8620267 2bf896468a5a46faad48dd176255f841 - - default default] 199.19.213.199 "GET /v2.0/ports?device_id=120d5b30-ce69-4eb7-b2fc-5ba279e245d8 HTTP/1.1" status: 200 len: 1172 time: 0.1248136
2026-05-12 12:39:24.658 10 WARNING neutron.scheduler.dhcp_agent_scheduler [None req-3fb25ea4-860c-47fb-8a1e-af21c8d3095c ff24ce3440394e0db1a763750d19370e 4fee5fca02534a749782bcae56c4cb92 - - default default] No more DHCP agents
2026-05-12 12:39:24.663 10 WARNING neutron.api.rpc.agentnotifiers.dhcp_rpc_agent_api [None req-3fb25ea4-860c-47fb-8a1e-af21c8d3095c ff24ce3440394e0db1a763750d19370e 4fee5fca02534a749782bcae56c4cb92 - - default default] Unable to schedule network 796f428f-b918-47ed-8844-446f5371b248: no agents available; will retry on subsequent port and subnet creation events.
2026-05-12 12:39:24.819 10 INFO neutron.db.ovn_revision_numbers_db [None req-3fb25ea4-860c-47fb-8a1e-af21c8d3095c ff24ce3440394e0db1a763750d19370e 4fee5fca02534a749782bcae56c4cb92 - - default default] Successfully bumped revision number for resource bfe1c614-6324-47ac-907e-abeb9d00da84 (type: ports) to 1
2026-05-12 12:39:24.986 9 WARNING neutron.scheduler.dhcp_agent_scheduler [None req-227779a2-17b6-4e4d-a872-c7f794c09d7a 236c1ea07c274c93804c7cdd1bbad325 947744261d7f41039697890b05ff0841 - - default default] No more DHCP agents
2026-05-12 12:39:24.990 9 WARNING neutron.api.rpc.agentnotifiers.dhcp_rpc_agent_api [None req-227779a2-17b6-4e4d-a872-c7f794c09d7a 236c1ea07c274c93804c7cdd1bbad325 947744261d7f41039697890b05ff0841 - - default default] Unable to schedule network ca949fef-c964-4554-a41c-cf16062acd80: no agents available; will retry on subsequent port and subnet creation events.
2026-05-12 12:39:25.004 9 INFO neutron.db.l3_db [req-dda7413d-23b2-446c-985d-d19abae39de5 req-ca25b24a-44ff-477e-8999-09791a31d7d1 32a88cff2ff9459caec55978d8620267 2bf896468a5a46faad48dd176255f841 - - default default] Floating IP 55d6a0f7-4241-49b9-854a-6c90e41af0c4 disassociated. External IP: 10.96.250.214, port: 5edb5fd2-8bb1-4c72-bf04-f64e71cd157d.
2026-05-12 12:39:25.142 9 INFO neutron.db.ovn_revision_numbers_db [None req-227779a2-17b6-4e4d-a872-c7f794c09d7a 236c1ea07c274c93804c7cdd1bbad325 947744261d7f41039697890b05ff0841 - - default default] Successfully bumped revision number for resource a0d5182c-0959-475d-8a7c-870fb0c8cca9 (type: ports) to 1
2026-05-12 12:39:25.203 9 INFO neutron.wsgi [req-dda7413d-23b2-446c-985d-d19abae39de5 req-ca25b24a-44ff-477e-8999-09791a31d7d1 32a88cff2ff9459caec55978d8620267 2bf896468a5a46faad48dd176255f841 - - default default] 199.19.213.199 "DELETE /v2.0/ports/5edb5fd2-8bb1-4c72-bf04-f64e71cd157d HTTP/1.1" status: 204 len: 173 time: 0.5425043
2026-05-12 12:39:25.241 9 INFO neutron.notifiers.nova [-] Nova event matching ['req-bc14eebd-8c1d-4a21-8e4b-a45e2946f583'] response: {'server_uuid': '120d5b30-ce69-4eb7-b2fc-5ba279e245d8', 'name': 'network-vif-deleted', 'tag': '5edb5fd2-8bb1-4c72-bf04-f64e71cd157d', 'status': 'completed', 'code': 200} /var/lib/openstack/lib/python3.10/site-packages/pycadf/identifier.py:71: UserWarning: Invalid uuid: neutron. To ensure interoperability, identifiers should be a valid uuid. warnings.warn(('Invalid uuid: %s. To ensure interoperability, '
2026-05-12 12:39:25.327 10 INFO neutron.wsgi [req-9e19f1f0-54a5-46f9-9fcd-b9d49b3602e2 req-dff03711-535d-4c10-93f2-26b473ad8fbe 32a88cff2ff9459caec55978d8620267 2bf896468a5a46faad48dd176255f841 - - default default] 10.0.0.52 "GET /v2.0/ports?device_id=120d5b30-ce69-4eb7-b2fc-5ba279e245d8 HTTP/1.1" status: 200 len: 210 time: 0.0295005
2026-05-12 12:39:25.402 10 INFO neutron.plugins.ml2.drivers.ovn.mech_driver.mech_driver [None req-1ba4cf68-df90-4fdb-acf9-b87a25295594 - - - - - -] OVN reports status up for port: bfe1c614-6324-47ac-907e-abeb9d00da84
2026-05-12 12:39:25.419 10 INFO neutron.plugins.ml2.plugin [None req-1ba4cf68-df90-4fdb-acf9-b87a25295594 - - - - - -] Attempt 1 to provision port bfe1c614-6324-47ac-907e-abeb9d00da84
2026-05-12 12:39:25.444 10 INFO neutron.db.ovn_revision_numbers_db [None req-3fb25ea4-860c-47fb-8a1e-af21c8d3095c ff24ce3440394e0db1a763750d19370e 4fee5fca02534a749782bcae56c4cb92 - - default default] Successfully bumped revision number for resource bfe1c614-6324-47ac-907e-abeb9d00da84 (type: router_ports) to 1
2026-05-12 12:39:25.528 10 INFO neutron.db.ovn_revision_numbers_db [None req-3fb25ea4-860c-47fb-8a1e-af21c8d3095c ff24ce3440394e0db1a763750d19370e 4fee5fca02534a749782bcae56c4cb92 - - default default] Successfully bumped revision number for resource 2539de76-7d46-4fb3-acfb-08c8a48fcbb4 (type: routers) to 2
2026-05-12 12:39:25.546 10 INFO neutron.wsgi [None req-3fb25ea4-860c-47fb-8a1e-af21c8d3095c ff24ce3440394e0db1a763750d19370e 4fee5fca02534a749782bcae56c4cb92 - - default default] 10.0.0.129 "POST /v2.0/routers HTTP/1.1" status: 201 len: 867 time: 1.5532730
2026-05-12 12:39:25.610 9 INFO neutron.db.ovn_revision_numbers_db [None req-227779a2-17b6-4e4d-a872-c7f794c09d7a 236c1ea07c274c93804c7cdd1bbad325 947744261d7f41039697890b05ff0841 - - default default] Successfully bumped revision number for resource a0d5182c-0959-475d-8a7c-870fb0c8cca9 (type: router_ports) to 1
2026-05-12 12:39:25.616 10 INFO neutron.wsgi [None req-803875fc-c5b8-40b8-a313-0963ec62fb10 ff24ce3440394e0db1a763750d19370e 4fee5fca02534a749782bcae56c4cb92 - - default default] 10.0.0.129 "GET /v2.0/routers/2539de76-7d46-4fb3-acfb-08c8a48fcbb4 HTTP/1.1" status: 200 len: 868 time: 0.0662718
2026-05-12 12:39:25.699 9 INFO neutron.db.ovn_revision_numbers_db [None req-227779a2-17b6-4e4d-a872-c7f794c09d7a 236c1ea07c274c93804c7cdd1bbad325 947744261d7f41039697890b05ff0841 - - default default] Successfully bumped revision number for resource a0d5182c-0959-475d-8a7c-870fb0c8cca9 (type: ports) to 1
2026-05-12 12:39:25.755 9 WARNING neutron.scheduler.dhcp_agent_scheduler [None req-227779a2-17b6-4e4d-a872-c7f794c09d7a 236c1ea07c274c93804c7cdd1bbad325 947744261d7f41039697890b05ff0841 - - default default] No more DHCP agents
2026-05-12 12:39:25.757 9 WARNING neutron.api.rpc.agentnotifiers.dhcp_rpc_agent_api [None req-227779a2-17b6-4e4d-a872-c7f794c09d7a 236c1ea07c274c93804c7cdd1bbad325 947744261d7f41039697890b05ff0841 - - default default] Unable to schedule network ca949fef-c964-4554-a41c-cf16062acd80: no agents available; will retry on subsequent port and subnet creation events.
2026-05-12 12:39:25.908 10 INFO neutron.wsgi [None req-b78b7bf1-2b7b-483c-9eed-9cf89b1b8a1c ff24ce3440394e0db1a763750d19370e 4fee5fca02534a749782bcae56c4cb92 - - default default] 10.0.0.129 "GET /v2.0/routers HTTP/1.1" status: 200 len: 871 time: 0.2859459
2026-05-12 12:39:25.927 9 INFO neutron.db.ovn_revision_numbers_db [None req-227779a2-17b6-4e4d-a872-c7f794c09d7a 236c1ea07c274c93804c7cdd1bbad325 947744261d7f41039697890b05ff0841 - - default default] Successfully bumped revision number for resource a0d5182c-0959-475d-8a7c-870fb0c8cca9 (type: router_ports) to 1
2026-05-12 12:39:25.929 9 INFO neutron.wsgi [None req-227779a2-17b6-4e4d-a872-c7f794c09d7a 236c1ea07c274c93804c7cdd1bbad325 947744261d7f41039697890b05ff0841 - - default default] 10.0.0.129 "PUT /v2.0/routers/bbe60c67-61e3-40d5-bd6b-9cd32ac7a216/add_router_interface HTTP/1.1" status: 200 len: 503 time: 1.7700939
2026-05-12 12:39:26.016 9 INFO neutron.wsgi [None req-0acbe020-89bc-4348-bd58-e80a131fcfc5 236c1ea07c274c93804c7cdd1bbad325 947744261d7f41039697890b05ff0841 - - default default] 10.0.0.129 "GET /v2.0/ports/a0d5182c-0959-475d-8a7c-870fb0c8cca9 HTTP/1.1" status: 200 len: 1147 time: 0.0837712
2026-05-12 12:39:26.056 9 INFO neutron.wsgi [None req-74c74a94-cd05-43ce-9cd5-681f4dd39b16 236c1ea07c274c93804c7cdd1bbad325 947744261d7f41039697890b05ff0841 - - default default] 10.0.0.129 "GET /v2.0/ports/a0d5182c-0959-475d-8a7c-870fb0c8cca9 HTTP/1.1" status: 200 len: 1147 time: 0.0344651
2026-05-12 12:39:26.287 10 INFO neutron.db.ovn_revision_numbers_db [None req-f6fe07ab-4ac1-4254-9684-d068cae430c5 ff24ce3440394e0db1a763750d19370e 4fee5fca02534a749782bcae56c4cb92 - - default default] Successfully bumped revision number for resource 2539de76-7d46-4fb3-acfb-08c8a48fcbb4 (type: routers) to 3
2026-05-12 12:39:26.291 10 INFO neutron.wsgi [None req-f6fe07ab-4ac1-4254-9684-d068cae430c5 ff24ce3440394e0db1a763750d19370e 4fee5fca02534a749782bcae56c4cb92 - - default default] 10.0.0.129 "PUT /v2.0/routers/2539de76-7d46-4fb3-acfb-08c8a48fcbb4 HTTP/1.1" status: 200 len: 875 time: 0.3787203
2026-05-12 12:39:26.361 10 INFO neutron.wsgi [None req-920f2185-38f2-4d39-ab3d-6bf5ed16c22c ff24ce3440394e0db1a763750d19370e 4fee5fca02534a749782bcae56c4cb92 - - default default] 10.0.0.129 "GET /v2.0/routers/2539de76-7d46-4fb3-acfb-08c8a48fcbb4 HTTP/1.1" status: 200 len: 875 time: 0.0654371
2026-05-12 12:39:26.389 10 INFO neutron.wsgi [None req-bc3825c3-cb89-4f7b-b731-10978ba6de44 ff24ce3440394e0db1a763750d19370e 4fee5fca02534a749782bcae56c4cb92 - - default default] 10.0.0.129 "GET /v2.0/ports?device_id=2539de76-7d46-4fb3-acfb-08c8a48fcbb4 HTTP/1.1" status: 200 len: 205 time: 0.0238740
2026-05-12 12:39:26.467 10 INFO neutron.notifiers.nova [-] Nova event matching ['req-92bef09a-f06d-4abe-b675-4b5d7fb85ea9'] response: {'server_uuid': '120d5b30-ce69-4eb7-b2fc-5ba279e245d8', 'name': 'network-vif-plugged', 'status': 'completed', 'tag': '5edb5fd2-8bb1-4c72-bf04-f64e71cd157d', 'code': 200}
2026-05-12 12:39:26.521 9 INFO neutron.wsgi [None req-f9cf042f-875f-4d4b-bb1a-125bd7da8df0 32a88cff2ff9459caec55978d8620267 2bf896468a5a46faad48dd176255f841 - - default default] 10.0.0.129 "DELETE /v2.0/security-groups/eabc8a5b-d936-49e7-9fb5-fed4e9f5814b HTTP/1.1" status: 204 len: 168 time: 0.1147256
2026-05-12 12:39:26.536 9 INFO neutron.api.v2.resource [None req-bc72c3c3-6621-401e-a4f0-ca06a3ccad3f 32a88cff2ff9459caec55978d8620267 2bf896468a5a46faad48dd176255f841 - - default default] show failed (client error): The resource could not be found.
2026-05-12 12:39:26.538 9 INFO neutron.wsgi [None req-bc72c3c3-6621-401e-a4f0-ca06a3ccad3f 32a88cff2ff9459caec55978d8620267 2bf896468a5a46faad48dd176255f841 - - default default] 10.0.0.129 "GET /v2.0/security-groups/eabc8a5b-d936-49e7-9fb5-fed4e9f5814b HTTP/1.1" status: 404 len: 347 time: 0.0107927
2026-05-12 12:39:26.834 9 INFO neutron.wsgi [None req-424a9813-3a27-40b5-9e0f-f906614375c7 32a88cff2ff9459caec55978d8620267 2bf896468a5a46faad48dd176255f841 - - default default] 10.0.0.129 "DELETE /v2.0/floatingips/55d6a0f7-4241-49b9-854a-6c90e41af0c4 HTTP/1.1" status: 204 len: 168 time: 0.2902749
2026-05-12 12:39:26.854 9 WARNING neutron.plugins.ml2.drivers.ovn.mech_driver.ovsdb.ovn_client [None req-3a078323-2504-463b-b6cc-c0b14309ece2 - - - - - -] No port found with ID a48f0771-091c-423f-8297-2600f0f70c88: RuntimeError: No port found with ID a48f0771-091c-423f-8297-2600f0f70c88
2026-05-12 12:39:26.855 9 INFO neutron.plugins.ml2.drivers.ovn.mech_driver.mech_driver [None req-3a078323-2504-463b-b6cc-c0b14309ece2 - - - - - -] OVN reports status up for port: e547bb9f-dca2-447e-b4e9-f03fa5a53893
2026-05-12 12:39:26.872 9 INFO neutron.plugins.ml2.plugin [None req-3a078323-2504-463b-b6cc-c0b14309ece2 - - - - - -] Attempt 1 to provision port e547bb9f-dca2-447e-b4e9-f03fa5a53893
2026-05-12 12:39:26.965 10 INFO neutron.wsgi [None req-4b0dd642-12a2-46b7-a01b-c9efc420a655 ff24ce3440394e0db1a763750d19370e 4fee5fca02534a749782bcae56c4cb92 - - default default] 10.0.0.129 "DELETE /v2.0/routers/2539de76-7d46-4fb3-acfb-08c8a48fcbb4 HTTP/1.1" status: 204 len: 168 time: 0.5721469
2026-05-12 12:39:26.992 10 INFO neutron.wsgi [None req-51fd0ce1-3ea5-47de-8f32-2ae0bcf23b42 ff24ce3440394e0db1a763750d19370e 4fee5fca02534a749782bcae56c4cb92 - - default default] 10.0.0.129 "GET /v2.0/ports?device_id=2539de76-7d46-4fb3-acfb-08c8a48fcbb4 HTTP/1.1" status: 200 len: 205 time: 0.0195713
2026-05-12 12:39:27.020 10 INFO neutron.api.v2.resource [None req-a080253b-4970-4f09-92cf-6c0016f98844 ff24ce3440394e0db1a763750d19370e 4fee5fca02534a749782bcae56c4cb92 - - default default] delete failed (client error): The resource could not be found.
2026-05-12 12:39:27.021 10 INFO neutron.wsgi [None req-a080253b-4970-4f09-92cf-6c0016f98844 ff24ce3440394e0db1a763750d19370e 4fee5fca02534a749782bcae56c4cb92 - - default default] 10.0.0.129 "DELETE /v2.0/routers/2539de76-7d46-4fb3-acfb-08c8a48fcbb4 HTTP/1.1" status: 404 len: 336 time: 0.0233612
2026-05-12 12:39:27.045 10 INFO neutron.wsgi [None req-32418021-9ab5-4b21-8695-d1646855163c ff24ce3440394e0db1a763750d19370e 4fee5fca02534a749782bcae56c4cb92 - - default default] 10.0.0.129 "GET /v2.0/ports?device_id=bb46e6bc-ac08-4041-85ac-f2c05a89b746 HTTP/1.1" status: 200 len: 205 time: 0.0190988
2026-05-12 12:39:27.069 10 INFO neutron.api.v2.resource [None req-ddad832d-b87c-4a45-9a6a-f8bed9003234 ff24ce3440394e0db1a763750d19370e 4fee5fca02534a749782bcae56c4cb92 - - default default] delete failed (client error): The resource could not be found.
2026-05-12 12:39:27.071 10 INFO neutron.wsgi [None req-ddad832d-b87c-4a45-9a6a-f8bed9003234 ff24ce3440394e0db1a763750d19370e 4fee5fca02534a749782bcae56c4cb92 - - default default] 10.0.0.129 "DELETE /v2.0/routers/bb46e6bc-ac08-4041-85ac-f2c05a89b746 HTTP/1.1" status: 404 len: 336 time: 0.0210738
