2026-05-12 12:38:35.492 10 INFO neutron.db.ovn_revision_numbers_db [None req-369674c0-67d2-4f93-9ef2-e4ac0150bad0 7bbad069eed44082af98b70e1cdef124 be82f815706d4a31879127ba00116a19 - - default default] Successfully bumped revision number for resource 46675fd4-cc85-4858-9066-46251b6d143e (type: ports) to 1
2026-05-12 12:38:35.495 10 INFO neutron.wsgi [req-f78065c6-99ea-438b-9559-8fb53d59ad42 req-c21f6c32-3a9b-40bd-a1aa-93b9ab3bf811 e5d6be55440e4746ab8b9595e5b87d11 e6c220f1b09f4bf9ab3f32dddef271cf - - default default] 10.0.0.52 "GET /v2.0/security-groups?id=003937f0-bdc9-4786-bbb9-9a1e4a3aeb1e&fields=id&fields=name HTTP/1.1" status: 200 len: 311 time: 0.0457084
2026-05-12 12:38:35.523 10 INFO neutron.wsgi [None req-369674c0-67d2-4f93-9ef2-e4ac0150bad0 7bbad069eed44082af98b70e1cdef124 be82f815706d4a31879127ba00116a19 - - default default] 10.0.0.129 "POST /v2.0/networks HTTP/1.1" status: 201 len: 1446 time: 1.6598890
2026-05-12 12:38:35.640 10 INFO neutron.wsgi [None req-48065d11-bd15-452e-a075-fb5e34989c07 7bbad069eed44082af98b70e1cdef124 be82f815706d4a31879127ba00116a19 - - default default] 10.0.0.129 "GET /v2.0/networks HTTP/1.1" status: 200 len: 2052 time: 0.1131907
2026-05-12 12:38:35.759 9 INFO neutron.wsgi [req-6ebda098-26aa-459a-840c-a1b481156bee req-6b023118-2a1a-4d8d-b033-09fa18f24768 e5d6be55440e4746ab8b9595e5b87d11 e6c220f1b09f4bf9ab3f32dddef271cf - - default default] 199.19.213.199 "GET /v2.0/ports?device_id=c5dc36ae-8cc4-4925-bca3-85949ffb01bb HTTP/1.1" status: 200 len: 1168 time: 0.0540166
2026-05-12 12:38:35.785 9 INFO neutron.db.ovn_revision_numbers_db [None req-b862e039-b761-4960-bdc6-eca4f0b0438c 813b50fe033c47bf86101b677565ebf1 70531c47f5fd4c7d945a6ab385b39429 - - default default] Successfully bumped revision number for resource d81db931-88e1-49d3-9c21-3550ad47aca0 (type: ports) to 2
2026-05-12 12:38:35.846 9 INFO neutron.wsgi [None req-5ec5a588-ca96-4a9d-8b55-94d0e2ef7401 813b50fe033c47bf86101b677565ebf1 70531c47f5fd4c7d945a6ab385b39429 - - default default] 10.0.0.129 "DELETE /v2.0/security-groups/ac854e11-7926-465d-b811-1177128ffcd8 HTTP/1.1" status: 204 len: 168 time: 0.4175968
2026-05-12 12:38:35.868 9 INFO neutron.db.ovn_revision_numbers_db [None req-b862e039-b761-4960-bdc6-eca4f0b0438c 813b50fe033c47bf86101b677565ebf1 70531c47f5fd4c7d945a6ab385b39429 - - default default] Successfully bumped revision number for resource ca8174db-8dd4-41c6-87e6-8a7d2533d33b (type: subnets) to 0
2026-05-12 12:38:35.892 9 INFO neutron.notifiers.nova [-] Nova event matching ['req-e9fb8f81-6ef4-44af-b002-9a593e37b12f'] response: {'server_uuid': 'c5dc36ae-8cc4-4925-bca3-85949ffb01bb', 'name': 'network-vif-unplugged', 'status': 'completed', 'tag': 'd29501b8-fceb-45cb-b219-6abd3ae8fa5f', 'code': 200}
2026-05-12 12:38:35.897 9 INFO neutron.wsgi [None req-b862e039-b761-4960-bdc6-eca4f0b0438c 813b50fe033c47bf86101b677565ebf1 70531c47f5fd4c7d945a6ab385b39429 - - default default] 10.0.0.129 "POST /v2.0/subnets HTTP/1.1" status: 201 len: 865 time: 0.8914747
2026-05-12 12:38:35.923 9 INFO neutron.db.ovn_revision_numbers_db [None req-3a078323-2504-463b-b6cc-c0b14309ece2 - - - - - -] Successfully bumped revision number for resource d29501b8-fceb-45cb-b219-6abd3ae8fa5f (type: ports) to 7
2026-05-12 12:38:36.078 10 INFO neutron.services.segments.plugin [-] Segment 1c3564d1-43df-4040-aad4-0988c71c7c92 resource provider aggregate not found
2026-05-12 12:38:36.082 9 INFO neutron.db.l3_db [req-6ebda098-26aa-459a-840c-a1b481156bee req-085cf801-1f3b-41d8-a301-5891f18ecec6 e5d6be55440e4746ab8b9595e5b87d11 e6c220f1b09f4bf9ab3f32dddef271cf - - default default] Floating IP 1fecc96f-d251-4c13-8713-3a0d709c8367 disassociated. External IP: 10.96.250.207, port: d29501b8-fceb-45cb-b219-6abd3ae8fa5f.
2026-05-12 12:38:36.083 10 INFO neutron.services.segments.plugin [-] Segment 1c3564d1-43df-4040-aad4-0988c71c7c92 resource provider aggregate not found
2026-05-12 12:38:36.125 10 INFO neutron.services.segments.plugin [-] Segment 1c3564d1-43df-4040-aad4-0988c71c7c92 resource provider not found; error: Placement Client Error (4xx): {"errors": [{"status": 404, "title": "Not Found", "detail": "The resource could not be found.\n\n No resource provider with uuid 1c3564d1-43df-4040-aad4-0988c71c7c92 found for delete ", "request_id": "req-d8d158d3-fdb3-4e33-8c51-0fe49d752988"}]}
2026-05-12 12:38:36.141 10 INFO neutron.services.segments.plugin [-] Segment 1c3564d1-43df-4040-aad4-0988c71c7c92 resource provider not found; error: Placement Client Error (4xx): {"errors": [{"status": 404, "title": "Not Found", "detail": "The resource could not be found.\n\n No resource provider with uuid 1c3564d1-43df-4040-aad4-0988c71c7c92 found for delete ", "request_id": "req-ad284ea9-c879-45e8-944a-8c8c1b7b57af"}]}
2026-05-12 12:38:36.184 10 INFO neutron.wsgi [None req-7d3c186d-866f-4bd9-b120-7a9f8ec6fa06 7bbad069eed44082af98b70e1cdef124 be82f815706d4a31879127ba00116a19 - - default default] 10.0.0.129 "DELETE /v2.0/networks/9c4201bb-6cc6-46fb-91ac-1a47c4b3fb26 HTTP/1.1" status: 204 len: 168 time: 0.5367341 /var/lib/openstack/lib/python3.10/site-packages/pycadf/identifier.py:71: UserWarning: Invalid uuid: neutron. To ensure interoperability, identifiers should be a valid uuid. warnings.warn(('Invalid uuid: %s. To ensure interoperability, '
2026-05-12 12:38:36.265 9 INFO neutron.wsgi [req-6ebda098-26aa-459a-840c-a1b481156bee req-085cf801-1f3b-41d8-a301-5891f18ecec6 e5d6be55440e4746ab8b9595e5b87d11 e6c220f1b09f4bf9ab3f32dddef271cf - - default default] 199.19.213.199 "DELETE /v2.0/ports/d29501b8-fceb-45cb-b219-6abd3ae8fa5f HTTP/1.1" status: 204 len: 173 time: 0.5006492
2026-05-12 12:38:36.439 10 WARNING neutron.scheduler.dhcp_agent_scheduler [None req-089bca5e-7fee-4982-b182-81343c284baf 813b50fe033c47bf86101b677565ebf1 70531c47f5fd4c7d945a6ab385b39429 - - default default] No more DHCP agents
2026-05-12 12:38:36.441 10 WARNING neutron.api.rpc.agentnotifiers.dhcp_rpc_agent_api [None req-089bca5e-7fee-4982-b182-81343c284baf 813b50fe033c47bf86101b677565ebf1 70531c47f5fd4c7d945a6ab385b39429 - - default default] Unable to schedule network 796f428f-b918-47ed-8844-446f5371b248: no agents available; will retry on subsequent port and subnet creation events.
2026-05-12 12:38:36.473 9 INFO neutron.wsgi [-] 10.0.0.215 "GET / HTTP/1.1" status: 200 len: 247 time: 0.0018051
2026-05-12 12:38:36.475 9 INFO neutron.wsgi [-] 10.0.0.215 "GET / HTTP/1.1" status: 200 len: 247 time: 0.0013564
2026-05-12 12:38:36.570 9 INFO neutron.services.segments.plugin [-] Segment 6e72923c-cb79-4f2f-8919-dd5ab3190bd8 resource provider aggregate not found
2026-05-12 12:38:36.575 9 INFO neutron.services.segments.plugin [-] Segment 6e72923c-cb79-4f2f-8919-dd5ab3190bd8 resource provider aggregate not found
2026-05-12 12:38:36.591 10 INFO neutron.db.ovn_revision_numbers_db [None req-089bca5e-7fee-4982-b182-81343c284baf 813b50fe033c47bf86101b677565ebf1 70531c47f5fd4c7d945a6ab385b39429 - - default default] Successfully bumped revision number for resource 32f00bc8-6798-451d-a7ca-f3d02d1dd2be (type: ports) to 1
2026-05-12 12:38:36.592 9 INFO neutron.services.segments.plugin [-] Segment 6e72923c-cb79-4f2f-8919-dd5ab3190bd8 resource provider not found; error: Placement Client Error (4xx): {"errors": [{"status": 404, "title": "Not Found", "detail": "The resource could not be found.\n\n No resource provider with uuid 6e72923c-cb79-4f2f-8919-dd5ab3190bd8 found for delete ", "request_id": "req-e105c53e-ab1a-40e6-93e7-f20e9bb21675"}]}
2026-05-12 12:38:36.597 9 INFO neutron.services.segments.plugin [-] Segment 6e72923c-cb79-4f2f-8919-dd5ab3190bd8 resource provider not found; error: Placement Client Error (4xx): {"errors": [{"status": 404, "title": "Not Found", "detail": "The resource could not be found.\n\n No resource provider with uuid 6e72923c-cb79-4f2f-8919-dd5ab3190bd8 found for delete ", "request_id": "req-1a011f53-ca93-40e7-ac12-99d903db311c"}]}
2026-05-12 12:38:36.629 9 INFO neutron.wsgi [None req-070a4fa4-647d-4723-bdbb-9db8ddd28dda 7bbad069eed44082af98b70e1cdef124 be82f815706d4a31879127ba00116a19 - - default default] 10.0.0.129 "DELETE /v2.0/networks/c045eb72-33da-43f5-8891-919be23d4336 HTTP/1.1" status: 204 len: 168 time: 0.4366081 /var/lib/openstack/lib/python3.10/site-packages/pycadf/identifier.py:71: UserWarning: Invalid uuid: neutron. To ensure interoperability, identifiers should be a valid uuid. warnings.warn(('Invalid uuid: %s. To ensure interoperability, '
2026-05-12 12:38:36.704 9 INFO neutron.wsgi [None req-6702a853-b497-476c-9ef1-8a26a98cb279 e5d6be55440e4746ab8b9595e5b87d11 e6c220f1b09f4bf9ab3f32dddef271cf - - default default] 10.0.0.129 "DELETE /v2.0/security-groups/003937f0-bdc9-4786-bbb9-9a1e4a3aeb1e HTTP/1.1" status: 204 len: 168 time: 0.1183021
2026-05-12 12:38:36.716 10 INFO neutron.wsgi [None req-a941565d-9af7-48f1-b78f-535d0d7d4f93 7bbad069eed44082af98b70e1cdef124 be82f815706d4a31879127ba00116a19 - - default default] 10.0.0.129 "GET /v2.0/networks HTTP/1.1" status: 200 len: 845 time: 0.0821056
2026-05-12 12:38:36.718 9 INFO neutron.api.v2.resource [None req-010b6d23-bc41-46d6-8c71-73c33e70a98c e5d6be55440e4746ab8b9595e5b87d11 e6c220f1b09f4bf9ab3f32dddef271cf - - default default] show failed (client error): The resource could not be found.
2026-05-12 12:38:36.719 9 INFO neutron.wsgi [None req-010b6d23-bc41-46d6-8c71-73c33e70a98c e5d6be55440e4746ab8b9595e5b87d11 e6c220f1b09f4bf9ab3f32dddef271cf - - default default] 10.0.0.129 "GET /v2.0/security-groups/003937f0-bdc9-4786-bbb9-9a1e4a3aeb1e HTTP/1.1" status: 404 len: 347 time: 0.0088813
2026-05-12 12:38:36.805 9 INFO neutron.db.segments_db [None req-23107561-7a39-478b-9bd8-547f721f2f42 7bbad069eed44082af98b70e1cdef124 be82f815706d4a31879127ba00116a19 - - default default] Added segment 7c72a1d4-7cad-43a1-85e2-f3dcf96c084a of type geneve for network e9d5dfc8-eb1a-4f4c-85a3-bc995ef3bbd4
2026-05-12 12:38:37.093 9 INFO neutron.db.ovn_revision_numbers_db [None req-23107561-7a39-478b-9bd8-547f721f2f42 7bbad069eed44082af98b70e1cdef124 be82f815706d4a31879127ba00116a19 - - default default] Successfully bumped revision number for resource e9d5dfc8-eb1a-4f4c-85a3-bc995ef3bbd4 (type: networks) to 1
2026-05-12 12:38:37.284 9 WARNING neutron.scheduler.dhcp_agent_scheduler [None req-23107561-7a39-478b-9bd8-547f721f2f42 7bbad069eed44082af98b70e1cdef124 be82f815706d4a31879127ba00116a19 - - default default] No more DHCP agents
2026-05-12 12:38:37.286 9 WARNING neutron.api.rpc.agentnotifiers.dhcp_rpc_agent_api [None req-23107561-7a39-478b-9bd8-547f721f2f42 7bbad069eed44082af98b70e1cdef124 be82f815706d4a31879127ba00116a19 - - default default] Unable to schedule network e9d5dfc8-eb1a-4f4c-85a3-bc995ef3bbd4: no agents available; will retry on subsequent port and subnet creation events.
2026-05-12 12:38:37.294 10 INFO neutron.wsgi [None req-70151929-f2c2-4e05-ac0d-9c29b78b1c50 e5d6be55440e4746ab8b9595e5b87d11 e6c220f1b09f4bf9ab3f32dddef271cf - - default default] 10.0.0.129 "DELETE /v2.0/floatingips/1fecc96f-d251-4c13-8713-3a0d709c8367 HTTP/1.1" status: 204 len: 168 time: 0.5718663
2026-05-12 12:38:37.398 9 INFO neutron.db.ovn_revision_numbers_db [None req-23107561-7a39-478b-9bd8-547f721f2f42 7bbad069eed44082af98b70e1cdef124 be82f815706d4a31879127ba00116a19 - - default default] Successfully bumped revision number for resource 14358bfb-ea9c-49e6-9069-13763b396510 (type: ports) to 1
2026-05-12 12:38:37.404 9 INFO neutron.plugins.ml2.drivers.ovn.mech_driver.mech_driver [None req-3a078323-2504-463b-b6cc-c0b14309ece2 - - - - - -] OVN reports status up for port: 32f00bc8-6798-451d-a7ca-f3d02d1dd2be
2026-05-12 12:38:37.425 10 INFO neutron.db.ovn_revision_numbers_db [None req-089bca5e-7fee-4982-b182-81343c284baf 813b50fe033c47bf86101b677565ebf1 70531c47f5fd4c7d945a6ab385b39429 - - default default] Successfully bumped revision number for resource 32f00bc8-6798-451d-a7ca-f3d02d1dd2be (type: router_ports) to 1
2026-05-12 12:38:37.429 9 INFO neutron.plugins.ml2.drivers.ovn.mech_driver.ovsdb.ovsdb_monitor [None req-46d385c5-4013-439a-afe0-3f08d8e9e957 - - - - - -] Router be298bc2-77ed-44ad-88e1-b13c9472ee22 is bound to host instance
2026-05-12 12:38:37.432 9 INFO neutron.plugins.ml2.plugin [None req-3a078323-2504-463b-b6cc-c0b14309ece2 - - - - - -] Attempt 1 to provision port 32f00bc8-6798-451d-a7ca-f3d02d1dd2be
2026-05-12 12:38:37.450 9 INFO neutron.wsgi [None req-23107561-7a39-478b-9bd8-547f721f2f42 7bbad069eed44082af98b70e1cdef124 be82f815706d4a31879127ba00116a19 - - default default] 10.0.0.129 "POST /v2.0/networks HTTP/1.1" status: 201 len: 849 time: 0.7283967
2026-05-12 12:38:37.488 10 INFO neutron.db.ovn_revision_numbers_db [None req-089bca5e-7fee-4982-b182-81343c284baf 813b50fe033c47bf86101b677565ebf1 70531c47f5fd4c7d945a6ab385b39429 - - default default] Successfully bumped revision number for resource be298bc2-77ed-44ad-88e1-b13c9472ee22 (type: routers) to 2
2026-05-12 12:38:37.501 10 INFO neutron.wsgi [None req-089bca5e-7fee-4982-b182-81343c284baf 813b50fe033c47bf86101b677565ebf1 70531c47f5fd4c7d945a6ab385b39429 - - default default] 10.0.0.129 "POST /v2.0/routers HTTP/1.1" status: 201 len: 876 time: 1.5982859
2026-05-12 12:38:37.588 9 INFO neutron.db.segments_db [None req-9bb74105-c232-468e-9af8-67fca42aa1a3 7bbad069eed44082af98b70e1cdef124 be82f815706d4a31879127ba00116a19 - - default default] Added segment d116f250-2e2b-403e-a377-450073bb21cb of type geneve for network c4c7383f-d67d-4e72-9829-c122fc62cd80
2026-05-12 12:38:37.827 9 INFO neutron.db.ovn_revision_numbers_db [None req-9bb74105-c232-468e-9af8-67fca42aa1a3 7bbad069eed44082af98b70e1cdef124 be82f815706d4a31879127ba00116a19 - - default default] Successfully bumped revision number for resource c4c7383f-d67d-4e72-9829-c122fc62cd80 (type: networks) to 1
2026-05-12 12:38:37.898 10 WARNING neutron.scheduler.dhcp_agent_scheduler [None req-ad3d4bb5-a4b0-4844-ab4d-367b701ae743 813b50fe033c47bf86101b677565ebf1 70531c47f5fd4c7d945a6ab385b39429 - - default default] No more DHCP agents
2026-05-12 12:38:37.900 10 WARNING neutron.api.rpc.agentnotifiers.dhcp_rpc_agent_api [None req-ad3d4bb5-a4b0-4844-ab4d-367b701ae743 813b50fe033c47bf86101b677565ebf1 70531c47f5fd4c7d945a6ab385b39429 - - default default] Unable to schedule network ae0af375-6807-4537-acf4-21d08192c09f: no agents available; will retry on subsequent port and subnet creation events.
2026-05-12 12:38:37.934 9 INFO neutron.notifiers.nova [-] Nova event matching ['req-eb3c3a30-60f9-4e54-a38e-bd9ebae05c9f'] response: {'server_uuid': 'c5dc36ae-8cc4-4925-bca3-85949ffb01bb', 'name': 'network-vif-plugged', 'status': 'completed', 'tag': 'd29501b8-fceb-45cb-b219-6abd3ae8fa5f', 'code': 200}
2026-05-12 12:38:37.934 9 INFO neutron.notifiers.nova [-] Nova event matching ['req-eb3c3a30-60f9-4e54-a38e-bd9ebae05c9f'] response: {'server_uuid': 'c5dc36ae-8cc4-4925-bca3-85949ffb01bb', 'name': 'network-vif-deleted', 'tag': 'd29501b8-fceb-45cb-b219-6abd3ae8fa5f', 'status': 'completed', 'code': 200}
2026-05-12 12:38:38.056 10 INFO neutron.db.ovn_revision_numbers_db [None req-ad3d4bb5-a4b0-4844-ab4d-367b701ae743 813b50fe033c47bf86101b677565ebf1 70531c47f5fd4c7d945a6ab385b39429 - - default default] Successfully bumped revision number for resource 2a1418f4-1ca6-4461-988e-597bbccef474 (type: ports) to 1
2026-05-12 12:38:38.127 9 WARNING neutron.scheduler.dhcp_agent_scheduler [None req-9bb74105-c232-468e-9af8-67fca42aa1a3 7bbad069eed44082af98b70e1cdef124 be82f815706d4a31879127ba00116a19 - - default default] No more DHCP agents
2026-05-12 12:38:38.133 9 WARNING neutron.api.rpc.agentnotifiers.dhcp_rpc_agent_api [None req-9bb74105-c232-468e-9af8-67fca42aa1a3 7bbad069eed44082af98b70e1cdef124 be82f815706d4a31879127ba00116a19 - - default default] Unable to schedule network c4c7383f-d67d-4e72-9829-c122fc62cd80: no agents available; will retry on subsequent port and subnet creation events.
2026-05-12 12:38:38.280 9 INFO neutron.db.ovn_revision_numbers_db [None req-9bb74105-c232-468e-9af8-67fca42aa1a3 7bbad069eed44082af98b70e1cdef124 be82f815706d4a31879127ba00116a19 - - default default] Successfully bumped revision number for resource a23ad127-7b51-412d-bd70-77ef8a5a03b2 (type: ports) to 1
2026-05-12 12:38:38.312 9 INFO neutron.wsgi [None req-9bb74105-c232-468e-9af8-67fca42aa1a3 7bbad069eed44082af98b70e1cdef124 be82f815706d4a31879127ba00116a19 - - default default] 10.0.0.129 "POST /v2.0/networks HTTP/1.1" status: 201 len: 848 time: 0.8559201
2026-05-12 12:38:38.314 9 INFO neutron.db.ovn_revision_numbers_db [None req-46d385c5-4013-439a-afe0-3f08d8e9e957 - - - - - -] Successfully bumped revision number for resource 32f00bc8-6798-451d-a7ca-f3d02d1dd2be (type: ports) to 1
2026-05-12 12:38:38.481 10 INFO neutron.db.ovn_revision_numbers_db [None req-ad3d4bb5-a4b0-4844-ab4d-367b701ae743 813b50fe033c47bf86101b677565ebf1 70531c47f5fd4c7d945a6ab385b39429 - - default default] Successfully bumped revision number for resource 2a1418f4-1ca6-4461-988e-597bbccef474 (type: router_ports) to 1
2026-05-12 12:38:38.631 10 INFO neutron.db.ovn_revision_numbers_db [None req-ad3d4bb5-a4b0-4844-ab4d-367b701ae743 813b50fe033c47bf86101b677565ebf1 70531c47f5fd4c7d945a6ab385b39429 - - default default] Successfully bumped revision number for resource 2a1418f4-1ca6-4461-988e-597bbccef474 (type: ports) to 1
2026-05-12 12:38:38.704 10 WARNING neutron.scheduler.dhcp_agent_scheduler [None req-ad3d4bb5-a4b0-4844-ab4d-367b701ae743 813b50fe033c47bf86101b677565ebf1 70531c47f5fd4c7d945a6ab385b39429 - - default default] No more DHCP agents
2026-05-12 12:38:38.706 10 WARNING neutron.api.rpc.agentnotifiers.dhcp_rpc_agent_api [None req-ad3d4bb5-a4b0-4844-ab4d-367b701ae743 813b50fe033c47bf86101b677565ebf1 70531c47f5fd4c7d945a6ab385b39429 - - default default] Unable to schedule network ae0af375-6807-4537-acf4-21d08192c09f: no agents available; will retry on subsequent port and subnet creation events.
2026-05-12 12:38:39.018 9 INFO neutron.db.ovn_revision_numbers_db [None req-46d385c5-4013-439a-afe0-3f08d8e9e957 - - - - - -] Successfully bumped revision number for resource 32f00bc8-6798-451d-a7ca-f3d02d1dd2be (type: router_ports) to 3
2026-05-12 12:38:39.184 10 INFO neutron.db.ovn_revision_numbers_db [None req-ad3d4bb5-a4b0-4844-ab4d-367b701ae743 813b50fe033c47bf86101b677565ebf1 70531c47f5fd4c7d945a6ab385b39429 - - default default] Successfully bumped revision number for resource 2a1418f4-1ca6-4461-988e-597bbccef474 (type: router_ports) to 1
2026-05-12 12:38:39.187 10 INFO neutron.wsgi [None req-ad3d4bb5-a4b0-4844-ab4d-367b701ae743 813b50fe033c47bf86101b677565ebf1 70531c47f5fd4c7d945a6ab385b39429 - - default default] 10.0.0.129 "PUT /v2.0/routers/be298bc2-77ed-44ad-88e1-b13c9472ee22/add_router_interface HTTP/1.1" status: 200 len: 503 time: 1.6812530
2026-05-12 12:38:39.311 9 INFO neutron.wsgi [None req-16f00403-fab5-4407-9582-97ca3aeb4b38 813b50fe033c47bf86101b677565ebf1 70531c47f5fd4c7d945a6ab385b39429 - - default default] 10.0.0.129 "PUT /v2.0/routers/d1bd267c-d221-408a-97bd-2718580f0ee0/remove_router_interface HTTP/1.1" status: 200 len: 503 time: 1.9390032
2026-05-12 12:38:39.312 9 WARNING neutron.scheduler.dhcp_agent_scheduler [None req-ba5aac78-0941-4715-8134-847ad4ceb7f6 7bbad069eed44082af98b70e1cdef124 be82f815706d4a31879127ba00116a19 - - default default] No more DHCP agents
2026-05-12 12:38:39.313 9 INFO neutron.db.ovn_revision_numbers_db [None req-46d385c5-4013-439a-afe0-3f08d8e9e957 - - - - - -] Successfully bumped revision number for resource 32f00bc8-6798-451d-a7ca-f3d02d1dd2be (type: ports) to 2
2026-05-12 12:38:39.317 9 WARNING neutron.api.rpc.agentnotifiers.dhcp_rpc_agent_api [None req-ba5aac78-0941-4715-8134-847ad4ceb7f6 7bbad069eed44082af98b70e1cdef124 be82f815706d4a31879127ba00116a19 - - default default] Unable to schedule network e9d5dfc8-eb1a-4f4c-85a3-bc995ef3bbd4: no agents available; will retry on subsequent port and subnet creation events.
2026-05-12 12:38:39.419 9 INFO neutron.db.ovn_revision_numbers_db [None req-ba5aac78-0941-4715-8134-847ad4ceb7f6 7bbad069eed44082af98b70e1cdef124 be82f815706d4a31879127ba00116a19 - - default default] Successfully bumped revision number for resource d1bff9d1-c83e-43ad-8a50-7bf18013646a (type: ports) to 1
2026-05-12 12:38:39.468 9 WARNING neutron.scheduler.dhcp_agent_scheduler [None req-ba5aac78-0941-4715-8134-847ad4ceb7f6 7bbad069eed44082af98b70e1cdef124 be82f815706d4a31879127ba00116a19 - - default default] No more DHCP agents
2026-05-12 12:38:39.470 9 WARNING neutron.api.rpc.agentnotifiers.dhcp_rpc_agent_api [None req-ba5aac78-0941-4715-8134-847ad4ceb7f6 7bbad069eed44082af98b70e1cdef124 be82f815706d4a31879127ba00116a19 - - default default] Unable to schedule network c4c7383f-d67d-4e72-9829-c122fc62cd80: no agents available; will retry on subsequent port and subnet creation events.
2026-05-12 12:38:39.556 9 INFO neutron.db.ovn_revision_numbers_db [None req-ba5aac78-0941-4715-8134-847ad4ceb7f6 7bbad069eed44082af98b70e1cdef124 be82f815706d4a31879127ba00116a19 - - default default] Successfully bumped revision number for resource 7284fb5f-3166-48e5-b29e-4f18b28fef0a (type: ports) to 1
2026-05-12 12:38:39.590 9 INFO neutron.wsgi [None req-ba5aac78-0941-4715-8134-847ad4ceb7f6 7bbad069eed44082af98b70e1cdef124 be82f815706d4a31879127ba00116a19 - - default default] 10.0.0.129 "POST /v2.0/ports HTTP/1.1" status: 201 len: 1706 time: 1.2726851 /var/lib/openstack/lib/python3.10/site-packages/pycadf/identifier.py:71: UserWarning: Invalid uuid: neutron. To ensure interoperability, identifiers should be a valid uuid. warnings.warn(('Invalid uuid: %s. To ensure interoperability, '
2026-05-12 12:38:39.679 9 INFO neutron.db.ovn_revision_numbers_db [None req-46d385c5-4013-439a-afe0-3f08d8e9e957 - - - - - -] Successfully bumped revision number for resource 32f00bc8-6798-451d-a7ca-f3d02d1dd2be (type: ports) to 4
2026-05-12 12:38:39.740 9 INFO neutron.wsgi [None req-8889cce8-908a-45c4-8cec-9034c39dc3f9 7bbad069eed44082af98b70e1cdef124 be82f815706d4a31879127ba00116a19 - - default default] 10.0.0.129 "GET /v2.0/ports HTTP/1.1" status: 200 len: 3213 time: 0.1442065
2026-05-12 12:38:39.749 10 INFO neutron.db.ovn_revision_numbers_db [None req-899b3ef9-efe3-4aea-98d4-a4e54198b71b 813b50fe033c47bf86101b677565ebf1 70531c47f5fd4c7d945a6ab385b39429 - - default default] Successfully bumped revision number for resource 70bd2823-4b3e-4b0a-903e-1dac07ba58a3 (type: security_groups) to 1
2026-05-12 12:38:39.803 10 INFO neutron.db.ovn_revision_numbers_db [None req-899b3ef9-efe3-4aea-98d4-a4e54198b71b 813b50fe033c47bf86101b677565ebf1 70531c47f5fd4c7d945a6ab385b39429 - - default default] Successfully bumped revision number for resource 51af680a-e8e2-4fa0-b1f9-8609b9d49f5a (type: security_group_rules) to 0
2026-05-12 12:38:39.844 10 INFO neutron.db.ovn_revision_numbers_db [None req-899b3ef9-efe3-4aea-98d4-a4e54198b71b 813b50fe033c47bf86101b677565ebf1 70531c47f5fd4c7d945a6ab385b39429 - - default default] Successfully bumped revision number for resource 9d70900b-cb03-4232-9cb5-68708f57fbe8 (type: security_group_rules) to 0
2026-05-12 12:38:39.876 10 INFO neutron.db.ovn_revision_numbers_db [None req-899b3ef9-efe3-4aea-98d4-a4e54198b71b 813b50fe033c47bf86101b677565ebf1 70531c47f5fd4c7d945a6ab385b39429 - - default default] Successfully bumped revision number for resource b299ba9b-3c39-4816-a499-5b8e48865ac6 (type: security_group_rules) to 0
2026-05-12 12:38:39.901 10 INFO neutron.db.ovn_revision_numbers_db [None req-899b3ef9-efe3-4aea-98d4-a4e54198b71b 813b50fe033c47bf86101b677565ebf1 70531c47f5fd4c7d945a6ab385b39429 - - default default] Successfully bumped revision number for resource e684c949-4f19-460f-8fae-5ef38e1dbd45 (type: security_group_rules) to 0
2026-05-12 12:38:39.923 10 INFO neutron.wsgi [None req-6867847c-5ea5-4fc3-abd1-bd4900dc6f4d 813b50fe033c47bf86101b677565ebf1 70531c47f5fd4c7d945a6ab385b39429 - - default default] 10.0.0.129 "DELETE /v2.0/routers/d1bd267c-d221-408a-97bd-2718580f0ee0 HTTP/1.1" status: 204 len: 168 time: 0.6038294
2026-05-12 12:38:39.949 10 INFO neutron.wsgi [None req-899b3ef9-efe3-4aea-98d4-a4e54198b71b 813b50fe033c47bf86101b677565ebf1 70531c47f5fd4c7d945a6ab385b39429 - - default default] 10.0.0.129 "GET /v2.0/security-groups?tenant_id=6b44416c9fcd4ab0b318c2c5abdcd9fd&name=default HTTP/1.1" status: 200 len: 2996 time: 0.4704516
2026-05-12 12:38:39.957 9 INFO neutron.db.ovn_revision_numbers_db [None req-46d385c5-4013-439a-afe0-3f08d8e9e957 - - - - - -] Successfully bumped revision number for resource 32f00bc8-6798-451d-a7ca-f3d02d1dd2be (type: router_ports) to 4
2026-05-12 12:38:40.018 10 INFO neutron.db.ovn_revision_numbers_db [None req-2e3ddfd7-f253-45cf-ab94-4e9e7bc6160a 32a88cff2ff9459caec55978d8620267 2bf896468a5a46faad48dd176255f841 - - default default] Successfully bumped revision number for resource eabc8a5b-d936-49e7-9fb5-fed4e9f5814b (type: security_groups) to 1
2026-05-12 12:38:40.044 10 INFO neutron.db.ovn_revision_numbers_db [None req-2e3ddfd7-f253-45cf-ab94-4e9e7bc6160a 32a88cff2ff9459caec55978d8620267 2bf896468a5a46faad48dd176255f841 - - default default] Successfully bumped revision number for resource 9ba08cf7-7dbf-4b50-bc3f-910a8bb8598a (type: security_group_rules) to 0
2026-05-12 12:38:40.049 9 INFO neutron.plugins.ml2.drivers.ovn.mech_driver.mech_driver [None req-3a078323-2504-463b-b6cc-c0b14309ece2 - - - - - -] OVN reports status up for port: 2a1418f4-1ca6-4461-988e-597bbccef474
2026-05-12 12:38:40.062 9 INFO neutron.plugins.ml2.plugin [None req-3a078323-2504-463b-b6cc-c0b14309ece2 - - - - - -] Attempt 1 to provision port 2a1418f4-1ca6-4461-988e-597bbccef474
2026-05-12 12:38:40.077 10 INFO neutron.db.ovn_revision_numbers_db [None req-2e3ddfd7-f253-45cf-ab94-4e9e7bc6160a 32a88cff2ff9459caec55978d8620267 2bf896468a5a46faad48dd176255f841 - - default default] Successfully bumped revision number for resource c721591e-7fdd-4705-87eb-eddbbc837c2d (type: security_group_rules) to 0
2026-05-12 12:38:40.090 10 INFO neutron.wsgi [None req-f5353d80-2a12-46dc-bf26-76280da41f0d 7bbad069eed44082af98b70e1cdef124 be82f815706d4a31879127ba00116a19 - - default default] 10.0.0.129 "DELETE /v2.0/ports/d1bff9d1-c83e-43ad-8a50-7bf18013646a HTTP/1.1" status: 204 len: 168 time: 0.3422711
2026-05-12 12:38:40.110 10 INFO neutron.wsgi [None req-2e3ddfd7-f253-45cf-ab94-4e9e7bc6160a 32a88cff2ff9459caec55978d8620267 2bf896468a5a46faad48dd176255f841 - - default default] 10.0.0.129 "POST /v2.0/security-groups HTTP/1.1" status: 201 len: 1795 time: 0.3518105
2026-05-12 12:38:40.147 9 INFO neutron.wsgi [None req-ceb1bc7d-c1cb-462d-aa32-0ab92a47054d 813b50fe033c47bf86101b677565ebf1 70531c47f5fd4c7d945a6ab385b39429 - - default default] 10.0.0.129 "DELETE /v2.0/subnets/4fd2f95e-76b1-40a4-b956-3811cd782304 HTTP/1.1" status: 204 len: 168 time: 0.2187159
2026-05-12 12:38:40.390 10 INFO neutron.db.ovn_revision_numbers_db [None req-4cb84953-9c15-401f-9171-5a708aaaed60 32a88cff2ff9459caec55978d8620267 2bf896468a5a46faad48dd176255f841 - - default default] Successfully bumped revision number for resource 1c668064-792f-40bb-bc9a-fff524a6e3c4 (type: security_group_rules) to 0
2026-05-12 12:38:40.405 10 INFO neutron.wsgi [None req-8648aa0e-e23c-4e4b-b1c9-4977d86ebf0f 813b50fe033c47bf86101b677565ebf1 70531c47f5fd4c7d945a6ab385b39429 - - default default] 10.0.0.129 "DELETE /v2.0/security-groups/70bd2823-4b3e-4b0a-903e-1dac07ba58a3 HTTP/1.1" status: 204 len: 168 time: 0.4501295
2026-05-12 12:38:40.419 10 INFO neutron.wsgi [None req-4cb84953-9c15-401f-9171-5a708aaaed60 32a88cff2ff9459caec55978d8620267 2bf896468a5a46faad48dd176255f841 - - default default] 10.0.0.129 "POST /v2.0/security-group-rules HTTP/1.1" status: 201 len: 764 time: 0.3029583
2026-05-12 12:38:40.576 10 INFO neutron.db.ovn_revision_numbers_db [None req-934d8939-ad82-4b1b-b635-c01965ecde53 32a88cff2ff9459caec55978d8620267 2bf896468a5a46faad48dd176255f841 - - default default] Successfully bumped revision number for resource a908b673-ba16-46c0-a411-3354a3f6682d (type: security_group_rules) to 0
2026-05-12 12:38:40.624 10 INFO neutron.wsgi [None req-934d8939-ad82-4b1b-b635-c01965ecde53 32a88cff2ff9459caec55978d8620267 2bf896468a5a46faad48dd176255f841 - - default default] 10.0.0.129 "POST /v2.0/security-group-rules HTTP/1.1" status: 201 len: 769 time: 0.1971605
2026-05-12 12:38:40.625 9 INFO neutron.wsgi [None req-4b033283-1d90-417c-8ff4-f3817cf01d20 7bbad069eed44082af98b70e1cdef124 be82f815706d4a31879127ba00116a19 - - default default] 10.0.0.129 "DELETE /v2.0/ports/7284fb5f-3166-48e5-b29e-4f18b28fef0a HTTP/1.1" status: 204 len: 168 time: 0.5306730
2026-05-12 12:38:40.676 9 INFO neutron.db.ovn_revision_numbers_db [None req-3a078323-2504-463b-b6cc-c0b14309ece2 - - - - - -] Successfully bumped revision number for resource 2a1418f4-1ca6-4461-988e-597bbccef474 (type: ports) to 2
2026-05-12 12:38:40.694 10 INFO neutron.db.ovn_revision_numbers_db [None req-34706d89-12f1-417a-b7f8-0b03ec215fdd 813b50fe033c47bf86101b677565ebf1 70531c47f5fd4c7d945a6ab385b39429 - - default default] Successfully bumped revision number for resource 96d379d3-574e-4e8f-9967-a7fb72b30129 (type: security_groups) to 1
2026-05-12 12:38:40.737 10 INFO neutron.db.ovn_revision_numbers_db [None req-34706d89-12f1-417a-b7f8-0b03ec215fdd 813b50fe033c47bf86101b677565ebf1 70531c47f5fd4c7d945a6ab385b39429 - - default default] Successfully bumped revision number for resource 2b86a7ee-84d8-4d08-a0fc-a1a57d758106 (type: security_group_rules) to 0
2026-05-12 12:38:40.756 10 INFO neutron.db.ovn_revision_numbers_db [None req-34706d89-12f1-417a-b7f8-0b03ec215fdd 813b50fe033c47bf86101b677565ebf1 70531c47f5fd4c7d945a6ab385b39429 - - default default] Successfully bumped revision number for resource 5cc4613c-5e7a-4756-8f7a-36ee8fd3b7c0 (type: security_group_rules) to 0
2026-05-12 12:38:40.792 10 INFO neutron.db.ovn_revision_numbers_db [None req-34706d89-12f1-417a-b7f8-0b03ec215fdd 813b50fe033c47bf86101b677565ebf1 70531c47f5fd4c7d945a6ab385b39429 - - default default] Successfully bumped revision number for resource 9b2d336d-af7f-4bc1-8fdf-7d61669c0181 (type: security_group_rules) to 0
2026-05-12 12:38:40.811 9 INFO neutron.services.segments.plugin [-] Segment 8b4ea4c0-81c8-4f71-aca9-3b4cca07a550 resource provider aggregate not found
2026-05-12 12:38:40.815 9 INFO neutron.services.segments.plugin [-] Segment 8b4ea4c0-81c8-4f71-aca9-3b4cca07a550 resource provider aggregate not found
2026-05-12 12:38:40.815 10 INFO neutron.wsgi [None req-43b61b03-7dc7-4128-b547-2c64f3a4162b 7bbad069eed44082af98b70e1cdef124 be82f815706d4a31879127ba00116a19 - - default default] 10.0.0.129 "GET /v2.0/ports HTTP/1.1" status: 200 len: 1718 time: 0.1807885
2026-05-12 12:38:40.828 10 INFO neutron.db.ovn_revision_numbers_db [None req-34706d89-12f1-417a-b7f8-0b03ec215fdd 813b50fe033c47bf86101b677565ebf1 70531c47f5fd4c7d945a6ab385b39429 - - default default] Successfully bumped revision number for resource d4c841ad-960a-4d2e-975d-c92b36d9f0b2 (type: security_group_rules) to 0
2026-05-12 12:38:40.836 9 INFO neutron.services.segments.plugin [-] Segment 8b4ea4c0-81c8-4f71-aca9-3b4cca07a550 resource provider not found; error: Placement Client Error (4xx): {"errors": [{"status": 404, "title": "Not Found", "detail": "The resource could not be found.\n\n No resource provider with uuid 8b4ea4c0-81c8-4f71-aca9-3b4cca07a550 found for delete ", "request_id": "req-ab076ac1-d4b2-48c2-8a01-696e66518299"}]}
2026-05-12 12:38:40.837 9 INFO neutron.services.segments.plugin [-] Segment 8b4ea4c0-81c8-4f71-aca9-3b4cca07a550 resource provider not found; error: Placement Client Error (4xx): {"errors": [{"status": 404, "title": "Not Found", "detail": "The resource could not be found.\n\n No resource provider with uuid 8b4ea4c0-81c8-4f71-aca9-3b4cca07a550 found for delete ", "request_id": "req-4d7103cd-6bc6-4ea6-bc8b-a7d0a1224135"}]}
2026-05-12 12:38:40.856 9 INFO neutron.wsgi [None req-8819ef8a-a800-42f5-b9b0-a4fe6319069d 813b50fe033c47bf86101b677565ebf1 70531c47f5fd4c7d945a6ab385b39429 - - default default] 10.0.0.129 "DELETE /v2.0/networks/97882496-67e7-4804-967c-6b60efeef110 HTTP/1.1" status: 204 len: 168 time: 0.7049532
2026-05-12 12:38:40.857 9 INFO neutron.db.ovn_revision_numbers_db [None req-3a078323-2504-463b-b6cc-c0b14309ece2 - - - - - -] Successfully bumped revision number for resource 2a1418f4-1ca6-4461-988e-597bbccef474 (type: router_ports) to 2
2026-05-12 12:38:40.882 10 INFO neutron.wsgi [None req-34706d89-12f1-417a-b7f8-0b03ec215fdd 813b50fe033c47bf86101b677565ebf1 70531c47f5fd4c7d945a6ab385b39429 - - default default] 10.0.0.129 "GET /v2.0/security-groups?tenant_id=44e1af59a9924e9f9e955c34bdb09293&name=default HTTP/1.1" status: 200 len: 2996 time: 0.3494918
2026-05-12 12:38:40.964 10 INFO neutron.db.segments_db [None req-9c6516d6-4e07-4460-be56-f8588b4cb407 7bbad069eed44082af98b70e1cdef124 be82f815706d4a31879127ba00116a19 - - default default] Added segment c4fbe1fa-d9f4-4c34-8940-bb41defc7c75 of type geneve for network 2b5fb63d-9cff-4539-aeaf-fa9f1d374ff2
2026-05-12 12:38:41.029 9 INFO neutron.wsgi [None req-b12299be-de73-4b10-8e93-e5d2031dd4d0 813b50fe033c47bf86101b677565ebf1 70531c47f5fd4c7d945a6ab385b39429 - - default default] 10.0.0.129 "GET /v2.0/security-groups?tenant_id=e6c220f1b09f4bf9ab3f32dddef271cf&name=default HTTP/1.1" status: 200 len: 2992 time: 0.0303543
2026-05-12 12:38:41.069 10 WARNING neutron.scheduler.dhcp_agent_scheduler [None req-4e64c242-df5d-4189-894a-b4ac1c882b56 32a88cff2ff9459caec55978d8620267 2bf896468a5a46faad48dd176255f841 - - default default] No more DHCP agents
2026-05-12 12:38:41.086 10 WARNING neutron.api.rpc.agentnotifiers.dhcp_rpc_agent_api [None req-4e64c242-df5d-4189-894a-b4ac1c882b56 32a88cff2ff9459caec55978d8620267 2bf896468a5a46faad48dd176255f841 - - default default] Unable to schedule network 796f428f-b918-47ed-8844-446f5371b248: no agents available; will retry on subsequent port and subnet creation events.
2026-05-12 12:38:41.225 10 INFO neutron.db.ovn_revision_numbers_db [None req-9c6516d6-4e07-4460-be56-f8588b4cb407 7bbad069eed44082af98b70e1cdef124 be82f815706d4a31879127ba00116a19 - - default default] Successfully bumped revision number for resource 2b5fb63d-9cff-4539-aeaf-fa9f1d374ff2 (type: networks) to 1
2026-05-12 12:38:41.229 9 INFO neutron.wsgi [None req-79218215-2751-4cb8-a820-f899bc56d5d8 813b50fe033c47bf86101b677565ebf1 70531c47f5fd4c7d945a6ab385b39429 - - default default] 10.0.0.129 "DELETE /v2.0/security-groups/11743a3a-449e-46ef-8f08-ece1dad58460 HTTP/1.1" status: 204 len: 168 time: 0.1954746
2026-05-12 12:38:41.365 10 INFO neutron.wsgi [None req-6d47b78e-f5f3-42d1-bff8-d20deaa44ea0 813b50fe033c47bf86101b677565ebf1 70531c47f5fd4c7d945a6ab385b39429 - - default default] 10.0.0.129 "DELETE /v2.0/security-groups/96d379d3-574e-4e8f-9967-a7fb72b30129 HTTP/1.1" status: 204 len: 168 time: 0.4748027
2026-05-12 12:38:41.462 10 WARNING neutron.scheduler.dhcp_agent_scheduler [None req-9c6516d6-4e07-4460-be56-f8588b4cb407 7bbad069eed44082af98b70e1cdef124 be82f815706d4a31879127ba00116a19 - - default default] No more DHCP agents
2026-05-12 12:38:41.464 10 WARNING neutron.api.rpc.agentnotifiers.dhcp_rpc_agent_api [None req-9c6516d6-4e07-4460-be56-f8588b4cb407 7bbad069eed44082af98b70e1cdef124 be82f815706d4a31879127ba00116a19 - - default default] Unable to schedule network 2b5fb63d-9cff-4539-aeaf-fa9f1d374ff2: no agents available; will retry on subsequent port and subnet creation events.
2026-05-12 12:38:41.600 10 INFO neutron.db.ovn_revision_numbers_db [None req-9c6516d6-4e07-4460-be56-f8588b4cb407 7bbad069eed44082af98b70e1cdef124 be82f815706d4a31879127ba00116a19 - - default default] Successfully bumped revision number for resource 94a1914f-4b59-4163-a562-e08d8d3d885f (type: ports) to 1
2026-05-12 12:38:41.624 10 INFO neutron.db.ovn_revision_numbers_db [None req-4e64c242-df5d-4189-894a-b4ac1c882b56 32a88cff2ff9459caec55978d8620267 2bf896468a5a46faad48dd176255f841 - - default default] Successfully bumped revision number for resource 55d6a0f7-4241-49b9-854a-6c90e41af0c4 (type: floatingips) to 0
2026-05-12 12:38:41.631 10 INFO neutron.wsgi [None req-9c6516d6-4e07-4460-be56-f8588b4cb407 7bbad069eed44082af98b70e1cdef124 be82f815706d4a31879127ba00116a19 - - default default] 10.0.0.129 "POST /v2.0/networks HTTP/1.1" status: 201 len: 848 time: 0.8107665
2026-05-12 12:38:41.637 10 INFO neutron.wsgi [None req-4e64c242-df5d-4189-894a-b4ac1c882b56 32a88cff2ff9459caec55978d8620267 2bf896468a5a46faad48dd176255f841 - - default default] 10.0.0.129 "POST /v2.0/floatingips HTTP/1.1" status: 201 len: 751 time: 1.0022709
2026-05-12 12:38:41.745 9 INFO neutron.db.segments_db [None req-4c74600f-d459-4b21-93fb-5b47272cb596 7bbad069eed44082af98b70e1cdef124 be82f815706d4a31879127ba00116a19 - - default default] Added segment 98a6fae0-0fe6-4a03-921a-4f40e611bd74 of type geneve for network b5834c22-3fb3-403a-9f66-0bb1f1edee63
2026-05-12 12:38:41.883 9 INFO neutron.db.ovn_revision_numbers_db [None req-4c74600f-d459-4b21-93fb-5b47272cb596 7bbad069eed44082af98b70e1cdef124 be82f815706d4a31879127ba00116a19 - - default default] Successfully bumped revision number for resource b5834c22-3fb3-403a-9f66-0bb1f1edee63 (type: networks) to 1
2026-05-12 12:38:42.052 9 WARNING neutron.scheduler.dhcp_agent_scheduler [None req-4c74600f-d459-4b21-93fb-5b47272cb596 7bbad069eed44082af98b70e1cdef124 be82f815706d4a31879127ba00116a19 - - default default] No more DHCP agents
2026-05-12 12:38:42.054 9 WARNING neutron.api.rpc.agentnotifiers.dhcp_rpc_agent_api [None req-4c74600f-d459-4b21-93fb-5b47272cb596 7bbad069eed44082af98b70e1cdef124 be82f815706d4a31879127ba00116a19 - - default default] Unable to schedule network b5834c22-3fb3-403a-9f66-0bb1f1edee63: no agents available; will retry on subsequent port and subnet creation events.
2026-05-12 12:38:42.128 10 INFO neutron.wsgi [req-675c3c43-73d4-4103-b3bf-3bbebdab960b req-1fbd74a1-9fec-4c4d-9816-e3e444554bed 32a88cff2ff9459caec55978d8620267 2bf896468a5a46faad48dd176255f841 - - default default] 10.0.0.52 "GET /v2.0/security-groups?name=tempest-securitygroup--2012582444&fields=id&tenant_id=2bf896468a5a46faad48dd176255f841 HTTP/1.1" status: 200 len: 267 time: 0.0421698
2026-05-12 12:38:42.141 9 INFO neutron.db.ovn_revision_numbers_db [None req-4c74600f-d459-4b21-93fb-5b47272cb596 7bbad069eed44082af98b70e1cdef124 be82f815706d4a31879127ba00116a19 - - default default] Successfully bumped revision number for resource 53e011ce-e74f-4a4d-96e0-4a2dbaceaf60 (type: ports) to 1
2026-05-12 12:38:42.169 9 INFO neutron.wsgi [None req-4c74600f-d459-4b21-93fb-5b47272cb596 7bbad069eed44082af98b70e1cdef124 be82f815706d4a31879127ba00116a19 - - default default] 10.0.0.129 "POST /v2.0/networks HTTP/1.1" status: 201 len: 849 time: 0.5314996
2026-05-12 12:38:42.203 10 INFO neutron.wsgi [req-675c3c43-73d4-4103-b3bf-3bbebdab960b req-37d4992e-acdf-4089-9909-81c2cecd35a4 32a88cff2ff9459caec55978d8620267 2bf896468a5a46faad48dd176255f841 - - default default] 10.0.0.52 "GET /v2.0/networks?id=ae0af375-6807-4537-acf4-21d08192c09f HTTP/1.1" status: 200 len: 874 time: 0.0679352
2026-05-12 12:38:42.219 10 INFO neutron.wsgi [req-675c3c43-73d4-4103-b3bf-3bbebdab960b req-2d5b4494-b425-4274-81ce-a3abbc1e930b 32a88cff2ff9459caec55978d8620267 2bf896468a5a46faad48dd176255f841 - - default default] 10.0.0.52 "GET /v2.0/quotas/2bf896468a5a46faad48dd176255f841 HTTP/1.1" status: 200 len: 386 time: 0.0108671
2026-05-12 12:38:42.302 10 INFO neutron.wsgi [req-675c3c43-73d4-4103-b3bf-3bbebdab960b req-dba3f339-a266-49b7-b914-09d9c76e1271 32a88cff2ff9459caec55978d8620267 2bf896468a5a46faad48dd176255f841 - - default default] 10.0.0.52 "GET /v2.0/ports?tenant_id=2bf896468a5a46faad48dd176255f841&fields=id HTTP/1.1" status: 200 len: 302 time: 0.0762262
2026-05-12 12:38:42.372 10 INFO neutron.wsgi [req-675c3c43-73d4-4103-b3bf-3bbebdab960b req-d4518e46-9755-499c-a1b8-9909c616d2b5 051d982b2dd0416cbefc82d35d2a24d3 d3635270c66c47abbc4db15347eb055c - - 7919d296f07d4a20bccfb82a8f4b3ec3 7919d296f07d4a20bccfb82a8f4b3ec3] 10.0.0.52 "GET /v2.0/networks/ae0af375-6807-4537-acf4-21d08192c09f?fields=segments HTTP/1.1" status: 200 len: 212 time: 0.0603092
2026-05-12 12:38:42.430 10 INFO neutron.wsgi [req-675c3c43-73d4-4103-b3bf-3bbebdab960b req-ae674cc3-4764-4dad-a163-56f601ae5091 051d982b2dd0416cbefc82d35d2a24d3 d3635270c66c47abbc4db15347eb055c - - 7919d296f07d4a20bccfb82a8f4b3ec3 7919d296f07d4a20bccfb82a8f4b3ec3] 10.0.0.52 "GET /v2.0/networks/ae0af375-6807-4537-acf4-21d08192c09f?fields=provider%3Aphysical_network&fields=provider%3Anetwork_type HTTP/1.1" status: 200 len: 277 time: 0.0523453
2026-05-12 12:38:42.564 10 INFO neutron.wsgi [req-75dcd204-f2b6-42e4-ae07-0d770a27bd96 req-ebc6e2b5-10e3-438a-b93f-dd7a4cce2378 32a88cff2ff9459caec55978d8620267 2bf896468a5a46faad48dd176255f841 - - default default] 10.0.0.52 "GET /v2.0/ports?device_id=120d5b30-ce69-4eb7-b2fc-5ba279e245d8 HTTP/1.1" status: 200 len: 210 time: 0.0173209
2026-05-12 12:38:42.593 9 WARNING neutron.scheduler.dhcp_agent_scheduler [None req-b7e125ab-f914-4acb-b568-3ffe69f4e19a 7bbad069eed44082af98b70e1cdef124 be82f815706d4a31879127ba00116a19 - - default default] No more DHCP agents
2026-05-12 12:38:42.596 9 WARNING neutron.api.rpc.agentnotifiers.dhcp_rpc_agent_api [None req-b7e125ab-f914-4acb-b568-3ffe69f4e19a 7bbad069eed44082af98b70e1cdef124 be82f815706d4a31879127ba00116a19 - - default default] Unable to schedule network 2b5fb63d-9cff-4539-aeaf-fa9f1d374ff2: no agents available; will retry on subsequent port and subnet creation events.
2026-05-12 12:38:43.098 9 INFO neutron.db.ovn_revision_numbers_db [None req-b7e125ab-f914-4acb-b568-3ffe69f4e19a 7bbad069eed44082af98b70e1cdef124 be82f815706d4a31879127ba00116a19 - - default default] Successfully bumped revision number for resource 94a1914f-4b59-4163-a562-e08d8d3d885f (type: ports) to 2
2026-05-12 12:38:43.131 9 INFO neutron.db.ovn_revision_numbers_db [None req-b7e125ab-f914-4acb-b568-3ffe69f4e19a 7bbad069eed44082af98b70e1cdef124 be82f815706d4a31879127ba00116a19 - - default default] Successfully bumped revision number for resource 40556b4c-11be-430d-8652-913598b842e7 (type: subnets) to 0
2026-05-12 12:38:43.159 9 WARNING neutron.scheduler.dhcp_agent_scheduler [None req-b7e125ab-f914-4acb-b568-3ffe69f4e19a 7bbad069eed44082af98b70e1cdef124 be82f815706d4a31879127ba00116a19 - - default default] No more DHCP agents
2026-05-12 12:38:43.162 9 WARNING neutron.api.rpc.agentnotifiers.dhcp_rpc_agent_api [None req-b7e125ab-f914-4acb-b568-3ffe69f4e19a 7bbad069eed44082af98b70e1cdef124 be82f815706d4a31879127ba00116a19 - - default default] Unable to schedule network b5834c22-3fb3-403a-9f66-0bb1f1edee63: no agents available; will retry on subsequent port and subnet creation events.
2026-05-12 12:38:43.259 9 INFO neutron.wsgi [req-675c3c43-73d4-4103-b3bf-3bbebdab960b req-a6975ff7-7112-4f69-98f2-f8bc4b089b43 32a88cff2ff9459caec55978d8620267 2bf896468a5a46faad48dd176255f841 - - default default] 199.19.213.199 "GET /v2.0/networks?id=ae0af375-6807-4537-acf4-21d08192c09f HTTP/1.1" status: 200 len: 874 time: 0.0947583
2026-05-12 12:38:43.309 10 INFO neutron.db.ovn_revision_numbers_db [None req-fb97155d-b1d0-493b-8d62-8122dc4a3f41 813b50fe033c47bf86101b677565ebf1 70531c47f5fd4c7d945a6ab385b39429 - - default default] Successfully bumped revision number for resource fc96df6d-a8ef-4f78-9482-6d3fc93d715c (type: security_groups) to 1
2026-05-12 12:38:43.325 10 INFO neutron.db.ovn_revision_numbers_db [None req-fb97155d-b1d0-493b-8d62-8122dc4a3f41 813b50fe033c47bf86101b677565ebf1 70531c47f5fd4c7d945a6ab385b39429 - - default default] Successfully bumped revision number for resource 793391b4-7a04-4e27-8da3-f425cc7e215b (type: security_group_rules) to 0
2026-05-12 12:38:43.329 9 INFO neutron.wsgi [req-675c3c43-73d4-4103-b3bf-3bbebdab960b req-4e3d61a7-b889-45c0-bcf5-2a657997fd6f 32a88cff2ff9459caec55978d8620267 2bf896468a5a46faad48dd176255f841 - - default default] 199.19.213.199 "GET /v2.0/security-groups?fields=id&fields=name&tenant_id=2bf896468a5a46faad48dd176255f841 HTTP/1.1" status: 200 len: 380 time: 0.0584946
2026-05-12 12:38:43.347 10 INFO neutron.db.ovn_revision_numbers_db [None req-fb97155d-b1d0-493b-8d62-8122dc4a3f41 813b50fe033c47bf86101b677565ebf1 70531c47f5fd4c7d945a6ab385b39429 - - default default] Successfully bumped revision number for resource 971c869a-1921-4c4b-be8d-7d8f9e0b4b22 (type: security_group_rules) to 0
2026-05-12 12:38:43.367 10 INFO neutron.db.ovn_revision_numbers_db [None req-fb97155d-b1d0-493b-8d62-8122dc4a3f41 813b50fe033c47bf86101b677565ebf1 70531c47f5fd4c7d945a6ab385b39429 - - default default] Successfully bumped revision number for resource bb37c23f-9061-4c14-82cb-0da9f92d9b62 (type: security_group_rules) to 0
2026-05-12 12:38:43.380 10 INFO neutron.db.ovn_revision_numbers_db [None req-fb97155d-b1d0-493b-8d62-8122dc4a3f41 813b50fe033c47bf86101b677565ebf1 70531c47f5fd4c7d945a6ab385b39429 - - default default] Successfully bumped revision number for resource c9386e69-1715-4eab-98d9-6b8d8736e00e (type: security_group_rules) to 0
2026-05-12 12:38:43.435 10 INFO neutron.db.segments_db [None req-fb97155d-b1d0-493b-8d62-8122dc4a3f41 813b50fe033c47bf86101b677565ebf1 70531c47f5fd4c7d945a6ab385b39429 - - default default] Added segment 247d15c4-fba3-471b-9ff5-bc1c35382ead of type geneve for network d7f11261-b195-4f08-872d-4fb0313e7b89
2026-05-12 12:38:43.571 10 INFO neutron.db.ovn_revision_numbers_db [None req-fb97155d-b1d0-493b-8d62-8122dc4a3f41 813b50fe033c47bf86101b677565ebf1 70531c47f5fd4c7d945a6ab385b39429 - - default default] Successfully bumped revision number for resource d7f11261-b195-4f08-872d-4fb0313e7b89 (type: networks) to 1
2026-05-12 12:38:43.654 10 INFO neutron.wsgi [req-7b82723d-ab63-4463-85ca-f0eb712d4803 req-ca2e8842-8b56-4176-b605-d84ea9a5fdd6 32a88cff2ff9459caec55978d8620267 2bf896468a5a46faad48dd176255f841 - - default default] 10.0.0.52 "GET /v2.0/ports?device_id=120d5b30-ce69-4eb7-b2fc-5ba279e245d8 HTTP/1.1" status: 200 len: 210 time: 0.0232592
2026-05-12 12:38:43.727 10 WARNING neutron.scheduler.dhcp_agent_scheduler [None req-fb97155d-b1d0-493b-8d62-8122dc4a3f41 813b50fe033c47bf86101b677565ebf1 70531c47f5fd4c7d945a6ab385b39429 - - default default] No more DHCP agents
2026-05-12 12:38:43.736 10 WARNING neutron.api.rpc.agentnotifiers.dhcp_rpc_agent_api [None req-fb97155d-b1d0-493b-8d62-8122dc4a3f41 813b50fe033c47bf86101b677565ebf1 70531c47f5fd4c7d945a6ab385b39429 - - default default] Unable to schedule network d7f11261-b195-4f08-872d-4fb0313e7b89: no agents available; will retry on subsequent port and subnet creation events.
2026-05-12 12:38:43.746 9 WARNING neutron.scheduler.dhcp_agent_scheduler [req-675c3c43-73d4-4103-b3bf-3bbebdab960b req-47d75803-b524-4faf-9504-357e93a913f1 32a88cff2ff9459caec55978d8620267 2bf896468a5a46faad48dd176255f841 - - default default] No more DHCP agents
2026-05-12 12:38:43.752 9 WARNING neutron.api.rpc.agentnotifiers.dhcp_rpc_agent_api [req-675c3c43-73d4-4103-b3bf-3bbebdab960b req-47d75803-b524-4faf-9504-357e93a913f1 32a88cff2ff9459caec55978d8620267 2bf896468a5a46faad48dd176255f841 - - default default] Unable to schedule network ae0af375-6807-4537-acf4-21d08192c09f: no agents available; will retry on subsequent port and subnet creation events.
2026-05-12 12:38:43.815 10 INFO neutron.db.ovn_revision_numbers_db [None req-fb97155d-b1d0-493b-8d62-8122dc4a3f41 813b50fe033c47bf86101b677565ebf1 70531c47f5fd4c7d945a6ab385b39429 - - default default] Successfully bumped revision number for resource a92df828-dda1-4e10-8c9a-df2680439432 (type: ports) to 1
2026-05-12 12:38:43.836 10 INFO neutron.wsgi [None req-fb97155d-b1d0-493b-8d62-8122dc4a3f41 813b50fe033c47bf86101b677565ebf1 70531c47f5fd4c7d945a6ab385b39429 - - default default] 10.0.0.129 "POST /v2.0/networks HTTP/1.1" status: 201 len: 947 time: 0.8451757
2026-05-12 12:38:43.867 9 INFO neutron.db.ovn_revision_numbers_db [None req-44992fbd-fede-4402-a31e-b9345e43a8db 813b50fe033c47bf86101b677565ebf1 70531c47f5fd4c7d945a6ab385b39429 - - default default] Successfully bumped revision number for resource 884b9773-877b-4d66-b813-33e6595c3227 (type: security_groups) to 1
2026-05-12 12:38:43.898 9 INFO neutron.db.ovn_revision_numbers_db [None req-44992fbd-fede-4402-a31e-b9345e43a8db 813b50fe033c47bf86101b677565ebf1 70531c47f5fd4c7d945a6ab385b39429 - - default default] Successfully bumped revision number for resource 0bd68700-d481-45fd-a932-07ffe90504ee (type: security_group_rules) to 0
2026-05-12 12:38:43.912 9 INFO neutron.db.ovn_revision_numbers_db [None req-b7e125ab-f914-4acb-b568-3ffe69f4e19a 7bbad069eed44082af98b70e1cdef124 be82f815706d4a31879127ba00116a19 - - default default] Successfully bumped revision number for resource 53e011ce-e74f-4a4d-96e0-4a2dbaceaf60 (type: ports) to 2
2026-05-12 12:38:43.923 9 INFO neutron.db.ovn_revision_numbers_db [None req-44992fbd-fede-4402-a31e-b9345e43a8db 813b50fe033c47bf86101b677565ebf1 70531c47f5fd4c7d945a6ab385b39429 - - default default] Successfully bumped revision number for resource 0cda253c-92e7-4b9e-b9c9-26a9a61849cf (type: security_group_rules) to 0
2026-05-12 12:38:43.953 9 INFO neutron.db.ovn_revision_numbers_db [None req-44992fbd-fede-4402-a31e-b9345e43a8db 813b50fe033c47bf86101b677565ebf1 70531c47f5fd4c7d945a6ab385b39429 - - default default] Successfully bumped revision number for resource c28898f5-0aae-4ced-a9b8-93cd14337b37 (type: security_group_rules) to 0
2026-05-12 12:38:43.967 9 INFO neutron.db.ovn_revision_numbers_db [None req-b7e125ab-f914-4acb-b568-3ffe69f4e19a 7bbad069eed44082af98b70e1cdef124 be82f815706d4a31879127ba00116a19 - - default default] Successfully bumped revision number for resource 00d7163d-95f8-4dbb-94e3-13b3d71bb9a7 (type: subnets) to 0
2026-05-12 12:38:43.972 9 INFO neutron.db.ovn_revision_numbers_db [None req-44992fbd-fede-4402-a31e-b9345e43a8db 813b50fe033c47bf86101b677565ebf1 70531c47f5fd4c7d945a6ab385b39429 - - default default] Successfully bumped revision number for resource d5460cbb-3619-4161-9eb2-24df71ec86e0 (type: security_group_rules) to 0
2026-05-12 12:38:44.005 10 WARNING neutron.scheduler.dhcp_agent_scheduler [None req-d0025127-e388-48af-82c6-36403522e3a4 813b50fe033c47bf86101b677565ebf1 70531c47f5fd4c7d945a6ab385b39429 - - default default] No more DHCP agents
