2026-05-12 12:44:21.493 9 INFO neutron.wsgi [req-5b32bb06-9f50-401f-85a0-e19a44e8ae6c req-4c1e443b-d05f-45de-8c80-f396ce01428c 051d982b2dd0416cbefc82d35d2a24d3 d3635270c66c47abbc4db15347eb055c - - 7919d296f07d4a20bccfb82a8f4b3ec3 7919d296f07d4a20bccfb82a8f4b3ec3] 199.19.213.199 "GET /v2.0/networks/adfffe60-4304-444c-8371-1fb3008cf267?fields=provider%3Aphysical_network&fields=provider%3Anetwork_type HTTP/1.1" status: 200 len: 277 time: 0.0536976
2026-05-12 12:44:21.521 9 INFO neutron.wsgi [req-5b32bb06-9f50-401f-85a0-e19a44e8ae6c req-363392df-a804-492a-8cca-34be1dc20fe3 051d982b2dd0416cbefc82d35d2a24d3 d3635270c66c47abbc4db15347eb055c - - 7919d296f07d4a20bccfb82a8f4b3ec3 7919d296f07d4a20bccfb82a8f4b3ec3] 199.19.213.199 "GET /v2.0/floatingips?fixed_ip_address=10.2.2.221&port_id=e963dc36-06e2-4025-b32f-1cbd061d1372 HTTP/1.1" status: 200 len: 217 time: 0.0211334
2026-05-12 12:44:21.549 9 INFO neutron.wsgi [req-5b32bb06-9f50-401f-85a0-e19a44e8ae6c req-c1dab979-cfe0-401b-8c50-262f13d29022 051d982b2dd0416cbefc82d35d2a24d3 d3635270c66c47abbc4db15347eb055c - - 7919d296f07d4a20bccfb82a8f4b3ec3 7919d296f07d4a20bccfb82a8f4b3ec3] 199.19.213.199 "GET /v2.0/floatingips?fixed_ip_address=fd77%3A1457%3A4cf0%3A26a8%3A%3A32&port_id=e963dc36-06e2-4025-b32f-1cbd061d1372 HTTP/1.1" status: 200 len: 217 time: 0.0218647
2026-05-12 12:44:21.587 9 INFO neutron.wsgi [req-5b32bb06-9f50-401f-85a0-e19a44e8ae6c req-f58d9702-7b4d-445d-99fa-eb5e76efed42 051d982b2dd0416cbefc82d35d2a24d3 d3635270c66c47abbc4db15347eb055c - - 7919d296f07d4a20bccfb82a8f4b3ec3 7919d296f07d4a20bccfb82a8f4b3ec3] 199.19.213.199 "GET /v2.0/subnets?id=27943fcb-e09b-4a3f-929d-0fdfecdc6abe&id=80e21433-7e09-4258-bf36-70cc69220de7 HTTP/1.1" status: 200 len: 1566 time: 0.0339768
2026-05-12 12:44:21.613 9 INFO neutron.wsgi [req-5b32bb06-9f50-401f-85a0-e19a44e8ae6c req-02d4989f-b35d-4948-bdfd-7ff855dff482 051d982b2dd0416cbefc82d35d2a24d3 d3635270c66c47abbc4db15347eb055c - - 7919d296f07d4a20bccfb82a8f4b3ec3 7919d296f07d4a20bccfb82a8f4b3ec3] 199.19.213.199 "GET /v2.0/ports?network_id=5131668c-b7c0-45c7-ab7c-eaa4cd9061ab&device_owner=network%3Adhcp HTTP/1.1" status: 200 len: 210 time: 0.0184832
2026-05-12 12:44:21.635 9 INFO neutron.wsgi [req-5b32bb06-9f50-401f-85a0-e19a44e8ae6c req-725cf847-d929-4abc-8ccf-175cbdf1d1db 051d982b2dd0416cbefc82d35d2a24d3 d3635270c66c47abbc4db15347eb055c - - 7919d296f07d4a20bccfb82a8f4b3ec3 7919d296f07d4a20bccfb82a8f4b3ec3] 199.19.213.199 "GET /v2.0/ports?network_id=5131668c-b7c0-45c7-ab7c-eaa4cd9061ab&device_owner=network%3Adhcp HTTP/1.1" status: 200 len: 210 time: 0.0158441
2026-05-12 12:44:21.695 9 INFO neutron.wsgi [req-5b32bb06-9f50-401f-85a0-e19a44e8ae6c req-f5c008d0-f155-4e07-94c6-2cd32b224a5b 051d982b2dd0416cbefc82d35d2a24d3 d3635270c66c47abbc4db15347eb055c - - 7919d296f07d4a20bccfb82a8f4b3ec3 7919d296f07d4a20bccfb82a8f4b3ec3] 199.19.213.199 "GET /v2.0/networks/5131668c-b7c0-45c7-ab7c-eaa4cd9061ab?fields=segments HTTP/1.1" status: 200 len: 212 time: 0.0519915
2026-05-12 12:44:21.755 9 INFO neutron.wsgi [req-5b32bb06-9f50-401f-85a0-e19a44e8ae6c req-7cfef9bd-4c7d-4b8a-b935-017b4cdcf8f3 051d982b2dd0416cbefc82d35d2a24d3 d3635270c66c47abbc4db15347eb055c - - 7919d296f07d4a20bccfb82a8f4b3ec3 7919d296f07d4a20bccfb82a8f4b3ec3] 199.19.213.199 "GET /v2.0/networks/5131668c-b7c0-45c7-ab7c-eaa4cd9061ab?fields=provider%3Aphysical_network&fields=provider%3Anetwork_type HTTP/1.1" status: 200 len: 277 time: 0.0519009
2026-05-12 12:44:21.829 9 INFO neutron.wsgi [req-1dcd002a-8f4a-4ed4-a8fa-319e7f013c0b req-f501ccab-05b7-47a1-b83a-af0bd52b9fa1 051d982b2dd0416cbefc82d35d2a24d3 d3635270c66c47abbc4db15347eb055c - - 7919d296f07d4a20bccfb82a8f4b3ec3 7919d296f07d4a20bccfb82a8f4b3ec3] 199.19.213.199 "GET /v2.0/ports?tenant_id=70531c47f5fd4c7d945a6ab385b39429&device_id=d7900e7f-17bb-410f-9f85-23d0093f4035 HTTP/1.1" status: 200 len: 5350 time: 0.0341437
2026-05-12 12:44:21.838 10 INFO neutron.plugins.ml2.drivers.ovn.mech_driver.mech_driver [None req-1ba4cf68-df90-4fdb-acf9-b87a25295594 - - - - - -] OVN reports status up for port: e963dc36-06e2-4025-b32f-1cbd061d1372
2026-05-12 12:44:21.849 10 INFO neutron.plugins.ml2.plugin [None req-1ba4cf68-df90-4fdb-acf9-b87a25295594 - - - - - -] Attempt 1 to provision port e963dc36-06e2-4025-b32f-1cbd061d1372
2026-05-12 12:44:21.916 9 INFO neutron.wsgi [req-1dcd002a-8f4a-4ed4-a8fa-319e7f013c0b req-9ef744d7-53a4-4e75-bc71-7944bc775c52 051d982b2dd0416cbefc82d35d2a24d3 d3635270c66c47abbc4db15347eb055c - - 7919d296f07d4a20bccfb82a8f4b3ec3 7919d296f07d4a20bccfb82a8f4b3ec3] 199.19.213.199 "GET /v2.0/networks?id=5131668c-b7c0-45c7-ab7c-eaa4cd9061ab HTTP/1.1" status: 200 len: 1002 time: 0.0788426
2026-05-12 12:44:21.945 9 INFO neutron.wsgi [req-1dcd002a-8f4a-4ed4-a8fa-319e7f013c0b req-f2d636ed-5ba8-4bec-b5e0-2b2e5e88cfd5 051d982b2dd0416cbefc82d35d2a24d3 d3635270c66c47abbc4db15347eb055c - - 7919d296f07d4a20bccfb82a8f4b3ec3 7919d296f07d4a20bccfb82a8f4b3ec3] 199.19.213.199 "GET /v2.0/floatingips?fixed_ip_address=10.2.2.221&port_id=e963dc36-06e2-4025-b32f-1cbd061d1372 HTTP/1.1" status: 200 len: 217 time: 0.0220106
2026-05-12 12:44:22.035 10 INFO neutron.notifiers.nova [-] Nova event matching ['req-0ed2485d-9b47-49fe-981a-8daaeacbd089'] response: {'server_uuid': 'd7900e7f-17bb-410f-9f85-23d0093f4035', 'name': 'network-vif-plugged', 'status': 'completed', 'tag': 'e963dc36-06e2-4025-b32f-1cbd061d1372', 'code': 200}
2026-05-12 12:44:22.073 10 INFO neutron.wsgi [req-5b32bb06-9f50-401f-85a0-e19a44e8ae6c req-f1d398ee-e181-4aeb-8a23-db2cb9d21e2c 813b50fe033c47bf86101b677565ebf1 70531c47f5fd4c7d945a6ab385b39429 - - default default] 10.0.0.52 "GET /v2.0/ports/e963dc36-06e2-4025-b32f-1cbd061d1372 HTTP/1.1" status: 200 len: 1635 time: 0.0404873
2026-05-12 12:44:22.120 10 INFO neutron.wsgi [None req-1c09485c-1faa-4809-b711-49dcc6529cc1 813b50fe033c47bf86101b677565ebf1 70531c47f5fd4c7d945a6ab385b39429 - - default default] 199.19.213.199 "GET /v2.0/ports/e963dc36-06e2-4025-b32f-1cbd061d1372 HTTP/1.1" status: 200 len: 1635 time: 0.0387552
2026-05-12 12:44:22.163 10 INFO neutron.wsgi [None req-51295461-ed2d-495f-b6ca-a9b46cf9d54c 813b50fe033c47bf86101b677565ebf1 70531c47f5fd4c7d945a6ab385b39429 - - default default] 199.19.213.199 "GET /v2.0/ports/e963dc36-06e2-4025-b32f-1cbd061d1372 HTTP/1.1" status: 200 len: 1635 time: 0.0358624
2026-05-12 12:44:22.230 9 INFO neutron.wsgi [req-1dcd002a-8f4a-4ed4-a8fa-319e7f013c0b req-fe276ec0-2de0-4e32-b4dd-33b716002f63 051d982b2dd0416cbefc82d35d2a24d3 d3635270c66c47abbc4db15347eb055c - - 7919d296f07d4a20bccfb82a8f4b3ec3 7919d296f07d4a20bccfb82a8f4b3ec3] 199.19.213.199 "GET /v2.0/floatingips?fixed_ip_address=fd77%3A1457%3A4cf0%3A26a8%3A%3A32&port_id=e963dc36-06e2-4025-b32f-1cbd061d1372 HTTP/1.1" status: 200 len: 217 time: 0.2800412
2026-05-12 12:44:22.252 10 INFO neutron.db.ovn_revision_numbers_db [None req-1ba4cf68-df90-4fdb-acf9-b87a25295594 - - - - - -] Successfully bumped revision number for resource e963dc36-06e2-4025-b32f-1cbd061d1372 (type: ports) to 4
2026-05-12 12:44:22.270 9 INFO neutron.wsgi [req-1dcd002a-8f4a-4ed4-a8fa-319e7f013c0b req-ec48043e-0cff-429c-89cf-e7f8113f0ef7 051d982b2dd0416cbefc82d35d2a24d3 d3635270c66c47abbc4db15347eb055c - - 7919d296f07d4a20bccfb82a8f4b3ec3 7919d296f07d4a20bccfb82a8f4b3ec3] 199.19.213.199 "GET /v2.0/subnets?id=27943fcb-e09b-4a3f-929d-0fdfecdc6abe&id=80e21433-7e09-4258-bf36-70cc69220de7 HTTP/1.1" status: 200 len: 1566 time: 0.0330462
2026-05-12 12:44:22.296 9 INFO neutron.wsgi [req-1dcd002a-8f4a-4ed4-a8fa-319e7f013c0b req-65c6d4b7-382c-427f-93eb-45b998041ad2 051d982b2dd0416cbefc82d35d2a24d3 d3635270c66c47abbc4db15347eb055c - - 7919d296f07d4a20bccfb82a8f4b3ec3 7919d296f07d4a20bccfb82a8f4b3ec3] 199.19.213.199 "GET /v2.0/ports?network_id=5131668c-b7c0-45c7-ab7c-eaa4cd9061ab&device_owner=network%3Adhcp HTTP/1.1" status: 200 len: 210 time: 0.0176353
2026-05-12 12:44:22.322 9 INFO neutron.wsgi [req-1dcd002a-8f4a-4ed4-a8fa-319e7f013c0b req-1cc68f28-136f-429e-96f1-9a3786f0595c 051d982b2dd0416cbefc82d35d2a24d3 d3635270c66c47abbc4db15347eb055c - - 7919d296f07d4a20bccfb82a8f4b3ec3 7919d296f07d4a20bccfb82a8f4b3ec3] 199.19.213.199 "GET /v2.0/ports?network_id=5131668c-b7c0-45c7-ab7c-eaa4cd9061ab&device_owner=network%3Adhcp HTTP/1.1" status: 200 len: 210 time: 0.0178158
2026-05-12 12:44:22.384 9 INFO neutron.wsgi [req-1dcd002a-8f4a-4ed4-a8fa-319e7f013c0b req-1d4b3598-7d6b-42e0-a0e6-53cfc41d8a04 051d982b2dd0416cbefc82d35d2a24d3 d3635270c66c47abbc4db15347eb055c - - 7919d296f07d4a20bccfb82a8f4b3ec3 7919d296f07d4a20bccfb82a8f4b3ec3] 199.19.213.199 "GET /v2.0/networks/5131668c-b7c0-45c7-ab7c-eaa4cd9061ab?fields=segments HTTP/1.1" status: 200 len: 212 time: 0.0547071
2026-05-12 12:44:22.447 9 INFO neutron.wsgi [req-1dcd002a-8f4a-4ed4-a8fa-319e7f013c0b req-30f20b70-8f67-4f1a-b394-2a1554c9e76f 051d982b2dd0416cbefc82d35d2a24d3 d3635270c66c47abbc4db15347eb055c - - 7919d296f07d4a20bccfb82a8f4b3ec3 7919d296f07d4a20bccfb82a8f4b3ec3] 199.19.213.199 "GET /v2.0/networks/5131668c-b7c0-45c7-ab7c-eaa4cd9061ab?fields=provider%3Aphysical_network&fields=provider%3Anetwork_type HTTP/1.1" status: 200 len: 277 time: 0.0543780
2026-05-12 12:44:22.834 10 INFO neutron.db.ovn_revision_numbers_db [None req-a5a68914-fbb7-4efc-8d6c-d2ed04e0e488 813b50fe033c47bf86101b677565ebf1 70531c47f5fd4c7d945a6ab385b39429 - - default default] Successfully bumped revision number for resource e963dc36-06e2-4025-b32f-1cbd061d1372 (type: ports) to 5
2026-05-12 12:44:22.845 10 INFO neutron.wsgi [None req-a5a68914-fbb7-4efc-8d6c-d2ed04e0e488 813b50fe033c47bf86101b677565ebf1 70531c47f5fd4c7d945a6ab385b39429 - - default default] 199.19.213.199 "PUT /v2.0/ports/e963dc36-06e2-4025-b32f-1cbd061d1372 HTTP/1.1" status: 200 len: 1378 time: 0.6742096 /var/lib/openstack/lib/python3.10/site-packages/pycadf/identifier.py:71: UserWarning: Invalid uuid: neutron. To ensure interoperability, identifiers should be a valid uuid. warnings.warn(('Invalid uuid: %s. To ensure interoperability, '
2026-05-12 12:44:22.909 10 INFO neutron.wsgi [None req-4c46016f-c404-4ba7-b719-28bafa8885c3 813b50fe033c47bf86101b677565ebf1 70531c47f5fd4c7d945a6ab385b39429 - - default default] 199.19.213.199 "GET /v2.0/networks/5131668c-b7c0-45c7-ab7c-eaa4cd9061ab HTTP/1.1" status: 200 len: 999 time: 0.0575104
2026-05-12 12:44:22.947 10 INFO neutron.wsgi [None req-a77a5cb0-cba0-4831-959d-7e05b548b8cc 813b50fe033c47bf86101b677565ebf1 70531c47f5fd4c7d945a6ab385b39429 - - default default] 199.19.213.199 "GET /v2.0/subnets/80e21433-7e09-4258-bf36-70cc69220de7 HTTP/1.1" status: 200 len: 848 time: 0.0303209
2026-05-12 12:44:23.019 10 INFO neutron.wsgi [None req-877018bc-f0fc-41cc-b076-cd383765a96b 813b50fe033c47bf86101b677565ebf1 70531c47f5fd4c7d945a6ab385b39429 - - default default] 199.19.213.199 "GET /v2.0/extensions/security-group HTTP/1.1" status: 200 len: 369 time: 0.0068839
2026-05-12 12:44:23.027 10 INFO neutron.wsgi [None req-f231d522-8d70-47fb-8797-888b4389130d 813b50fe033c47bf86101b677565ebf1 70531c47f5fd4c7d945a6ab385b39429 - - default default] 199.19.213.199 "GET /v2.0/extensions/dns-integration HTTP/1.1" status: 200 len: 371 time: 0.0039489
2026-05-12 12:44:23.036 10 INFO neutron.wsgi [None req-848de8f7-3b13-447f-8c2d-8409b24c17d9 813b50fe033c47bf86101b677565ebf1 70531c47f5fd4c7d945a6ab385b39429 - - default default] 199.19.213.199 "GET /v2.0/extensions/qos HTTP/1.1" status: 200 len: 365 time: 0.0040224
2026-05-12 12:44:23.046 10 INFO neutron.wsgi [None req-053aaf3d-45b6-484a-b7f8-baad76548ec4 813b50fe033c47bf86101b677565ebf1 70531c47f5fd4c7d945a6ab385b39429 - - default default] 199.19.213.199 "GET /v2.0/extensions/allowed-address-pairs HTTP/1.1" status: 200 len: 383 time: 0.0056732
2026-05-12 12:44:23.080 10 INFO neutron.wsgi [None req-04dd25f9-49f1-48e4-9ded-8eba01ecdd10 813b50fe033c47bf86101b677565ebf1 70531c47f5fd4c7d945a6ab385b39429 - - default default] 199.19.213.199 "GET /v2.0/subnets/cc29ac56-6545-44cd-90fe-c551c1a5a23b HTTP/1.1" status: 200 len: 850 time: 0.0289111
2026-05-12 12:44:23.114 10 INFO neutron.wsgi [None req-d00fed3f-9998-4aa4-ae68-0d3f88b40d48 813b50fe033c47bf86101b677565ebf1 70531c47f5fd4c7d945a6ab385b39429 - - default default] 199.19.213.199 "GET /v2.0/ports/eee47d3d-50b3-4025-a3ab-02ddcb7d35ac HTTP/1.1" status: 200 len: 1336 time: 0.0286882
2026-05-12 12:44:23.148 10 INFO neutron.wsgi [None req-9f74e36b-730f-4392-a396-348c02150719 813b50fe033c47bf86101b677565ebf1 70531c47f5fd4c7d945a6ab385b39429 - - default default] 199.19.213.199 "GET /v2.0/ports/d6e67d50-d315-4296-8fc0-537605745870 HTTP/1.1" status: 200 len: 1518 time: 0.0270987
2026-05-12 12:44:23.183 10 INFO neutron.wsgi [None req-da238ecf-092b-4e15-9cd9-6e85c4852188 813b50fe033c47bf86101b677565ebf1 70531c47f5fd4c7d945a6ab385b39429 - - default default] 199.19.213.199 "GET /v2.0/subnets/cc29ac56-6545-44cd-90fe-c551c1a5a23b HTTP/1.1" status: 200 len: 850 time: 0.0295603
2026-05-12 12:44:23.261 10 INFO neutron.wsgi [None req-6a744e42-d6e9-428c-a12b-063542708979 813b50fe033c47bf86101b677565ebf1 70531c47f5fd4c7d945a6ab385b39429 - - default default] 199.19.213.199 "GET /v2.0/networks/b8ea1c27-a428-4b3f-abbb-1ab6437b3af6 HTTP/1.1" status: 200 len: 1002 time: 0.0729764
2026-05-12 12:44:23.295 10 INFO neutron.wsgi [None req-39fb6c68-b6ff-42ae-b654-eefb5598e1e4 813b50fe033c47bf86101b677565ebf1 70531c47f5fd4c7d945a6ab385b39429 - - default default] 199.19.213.199 "GET /v2.0/ports/eee47d3d-50b3-4025-a3ab-02ddcb7d35ac HTTP/1.1" status: 200 len: 1336 time: 0.0273945
2026-05-12 12:44:23.329 10 INFO neutron.wsgi [None req-b8d26536-12da-4467-ac5c-cf9d0d453b9c 813b50fe033c47bf86101b677565ebf1 70531c47f5fd4c7d945a6ab385b39429 - - default default] 199.19.213.199 "GET /v2.0/subnets/cc29ac56-6545-44cd-90fe-c551c1a5a23b HTTP/1.1" status: 200 len: 850 time: 0.0280974
2026-05-12 12:44:24.072 10 INFO neutron.notifiers.nova [-] Nova event matching ['req-70cffbd7-451b-4b89-b6ba-99d1b3971520'] response: {'server_uuid': 'd7900e7f-17bb-410f-9f85-23d0093f4035', 'name': 'network-vif-plugged', 'status': 'completed', 'tag': 'e963dc36-06e2-4025-b32f-1cbd061d1372', 'code': 200}
2026-05-12 12:44:24.072 10 INFO neutron.notifiers.nova [-] Nova event matching ['req-70cffbd7-451b-4b89-b6ba-99d1b3971520'] response: {'name': 'network-changed', 'server_uuid': 'd7900e7f-17bb-410f-9f85-23d0093f4035', 'tag': 'e963dc36-06e2-4025-b32f-1cbd061d1372', 'status': 'completed', 'code': 200}
2026-05-12 12:44:24.132 9 INFO neutron.wsgi [req-785521cf-b000-458e-a65f-70841291d62a req-8d4cdffd-2397-485b-8a1d-67a02aff9d7e 051d982b2dd0416cbefc82d35d2a24d3 d3635270c66c47abbc4db15347eb055c - - 7919d296f07d4a20bccfb82a8f4b3ec3 7919d296f07d4a20bccfb82a8f4b3ec3] 199.19.213.199 "GET /v2.0/ports?tenant_id=70531c47f5fd4c7d945a6ab385b39429&device_id=d7900e7f-17bb-410f-9f85-23d0093f4035 HTTP/1.1" status: 200 len: 5123 time: 0.0374582
2026-05-12 12:44:24.200 9 INFO neutron.wsgi [req-785521cf-b000-458e-a65f-70841291d62a req-b13d12e4-8368-4441-844b-cb701c094102 051d982b2dd0416cbefc82d35d2a24d3 d3635270c66c47abbc4db15347eb055c - - 7919d296f07d4a20bccfb82a8f4b3ec3 7919d296f07d4a20bccfb82a8f4b3ec3] 199.19.213.199 "GET /v2.0/networks?id=5131668c-b7c0-45c7-ab7c-eaa4cd9061ab HTTP/1.1" status: 200 len: 1002 time: 0.0618663
2026-05-12 12:44:24.227 9 INFO neutron.wsgi [req-785521cf-b000-458e-a65f-70841291d62a req-ccfea667-5fbf-42e6-88a7-82fb9dd8607b 051d982b2dd0416cbefc82d35d2a24d3 d3635270c66c47abbc4db15347eb055c - - 7919d296f07d4a20bccfb82a8f4b3ec3 7919d296f07d4a20bccfb82a8f4b3ec3] 199.19.213.199 "GET /v2.0/floatingips?fixed_ip_address=10.2.2.221&port_id=e963dc36-06e2-4025-b32f-1cbd061d1372 HTTP/1.1" status: 200 len: 217 time: 0.0199897
2026-05-12 12:44:24.272 9 INFO neutron.wsgi [req-785521cf-b000-458e-a65f-70841291d62a req-b7fee0f7-cc30-4d58-9e16-da174bace34b 051d982b2dd0416cbefc82d35d2a24d3 d3635270c66c47abbc4db15347eb055c - - 7919d296f07d4a20bccfb82a8f4b3ec3 7919d296f07d4a20bccfb82a8f4b3ec3] 199.19.213.199 "GET /v2.0/subnets?id=80e21433-7e09-4258-bf36-70cc69220de7 HTTP/1.1" status: 200 len: 851 time: 0.0382385
2026-05-12 12:44:24.304 9 INFO neutron.wsgi [req-785521cf-b000-458e-a65f-70841291d62a req-e1a55eae-0540-45c3-a1e0-414ec8fe5b51 051d982b2dd0416cbefc82d35d2a24d3 d3635270c66c47abbc4db15347eb055c - - 7919d296f07d4a20bccfb82a8f4b3ec3 7919d296f07d4a20bccfb82a8f4b3ec3] 199.19.213.199 "GET /v2.0/ports?network_id=5131668c-b7c0-45c7-ab7c-eaa4cd9061ab&device_owner=network%3Adhcp HTTP/1.1" status: 200 len: 210 time: 0.0250225
2026-05-12 12:44:24.368 9 INFO neutron.wsgi [req-785521cf-b000-458e-a65f-70841291d62a req-d6ccb788-6dfc-4b76-8293-51de6604cafb 051d982b2dd0416cbefc82d35d2a24d3 d3635270c66c47abbc4db15347eb055c - - 7919d296f07d4a20bccfb82a8f4b3ec3 7919d296f07d4a20bccfb82a8f4b3ec3] 199.19.213.199 "GET /v2.0/networks/5131668c-b7c0-45c7-ab7c-eaa4cd9061ab?fields=segments HTTP/1.1" status: 200 len: 212 time: 0.0577002
2026-05-12 12:44:24.433 9 INFO neutron.wsgi [req-785521cf-b000-458e-a65f-70841291d62a req-8a4a8c03-aed3-44b1-957f-e685fc12b41b 051d982b2dd0416cbefc82d35d2a24d3 d3635270c66c47abbc4db15347eb055c - - 7919d296f07d4a20bccfb82a8f4b3ec3 7919d296f07d4a20bccfb82a8f4b3ec3] 199.19.213.199 "GET /v2.0/networks/5131668c-b7c0-45c7-ab7c-eaa4cd9061ab?fields=provider%3Aphysical_network&fields=provider%3Anetwork_type HTTP/1.1" status: 200 len: 277 time: 0.0571516
2026-05-12 12:44:27.029 9 INFO neutron.wsgi [req-ab3d1c7a-d928-4a36-87c1-b46ad1a8a576 req-f9fa880b-c6c5-4226-9b53-e37d922769c2 051d982b2dd0416cbefc82d35d2a24d3 d3635270c66c47abbc4db15347eb055c - - 7919d296f07d4a20bccfb82a8f4b3ec3 7919d296f07d4a20bccfb82a8f4b3ec3] 199.19.213.199 "GET /v2.0/ports?device_id=955ec9e0-4342-470a-aa5c-5a2b7952581e&fields=binding%3Ahost_id&fields=binding%3Avif_type HTTP/1.1" status: 200 len: 265 time: 0.0468976
2026-05-12 12:44:27.094 9 INFO neutron.wsgi [req-ab3d1c7a-d928-4a36-87c1-b46ad1a8a576 req-08eeed23-43ea-4d15-8ce1-86cd27c4216f 051d982b2dd0416cbefc82d35d2a24d3 d3635270c66c47abbc4db15347eb055c - - 7919d296f07d4a20bccfb82a8f4b3ec3 7919d296f07d4a20bccfb82a8f4b3ec3] 199.19.213.199 "GET /v2.0/ports?tenant_id=b3dc6fc2fe4a401591802c097fb4b69a&device_id=955ec9e0-4342-470a-aa5c-5a2b7952581e HTTP/1.1" status: 200 len: 1638 time: 0.0381899
2026-05-12 12:44:27.188 9 INFO neutron.wsgi [req-ab3d1c7a-d928-4a36-87c1-b46ad1a8a576 req-b8569dde-73be-4441-a81e-14bca3ea2910 051d982b2dd0416cbefc82d35d2a24d3 d3635270c66c47abbc4db15347eb055c - - 7919d296f07d4a20bccfb82a8f4b3ec3 7919d296f07d4a20bccfb82a8f4b3ec3] 199.19.213.199 "GET /v2.0/networks?id=5131668c-b7c0-45c7-ab7c-eaa4cd9061ab HTTP/1.1" status: 200 len: 1002 time: 0.0720723
2026-05-12 12:44:27.245 9 INFO neutron.wsgi [req-ab3d1c7a-d928-4a36-87c1-b46ad1a8a576 req-3ae5fa99-12bc-42ca-8e9f-4b841276a481 051d982b2dd0416cbefc82d35d2a24d3 d3635270c66c47abbc4db15347eb055c - - 7919d296f07d4a20bccfb82a8f4b3ec3 7919d296f07d4a20bccfb82a8f4b3ec3] 199.19.213.199 "GET /v2.0/floatingips?fixed_ip_address=10.2.2.190&port_id=c4b24be9-267f-45d7-aa41-564bea991f6f HTTP/1.1" status: 200 len: 1059 time: 0.0478916
2026-05-12 12:44:27.270 9 INFO neutron.wsgi [req-ab3d1c7a-d928-4a36-87c1-b46ad1a8a576 req-a3753e7f-af71-4872-8f70-9fbb90ad3a43 051d982b2dd0416cbefc82d35d2a24d3 d3635270c66c47abbc4db15347eb055c - - 7919d296f07d4a20bccfb82a8f4b3ec3 7919d296f07d4a20bccfb82a8f4b3ec3] 199.19.213.199 "GET /v2.0/floatingips?fixed_ip_address=fd77%3A1457%3A4cf0%3A26a8%3A%3A77&port_id=c4b24be9-267f-45d7-aa41-564bea991f6f HTTP/1.1" status: 200 len: 217 time: 0.0195746
2026-05-12 12:44:27.302 9 INFO neutron.wsgi [req-ab3d1c7a-d928-4a36-87c1-b46ad1a8a576 req-29fb1d82-128e-4782-9237-403242dddddd 051d982b2dd0416cbefc82d35d2a24d3 d3635270c66c47abbc4db15347eb055c - - 7919d296f07d4a20bccfb82a8f4b3ec3 7919d296f07d4a20bccfb82a8f4b3ec3] 199.19.213.199 "GET /v2.0/subnets?id=27943fcb-e09b-4a3f-929d-0fdfecdc6abe&id=80e21433-7e09-4258-bf36-70cc69220de7 HTTP/1.1" status: 200 len: 1566 time: 0.0279069
2026-05-12 12:44:27.329 9 INFO neutron.wsgi [req-ab3d1c7a-d928-4a36-87c1-b46ad1a8a576 req-344802b4-5cf9-40fb-8c99-2c63e0ca57f5 051d982b2dd0416cbefc82d35d2a24d3 d3635270c66c47abbc4db15347eb055c - - 7919d296f07d4a20bccfb82a8f4b3ec3 7919d296f07d4a20bccfb82a8f4b3ec3] 199.19.213.199 "GET /v2.0/ports?network_id=5131668c-b7c0-45c7-ab7c-eaa4cd9061ab&device_owner=network%3Adhcp HTTP/1.1" status: 200 len: 210 time: 0.0219800
2026-05-12 12:44:27.352 9 INFO neutron.wsgi [req-ab3d1c7a-d928-4a36-87c1-b46ad1a8a576 req-50ff0015-6be3-488d-b2fb-ea5bca8a1d4c 051d982b2dd0416cbefc82d35d2a24d3 d3635270c66c47abbc4db15347eb055c - - 7919d296f07d4a20bccfb82a8f4b3ec3 7919d296f07d4a20bccfb82a8f4b3ec3] 199.19.213.199 "GET /v2.0/ports?network_id=5131668c-b7c0-45c7-ab7c-eaa4cd9061ab&device_owner=network%3Adhcp HTTP/1.1" status: 200 len: 210 time: 0.0172982
2026-05-12 12:44:27.415 9 INFO neutron.wsgi [req-ab3d1c7a-d928-4a36-87c1-b46ad1a8a576 req-21e5f806-62fb-432f-acd6-4efe55a2949d 051d982b2dd0416cbefc82d35d2a24d3 d3635270c66c47abbc4db15347eb055c - - 7919d296f07d4a20bccfb82a8f4b3ec3 7919d296f07d4a20bccfb82a8f4b3ec3] 199.19.213.199 "GET /v2.0/networks/5131668c-b7c0-45c7-ab7c-eaa4cd9061ab?fields=segments HTTP/1.1" status: 200 len: 212 time: 0.0551634
2026-05-12 12:44:27.482 9 INFO neutron.wsgi [req-ab3d1c7a-d928-4a36-87c1-b46ad1a8a576 req-59314c32-2e55-4333-bf9e-dd9c894de509 051d982b2dd0416cbefc82d35d2a24d3 d3635270c66c47abbc4db15347eb055c - - 7919d296f07d4a20bccfb82a8f4b3ec3 7919d296f07d4a20bccfb82a8f4b3ec3] 199.19.213.199 "GET /v2.0/networks/5131668c-b7c0-45c7-ab7c-eaa4cd9061ab?fields=provider%3Aphysical_network&fields=provider%3Anetwork_type HTTP/1.1" status: 200 len: 277 time: 0.0600450
2026-05-12 12:44:32.466 9 INFO neutron.wsgi [None req-64a5e24d-b9d9-45c9-a124-2faac7b478ec 813b50fe033c47bf86101b677565ebf1 70531c47f5fd4c7d945a6ab385b39429 - - default default] 199.19.213.199 "GET /v2.0/extensions/security-group HTTP/1.1" status: 200 len: 369 time: 0.0069697
2026-05-12 12:44:32.479 9 INFO neutron.wsgi [None req-c4efc7ca-6418-43af-9094-6973693448d3 813b50fe033c47bf86101b677565ebf1 70531c47f5fd4c7d945a6ab385b39429 - - default default] 199.19.213.199 "GET /v2.0/extensions/dns-integration HTTP/1.1" status: 200 len: 371 time: 0.0088279
2026-05-12 12:44:32.487 9 INFO neutron.wsgi [None req-51adebb9-9b9c-48ae-b461-ae58c26e88f9 813b50fe033c47bf86101b677565ebf1 70531c47f5fd4c7d945a6ab385b39429 - - default default] 199.19.213.199 "GET /v2.0/extensions/qos HTTP/1.1" status: 200 len: 365 time: 0.0032458
2026-05-12 12:44:32.497 9 INFO neutron.wsgi [None req-6559fcb8-8251-401d-ad18-6927b7b3c1b6 813b50fe033c47bf86101b677565ebf1 70531c47f5fd4c7d945a6ab385b39429 - - default default] 199.19.213.199 "GET /v2.0/extensions/allowed-address-pairs HTTP/1.1" status: 200 len: 383 time: 0.0053499
2026-05-12 12:44:32.537 9 INFO neutron.wsgi [None req-006dfe6e-b3c8-495c-845b-5cb0a1d33ba2 813b50fe033c47bf86101b677565ebf1 70531c47f5fd4c7d945a6ab385b39429 - - default default] 199.19.213.199 "GET /v2.0/subnets/6758dc05-43cd-48ee-aa2d-3f0331f8dc6a HTTP/1.1" status: 200 len: 848 time: 0.0322647
2026-05-12 12:44:32.577 9 INFO neutron.wsgi [None req-82f2cfcb-273a-42e0-888b-fbb81abed313 813b50fe033c47bf86101b677565ebf1 70531c47f5fd4c7d945a6ab385b39429 - - default default] 199.19.213.199 "GET /v2.0/ports?device_id=d7900e7f-17bb-410f-9f85-23d0093f4035 HTTP/1.1" status: 200 len: 5123 time: 0.0330431
2026-05-12 12:44:32.704 9 INFO neutron.wsgi [None req-23f85846-6fbe-4b3a-aeaa-be905991982e 813b50fe033c47bf86101b677565ebf1 70531c47f5fd4c7d945a6ab385b39429 - - default default] 199.19.213.199 "GET /v2.0/extensions/security-group HTTP/1.1" status: 200 len: 369 time: 0.0072784
2026-05-12 12:44:32.712 9 INFO neutron.wsgi [None req-eb1dbdd3-c8c1-489c-8150-4225ce1d9dc8 813b50fe033c47bf86101b677565ebf1 70531c47f5fd4c7d945a6ab385b39429 - - default default] 199.19.213.199 "GET /v2.0/extensions/dns-integration HTTP/1.1" status: 200 len: 371 time: 0.0028307
2026-05-12 12:44:32.722 9 INFO neutron.wsgi [None req-edfeb8a6-d8d7-4c6a-83ca-d9e20e0115f6 813b50fe033c47bf86101b677565ebf1 70531c47f5fd4c7d945a6ab385b39429 - - default default] 199.19.213.199 "GET /v2.0/extensions/qos HTTP/1.1" status: 200 len: 365 time: 0.0060627
2026-05-12 12:44:32.729 9 INFO neutron.wsgi [None req-bdce04d4-05d9-4af7-bfc9-f90a5935bc9e 813b50fe033c47bf86101b677565ebf1 70531c47f5fd4c7d945a6ab385b39429 - - default default] 199.19.213.199 "GET /v2.0/extensions/allowed-address-pairs HTTP/1.1" status: 200 len: 383 time: 0.0029423
2026-05-12 12:44:32.761 9 INFO neutron.wsgi [None req-9f94140e-3527-4d58-9afb-a56539291bfc 813b50fe033c47bf86101b677565ebf1 70531c47f5fd4c7d945a6ab385b39429 - - default default] 199.19.213.199 "GET /v2.0/ports/e963dc36-06e2-4025-b32f-1cbd061d1372 HTTP/1.1" status: 200 len: 1406 time: 0.0272198
2026-05-12 12:44:33.141 9 INFO neutron.db.ovn_revision_numbers_db [None req-dd53d604-3ecc-41d0-8333-ae986f0a58bc 813b50fe033c47bf86101b677565ebf1 70531c47f5fd4c7d945a6ab385b39429 - - default default] Successfully bumped revision number for resource e963dc36-06e2-4025-b32f-1cbd061d1372 (type: ports) to 6
2026-05-12 12:44:33.151 9 INFO neutron.wsgi [None req-dd53d604-3ecc-41d0-8333-ae986f0a58bc 813b50fe033c47bf86101b677565ebf1 70531c47f5fd4c7d945a6ab385b39429 - - default default] 199.19.213.199 "PUT /v2.0/ports/e963dc36-06e2-4025-b32f-1cbd061d1372 HTTP/1.1" status: 200 len: 1203 time: 0.3837144 /var/lib/openstack/lib/python3.10/site-packages/pycadf/identifier.py:71: UserWarning: Invalid uuid: neutron. To ensure interoperability, identifiers should be a valid uuid. warnings.warn(('Invalid uuid: %s. To ensure interoperability, '
2026-05-12 12:44:33.192 9 INFO neutron.notifiers.nova [-] Nova event matching ['req-78fbec95-447b-4b39-b862-7f70c3c1f5dc'] response: {'name': 'network-changed', 'server_uuid': 'd7900e7f-17bb-410f-9f85-23d0093f4035', 'tag': 'e963dc36-06e2-4025-b32f-1cbd061d1372', 'status': 'completed', 'code': 200}
2026-05-12 12:44:33.204 9 INFO neutron.wsgi [None req-2785a9a1-5ed6-43d2-b825-a5cebf9bd7a8 813b50fe033c47bf86101b677565ebf1 70531c47f5fd4c7d945a6ab385b39429 - - default default] 199.19.213.199 "GET /v2.0/networks/5131668c-b7c0-45c7-ab7c-eaa4cd9061ab HTTP/1.1" status: 200 len: 999 time: 0.0477228
2026-05-12 12:44:33.256 9 INFO neutron.wsgi [None req-a05ef896-89d7-4464-b49c-c9ac2e7275e3 813b50fe033c47bf86101b677565ebf1 70531c47f5fd4c7d945a6ab385b39429 - - default default] 199.19.213.199 "GET /v2.0/ports?device_id=d7900e7f-17bb-410f-9f85-23d0093f4035 HTTP/1.1" status: 200 len: 4948 time: 0.0478339
2026-05-12 12:44:33.263 9 INFO neutron.wsgi [req-fdb357d4-27a3-4e06-ae44-11933ce00873 req-dd3e5b76-0deb-4fb1-8a3b-54831d21948a 051d982b2dd0416cbefc82d35d2a24d3 d3635270c66c47abbc4db15347eb055c - - 7919d296f07d4a20bccfb82a8f4b3ec3 7919d296f07d4a20bccfb82a8f4b3ec3] 199.19.213.199 "GET /v2.0/ports?tenant_id=70531c47f5fd4c7d945a6ab385b39429&device_id=d7900e7f-17bb-410f-9f85-23d0093f4035 HTTP/1.1" status: 200 len: 4948 time: 0.0493462
2026-05-12 12:44:33.334 9 INFO neutron.wsgi [req-fdb357d4-27a3-4e06-ae44-11933ce00873 req-54d5ca77-5177-4bd3-8ccf-35f4c395777b 051d982b2dd0416cbefc82d35d2a24d3 d3635270c66c47abbc4db15347eb055c - - 7919d296f07d4a20bccfb82a8f4b3ec3 7919d296f07d4a20bccfb82a8f4b3ec3] 199.19.213.199 "GET /v2.0/networks?id=5131668c-b7c0-45c7-ab7c-eaa4cd9061ab HTTP/1.1" status: 200 len: 1002 time: 0.0619631
2026-05-12 12:44:33.383 9 INFO neutron.wsgi [None req-c426ec86-11af-410c-973f-3ac0707cf939 813b50fe033c47bf86101b677565ebf1 70531c47f5fd4c7d945a6ab385b39429 - - default default] 199.19.213.199 "GET /v2.0/ports?device_id=d7900e7f-17bb-410f-9f85-23d0093f4035 HTTP/1.1" status: 200 len: 4948 time: 0.0409718
2026-05-12 12:44:33.423 9 INFO neutron.wsgi [req-fdb357d4-27a3-4e06-ae44-11933ce00873 req-e9e6a9c7-4b55-452f-9076-7a8da630e142 051d982b2dd0416cbefc82d35d2a24d3 d3635270c66c47abbc4db15347eb055c - - 7919d296f07d4a20bccfb82a8f4b3ec3 7919d296f07d4a20bccfb82a8f4b3ec3] 199.19.213.199 "GET /v2.0/networks/5131668c-b7c0-45c7-ab7c-eaa4cd9061ab?fields=segments HTTP/1.1" status: 200 len: 212 time: 0.0732250
2026-05-12 12:44:33.486 9 INFO neutron.wsgi [req-fdb357d4-27a3-4e06-ae44-11933ce00873 req-3731e3dc-9077-45f7-9f64-41e5de26969e 051d982b2dd0416cbefc82d35d2a24d3 d3635270c66c47abbc4db15347eb055c - - 7919d296f07d4a20bccfb82a8f4b3ec3 7919d296f07d4a20bccfb82a8f4b3ec3] 199.19.213.199 "GET /v2.0/networks/5131668c-b7c0-45c7-ab7c-eaa4cd9061ab?fields=provider%3Aphysical_network&fields=provider%3Anetwork_type HTTP/1.1" status: 200 len: 277 time: 0.0578444
2026-05-12 12:44:33.631 10 INFO neutron.plugins.ml2.drivers.ovn.mech_driver.mech_driver [None req-1ba4cf68-df90-4fdb-acf9-b87a25295594 - - - - - -] OVN reports status down for port: e963dc36-06e2-4025-b32f-1cbd061d1372
2026-05-12 12:44:33.696 9 INFO neutron.wsgi [req-09db2016-0c11-4980-a1a3-13c8414844c5 req-2fea3621-a517-4bb4-b5bd-b915a636183d 051d982b2dd0416cbefc82d35d2a24d3 d3635270c66c47abbc4db15347eb055c - - 7919d296f07d4a20bccfb82a8f4b3ec3 7919d296f07d4a20bccfb82a8f4b3ec3] 199.19.213.199 "GET /v2.0/ports/e963dc36-06e2-4025-b32f-1cbd061d1372 HTTP/1.1" status: 200 len: 1231 time: 0.0265615
2026-05-12 12:44:33.765 10 INFO neutron.notifiers.nova [-] Nova event matching ['req-13d082a5-2408-4897-9fe3-90adc10cc371'] response: {'server_uuid': 'd7900e7f-17bb-410f-9f85-23d0093f4035', 'name': 'network-vif-unplugged', 'status': 'completed', 'tag': 'e963dc36-06e2-4025-b32f-1cbd061d1372', 'code': 200}
2026-05-12 12:44:33.888 10 INFO neutron.db.ovn_revision_numbers_db [None req-1ba4cf68-df90-4fdb-acf9-b87a25295594 - - - - - -] Successfully bumped revision number for resource e963dc36-06e2-4025-b32f-1cbd061d1372 (type: ports) to 7
2026-05-12 12:44:33.941 9 INFO neutron.wsgi [req-09db2016-0c11-4980-a1a3-13c8414844c5 req-a8cbf5d4-9c3e-4d2f-80a4-686a803dba55 813b50fe033c47bf86101b677565ebf1 70531c47f5fd4c7d945a6ab385b39429 - - default default] 199.19.213.199 "DELETE /v2.0/ports/e963dc36-06e2-4025-b32f-1cbd061d1372 HTTP/1.1" status: 204 len: 173 time: 0.2408509
2026-05-12 12:44:34.024 9 INFO neutron.wsgi [req-09db2016-0c11-4980-a1a3-13c8414844c5 req-07103e08-4c46-4395-b185-1716697be088 051d982b2dd0416cbefc82d35d2a24d3 d3635270c66c47abbc4db15347eb055c - - 7919d296f07d4a20bccfb82a8f4b3ec3 7919d296f07d4a20bccfb82a8f4b3ec3] 199.19.213.199 "GET /v2.0/ports?tenant_id=70531c47f5fd4c7d945a6ab385b39429&device_id=d7900e7f-17bb-410f-9f85-23d0093f4035 HTTP/1.1" status: 200 len: 3925 time: 0.0317659
2026-05-12 12:44:34.094 9 INFO neutron.wsgi [req-09db2016-0c11-4980-a1a3-13c8414844c5 req-c721c1c3-b181-4bb8-8c91-65545f0bd0c1 051d982b2dd0416cbefc82d35d2a24d3 d3635270c66c47abbc4db15347eb055c - - 7919d296f07d4a20bccfb82a8f4b3ec3 7919d296f07d4a20bccfb82a8f4b3ec3] 199.19.213.199 "GET /v2.0/networks?id=cc3730e1-0d5d-4dce-b61c-0262c53d180b&id=b8ea1c27-a428-4b3f-abbb-1ab6437b3af6&id=adfffe60-4304-444c-8371-1fb3008cf267&id=5131668c-b7c0-45c7-ab7c-eaa4cd9061ab HTTP/1.1" status: 200 len: 3307 time: 0.0629094
2026-05-12 12:44:34.118 9 INFO neutron.wsgi [req-09db2016-0c11-4980-a1a3-13c8414844c5 req-f88fa0a0-5b04-4452-be45-c657921aa278 051d982b2dd0416cbefc82d35d2a24d3 d3635270c66c47abbc4db15347eb055c - - 7919d296f07d4a20bccfb82a8f4b3ec3 7919d296f07d4a20bccfb82a8f4b3ec3] 199.19.213.199 "GET /v2.0/floatingips?fixed_ip_address=172.24.2.131&port_id=5b44e87c-d5aa-46ae-9a6d-d7831702df60 HTTP/1.1" status: 200 len: 217 time: 0.0175905
2026-05-12 12:44:34.147 9 INFO neutron.wsgi [req-09db2016-0c11-4980-a1a3-13c8414844c5 req-114f3115-b741-4778-be62-7f61d8b22b2c 051d982b2dd0416cbefc82d35d2a24d3 d3635270c66c47abbc4db15347eb055c - - 7919d296f07d4a20bccfb82a8f4b3ec3 7919d296f07d4a20bccfb82a8f4b3ec3] 199.19.213.199 "GET /v2.0/subnets?id=399c53e1-6208-4943-95f0-12fc60a51e23 HTTP/1.1" status: 200 len: 829 time: 0.0261815
2026-05-12 12:44:34.169 9 INFO neutron.wsgi [req-09db2016-0c11-4980-a1a3-13c8414844c5 req-eb8f1dc3-7f43-4d85-b900-ca7a2206e470 051d982b2dd0416cbefc82d35d2a24d3 d3635270c66c47abbc4db15347eb055c - - 7919d296f07d4a20bccfb82a8f4b3ec3 7919d296f07d4a20bccfb82a8f4b3ec3] 199.19.213.199 "GET /v2.0/ports?network_id=cc3730e1-0d5d-4dce-b61c-0262c53d180b&device_owner=network%3Adhcp HTTP/1.1" status: 200 len: 210 time: 0.0185351
2026-05-12 12:44:34.219 9 INFO neutron.wsgi [req-09db2016-0c11-4980-a1a3-13c8414844c5 req-46d08ccd-4f04-43f4-bc13-38cad023b725 051d982b2dd0416cbefc82d35d2a24d3 d3635270c66c47abbc4db15347eb055c - - 7919d296f07d4a20bccfb82a8f4b3ec3 7919d296f07d4a20bccfb82a8f4b3ec3] 199.19.213.199 "GET /v2.0/networks/cc3730e1-0d5d-4dce-b61c-0262c53d180b?fields=segments HTTP/1.1" status: 200 len: 212 time: 0.0472226
2026-05-12 12:44:34.291 9 INFO neutron.wsgi [req-09db2016-0c11-4980-a1a3-13c8414844c5 req-de67d292-7ab2-4742-9bac-d0ca795d639c 051d982b2dd0416cbefc82d35d2a24d3 d3635270c66c47abbc4db15347eb055c - - 7919d296f07d4a20bccfb82a8f4b3ec3 7919d296f07d4a20bccfb82a8f4b3ec3] 199.19.213.199 "GET /v2.0/networks/cc3730e1-0d5d-4dce-b61c-0262c53d180b?fields=provider%3Aphysical_network&fields=provider%3Anetwork_type HTTP/1.1" status: 200 len: 277 time: 0.0635407
2026-05-12 12:44:34.322 9 INFO neutron.wsgi [req-09db2016-0c11-4980-a1a3-13c8414844c5 req-d62f44f2-bfb5-4de8-be7b-b42f03434748 051d982b2dd0416cbefc82d35d2a24d3 d3635270c66c47abbc4db15347eb055c - - 7919d296f07d4a20bccfb82a8f4b3ec3 7919d296f07d4a20bccfb82a8f4b3ec3] 199.19.213.199 "GET /v2.0/floatingips?fixed_ip_address=10.1.1.153&port_id=d6e67d50-d315-4296-8fc0-537605745870 HTTP/1.1" status: 200 len: 217 time: 0.0216751
2026-05-12 12:44:34.362 9 INFO neutron.wsgi [req-09db2016-0c11-4980-a1a3-13c8414844c5 req-3ea58ab9-bec6-44df-be62-ee6a6b9a5a68 051d982b2dd0416cbefc82d35d2a24d3 d3635270c66c47abbc4db15347eb055c - - 7919d296f07d4a20bccfb82a8f4b3ec3 7919d296f07d4a20bccfb82a8f4b3ec3] 199.19.213.199 "GET /v2.0/subnets?id=cc29ac56-6545-44cd-90fe-c551c1a5a23b HTTP/1.1" status: 200 len: 853 time: 0.0321438
2026-05-12 12:44:34.412 9 INFO neutron.wsgi [req-09db2016-0c11-4980-a1a3-13c8414844c5 req-dc7c5a2e-b1e4-4491-a6a8-108c2dacc948 051d982b2dd0416cbefc82d35d2a24d3 d3635270c66c47abbc4db15347eb055c - - 7919d296f07d4a20bccfb82a8f4b3ec3 7919d296f07d4a20bccfb82a8f4b3ec3] 199.19.213.199 "GET /v2.0/ports?network_id=b8ea1c27-a428-4b3f-abbb-1ab6437b3af6&device_owner=network%3Adhcp HTTP/1.1" status: 200 len: 210 time: 0.0427754
2026-05-12 12:44:34.456 9 INFO neutron.wsgi [None req-01f3f3d3-d45a-40c5-9ff6-23abcbe17338 813b50fe033c47bf86101b677565ebf1 70531c47f5fd4c7d945a6ab385b39429 - - default default] 199.19.213.199 "GET /v2.0/ports?device_id=d7900e7f-17bb-410f-9f85-23d0093f4035 HTTP/1.1" status: 200 len: 3925 time: 0.0549533
2026-05-12 12:44:34.487 9 INFO neutron.pecan_wsgi.hooks.translation [None req-0a32e2f9-e7c8-47b6-845c-8d76ad707683 813b50fe033c47bf86101b677565ebf1 70531c47f5fd4c7d945a6ab385b39429 - - default default] DELETE failed (client error): The resource could not be found.
2026-05-12 12:44:34.489 9 INFO neutron.wsgi [None req-0a32e2f9-e7c8-47b6-845c-8d76ad707683 813b50fe033c47bf86101b677565ebf1 70531c47f5fd4c7d945a6ab385b39429 - - default default] 199.19.213.199 "DELETE /v2.0/ports/e963dc36-06e2-4025-b32f-1cbd061d1372 HTTP/1.1" status: 404 len: 338 time: 0.0227096
2026-05-12 12:44:34.514 9 INFO neutron.wsgi [req-09db2016-0c11-4980-a1a3-13c8414844c5 req-c0a8c99a-8e69-426b-9555-89f99ee2105d 051d982b2dd0416cbefc82d35d2a24d3 d3635270c66c47abbc4db15347eb055c - - 7919d296f07d4a20bccfb82a8f4b3ec3 7919d296f07d4a20bccfb82a8f4b3ec3] 199.19.213.199 "GET /v2.0/networks/b8ea1c27-a428-4b3f-abbb-1ab6437b3af6?fields=segments HTTP/1.1" status: 200 len: 212 time: 0.0834436
2026-05-12 12:44:34.569 9 INFO neutron.wsgi [None req-032cb3c4-2b9b-4534-b99c-0f9876b21afa 813b50fe033c47bf86101b677565ebf1 70531c47f5fd4c7d945a6ab385b39429 - - default default] 199.19.213.199 "GET /v2.0/extensions/security-group HTTP/1.1" status: 200 len: 369 time: 0.0065985
2026-05-12 12:44:34.578 9 INFO neutron.wsgi [None req-a80eea54-00b4-4127-8b8b-9b35633d902b 813b50fe033c47bf86101b677565ebf1 70531c47f5fd4c7d945a6ab385b39429 - - default default] 199.19.213.199 "GET /v2.0/extensions/dns-integration HTTP/1.1" status: 200 len: 371 time: 0.0048068
2026-05-12 12:44:34.586 9 INFO neutron.wsgi [None req-67ec4efd-c2d8-4ba5-ba95-d006ba107af1 813b50fe033c47bf86101b677565ebf1 70531c47f5fd4c7d945a6ab385b39429 - - default default] 199.19.213.199 "GET /v2.0/extensions/qos HTTP/1.1" status: 200 len: 365 time: 0.0038409
2026-05-12 12:44:34.588 9 INFO neutron.wsgi [req-09db2016-0c11-4980-a1a3-13c8414844c5 req-d6d613df-0f21-453d-afe6-5ac134815124 051d982b2dd0416cbefc82d35d2a24d3 d3635270c66c47abbc4db15347eb055c - - 7919d296f07d4a20bccfb82a8f4b3ec3 7919d296f07d4a20bccfb82a8f4b3ec3] 199.19.213.199 "GET /v2.0/networks/b8ea1c27-a428-4b3f-abbb-1ab6437b3af6?fields=provider%3Aphysical_network&fields=provider%3Anetwork_type HTTP/1.1" status: 200 len: 277 time: 0.0695133
2026-05-12 12:44:34.594 9 INFO neutron.wsgi [None req-626614ae-8f3e-4d3f-ab57-10a6b5975867 813b50fe033c47bf86101b677565ebf1 70531c47f5fd4c7d945a6ab385b39429 - - default default] 199.19.213.199 "GET /v2.0/extensions/allowed-address-pairs HTTP/1.1" status: 200 len: 383 time: 0.0028527
2026-05-12 12:44:34.623 9 INFO neutron.wsgi [req-09db2016-0c11-4980-a1a3-13c8414844c5 req-2ccb11ec-c64e-4a2b-b51c-5385998e106e 051d982b2dd0416cbefc82d35d2a24d3 d3635270c66c47abbc4db15347eb055c - - 7919d296f07d4a20bccfb82a8f4b3ec3 7919d296f07d4a20bccfb82a8f4b3ec3] 199.19.213.199 "GET /v2.0/floatingips?fixed_ip_address=10.2.1.138&port_id=cb0d7691-6895-436d-94fa-e865786a5079 HTTP/1.1" status: 200 len: 217 time: 0.0287807
2026-05-12 12:44:34.650 9 INFO neutron.wsgi [None req-91ab8376-d039-470a-a0a5-dc855c4589a9 813b50fe033c47bf86101b677565ebf1 70531c47f5fd4c7d945a6ab385b39429 - - default default] 199.19.213.199 "GET /v2.0/subnets/cc29ac56-6545-44cd-90fe-c551c1a5a23b HTTP/1.1" status: 200 len: 850 time: 0.0506983
2026-05-12 12:44:34.667 9 INFO neutron.wsgi [req-09db2016-0c11-4980-a1a3-13c8414844c5 req-50f38d67-4f9f-4682-b6b9-bb54effff847 051d982b2dd0416cbefc82d35d2a24d3 d3635270c66c47abbc4db15347eb055c - - 7919d296f07d4a20bccfb82a8f4b3ec3 7919d296f07d4a20bccfb82a8f4b3ec3] 199.19.213.199 "GET /v2.0/subnets?id=6758dc05-43cd-48ee-aa2d-3f0331f8dc6a HTTP/1.1" status: 200 len: 851 time: 0.0378036
2026-05-12 12:44:34.698 9 INFO neutron.wsgi [req-09db2016-0c11-4980-a1a3-13c8414844c5 req-965e4c99-9a86-46ff-964f-46c1cd276862 051d982b2dd0416cbefc82d35d2a24d3 d3635270c66c47abbc4db15347eb055c - - 7919d296f07d4a20bccfb82a8f4b3ec3 7919d296f07d4a20bccfb82a8f4b3ec3] 199.19.213.199 "GET /v2.0/ports?network_id=adfffe60-4304-444c-8371-1fb3008cf267&device_owner=network%3Adhcp HTTP/1.1" status: 200 len: 210 time: 0.0206056
2026-05-12 12:44:34.699 9 INFO neutron.wsgi [None req-671da7bb-39a3-4b61-87ad-6f9c7ec8bb82 813b50fe033c47bf86101b677565ebf1 70531c47f5fd4c7d945a6ab385b39429 - - default default] 199.19.213.199 "GET /v2.0/ports/eee47d3d-50b3-4025-a3ab-02ddcb7d35ac HTTP/1.1" status: 200 len: 1336 time: 0.0407267
2026-05-12 12:44:34.748 9 INFO neutron.wsgi [None req-96f0dd42-764e-4866-81ae-934b9048c621 813b50fe033c47bf86101b677565ebf1 70531c47f5fd4c7d945a6ab385b39429 - - default default] 199.19.213.199 "GET /v2.0/ports/d6e67d50-d315-4296-8fc0-537605745870 HTTP/1.1" status: 200 len: 1518 time: 0.0367935
2026-05-12 12:44:34.788 9 INFO neutron.wsgi [req-09db2016-0c11-4980-a1a3-13c8414844c5 req-39835094-64b3-4793-adeb-1d8425fff241 051d982b2dd0416cbefc82d35d2a24d3 d3635270c66c47abbc4db15347eb055c - - 7919d296f07d4a20bccfb82a8f4b3ec3 7919d296f07d4a20bccfb82a8f4b3ec3] 199.19.213.199 "GET /v2.0/networks/adfffe60-4304-444c-8371-1fb3008cf267?fields=segments HTTP/1.1" status: 200 len: 212 time: 0.0834672
2026-05-12 12:44:34.814 9 INFO neutron.wsgi [None req-aae96242-ec2d-47dc-8466-c5440de6801c 813b50fe033c47bf86101b677565ebf1 70531c47f5fd4c7d945a6ab385b39429 - - default default] 199.19.213.199 "GET /v2.0/subnets/cc29ac56-6545-44cd-90fe-c551c1a5a23b HTTP/1.1" status: 200 len: 850 time: 0.0598752
2026-05-12 12:44:34.914 9 INFO neutron.wsgi [None req-254962ce-506e-45b1-b10d-922672374ad6 813b50fe033c47bf86101b677565ebf1 70531c47f5fd4c7d945a6ab385b39429 - - default default] 199.19.213.199 "GET /v2.0/networks/b8ea1c27-a428-4b3f-abbb-1ab6437b3af6 HTTP/1.1" status: 200 len: 1002 time: 0.0905690
2026-05-12 12:44:34.915 9 INFO neutron.wsgi [req-09db2016-0c11-4980-a1a3-13c8414844c5 req-32289cac-32f2-484f-9923-a781484affac 051d982b2dd0416cbefc82d35d2a24d3 d3635270c66c47abbc4db15347eb055c - - 7919d296f07d4a20bccfb82a8f4b3ec3 7919d296f07d4a20bccfb82a8f4b3ec3] 199.19.213.199 "GET /v2.0/networks/adfffe60-4304-444c-8371-1fb3008cf267?fields=provider%3Aphysical_network&fields=provider%3Anetwork_type HTTP/1.1" status: 200 len: 277 time: 0.1182840
2026-05-12 12:44:34.954 9 INFO neutron.wsgi [None req-5d04c29e-767a-4b17-8357-d3f7915b5169 813b50fe033c47bf86101b677565ebf1 70531c47f5fd4c7d945a6ab385b39429 - - default default] 199.19.213.199 "GET /v2.0/ports/eee47d3d-50b3-4025-a3ab-02ddcb7d35ac HTTP/1.1" status: 200 len: 1336 time: 0.0341930
2026-05-12 12:44:34.991 9 INFO neutron.wsgi [None req-d524f579-40a4-4888-9c31-7adb77fca90c 813b50fe033c47bf86101b677565ebf1 70531c47f5fd4c7d945a6ab385b39429 - - default default] 199.19.213.199 "GET /v2.0/subnets/cc29ac56-6545-44cd-90fe-c551c1a5a23b HTTP/1.1" status: 200 len: 850 time: 0.0328095
2026-05-12 12:44:35.230 9 INFO neutron.notifiers.nova [-] Nova event matching ['req-80f99393-0e94-4ac1-a89c-66fa293c1ab6'] response: {'server_uuid': 'd7900e7f-17bb-410f-9f85-23d0093f4035', 'name': 'network-vif-deleted', 'tag': 'e963dc36-06e2-4025-b32f-1cbd061d1372', 'status': 'completed', 'code': 200}
2026-05-12 12:44:35.803 10 INFO neutron.notifiers.nova [-] Nova event matching ['req-f9ff8277-2245-4326-86be-41d218eb1716'] response: {'server_uuid': 'd7900e7f-17bb-410f-9f85-23d0093f4035', 'name': 'network-vif-plugged', 'status': 'completed', 'tag': 'e963dc36-06e2-4025-b32f-1cbd061d1372', 'code': 200}
2026-05-12 12:44:36.475 10 INFO neutron.wsgi [-] 10.0.0.215 "GET / HTTP/1.1" status: 200 len: 247 time: 0.0024855
2026-05-12 12:44:36.477 9 INFO neutron.wsgi [-] 10.0.0.215 "GET / HTTP/1.1" status: 200 len: 247 time: 0.0036981 /var/lib/openstack/lib/python3.10/site-packages/pycadf/identifier.py:71: UserWarning: Invalid uuid: neutron. To ensure interoperability, identifiers should be a valid uuid. warnings.warn(('Invalid uuid: %s. To ensure interoperability, '
2026-05-12 12:44:37.998 10 INFO neutron.wsgi [None req-7080b415-2f9a-4a4a-b625-4a3f874215b8 813b50fe033c47bf86101b677565ebf1 70531c47f5fd4c7d945a6ab385b39429 - - default default] 199.19.213.199 "GET /v2.0/extensions/security-group HTTP/1.1" status: 200 len: 369 time: 0.0085170
2026-05-12 12:44:38.009 10 INFO neutron.wsgi [None req-8f441d2c-128a-4638-889e-0e0a5ce66b7e 813b50fe033c47bf86101b677565ebf1 70531c47f5fd4c7d945a6ab385b39429 - - default default] 199.19.213.199 "GET /v2.0/extensions/dns-integration HTTP/1.1" status: 200 len: 371 time: 0.0045042
2026-05-12 12:44:38.018 10 INFO neutron.wsgi [None req-6f4452c0-7fbc-432b-bcfd-2cac905e0d25 813b50fe033c47bf86101b677565ebf1 70531c47f5fd4c7d945a6ab385b39429 - - default default] 199.19.213.199 "GET /v2.0/extensions/qos HTTP/1.1" status: 200 len: 365 time: 0.0050178
2026-05-12 12:44:38.027 10 INFO neutron.wsgi [None req-2381a53e-fc2a-4c9d-a25a-a4b02935c48c 813b50fe033c47bf86101b677565ebf1 70531c47f5fd4c7d945a6ab385b39429 - - default default] 199.19.213.199 "GET /v2.0/extensions/allowed-address-pairs HTTP/1.1" status: 200 len: 383 time: 0.0040808
2026-05-12 12:44:38.062 10 INFO neutron.wsgi [None req-4e5f424a-cc59-4ed7-8be7-a5a76c6e1e65 813b50fe033c47bf86101b677565ebf1 70531c47f5fd4c7d945a6ab385b39429 - - default default] 199.19.213.199 "GET /v2.0/ports?device_id=d7900e7f-17bb-410f-9f85-23d0093f4035 HTTP/1.1" status: 200 len: 3925 time: 0.0283694
2026-05-12 12:44:38.215 10 INFO neutron.wsgi [None req-08069699-de13-4880-bf43-f65f0bd87eaa 813b50fe033c47bf86101b677565ebf1 70531c47f5fd4c7d945a6ab385b39429 - - default default] 199.19.213.199 "GET /v2.0/extensions/security-group HTTP/1.1" status: 200 len: 369 time: 0.0050018
2026-05-12 12:44:38.221 10 INFO neutron.wsgi [None req-53634035-e7d9-49f8-9789-e32185116e28 813b50fe033c47bf86101b677565ebf1 70531c47f5fd4c7d945a6ab385b39429 - - default default] 199.19.213.199 "GET /v2.0/extensions/dns-integration HTTP/1.1" status: 200 len: 371 time: 0.0039101
2026-05-12 12:44:38.230 10 INFO neutron.wsgi [None req-b20284a9-ce7d-4133-94ea-46ddc825559d 813b50fe033c47bf86101b677565ebf1 70531c47f5fd4c7d945a6ab385b39429 - - default default] 199.19.213.199 "GET /v2.0/extensions/qos HTTP/1.1" status: 200 len: 365 time: 0.0037320
2026-05-12 12:44:38.239 10 INFO neutron.wsgi [None req-581c5bc4-9c74-4e3a-99a6-3f1b35511da2 813b50fe033c47bf86101b677565ebf1 70531c47f5fd4c7d945a6ab385b39429 - - default default] 199.19.213.199 "GET /v2.0/extensions/allowed-address-pairs HTTP/1.1" status: 200 len: 383 time: 0.0041339
2026-05-12 12:44:38.274 10 INFO neutron.wsgi [None req-b3537b91-5bd0-4b31-a2ae-d2d89701de22 813b50fe033c47bf86101b677565ebf1 70531c47f5fd4c7d945a6ab385b39429 - - default default] 199.19.213.199 "GET /v2.0/ports/cb0d7691-6895-436d-94fa-e865786a5079 HTTP/1.1" status: 200 len: 1406 time: 0.0295939
2026-05-12 12:44:38.579 10 INFO neutron.db.ovn_revision_numbers_db [None req-17ed07f5-865c-4373-bc16-b5a84cb6e080 813b50fe033c47bf86101b677565ebf1 70531c47f5fd4c7d945a6ab385b39429 - - default default] Successfully bumped revision number for resource cb0d7691-6895-436d-94fa-e865786a5079 (type: ports) to 6
2026-05-12 12:44:38.588 10 INFO neutron.wsgi [None req-17ed07f5-865c-4373-bc16-b5a84cb6e080 813b50fe033c47bf86101b677565ebf1 70531c47f5fd4c7d945a6ab385b39429 - - default default] 199.19.213.199 "PUT /v2.0/ports/cb0d7691-6895-436d-94fa-e865786a5079 HTTP/1.1" status: 200 len: 1203 time: 0.3088150 /var/lib/openstack/lib/python3.10/site-packages/pycadf/identifier.py:71: UserWarning: Invalid uuid: neutron. To ensure interoperability, identifiers should be a valid uuid. warnings.warn(('Invalid uuid: %s. To ensure interoperability, '
2026-05-12 12:44:38.626 10 INFO neutron.notifiers.nova [-] Nova event matching ['req-7715585f-0e1e-4ae8-8804-1a9f1f9f7d42'] response: {'name': 'network-changed', 'server_uuid': 'd7900e7f-17bb-410f-9f85-23d0093f4035', 'tag': 'cb0d7691-6895-436d-94fa-e865786a5079', 'status': 'completed', 'code': 200}
2026-05-12 12:44:38.660 10 INFO neutron.wsgi [None req-8251a939-5561-49ec-94d6-719f4580e70e 813b50fe033c47bf86101b677565ebf1 70531c47f5fd4c7d945a6ab385b39429 - - default default] 199.19.213.199 "GET /v2.0/networks/adfffe60-4304-444c-8371-1fb3008cf267 HTTP/1.1" status: 200 len: 998 time: 0.0650749
2026-05-12 12:44:38.692 9 INFO neutron.wsgi [req-47441517-803b-45f1-8530-ac16ebf1de7f req-15151e1a-55b8-46af-b11d-e093f66ea080 051d982b2dd0416cbefc82d35d2a24d3 d3635270c66c47abbc4db15347eb055c - - 7919d296f07d4a20bccfb82a8f4b3ec3 7919d296f07d4a20bccfb82a8f4b3ec3] 199.19.213.199 "GET /v2.0/ports?tenant_id=70531c47f5fd4c7d945a6ab385b39429&device_id=d7900e7f-17bb-410f-9f85-23d0093f4035 HTTP/1.1" status: 200 len: 3750 time: 0.0435603
2026-05-12 12:44:38.708 10 INFO neutron.wsgi [None req-1c4c6403-0e0c-469e-9285-86a32e956c87 813b50fe033c47bf86101b677565ebf1 70531c47f5fd4c7d945a6ab385b39429 - - default default] 199.19.213.199 "GET /v2.0/ports?device_id=d7900e7f-17bb-410f-9f85-23d0093f4035 HTTP/1.1" status: 200 len: 3750 time: 0.0411925
2026-05-12 12:44:38.758 9 INFO neutron.wsgi [req-47441517-803b-45f1-8530-ac16ebf1de7f req-848716ee-b6ac-490d-867f-a8e5695652a3 051d982b2dd0416cbefc82d35d2a24d3 d3635270c66c47abbc4db15347eb055c - - 7919d296f07d4a20bccfb82a8f4b3ec3 7919d296f07d4a20bccfb82a8f4b3ec3] 199.19.213.199 "GET /v2.0/networks?id=adfffe60-4304-444c-8371-1fb3008cf267 HTTP/1.1" status: 200 len: 1001 time: 0.0587919
2026-05-12 12:44:38.796 10 INFO neutron.wsgi [None req-19242596-b1de-4779-831c-676147728996 813b50fe033c47bf86101b677565ebf1 70531c47f5fd4c7d945a6ab385b39429 - - default default] 199.19.213.199 "GET /v2.0/ports?device_id=d7900e7f-17bb-410f-9f85-23d0093f4035 HTTP/1.1" status: 200 len: 3750 time: 0.0352950
2026-05-12 12:44:38.817 9 INFO neutron.wsgi [req-47441517-803b-45f1-8530-ac16ebf1de7f req-568b0a36-cc25-4e64-9de2-28b4a2ce6d0e 051d982b2dd0416cbefc82d35d2a24d3 d3635270c66c47abbc4db15347eb055c - - 7919d296f07d4a20bccfb82a8f4b3ec3 7919d296f07d4a20bccfb82a8f4b3ec3] 199.19.213.199 "GET /v2.0/networks/adfffe60-4304-444c-8371-1fb3008cf267?fields=segments HTTP/1.1" status: 200 len: 212 time: 0.0521688
2026-05-12 12:44:38.879 9 INFO neutron.wsgi [req-47441517-803b-45f1-8530-ac16ebf1de7f req-d52772cd-439a-41fc-a436-ff3d9f0ee002 051d982b2dd0416cbefc82d35d2a24d3 d3635270c66c47abbc4db15347eb055c - - 7919d296f07d4a20bccfb82a8f4b3ec3 7919d296f07d4a20bccfb82a8f4b3ec3] 199.19.213.199 "GET /v2.0/networks/adfffe60-4304-444c-8371-1fb3008cf267?fields=provider%3Aphysical_network&fields=provider%3Anetwork_type HTTP/1.1" status: 200 len: 277 time: 0.0525284
2026-05-12 12:44:39.056 10 INFO neutron.plugins.ml2.drivers.ovn.mech_driver.mech_driver [None req-1ba4cf68-df90-4fdb-acf9-b87a25295594 - - - - - -] OVN reports status down for port: cb0d7691-6895-436d-94fa-e865786a5079
2026-05-12 12:44:39.130 9 INFO neutron.wsgi [req-7253dc04-d5e9-4ff9-bac1-b06ba04a5919 req-a7eda0cb-ad41-4d92-a254-f1256ba224b1 051d982b2dd0416cbefc82d35d2a24d3 d3635270c66c47abbc4db15347eb055c - - 7919d296f07d4a20bccfb82a8f4b3ec3 7919d296f07d4a20bccfb82a8f4b3ec3] 199.19.213.199 "GET /v2.0/ports/cb0d7691-6895-436d-94fa-e865786a5079 HTTP/1.1" status: 200 len: 1231 time: 0.0332804
2026-05-12 12:44:39.297 10 INFO neutron.db.ovn_revision_numbers_db [None req-1ba4cf68-df90-4fdb-acf9-b87a25295594 - - - - - -] Successfully bumped revision number for resource cb0d7691-6895-436d-94fa-e865786a5079 (type: ports) to 7
2026-05-12 12:44:39.357 9 INFO neutron.wsgi [req-7253dc04-d5e9-4ff9-bac1-b06ba04a5919 req-89170da9-bca7-42ad-aeba-6a0479962136 813b50fe033c47bf86101b677565ebf1 70531c47f5fd4c7d945a6ab385b39429 - - default default] 199.19.213.199 "DELETE /v2.0/ports/cb0d7691-6895-436d-94fa-e865786a5079 HTTP/1.1" status: 204 len: 173 time: 0.2228215
