2026-05-12 12:40:37.757 9 INFO neutron.wsgi [None req-dc754b8e-fc4c-4bf8-826e-ce6b78ce775e fca9402c237d47438e3a79c0db5542b9 fbb32d75f9f342cc8013c0d788aa7aa0 - - default default] 10.0.0.129 "DELETE /v2.0/networks/d66f9ada-4674-49c2-a1b2-ad6583bfb112 HTTP/1.1" status: 204 len: 168 time: 0.4051430
2026-05-12 12:40:37.767 10 INFO neutron.services.segments.plugin [-] Segment e2e04ec2-c04e-495d-b142-af36b8288c90 resource provider not found; error: Placement Client Error (4xx): {"errors": [{"status": 404, "title": "Not Found", "detail": "The resource could not be found.\n\n No resource provider with uuid e2e04ec2-c04e-495d-b142-af36b8288c90 found for delete ", "request_id": "req-5f86b60d-a167-40ac-901e-81a12eece6ca"}]}
2026-05-12 12:40:37.801 9 INFO neutron.wsgi [None req-41225cd6-0f72-4380-bf7f-2b77ad0710f3 813b50fe033c47bf86101b677565ebf1 70531c47f5fd4c7d945a6ab385b39429 - - default default] 10.0.0.129 "DELETE /v2.0/security-groups/299edd53-c35a-496d-a341-86f3d2349521 HTTP/1.1" status: 204 len: 168 time: 0.2667406
2026-05-12 12:40:37.808 10 INFO neutron.wsgi [req-d5c8f982-ae98-4f3d-a1f4-1ad60b489a22 req-a803953c-7169-4131-9ba6-db813038c20d 7d5ce8f7955e4ad79eb4228a2cc86b10 6a1f98a6ca0546dd8522930850d7b347 - - default default] 10.0.0.52 "GET /v2.0/ports?device_id=0e820386-885a-44de-bbc7-4cb6c0b6b455 HTTP/1.1" status: 200 len: 210 time: 0.0252657
2026-05-12 12:40:38.432 9 INFO neutron.wsgi [req-0e12f366-ed08-4b16-914b-f29306cab51a req-d37c1d62-7a9e-4ef1-a411-0b1ee7d1c21b 7d5ce8f7955e4ad79eb4228a2cc86b10 6a1f98a6ca0546dd8522930850d7b347 - - default default] 199.19.213.199 "GET /v2.0/networks?id=97707d89-2ecc-461e-a2ae-13134a6b5b4b HTTP/1.1" status: 200 len: 859 time: 0.0768535
2026-05-12 12:40:38.479 9 INFO neutron.wsgi [req-0e12f366-ed08-4b16-914b-f29306cab51a req-b9faa5f9-7a6b-4752-b465-afea0c900531 7d5ce8f7955e4ad79eb4228a2cc86b10 6a1f98a6ca0546dd8522930850d7b347 - - default default] 199.19.213.199 "GET /v2.0/security-groups?fields=id&fields=name&tenant_id=6a1f98a6ca0546dd8522930850d7b347 HTTP/1.1" status: 200 len: 380 time: 0.0396941
2026-05-12 12:40:38.661 10 INFO neutron.wsgi [None req-b9027fc7-5bce-4581-8de2-d7efcbfe2747 813b50fe033c47bf86101b677565ebf1 70531c47f5fd4c7d945a6ab385b39429 - - default default] 10.0.0.129 "GET /v2.0/security-groups?tenant_id=fbb32d75f9f342cc8013c0d788aa7aa0&name=default HTTP/1.1" status: 200 len: 2996 time: 0.1491315
2026-05-12 12:40:38.793 9 WARNING neutron.scheduler.dhcp_agent_scheduler [req-0e12f366-ed08-4b16-914b-f29306cab51a req-a4fb2f2a-3ff4-484a-a03e-9538088aa045 7d5ce8f7955e4ad79eb4228a2cc86b10 6a1f98a6ca0546dd8522930850d7b347 - - default default] No more DHCP agents
2026-05-12 12:40:38.795 9 WARNING neutron.api.rpc.agentnotifiers.dhcp_rpc_agent_api [req-0e12f366-ed08-4b16-914b-f29306cab51a req-a4fb2f2a-3ff4-484a-a03e-9538088aa045 7d5ce8f7955e4ad79eb4228a2cc86b10 6a1f98a6ca0546dd8522930850d7b347 - - default default] Unable to schedule network 97707d89-2ecc-461e-a2ae-13134a6b5b4b: no agents available; will retry on subsequent port and subnet creation events.
2026-05-12 12:40:38.844 10 INFO neutron.wsgi [None req-12cf9e0e-12dc-4a25-9bc9-fdd2342019a0 813b50fe033c47bf86101b677565ebf1 70531c47f5fd4c7d945a6ab385b39429 - - default default] 10.0.0.129 "DELETE /v2.0/security-groups/329c5f3b-d437-4652-b395-c1ebfec13060 HTTP/1.1" status: 204 len: 168 time: 0.1765590
2026-05-12 12:40:38.905 10 INFO neutron.wsgi [req-3e55e553-b9be-4b93-9a4d-1a6fe9c0060b req-7aa491fc-c43a-4c14-868c-1bc96ee907a6 7d5ce8f7955e4ad79eb4228a2cc86b10 6a1f98a6ca0546dd8522930850d7b347 - - default default] 10.0.0.52 "GET /v2.0/ports?device_id=0e820386-885a-44de-bbc7-4cb6c0b6b455 HTTP/1.1" status: 200 len: 1156 time: 0.0432901
2026-05-12 12:40:38.973 10 INFO neutron.wsgi [req-3e55e553-b9be-4b93-9a4d-1a6fe9c0060b req-629b6a21-b844-4c7a-be70-bea8f8ff4725 7d5ce8f7955e4ad79eb4228a2cc86b10 6a1f98a6ca0546dd8522930850d7b347 - - default default] 10.0.0.52 "GET /v2.0/security-groups?id=e34a7d52-486c-41f5-9b98-364613947e57&fields=id&fields=name HTTP/1.1" status: 200 len: 313 time: 0.0622466 /var/lib/openstack/lib/python3.10/site-packages/pycadf/identifier.py:71: UserWarning: Invalid uuid: neutron. To ensure interoperability, identifiers should be a valid uuid. warnings.warn(('Invalid uuid: %s. To ensure interoperability, '
2026-05-12 12:40:38.991 9 INFO neutron.db.ovn_revision_numbers_db [req-0e12f366-ed08-4b16-914b-f29306cab51a req-a4fb2f2a-3ff4-484a-a03e-9538088aa045 7d5ce8f7955e4ad79eb4228a2cc86b10 6a1f98a6ca0546dd8522930850d7b347 - - default default] Successfully bumped revision number for resource 6d148691-9b39-483e-9523-a1f8dc50c647 (type: ports) to 1
2026-05-12 12:40:39.015 9 INFO neutron.wsgi [req-0e12f366-ed08-4b16-914b-f29306cab51a req-a4fb2f2a-3ff4-484a-a03e-9538088aa045 7d5ce8f7955e4ad79eb4228a2cc86b10 6a1f98a6ca0546dd8522930850d7b347 - - default default] 199.19.213.199 "POST /v2.0/ports HTTP/1.1" status: 201 len: 1158 time: 0.5323589
2026-05-12 12:40:39.100 9 INFO neutron.db.ovn_revision_numbers_db [None req-921061e7-fbad-43c0-b4bc-8115b5f144b9 813b50fe033c47bf86101b677565ebf1 70531c47f5fd4c7d945a6ab385b39429 - - default default] Successfully bumped revision number for resource 8ec0dec7-9841-4d8d-97a2-fe4c6308def5 (type: security_groups) to 1
2026-05-12 12:40:39.121 9 INFO neutron.db.ovn_revision_numbers_db [None req-921061e7-fbad-43c0-b4bc-8115b5f144b9 813b50fe033c47bf86101b677565ebf1 70531c47f5fd4c7d945a6ab385b39429 - - default default] Successfully bumped revision number for resource 308e681e-0381-4d40-9c34-f092606efc73 (type: security_group_rules) to 0
2026-05-12 12:40:39.151 9 INFO neutron.db.ovn_revision_numbers_db [None req-921061e7-fbad-43c0-b4bc-8115b5f144b9 813b50fe033c47bf86101b677565ebf1 70531c47f5fd4c7d945a6ab385b39429 - - default default] Successfully bumped revision number for resource 6c29117b-78fe-41a0-9def-cd4d06be3c12 (type: security_group_rules) to 0
2026-05-12 12:40:39.179 9 INFO neutron.db.ovn_revision_numbers_db [None req-921061e7-fbad-43c0-b4bc-8115b5f144b9 813b50fe033c47bf86101b677565ebf1 70531c47f5fd4c7d945a6ab385b39429 - - default default] Successfully bumped revision number for resource 93a45c2b-f531-4f2e-b40b-9471df32fd2d (type: security_group_rules) to 0
2026-05-12 12:40:39.198 9 INFO neutron.db.ovn_revision_numbers_db [None req-921061e7-fbad-43c0-b4bc-8115b5f144b9 813b50fe033c47bf86101b677565ebf1 70531c47f5fd4c7d945a6ab385b39429 - - default default] Successfully bumped revision number for resource d2c2f4e2-63e2-4e80-b92b-3151fb31acc8 (type: security_group_rules) to 0
2026-05-12 12:40:39.230 9 INFO neutron.wsgi [None req-921061e7-fbad-43c0-b4bc-8115b5f144b9 813b50fe033c47bf86101b677565ebf1 70531c47f5fd4c7d945a6ab385b39429 - - default default] 10.0.0.129 "GET /v2.0/security-groups?tenant_id=968270e8154f475eb8c19e1d9ac88dc6&name=default HTTP/1.1" status: 200 len: 2996 time: 0.2588265
2026-05-12 12:40:39.413 10 INFO neutron.wsgi [None req-b99ae1a0-91c8-43e8-bdb5-ef552f59078d 813b50fe033c47bf86101b677565ebf1 70531c47f5fd4c7d945a6ab385b39429 - - default default] 10.0.0.129 "DELETE /v2.0/security-groups/8ec0dec7-9841-4d8d-97a2-fe4c6308def5 HTTP/1.1" status: 204 len: 168 time: 0.1775906
2026-05-12 12:40:39.442 9 INFO neutron.db.ovn_revision_numbers_db [req-0e12f366-ed08-4b16-914b-f29306cab51a req-747190b7-9b6f-4fac-9a58-c59c5368ac5e 051d982b2dd0416cbefc82d35d2a24d3 d3635270c66c47abbc4db15347eb055c - - 7919d296f07d4a20bccfb82a8f4b3ec3 7919d296f07d4a20bccfb82a8f4b3ec3] Successfully bumped revision number for resource 6d148691-9b39-483e-9523-a1f8dc50c647 (type: ports) to 2
2026-05-12 12:40:39.663 9 INFO neutron.db.ovn_revision_numbers_db [req-0e12f366-ed08-4b16-914b-f29306cab51a req-747190b7-9b6f-4fac-9a58-c59c5368ac5e 051d982b2dd0416cbefc82d35d2a24d3 d3635270c66c47abbc4db15347eb055c - - 7919d296f07d4a20bccfb82a8f4b3ec3 7919d296f07d4a20bccfb82a8f4b3ec3] Successfully bumped revision number for resource 6d148691-9b39-483e-9523-a1f8dc50c647 (type: ports) to 2
2026-05-12 12:40:39.667 10 INFO neutron.db.ovn_revision_numbers_db [None req-5d8f6ffa-4020-4345-a5f2-b2c5d95f2ebd 813b50fe033c47bf86101b677565ebf1 70531c47f5fd4c7d945a6ab385b39429 - - default default] Successfully bumped revision number for resource a636745a-7378-4de7-b619-d55b6386c422 (type: security_groups) to 1
2026-05-12 12:40:39.676 9 INFO neutron.wsgi [req-0e12f366-ed08-4b16-914b-f29306cab51a req-747190b7-9b6f-4fac-9a58-c59c5368ac5e 051d982b2dd0416cbefc82d35d2a24d3 d3635270c66c47abbc4db15347eb055c - - 7919d296f07d4a20bccfb82a8f4b3ec3 7919d296f07d4a20bccfb82a8f4b3ec3] 199.19.213.199 "PUT /v2.0/ports/6d148691-9b39-483e-9523-a1f8dc50c647 HTTP/1.1" status: 200 len: 1376 time: 0.6511707
2026-05-12 12:40:39.682 10 INFO neutron.db.ovn_revision_numbers_db [None req-5d8f6ffa-4020-4345-a5f2-b2c5d95f2ebd 813b50fe033c47bf86101b677565ebf1 70531c47f5fd4c7d945a6ab385b39429 - - default default] Successfully bumped revision number for resource 20893e93-54dc-42b9-92a9-fe553168c2cc (type: security_group_rules) to 0
2026-05-12 12:40:39.699 10 INFO neutron.db.ovn_revision_numbers_db [None req-5d8f6ffa-4020-4345-a5f2-b2c5d95f2ebd 813b50fe033c47bf86101b677565ebf1 70531c47f5fd4c7d945a6ab385b39429 - - default default] Successfully bumped revision number for resource 5ae0a0bf-1b97-4c6c-9d7b-9402545320af (type: security_group_rules) to 0
2026-05-12 12:40:39.714 10 INFO neutron.db.ovn_revision_numbers_db [None req-5d8f6ffa-4020-4345-a5f2-b2c5d95f2ebd 813b50fe033c47bf86101b677565ebf1 70531c47f5fd4c7d945a6ab385b39429 - - default default] Successfully bumped revision number for resource a5931bc7-e31b-4d8f-a37e-a1100207629c (type: security_group_rules) to 0 /var/lib/openstack/lib/python3.10/site-packages/pycadf/identifier.py:71: UserWarning: Invalid uuid: neutron. To ensure interoperability, identifiers should be a valid uuid. warnings.warn(('Invalid uuid: %s. To ensure interoperability, '
2026-05-12 12:40:39.724 9 INFO neutron.notifiers.nova [-] Nova event matching ['req-61f5658f-4beb-4f9f-b953-63e21ea4772b'] response: {'name': 'network-changed', 'server_uuid': '0e820386-885a-44de-bbc7-4cb6c0b6b455', 'tag': '6d148691-9b39-483e-9523-a1f8dc50c647', 'status': 'completed', 'code': 200}
2026-05-12 12:40:39.730 10 INFO neutron.db.ovn_revision_numbers_db [None req-5d8f6ffa-4020-4345-a5f2-b2c5d95f2ebd 813b50fe033c47bf86101b677565ebf1 70531c47f5fd4c7d945a6ab385b39429 - - default default] Successfully bumped revision number for resource de7a8c5c-fc6d-460c-a4e8-40666ab72936 (type: security_group_rules) to 0
2026-05-12 12:40:39.747 9 INFO neutron.wsgi [req-0e12f366-ed08-4b16-914b-f29306cab51a req-8e25bee9-1311-4f42-ad82-379f29b588f4 051d982b2dd0416cbefc82d35d2a24d3 d3635270c66c47abbc4db15347eb055c - - 7919d296f07d4a20bccfb82a8f4b3ec3 7919d296f07d4a20bccfb82a8f4b3ec3] 199.19.213.199 "GET /v2.0/ports?tenant_id=6a1f98a6ca0546dd8522930850d7b347&device_id=0e820386-885a-44de-bbc7-4cb6c0b6b455 HTTP/1.1" status: 200 len: 1407 time: 0.0362720
2026-05-12 12:40:39.756 10 INFO neutron.wsgi [None req-5d8f6ffa-4020-4345-a5f2-b2c5d95f2ebd 813b50fe033c47bf86101b677565ebf1 70531c47f5fd4c7d945a6ab385b39429 - - default default] 10.0.0.129 "GET /v2.0/security-groups?tenant_id=318ecaf7bb56495c84e83f64dc144097&name=default HTTP/1.1" status: 200 len: 2996 time: 0.1985762
2026-05-12 12:40:39.784 9 INFO neutron.wsgi [req-0e12f366-ed08-4b16-914b-f29306cab51a req-4b4fa169-0e81-4c12-94be-131c01e600b2 051d982b2dd0416cbefc82d35d2a24d3 d3635270c66c47abbc4db15347eb055c - - 7919d296f07d4a20bccfb82a8f4b3ec3 7919d296f07d4a20bccfb82a8f4b3ec3] 199.19.213.199 "GET /v2.0/floatingips?fixed_ip_address=10.100.0.5&port_id=6d148691-9b39-483e-9523-a1f8dc50c647 HTTP/1.1" status: 200 len: 217 time: 0.0309157
2026-05-12 12:40:39.828 9 INFO neutron.wsgi [req-0e12f366-ed08-4b16-914b-f29306cab51a req-60928ac9-2a61-4098-946f-0d19dd0c5a29 051d982b2dd0416cbefc82d35d2a24d3 d3635270c66c47abbc4db15347eb055c - - 7919d296f07d4a20bccfb82a8f4b3ec3 7919d296f07d4a20bccfb82a8f4b3ec3] 199.19.213.199 "GET /v2.0/subnets?id=5fe45dbb-97a3-489f-bd6c-c117b79a6db8 HTTP/1.1" status: 200 len: 853 time: 0.0376523
2026-05-12 12:40:39.859 9 INFO neutron.wsgi [req-0e12f366-ed08-4b16-914b-f29306cab51a req-2e20719a-f1a8-476c-b969-a663d142abe5 051d982b2dd0416cbefc82d35d2a24d3 d3635270c66c47abbc4db15347eb055c - - 7919d296f07d4a20bccfb82a8f4b3ec3 7919d296f07d4a20bccfb82a8f4b3ec3] 199.19.213.199 "GET /v2.0/ports?network_id=97707d89-2ecc-461e-a2ae-13134a6b5b4b&device_owner=network%3Adhcp HTTP/1.1" status: 200 len: 210 time: 0.0229361
2026-05-12 12:40:39.924 9 INFO neutron.wsgi [req-0e12f366-ed08-4b16-914b-f29306cab51a req-5c05586b-89b5-4d05-a4d9-2078d83cf726 051d982b2dd0416cbefc82d35d2a24d3 d3635270c66c47abbc4db15347eb055c - - 7919d296f07d4a20bccfb82a8f4b3ec3 7919d296f07d4a20bccfb82a8f4b3ec3] 199.19.213.199 "GET /v2.0/networks/97707d89-2ecc-461e-a2ae-13134a6b5b4b?fields=segments HTTP/1.1" status: 200 len: 212 time: 0.0608118
2026-05-12 12:40:39.960 10 INFO neutron.wsgi [None req-ef4e01eb-0fff-4a0a-8032-237da7886905 813b50fe033c47bf86101b677565ebf1 70531c47f5fd4c7d945a6ab385b39429 - - default default] 10.0.0.129 "DELETE /v2.0/security-groups/a636745a-7378-4de7-b619-d55b6386c422 HTTP/1.1" status: 204 len: 168 time: 0.1975095
2026-05-12 12:40:39.989 9 INFO neutron.wsgi [req-0e12f366-ed08-4b16-914b-f29306cab51a req-51947aac-1a1d-4397-a201-9a267e43f9bf 051d982b2dd0416cbefc82d35d2a24d3 d3635270c66c47abbc4db15347eb055c - - 7919d296f07d4a20bccfb82a8f4b3ec3 7919d296f07d4a20bccfb82a8f4b3ec3] 199.19.213.199 "GET /v2.0/networks/97707d89-2ecc-461e-a2ae-13134a6b5b4b?fields=provider%3Aphysical_network&fields=provider%3Anetwork_type HTTP/1.1" status: 200 len: 277 time: 0.0573475
2026-05-12 12:40:40.058 9 INFO neutron.wsgi [req-c6e3b9d6-435f-4a61-b46e-1c2566b16bd2 req-0ac023a5-a9d9-44cb-b22b-445c9023994f 051d982b2dd0416cbefc82d35d2a24d3 d3635270c66c47abbc4db15347eb055c - - 7919d296f07d4a20bccfb82a8f4b3ec3 7919d296f07d4a20bccfb82a8f4b3ec3] 199.19.213.199 "GET /v2.0/ports?tenant_id=6a1f98a6ca0546dd8522930850d7b347&device_id=0e820386-885a-44de-bbc7-4cb6c0b6b455 HTTP/1.1" status: 200 len: 1407 time: 0.0325744
2026-05-12 12:40:40.088 10 INFO neutron.wsgi [req-b34ab454-b4a7-4cb6-ae81-1dc9082c0948 req-7d6f8c17-58c9-4747-9164-dbb7107f4cad 7d5ce8f7955e4ad79eb4228a2cc86b10 6a1f98a6ca0546dd8522930850d7b347 - - default default] 10.0.0.52 "GET /v2.0/ports?device_id=0e820386-885a-44de-bbc7-4cb6c0b6b455 HTTP/1.1" status: 200 len: 1168 time: 0.0467269
2026-05-12 12:40:40.136 9 INFO neutron.wsgi [req-c6e3b9d6-435f-4a61-b46e-1c2566b16bd2 req-5963dea1-aaa5-4baa-845c-ff276764119d 051d982b2dd0416cbefc82d35d2a24d3 d3635270c66c47abbc4db15347eb055c - - 7919d296f07d4a20bccfb82a8f4b3ec3 7919d296f07d4a20bccfb82a8f4b3ec3] 199.19.213.199 "GET /v2.0/networks?id=97707d89-2ecc-461e-a2ae-13134a6b5b4b HTTP/1.1" status: 200 len: 958 time: 0.0717030
2026-05-12 12:40:40.147 10 INFO neutron.wsgi [req-b34ab454-b4a7-4cb6-ae81-1dc9082c0948 req-ce2b75d4-6241-4170-8f78-a7fb1c0cabbd 7d5ce8f7955e4ad79eb4228a2cc86b10 6a1f98a6ca0546dd8522930850d7b347 - - default default] 10.0.0.52 "GET /v2.0/security-groups?id=e34a7d52-486c-41f5-9b98-364613947e57&fields=id&fields=name HTTP/1.1" status: 200 len: 313 time: 0.0510445
2026-05-12 12:40:40.181 9 INFO neutron.wsgi [req-c6e3b9d6-435f-4a61-b46e-1c2566b16bd2 req-6f92e987-a43b-4bbe-ac70-77ec7ef83103 051d982b2dd0416cbefc82d35d2a24d3 d3635270c66c47abbc4db15347eb055c - - 7919d296f07d4a20bccfb82a8f4b3ec3 7919d296f07d4a20bccfb82a8f4b3ec3] 199.19.213.199 "GET /v2.0/floatingips?fixed_ip_address=10.100.0.5&port_id=6d148691-9b39-483e-9523-a1f8dc50c647 HTTP/1.1" status: 200 len: 217 time: 0.0329013
2026-05-12 12:40:40.221 9 INFO neutron.wsgi [req-c6e3b9d6-435f-4a61-b46e-1c2566b16bd2 req-3f5e825d-11f1-4d6b-a9be-d19e093b735d 051d982b2dd0416cbefc82d35d2a24d3 d3635270c66c47abbc4db15347eb055c - - 7919d296f07d4a20bccfb82a8f4b3ec3 7919d296f07d4a20bccfb82a8f4b3ec3] 199.19.213.199 "GET /v2.0/subnets?id=5fe45dbb-97a3-489f-bd6c-c117b79a6db8 HTTP/1.1" status: 200 len: 853 time: 0.0287454
2026-05-12 12:40:40.226 10 WARNING neutron.plugins.ml2.drivers.ovn.mech_driver.ovsdb.ovn_client [None req-1ba4cf68-df90-4fdb-acf9-b87a25295594 - - - - - -] No hosting information found for port a4c06003-731d-47ad-9fbc-d91a90a2ab24: RuntimeError: No hosting information found for port a4c06003-731d-47ad-9fbc-d91a90a2ab24
2026-05-12 12:40:40.227 10 INFO neutron.plugins.ml2.drivers.ovn.mech_driver.mech_driver [None req-1ba4cf68-df90-4fdb-acf9-b87a25295594 - - - - - -] OVN reports status up for port: 6d148691-9b39-483e-9523-a1f8dc50c647
2026-05-12 12:40:40.237 10 INFO neutron.plugins.ml2.plugin [None req-1ba4cf68-df90-4fdb-acf9-b87a25295594 - - - - - -] Attempt 1 to provision port 6d148691-9b39-483e-9523-a1f8dc50c647
2026-05-12 12:40:40.246 9 INFO neutron.wsgi [req-c6e3b9d6-435f-4a61-b46e-1c2566b16bd2 req-d698db39-b83d-4b78-b22b-6e3020698711 051d982b2dd0416cbefc82d35d2a24d3 d3635270c66c47abbc4db15347eb055c - - 7919d296f07d4a20bccfb82a8f4b3ec3 7919d296f07d4a20bccfb82a8f4b3ec3] 199.19.213.199 "GET /v2.0/ports?network_id=97707d89-2ecc-461e-a2ae-13134a6b5b4b&device_owner=network%3Adhcp HTTP/1.1" status: 200 len: 210 time: 0.0206838
2026-05-12 12:40:40.317 9 INFO neutron.wsgi [req-c6e3b9d6-435f-4a61-b46e-1c2566b16bd2 req-91af0c32-8897-4c94-b322-116f620427b1 051d982b2dd0416cbefc82d35d2a24d3 d3635270c66c47abbc4db15347eb055c - - 7919d296f07d4a20bccfb82a8f4b3ec3 7919d296f07d4a20bccfb82a8f4b3ec3] 199.19.213.199 "GET /v2.0/networks/97707d89-2ecc-461e-a2ae-13134a6b5b4b?fields=segments HTTP/1.1" status: 200 len: 212 time: 0.0592144
2026-05-12 12:40:40.369 10 INFO neutron.notifiers.nova [-] Nova event matching ['req-eb8c76b2-445d-4748-b76e-34b4e57bfd25'] response: {'server_uuid': '0e820386-885a-44de-bbc7-4cb6c0b6b455', 'name': 'network-vif-plugged', 'status': 'completed', 'tag': '6d148691-9b39-483e-9523-a1f8dc50c647', 'code': 200}
2026-05-12 12:40:40.372 9 INFO neutron.wsgi [req-c6e3b9d6-435f-4a61-b46e-1c2566b16bd2 req-e2d7bffd-32ca-4509-bce5-386cfc58f2ae 051d982b2dd0416cbefc82d35d2a24d3 d3635270c66c47abbc4db15347eb055c - - 7919d296f07d4a20bccfb82a8f4b3ec3 7919d296f07d4a20bccfb82a8f4b3ec3] 199.19.213.199 "GET /v2.0/networks/97707d89-2ecc-461e-a2ae-13134a6b5b4b?fields=provider%3Aphysical_network&fields=provider%3Anetwork_type HTTP/1.1" status: 200 len: 277 time: 0.0502632
2026-05-12 12:40:40.548 10 INFO neutron.db.ovn_revision_numbers_db [None req-1ba4cf68-df90-4fdb-acf9-b87a25295594 - - - - - -] Successfully bumped revision number for resource 6d148691-9b39-483e-9523-a1f8dc50c647 (type: ports) to 4 /var/lib/openstack/lib/python3.10/site-packages/pycadf/identifier.py:71: UserWarning: Invalid uuid: neutron. To ensure interoperability, identifiers should be a valid uuid. warnings.warn(('Invalid uuid: %s. To ensure interoperability, '
2026-05-12 12:40:41.274 10 INFO neutron.wsgi [req-21146547-5aba-4093-86f0-633fa17cd5cb req-01cdfc7d-dfbd-4492-9460-b1f3cb48da74 7d5ce8f7955e4ad79eb4228a2cc86b10 6a1f98a6ca0546dd8522930850d7b347 - - default default] 10.0.0.52 "GET /v2.0/ports?device_id=0e820386-885a-44de-bbc7-4cb6c0b6b455 HTTP/1.1" status: 200 len: 1170 time: 0.0415747
2026-05-12 12:40:41.322 10 INFO neutron.wsgi [req-21146547-5aba-4093-86f0-633fa17cd5cb req-18466612-ad0a-4d1d-9811-4b6ea83e93a5 7d5ce8f7955e4ad79eb4228a2cc86b10 6a1f98a6ca0546dd8522930850d7b347 - - default default] 10.0.0.52 "GET /v2.0/security-groups?id=e34a7d52-486c-41f5-9b98-364613947e57&fields=id&fields=name HTTP/1.1" status: 200 len: 313 time: 0.0415018
2026-05-12 12:40:42.320 10 INFO neutron.wsgi [None req-cc6b6886-e90f-456e-859a-d859ab235923 8f732ad5e3ec452c90c6512a38975ae4 1a5f7a2684b04e80b58c5eebd003f1d2 - - default default] 10.0.0.129 "POST /v2.0/qos/policies HTTP/1.1" status: 201 len: 558 time: 0.2785323
2026-05-12 12:40:42.365 10 INFO neutron.wsgi [None req-e0d31692-b472-4018-a9b6-16c27fd40b27 8f732ad5e3ec452c90c6512a38975ae4 1a5f7a2684b04e80b58c5eebd003f1d2 - - default default] 10.0.0.129 "POST /v2.0/qos/policies HTTP/1.1" status: 201 len: 558 time: 0.0399256
2026-05-12 12:40:42.411 10 INFO neutron.notifiers.nova [-] Nova event matching ['req-fbd6de53-c01c-4313-b9b9-62c9b0e52cf8'] response: {'server_uuid': '0e820386-885a-44de-bbc7-4cb6c0b6b455', 'name': 'network-vif-plugged', 'status': 'completed', 'tag': '6d148691-9b39-483e-9523-a1f8dc50c647', 'code': 200}
2026-05-12 12:40:42.427 10 INFO neutron.wsgi [None req-e21eb283-3964-4fb2-a7e0-348c64eb85a1 8f732ad5e3ec452c90c6512a38975ae4 1a5f7a2684b04e80b58c5eebd003f1d2 - - default default] 10.0.0.129 "POST /v2.0/qos/policies HTTP/1.1" status: 201 len: 558 time: 0.0582545
2026-05-12 12:40:42.437 10 INFO neutron.wsgi [req-ec0e2740-c39e-402e-862f-7436e3583cea req-97a1caad-3b8b-45d0-9e91-ee0f2e954e6b 7d5ce8f7955e4ad79eb4228a2cc86b10 6a1f98a6ca0546dd8522930850d7b347 - - default default] 10.0.0.52 "GET /v2.0/ports?device_id=0e820386-885a-44de-bbc7-4cb6c0b6b455 HTTP/1.1" status: 200 len: 1170 time: 0.0545027
2026-05-12 12:40:42.478 10 INFO neutron.wsgi [req-ec0e2740-c39e-402e-862f-7436e3583cea req-7434ba4a-0d20-43e6-82c6-fd0b8f6bac1b 7d5ce8f7955e4ad79eb4228a2cc86b10 6a1f98a6ca0546dd8522930850d7b347 - - default default] 10.0.0.52 "GET /v2.0/security-groups?id=e34a7d52-486c-41f5-9b98-364613947e57&fields=id&fields=name HTTP/1.1" status: 200 len: 313 time: 0.0334358
2026-05-12 12:40:42.503 9 INFO neutron.wsgi [None req-26e30634-c7db-4dc3-8ac5-36ce4f960527 8f732ad5e3ec452c90c6512a38975ae4 1a5f7a2684b04e80b58c5eebd003f1d2 - - default default] 10.0.0.129 "POST /v2.0/qos/policies HTTP/1.1" status: 201 len: 558 time: 0.0715411
2026-05-12 12:40:42.549 9 INFO neutron.wsgi [None req-65b01610-658d-4f33-bd3d-85dfc64f4796 8f732ad5e3ec452c90c6512a38975ae4 1a5f7a2684b04e80b58c5eebd003f1d2 - - default default] 10.0.0.129 "POST /v2.0/qos/policies HTTP/1.1" status: 201 len: 558 time: 0.0397544
2026-05-12 12:40:42.582 9 INFO neutron.wsgi [None req-26bf2bdd-8578-4b74-a0e9-431d7ead38b5 8f732ad5e3ec452c90c6512a38975ae4 1a5f7a2684b04e80b58c5eebd003f1d2 - - default default] 10.0.0.129 "PUT /v2.0/policies/721a063e-241a-41c7-b474-61339a470fa2/tags HTTP/1.1" status: 200 len: 210 time: 0.0287564
2026-05-12 12:40:42.614 10 INFO neutron.wsgi [None req-1382112b-717a-4135-9032-5068b6c6350d 8f732ad5e3ec452c90c6512a38975ae4 1a5f7a2684b04e80b58c5eebd003f1d2 - - default default] 10.0.0.129 "PUT /v2.0/policies/32fc6128-a968-4985-bdee-651e3bf635ae/tags HTTP/1.1" status: 200 len: 218 time: 0.0274651
2026-05-12 12:40:42.665 10 INFO neutron.wsgi [req-b325934c-13a7-4fe8-baa5-5060b6a5746d req-9c4c13ee-9a75-42ec-b334-85f6a9b3366e 7d5ce8f7955e4ad79eb4228a2cc86b10 6a1f98a6ca0546dd8522930850d7b347 - - default default] 10.0.0.52 "GET /v2.0/ports?device_id=0e820386-885a-44de-bbc7-4cb6c0b6b455 HTTP/1.1" status: 200 len: 1170 time: 0.0991132
2026-05-12 12:40:42.666 9 INFO neutron.wsgi [None req-91a40a2d-0eca-4438-990b-76169dda2c6e 8f732ad5e3ec452c90c6512a38975ae4 1a5f7a2684b04e80b58c5eebd003f1d2 - - default default] 10.0.0.129 "PUT /v2.0/policies/55388ddc-3728-4df3-aafe-e4779c11e430/tags HTTP/1.1" status: 200 len: 227 time: 0.0471866
2026-05-12 12:40:42.702 9 INFO neutron.wsgi [None req-62ac96d5-d7a1-4db4-afef-ed4463891fe3 8f732ad5e3ec452c90c6512a38975ae4 1a5f7a2684b04e80b58c5eebd003f1d2 - - default default] 10.0.0.129 "PUT /v2.0/policies/c67b85b0-4c2c-4d50-9c8e-18817d86ace8/tags HTTP/1.1" status: 200 len: 212 time: 0.0266805
2026-05-12 12:40:42.723 10 INFO neutron.wsgi [req-b325934c-13a7-4fe8-baa5-5060b6a5746d req-f8efef73-8ca0-45ea-a9d9-665dfb74e7ba 7d5ce8f7955e4ad79eb4228a2cc86b10 6a1f98a6ca0546dd8522930850d7b347 - - default default] 10.0.0.52 "GET /v2.0/security-groups?id=e34a7d52-486c-41f5-9b98-364613947e57&fields=id&fields=name HTTP/1.1" status: 200 len: 313 time: 0.0429552
2026-05-12 12:40:42.780 10 INFO neutron.wsgi [None req-d44e4ee0-ee58-4e77-a5c2-47bd86b756d9 c9930eecb3e54cbcba891e72d3b4b281 5f8e1f52c1f14de3bcc45409fb010810 - - default default] 10.0.0.129 "GET /v2.0/ports?device_id=0e820386-885a-44de-bbc7-4cb6c0b6b455 HTTP/1.1" status: 200 len: 1404 time: 0.0286229
2026-05-12 12:40:43.025 10 WARNING neutron.scheduler.dhcp_agent_scheduler [None req-ace9a1dc-59db-4340-821a-93f8ac913f90 7d5ce8f7955e4ad79eb4228a2cc86b10 6a1f98a6ca0546dd8522930850d7b347 - - default default] No more DHCP agents
2026-05-12 12:40:43.027 10 WARNING neutron.api.rpc.agentnotifiers.dhcp_rpc_agent_api [None req-ace9a1dc-59db-4340-821a-93f8ac913f90 7d5ce8f7955e4ad79eb4228a2cc86b10 6a1f98a6ca0546dd8522930850d7b347 - - default default] Unable to schedule network 796f428f-b918-47ed-8844-446f5371b248: no agents available; will retry on subsequent port and subnet creation events.
2026-05-12 12:40:43.315 9 INFO neutron.wsgi [None req-742773ba-c3a8-4d6e-93d6-5f75e0c4d4fb 8f61ee4d197b4445a3ff307a17b76fcf 46f4c1afbe694365aca5cd5d2e0d2bb9 - - default default] 10.0.0.129 "GET /v2.0/qos/policies?tags=red HTTP/1.1" status: 200 len: 1296 time: 0.2458286
2026-05-12 12:40:43.373 9 INFO neutron.wsgi [None req-6bf7339b-ccc7-4163-b652-dc6d44e4ca89 8f61ee4d197b4445a3ff307a17b76fcf 46f4c1afbe694365aca5cd5d2e0d2bb9 - - default default] 10.0.0.129 "GET /v2.0/qos/policies?tags=red%2Cblue HTTP/1.1" status: 200 len: 941 time: 0.0521035
2026-05-12 12:40:43.426 9 INFO neutron.wsgi [None req-0877336e-a30f-4060-9b4d-050b2eb64c11 8f61ee4d197b4445a3ff307a17b76fcf 46f4c1afbe694365aca5cd5d2e0d2bb9 - - default default] 10.0.0.129 "GET /v2.0/qos/policies?tags-any=blue HTTP/1.1" status: 200 len: 941 time: 0.0465491
2026-05-12 12:40:43.482 9 INFO neutron.wsgi [None req-8169af67-b907-482a-8473-ae4c6eb02d71 8f61ee4d197b4445a3ff307a17b76fcf 46f4c1afbe694365aca5cd5d2e0d2bb9 - - default default] 10.0.0.129 "GET /v2.0/qos/policies?tags-any=red%2Cblue HTTP/1.1" status: 200 len: 1296 time: 0.0509570
2026-05-12 12:40:43.533 9 INFO neutron.wsgi [None req-43d1fbad-ca59-4476-9862-b2db7d21e25a 8f61ee4d197b4445a3ff307a17b76fcf 46f4c1afbe694365aca5cd5d2e0d2bb9 - - default default] 10.0.0.129 "GET /v2.0/qos/policies?not-tags=red HTTP/1.1" status: 200 len: 913 time: 0.0460229
2026-05-12 12:40:43.632 9 INFO neutron.wsgi [None req-64c4f6e9-2b90-4d2f-b0d0-6fcda19ae713 8f61ee4d197b4445a3ff307a17b76fcf 46f4c1afbe694365aca5cd5d2e0d2bb9 - - default default] 10.0.0.129 "GET /v2.0/qos/policies?not-tags=red%2Cblue HTTP/1.1" status: 200 len: 1268 time: 0.0869775
2026-05-12 12:40:43.697 9 INFO neutron.wsgi [None req-cbdead9b-dc34-486e-a10f-55c8b8a8ad78 8f61ee4d197b4445a3ff307a17b76fcf 46f4c1afbe694365aca5cd5d2e0d2bb9 - - default default] 10.0.0.129 "GET /v2.0/qos/policies?not-tags-any=blue HTTP/1.1" status: 200 len: 1268 time: 0.0607727
2026-05-12 12:40:43.710 10 INFO neutron.db.l3_db [None req-ace9a1dc-59db-4340-821a-93f8ac913f90 7d5ce8f7955e4ad79eb4228a2cc86b10 6a1f98a6ca0546dd8522930850d7b347 - - default default] Floating IP c6a11be0-858d-4ef8-9dac-bc5aabc3a3eb associated. External IP: 10.96.250.207, port: 6d148691-9b39-483e-9523-a1f8dc50c647.
2026-05-12 12:40:43.745 9 INFO neutron.wsgi [None req-57f224b7-1668-41f3-be23-ec2a312cda87 8f61ee4d197b4445a3ff307a17b76fcf 46f4c1afbe694365aca5cd5d2e0d2bb9 - - default default] 10.0.0.129 "GET /v2.0/qos/policies?not-tags-any=red%2Cblue HTTP/1.1" status: 200 len: 913 time: 0.0393806
2026-05-12 12:40:43.799 9 INFO neutron.wsgi [None req-5e4bb79c-2350-4dba-a22d-431ad8ddaf04 8f732ad5e3ec452c90c6512a38975ae4 1a5f7a2684b04e80b58c5eebd003f1d2 - - default default] 10.0.0.129 "DELETE /v2.0/qos/policies/721a063e-241a-41c7-b474-61339a470fa2 HTTP/1.1" status: 204 len: 168 time: 0.0484779
2026-05-12 12:40:43.889 10 INFO neutron.wsgi [None req-68a88f46-0ccd-4b24-9091-70976ebd1791 8f732ad5e3ec452c90c6512a38975ae4 1a5f7a2684b04e80b58c5eebd003f1d2 - - default default] 10.0.0.129 "DELETE /v2.0/qos/policies/32fc6128-a968-4985-bdee-651e3bf635ae HTTP/1.1" status: 204 len: 168 time: 0.0833066
2026-05-12 12:40:43.937 10 INFO neutron.db.ovn_revision_numbers_db [None req-ace9a1dc-59db-4340-821a-93f8ac913f90 7d5ce8f7955e4ad79eb4228a2cc86b10 6a1f98a6ca0546dd8522930850d7b347 - - default default] Successfully bumped revision number for resource c6a11be0-858d-4ef8-9dac-bc5aabc3a3eb (type: floatingips) to 0
2026-05-12 12:40:43.979 10 INFO neutron.wsgi [None req-d21b0d85-0c99-44c9-967e-489bfea5aaec 8f732ad5e3ec452c90c6512a38975ae4 1a5f7a2684b04e80b58c5eebd003f1d2 - - default default] 10.0.0.129 "DELETE /v2.0/qos/policies/55388ddc-3728-4df3-aafe-e4779c11e430 HTTP/1.1" status: 204 len: 168 time: 0.0758536 /var/lib/openstack/lib/python3.10/site-packages/pycadf/identifier.py:71: UserWarning: Invalid uuid: neutron. To ensure interoperability, identifiers should be a valid uuid. warnings.warn(('Invalid uuid: %s. To ensure interoperability, '
2026-05-12 12:40:44.038 9 INFO neutron.wsgi [None req-b6285829-cff6-481c-a866-9f84641f64d9 8f732ad5e3ec452c90c6512a38975ae4 1a5f7a2684b04e80b58c5eebd003f1d2 - - default default] 10.0.0.129 "DELETE /v2.0/qos/policies/c67b85b0-4c2c-4d50-9c8e-18817d86ace8 HTTP/1.1" status: 204 len: 168 time: 0.0538805
2026-05-12 12:40:44.049 10 INFO neutron.db.ovn_revision_numbers_db [None req-ace9a1dc-59db-4340-821a-93f8ac913f90 7d5ce8f7955e4ad79eb4228a2cc86b10 6a1f98a6ca0546dd8522930850d7b347 - - default default] Successfully bumped revision number for resource c6a11be0-858d-4ef8-9dac-bc5aabc3a3eb (type: floatingips) to 1
2026-05-12 12:40:44.082 10 INFO neutron.wsgi [None req-ace9a1dc-59db-4340-821a-93f8ac913f90 7d5ce8f7955e4ad79eb4228a2cc86b10 6a1f98a6ca0546dd8522930850d7b347 - - default default] 10.0.0.129 "POST /v2.0/floatingips HTTP/1.1" status: 201 len: 1054 time: 1.2976322
2026-05-12 12:40:44.098 9 INFO neutron.wsgi [None req-635f185d-1d60-4807-920c-d5a4594d4f70 8f732ad5e3ec452c90c6512a38975ae4 1a5f7a2684b04e80b58c5eebd003f1d2 - - default default] 10.0.0.129 "DELETE /v2.0/qos/policies/588b80eb-3753-4ec5-974b-f66518801bff HTTP/1.1" status: 204 len: 168 time: 0.0544474
2026-05-12 12:40:44.137 10 INFO neutron.wsgi [None req-02cd692a-ff6e-49e5-9b0b-fa2bc39f7b42 7d5ce8f7955e4ad79eb4228a2cc86b10 6a1f98a6ca0546dd8522930850d7b347 - - default default] 10.0.0.129 "GET /v2.0/floatingips/c6a11be0-858d-4ef8-9dac-bc5aabc3a3eb HTTP/1.1" status: 200 len: 1051 time: 0.0510089
2026-05-12 12:40:44.447 10 INFO neutron.notifiers.nova [-] Nova event matching ['req-79f3bdea-fd25-44e7-a4eb-d37a093f8807'] response: {'name': 'network-changed', 'server_uuid': '0e820386-885a-44de-bbc7-4cb6c0b6b455', 'tag': '6d148691-9b39-483e-9523-a1f8dc50c647', 'status': 'completed', 'code': 200}
2026-05-12 12:40:44.497 9 INFO neutron.wsgi [req-84ad3f80-ad9f-4dcc-b1eb-f528baea1d60 req-e7600f65-927c-4d6d-af07-32bed45f52cb 051d982b2dd0416cbefc82d35d2a24d3 d3635270c66c47abbc4db15347eb055c - - 7919d296f07d4a20bccfb82a8f4b3ec3 7919d296f07d4a20bccfb82a8f4b3ec3] 199.19.213.199 "GET /v2.0/ports?tenant_id=6a1f98a6ca0546dd8522930850d7b347&device_id=0e820386-885a-44de-bbc7-4cb6c0b6b455 HTTP/1.1" status: 200 len: 1409 time: 0.0347569
2026-05-12 12:40:44.577 9 INFO neutron.wsgi [req-84ad3f80-ad9f-4dcc-b1eb-f528baea1d60 req-113c6b5c-1fc1-48b6-976b-77e7a836ebc0 051d982b2dd0416cbefc82d35d2a24d3 d3635270c66c47abbc4db15347eb055c - - 7919d296f07d4a20bccfb82a8f4b3ec3 7919d296f07d4a20bccfb82a8f4b3ec3] 199.19.213.199 "GET /v2.0/networks?id=97707d89-2ecc-461e-a2ae-13134a6b5b4b HTTP/1.1" status: 200 len: 958 time: 0.0728941
2026-05-12 12:40:44.669 9 INFO neutron.wsgi [req-84ad3f80-ad9f-4dcc-b1eb-f528baea1d60 req-c4496ab6-9892-4940-b9f6-ace089298003 051d982b2dd0416cbefc82d35d2a24d3 d3635270c66c47abbc4db15347eb055c - - 7919d296f07d4a20bccfb82a8f4b3ec3 7919d296f07d4a20bccfb82a8f4b3ec3] 199.19.213.199 "GET /v2.0/floatingips?fixed_ip_address=10.100.0.5&port_id=6d148691-9b39-483e-9523-a1f8dc50c647 HTTP/1.1" status: 200 len: 1059 time: 0.0748141
2026-05-12 12:40:44.719 9 INFO neutron.wsgi [req-84ad3f80-ad9f-4dcc-b1eb-f528baea1d60 req-d1fcbb59-b757-4b1b-aa19-72affc72cc66 051d982b2dd0416cbefc82d35d2a24d3 d3635270c66c47abbc4db15347eb055c - - 7919d296f07d4a20bccfb82a8f4b3ec3 7919d296f07d4a20bccfb82a8f4b3ec3] 199.19.213.199 "GET /v2.0/subnets?id=5fe45dbb-97a3-489f-bd6c-c117b79a6db8 HTTP/1.1" status: 200 len: 853 time: 0.0435221
2026-05-12 12:40:44.731 9 INFO neutron.db.ovn_revision_numbers_db [None req-30aa14aa-b4c3-45e7-9208-6afc3b015a0d 5094d15b1ab24643a6034ebe2c8d60b6 a1180de153d44fba9c4b888608163acc - - default default] Successfully bumped revision number for resource 539ad202-701e-40fe-959c-c72bd070dfa0 (type: routers) to 1
2026-05-12 12:40:44.741 9 INFO neutron.wsgi [req-84ad3f80-ad9f-4dcc-b1eb-f528baea1d60 req-a2b02724-f434-4248-ae2a-345e1a4b7446 051d982b2dd0416cbefc82d35d2a24d3 d3635270c66c47abbc4db15347eb055c - - 7919d296f07d4a20bccfb82a8f4b3ec3 7919d296f07d4a20bccfb82a8f4b3ec3] 199.19.213.199 "GET /v2.0/ports?network_id=97707d89-2ecc-461e-a2ae-13134a6b5b4b&device_owner=network%3Adhcp HTTP/1.1" status: 200 len: 210 time: 0.0162153
2026-05-12 12:40:44.760 9 INFO neutron.wsgi [None req-30aa14aa-b4c3-45e7-9208-6afc3b015a0d 5094d15b1ab24643a6034ebe2c8d60b6 a1180de153d44fba9c4b888608163acc - - default default] 10.0.0.129 "POST /v2.0/routers HTTP/1.1" status: 201 len: 654 time: 0.5018342
2026-05-12 12:40:44.785 10 INFO neutron.wsgi [req-530e6815-98c6-4c36-8e73-68e45f2003a9 req-b4741a6d-9096-4abe-9ece-293a6515c84e 8dce3c2d68cf4442be7d985082990245 cb0e02b2ba5b41349bfec1ace5326b5f - - default default] 10.0.0.52 "GET /v2.0/ports?device_id=676e99f9-1820-4ccc-9c05-2af59e713270 HTTP/1.1" status: 200 len: 1214 time: 0.1122658
2026-05-12 12:40:44.835 10 INFO neutron.wsgi [req-530e6815-98c6-4c36-8e73-68e45f2003a9 req-f207677c-39ae-439d-868c-428ae4ee6cf1 8dce3c2d68cf4442be7d985082990245 cb0e02b2ba5b41349bfec1ace5326b5f - - default default] 10.0.0.52 "GET /v2.0/security-groups?id=f521aecd-3c4c-437a-8f76-9271b90aba38&id=4894e136-4fd9-46e0-b1e3-1d76cc41d214&fields=id&fields=name HTTP/1.1" status: 200 len: 405 time: 0.0424385
2026-05-12 12:40:44.838 9 INFO neutron.wsgi [req-84ad3f80-ad9f-4dcc-b1eb-f528baea1d60 req-261c841e-b44f-405d-9baf-226ad888ceca 051d982b2dd0416cbefc82d35d2a24d3 d3635270c66c47abbc4db15347eb055c - - 7919d296f07d4a20bccfb82a8f4b3ec3 7919d296f07d4a20bccfb82a8f4b3ec3] 199.19.213.199 "GET /v2.0/networks/97707d89-2ecc-461e-a2ae-13134a6b5b4b?fields=segments HTTP/1.1" status: 200 len: 212 time: 0.0908437
2026-05-12 12:40:44.939 9 INFO neutron.wsgi [req-84ad3f80-ad9f-4dcc-b1eb-f528baea1d60 req-7fac392f-ad9f-4f03-abdb-743a9ba11262 051d982b2dd0416cbefc82d35d2a24d3 d3635270c66c47abbc4db15347eb055c - - 7919d296f07d4a20bccfb82a8f4b3ec3 7919d296f07d4a20bccfb82a8f4b3ec3] 199.19.213.199 "GET /v2.0/networks/97707d89-2ecc-461e-a2ae-13134a6b5b4b?fields=provider%3Aphysical_network&fields=provider%3Anetwork_type HTTP/1.1" status: 200 len: 277 time: 0.0952930
2026-05-12 12:40:44.944 9 INFO neutron.db.ovn_revision_numbers_db [None req-59215e5c-ed92-4c07-a734-0b19ce92581a 5094d15b1ab24643a6034ebe2c8d60b6 a1180de153d44fba9c4b888608163acc - - default default] Successfully bumped revision number for resource d0545e34-a80e-41cf-a6e5-6cfd4a68d8a9 (type: routers) to 1
2026-05-12 12:40:44.957 9 INFO neutron.wsgi [None req-59215e5c-ed92-4c07-a734-0b19ce92581a 5094d15b1ab24643a6034ebe2c8d60b6 a1180de153d44fba9c4b888608163acc - - default default] 10.0.0.129 "POST /v2.0/routers HTTP/1.1" status: 201 len: 654 time: 0.1916718
2026-05-12 12:40:45.149 10 INFO neutron.wsgi [None req-32220ad8-ef8b-4dfd-a2b5-e7c2f3b7dfc9 a82b06e5cb68407da3a5c49b75d56b94 23fd027d13fe4723825b49cea1f3ed8d - - default default] 10.0.0.129 "GET /v2.0/ports?device_id=676e99f9-1820-4ccc-9c05-2af59e713270 HTTP/1.1" status: 200 len: 1447 time: 0.2913580
2026-05-12 12:40:45.197 10 INFO neutron.db.ovn_revision_numbers_db [None req-f885af81-491a-4ed0-a933-168ae4168e24 813b50fe033c47bf86101b677565ebf1 70531c47f5fd4c7d945a6ab385b39429 - - default default] Successfully bumped revision number for resource 5f07181e-5de8-47b9-8581-39766ae2ad1c (type: security_groups) to 1
2026-05-12 12:40:45.212 10 INFO neutron.wsgi [None req-c648c6e3-c976-4784-86c3-4741b89215e9 8dce3c2d68cf4442be7d985082990245 cb0e02b2ba5b41349bfec1ace5326b5f - - default default] 10.0.0.129 "GET /v2.0/floatingips?floating_network_id=796f428f-b918-47ed-8844-446f5371b248&port_id=2be5e56a-588d-47e6-ad70-757ea59880e9 HTTP/1.1" status: 200 len: 1055 time: 0.0568314
2026-05-12 12:40:45.216 10 INFO neutron.db.ovn_revision_numbers_db [None req-f885af81-491a-4ed0-a933-168ae4168e24 813b50fe033c47bf86101b677565ebf1 70531c47f5fd4c7d945a6ab385b39429 - - default default] Successfully bumped revision number for resource 94a69848-18ae-4589-b3ad-4c27ba7bba13 (type: security_group_rules) to 0
2026-05-12 12:40:45.229 10 INFO neutron.db.ovn_revision_numbers_db [None req-f885af81-491a-4ed0-a933-168ae4168e24 813b50fe033c47bf86101b677565ebf1 70531c47f5fd4c7d945a6ab385b39429 - - default default] Successfully bumped revision number for resource befe2883-a74b-49f9-af24-53c3910aff77 (type: security_group_rules) to 0
2026-05-12 12:40:45.240 10 INFO neutron.db.ovn_revision_numbers_db [None req-f885af81-491a-4ed0-a933-168ae4168e24 813b50fe033c47bf86101b677565ebf1 70531c47f5fd4c7d945a6ab385b39429 - - default default] Successfully bumped revision number for resource d92d2e18-9866-466b-b756-849c73cb974e (type: security_group_rules) to 0
2026-05-12 12:40:45.272 10 INFO neutron.db.ovn_revision_numbers_db [None req-f885af81-491a-4ed0-a933-168ae4168e24 813b50fe033c47bf86101b677565ebf1 70531c47f5fd4c7d945a6ab385b39429 - - default default] Successfully bumped revision number for resource da7057bc-274c-44df-8ad2-440b2f319c38 (type: security_group_rules) to 0
2026-05-12 12:40:45.300 10 INFO neutron.wsgi [None req-f885af81-491a-4ed0-a933-168ae4168e24 813b50fe033c47bf86101b677565ebf1 70531c47f5fd4c7d945a6ab385b39429 - - default default] 10.0.0.129 "GET /v2.0/security-groups?tenant_id=4b749ce05c8546b2b1110a3e0d3df48c&name=default HTTP/1.1" status: 200 len: 2996 time: 0.2970486
2026-05-12 12:40:45.312 9 INFO neutron.db.ovn_revision_numbers_db [None req-9556a037-3d0f-4feb-8989-cffa3de2d81e 5094d15b1ab24643a6034ebe2c8d60b6 a1180de153d44fba9c4b888608163acc - - default default] Successfully bumped revision number for resource bd19ea47-9519-442f-b50e-a8cbbd09b890 (type: routers) to 1
2026-05-12 12:40:45.327 9 INFO neutron.wsgi [None req-9556a037-3d0f-4feb-8989-cffa3de2d81e 5094d15b1ab24643a6034ebe2c8d60b6 a1180de153d44fba9c4b888608163acc - - default default] 10.0.0.129 "POST /v2.0/routers HTTP/1.1" status: 201 len: 654 time: 0.3636460
2026-05-12 12:40:45.472 9 INFO neutron.db.ovn_revision_numbers_db [None req-51494f80-c6e7-42df-88d6-beab9599fbf4 5094d15b1ab24643a6034ebe2c8d60b6 a1180de153d44fba9c4b888608163acc - - default default] Successfully bumped revision number for resource 0737e43d-9ef1-441a-81ee-87fb16de1eca (type: routers) to 1
2026-05-12 12:40:45.491 9 INFO neutron.wsgi [None req-51494f80-c6e7-42df-88d6-beab9599fbf4 5094d15b1ab24643a6034ebe2c8d60b6 a1180de153d44fba9c4b888608163acc - - default default] 10.0.0.129 "POST /v2.0/routers HTTP/1.1" status: 201 len: 654 time: 0.1595273
2026-05-12 12:40:45.524 10 INFO neutron.wsgi [None req-65d74368-f889-4bc6-9778-8977380ff7f0 813b50fe033c47bf86101b677565ebf1 70531c47f5fd4c7d945a6ab385b39429 - - default default] 10.0.0.129 "DELETE /v2.0/security-groups/5f07181e-5de8-47b9-8581-39766ae2ad1c HTTP/1.1" status: 204 len: 168 time: 0.2182448
2026-05-12 12:40:45.682 10 INFO neutron.db.ovn_revision_numbers_db [None req-a9c2b7a1-8af9-4273-8d0a-63150cbc8b10 5094d15b1ab24643a6034ebe2c8d60b6 a1180de153d44fba9c4b888608163acc - - default default] Successfully bumped revision number for resource c5287737-1d65-4e3b-b6ed-5f23030bece4 (type: routers) to 1
2026-05-12 12:40:45.697 10 INFO neutron.wsgi [None req-a9c2b7a1-8af9-4273-8d0a-63150cbc8b10 5094d15b1ab24643a6034ebe2c8d60b6 a1180de153d44fba9c4b888608163acc - - default default] 10.0.0.129 "POST /v2.0/routers HTTP/1.1" status: 201 len: 654 time: 0.1992681
2026-05-12 12:40:45.769 10 INFO neutron.wsgi [None req-6db16951-771e-4a47-8671-b496fb4dbeb2 5094d15b1ab24643a6034ebe2c8d60b6 a1180de153d44fba9c4b888608163acc - - default default] 10.0.0.129 "PUT /v2.0/routers/539ad202-701e-40fe-959c-c72bd070dfa0/tags HTTP/1.1" status: 200 len: 210 time: 0.0666254
2026-05-12 12:40:45.783 9 INFO neutron.db.ovn_revision_numbers_db [None req-38d875bb-9db5-4382-b796-b7c7baecd881 813b50fe033c47bf86101b677565ebf1 70531c47f5fd4c7d945a6ab385b39429 - - default default] Successfully bumped revision number for resource 9966de46-b7b7-4791-bacb-d978cf748870 (type: security_groups) to 1
2026-05-12 12:40:45.816 9 INFO neutron.db.ovn_revision_numbers_db [None req-38d875bb-9db5-4382-b796-b7c7baecd881 813b50fe033c47bf86101b677565ebf1 70531c47f5fd4c7d945a6ab385b39429 - - default default] Successfully bumped revision number for resource 098ad8ea-1976-4f57-9b67-f4c5c79d7fd5 (type: security_group_rules) to 0
2026-05-12 12:40:45.829 9 INFO neutron.wsgi [None req-369153c1-0102-42b9-b0aa-2bcc3adfadfc 5094d15b1ab24643a6034ebe2c8d60b6 a1180de153d44fba9c4b888608163acc - - default default] 10.0.0.129 "PUT /v2.0/routers/d0545e34-a80e-41cf-a6e5-6cfd4a68d8a9/tags HTTP/1.1" status: 200 len: 218 time: 0.0505576
2026-05-12 12:40:45.829 9 INFO neutron.db.ovn_revision_numbers_db [None req-38d875bb-9db5-4382-b796-b7c7baecd881 813b50fe033c47bf86101b677565ebf1 70531c47f5fd4c7d945a6ab385b39429 - - default default] Successfully bumped revision number for resource 4bd59031-53c3-461d-84c3-38e0e51680af (type: security_group_rules) to 0
2026-05-12 12:40:45.842 9 INFO neutron.db.ovn_revision_numbers_db [None req-38d875bb-9db5-4382-b796-b7c7baecd881 813b50fe033c47bf86101b677565ebf1 70531c47f5fd4c7d945a6ab385b39429 - - default default] Successfully bumped revision number for resource 7d2d51f2-f4a6-4b3d-a83e-654a5a29aa66 (type: security_group_rules) to 0
2026-05-12 12:40:45.855 9 INFO neutron.db.ovn_revision_numbers_db [None req-38d875bb-9db5-4382-b796-b7c7baecd881 813b50fe033c47bf86101b677565ebf1 70531c47f5fd4c7d945a6ab385b39429 - - default default] Successfully bumped revision number for resource 80ef20af-820e-42b1-85e5-373d1e52236b (type: security_group_rules) to 0
2026-05-12 12:40:45.876 9 INFO neutron.wsgi [None req-38d875bb-9db5-4382-b796-b7c7baecd881 813b50fe033c47bf86101b677565ebf1 70531c47f5fd4c7d945a6ab385b39429 - - default default] 10.0.0.129 "GET /v2.0/security-groups?tenant_id=46f4c1afbe694365aca5cd5d2e0d2bb9&name=default HTTP/1.1" status: 200 len: 2996 time: 0.2238834
2026-05-12 12:40:45.889 10 INFO neutron.wsgi [None req-570f443e-be5b-44f6-9c87-58bbe6683910 5094d15b1ab24643a6034ebe2c8d60b6 a1180de153d44fba9c4b888608163acc - - default default] 10.0.0.129 "PUT /v2.0/routers/bd19ea47-9519-442f-b50e-a8cbbd09b890/tags HTTP/1.1" status: 200 len: 227 time: 0.0540936
2026-05-12 12:40:45.949 9 INFO neutron.wsgi [None req-ad7d7417-bd89-4d6d-a85d-618a98d647cd 5094d15b1ab24643a6034ebe2c8d60b6 a1180de153d44fba9c4b888608163acc - - default default] 10.0.0.129 "PUT /v2.0/routers/0737e43d-9ef1-441a-81ee-87fb16de1eca/tags HTTP/1.1" status: 200 len: 212 time: 0.0544875
2026-05-12 12:40:46.038 9 INFO neutron.wsgi [None req-cd98e526-a007-40f8-a085-e0169af7283f 5094d15b1ab24643a6034ebe2c8d60b6 a1180de153d44fba9c4b888608163acc - - default default] 10.0.0.129 "GET /v2.0/routers?tags=red HTTP/1.1" status: 200 len: 1601 time: 0.0846462
2026-05-12 12:40:46.070 10 INFO neutron.wsgi [None req-7856948f-2cb8-4c08-833d-d31d39054b2b 813b50fe033c47bf86101b677565ebf1 70531c47f5fd4c7d945a6ab385b39429 - - default default] 10.0.0.129 "DELETE /v2.0/security-groups/9966de46-b7b7-4791-bacb-d978cf748870 HTTP/1.1" status: 204 len: 168 time: 0.1879449
2026-05-12 12:40:46.107 9 INFO neutron.wsgi [None req-43498ef6-0de9-4872-8b6e-ccd51d7d7f4a 5094d15b1ab24643a6034ebe2c8d60b6 a1180de153d44fba9c4b888608163acc - - default default] 10.0.0.129 "GET /v2.0/routers?tags=red%2Cblue HTTP/1.1" status: 200 len: 1144 time: 0.0643201
2026-05-12 12:40:46.179 9 INFO neutron.wsgi [None req-5f714a70-7fef-4ac1-b9e6-5a1e0118fb42 5094d15b1ab24643a6034ebe2c8d60b6 a1180de153d44fba9c4b888608163acc - - default default] 10.0.0.129 "GET /v2.0/routers?tags-any=blue HTTP/1.1" status: 200 len: 1144 time: 0.0673621
2026-05-12 12:40:46.236 9 INFO neutron.wsgi [None req-4b559d75-b8a0-476a-af52-1457540f395b 5094d15b1ab24643a6034ebe2c8d60b6 a1180de153d44fba9c4b888608163acc - - default default] 10.0.0.129 "GET /v2.0/routers?tags-any=red%2Cblue HTTP/1.1" status: 200 len: 1601 time: 0.0531559
2026-05-12 12:40:46.318 10 INFO neutron.wsgi [None req-a769eabb-7300-4deb-84d3-04e9705fe6fd 5094d15b1ab24643a6034ebe2c8d60b6 a1180de153d44fba9c4b888608163acc - - default default] 10.0.0.129 "GET /v2.0/routers?not-tags=red HTTP/1.1" status: 200 len: 1116 time: 0.0771234
2026-05-12 12:40:46.329 9 INFO neutron.db.ovn_revision_numbers_db [None req-3b0bd0f6-7067-4ab2-8d11-6cba01870bf3 813b50fe033c47bf86101b677565ebf1 70531c47f5fd4c7d945a6ab385b39429 - - default default] Successfully bumped revision number for resource 1bf45c7f-e90c-4797-a58a-bbb0c7e66edf (type: security_groups) to 1
2026-05-12 12:40:46.379 9 INFO neutron.db.ovn_revision_numbers_db [None req-3b0bd0f6-7067-4ab2-8d11-6cba01870bf3 813b50fe033c47bf86101b677565ebf1 70531c47f5fd4c7d945a6ab385b39429 - - default default] Successfully bumped revision number for resource 2119ec45-443d-43d9-9710-3d0a1a5928d5 (type: security_group_rules) to 0
2026-05-12 12:40:46.393 9 INFO neutron.wsgi [None req-49937785-10c1-4bf8-9cce-e659567dbbc0 5094d15b1ab24643a6034ebe2c8d60b6 a1180de153d44fba9c4b888608163acc - - default default] 10.0.0.129 "GET /v2.0/routers?not-tags=red%2Cblue HTTP/1.1" status: 200 len: 1573 time: 0.0696084
2026-05-12 12:40:46.403 9 INFO neutron.db.ovn_revision_numbers_db [None req-3b0bd0f6-7067-4ab2-8d11-6cba01870bf3 813b50fe033c47bf86101b677565ebf1 70531c47f5fd4c7d945a6ab385b39429 - - default default] Successfully bumped revision number for resource 4e7120cd-b5e6-452a-a932-c16987d20c37 (type: security_group_rules) to 0
2026-05-12 12:40:46.480 9 INFO neutron.db.ovn_revision_numbers_db [None req-3b0bd0f6-7067-4ab2-8d11-6cba01870bf3 813b50fe033c47bf86101b677565ebf1 70531c47f5fd4c7d945a6ab385b39429 - - default default] Successfully bumped revision number for resource b2c90373-d511-48f6-a7a2-d238f154d34d (type: security_group_rules) to 0
2026-05-12 12:40:46.489 9 INFO neutron.wsgi [None req-b26cc719-0f27-4dc5-b3af-9d9e1104338e 5094d15b1ab24643a6034ebe2c8d60b6 a1180de153d44fba9c4b888608163acc - - default default] 10.0.0.129 "GET /v2.0/routers?not-tags-any=blue HTTP/1.1" status: 200 len: 1573 time: 0.0904038
2026-05-12 12:40:46.492 9 INFO neutron.wsgi [req-b2cdf572-915f-4767-b625-d4d7377edf87 req-c96d06f3-a4d8-4bd4-a488-2b5d50a28ab7 051d982b2dd0416cbefc82d35d2a24d3 d3635270c66c47abbc4db15347eb055c - - 7919d296f07d4a20bccfb82a8f4b3ec3 7919d296f07d4a20bccfb82a8f4b3ec3] 10.0.0.90 "GET /v2.0/ports?device_id=676e99f9-1820-4ccc-9c05-2af59e713270 HTTP/1.1" status: 200 len: 1452 time: 0.2163723
2026-05-12 12:40:46.505 9 INFO neutron.db.ovn_revision_numbers_db [None req-3b0bd0f6-7067-4ab2-8d11-6cba01870bf3 813b50fe033c47bf86101b677565ebf1 70531c47f5fd4c7d945a6ab385b39429 - - default default] Successfully bumped revision number for resource e6adb1f4-21d6-49ae-9a2c-43ae40e9c976 (type: security_group_rules) to 0
2026-05-12 12:40:46.551 9 INFO neutron.wsgi [None req-3b0bd0f6-7067-4ab2-8d11-6cba01870bf3 813b50fe033c47bf86101b677565ebf1 70531c47f5fd4c7d945a6ab385b39429 - - default default] 10.0.0.129 "GET /v2.0/security-groups?tenant_id=1a5f7a2684b04e80b58c5eebd003f1d2&name=default HTTP/1.1" status: 200 len: 2996 time: 0.3446054
2026-05-12 12:40:46.571 10 INFO neutron.wsgi [None req-87ac0614-9b6f-4cfe-8de3-c4e3d434247f 5094d15b1ab24643a6034ebe2c8d60b6 a1180de153d44fba9c4b888608163acc - - default default] 10.0.0.129 "GET /v2.0/routers?not-tags-any=red%2Cblue HTTP/1.1" status: 200 len: 1116 time: 0.0776155
2026-05-12 12:40:46.575 9 INFO neutron.wsgi [req-b2cdf572-915f-4767-b625-d4d7377edf87 req-f51e5b46-d6ab-4cfe-9431-01ad1d01a6cf 051d982b2dd0416cbefc82d35d2a24d3 d3635270c66c47abbc4db15347eb055c - - 7919d296f07d4a20bccfb82a8f4b3ec3 7919d296f07d4a20bccfb82a8f4b3ec3] 10.0.0.90 "GET /v2.0/security-groups?id=4894e136-4fd9-46e0-b1e3-1d76cc41d214&id=f521aecd-3c4c-437a-8f76-9271b90aba38&fields=id&fields=name HTTP/1.1" status: 200 len: 405 time: 0.0752926
2026-05-12 12:40:46.619 9 INFO neutron.wsgi [None req-e107e6d0-5426-4e06-8a24-1177deec58d8 5094d15b1ab24643a6034ebe2c8d60b6 a1180de153d44fba9c4b888608163acc - - default default] 10.0.0.129 "GET /v2.0/routers/539ad202-701e-40fe-959c-c72bd070dfa0 HTTP/1.1" status: 200 len: 660 time: 0.0415385
2026-05-12 12:40:47.239 9 INFO neutron.wsgi [None req-ec5d5f41-2c9e-4976-80f3-ed0f1508fba6 813b50fe033c47bf86101b677565ebf1 70531c47f5fd4c7d945a6ab385b39429 - - default default] 10.0.0.129 "DELETE /v2.0/security-groups/1bf45c7f-e90c-4797-a58a-bbb0c7e66edf HTTP/1.1" status: 204 len: 168 time: 0.6803222
2026-05-12 12:40:47.307 9 INFO neutron.db.ovn_revision_numbers_db [None req-fd4d83fe-101a-4764-839e-27762d01616f 5094d15b1ab24643a6034ebe2c8d60b6 a1180de153d44fba9c4b888608163acc - - default default] Successfully bumped revision number for resource 539ad202-701e-40fe-959c-c72bd070dfa0 (type: routers) to 2
2026-05-12 12:40:47.310 9 INFO neutron.wsgi [None req-fd4d83fe-101a-4764-839e-27762d01616f 5094d15b1ab24643a6034ebe2c8d60b6 a1180de153d44fba9c4b888608163acc - - default default] 10.0.0.129 "PUT /v2.0/routers/539ad202-701e-40fe-959c-c72bd070dfa0 HTTP/1.1" status: 200 len: 660 time: 0.6847231
2026-05-12 12:40:47.340 9 INFO neutron.wsgi [None req-282aef21-a308-41c8-8a68-b18022329cd2 5094d15b1ab24643a6034ebe2c8d60b6 a1180de153d44fba9c4b888608163acc - - default default] 10.0.0.129 "GET /v2.0/ports?device_id=539ad202-701e-40fe-959c-c72bd070dfa0 HTTP/1.1" status: 200 len: 205 time: 0.0241435
2026-05-12 12:40:47.563 9 INFO neutron.wsgi [None req-d9ffe465-c52c-43f8-9f35-f01ff7b8d3db 5094d15b1ab24643a6034ebe2c8d60b6 a1180de153d44fba9c4b888608163acc - - default default] 10.0.0.129 "DELETE /v2.0/routers/539ad202-701e-40fe-959c-c72bd070dfa0 HTTP/1.1" status: 204 len: 168 time: 0.2177656
2026-05-12 12:40:47.612 10 INFO neutron.wsgi [None req-db3979c9-8644-4b47-b97e-510ffe52ab37 5094d15b1ab24643a6034ebe2c8d60b6 a1180de153d44fba9c4b888608163acc - - default default] 10.0.0.129 "GET /v2.0/routers/d0545e34-a80e-41cf-a6e5-6cfd4a68d8a9 HTTP/1.1" status: 200 len: 668 time: 0.0434361
