2026-05-12 12:40:23.006 10 INFO neutron.wsgi [req-c9d4b8a4-2e35-4139-a770-b0094aa599c6 req-dc2d963e-aade-48c4-b6e6-64ae1c78bfae 051d982b2dd0416cbefc82d35d2a24d3 d3635270c66c47abbc4db15347eb055c - - 7919d296f07d4a20bccfb82a8f4b3ec3 7919d296f07d4a20bccfb82a8f4b3ec3] 10.0.0.52 "GET /v2.0/networks/08e257fb-f239-44ea-87ac-a319dcbacf73?fields=provider%3Aphysical_network&fields=provider%3Anetwork_type HTTP/1.1" status: 200 len: 277 time: 0.0772321
2026-05-12 12:40:23.036 9 INFO neutron.wsgi [None req-445d7b9c-e95d-43a6-8f90-7b07c726658a 813b50fe033c47bf86101b677565ebf1 70531c47f5fd4c7d945a6ab385b39429 - - default default] 10.0.0.129 "DELETE /v2.0/security-groups/506fcd4b-9b7c-4a82-ac74-1d2ca52da5cc HTTP/1.1" status: 204 len: 168 time: 0.1914582
2026-05-12 12:40:23.190 10 INFO neutron.wsgi [req-b83af18f-b48f-4b2e-88e6-96ffed8edbda req-dbeb30c5-d810-48f3-a125-76c7b2b42c74 8dce3c2d68cf4442be7d985082990245 cb0e02b2ba5b41349bfec1ace5326b5f - - default default] 10.0.0.52 "GET /v2.0/ports?device_id=676e99f9-1820-4ccc-9c05-2af59e713270 HTTP/1.1" status: 200 len: 210 time: 0.0283122
2026-05-12 12:40:23.993 9 INFO neutron.wsgi [req-c9d4b8a4-2e35-4139-a770-b0094aa599c6 req-cb87aa3a-7c4b-466e-bf3b-2c4f79f12ae7 8dce3c2d68cf4442be7d985082990245 cb0e02b2ba5b41349bfec1ace5326b5f - - default default] 199.19.213.199 "GET /v2.0/networks?id=08e257fb-f239-44ea-87ac-a319dcbacf73 HTTP/1.1" status: 200 len: 871 time: 0.0725758
2026-05-12 12:40:24.058 9 INFO neutron.wsgi [req-c9d4b8a4-2e35-4139-a770-b0094aa599c6 req-2fd7bd4e-6616-4bdd-976f-492d7075b111 8dce3c2d68cf4442be7d985082990245 cb0e02b2ba5b41349bfec1ace5326b5f - - default default] 199.19.213.199 "GET /v2.0/security-groups?fields=id&fields=name&tenant_id=cb0e02b2ba5b41349bfec1ace5326b5f HTTP/1.1" status: 200 len: 472 time: 0.0600455
2026-05-12 12:40:24.232 9 INFO neutron.db.ovn_revision_numbers_db [None req-04508bfa-c0e7-4cc3-8c55-be6936af45f3 813b50fe033c47bf86101b677565ebf1 70531c47f5fd4c7d945a6ab385b39429 - - default default] Successfully bumped revision number for resource 56613ae6-b2f9-4594-8f43-29e1079d3fa4 (type: security_groups) to 1
2026-05-12 12:40:24.256 9 INFO neutron.db.ovn_revision_numbers_db [None req-04508bfa-c0e7-4cc3-8c55-be6936af45f3 813b50fe033c47bf86101b677565ebf1 70531c47f5fd4c7d945a6ab385b39429 - - default default] Successfully bumped revision number for resource 2ca6681a-5fd6-496c-9ffb-4648b9ccd486 (type: security_group_rules) to 0
2026-05-12 12:40:24.273 9 INFO neutron.db.ovn_revision_numbers_db [None req-04508bfa-c0e7-4cc3-8c55-be6936af45f3 813b50fe033c47bf86101b677565ebf1 70531c47f5fd4c7d945a6ab385b39429 - - default default] Successfully bumped revision number for resource 449ecc07-4644-46fe-86f5-73f74d96dad4 (type: security_group_rules) to 0
2026-05-12 12:40:24.291 10 INFO neutron.wsgi [req-85e582c5-73f0-4478-b79b-38e4017aad64 req-9358460b-eb26-4544-8944-2d568adc1975 8dce3c2d68cf4442be7d985082990245 cb0e02b2ba5b41349bfec1ace5326b5f - - default default] 10.0.0.52 "GET /v2.0/ports?device_id=676e99f9-1820-4ccc-9c05-2af59e713270 HTTP/1.1" status: 200 len: 210 time: 0.0224767
2026-05-12 12:40:24.291 9 INFO neutron.db.ovn_revision_numbers_db [None req-04508bfa-c0e7-4cc3-8c55-be6936af45f3 813b50fe033c47bf86101b677565ebf1 70531c47f5fd4c7d945a6ab385b39429 - - default default] Successfully bumped revision number for resource d462288a-4b7c-45ab-86e1-c8c2c14a2210 (type: security_group_rules) to 0
2026-05-12 12:40:24.324 9 INFO neutron.db.ovn_revision_numbers_db [None req-04508bfa-c0e7-4cc3-8c55-be6936af45f3 813b50fe033c47bf86101b677565ebf1 70531c47f5fd4c7d945a6ab385b39429 - - default default] Successfully bumped revision number for resource f4221e7e-5558-499d-9741-326e9a2240d9 (type: security_group_rules) to 0
2026-05-12 12:40:24.355 9 INFO neutron.wsgi [None req-04508bfa-c0e7-4cc3-8c55-be6936af45f3 813b50fe033c47bf86101b677565ebf1 70531c47f5fd4c7d945a6ab385b39429 - - default default] 10.0.0.129 "GET /v2.0/security-groups?tenant_id=2eb50de93246463cb775f400b822c170&name=default HTTP/1.1" status: 200 len: 2996 time: 0.4652331
2026-05-12 12:40:24.447 9 WARNING neutron.plugins.ml2.drivers.ovn.mech_driver.ovsdb.ovn_client [None req-3a078323-2504-463b-b6cc-c0b14309ece2 - - - - - -] No hosting information found for port 087598da-b802-457d-8d32-fec9960ec0e0: RuntimeError: No hosting information found for port 087598da-b802-457d-8d32-fec9960ec0e0
2026-05-12 12:40:24.493 9 WARNING neutron.scheduler.dhcp_agent_scheduler [req-c9d4b8a4-2e35-4139-a770-b0094aa599c6 req-43ecc8fe-eaca-4073-9e1f-8724dae6d91e 8dce3c2d68cf4442be7d985082990245 cb0e02b2ba5b41349bfec1ace5326b5f - - default default] No more DHCP agents
2026-05-12 12:40:24.499 9 WARNING neutron.api.rpc.agentnotifiers.dhcp_rpc_agent_api [req-c9d4b8a4-2e35-4139-a770-b0094aa599c6 req-43ecc8fe-eaca-4073-9e1f-8724dae6d91e 8dce3c2d68cf4442be7d985082990245 cb0e02b2ba5b41349bfec1ace5326b5f - - default default] Unable to schedule network 08e257fb-f239-44ea-87ac-a319dcbacf73: no agents available; will retry on subsequent port and subnet creation events.
2026-05-12 12:40:24.673 9 INFO neutron.wsgi [None req-f95553cf-a161-4e2c-ba9c-d4446e091c98 813b50fe033c47bf86101b677565ebf1 70531c47f5fd4c7d945a6ab385b39429 - - default default] 10.0.0.129 "DELETE /v2.0/security-groups/56613ae6-b2f9-4594-8f43-29e1079d3fa4 HTTP/1.1" status: 204 len: 168 time: 0.3103826
2026-05-12 12:40:24.675 9 INFO neutron.db.ovn_revision_numbers_db [req-c9d4b8a4-2e35-4139-a770-b0094aa599c6 req-43ecc8fe-eaca-4073-9e1f-8724dae6d91e 8dce3c2d68cf4442be7d985082990245 cb0e02b2ba5b41349bfec1ace5326b5f - - default default] Successfully bumped revision number for resource 2be5e56a-588d-47e6-ad70-757ea59880e9 (type: ports) to 1
2026-05-12 12:40:24.695 9 INFO neutron.wsgi [req-c9d4b8a4-2e35-4139-a770-b0094aa599c6 req-43ecc8fe-eaca-4073-9e1f-8724dae6d91e 8dce3c2d68cf4442be7d985082990245 cb0e02b2ba5b41349bfec1ace5326b5f - - default default] 199.19.213.199 "POST /v2.0/ports HTTP/1.1" status: 201 len: 1201 time: 0.6273456 /var/lib/openstack/lib/python3.10/site-packages/pycadf/identifier.py:71: UserWarning: Invalid uuid: neutron. To ensure interoperability, identifiers should be a valid uuid. warnings.warn(('Invalid uuid: %s. To ensure interoperability, '
2026-05-12 12:40:25.090 9 INFO neutron.db.ovn_revision_numbers_db [req-c9d4b8a4-2e35-4139-a770-b0094aa599c6 req-b314f501-1c3b-4955-b28b-6b3e92db2d95 051d982b2dd0416cbefc82d35d2a24d3 d3635270c66c47abbc4db15347eb055c - - 7919d296f07d4a20bccfb82a8f4b3ec3 7919d296f07d4a20bccfb82a8f4b3ec3] Successfully bumped revision number for resource 2be5e56a-588d-47e6-ad70-757ea59880e9 (type: ports) to 2
2026-05-12 12:40:25.268 9 INFO neutron.db.ovn_revision_numbers_db [req-c9d4b8a4-2e35-4139-a770-b0094aa599c6 req-b314f501-1c3b-4955-b28b-6b3e92db2d95 051d982b2dd0416cbefc82d35d2a24d3 d3635270c66c47abbc4db15347eb055c - - 7919d296f07d4a20bccfb82a8f4b3ec3 7919d296f07d4a20bccfb82a8f4b3ec3] Successfully bumped revision number for resource 2be5e56a-588d-47e6-ad70-757ea59880e9 (type: ports) to 2
2026-05-12 12:40:25.281 9 INFO neutron.wsgi [req-c9d4b8a4-2e35-4139-a770-b0094aa599c6 req-b314f501-1c3b-4955-b28b-6b3e92db2d95 051d982b2dd0416cbefc82d35d2a24d3 d3635270c66c47abbc4db15347eb055c - - 7919d296f07d4a20bccfb82a8f4b3ec3 7919d296f07d4a20bccfb82a8f4b3ec3] 199.19.213.199 "PUT /v2.0/ports/2be5e56a-588d-47e6-ad70-757ea59880e9 HTTP/1.1" status: 200 len: 1419 time: 0.5779648
2026-05-12 12:40:25.315 9 INFO neutron.notifiers.nova [-] Nova event matching ['req-95afa872-3d98-4330-9465-eeabdd874b1e'] response: {'name': 'network-changed', 'server_uuid': '676e99f9-1820-4ccc-9c05-2af59e713270', 'tag': '2be5e56a-588d-47e6-ad70-757ea59880e9', 'status': 'completed', 'code': 200} /var/lib/openstack/lib/python3.10/site-packages/pycadf/identifier.py:71: UserWarning: Invalid uuid: neutron. To ensure interoperability, identifiers should be a valid uuid. warnings.warn(('Invalid uuid: %s. To ensure interoperability, '
2026-05-12 12:40:25.352 9 INFO neutron.wsgi [req-c9d4b8a4-2e35-4139-a770-b0094aa599c6 req-c4697652-c405-4fbd-a6a3-a32156995e69 051d982b2dd0416cbefc82d35d2a24d3 d3635270c66c47abbc4db15347eb055c - - 7919d296f07d4a20bccfb82a8f4b3ec3 7919d296f07d4a20bccfb82a8f4b3ec3] 199.19.213.199 "GET /v2.0/ports?tenant_id=cb0e02b2ba5b41349bfec1ace5326b5f&device_id=676e99f9-1820-4ccc-9c05-2af59e713270 HTTP/1.1" status: 200 len: 1450 time: 0.0285285
2026-05-12 12:40:25.386 9 INFO neutron.wsgi [req-c9d4b8a4-2e35-4139-a770-b0094aa599c6 req-3b6cf4f9-d4e8-408b-b6a6-7bef143d879d 051d982b2dd0416cbefc82d35d2a24d3 d3635270c66c47abbc4db15347eb055c - - 7919d296f07d4a20bccfb82a8f4b3ec3 7919d296f07d4a20bccfb82a8f4b3ec3] 199.19.213.199 "GET /v2.0/floatingips?fixed_ip_address=10.100.0.10&port_id=2be5e56a-588d-47e6-ad70-757ea59880e9 HTTP/1.1" status: 200 len: 217 time: 0.0273745
2026-05-12 12:40:25.409 10 INFO neutron.wsgi [req-36c9da60-eb16-412f-b0ac-079bdb97a492 req-0b30a5d0-4dc8-45f5-b0bd-72a91533be40 8dce3c2d68cf4442be7d985082990245 cb0e02b2ba5b41349bfec1ace5326b5f - - default default] 10.0.0.52 "GET /v2.0/ports?device_id=676e99f9-1820-4ccc-9c05-2af59e713270 HTTP/1.1" status: 200 len: 1212 time: 0.0514035
2026-05-12 12:40:25.432 9 INFO neutron.wsgi [req-c9d4b8a4-2e35-4139-a770-b0094aa599c6 req-a4c2be10-2be6-4bbf-8cdd-38eec9831b9d 051d982b2dd0416cbefc82d35d2a24d3 d3635270c66c47abbc4db15347eb055c - - 7919d296f07d4a20bccfb82a8f4b3ec3 7919d296f07d4a20bccfb82a8f4b3ec3] 199.19.213.199 "GET /v2.0/subnets?id=90997993-1084-4ca3-9c06-117061f26143 HTTP/1.1" status: 200 len: 865 time: 0.0368726
2026-05-12 12:40:25.461 9 INFO neutron.wsgi [req-c9d4b8a4-2e35-4139-a770-b0094aa599c6 req-c506adf1-e40a-441d-a8bb-78674abfd025 051d982b2dd0416cbefc82d35d2a24d3 d3635270c66c47abbc4db15347eb055c - - 7919d296f07d4a20bccfb82a8f4b3ec3 7919d296f07d4a20bccfb82a8f4b3ec3] 199.19.213.199 "GET /v2.0/ports?network_id=08e257fb-f239-44ea-87ac-a319dcbacf73&device_owner=network%3Adhcp HTTP/1.1" status: 200 len: 210 time: 0.0210540
2026-05-12 12:40:25.463 10 INFO neutron.wsgi [req-36c9da60-eb16-412f-b0ac-079bdb97a492 req-bccc8ab7-ee8b-4009-ae06-d0e9732e98df 8dce3c2d68cf4442be7d985082990245 cb0e02b2ba5b41349bfec1ace5326b5f - - default default] 10.0.0.52 "GET /v2.0/security-groups?id=f521aecd-3c4c-437a-8f76-9271b90aba38&id=4894e136-4fd9-46e0-b1e3-1d76cc41d214&fields=id&fields=name HTTP/1.1" status: 200 len: 405 time: 0.0459285
2026-05-12 12:40:25.523 9 INFO neutron.wsgi [req-c9d4b8a4-2e35-4139-a770-b0094aa599c6 req-cb9f6303-6a55-4e14-b9e1-dfebc949fd50 051d982b2dd0416cbefc82d35d2a24d3 d3635270c66c47abbc4db15347eb055c - - 7919d296f07d4a20bccfb82a8f4b3ec3 7919d296f07d4a20bccfb82a8f4b3ec3] 199.19.213.199 "GET /v2.0/networks/08e257fb-f239-44ea-87ac-a319dcbacf73?fields=segments HTTP/1.1" status: 200 len: 212 time: 0.0528648
2026-05-12 12:40:25.587 9 INFO neutron.wsgi [req-c9d4b8a4-2e35-4139-a770-b0094aa599c6 req-9d5965d4-4721-4037-b97c-a46cbc012448 051d982b2dd0416cbefc82d35d2a24d3 d3635270c66c47abbc4db15347eb055c - - 7919d296f07d4a20bccfb82a8f4b3ec3 7919d296f07d4a20bccfb82a8f4b3ec3] 199.19.213.199 "GET /v2.0/networks/08e257fb-f239-44ea-87ac-a319dcbacf73?fields=provider%3Aphysical_network&fields=provider%3Anetwork_type HTTP/1.1" status: 200 len: 277 time: 0.0562756
2026-05-12 12:40:25.680 9 INFO neutron.wsgi [req-259c0fc9-1fcc-4e27-ae5a-a420aa959b72 req-281842e0-dcc3-4ac7-bdac-5f6c048be966 051d982b2dd0416cbefc82d35d2a24d3 d3635270c66c47abbc4db15347eb055c - - 7919d296f07d4a20bccfb82a8f4b3ec3 7919d296f07d4a20bccfb82a8f4b3ec3] 199.19.213.199 "GET /v2.0/ports?tenant_id=cb0e02b2ba5b41349bfec1ace5326b5f&device_id=676e99f9-1820-4ccc-9c05-2af59e713270 HTTP/1.1" status: 200 len: 1450 time: 0.0316305
2026-05-12 12:40:25.744 9 INFO neutron.wsgi [req-259c0fc9-1fcc-4e27-ae5a-a420aa959b72 req-fd04058e-acab-446c-90e0-a607a46433fb 051d982b2dd0416cbefc82d35d2a24d3 d3635270c66c47abbc4db15347eb055c - - 7919d296f07d4a20bccfb82a8f4b3ec3 7919d296f07d4a20bccfb82a8f4b3ec3] 199.19.213.199 "GET /v2.0/networks?id=08e257fb-f239-44ea-87ac-a319dcbacf73 HTTP/1.1" status: 200 len: 970 time: 0.0590346
2026-05-12 12:40:25.770 9 INFO neutron.wsgi [req-259c0fc9-1fcc-4e27-ae5a-a420aa959b72 req-41bc19d7-57e5-45e0-b59d-a7235291033b 051d982b2dd0416cbefc82d35d2a24d3 d3635270c66c47abbc4db15347eb055c - - 7919d296f07d4a20bccfb82a8f4b3ec3 7919d296f07d4a20bccfb82a8f4b3ec3] 199.19.213.199 "GET /v2.0/floatingips?fixed_ip_address=10.100.0.10&port_id=2be5e56a-588d-47e6-ad70-757ea59880e9 HTTP/1.1" status: 200 len: 217 time: 0.0214801
2026-05-12 12:40:25.792 10 INFO neutron.wsgi [req-016c5fae-9864-4acb-9a15-309e7cc485ef req-1df77edd-b55f-4921-b9d6-0d9825379eda 051d982b2dd0416cbefc82d35d2a24d3 d3635270c66c47abbc4db15347eb055c - - 7919d296f07d4a20bccfb82a8f4b3ec3 7919d296f07d4a20bccfb82a8f4b3ec3] 199.19.213.199 "GET /v2.0/ports?device_id=676e99f9-1820-4ccc-9c05-2af59e713270 HTTP/1.1" status: 200 len: 1450 time: 0.0495508
2026-05-12 12:40:25.806 9 INFO neutron.wsgi [req-259c0fc9-1fcc-4e27-ae5a-a420aa959b72 req-8043eeab-d34b-477a-8122-3cb6243b48bc 051d982b2dd0416cbefc82d35d2a24d3 d3635270c66c47abbc4db15347eb055c - - 7919d296f07d4a20bccfb82a8f4b3ec3 7919d296f07d4a20bccfb82a8f4b3ec3] 199.19.213.199 "GET /v2.0/subnets?id=90997993-1084-4ca3-9c06-117061f26143 HTTP/1.1" status: 200 len: 865 time: 0.0288644
2026-05-12 12:40:25.828 9 INFO neutron.wsgi [req-259c0fc9-1fcc-4e27-ae5a-a420aa959b72 req-6682ea6a-cee6-44e7-bb3d-eb38078ab5d3 051d982b2dd0416cbefc82d35d2a24d3 d3635270c66c47abbc4db15347eb055c - - 7919d296f07d4a20bccfb82a8f4b3ec3 7919d296f07d4a20bccfb82a8f4b3ec3] 199.19.213.199 "GET /v2.0/ports?network_id=08e257fb-f239-44ea-87ac-a319dcbacf73&device_owner=network%3Adhcp HTTP/1.1" status: 200 len: 210 time: 0.0172088
2026-05-12 12:40:25.851 10 INFO neutron.wsgi [req-016c5fae-9864-4acb-9a15-309e7cc485ef req-4d62413a-98d8-4c4f-8bb3-63dd16d2bab7 051d982b2dd0416cbefc82d35d2a24d3 d3635270c66c47abbc4db15347eb055c - - 7919d296f07d4a20bccfb82a8f4b3ec3 7919d296f07d4a20bccfb82a8f4b3ec3] 199.19.213.199 "GET /v2.0/security-groups?id=4894e136-4fd9-46e0-b1e3-1d76cc41d214&id=f521aecd-3c4c-437a-8f76-9271b90aba38&fields=id&fields=name HTTP/1.1" status: 200 len: 405 time: 0.0519524
2026-05-12 12:40:25.915 9 INFO neutron.wsgi [req-259c0fc9-1fcc-4e27-ae5a-a420aa959b72 req-19836f8a-c267-4a5f-9748-b08565330c5d 051d982b2dd0416cbefc82d35d2a24d3 d3635270c66c47abbc4db15347eb055c - - 7919d296f07d4a20bccfb82a8f4b3ec3 7919d296f07d4a20bccfb82a8f4b3ec3] 199.19.213.199 "GET /v2.0/networks/08e257fb-f239-44ea-87ac-a319dcbacf73?fields=segments HTTP/1.1" status: 200 len: 212 time: 0.0811553
2026-05-12 12:40:25.960 9 INFO neutron.plugins.ml2.drivers.ovn.mech_driver.mech_driver [None req-3a078323-2504-463b-b6cc-c0b14309ece2 - - - - - -] OVN reports status up for port: 2be5e56a-588d-47e6-ad70-757ea59880e9
2026-05-12 12:40:25.971 9 INFO neutron.plugins.ml2.plugin [None req-3a078323-2504-463b-b6cc-c0b14309ece2 - - - - - -] Attempt 1 to provision port 2be5e56a-588d-47e6-ad70-757ea59880e9
2026-05-12 12:40:26.001 9 INFO neutron.wsgi [req-259c0fc9-1fcc-4e27-ae5a-a420aa959b72 req-20d0c5bd-7a58-4b1f-bf59-9f59bf645d30 051d982b2dd0416cbefc82d35d2a24d3 d3635270c66c47abbc4db15347eb055c - - 7919d296f07d4a20bccfb82a8f4b3ec3 7919d296f07d4a20bccfb82a8f4b3ec3] 199.19.213.199 "GET /v2.0/networks/08e257fb-f239-44ea-87ac-a319dcbacf73?fields=provider%3Aphysical_network&fields=provider%3Anetwork_type HTTP/1.1" status: 200 len: 277 time: 0.0776241
2026-05-12 12:40:26.262 9 INFO neutron.db.ovn_revision_numbers_db [None req-3a078323-2504-463b-b6cc-c0b14309ece2 - - - - - -] Successfully bumped revision number for resource 2be5e56a-588d-47e6-ad70-757ea59880e9 (type: ports) to 4
2026-05-12 12:40:26.588 10 INFO neutron.wsgi [req-5518bda0-85eb-476a-a7b2-0dc2369972be req-9d7f3890-8232-485b-93c1-02d4063d407f 8dce3c2d68cf4442be7d985082990245 cb0e02b2ba5b41349bfec1ace5326b5f - - default default] 10.0.0.52 "GET /v2.0/ports?device_id=676e99f9-1820-4ccc-9c05-2af59e713270 HTTP/1.1" status: 200 len: 1214 time: 0.0467525 /var/lib/openstack/lib/python3.10/site-packages/pycadf/identifier.py:71: UserWarning: Invalid uuid: neutron. To ensure interoperability, identifiers should be a valid uuid. warnings.warn(('Invalid uuid: %s. To ensure interoperability, '
2026-05-12 12:40:26.636 10 INFO neutron.wsgi [req-5518bda0-85eb-476a-a7b2-0dc2369972be req-51873a1b-288d-4fb5-8cf8-dfc7df685492 8dce3c2d68cf4442be7d985082990245 cb0e02b2ba5b41349bfec1ace5326b5f - - default default] 10.0.0.52 "GET /v2.0/security-groups?id=f521aecd-3c4c-437a-8f76-9271b90aba38&id=4894e136-4fd9-46e0-b1e3-1d76cc41d214&fields=id&fields=name HTTP/1.1" status: 200 len: 405 time: 0.0411363
2026-05-12 12:40:26.764 9 INFO neutron.db.ovn_revision_numbers_db [None req-446e031a-2c49-4376-9e56-767f3d12ac9c fca9402c237d47438e3a79c0db5542b9 fbb32d75f9f342cc8013c0d788aa7aa0 - - default default] Successfully bumped revision number for resource 329c5f3b-d437-4652-b395-c1ebfec13060 (type: security_groups) to 1
2026-05-12 12:40:26.778 9 INFO neutron.db.ovn_revision_numbers_db [None req-446e031a-2c49-4376-9e56-767f3d12ac9c fca9402c237d47438e3a79c0db5542b9 fbb32d75f9f342cc8013c0d788aa7aa0 - - default default] Successfully bumped revision number for resource 01a12ae0-5e52-47a9-9719-21b8bc4acfd7 (type: security_group_rules) to 0
2026-05-12 12:40:26.793 9 INFO neutron.db.ovn_revision_numbers_db [None req-446e031a-2c49-4376-9e56-767f3d12ac9c fca9402c237d47438e3a79c0db5542b9 fbb32d75f9f342cc8013c0d788aa7aa0 - - default default] Successfully bumped revision number for resource c03fac86-6059-41f7-809d-43ce87756d96 (type: security_group_rules) to 0
2026-05-12 12:40:26.809 9 INFO neutron.db.ovn_revision_numbers_db [None req-446e031a-2c49-4376-9e56-767f3d12ac9c fca9402c237d47438e3a79c0db5542b9 fbb32d75f9f342cc8013c0d788aa7aa0 - - default default] Successfully bumped revision number for resource ca42aac7-6258-4778-9c62-c55d335c2b76 (type: security_group_rules) to 0
2026-05-12 12:40:26.822 9 INFO neutron.db.ovn_revision_numbers_db [None req-446e031a-2c49-4376-9e56-767f3d12ac9c fca9402c237d47438e3a79c0db5542b9 fbb32d75f9f342cc8013c0d788aa7aa0 - - default default] Successfully bumped revision number for resource d3c8c21e-a143-4a95-9225-13553276f004 (type: security_group_rules) to 0
2026-05-12 12:40:26.867 9 INFO neutron.db.segments_db [None req-446e031a-2c49-4376-9e56-767f3d12ac9c fca9402c237d47438e3a79c0db5542b9 fbb32d75f9f342cc8013c0d788aa7aa0 - - default default] Added segment f96d0a57-2d16-4be3-b4f2-e0ad68c52b9e of type geneve for network 2d46008c-258e-42bb-8568-7d548d3e0b5b
2026-05-12 12:40:27.005 9 INFO neutron.db.ovn_revision_numbers_db [None req-446e031a-2c49-4376-9e56-767f3d12ac9c fca9402c237d47438e3a79c0db5542b9 fbb32d75f9f342cc8013c0d788aa7aa0 - - default default] Successfully bumped revision number for resource 2d46008c-258e-42bb-8568-7d548d3e0b5b (type: networks) to 1
2026-05-12 12:40:27.174 9 WARNING neutron.scheduler.dhcp_agent_scheduler [None req-446e031a-2c49-4376-9e56-767f3d12ac9c fca9402c237d47438e3a79c0db5542b9 fbb32d75f9f342cc8013c0d788aa7aa0 - - default default] No more DHCP agents
2026-05-12 12:40:27.176 9 WARNING neutron.api.rpc.agentnotifiers.dhcp_rpc_agent_api [None req-446e031a-2c49-4376-9e56-767f3d12ac9c fca9402c237d47438e3a79c0db5542b9 fbb32d75f9f342cc8013c0d788aa7aa0 - - default default] Unable to schedule network 2d46008c-258e-42bb-8568-7d548d3e0b5b: no agents available; will retry on subsequent port and subnet creation events.
2026-05-12 12:40:27.246 9 INFO neutron.db.ovn_revision_numbers_db [None req-446e031a-2c49-4376-9e56-767f3d12ac9c fca9402c237d47438e3a79c0db5542b9 fbb32d75f9f342cc8013c0d788aa7aa0 - - default default] Successfully bumped revision number for resource 3c23f57d-5cff-4361-b953-957015836e30 (type: ports) to 1
2026-05-12 12:40:27.267 9 INFO neutron.wsgi [None req-446e031a-2c49-4376-9e56-767f3d12ac9c fca9402c237d47438e3a79c0db5542b9 fbb32d75f9f342cc8013c0d788aa7aa0 - - default default] 10.0.0.129 "POST /v2.0/networks HTTP/1.1" status: 201 len: 831 time: 0.8201122
2026-05-12 12:40:27.354 9 INFO neutron.notifiers.nova [-] Nova event matching ['req-d45844b9-f20d-4ec8-bcbe-6cc45228a061'] response: {'server_uuid': '676e99f9-1820-4ccc-9c05-2af59e713270', 'name': 'network-vif-plugged', 'status': 'completed', 'tag': '2be5e56a-588d-47e6-ad70-757ea59880e9', 'code': 200}
2026-05-12 12:40:27.354 9 INFO neutron.notifiers.nova [-] Nova event matching ['req-d45844b9-f20d-4ec8-bcbe-6cc45228a061'] response: {'server_uuid': '676e99f9-1820-4ccc-9c05-2af59e713270', 'name': 'network-vif-plugged', 'status': 'completed', 'tag': '2be5e56a-588d-47e6-ad70-757ea59880e9', 'code': 200}
2026-05-12 12:40:27.449 10 INFO neutron.db.ovn_revision_numbers_db [None req-c6ecc06c-1666-438d-a167-7653081b8e6a e9d6f2f8be4e46078e46b8b412f50fbd f26df2e40cde49bc96641b7929bf814f - - default default] Successfully bumped revision number for resource 299edd53-c35a-496d-a341-86f3d2349521 (type: security_groups) to 1
2026-05-12 12:40:27.466 10 INFO neutron.db.ovn_revision_numbers_db [None req-c6ecc06c-1666-438d-a167-7653081b8e6a e9d6f2f8be4e46078e46b8b412f50fbd f26df2e40cde49bc96641b7929bf814f - - default default] Successfully bumped revision number for resource 15b030e4-029c-49b9-889d-1ffa8fd3a738 (type: security_group_rules) to 0
2026-05-12 12:40:27.481 10 INFO neutron.db.ovn_revision_numbers_db [None req-c6ecc06c-1666-438d-a167-7653081b8e6a e9d6f2f8be4e46078e46b8b412f50fbd f26df2e40cde49bc96641b7929bf814f - - default default] Successfully bumped revision number for resource 59039363-c8f6-4692-9de2-746abb95b30c (type: security_group_rules) to 0
2026-05-12 12:40:27.516 10 INFO neutron.db.ovn_revision_numbers_db [None req-c6ecc06c-1666-438d-a167-7653081b8e6a e9d6f2f8be4e46078e46b8b412f50fbd f26df2e40cde49bc96641b7929bf814f - - default default] Successfully bumped revision number for resource 73a26fe6-308c-45bb-a4e7-0645e35e8b90 (type: security_group_rules) to 0
2026-05-12 12:40:27.529 10 INFO neutron.db.ovn_revision_numbers_db [None req-c6ecc06c-1666-438d-a167-7653081b8e6a e9d6f2f8be4e46078e46b8b412f50fbd f26df2e40cde49bc96641b7929bf814f - - default default] Successfully bumped revision number for resource a3246ccb-b555-4848-a848-3b7916146c31 (type: security_group_rules) to 0
2026-05-12 12:40:27.554 9 WARNING neutron.scheduler.dhcp_agent_scheduler [None req-e38adca8-318d-4d39-846d-6003c75276cb fca9402c237d47438e3a79c0db5542b9 fbb32d75f9f342cc8013c0d788aa7aa0 - - default default] No more DHCP agents
2026-05-12 12:40:27.559 9 WARNING neutron.api.rpc.agentnotifiers.dhcp_rpc_agent_api [None req-e38adca8-318d-4d39-846d-6003c75276cb fca9402c237d47438e3a79c0db5542b9 fbb32d75f9f342cc8013c0d788aa7aa0 - - default default] Unable to schedule network 2d46008c-258e-42bb-8568-7d548d3e0b5b: no agents available; will retry on subsequent port and subnet creation events.
2026-05-12 12:40:27.587 10 INFO neutron.db.segments_db [None req-c6ecc06c-1666-438d-a167-7653081b8e6a e9d6f2f8be4e46078e46b8b412f50fbd f26df2e40cde49bc96641b7929bf814f - - default default] Added segment 72c87cf1-f0c7-4c31-a096-ad4f0ae0daa0 of type geneve for network 5813a0ab-0c27-400b-a20b-3a2e441bd423
2026-05-12 12:40:27.649 9 INFO neutron.db.ovn_revision_numbers_db [None req-e38adca8-318d-4d39-846d-6003c75276cb fca9402c237d47438e3a79c0db5542b9 fbb32d75f9f342cc8013c0d788aa7aa0 - - default default] Successfully bumped revision number for resource 57e52ba6-59f6-4e9e-9ca7-c0927c4e9d6a (type: ports) to 1
2026-05-12 12:40:27.672 9 INFO neutron.wsgi [None req-e38adca8-318d-4d39-846d-6003c75276cb fca9402c237d47438e3a79c0db5542b9 fbb32d75f9f342cc8013c0d788aa7aa0 - - default default] 10.0.0.129 "POST /v2.0/ports HTTP/1.1" status: 201 len: 942 time: 0.4010582 /var/lib/openstack/lib/python3.10/site-packages/pycadf/identifier.py:71: UserWarning: Invalid uuid: neutron. To ensure interoperability, identifiers should be a valid uuid. warnings.warn(('Invalid uuid: %s. To ensure interoperability, '
2026-05-12 12:40:27.757 10 INFO neutron.wsgi [req-fcb3c643-dc15-4219-9ea3-255ce7290813 req-64ae58d2-5794-4857-9452-60cf7fa2b80f 8dce3c2d68cf4442be7d985082990245 cb0e02b2ba5b41349bfec1ace5326b5f - - default default] 10.0.0.52 "GET /v2.0/ports?device_id=676e99f9-1820-4ccc-9c05-2af59e713270 HTTP/1.1" status: 200 len: 1214 time: 0.0555406
2026-05-12 12:40:27.762 9 INFO neutron.db.segments_db [None req-ae4d40e9-f623-4736-925c-7d97c3a6f03f fca9402c237d47438e3a79c0db5542b9 fbb32d75f9f342cc8013c0d788aa7aa0 - - default default] Added segment d8fc70c0-9f71-4ac8-a0ed-ff7d1e6dd153 of type geneve for network 5e213009-5e31-4ac6-8f66-ce74a8ff84f9
2026-05-12 12:40:27.774 10 INFO neutron.db.ovn_revision_numbers_db [None req-c6ecc06c-1666-438d-a167-7653081b8e6a e9d6f2f8be4e46078e46b8b412f50fbd f26df2e40cde49bc96641b7929bf814f - - default default] Successfully bumped revision number for resource 5813a0ab-0c27-400b-a20b-3a2e441bd423 (type: networks) to 1
2026-05-12 12:40:27.825 10 INFO neutron.wsgi [req-fcb3c643-dc15-4219-9ea3-255ce7290813 req-2ffcf65c-a025-4ffa-9ae2-4e7ec282ba7f 8dce3c2d68cf4442be7d985082990245 cb0e02b2ba5b41349bfec1ace5326b5f - - default default] 10.0.0.52 "GET /v2.0/security-groups?id=f521aecd-3c4c-437a-8f76-9271b90aba38&id=4894e136-4fd9-46e0-b1e3-1d76cc41d214&fields=id&fields=name HTTP/1.1" status: 200 len: 405 time: 0.0591846
2026-05-12 12:40:27.912 9 INFO neutron.db.ovn_revision_numbers_db [None req-ae4d40e9-f623-4736-925c-7d97c3a6f03f fca9402c237d47438e3a79c0db5542b9 fbb32d75f9f342cc8013c0d788aa7aa0 - - default default] Successfully bumped revision number for resource 5e213009-5e31-4ac6-8f66-ce74a8ff84f9 (type: networks) to 1
2026-05-12 12:40:27.945 10 INFO neutron.db.ovn_revision_numbers_db [None req-c203a74d-79a4-48ec-9ceb-ea08784561e0 7d5ce8f7955e4ad79eb4228a2cc86b10 6a1f98a6ca0546dd8522930850d7b347 - - default default] Successfully bumped revision number for resource 31335d14-ae04-4de4-9a7a-c6e6ca396bd4 (type: security_groups) to 1
2026-05-12 12:40:27.983 10 INFO neutron.db.ovn_revision_numbers_db [None req-c203a74d-79a4-48ec-9ceb-ea08784561e0 7d5ce8f7955e4ad79eb4228a2cc86b10 6a1f98a6ca0546dd8522930850d7b347 - - default default] Successfully bumped revision number for resource 684ac983-c47a-4f06-9254-47796ebdef84 (type: security_group_rules) to 0
2026-05-12 12:40:28.007 10 INFO neutron.db.ovn_revision_numbers_db [None req-c203a74d-79a4-48ec-9ceb-ea08784561e0 7d5ce8f7955e4ad79eb4228a2cc86b10 6a1f98a6ca0546dd8522930850d7b347 - - default default] Successfully bumped revision number for resource 90eca75f-aa4d-4002-a3d1-3064dce402c5 (type: security_group_rules) to 0
2026-05-12 12:40:28.026 10 WARNING neutron.scheduler.dhcp_agent_scheduler [None req-c6ecc06c-1666-438d-a167-7653081b8e6a e9d6f2f8be4e46078e46b8b412f50fbd f26df2e40cde49bc96641b7929bf814f - - default default] No more DHCP agents
2026-05-12 12:40:28.032 10 INFO neutron.wsgi [req-9c219789-6315-42c6-a47d-616c24f49ddc req-ea3d447a-3edf-4f24-bb56-7fc079830d19 8dce3c2d68cf4442be7d985082990245 cb0e02b2ba5b41349bfec1ace5326b5f - - default default] 10.0.0.52 "GET /v2.0/ports?device_id=676e99f9-1820-4ccc-9c05-2af59e713270 HTTP/1.1" status: 200 len: 1214 time: 0.1313701
2026-05-12 12:40:28.035 10 WARNING neutron.api.rpc.agentnotifiers.dhcp_rpc_agent_api [None req-c6ecc06c-1666-438d-a167-7653081b8e6a e9d6f2f8be4e46078e46b8b412f50fbd f26df2e40cde49bc96641b7929bf814f - - default default] Unable to schedule network 5813a0ab-0c27-400b-a20b-3a2e441bd423: no agents available; will retry on subsequent port and subnet creation events.
2026-05-12 12:40:28.043 10 INFO neutron.db.ovn_revision_numbers_db [None req-c203a74d-79a4-48ec-9ceb-ea08784561e0 7d5ce8f7955e4ad79eb4228a2cc86b10 6a1f98a6ca0546dd8522930850d7b347 - - default default] Successfully bumped revision number for resource ae9f9146-d4f6-45bc-879b-dadd8460ce0e (type: security_group_rules) to 0
2026-05-12 12:40:28.064 10 INFO neutron.db.ovn_revision_numbers_db [None req-c203a74d-79a4-48ec-9ceb-ea08784561e0 7d5ce8f7955e4ad79eb4228a2cc86b10 6a1f98a6ca0546dd8522930850d7b347 - - default default] Successfully bumped revision number for resource f4a0c516-54a4-4bca-99d3-1b18da2e79b8 (type: security_group_rules) to 0
2026-05-12 12:40:28.115 10 INFO neutron.db.segments_db [None req-c203a74d-79a4-48ec-9ceb-ea08784561e0 7d5ce8f7955e4ad79eb4228a2cc86b10 6a1f98a6ca0546dd8522930850d7b347 - - default default] Added segment 20bffdee-69e8-4a9c-aaaa-b5d397c79851 of type geneve for network 97707d89-2ecc-461e-a2ae-13134a6b5b4b
2026-05-12 12:40:28.119 10 INFO neutron.db.ovn_revision_numbers_db [None req-c6ecc06c-1666-438d-a167-7653081b8e6a e9d6f2f8be4e46078e46b8b412f50fbd f26df2e40cde49bc96641b7929bf814f - - default default] Successfully bumped revision number for resource 3d0e41d3-da3e-4645-9392-be19277fa4d9 (type: ports) to 1
2026-05-12 12:40:28.132 9 WARNING neutron.scheduler.dhcp_agent_scheduler [None req-ae4d40e9-f623-4736-925c-7d97c3a6f03f fca9402c237d47438e3a79c0db5542b9 fbb32d75f9f342cc8013c0d788aa7aa0 - - default default] No more DHCP agents
2026-05-12 12:40:28.135 9 WARNING neutron.api.rpc.agentnotifiers.dhcp_rpc_agent_api [None req-ae4d40e9-f623-4736-925c-7d97c3a6f03f fca9402c237d47438e3a79c0db5542b9 fbb32d75f9f342cc8013c0d788aa7aa0 - - default default] Unable to schedule network 5e213009-5e31-4ac6-8f66-ce74a8ff84f9: no agents available; will retry on subsequent port and subnet creation events.
2026-05-12 12:40:28.154 10 INFO neutron.wsgi [None req-c6ecc06c-1666-438d-a167-7653081b8e6a e9d6f2f8be4e46078e46b8b412f50fbd f26df2e40cde49bc96641b7929bf814f - - default default] 10.0.0.129 "POST /v2.0/networks HTTP/1.1" status: 201 len: 830 time: 1.0264695
2026-05-12 12:40:28.279 10 INFO neutron.db.segments_db [None req-7a3df99c-fbcc-45ad-811f-cde962690f34 e9d6f2f8be4e46078e46b8b412f50fbd f26df2e40cde49bc96641b7929bf814f - - default default] Added segment eb18760e-e8bf-40f2-bf30-7a9455d51548 of type geneve for network b6efdc0d-4fce-410e-960f-ae1df99ef7f3
2026-05-12 12:40:28.297 10 INFO neutron.db.ovn_revision_numbers_db [None req-c203a74d-79a4-48ec-9ceb-ea08784561e0 7d5ce8f7955e4ad79eb4228a2cc86b10 6a1f98a6ca0546dd8522930850d7b347 - - default default] Successfully bumped revision number for resource 97707d89-2ecc-461e-a2ae-13134a6b5b4b (type: networks) to 1
2026-05-12 12:40:28.500 10 INFO neutron.db.ovn_revision_numbers_db [None req-7a3df99c-fbcc-45ad-811f-cde962690f34 e9d6f2f8be4e46078e46b8b412f50fbd f26df2e40cde49bc96641b7929bf814f - - default default] Successfully bumped revision number for resource b6efdc0d-4fce-410e-960f-ae1df99ef7f3 (type: networks) to 1
2026-05-12 12:40:28.544 9 INFO neutron.db.ovn_revision_numbers_db [None req-ae4d40e9-f623-4736-925c-7d97c3a6f03f fca9402c237d47438e3a79c0db5542b9 fbb32d75f9f342cc8013c0d788aa7aa0 - - default default] Successfully bumped revision number for resource b56f31f6-af98-42c2-a2d3-c63f9651695c (type: ports) to 1
2026-05-12 12:40:28.573 9 INFO neutron.wsgi [None req-ae4d40e9-f623-4736-925c-7d97c3a6f03f fca9402c237d47438e3a79c0db5542b9 fbb32d75f9f342cc8013c0d788aa7aa0 - - default default] 10.0.0.129 "POST /v2.0/networks HTTP/1.1" status: 201 len: 831 time: 0.8956635
2026-05-12 12:40:28.577 9 INFO neutron.db.l3_db [None req-6b3953be-fb24-4741-b592-8dcc2eae6202 8dce3c2d68cf4442be7d985082990245 cb0e02b2ba5b41349bfec1ace5326b5f - - default default] Floating IP e84c2026-12f7-4621-9f5f-996d4d57b7ec associated. External IP: 10.96.250.213, port: 2be5e56a-588d-47e6-ad70-757ea59880e9.
2026-05-12 12:40:28.590 10 WARNING neutron.scheduler.dhcp_agent_scheduler [None req-c203a74d-79a4-48ec-9ceb-ea08784561e0 7d5ce8f7955e4ad79eb4228a2cc86b10 6a1f98a6ca0546dd8522930850d7b347 - - default default] No more DHCP agents
2026-05-12 12:40:28.598 10 WARNING neutron.api.rpc.agentnotifiers.dhcp_rpc_agent_api [None req-c203a74d-79a4-48ec-9ceb-ea08784561e0 7d5ce8f7955e4ad79eb4228a2cc86b10 6a1f98a6ca0546dd8522930850d7b347 - - default default] Unable to schedule network 97707d89-2ecc-461e-a2ae-13134a6b5b4b: no agents available; will retry on subsequent port and subnet creation events.
2026-05-12 12:40:28.754 10 WARNING neutron.scheduler.dhcp_agent_scheduler [None req-7a3df99c-fbcc-45ad-811f-cde962690f34 e9d6f2f8be4e46078e46b8b412f50fbd f26df2e40cde49bc96641b7929bf814f - - default default] No more DHCP agents
2026-05-12 12:40:28.758 10 WARNING neutron.api.rpc.agentnotifiers.dhcp_rpc_agent_api [None req-7a3df99c-fbcc-45ad-811f-cde962690f34 e9d6f2f8be4e46078e46b8b412f50fbd f26df2e40cde49bc96641b7929bf814f - - default default] Unable to schedule network b6efdc0d-4fce-410e-960f-ae1df99ef7f3: no agents available; will retry on subsequent port and subnet creation events.
2026-05-12 12:40:28.770 10 INFO neutron.db.ovn_revision_numbers_db [None req-c203a74d-79a4-48ec-9ceb-ea08784561e0 7d5ce8f7955e4ad79eb4228a2cc86b10 6a1f98a6ca0546dd8522930850d7b347 - - default default] Successfully bumped revision number for resource 4e3e8775-21a8-45f9-9e58-56f3cc11fc40 (type: ports) to 1
2026-05-12 12:40:28.813 9 INFO neutron.db.ovn_revision_numbers_db [None req-6b3953be-fb24-4741-b592-8dcc2eae6202 8dce3c2d68cf4442be7d985082990245 cb0e02b2ba5b41349bfec1ace5326b5f - - default default] Successfully bumped revision number for resource e84c2026-12f7-4621-9f5f-996d4d57b7ec (type: floatingips) to 1
2026-05-12 12:40:28.824 10 INFO neutron.wsgi [None req-c203a74d-79a4-48ec-9ceb-ea08784561e0 7d5ce8f7955e4ad79eb4228a2cc86b10 6a1f98a6ca0546dd8522930850d7b347 - - default default] 10.0.0.129 "POST /v2.0/networks HTTP/1.1" status: 201 len: 831 time: 1.2606487 /var/lib/openstack/lib/python3.10/site-packages/pycadf/identifier.py:71: UserWarning: Invalid uuid: neutron. To ensure interoperability, identifiers should be a valid uuid. warnings.warn(('Invalid uuid: %s. To ensure interoperability, '
2026-05-12 12:40:28.891 10 INFO neutron.db.ovn_revision_numbers_db [None req-7a3df99c-fbcc-45ad-811f-cde962690f34 e9d6f2f8be4e46078e46b8b412f50fbd f26df2e40cde49bc96641b7929bf814f - - default default] Successfully bumped revision number for resource 603dd2bd-f39a-47f8-9853-c89f6eaf9934 (type: ports) to 1
2026-05-12 12:40:28.918 10 INFO neutron.wsgi [None req-7a3df99c-fbcc-45ad-811f-cde962690f34 e9d6f2f8be4e46078e46b8b412f50fbd f26df2e40cde49bc96641b7929bf814f - - default default] 10.0.0.129 "POST /v2.0/networks HTTP/1.1" status: 201 len: 831 time: 0.7593052 /var/lib/openstack/lib/python3.10/site-packages/pycadf/identifier.py:71: UserWarning: Invalid uuid: neutron. To ensure interoperability, identifiers should be a valid uuid. warnings.warn(('Invalid uuid: %s. To ensure interoperability, '
2026-05-12 12:40:28.954 10 WARNING neutron.scheduler.dhcp_agent_scheduler [None req-ef7f1738-d4ba-4937-b9f5-d0e80ecf3301 fca9402c237d47438e3a79c0db5542b9 fbb32d75f9f342cc8013c0d788aa7aa0 - - default default] No more DHCP agents
2026-05-12 12:40:28.956 10 WARNING neutron.api.rpc.agentnotifiers.dhcp_rpc_agent_api [None req-ef7f1738-d4ba-4937-b9f5-d0e80ecf3301 fca9402c237d47438e3a79c0db5542b9 fbb32d75f9f342cc8013c0d788aa7aa0 - - default default] Unable to schedule network 5e213009-5e31-4ac6-8f66-ce74a8ff84f9: no agents available; will retry on subsequent port and subnet creation events.
2026-05-12 12:40:28.977 9 INFO neutron.db.ovn_revision_numbers_db [None req-6b3953be-fb24-4741-b592-8dcc2eae6202 8dce3c2d68cf4442be7d985082990245 cb0e02b2ba5b41349bfec1ace5326b5f - - default default] Successfully bumped revision number for resource e84c2026-12f7-4621-9f5f-996d4d57b7ec (type: floatingips) to 2
2026-05-12 12:40:29.009 9 INFO neutron.wsgi [None req-6b3953be-fb24-4741-b592-8dcc2eae6202 8dce3c2d68cf4442be7d985082990245 cb0e02b2ba5b41349bfec1ace5326b5f - - default default] 10.0.0.129 "PUT /v2.0/floatingips/e84c2026-12f7-4621-9f5f-996d4d57b7ec HTTP/1.1" status: 200 len: 1050 time: 0.9671235
2026-05-12 12:40:29.038 10 INFO neutron.db.segments_db [None req-a38f7c77-22d7-4af3-9c96-ae3aa965427f e9d6f2f8be4e46078e46b8b412f50fbd f26df2e40cde49bc96641b7929bf814f - - default default] Added segment b0c393b6-a5f0-4b42-a824-173a606db841 of type geneve for network 27a4d191-7b7c-4aa2-943d-fd45b7d25d62
2026-05-12 12:40:29.042 10 INFO neutron.db.ovn_revision_numbers_db [None req-ef7f1738-d4ba-4937-b9f5-d0e80ecf3301 fca9402c237d47438e3a79c0db5542b9 fbb32d75f9f342cc8013c0d788aa7aa0 - - default default] Successfully bumped revision number for resource 5911846f-0b38-40a4-b727-8f9d6dda0a78 (type: ports) to 1
2026-05-12 12:40:29.068 10 INFO neutron.wsgi [None req-ef7f1738-d4ba-4937-b9f5-d0e80ecf3301 fca9402c237d47438e3a79c0db5542b9 fbb32d75f9f342cc8013c0d788aa7aa0 - - default default] 10.0.0.129 "POST /v2.0/ports HTTP/1.1" status: 201 len: 942 time: 0.4807143 /var/lib/openstack/lib/python3.10/site-packages/pycadf/identifier.py:71: UserWarning: Invalid uuid: neutron. To ensure interoperability, identifiers should be a valid uuid. warnings.warn(('Invalid uuid: %s. To ensure interoperability, '
2026-05-12 12:40:29.180 10 INFO neutron.db.segments_db [None req-09026d2f-9f9c-4353-8eac-078d0592dec8 fca9402c237d47438e3a79c0db5542b9 fbb32d75f9f342cc8013c0d788aa7aa0 - - default default] Added segment 95eec6ac-0a58-46b1-a3a5-dddc119e4d3b of type geneve for network b03ce574-01cc-42cc-907c-480658b53a5d
2026-05-12 12:40:29.254 10 INFO neutron.db.ovn_revision_numbers_db [None req-a38f7c77-22d7-4af3-9c96-ae3aa965427f e9d6f2f8be4e46078e46b8b412f50fbd f26df2e40cde49bc96641b7929bf814f - - default default] Successfully bumped revision number for resource 27a4d191-7b7c-4aa2-943d-fd45b7d25d62 (type: networks) to 1
2026-05-12 12:40:29.335 9 WARNING neutron.scheduler.dhcp_agent_scheduler [None req-1c99f9ca-ffbf-4b0c-ac6c-5141f56d6817 7d5ce8f7955e4ad79eb4228a2cc86b10 6a1f98a6ca0546dd8522930850d7b347 - - default default] No more DHCP agents
2026-05-12 12:40:29.338 9 WARNING neutron.api.rpc.agentnotifiers.dhcp_rpc_agent_api [None req-1c99f9ca-ffbf-4b0c-ac6c-5141f56d6817 7d5ce8f7955e4ad79eb4228a2cc86b10 6a1f98a6ca0546dd8522930850d7b347 - - default default] Unable to schedule network 796f428f-b918-47ed-8844-446f5371b248: no agents available; will retry on subsequent port and subnet creation events.
2026-05-12 12:40:29.366 10 INFO neutron.db.ovn_revision_numbers_db [None req-09026d2f-9f9c-4353-8eac-078d0592dec8 fca9402c237d47438e3a79c0db5542b9 fbb32d75f9f342cc8013c0d788aa7aa0 - - default default] Successfully bumped revision number for resource b03ce574-01cc-42cc-907c-480658b53a5d (type: networks) to 1
2026-05-12 12:40:29.389 9 INFO neutron.notifiers.nova [-] Nova event matching ['req-20536827-40eb-45c3-8d1d-1ac6fc66dcdc'] response: {'name': 'network-changed', 'server_uuid': '676e99f9-1820-4ccc-9c05-2af59e713270', 'tag': '2be5e56a-588d-47e6-ad70-757ea59880e9', 'status': 'completed', 'code': 200}
2026-05-12 12:40:29.460 9 INFO neutron.wsgi [req-6f35c784-f58f-4a8c-a7ef-64150b7c7ebb req-f83c89fc-dbf3-4b59-8740-6c05f341618f 051d982b2dd0416cbefc82d35d2a24d3 d3635270c66c47abbc4db15347eb055c - - 7919d296f07d4a20bccfb82a8f4b3ec3 7919d296f07d4a20bccfb82a8f4b3ec3] 199.19.213.199 "GET /v2.0/ports?tenant_id=cb0e02b2ba5b41349bfec1ace5326b5f&device_id=676e99f9-1820-4ccc-9c05-2af59e713270 HTTP/1.1" status: 200 len: 1452 time: 0.0441542
2026-05-12 12:40:29.489 10 WARNING neutron.scheduler.dhcp_agent_scheduler [None req-a38f7c77-22d7-4af3-9c96-ae3aa965427f e9d6f2f8be4e46078e46b8b412f50fbd f26df2e40cde49bc96641b7929bf814f - - default default] No more DHCP agents
2026-05-12 12:40:29.492 10 WARNING neutron.api.rpc.agentnotifiers.dhcp_rpc_agent_api [None req-a38f7c77-22d7-4af3-9c96-ae3aa965427f e9d6f2f8be4e46078e46b8b412f50fbd f26df2e40cde49bc96641b7929bf814f - - default default] Unable to schedule network 27a4d191-7b7c-4aa2-943d-fd45b7d25d62: no agents available; will retry on subsequent port and subnet creation events.
2026-05-12 12:40:29.550 9 INFO neutron.wsgi [req-6f35c784-f58f-4a8c-a7ef-64150b7c7ebb req-3e7dfdcb-e531-4ea7-9b99-284bc3a4c983 051d982b2dd0416cbefc82d35d2a24d3 d3635270c66c47abbc4db15347eb055c - - 7919d296f07d4a20bccfb82a8f4b3ec3 7919d296f07d4a20bccfb82a8f4b3ec3] 199.19.213.199 "GET /v2.0/networks?id=08e257fb-f239-44ea-87ac-a319dcbacf73 HTTP/1.1" status: 200 len: 970 time: 0.0811105
2026-05-12 12:40:29.565 9 INFO neutron.db.ovn_revision_numbers_db [None req-1c99f9ca-ffbf-4b0c-ac6c-5141f56d6817 7d5ce8f7955e4ad79eb4228a2cc86b10 6a1f98a6ca0546dd8522930850d7b347 - - default default] Successfully bumped revision number for resource 0c4ab2c6-6675-4c74-bc9a-c15d9d3b6392 (type: ports) to 1
2026-05-12 12:40:29.646 9 INFO neutron.wsgi [req-6f35c784-f58f-4a8c-a7ef-64150b7c7ebb req-1f746205-4557-4ef4-9003-6a6120823177 051d982b2dd0416cbefc82d35d2a24d3 d3635270c66c47abbc4db15347eb055c - - 7919d296f07d4a20bccfb82a8f4b3ec3 7919d296f07d4a20bccfb82a8f4b3ec3] 199.19.213.199 "GET /v2.0/floatingips?fixed_ip_address=10.100.0.10&port_id=2be5e56a-588d-47e6-ad70-757ea59880e9 HTTP/1.1" status: 200 len: 1060 time: 0.0817268
2026-05-12 12:40:29.692 9 INFO neutron.wsgi [req-6f35c784-f58f-4a8c-a7ef-64150b7c7ebb req-9e742868-05ce-4802-bba1-69ede3b0adfd 051d982b2dd0416cbefc82d35d2a24d3 d3635270c66c47abbc4db15347eb055c - - 7919d296f07d4a20bccfb82a8f4b3ec3 7919d296f07d4a20bccfb82a8f4b3ec3] 199.19.213.199 "GET /v2.0/subnets?id=90997993-1084-4ca3-9c06-117061f26143 HTTP/1.1" status: 200 len: 865 time: 0.0414095
2026-05-12 12:40:29.731 9 INFO neutron.wsgi [req-6f35c784-f58f-4a8c-a7ef-64150b7c7ebb req-c60c1735-5d6c-4688-9e06-79c23c025972 051d982b2dd0416cbefc82d35d2a24d3 d3635270c66c47abbc4db15347eb055c - - 7919d296f07d4a20bccfb82a8f4b3ec3 7919d296f07d4a20bccfb82a8f4b3ec3] 199.19.213.199 "GET /v2.0/ports?network_id=08e257fb-f239-44ea-87ac-a319dcbacf73&device_owner=network%3Adhcp HTTP/1.1" status: 200 len: 210 time: 0.0314286
2026-05-12 12:40:29.811 10 INFO neutron.db.ovn_revision_numbers_db [None req-a38f7c77-22d7-4af3-9c96-ae3aa965427f e9d6f2f8be4e46078e46b8b412f50fbd f26df2e40cde49bc96641b7929bf814f - - default default] Successfully bumped revision number for resource 8f6cbb63-f252-4601-a9d6-38eeb940e900 (type: ports) to 1
2026-05-12 12:40:29.815 9 INFO neutron.wsgi [req-6f35c784-f58f-4a8c-a7ef-64150b7c7ebb req-143f9025-fde1-4b56-8c41-d13008e5d463 051d982b2dd0416cbefc82d35d2a24d3 d3635270c66c47abbc4db15347eb055c - - 7919d296f07d4a20bccfb82a8f4b3ec3 7919d296f07d4a20bccfb82a8f4b3ec3] 199.19.213.199 "GET /v2.0/networks/08e257fb-f239-44ea-87ac-a319dcbacf73?fields=segments HTTP/1.1" status: 200 len: 212 time: 0.0783525
2026-05-12 12:40:29.816 10 WARNING neutron.scheduler.dhcp_agent_scheduler [None req-09026d2f-9f9c-4353-8eac-078d0592dec8 fca9402c237d47438e3a79c0db5542b9 fbb32d75f9f342cc8013c0d788aa7aa0 - - default default] No more DHCP agents
2026-05-12 12:40:29.821 10 WARNING neutron.api.rpc.agentnotifiers.dhcp_rpc_agent_api [None req-09026d2f-9f9c-4353-8eac-078d0592dec8 fca9402c237d47438e3a79c0db5542b9 fbb32d75f9f342cc8013c0d788aa7aa0 - - default default] Unable to schedule network b03ce574-01cc-42cc-907c-480658b53a5d: no agents available; will retry on subsequent port and subnet creation events.
2026-05-12 12:40:29.838 10 INFO neutron.wsgi [None req-a38f7c77-22d7-4af3-9c96-ae3aa965427f e9d6f2f8be4e46078e46b8b412f50fbd f26df2e40cde49bc96641b7929bf814f - - default default] 10.0.0.129 "POST /v2.0/networks HTTP/1.1" status: 201 len: 831 time: 0.9131527
2026-05-12 12:40:29.900 10 INFO neutron.db.ovn_revision_numbers_db [None req-09026d2f-9f9c-4353-8eac-078d0592dec8 fca9402c237d47438e3a79c0db5542b9 fbb32d75f9f342cc8013c0d788aa7aa0 - - default default] Successfully bumped revision number for resource 0d4857c2-0600-4a17-bd67-f09b7ae37e3d (type: ports) to 1
2026-05-12 12:40:29.921 10 INFO neutron.wsgi [None req-09026d2f-9f9c-4353-8eac-078d0592dec8 fca9402c237d47438e3a79c0db5542b9 fbb32d75f9f342cc8013c0d788aa7aa0 - - default default] 10.0.0.129 "POST /v2.0/networks HTTP/1.1" status: 201 len: 831 time: 0.8475740
2026-05-12 12:40:30.095 9 INFO neutron.wsgi [req-6f35c784-f58f-4a8c-a7ef-64150b7c7ebb req-64d8fac8-92ed-4064-848a-34e0c960a39c 051d982b2dd0416cbefc82d35d2a24d3 d3635270c66c47abbc4db15347eb055c - - 7919d296f07d4a20bccfb82a8f4b3ec3 7919d296f07d4a20bccfb82a8f4b3ec3] 199.19.213.199 "GET /v2.0/networks/08e257fb-f239-44ea-87ac-a319dcbacf73?fields=provider%3Aphysical_network&fields=provider%3Anetwork_type HTTP/1.1" status: 200 len: 277 time: 0.2698290
2026-05-12 12:40:30.139 10 WARNING neutron.scheduler.dhcp_agent_scheduler [None req-a847783d-0517-48e8-99e5-ff5b1b3d9d63 fca9402c237d47438e3a79c0db5542b9 fbb32d75f9f342cc8013c0d788aa7aa0 - - default default] No more DHCP agents
2026-05-12 12:40:30.142 10 WARNING neutron.api.rpc.agentnotifiers.dhcp_rpc_agent_api [None req-a847783d-0517-48e8-99e5-ff5b1b3d9d63 fca9402c237d47438e3a79c0db5542b9 fbb32d75f9f342cc8013c0d788aa7aa0 - - default default] Unable to schedule network b03ce574-01cc-42cc-907c-480658b53a5d: no agents available; will retry on subsequent port and subnet creation events.
2026-05-12 12:40:30.150 9 INFO neutron.db.segments_db [None req-b78c9f1a-e198-4764-a977-1f1b6430442a e9d6f2f8be4e46078e46b8b412f50fbd f26df2e40cde49bc96641b7929bf814f - - default default] Added segment 21475e22-23cc-4bd5-8dac-866ac60fdc08 of type geneve for network 61b19e18-cb82-4be4-9660-497f197efb98
2026-05-12 12:40:30.231 10 INFO neutron.db.ovn_revision_numbers_db [None req-a847783d-0517-48e8-99e5-ff5b1b3d9d63 fca9402c237d47438e3a79c0db5542b9 fbb32d75f9f342cc8013c0d788aa7aa0 - - default default] Successfully bumped revision number for resource ea3dd039-2727-4548-95d1-1c95756cbf55 (type: ports) to 1
2026-05-12 12:40:30.256 10 INFO neutron.wsgi [None req-a847783d-0517-48e8-99e5-ff5b1b3d9d63 fca9402c237d47438e3a79c0db5542b9 fbb32d75f9f342cc8013c0d788aa7aa0 - - default default] 10.0.0.129 "POST /v2.0/ports HTTP/1.1" status: 201 len: 942 time: 0.3300560 /var/lib/openstack/lib/python3.10/site-packages/pycadf/identifier.py:71: UserWarning: Invalid uuid: neutron. To ensure interoperability, identifiers should be a valid uuid. warnings.warn(('Invalid uuid: %s. To ensure interoperability, '
2026-05-12 12:40:30.336 9 INFO neutron.db.ovn_revision_numbers_db [None req-b78c9f1a-e198-4764-a977-1f1b6430442a e9d6f2f8be4e46078e46b8b412f50fbd f26df2e40cde49bc96641b7929bf814f - - default default] Successfully bumped revision number for resource 61b19e18-cb82-4be4-9660-497f197efb98 (type: networks) to 1
2026-05-12 12:40:30.352 10 INFO neutron.db.segments_db [None req-627156fe-aef1-4378-b70a-8a35c5ad4a5f fca9402c237d47438e3a79c0db5542b9 fbb32d75f9f342cc8013c0d788aa7aa0 - - default default] Added segment e2e04ec2-c04e-495d-b142-af36b8288c90 of type geneve for network 1f7f5ceb-7afa-459f-948c-47b36a3c67b4
2026-05-12 12:40:30.496 10 INFO neutron.db.ovn_revision_numbers_db [None req-627156fe-aef1-4378-b70a-8a35c5ad4a5f fca9402c237d47438e3a79c0db5542b9 fbb32d75f9f342cc8013c0d788aa7aa0 - - default default] Successfully bumped revision number for resource 1f7f5ceb-7afa-459f-948c-47b36a3c67b4 (type: networks) to 1
2026-05-12 12:40:30.595 9 WARNING neutron.scheduler.dhcp_agent_scheduler [None req-b78c9f1a-e198-4764-a977-1f1b6430442a e9d6f2f8be4e46078e46b8b412f50fbd f26df2e40cde49bc96641b7929bf814f - - default default] No more DHCP agents
2026-05-12 12:40:30.599 9 WARNING neutron.api.rpc.agentnotifiers.dhcp_rpc_agent_api [None req-b78c9f1a-e198-4764-a977-1f1b6430442a e9d6f2f8be4e46078e46b8b412f50fbd f26df2e40cde49bc96641b7929bf814f - - default default] Unable to schedule network 61b19e18-cb82-4be4-9660-497f197efb98: no agents available; will retry on subsequent port and subnet creation events.
2026-05-12 12:40:30.604 9 INFO neutron.plugins.ml2.drivers.ovn.mech_driver.mech_driver [None req-3a078323-2504-463b-b6cc-c0b14309ece2 - - - - - -] OVN reports status up for port: 0c4ab2c6-6675-4c74-bc9a-c15d9d3b6392
2026-05-12 12:40:30.604 9 INFO neutron.plugins.ml2.drivers.ovn.mech_driver.ovsdb.ovsdb_monitor [None req-46d385c5-4013-439a-afe0-3f08d8e9e957 - - - - - -] Router 51e6ac4d-5604-4b77-a3fd-b4267fdd6fdf is bound to host instance
2026-05-12 12:40:30.643 9 INFO neutron.plugins.ml2.plugin [None req-3a078323-2504-463b-b6cc-c0b14309ece2 - - - - - -] Attempt 1 to provision port 0c4ab2c6-6675-4c74-bc9a-c15d9d3b6392
2026-05-12 12:40:30.690 9 INFO neutron.db.ovn_revision_numbers_db [None req-1c99f9ca-ffbf-4b0c-ac6c-5141f56d6817 7d5ce8f7955e4ad79eb4228a2cc86b10 6a1f98a6ca0546dd8522930850d7b347 - - default default] Successfully bumped revision number for resource 0c4ab2c6-6675-4c74-bc9a-c15d9d3b6392 (type: router_ports) to 1
2026-05-12 12:40:30.694 10 WARNING neutron.scheduler.dhcp_agent_scheduler [None req-627156fe-aef1-4378-b70a-8a35c5ad4a5f fca9402c237d47438e3a79c0db5542b9 fbb32d75f9f342cc8013c0d788aa7aa0 - - default default] No more DHCP agents
2026-05-12 12:40:30.708 10 WARNING neutron.api.rpc.agentnotifiers.dhcp_rpc_agent_api [None req-627156fe-aef1-4378-b70a-8a35c5ad4a5f fca9402c237d47438e3a79c0db5542b9 fbb32d75f9f342cc8013c0d788aa7aa0 - - default default] Unable to schedule network 1f7f5ceb-7afa-459f-948c-47b36a3c67b4: no agents available; will retry on subsequent port and subnet creation events.
2026-05-12 12:40:30.798 10 INFO neutron.db.ovn_revision_numbers_db [None req-627156fe-aef1-4378-b70a-8a35c5ad4a5f fca9402c237d47438e3a79c0db5542b9 fbb32d75f9f342cc8013c0d788aa7aa0 - - default default] Successfully bumped revision number for resource d730203c-bf7f-456f-ad08-5681df2e9143 (type: ports) to 1
2026-05-12 12:40:30.801 9 INFO neutron.db.ovn_revision_numbers_db [None req-b78c9f1a-e198-4764-a977-1f1b6430442a e9d6f2f8be4e46078e46b8b412f50fbd f26df2e40cde49bc96641b7929bf814f - - default default] Successfully bumped revision number for resource 59a2a860-111b-4014-9899-0117ecfc995e (type: ports) to 1
2026-05-12 12:40:30.815 9 INFO neutron.db.ovn_revision_numbers_db [None req-1c99f9ca-ffbf-4b0c-ac6c-5141f56d6817 7d5ce8f7955e4ad79eb4228a2cc86b10 6a1f98a6ca0546dd8522930850d7b347 - - default default] Successfully bumped revision number for resource 51e6ac4d-5604-4b77-a3fd-b4267fdd6fdf (type: routers) to 2
2026-05-12 12:40:30.841 10 INFO neutron.wsgi [None req-627156fe-aef1-4378-b70a-8a35c5ad4a5f fca9402c237d47438e3a79c0db5542b9 fbb32d75f9f342cc8013c0d788aa7aa0 - - default default] 10.0.0.129 "POST /v2.0/networks HTTP/1.1" status: 201 len: 830 time: 0.5810142
