2026-05-12 12:44:39.389 9 INFO neutron.notifiers.nova [-] Nova event matching ['req-2cdb91ce-67a0-418b-be7d-3dd3b470f4f1'] response: {'server_uuid': 'd7900e7f-17bb-410f-9f85-23d0093f4035', 'name': 'network-vif-deleted', 'tag': 'cb0d7691-6895-436d-94fa-e865786a5079', 'status': 'completed', 'code': 200}
2026-05-12 12:44:39.443 9 INFO neutron.wsgi [req-7253dc04-d5e9-4ff9-bac1-b06ba04a5919 req-99e013d1-5f59-4f53-abad-1581c555b318 051d982b2dd0416cbefc82d35d2a24d3 d3635270c66c47abbc4db15347eb055c - - 7919d296f07d4a20bccfb82a8f4b3ec3 7919d296f07d4a20bccfb82a8f4b3ec3] 199.19.213.199 "GET /v2.0/ports?tenant_id=70531c47f5fd4c7d945a6ab385b39429&device_id=d7900e7f-17bb-410f-9f85-23d0093f4035 HTTP/1.1" status: 200 len: 2727 time: 0.0399134
2026-05-12 12:44:39.510 9 INFO neutron.wsgi [req-7253dc04-d5e9-4ff9-bac1-b06ba04a5919 req-b82561c1-9827-4bc1-9b45-eeec927b1d4a 051d982b2dd0416cbefc82d35d2a24d3 d3635270c66c47abbc4db15347eb055c - - 7919d296f07d4a20bccfb82a8f4b3ec3 7919d296f07d4a20bccfb82a8f4b3ec3] 199.19.213.199 "GET /v2.0/networks?id=cc3730e1-0d5d-4dce-b61c-0262c53d180b&id=b8ea1c27-a428-4b3f-abbb-1ab6437b3af6&id=adfffe60-4304-444c-8371-1fb3008cf267 HTTP/1.1" status: 200 len: 2518 time: 0.0621319
2026-05-12 12:44:39.537 9 INFO neutron.wsgi [req-7253dc04-d5e9-4ff9-bac1-b06ba04a5919 req-00ad8623-eee0-4869-a0b1-ed6a27bf7dbe 051d982b2dd0416cbefc82d35d2a24d3 d3635270c66c47abbc4db15347eb055c - - 7919d296f07d4a20bccfb82a8f4b3ec3 7919d296f07d4a20bccfb82a8f4b3ec3] 199.19.213.199 "GET /v2.0/floatingips?fixed_ip_address=172.24.2.131&port_id=5b44e87c-d5aa-46ae-9a6d-d7831702df60 HTTP/1.1" status: 200 len: 217 time: 0.0214732
2026-05-12 12:44:39.595 9 INFO neutron.wsgi [req-7253dc04-d5e9-4ff9-bac1-b06ba04a5919 req-b12dd7f8-fc17-45f4-af0d-9b235fc9c6f5 051d982b2dd0416cbefc82d35d2a24d3 d3635270c66c47abbc4db15347eb055c - - 7919d296f07d4a20bccfb82a8f4b3ec3 7919d296f07d4a20bccfb82a8f4b3ec3] 199.19.213.199 "GET /v2.0/subnets?id=399c53e1-6208-4943-95f0-12fc60a51e23 HTTP/1.1" status: 200 len: 829 time: 0.0425904
2026-05-12 12:44:39.622 9 INFO neutron.wsgi [req-7253dc04-d5e9-4ff9-bac1-b06ba04a5919 req-a4a19a52-0a68-41bf-a7c8-e6775963fcc8 051d982b2dd0416cbefc82d35d2a24d3 d3635270c66c47abbc4db15347eb055c - - 7919d296f07d4a20bccfb82a8f4b3ec3 7919d296f07d4a20bccfb82a8f4b3ec3] 199.19.213.199 "GET /v2.0/ports?network_id=cc3730e1-0d5d-4dce-b61c-0262c53d180b&device_owner=network%3Adhcp HTTP/1.1" status: 200 len: 210 time: 0.0201051
2026-05-12 12:44:39.686 9 INFO neutron.wsgi [req-7253dc04-d5e9-4ff9-bac1-b06ba04a5919 req-a04d2df3-7a3d-4618-b616-4eb7abaeed14 051d982b2dd0416cbefc82d35d2a24d3 d3635270c66c47abbc4db15347eb055c - - 7919d296f07d4a20bccfb82a8f4b3ec3 7919d296f07d4a20bccfb82a8f4b3ec3] 199.19.213.199 "GET /v2.0/networks/cc3730e1-0d5d-4dce-b61c-0262c53d180b?fields=segments HTTP/1.1" status: 200 len: 212 time: 0.0556862
2026-05-12 12:44:39.750 9 INFO neutron.wsgi [req-7253dc04-d5e9-4ff9-bac1-b06ba04a5919 req-2f123718-1ba0-4dec-b4b6-e47b457a6692 051d982b2dd0416cbefc82d35d2a24d3 d3635270c66c47abbc4db15347eb055c - - 7919d296f07d4a20bccfb82a8f4b3ec3 7919d296f07d4a20bccfb82a8f4b3ec3] 199.19.213.199 "GET /v2.0/networks/cc3730e1-0d5d-4dce-b61c-0262c53d180b?fields=provider%3Aphysical_network&fields=provider%3Anetwork_type HTTP/1.1" status: 200 len: 277 time: 0.0580728
2026-05-12 12:44:39.779 9 INFO neutron.wsgi [req-7253dc04-d5e9-4ff9-bac1-b06ba04a5919 req-8682711a-e5d3-45cf-8e00-8f88a4047d2d 051d982b2dd0416cbefc82d35d2a24d3 d3635270c66c47abbc4db15347eb055c - - 7919d296f07d4a20bccfb82a8f4b3ec3 7919d296f07d4a20bccfb82a8f4b3ec3] 199.19.213.199 "GET /v2.0/floatingips?fixed_ip_address=10.1.1.153&port_id=d6e67d50-d315-4296-8fc0-537605745870 HTTP/1.1" status: 200 len: 217 time: 0.0220189 /var/lib/openstack/lib/python3.10/site-packages/pycadf/identifier.py:71: UserWarning: Invalid uuid: neutron. To ensure interoperability, identifiers should be a valid uuid. warnings.warn(('Invalid uuid: %s. To ensure interoperability, '
2026-05-12 12:44:39.815 9 INFO neutron.wsgi [req-7253dc04-d5e9-4ff9-bac1-b06ba04a5919 req-09dcab20-8ec9-4a5b-985e-73fff83d2348 051d982b2dd0416cbefc82d35d2a24d3 d3635270c66c47abbc4db15347eb055c - - 7919d296f07d4a20bccfb82a8f4b3ec3 7919d296f07d4a20bccfb82a8f4b3ec3] 199.19.213.199 "GET /v2.0/subnets?id=cc29ac56-6545-44cd-90fe-c551c1a5a23b HTTP/1.1" status: 200 len: 853 time: 0.0293357
2026-05-12 12:44:39.841 10 INFO neutron.wsgi [None req-b6a9b17b-4c3f-458f-a2b8-f7ddea3fe4c4 813b50fe033c47bf86101b677565ebf1 70531c47f5fd4c7d945a6ab385b39429 - - default default] 199.19.213.199 "GET /v2.0/ports?device_id=d7900e7f-17bb-410f-9f85-23d0093f4035 HTTP/1.1" status: 200 len: 2727 time: 0.0367479
2026-05-12 12:44:39.847 9 INFO neutron.wsgi [req-7253dc04-d5e9-4ff9-bac1-b06ba04a5919 req-f297708e-3bbf-4ca4-99b4-f3fb1f819bfd 051d982b2dd0416cbefc82d35d2a24d3 d3635270c66c47abbc4db15347eb055c - - 7919d296f07d4a20bccfb82a8f4b3ec3 7919d296f07d4a20bccfb82a8f4b3ec3] 199.19.213.199 "GET /v2.0/ports?network_id=b8ea1c27-a428-4b3f-abbb-1ab6437b3af6&device_owner=network%3Adhcp HTTP/1.1" status: 200 len: 210 time: 0.0255275
2026-05-12 12:44:39.862 10 INFO neutron.pecan_wsgi.hooks.translation [None req-2761cb52-af65-4fd0-9e40-dc2665b88829 813b50fe033c47bf86101b677565ebf1 70531c47f5fd4c7d945a6ab385b39429 - - default default] DELETE failed (client error): The resource could not be found.
2026-05-12 12:44:39.865 10 INFO neutron.wsgi [None req-2761cb52-af65-4fd0-9e40-dc2665b88829 813b50fe033c47bf86101b677565ebf1 70531c47f5fd4c7d945a6ab385b39429 - - default default] 199.19.213.199 "DELETE /v2.0/ports/cb0d7691-6895-436d-94fa-e865786a5079 HTTP/1.1" status: 404 len: 338 time: 0.0175505
2026-05-12 12:44:39.917 9 INFO neutron.wsgi [req-7253dc04-d5e9-4ff9-bac1-b06ba04a5919 req-e95903d2-00e4-48a7-9663-7d82d58ea53d 051d982b2dd0416cbefc82d35d2a24d3 d3635270c66c47abbc4db15347eb055c - - 7919d296f07d4a20bccfb82a8f4b3ec3 7919d296f07d4a20bccfb82a8f4b3ec3] 199.19.213.199 "GET /v2.0/networks/b8ea1c27-a428-4b3f-abbb-1ab6437b3af6?fields=segments HTTP/1.1" status: 200 len: 212 time: 0.0613205
2026-05-12 12:44:39.937 10 INFO neutron.wsgi [None req-229c1430-6263-47b5-8c8b-e2e127722010 813b50fe033c47bf86101b677565ebf1 70531c47f5fd4c7d945a6ab385b39429 - - default default] 199.19.213.199 "GET /v2.0/extensions/security-group HTTP/1.1" status: 200 len: 369 time: 0.0072062
2026-05-12 12:44:39.947 10 INFO neutron.wsgi [None req-ece7aa56-ef5b-43da-896c-5c92b62992f8 813b50fe033c47bf86101b677565ebf1 70531c47f5fd4c7d945a6ab385b39429 - - default default] 199.19.213.199 "GET /v2.0/extensions/dns-integration HTTP/1.1" status: 200 len: 371 time: 0.0044124
2026-05-12 12:44:39.955 10 INFO neutron.wsgi [None req-eb642524-1ef9-4bbd-9836-b4940867bc81 813b50fe033c47bf86101b677565ebf1 70531c47f5fd4c7d945a6ab385b39429 - - default default] 199.19.213.199 "GET /v2.0/extensions/qos HTTP/1.1" status: 200 len: 365 time: 0.0042615
2026-05-12 12:44:39.964 10 INFO neutron.wsgi [None req-8eee5f92-b9f3-4824-ae70-4d5a677d15c5 813b50fe033c47bf86101b677565ebf1 70531c47f5fd4c7d945a6ab385b39429 - - default default] 199.19.213.199 "GET /v2.0/extensions/allowed-address-pairs HTTP/1.1" status: 200 len: 383 time: 0.0048125
2026-05-12 12:44:39.979 9 INFO neutron.wsgi [req-7253dc04-d5e9-4ff9-bac1-b06ba04a5919 req-faa44323-bf3a-4b94-9780-3bddc36df6bc 051d982b2dd0416cbefc82d35d2a24d3 d3635270c66c47abbc4db15347eb055c - - 7919d296f07d4a20bccfb82a8f4b3ec3 7919d296f07d4a20bccfb82a8f4b3ec3] 199.19.213.199 "GET /v2.0/networks/b8ea1c27-a428-4b3f-abbb-1ab6437b3af6?fields=provider%3Aphysical_network&fields=provider%3Anetwork_type HTTP/1.1" status: 200 len: 277 time: 0.0546300
2026-05-12 12:44:40.012 10 INFO neutron.wsgi [None req-8225a4b1-f8d9-4773-854d-0b21ebd117d2 813b50fe033c47bf86101b677565ebf1 70531c47f5fd4c7d945a6ab385b39429 - - default default] 199.19.213.199 "GET /v2.0/subnets/cc29ac56-6545-44cd-90fe-c551c1a5a23b HTTP/1.1" status: 200 len: 850 time: 0.0425358
2026-05-12 12:44:40.058 10 INFO neutron.wsgi [None req-aaefc6d6-c639-425e-8385-dc5772fd647e 813b50fe033c47bf86101b677565ebf1 70531c47f5fd4c7d945a6ab385b39429 - - default default] 199.19.213.199 "GET /v2.0/ports/eee47d3d-50b3-4025-a3ab-02ddcb7d35ac HTTP/1.1" status: 200 len: 1336 time: 0.0384808
2026-05-12 12:44:40.095 10 INFO neutron.wsgi [None req-d9d82f3a-3f31-4830-be16-0f4ff2346655 813b50fe033c47bf86101b677565ebf1 70531c47f5fd4c7d945a6ab385b39429 - - default default] 199.19.213.199 "GET /v2.0/ports/d6e67d50-d315-4296-8fc0-537605745870 HTTP/1.1" status: 200 len: 1518 time: 0.0302565
2026-05-12 12:44:40.137 10 INFO neutron.wsgi [None req-c769bcc1-027a-4cea-94b3-a344bcc44970 813b50fe033c47bf86101b677565ebf1 70531c47f5fd4c7d945a6ab385b39429 - - default default] 199.19.213.199 "GET /v2.0/subnets/cc29ac56-6545-44cd-90fe-c551c1a5a23b HTTP/1.1" status: 200 len: 850 time: 0.0346589
2026-05-12 12:44:40.200 10 INFO neutron.wsgi [None req-5bb8a2e4-ae7d-413f-b7df-b3e0c3e44134 813b50fe033c47bf86101b677565ebf1 70531c47f5fd4c7d945a6ab385b39429 - - default default] 199.19.213.199 "GET /v2.0/networks/b8ea1c27-a428-4b3f-abbb-1ab6437b3af6 HTTP/1.1" status: 200 len: 1002 time: 0.0548315
2026-05-12 12:44:40.229 10 INFO neutron.wsgi [None req-dc13d6ea-3b66-4085-a416-8fe861794c68 813b50fe033c47bf86101b677565ebf1 70531c47f5fd4c7d945a6ab385b39429 - - default default] 199.19.213.199 "GET /v2.0/ports/eee47d3d-50b3-4025-a3ab-02ddcb7d35ac HTTP/1.1" status: 200 len: 1336 time: 0.0219309
2026-05-12 12:44:40.268 10 INFO neutron.wsgi [None req-8db2b96e-e37a-46f2-ad11-573708b0ab65 813b50fe033c47bf86101b677565ebf1 70531c47f5fd4c7d945a6ab385b39429 - - default default] 199.19.213.199 "GET /v2.0/subnets/cc29ac56-6545-44cd-90fe-c551c1a5a23b HTTP/1.1" status: 200 len: 850 time: 0.0335603
2026-05-12 12:44:40.687 10 INFO neutron.notifiers.nova [-] Nova event matching ['req-0ee3ac34-f8a1-4de8-b81e-9d08058d8456'] response: {'server_uuid': 'd7900e7f-17bb-410f-9f85-23d0093f4035', 'name': 'network-vif-unplugged', 'status': 'completed', 'tag': 'cb0d7691-6895-436d-94fa-e865786a5079', 'code': 200}
2026-05-12 12:44:40.688 10 INFO neutron.notifiers.nova [-] Nova event matching ['req-0ee3ac34-f8a1-4de8-b81e-9d08058d8456'] response: {'server_uuid': 'd7900e7f-17bb-410f-9f85-23d0093f4035', 'name': 'network-vif-plugged', 'status': 'completed', 'tag': 'cb0d7691-6895-436d-94fa-e865786a5079', 'code': 200}
2026-05-12 12:44:49.109 10 INFO neutron.wsgi [None req-3fac22e8-7b49-47d3-b37b-f2d566eb3988 813b50fe033c47bf86101b677565ebf1 70531c47f5fd4c7d945a6ab385b39429 - - default default] 199.19.213.199 "GET /v2.0/extensions/security-group HTTP/1.1" status: 200 len: 369 time: 0.0070119
2026-05-12 12:44:49.117 10 INFO neutron.wsgi [None req-27be4339-cd9f-46ab-8494-dfbca8f7c1b9 813b50fe033c47bf86101b677565ebf1 70531c47f5fd4c7d945a6ab385b39429 - - default default] 199.19.213.199 "GET /v2.0/extensions/dns-integration HTTP/1.1" status: 200 len: 371 time: 0.0040033
2026-05-12 12:44:49.125 10 INFO neutron.wsgi [None req-e6b9af44-fea6-440f-b3fc-bcf495ff7d2e 813b50fe033c47bf86101b677565ebf1 70531c47f5fd4c7d945a6ab385b39429 - - default default] 199.19.213.199 "GET /v2.0/extensions/qos HTTP/1.1" status: 200 len: 365 time: 0.0038199
2026-05-12 12:44:49.134 10 INFO neutron.wsgi [None req-5228c3fd-3962-44dc-b120-4bb2923b70d7 813b50fe033c47bf86101b677565ebf1 70531c47f5fd4c7d945a6ab385b39429 - - default default] 199.19.213.199 "GET /v2.0/extensions/allowed-address-pairs HTTP/1.1" status: 200 len: 383 time: 0.0045171
2026-05-12 12:44:49.176 10 INFO neutron.wsgi [None req-189f821b-0a5c-4922-ae18-ab08865ce480 813b50fe033c47bf86101b677565ebf1 70531c47f5fd4c7d945a6ab385b39429 - - default default] 199.19.213.199 "GET /v2.0/security-groups?name=lb-847dc6c6-22f8-42ea-a095-0c9d65f5ca62 HTTP/1.1" status: 200 len: 2941 time: 0.0355775
2026-05-12 12:44:49.206 10 INFO neutron.wsgi [None req-2d013263-d52e-496f-bb64-be668c701321 813b50fe033c47bf86101b677565ebf1 70531c47f5fd4c7d945a6ab385b39429 - - default default] 199.19.213.199 "GET /v2.0/security-group-rules?security_group_id=3c4dfbea-a728-45a7-b249-ec0ba5af492e HTTP/1.1" status: 200 len: 2406 time: 0.0245366
2026-05-12 12:44:49.329 10 INFO neutron.wsgi [None req-0c51069f-d09c-46c4-81be-a7c907cb5118 813b50fe033c47bf86101b677565ebf1 70531c47f5fd4c7d945a6ab385b39429 - - default default] 199.19.213.199 "DELETE /v2.0/security-group-rules/b0ac01da-c98e-4e4a-8d3c-760bde8cd836 HTTP/1.1" status: 204 len: 173 time: 0.1159673
2026-05-12 12:44:49.433 10 INFO neutron.wsgi [None req-1f664f76-92bb-49ea-a74a-fa9de498c4a4 813b50fe033c47bf86101b677565ebf1 70531c47f5fd4c7d945a6ab385b39429 - - default default] 199.19.213.199 "DELETE /v2.0/security-group-rules/b445b49f-ea26-4e32-b42d-65ca5c80d9c7 HTTP/1.1" status: 204 len: 173 time: 0.0989907
2026-05-12 12:44:51.475 10 INFO neutron.wsgi [-] 10.0.0.215 "GET / HTTP/1.1" status: 200 len: 247 time: 0.0030103
2026-05-12 12:44:51.479 10 INFO neutron.wsgi [-] 10.0.0.215 "GET / HTTP/1.1" status: 200 len: 247 time: 0.0023787
2026-05-12 12:44:53.937 10 INFO neutron.db.l3_db [None req-8513259b-45f7-47d2-9d82-8c28ed9954fd 8c6f798429214dd0b3d8252fd96b2316 b3dc6fc2fe4a401591802c097fb4b69a - - default default] Floating IP 40002e32-16da-4cdd-938c-43c8a27274b2 disassociated (deleted). External IP: 10.96.250.218, port: eee47d3d-50b3-4025-a3ab-02ddcb7d35ac.
2026-05-12 12:44:54.021 10 INFO neutron.wsgi [None req-8513259b-45f7-47d2-9d82-8c28ed9954fd 8c6f798429214dd0b3d8252fd96b2316 b3dc6fc2fe4a401591802c097fb4b69a - - default default] 10.0.0.129 "DELETE /v2.0/floatingips/40002e32-16da-4cdd-938c-43c8a27274b2 HTTP/1.1" status: 204 len: 168 time: 0.4583497 /var/lib/openstack/lib/python3.10/site-packages/pycadf/identifier.py:71: UserWarning: Invalid uuid: neutron. To ensure interoperability, identifiers should be a valid uuid. warnings.warn(('Invalid uuid: %s. To ensure interoperability, '
2026-05-12 12:44:54.049 10 INFO neutron.api.v2.resource [None req-943f1579-fe5e-44b1-b983-3c980a30d0f3 8c6f798429214dd0b3d8252fd96b2316 b3dc6fc2fe4a401591802c097fb4b69a - - default default] show failed (client error): The resource could not be found.
2026-05-12 12:44:54.050 10 INFO neutron.wsgi [None req-943f1579-fe5e-44b1-b983-3c980a30d0f3 8c6f798429214dd0b3d8252fd96b2316 b3dc6fc2fe4a401591802c097fb4b69a - - default default] 10.0.0.129 "GET /v2.0/floatingips/40002e32-16da-4cdd-938c-43c8a27274b2 HTTP/1.1" status: 404 len: 345 time: 0.0225706
2026-05-12 12:44:54.376 9 INFO neutron.wsgi [None req-02dea7d9-610e-4a89-b458-23678bf21847 813b50fe033c47bf86101b677565ebf1 70531c47f5fd4c7d945a6ab385b39429 - - default default] 199.19.213.199 "GET /v2.0/extensions/security-group HTTP/1.1" status: 200 len: 369 time: 0.0093019
2026-05-12 12:44:54.387 9 INFO neutron.wsgi [None req-5243980e-2932-4a69-8be7-3f720884430d 813b50fe033c47bf86101b677565ebf1 70531c47f5fd4c7d945a6ab385b39429 - - default default] 199.19.213.199 "GET /v2.0/extensions/dns-integration HTTP/1.1" status: 200 len: 371 time: 0.0043161
2026-05-12 12:44:54.395 9 INFO neutron.wsgi [None req-20e1b8f3-9661-45d1-b70e-0cffc8cab06c 813b50fe033c47bf86101b677565ebf1 70531c47f5fd4c7d945a6ab385b39429 - - default default] 199.19.213.199 "GET /v2.0/extensions/qos HTTP/1.1" status: 200 len: 365 time: 0.0044608
2026-05-12 12:44:54.405 9 INFO neutron.wsgi [None req-e5b3b1d0-2d1a-40f6-8480-4097e1d3b5ea 813b50fe033c47bf86101b677565ebf1 70531c47f5fd4c7d945a6ab385b39429 - - default default] 199.19.213.199 "GET /v2.0/extensions/allowed-address-pairs HTTP/1.1" status: 200 len: 383 time: 0.0049729
2026-05-12 12:44:54.444 9 INFO neutron.wsgi [None req-21cb4b1d-8f64-42d8-b229-cc260b1c7574 813b50fe033c47bf86101b677565ebf1 70531c47f5fd4c7d945a6ab385b39429 - - default default] 199.19.213.199 "GET /v2.0/subnets/cc29ac56-6545-44cd-90fe-c551c1a5a23b HTTP/1.1" status: 200 len: 850 time: 0.0328712
2026-05-12 12:44:54.488 9 INFO neutron.wsgi [None req-0d210b22-153f-46da-a8be-c8f2e034b8bc 813b50fe033c47bf86101b677565ebf1 70531c47f5fd4c7d945a6ab385b39429 - - default default] 199.19.213.199 "GET /v2.0/ports?device_id=d7900e7f-17bb-410f-9f85-23d0093f4035 HTTP/1.1" status: 200 len: 2727 time: 0.0372617
2026-05-12 12:44:54.532 9 INFO neutron.wsgi [None req-04131ed5-4c4d-4cc4-851e-1c79d2acdf46 813b50fe033c47bf86101b677565ebf1 70531c47f5fd4c7d945a6ab385b39429 - - default default] 199.19.213.199 "GET /v2.0/ports?device_id=d7900e7f-17bb-410f-9f85-23d0093f4035 HTTP/1.1" status: 200 len: 2727 time: 0.0375745
2026-05-12 12:44:54.646 9 INFO neutron.wsgi [None req-6754b84f-f364-45dd-90a3-f85c29709d6e 813b50fe033c47bf86101b677565ebf1 70531c47f5fd4c7d945a6ab385b39429 - - default default] 199.19.213.199 "GET /v2.0/ports?device_id=d7900e7f-17bb-410f-9f85-23d0093f4035 HTTP/1.1" status: 200 len: 2727 time: 0.0379419
2026-05-12 12:44:54.921 9 INFO neutron.plugins.ml2.drivers.ovn.mech_driver.mech_driver [None req-3a078323-2504-463b-b6cc-c0b14309ece2 - - - - - -] OVN reports status down for port: d6e67d50-d315-4296-8fc0-537605745870
2026-05-12 12:44:54.994 9 INFO neutron.wsgi [req-87935fd9-9677-4e9e-bc89-867b4e771941 req-fe4af288-3c2b-4553-92eb-88df8a2ec2b2 051d982b2dd0416cbefc82d35d2a24d3 d3635270c66c47abbc4db15347eb055c - - 7919d296f07d4a20bccfb82a8f4b3ec3 7919d296f07d4a20bccfb82a8f4b3ec3] 199.19.213.199 "GET /v2.0/ports/d6e67d50-d315-4296-8fc0-537605745870 HTTP/1.1" status: 200 len: 1518 time: 0.0585914
2026-05-12 12:44:55.056 9 INFO neutron.wsgi [req-87935fd9-9677-4e9e-bc89-867b4e771941 req-b30f7a48-7483-4380-823f-4d159e66c4ad 813b50fe033c47bf86101b677565ebf1 70531c47f5fd4c7d945a6ab385b39429 - - default default] 199.19.213.199 "GET /v2.0/ports/d6e67d50-d315-4296-8fc0-537605745870?fields=binding%3Aprofile&fields=network_id HTTP/1.1" status: 200 len: 281 time: 0.0529799
2026-05-12 12:44:55.125 9 INFO neutron.db.ovn_revision_numbers_db [None req-46d385c5-4013-439a-afe0-3f08d8e9e957 - - - - - -] Successfully bumped revision number for resource eee47d3d-50b3-4025-a3ab-02ddcb7d35ac (type: ports) to 6
2026-05-12 12:44:55.141 9 INFO neutron.wsgi [req-87935fd9-9677-4e9e-bc89-867b4e771941 req-fb86df06-9b3b-465a-8798-9e88e26edf00 813b50fe033c47bf86101b677565ebf1 70531c47f5fd4c7d945a6ab385b39429 - - default default] 199.19.213.199 "GET /v2.0/networks/b8ea1c27-a428-4b3f-abbb-1ab6437b3af6?fields=dns_domain HTTP/1.1" status: 200 len: 227 time: 0.0801978
2026-05-12 12:44:55.152 9 INFO neutron.notifiers.nova [-] Nova event matching ['req-b1023929-a8e0-4de2-97fc-a4cae8fd767d'] response: {'server_uuid': 'd7900e7f-17bb-410f-9f85-23d0093f4035', 'name': 'network-vif-unplugged', 'status': 'completed', 'tag': 'd6e67d50-d315-4296-8fc0-537605745870', 'code': 200}
2026-05-12 12:44:55.594 9 INFO neutron.db.ovn_revision_numbers_db [None req-3a078323-2504-463b-b6cc-c0b14309ece2 - - - - - -] Successfully bumped revision number for resource d6e67d50-d315-4296-8fc0-537605745870 (type: ports) to 7
2026-05-12 12:44:55.637 9 INFO neutron.plugins.ml2.drivers.ovn.mech_driver.mech_driver [None req-3a078323-2504-463b-b6cc-c0b14309ece2 - - - - - -] OVN reports status down for port: eee47d3d-50b3-4025-a3ab-02ddcb7d35ac
2026-05-12 12:44:55.701 9 INFO neutron.wsgi [None req-aabd982f-8047-494d-be33-7ba9cd33b7b7 813b50fe033c47bf86101b677565ebf1 70531c47f5fd4c7d945a6ab385b39429 - - default default] 199.19.213.199 "GET /v2.0/ports?device_id=d7900e7f-17bb-410f-9f85-23d0093f4035 HTTP/1.1" status: 200 len: 1417 time: 0.0454383 /var/lib/openstack/lib/python3.10/site-packages/pycadf/identifier.py:71: UserWarning: Invalid uuid: neutron. To ensure interoperability, identifiers should be a valid uuid. warnings.warn(('Invalid uuid: %s. To ensure interoperability, '
2026-05-12 12:44:55.937 9 INFO neutron.db.ovn_revision_numbers_db [req-87935fd9-9677-4e9e-bc89-867b4e771941 req-c67b2cb5-097a-4922-a745-4a69c403b19a 051d982b2dd0416cbefc82d35d2a24d3 d3635270c66c47abbc4db15347eb055c - - 7919d296f07d4a20bccfb82a8f4b3ec3 7919d296f07d4a20bccfb82a8f4b3ec3] Successfully bumped revision number for resource d6e67d50-d315-4296-8fc0-537605745870 (type: ports) to 8
2026-05-12 12:44:55.955 9 INFO neutron.wsgi [req-87935fd9-9677-4e9e-bc89-867b4e771941 req-c67b2cb5-097a-4922-a745-4a69c403b19a 051d982b2dd0416cbefc82d35d2a24d3 d3635270c66c47abbc4db15347eb055c - - 7919d296f07d4a20bccfb82a8f4b3ec3 7919d296f07d4a20bccfb82a8f4b3ec3] 199.19.213.199 "PUT /v2.0/ports/d6e67d50-d315-4296-8fc0-537605745870 HTTP/1.1" status: 200 len: 1350 time: 0.8063509 /var/lib/openstack/lib/python3.10/site-packages/pycadf/identifier.py:71: UserWarning: Invalid uuid: neutron. To ensure interoperability, identifiers should be a valid uuid. warnings.warn(('Invalid uuid: %s. To ensure interoperability, '
2026-05-12 12:44:56.056 9 INFO neutron.wsgi [req-87935fd9-9677-4e9e-bc89-867b4e771941 req-fd4d38f7-8b3b-43eb-b3d6-e92f09c7afae 051d982b2dd0416cbefc82d35d2a24d3 d3635270c66c47abbc4db15347eb055c - - 7919d296f07d4a20bccfb82a8f4b3ec3 7919d296f07d4a20bccfb82a8f4b3ec3] 199.19.213.199 "GET /v2.0/ports?tenant_id=70531c47f5fd4c7d945a6ab385b39429&device_id=d7900e7f-17bb-410f-9f85-23d0093f4035 HTTP/1.1" status: 200 len: 1417 time: 0.0367661
2026-05-12 12:44:56.159 9 INFO neutron.wsgi [req-87935fd9-9677-4e9e-bc89-867b4e771941 req-88e49860-a9d1-4559-a1bc-a47c81fec9c7 051d982b2dd0416cbefc82d35d2a24d3 d3635270c66c47abbc4db15347eb055c - - 7919d296f07d4a20bccfb82a8f4b3ec3 7919d296f07d4a20bccfb82a8f4b3ec3] 199.19.213.199 "GET /v2.0/networks?id=cc3730e1-0d5d-4dce-b61c-0262c53d180b&id=b8ea1c27-a428-4b3f-abbb-1ab6437b3af6 HTTP/1.1" status: 200 len: 1730 time: 0.0889902
2026-05-12 12:44:56.201 9 INFO neutron.wsgi [req-87935fd9-9677-4e9e-bc89-867b4e771941 req-bc91b24e-c7bb-4dd6-8aba-56833fcb165a 051d982b2dd0416cbefc82d35d2a24d3 d3635270c66c47abbc4db15347eb055c - - 7919d296f07d4a20bccfb82a8f4b3ec3 7919d296f07d4a20bccfb82a8f4b3ec3] 199.19.213.199 "GET /v2.0/floatingips?fixed_ip_address=172.24.2.131&port_id=5b44e87c-d5aa-46ae-9a6d-d7831702df60 HTTP/1.1" status: 200 len: 217 time: 0.0338502
2026-05-12 12:44:56.234 9 INFO neutron.db.ovn_revision_numbers_db [None req-7617ac6c-f6fb-49d6-b506-b75446807bd3 813b50fe033c47bf86101b677565ebf1 70531c47f5fd4c7d945a6ab385b39429 - - default default] Successfully bumped revision number for resource d6e67d50-d315-4296-8fc0-537605745870 (type: ports) to 9
2026-05-12 12:44:56.248 9 INFO neutron.wsgi [req-87935fd9-9677-4e9e-bc89-867b4e771941 req-a0d754b7-e65f-4837-a2ed-9b00ef6bffa3 051d982b2dd0416cbefc82d35d2a24d3 d3635270c66c47abbc4db15347eb055c - - 7919d296f07d4a20bccfb82a8f4b3ec3 7919d296f07d4a20bccfb82a8f4b3ec3] 199.19.213.199 "GET /v2.0/subnets?id=399c53e1-6208-4943-95f0-12fc60a51e23 HTTP/1.1" status: 200 len: 829 time: 0.0394347
2026-05-12 12:44:56.266 9 INFO neutron.wsgi [None req-7617ac6c-f6fb-49d6-b506-b75446807bd3 813b50fe033c47bf86101b677565ebf1 70531c47f5fd4c7d945a6ab385b39429 - - default default] 199.19.213.199 "PUT /v2.0/ports/d6e67d50-d315-4296-8fc0-537605745870 HTTP/1.1" status: 200 len: 1290 time: 0.5549428
2026-05-12 12:44:56.278 9 INFO neutron.wsgi [req-87935fd9-9677-4e9e-bc89-867b4e771941 req-df534366-66fa-4d43-a895-04380c0ebeeb 051d982b2dd0416cbefc82d35d2a24d3 d3635270c66c47abbc4db15347eb055c - - 7919d296f07d4a20bccfb82a8f4b3ec3 7919d296f07d4a20bccfb82a8f4b3ec3] 199.19.213.199 "GET /v2.0/ports?network_id=cc3730e1-0d5d-4dce-b61c-0262c53d180b&device_owner=network%3Adhcp HTTP/1.1" status: 200 len: 210 time: 0.0229187
2026-05-12 12:44:56.317 9 INFO neutron.wsgi [None req-24b6d30f-5854-4cf0-b7de-a9b647dfb15f 813b50fe033c47bf86101b677565ebf1 70531c47f5fd4c7d945a6ab385b39429 - - default default] 199.19.213.199 "GET /v2.0/ports/d6e67d50-d315-4296-8fc0-537605745870 HTTP/1.1" status: 200 len: 1290 time: 0.0454628
2026-05-12 12:44:56.377 9 INFO neutron.db.ovn_revision_numbers_db [None req-46d385c5-4013-439a-afe0-3f08d8e9e957 - - - - - -] Successfully bumped revision number for resource eee47d3d-50b3-4025-a3ab-02ddcb7d35ac (type: ports) to 8
2026-05-12 12:44:56.380 9 INFO neutron.wsgi [req-87935fd9-9677-4e9e-bc89-867b4e771941 req-cef8559b-a2e2-4eb0-90cc-acc9ac43ee53 051d982b2dd0416cbefc82d35d2a24d3 d3635270c66c47abbc4db15347eb055c - - 7919d296f07d4a20bccfb82a8f4b3ec3 7919d296f07d4a20bccfb82a8f4b3ec3] 199.19.213.199 "GET /v2.0/networks/cc3730e1-0d5d-4dce-b61c-0262c53d180b?fields=segments HTTP/1.1" status: 200 len: 212 time: 0.0889685
2026-05-12 12:44:56.457 9 INFO neutron.wsgi [req-87935fd9-9677-4e9e-bc89-867b4e771941 req-f73a0086-a39c-4612-91e5-19341637dcde 051d982b2dd0416cbefc82d35d2a24d3 d3635270c66c47abbc4db15347eb055c - - 7919d296f07d4a20bccfb82a8f4b3ec3 7919d296f07d4a20bccfb82a8f4b3ec3] 199.19.213.199 "GET /v2.0/networks/cc3730e1-0d5d-4dce-b61c-0262c53d180b?fields=provider%3Aphysical_network&fields=provider%3Anetwork_type HTTP/1.1" status: 200 len: 277 time: 0.0688658
2026-05-12 12:44:56.623 9 INFO neutron.wsgi [None req-d93c43f5-8d72-4e5b-9f53-6b9c1137b490 813b50fe033c47bf86101b677565ebf1 70531c47f5fd4c7d945a6ab385b39429 - - default default] 199.19.213.199 "DELETE /v2.0/ports/d6e67d50-d315-4296-8fc0-537605745870 HTTP/1.1" status: 204 len: 173 time: 0.2958021
2026-05-12 12:44:56.665 9 INFO neutron.wsgi [None req-f129fb75-4491-4a1d-adbc-6d423a9a64d6 813b50fe033c47bf86101b677565ebf1 70531c47f5fd4c7d945a6ab385b39429 - - default default] 199.19.213.199 "GET /v2.0/extensions/security-group HTTP/1.1" status: 200 len: 369 time: 0.0070457
2026-05-12 12:44:56.673 9 INFO neutron.wsgi [None req-872fe732-5bdc-4ed2-881f-0672ed75817f 813b50fe033c47bf86101b677565ebf1 70531c47f5fd4c7d945a6ab385b39429 - - default default] 199.19.213.199 "GET /v2.0/extensions/dns-integration HTTP/1.1" status: 200 len: 371 time: 0.0040483
2026-05-12 12:44:56.680 9 INFO neutron.wsgi [None req-24ace492-f3ac-4a36-bd21-340c1608238a 813b50fe033c47bf86101b677565ebf1 70531c47f5fd4c7d945a6ab385b39429 - - default default] 199.19.213.199 "GET /v2.0/extensions/qos HTTP/1.1" status: 200 len: 365 time: 0.0037794
2026-05-12 12:44:56.694 9 INFO neutron.wsgi [None req-538b8d12-ff9f-4ba0-a7fc-c83e4b740282 813b50fe033c47bf86101b677565ebf1 70531c47f5fd4c7d945a6ab385b39429 - - default default] 199.19.213.199 "GET /v2.0/extensions/allowed-address-pairs HTTP/1.1" status: 200 len: 383 time: 0.0083780
2026-05-12 12:44:56.717 9 INFO neutron.pecan_wsgi.hooks.translation [None req-ad6e23d3-5ca4-4232-977d-f4ed888bef77 813b50fe033c47bf86101b677565ebf1 70531c47f5fd4c7d945a6ab385b39429 - - default default] DELETE failed (client error): The resource could not be found.
2026-05-12 12:44:56.719 9 INFO neutron.wsgi [None req-ad6e23d3-5ca4-4232-977d-f4ed888bef77 813b50fe033c47bf86101b677565ebf1 70531c47f5fd4c7d945a6ab385b39429 - - default default] 199.19.213.199 "DELETE /v2.0/ports/d6e67d50-d315-4296-8fc0-537605745870 HTTP/1.1" status: 404 len: 338 time: 0.0172212
2026-05-12 12:44:56.757 9 INFO neutron.wsgi [None req-e685d46c-8119-4f53-b367-d490516591c0 813b50fe033c47bf86101b677565ebf1 70531c47f5fd4c7d945a6ab385b39429 - - default default] 199.19.213.199 "GET /v2.0/ports/eee47d3d-50b3-4025-a3ab-02ddcb7d35ac HTTP/1.1" status: 200 len: 1328 time: 0.0313375
2026-05-12 12:44:56.795 9 INFO neutron.wsgi [None req-f0a7cd69-4d94-4082-9815-9b3ecfab5221 813b50fe033c47bf86101b677565ebf1 70531c47f5fd4c7d945a6ab385b39429 - - default default] 199.19.213.199 "GET /v2.0/security-groups?name=lb-847dc6c6-22f8-42ea-a095-0c9d65f5ca62 HTTP/1.1" status: 200 len: 1777 time: 0.0317276
2026-05-12 12:44:56.832 9 INFO neutron.wsgi [None req-080bf884-5a08-4992-b979-adf1ef59505f 813b50fe033c47bf86101b677565ebf1 70531c47f5fd4c7d945a6ab385b39429 - - default default] 199.19.213.199 "GET /v2.0/ports/eee47d3d-50b3-4025-a3ab-02ddcb7d35ac HTTP/1.1" status: 200 len: 1328 time: 0.0311034
2026-05-12 12:44:57.181 9 INFO neutron.db.ovn_revision_numbers_db [None req-ea435d40-ba2c-41d6-8e18-208744176bf1 813b50fe033c47bf86101b677565ebf1 70531c47f5fd4c7d945a6ab385b39429 - - default default] Successfully bumped revision number for resource eee47d3d-50b3-4025-a3ab-02ddcb7d35ac (type: ports) to 9
2026-05-12 12:44:57.193 9 INFO neutron.wsgi [None req-ea435d40-ba2c-41d6-8e18-208744176bf1 813b50fe033c47bf86101b677565ebf1 70531c47f5fd4c7d945a6ab385b39429 - - default default] 199.19.213.199 "PUT /v2.0/ports/eee47d3d-50b3-4025-a3ab-02ddcb7d35ac HTTP/1.1" status: 200 len: 1290 time: 0.3542101
2026-05-12 12:44:57.201 9 INFO neutron.notifiers.nova [-] Nova event matching ['req-fba9d5fe-d509-4eca-8024-4b763b874cfb'] response: {'server_uuid': 'd7900e7f-17bb-410f-9f85-23d0093f4035', 'name': 'network-vif-plugged', 'status': 'completed', 'tag': 'd6e67d50-d315-4296-8fc0-537605745870', 'code': 200}
2026-05-12 12:44:57.303 9 INFO neutron.wsgi [None req-11abbf72-2536-4db7-8476-97023490a42b 813b50fe033c47bf86101b677565ebf1 70531c47f5fd4c7d945a6ab385b39429 - - default default] 199.19.213.199 "DELETE /v2.0/security-groups/3c4dfbea-a728-45a7-b249-ec0ba5af492e HTTP/1.1" status: 204 len: 173 time: 0.1029673
2026-05-12 12:44:57.563 9 INFO neutron.wsgi [None req-ee27d622-7429-40b5-baea-8e50f53a9b55 813b50fe033c47bf86101b677565ebf1 70531c47f5fd4c7d945a6ab385b39429 - - default default] 199.19.213.199 "DELETE /v2.0/ports/eee47d3d-50b3-4025-a3ab-02ddcb7d35ac HTTP/1.1" status: 204 len: 173 time: 0.2533257
2026-05-12 12:44:57.826 9 INFO neutron.plugins.ml2.drivers.ovn.mech_driver.mech_driver [None req-3a078323-2504-463b-b6cc-c0b14309ece2 - - - - - -] OVN reports status down for port: 5b44e87c-d5aa-46ae-9a6d-d7831702df60
2026-05-12 12:44:58.088 9 INFO neutron.wsgi [req-8869f450-dd4f-47a7-8e89-02ec0ae6c69b req-34a50088-f5b5-4123-99c7-1d75cd064ec5 813b50fe033c47bf86101b677565ebf1 70531c47f5fd4c7d945a6ab385b39429 - - default default] 199.19.213.199 "GET /v2.0/ports?device_id=d7900e7f-17bb-410f-9f85-23d0093f4035 HTTP/1.1" status: 200 len: 1415 time: 0.0321617
2026-05-12 12:44:58.146 9 INFO neutron.db.ovn_revision_numbers_db [None req-3a078323-2504-463b-b6cc-c0b14309ece2 - - - - - -] Successfully bumped revision number for resource 5b44e87c-d5aa-46ae-9a6d-d7831702df60 (type: ports) to 5
2026-05-12 12:44:58.341 9 INFO neutron.wsgi [req-8869f450-dd4f-47a7-8e89-02ec0ae6c69b req-0cad580f-7296-4de5-8d76-4506536f5283 813b50fe033c47bf86101b677565ebf1 70531c47f5fd4c7d945a6ab385b39429 - - default default] 199.19.213.199 "DELETE /v2.0/ports/5b44e87c-d5aa-46ae-9a6d-d7831702df60 HTTP/1.1" status: 204 len: 173 time: 0.2457318
2026-05-12 12:44:59.240 9 INFO neutron.notifiers.nova [-] Nova event matching ['req-c63ba920-faf0-4e39-a510-52c980242f86'] response: {'server_uuid': 'd7900e7f-17bb-410f-9f85-23d0093f4035', 'name': 'network-vif-unplugged', 'status': 'completed', 'tag': '5b44e87c-d5aa-46ae-9a6d-d7831702df60', 'code': 200}
2026-05-12 12:44:59.241 9 INFO neutron.notifiers.nova [-] Nova event matching ['req-c63ba920-faf0-4e39-a510-52c980242f86'] response: {'server_uuid': 'd7900e7f-17bb-410f-9f85-23d0093f4035', 'name': 'network-vif-plugged', 'status': 'completed', 'tag': '5b44e87c-d5aa-46ae-9a6d-d7831702df60', 'code': 200}
2026-05-12 12:44:59.241 9 INFO neutron.notifiers.nova [-] Nova event matching ['req-c63ba920-faf0-4e39-a510-52c980242f86'] response: {'server_uuid': 'd7900e7f-17bb-410f-9f85-23d0093f4035', 'name': 'network-vif-deleted', 'tag': '5b44e87c-d5aa-46ae-9a6d-d7831702df60', 'status': 'completed', 'code': 200}
2026-05-12 12:44:59.671 10 INFO neutron.db.l3_db [None req-2b50c063-058d-4c1d-b03a-4648120fdb5f 8c6f798429214dd0b3d8252fd96b2316 b3dc6fc2fe4a401591802c097fb4b69a - - default default] Floating IP be502064-b527-4d39-9156-a1aadb91ce0e disassociated (deleted). External IP: 10.96.250.206, port: c4b24be9-267f-45d7-aa41-564bea991f6f.
2026-05-12 12:44:59.708 10 INFO neutron.wsgi [None req-2b50c063-058d-4c1d-b03a-4648120fdb5f 8c6f798429214dd0b3d8252fd96b2316 b3dc6fc2fe4a401591802c097fb4b69a - - default default] 10.0.0.129 "DELETE /v2.0/floatingips/be502064-b527-4d39-9156-a1aadb91ce0e HTTP/1.1" status: 204 len: 168 time: 0.3723006 /var/lib/openstack/lib/python3.10/site-packages/pycadf/identifier.py:71: UserWarning: Invalid uuid: neutron. To ensure interoperability, identifiers should be a valid uuid. warnings.warn(('Invalid uuid: %s. To ensure interoperability, '
2026-05-12 12:44:59.739 9 INFO neutron.api.v2.resource [None req-cf4bd79a-2399-4178-85d3-705a5f1a67cc 8c6f798429214dd0b3d8252fd96b2316 b3dc6fc2fe4a401591802c097fb4b69a - - default default] show failed (client error): The resource could not be found.
2026-05-12 12:44:59.741 9 INFO neutron.wsgi [None req-cf4bd79a-2399-4178-85d3-705a5f1a67cc 8c6f798429214dd0b3d8252fd96b2316 b3dc6fc2fe4a401591802c097fb4b69a - - default default] 10.0.0.129 "GET /v2.0/floatingips/be502064-b527-4d39-9156-a1aadb91ce0e HTTP/1.1" status: 404 len: 345 time: 0.0270488
2026-05-12 12:44:59.746 10 INFO neutron.notifiers.nova [-] Nova event matching ['req-0be5df72-bf0b-4409-a527-9b8e16dfcee8'] response: {'name': 'network-changed', 'server_uuid': '955ec9e0-4342-470a-aa5c-5a2b7952581e', 'tag': 'c4b24be9-267f-45d7-aa41-564bea991f6f', 'status': 'completed', 'code': 200}
2026-05-12 12:44:59.805 9 INFO neutron.wsgi [req-d64b5ef9-f2a9-46ec-8d79-3fe8156fbd4e req-17b2076a-eac3-4c42-9308-bc3cca5ae97e 051d982b2dd0416cbefc82d35d2a24d3 d3635270c66c47abbc4db15347eb055c - - 7919d296f07d4a20bccfb82a8f4b3ec3 7919d296f07d4a20bccfb82a8f4b3ec3] 199.19.213.199 "GET /v2.0/ports?tenant_id=b3dc6fc2fe4a401591802c097fb4b69a&device_id=955ec9e0-4342-470a-aa5c-5a2b7952581e HTTP/1.1" status: 200 len: 1638 time: 0.0441124
2026-05-12 12:44:59.880 9 INFO neutron.wsgi [req-d64b5ef9-f2a9-46ec-8d79-3fe8156fbd4e req-7693bb29-f7aa-4b29-8879-4ac716f9f521 051d982b2dd0416cbefc82d35d2a24d3 d3635270c66c47abbc4db15347eb055c - - 7919d296f07d4a20bccfb82a8f4b3ec3 7919d296f07d4a20bccfb82a8f4b3ec3] 199.19.213.199 "GET /v2.0/networks?id=5131668c-b7c0-45c7-ab7c-eaa4cd9061ab HTTP/1.1" status: 200 len: 1002 time: 0.0676506
2026-05-12 12:44:59.912 9 INFO neutron.wsgi [req-d64b5ef9-f2a9-46ec-8d79-3fe8156fbd4e req-4324891c-4a7b-4377-8551-793d4109ad8d 051d982b2dd0416cbefc82d35d2a24d3 d3635270c66c47abbc4db15347eb055c - - 7919d296f07d4a20bccfb82a8f4b3ec3 7919d296f07d4a20bccfb82a8f4b3ec3] 199.19.213.199 "GET /v2.0/floatingips?fixed_ip_address=10.2.2.190&port_id=c4b24be9-267f-45d7-aa41-564bea991f6f HTTP/1.1" status: 200 len: 217 time: 0.0265899
2026-05-12 12:44:59.941 9 INFO neutron.plugins.ml2.drivers.ovn.mech_driver.mech_driver [None req-3a078323-2504-463b-b6cc-c0b14309ece2 - - - - - -] OVN reports status down for port: c4b24be9-267f-45d7-aa41-564bea991f6f
2026-05-12 12:44:59.944 9 INFO neutron.wsgi [req-d64b5ef9-f2a9-46ec-8d79-3fe8156fbd4e req-082e3250-4f76-45a6-ad84-d221dafd6b9f 051d982b2dd0416cbefc82d35d2a24d3 d3635270c66c47abbc4db15347eb055c - - 7919d296f07d4a20bccfb82a8f4b3ec3 7919d296f07d4a20bccfb82a8f4b3ec3] 199.19.213.199 "GET /v2.0/floatingips?fixed_ip_address=fd77%3A1457%3A4cf0%3A26a8%3A%3A77&port_id=c4b24be9-267f-45d7-aa41-564bea991f6f HTTP/1.1" status: 200 len: 217 time: 0.0265112
2026-05-12 12:44:59.985 9 INFO neutron.wsgi [req-d64b5ef9-f2a9-46ec-8d79-3fe8156fbd4e req-b3af5b18-0b2e-458f-92c4-b7002b058453 051d982b2dd0416cbefc82d35d2a24d3 d3635270c66c47abbc4db15347eb055c - - 7919d296f07d4a20bccfb82a8f4b3ec3 7919d296f07d4a20bccfb82a8f4b3ec3] 199.19.213.199 "GET /v2.0/subnets?id=27943fcb-e09b-4a3f-929d-0fdfecdc6abe&id=80e21433-7e09-4258-bf36-70cc69220de7 HTTP/1.1" status: 200 len: 1566 time: 0.0331419
2026-05-12 12:44:59.988 10 INFO neutron.wsgi [req-1933c491-6154-4c25-a806-0a9c9db56c97 req-2965c066-7797-44ef-9a61-337bc65dcdd4 8c6f798429214dd0b3d8252fd96b2316 b3dc6fc2fe4a401591802c097fb4b69a - - default default] 10.0.0.52 "GET /v2.0/ports?device_id=955ec9e0-4342-470a-aa5c-5a2b7952581e HTTP/1.1" status: 200 len: 1400 time: 0.1053226
2026-05-12 12:45:00.020 9 INFO neutron.wsgi [req-d64b5ef9-f2a9-46ec-8d79-3fe8156fbd4e req-8300a3c0-b55a-4ca3-a8f4-510e7853b053 051d982b2dd0416cbefc82d35d2a24d3 d3635270c66c47abbc4db15347eb055c - - 7919d296f07d4a20bccfb82a8f4b3ec3 7919d296f07d4a20bccfb82a8f4b3ec3] 199.19.213.199 "GET /v2.0/ports?network_id=5131668c-b7c0-45c7-ab7c-eaa4cd9061ab&device_owner=network%3Adhcp HTTP/1.1" status: 200 len: 210 time: 0.0210969
2026-05-12 12:45:00.057 10 INFO neutron.wsgi [req-1933c491-6154-4c25-a806-0a9c9db56c97 req-170b13e5-e4fb-46a0-9ab7-12bf7df43ff7 8c6f798429214dd0b3d8252fd96b2316 b3dc6fc2fe4a401591802c097fb4b69a - - default default] 10.0.0.52 "GET /v2.0/security-groups?id=022ce44b-992c-4452-903f-76ab033f2a34&fields=id&fields=name HTTP/1.1" status: 200 len: 311 time: 0.0607615
2026-05-12 12:45:00.058 9 INFO neutron.wsgi [req-d64b5ef9-f2a9-46ec-8d79-3fe8156fbd4e req-5010a859-04a4-4221-b50a-c9d6d77ca81b 051d982b2dd0416cbefc82d35d2a24d3 d3635270c66c47abbc4db15347eb055c - - 7919d296f07d4a20bccfb82a8f4b3ec3 7919d296f07d4a20bccfb82a8f4b3ec3] 199.19.213.199 "GET /v2.0/ports?network_id=5131668c-b7c0-45c7-ab7c-eaa4cd9061ab&device_owner=network%3Adhcp HTTP/1.1" status: 200 len: 210 time: 0.0310516
2026-05-12 12:45:00.133 9 INFO neutron.wsgi [req-d64b5ef9-f2a9-46ec-8d79-3fe8156fbd4e req-4673eea4-6d82-45c3-a28e-7e4720595789 051d982b2dd0416cbefc82d35d2a24d3 d3635270c66c47abbc4db15347eb055c - - 7919d296f07d4a20bccfb82a8f4b3ec3 7919d296f07d4a20bccfb82a8f4b3ec3] 199.19.213.199 "GET /v2.0/networks/5131668c-b7c0-45c7-ab7c-eaa4cd9061ab?fields=segments HTTP/1.1" status: 200 len: 212 time: 0.0702190
2026-05-12 12:45:00.213 9 INFO neutron.wsgi [req-d64b5ef9-f2a9-46ec-8d79-3fe8156fbd4e req-fab06a23-f5ce-4c9d-a88b-bc2f9305442d 051d982b2dd0416cbefc82d35d2a24d3 d3635270c66c47abbc4db15347eb055c - - 7919d296f07d4a20bccfb82a8f4b3ec3 7919d296f07d4a20bccfb82a8f4b3ec3] 199.19.213.199 "GET /v2.0/networks/5131668c-b7c0-45c7-ab7c-eaa4cd9061ab?fields=provider%3Aphysical_network&fields=provider%3Anetwork_type HTTP/1.1" status: 200 len: 277 time: 0.0705414
2026-05-12 12:45:00.243 10 INFO neutron.wsgi [req-20b2fe4d-f51b-4cec-85ce-4f3d9245a496 req-30638668-66a0-4ca4-8b8e-9863d1294188 8c6f798429214dd0b3d8252fd96b2316 b3dc6fc2fe4a401591802c097fb4b69a - - default default] 199.19.213.199 "GET /v2.0/ports?device_id=955ec9e0-4342-470a-aa5c-5a2b7952581e HTTP/1.1" status: 200 len: 1398 time: 0.0423944
2026-05-12 12:45:00.276 9 INFO neutron.db.ovn_revision_numbers_db [None req-3a078323-2504-463b-b6cc-c0b14309ece2 - - - - - -] Successfully bumped revision number for resource c4b24be9-267f-45d7-aa41-564bea991f6f (type: ports) to 5
2026-05-12 12:45:00.581 10 INFO neutron.wsgi [req-20b2fe4d-f51b-4cec-85ce-4f3d9245a496 req-3322d74c-be10-4e28-abc3-a4e90fbc0142 8c6f798429214dd0b3d8252fd96b2316 b3dc6fc2fe4a401591802c097fb4b69a - - default default] 199.19.213.199 "DELETE /v2.0/ports/c4b24be9-267f-45d7-aa41-564bea991f6f HTTP/1.1" status: 204 len: 173 time: 0.3326092
2026-05-12 12:45:01.292 9 INFO neutron.notifiers.nova [-] Nova event matching ['req-89465d31-079e-4aab-a6d5-d2402b3a2b25'] response: {'server_uuid': '955ec9e0-4342-470a-aa5c-5a2b7952581e', 'name': 'network-vif-unplugged', 'status': 'completed', 'tag': 'c4b24be9-267f-45d7-aa41-564bea991f6f', 'code': 200}
2026-05-12 12:45:01.292 9 INFO neutron.notifiers.nova [-] Nova event matching ['req-89465d31-079e-4aab-a6d5-d2402b3a2b25'] response: {'server_uuid': '955ec9e0-4342-470a-aa5c-5a2b7952581e', 'name': 'network-vif-plugged', 'status': 'completed', 'tag': 'c4b24be9-267f-45d7-aa41-564bea991f6f', 'code': 200}
2026-05-12 12:45:01.785 10 INFO neutron.notifiers.nova [-] Nova event matching ['req-30e1de89-689e-4a1c-bcd4-e96a11b1aa2b'] response: {'server_uuid': '955ec9e0-4342-470a-aa5c-5a2b7952581e', 'name': 'network-vif-deleted', 'tag': 'c4b24be9-267f-45d7-aa41-564bea991f6f', 'status': 'completed', 'code': 200} /var/lib/openstack/lib/python3.10/site-packages/pycadf/identifier.py:71: UserWarning: Invalid uuid: neutron. To ensure interoperability, identifiers should be a valid uuid. warnings.warn(('Invalid uuid: %s. To ensure interoperability, '
2026-05-12 12:45:02.793 9 INFO neutron.wsgi [None req-dca85862-9f54-4664-b398-1cd074367f9d 813b50fe033c47bf86101b677565ebf1 70531c47f5fd4c7d945a6ab385b39429 - - default default] 10.0.0.216 "GET /v2.0/networks HTTP/1.1" status: 200 len: 4719 time: 0.1185238
2026-05-12 12:45:02.842 9 INFO neutron.wsgi [None req-6a4bfe78-fdd7-4b7c-b1e6-9d0ab3b14f6d 813b50fe033c47bf86101b677565ebf1 70531c47f5fd4c7d945a6ab385b39429 - - default default] 10.0.0.216 "GET /v2.0/subnets HTTP/1.1" status: 200 len: 5496 time: 0.0422752
2026-05-12 12:45:02.855 9 INFO neutron.wsgi [None req-e7f385da-b8df-4338-9981-27951d44d305 813b50fe033c47bf86101b677565ebf1 70531c47f5fd4c7d945a6ab385b39429 - - default default] 10.0.0.216 "GET /v2.0/agents HTTP/1.1" status: 200 len: 997 time: 0.0121214
2026-05-12 12:45:02.899 9 INFO neutron.wsgi [None req-ad7f0e66-b878-40e8-a4e0-2c10d3a2bf38 813b50fe033c47bf86101b677565ebf1 70531c47f5fd4c7d945a6ab385b39429 - - default default] 10.0.0.216 "GET /v2.0/floatingips HTTP/1.1" status: 200 len: 1035 time: 0.0414479
2026-05-12 12:45:02.964 9 INFO neutron.wsgi [None req-ab2fbcbe-7a58-42b9-860c-a2799e7224c1 813b50fe033c47bf86101b677565ebf1 70531c47f5fd4c7d945a6ab385b39429 - - default default] 10.0.0.216 "GET /v2.0/security-groups HTTP/1.1" status: 200 len: 27532 time: 0.0637929
2026-05-12 12:45:02.985 9 INFO neutron.wsgi [None req-455cbe1d-aaab-4507-8179-2d8230b3f19d 813b50fe033c47bf86101b677565ebf1 70531c47f5fd4c7d945a6ab385b39429 - - default default] 10.0.0.216 "GET /v2.0/network-ip-availabilities HTTP/1.1" status: 200 len: 3362 time: 0.0130644
2026-05-12 12:45:03.025 9 INFO neutron.wsgi [None req-c089277c-d00b-46c3-abfb-1e8f69c600a6 813b50fe033c47bf86101b677565ebf1 70531c47f5fd4c7d945a6ab385b39429 - - default default] 10.0.0.216 "GET /v2.0/subnets HTTP/1.1" status: 200 len: 5496 time: 0.0375509
2026-05-12 12:45:03.038 9 INFO neutron.wsgi [None req-5222f364-f610-4d5c-a15a-b33a3855e33c 813b50fe033c47bf86101b677565ebf1 70531c47f5fd4c7d945a6ab385b39429 - - default default] 10.0.0.216 "GET /v2.0/subnetpools HTTP/1.1" status: 200 len: 193 time: 0.0111883
2026-05-12 12:45:03.081 9 INFO neutron.wsgi [None req-dec8fb2f-f2b3-48fe-b22f-2a3c7238ba71 813b50fe033c47bf86101b677565ebf1 70531c47f5fd4c7d945a6ab385b39429 - - default default] 10.0.0.216 "GET /v2.0/ports HTTP/1.1" status: 200 len: 15162 time: 0.0416794
2026-05-12 12:45:03.169 9 INFO neutron.wsgi [None req-9d6d5645-0568-4669-8c0d-69b87435d3d4 813b50fe033c47bf86101b677565ebf1 70531c47f5fd4c7d945a6ab385b39429 - - default default] 10.0.0.216 "GET /v2.0/routers HTTP/1.1" status: 200 len: 849 time: 0.0754650
2026-05-12 12:45:03.179 9 INFO neutron.wsgi [None req-d4e4b9af-66db-4d49-9184-56e3343db980 813b50fe033c47bf86101b677565ebf1 70531c47f5fd4c7d945a6ab385b39429 - - default default] 10.0.0.216 "GET /v2.0/agents?binary=ovn-controller HTTP/1.1" status: 200 len: 591 time: 0.0095682
2026-05-12 12:45:05.700 9 INFO neutron.db.l3_db [None req-b755aac6-a9dd-4ecb-bb69-f01eb9f25a92 8c6f798429214dd0b3d8252fd96b2316 b3dc6fc2fe4a401591802c097fb4b69a - - default default] Floating IP 251477d7-38d1-4a22-aed8-d06ba7759709 disassociated (deleted). External IP: 10.96.250.207, port: 7de1f653-da84-4821-ab19-65353f3eb143.
2026-05-12 12:45:05.736 9 INFO neutron.wsgi [None req-b755aac6-a9dd-4ecb-bb69-f01eb9f25a92 8c6f798429214dd0b3d8252fd96b2316 b3dc6fc2fe4a401591802c097fb4b69a - - default default] 10.0.0.129 "DELETE /v2.0/floatingips/251477d7-38d1-4a22-aed8-d06ba7759709 HTTP/1.1" status: 204 len: 168 time: 0.6152391 /var/lib/openstack/lib/python3.10/site-packages/pycadf/identifier.py:71: UserWarning: Invalid uuid: neutron. To ensure interoperability, identifiers should be a valid uuid. warnings.warn(('Invalid uuid: %s. To ensure interoperability, '
2026-05-12 12:45:05.768 9 INFO neutron.notifiers.nova [-] Nova event matching ['req-7ce75fe6-af89-462e-b62f-af970d5f7260'] response: {'name': 'network-changed', 'server_uuid': 'cfe3eefe-dfd9-424c-b108-f1bd30490f48', 'tag': '7de1f653-da84-4821-ab19-65353f3eb143', 'status': 'completed', 'code': 200}
2026-05-12 12:45:05.773 10 INFO neutron.api.v2.resource [None req-72410334-1eb9-4a47-b6af-3de2e2a47281 8c6f798429214dd0b3d8252fd96b2316 b3dc6fc2fe4a401591802c097fb4b69a - - default default] show failed (client error): The resource could not be found.
2026-05-12 12:45:05.774 10 INFO neutron.wsgi [None req-72410334-1eb9-4a47-b6af-3de2e2a47281 8c6f798429214dd0b3d8252fd96b2316 b3dc6fc2fe4a401591802c097fb4b69a - - default default] 10.0.0.129 "GET /v2.0/floatingips/251477d7-38d1-4a22-aed8-d06ba7759709 HTTP/1.1" status: 404 len: 345 time: 0.0318019
2026-05-12 12:45:05.853 10 INFO neutron.wsgi [req-be27dd97-e883-484d-8041-6e8e0d2355a1 req-f7452634-69e4-4fef-81e2-fd2fb264f06e 051d982b2dd0416cbefc82d35d2a24d3 d3635270c66c47abbc4db15347eb055c - - 7919d296f07d4a20bccfb82a8f4b3ec3 7919d296f07d4a20bccfb82a8f4b3ec3] 199.19.213.199 "GET /v2.0/ports?tenant_id=b3dc6fc2fe4a401591802c097fb4b69a&device_id=cfe3eefe-dfd9-424c-b108-f1bd30490f48 HTTP/1.1" status: 200 len: 1638 time: 0.0531831
2026-05-12 12:45:05.935 10 INFO neutron.wsgi [req-be27dd97-e883-484d-8041-6e8e0d2355a1 req-6251cfec-db49-4f38-a7e4-d8d20126a8bc 051d982b2dd0416cbefc82d35d2a24d3 d3635270c66c47abbc4db15347eb055c - - 7919d296f07d4a20bccfb82a8f4b3ec3 7919d296f07d4a20bccfb82a8f4b3ec3] 199.19.213.199 "GET /v2.0/networks?id=adfffe60-4304-444c-8371-1fb3008cf267 HTTP/1.1" status: 200 len: 1001 time: 0.0757363
2026-05-12 12:45:05.993 10 INFO neutron.plugins.ml2.drivers.ovn.mech_driver.mech_driver [None req-1ba4cf68-df90-4fdb-acf9-b87a25295594 - - - - - -] OVN reports status down for port: 7de1f653-da84-4821-ab19-65353f3eb143
2026-05-12 12:45:05.999 10 INFO neutron.wsgi [req-be27dd97-e883-484d-8041-6e8e0d2355a1 req-47a38945-fb9d-425f-9809-4548f7463948 051d982b2dd0416cbefc82d35d2a24d3 d3635270c66c47abbc4db15347eb055c - - 7919d296f07d4a20bccfb82a8f4b3ec3 7919d296f07d4a20bccfb82a8f4b3ec3] 199.19.213.199 "GET /v2.0/floatingips?fixed_ip_address=10.2.1.189&port_id=7de1f653-da84-4821-ab19-65353f3eb143 HTTP/1.1" status: 200 len: 217 time: 0.0531912
2026-05-12 12:45:06.047 10 INFO neutron.wsgi [req-be27dd97-e883-484d-8041-6e8e0d2355a1 req-a795e815-1738-472a-b07f-4b6ffaf31105 051d982b2dd0416cbefc82d35d2a24d3 d3635270c66c47abbc4db15347eb055c - - 7919d296f07d4a20bccfb82a8f4b3ec3 7919d296f07d4a20bccfb82a8f4b3ec3] 199.19.213.199 "GET /v2.0/floatingips?fixed_ip_address=fd7b%3Af9f7%3Afff%3A4eca%3A%3A1bf&port_id=7de1f653-da84-4821-ab19-65353f3eb143 HTTP/1.1" status: 200 len: 217 time: 0.0387270
2026-05-12 12:45:06.098 10 INFO neutron.wsgi [req-170edeef-25b6-4578-aa6e-a32633bdb4da req-54e99db0-7780-49c7-87fd-24f36d3fbbc4 8c6f798429214dd0b3d8252fd96b2316 b3dc6fc2fe4a401591802c097fb4b69a - - default default] 10.0.0.52 "GET /v2.0/ports?device_id=cfe3eefe-dfd9-424c-b108-f1bd30490f48 HTTP/1.1" status: 200 len: 1400 time: 0.1745539
2026-05-12 12:45:06.130 10 INFO neutron.wsgi [req-be27dd97-e883-484d-8041-6e8e0d2355a1 req-b3ab3b08-c3a8-41d7-915a-d78d318d5db4 051d982b2dd0416cbefc82d35d2a24d3 d3635270c66c47abbc4db15347eb055c - - 7919d296f07d4a20bccfb82a8f4b3ec3 7919d296f07d4a20bccfb82a8f4b3ec3] 199.19.213.199 "GET /v2.0/subnets?id=6758dc05-43cd-48ee-aa2d-3f0331f8dc6a&id=9e6d09f4-1298-4a43-aaa9-2dd1b34997ca HTTP/1.1" status: 200 len: 1562 time: 0.0768526
2026-05-12 12:45:06.170 10 INFO neutron.wsgi [req-be27dd97-e883-484d-8041-6e8e0d2355a1 req-b60c528e-3975-4ebe-9b47-efb85ff386b3 051d982b2dd0416cbefc82d35d2a24d3 d3635270c66c47abbc4db15347eb055c - - 7919d296f07d4a20bccfb82a8f4b3ec3 7919d296f07d4a20bccfb82a8f4b3ec3] 199.19.213.199 "GET /v2.0/ports?network_id=adfffe60-4304-444c-8371-1fb3008cf267&device_owner=network%3Adhcp HTTP/1.1" status: 200 len: 210 time: 0.0316362
2026-05-12 12:45:06.186 10 INFO neutron.wsgi [req-170edeef-25b6-4578-aa6e-a32633bdb4da req-36c9a479-135b-4c9b-ac98-380d485f9d73 8c6f798429214dd0b3d8252fd96b2316 b3dc6fc2fe4a401591802c097fb4b69a - - default default] 10.0.0.52 "GET /v2.0/security-groups?id=022ce44b-992c-4452-903f-76ab033f2a34&fields=id&fields=name HTTP/1.1" status: 200 len: 311 time: 0.0794749
2026-05-12 12:45:06.203 10 INFO neutron.wsgi [req-be27dd97-e883-484d-8041-6e8e0d2355a1 req-a77b5b89-2278-4d89-a436-d87d6ca05037 051d982b2dd0416cbefc82d35d2a24d3 d3635270c66c47abbc4db15347eb055c - - 7919d296f07d4a20bccfb82a8f4b3ec3 7919d296f07d4a20bccfb82a8f4b3ec3] 199.19.213.199 "GET /v2.0/ports?network_id=adfffe60-4304-444c-8371-1fb3008cf267&device_owner=network%3Adhcp HTTP/1.1" status: 200 len: 210 time: 0.0263698
2026-05-12 12:45:06.228 10 INFO neutron.notifiers.nova [-] Nova event matching ['req-fb20ac43-b6fc-417a-ba22-9e5be1c257da'] response: {'server_uuid': 'cfe3eefe-dfd9-424c-b108-f1bd30490f48', 'name': 'network-vif-unplugged', 'status': 'completed', 'tag': '7de1f653-da84-4821-ab19-65353f3eb143', 'code': 200}
2026-05-12 12:45:06.288 10 INFO neutron.wsgi [req-be27dd97-e883-484d-8041-6e8e0d2355a1 req-4a228bcb-9b1f-4ad6-8d93-bd13a19860c6 051d982b2dd0416cbefc82d35d2a24d3 d3635270c66c47abbc4db15347eb055c - - 7919d296f07d4a20bccfb82a8f4b3ec3 7919d296f07d4a20bccfb82a8f4b3ec3] 199.19.213.199 "GET /v2.0/networks/adfffe60-4304-444c-8371-1fb3008cf267?fields=segments HTTP/1.1" status: 200 len: 212 time: 0.0796001
2026-05-12 12:45:06.322 9 INFO neutron.wsgi [req-40dbaec9-28e5-40cd-baf2-d8dabcc6e778 req-3065d156-b111-4a3b-b5bd-331b79c45ac9 8c6f798429214dd0b3d8252fd96b2316 b3dc6fc2fe4a401591802c097fb4b69a - - default default] 199.19.213.199 "GET /v2.0/ports?device_id=cfe3eefe-dfd9-424c-b108-f1bd30490f48 HTTP/1.1" status: 200 len: 1398 time: 0.0966530
2026-05-12 12:45:06.386 10 INFO neutron.wsgi [req-be27dd97-e883-484d-8041-6e8e0d2355a1 req-7103218f-dd70-427b-a93e-c48d82865812 051d982b2dd0416cbefc82d35d2a24d3 d3635270c66c47abbc4db15347eb055c - - 7919d296f07d4a20bccfb82a8f4b3ec3 7919d296f07d4a20bccfb82a8f4b3ec3] 199.19.213.199 "GET /v2.0/networks/adfffe60-4304-444c-8371-1fb3008cf267?fields=provider%3Aphysical_network&fields=provider%3Anetwork_type HTTP/1.1" status: 200 len: 277 time: 0.0926170
2026-05-12 12:45:06.451 10 INFO neutron.db.ovn_revision_numbers_db [None req-1ba4cf68-df90-4fdb-acf9-b87a25295594 - - - - - -] Successfully bumped revision number for resource 7de1f653-da84-4821-ab19-65353f3eb143 (type: ports) to 5
2026-05-12 12:45:06.473 10 INFO neutron.wsgi [-] 10.0.0.215 "GET / HTTP/1.1" status: 200 len: 247 time: 0.0012527
2026-05-12 12:45:06.475 10 INFO neutron.wsgi [-] 10.0.0.215 "GET / HTTP/1.1" status: 200 len: 247 time: 0.0008783
