2026-05-12 12:38:12.998 9 INFO neutron.plugins.ml2.plugin [None req-3a078323-2504-463b-b6cc-c0b14309ece2 - - - - - -] Attempt 1 to provision port b358d162-a329-4327-9339-15688e27841d
2026-05-12 12:38:13.083 9 INFO neutron.db.ovn_revision_numbers_db [None req-46d385c5-4013-439a-afe0-3f08d8e9e957 - - - - - -] Successfully bumped revision number for resource b358d162-a329-4327-9339-15688e27841d (type: ports) to 2
2026-05-12 12:38:13.111 9 INFO neutron.db.ovn_revision_numbers_db [None req-e3feca9a-388d-482b-b0c8-42963bd6177c 813b50fe033c47bf86101b677565ebf1 70531c47f5fd4c7d945a6ab385b39429 - - default default] Successfully bumped revision number for resource d95160ee-c6aa-4588-8071-c5f40eb50a69 (type: router_ports) to 1
2026-05-12 12:38:13.191 9 INFO neutron.db.ovn_revision_numbers_db [None req-e3feca9a-388d-482b-b0c8-42963bd6177c 813b50fe033c47bf86101b677565ebf1 70531c47f5fd4c7d945a6ab385b39429 - - default default] Successfully bumped revision number for resource 123dbe75-dd80-4d5a-bfc3-28e0e5e3e5c3 (type: routers) to 2
2026-05-12 12:38:13.218 9 INFO neutron.wsgi [None req-e3feca9a-388d-482b-b0c8-42963bd6177c 813b50fe033c47bf86101b677565ebf1 70531c47f5fd4c7d945a6ab385b39429 - - default default] 10.0.0.129 "POST /v2.0/routers HTTP/1.1" status: 201 len: 877 time: 2.2271125 /var/lib/openstack/lib/python3.10/site-packages/pycadf/identifier.py:71: UserWarning: Invalid uuid: neutron. To ensure interoperability, identifiers should be a valid uuid. warnings.warn(('Invalid uuid: %s. To ensure interoperability, '
2026-05-12 12:38:13.248 10 INFO neutron.wsgi [req-f4a2a5f1-0a80-4035-8af7-2d875d4b1413 req-216e9bb1-186c-4770-b58f-cf478cd95025 7e2b7475555a4aa78a46cc11187312ea fea390f3a2834b629ff24c6a4d055529 - - default default] 10.0.0.52 "GET /v2.0/ports?device_id=5f97876a-8cc6-4b0d-ab04-eb9fd2bd5ca4 HTTP/1.1" status: 200 len: 210 time: 0.1848164
2026-05-12 12:38:13.330 10 INFO neutron.wsgi [req-25dcc89f-de6d-4889-a7fc-1294313903ee req-a2ddf11c-7992-41f8-a567-40e248b44e1e e5d6be55440e4746ab8b9595e5b87d11 e6c220f1b09f4bf9ab3f32dddef271cf - - default default] 10.0.0.52 "GET /v2.0/ports?device_id=c5dc36ae-8cc4-4925-bca3-85949ffb01bb HTTP/1.1" status: 200 len: 1170 time: 0.0569851
2026-05-12 12:38:13.412 9 INFO neutron.db.ovn_revision_numbers_db [None req-3a078323-2504-463b-b6cc-c0b14309ece2 - - - - - -] Successfully bumped revision number for resource b358d162-a329-4327-9339-15688e27841d (type: ports) to 4
2026-05-12 12:38:13.434 10 INFO neutron.wsgi [req-25dcc89f-de6d-4889-a7fc-1294313903ee req-3d239e53-0399-45d7-a5dc-1bc51e9419e3 e5d6be55440e4746ab8b9595e5b87d11 e6c220f1b09f4bf9ab3f32dddef271cf - - default default] 10.0.0.52 "GET /v2.0/security-groups?id=003937f0-bdc9-4786-bbb9-9a1e4a3aeb1e&fields=id&fields=name HTTP/1.1" status: 200 len: 311 time: 0.0788741 /var/lib/openstack/lib/python3.10/site-packages/pycadf/identifier.py:71: UserWarning: Invalid uuid: neutron. To ensure interoperability, identifiers should be a valid uuid. warnings.warn(('Invalid uuid: %s. To ensure interoperability, '
2026-05-12 12:38:13.585 10 WARNING neutron.scheduler.dhcp_agent_scheduler [req-3d414f5a-d2e8-46dc-904d-df7d36c3642b req-4994a84b-64bf-4b89-8fc0-3b18009a2661 7e2b7475555a4aa78a46cc11187312ea fea390f3a2834b629ff24c6a4d055529 - - default default] No more DHCP agents
2026-05-12 12:38:13.591 10 WARNING neutron.api.rpc.agentnotifiers.dhcp_rpc_agent_api [req-3d414f5a-d2e8-46dc-904d-df7d36c3642b req-4994a84b-64bf-4b89-8fc0-3b18009a2661 7e2b7475555a4aa78a46cc11187312ea fea390f3a2834b629ff24c6a4d055529 - - default default] Unable to schedule network b27a5b98-3034-4666-94b2-b8d69e3035c2: no agents available; will retry on subsequent port and subnet creation events.
2026-05-12 12:38:13.601 10 INFO neutron.wsgi [req-e3498fcb-768e-437f-8a9e-2d4d784cbc0a req-d7f6c5ae-b6ac-4954-bb71-6ce999989e9b e5d6be55440e4746ab8b9595e5b87d11 e6c220f1b09f4bf9ab3f32dddef271cf - - default default] 10.0.0.52 "GET /v2.0/ports?device_id=c5dc36ae-8cc4-4925-bca3-85949ffb01bb HTTP/1.1" status: 200 len: 1170 time: 0.0663559 /var/lib/openstack/lib/python3.10/site-packages/pycadf/identifier.py:71: UserWarning: Invalid uuid: neutron. To ensure interoperability, identifiers should be a valid uuid. warnings.warn(('Invalid uuid: %s. To ensure interoperability, '
2026-05-12 12:38:13.815 9 INFO neutron.plugins.ml2.drivers.ovn.mech_driver.ovsdb.ovsdb_monitor [None req-46d385c5-4013-439a-afe0-3f08d8e9e957 - - - - - -] Router 123dbe75-dd80-4d5a-bfc3-28e0e5e3e5c3 is bound to host instance
2026-05-12 12:38:13.856 9 INFO neutron.db.ovn_revision_numbers_db [None req-3a078323-2504-463b-b6cc-c0b14309ece2 - - - - - -] Successfully bumped revision number for resource b358d162-a329-4327-9339-15688e27841d (type: router_ports) to 4
2026-05-12 12:38:13.932 9 WARNING neutron.scheduler.dhcp_agent_scheduler [None req-7e4baffb-34c5-4d50-a52c-9c5d4e616947 813b50fe033c47bf86101b677565ebf1 70531c47f5fd4c7d945a6ab385b39429 - - default default] No more DHCP agents
2026-05-12 12:38:13.937 9 WARNING neutron.api.rpc.agentnotifiers.dhcp_rpc_agent_api [None req-7e4baffb-34c5-4d50-a52c-9c5d4e616947 813b50fe033c47bf86101b677565ebf1 70531c47f5fd4c7d945a6ab385b39429 - - default default] Unable to schedule network 2027064a-c4fc-408e-8cce-faab60b3b1ef: no agents available; will retry on subsequent port and subnet creation events.
2026-05-12 12:38:13.972 10 INFO neutron.db.ovn_revision_numbers_db [req-3d414f5a-d2e8-46dc-904d-df7d36c3642b req-4994a84b-64bf-4b89-8fc0-3b18009a2661 7e2b7475555a4aa78a46cc11187312ea fea390f3a2834b629ff24c6a4d055529 - - default default] Successfully bumped revision number for resource 6c558fe5-e708-4560-b035-8d47c68e974d (type: ports) to 1
2026-05-12 12:38:13.987 9 INFO neutron.plugins.ml2.drivers.ovn.mech_driver.mech_driver [None req-3a078323-2504-463b-b6cc-c0b14309ece2 - - - - - -] OVN reports status up for port: df3cb5a4-1d53-4821-acdb-5aeb8cc6ead1
2026-05-12 12:38:14.008 9 INFO neutron.plugins.ml2.plugin [None req-3a078323-2504-463b-b6cc-c0b14309ece2 - - - - - -] Attempt 1 to provision port df3cb5a4-1d53-4821-acdb-5aeb8cc6ead1
2026-05-12 12:38:14.170 9 INFO neutron.db.ovn_revision_numbers_db [None req-7e4baffb-34c5-4d50-a52c-9c5d4e616947 813b50fe033c47bf86101b677565ebf1 70531c47f5fd4c7d945a6ab385b39429 - - default default] Successfully bumped revision number for resource 3cedfec6-89a7-4f2c-bf1e-4d2d1b642ccd (type: ports) to 1
2026-05-12 12:38:14.196 10 INFO neutron.wsgi [req-3d414f5a-d2e8-46dc-904d-df7d36c3642b req-4994a84b-64bf-4b89-8fc0-3b18009a2661 7e2b7475555a4aa78a46cc11187312ea fea390f3a2834b629ff24c6a4d055529 - - default default] 199.19.213.199 "POST /v2.0/ports HTTP/1.1" status: 201 len: 1158 time: 1.3230839
2026-05-12 12:38:14.211 10 INFO neutron.db.l3_db [None req-2e208a2b-1fce-4531-af2d-b003c7ebc69d e5d6be55440e4746ab8b9595e5b87d11 e6c220f1b09f4bf9ab3f32dddef271cf - - default default] Floating IP 1fecc96f-d251-4c13-8713-3a0d709c8367 associated. External IP: 10.96.250.207, port: d29501b8-fceb-45cb-b219-6abd3ae8fa5f.
2026-05-12 12:38:14.387 10 INFO neutron.wsgi [req-5b839661-b8c5-4ef2-8062-1493a6904dcd req-048baa22-ebae-4964-a25a-b30d1b12ba08 7e2b7475555a4aa78a46cc11187312ea fea390f3a2834b629ff24c6a4d055529 - - default default] 10.0.0.52 "GET /v2.0/ports?device_id=5f97876a-8cc6-4b0d-ab04-eb9fd2bd5ca4 HTTP/1.1" status: 200 len: 1156 time: 0.0740769
2026-05-12 12:38:14.488 10 INFO neutron.wsgi [req-5b839661-b8c5-4ef2-8062-1493a6904dcd req-15b6bc34-49fc-49c5-9504-cdd9cff76905 7e2b7475555a4aa78a46cc11187312ea fea390f3a2834b629ff24c6a4d055529 - - default default] 10.0.0.52 "GET /v2.0/security-groups?id=a2e79dbe-ddfc-4458-8bd0-8b7552b9cc7a&fields=id&fields=name HTTP/1.1" status: 200 len: 313 time: 0.0895169
2026-05-12 12:38:14.498 9 INFO neutron.db.ovn_revision_numbers_db [None req-3a078323-2504-463b-b6cc-c0b14309ece2 - - - - - -] Successfully bumped revision number for resource df3cb5a4-1d53-4821-acdb-5aeb8cc6ead1 (type: ports) to 2
2026-05-12 12:38:14.510 10 INFO neutron.db.ovn_revision_numbers_db [None req-d2ca2188-5baf-42c0-bccb-f80c5e2ee2fb 813b50fe033c47bf86101b677565ebf1 70531c47f5fd4c7d945a6ab385b39429 - - default default] Successfully bumped revision number for resource df3cb5a4-1d53-4821-acdb-5aeb8cc6ead1 (type: router_ports) to 1
2026-05-12 12:38:14.512 10 INFO neutron.wsgi [None req-d2ca2188-5baf-42c0-bccb-f80c5e2ee2fb 813b50fe033c47bf86101b677565ebf1 70531c47f5fd4c7d945a6ab385b39429 - - default default] 10.0.0.129 "PUT /v2.0/routers/67f2d9e3-f25f-48e6-9bc5-1a576131b675/add_router_interface HTTP/1.1" status: 200 len: 503 time: 3.2257142
2026-05-12 12:38:14.612 10 INFO neutron.db.ovn_revision_numbers_db [None req-2e208a2b-1fce-4531-af2d-b003c7ebc69d e5d6be55440e4746ab8b9595e5b87d11 e6c220f1b09f4bf9ab3f32dddef271cf - - default default] Successfully bumped revision number for resource 1fecc96f-d251-4c13-8713-3a0d709c8367 (type: floatingips) to 1
2026-05-12 12:38:14.675 9 INFO neutron.db.ovn_revision_numbers_db [None req-46d385c5-4013-439a-afe0-3f08d8e9e957 - - - - - -] Successfully bumped revision number for resource d95160ee-c6aa-4588-8071-c5f40eb50a69 (type: ports) to 1
2026-05-12 12:38:14.739 9 INFO neutron.db.ovn_revision_numbers_db [None req-3a078323-2504-463b-b6cc-c0b14309ece2 - - - - - -] Successfully bumped revision number for resource df3cb5a4-1d53-4821-acdb-5aeb8cc6ead1 (type: router_ports) to 2
2026-05-12 12:38:14.760 10 INFO neutron.db.ovn_revision_numbers_db [None req-2e208a2b-1fce-4531-af2d-b003c7ebc69d e5d6be55440e4746ab8b9595e5b87d11 e6c220f1b09f4bf9ab3f32dddef271cf - - default default] Successfully bumped revision number for resource 1fecc96f-d251-4c13-8713-3a0d709c8367 (type: floatingips) to 2
2026-05-12 12:38:14.793 10 INFO neutron.wsgi [None req-2e208a2b-1fce-4531-af2d-b003c7ebc69d e5d6be55440e4746ab8b9595e5b87d11 e6c220f1b09f4bf9ab3f32dddef271cf - - default default] 10.0.0.129 "PUT /v2.0/floatingips/1fecc96f-d251-4c13-8713-3a0d709c8367 HTTP/1.1" status: 200 len: 1049 time: 1.1785011
2026-05-12 12:38:14.839 10 INFO neutron.notifiers.nova [-] Nova event matching ['req-4296f208-36ba-4e8a-8a86-28636d029c3f'] response: {'name': 'network-changed', 'server_uuid': 'c5dc36ae-8cc4-4925-bca3-85949ffb01bb', 'tag': 'd29501b8-fceb-45cb-b219-6abd3ae8fa5f', 'status': 'completed', 'code': 200} /var/lib/openstack/lib/python3.10/site-packages/pycadf/identifier.py:71: UserWarning: Invalid uuid: neutron. To ensure interoperability, identifiers should be a valid uuid. warnings.warn(('Invalid uuid: %s. To ensure interoperability, '
2026-05-12 12:38:14.881 10 INFO neutron.plugins.ml2.drivers.ovn.mech_driver.mech_driver [None req-1ba4cf68-df90-4fdb-acf9-b87a25295594 - - - - - -] OVN reports status up for port: 3cedfec6-89a7-4f2c-bf1e-4d2d1b642ccd
2026-05-12 12:38:14.896 10 INFO neutron.wsgi [req-753fa89d-ac01-4b19-8c75-a750e552b265 req-6cbfc798-98b8-49b9-bf1a-098aa0250bd6 e5d6be55440e4746ab8b9595e5b87d11 e6c220f1b09f4bf9ab3f32dddef271cf - - default default] 10.0.0.52 "GET /v2.0/ports?device_id=c5dc36ae-8cc4-4925-bca3-85949ffb01bb HTTP/1.1" status: 200 len: 1170 time: 0.0586715
2026-05-12 12:38:14.900 10 INFO neutron.plugins.ml2.plugin [None req-1ba4cf68-df90-4fdb-acf9-b87a25295594 - - - - - -] Attempt 1 to provision port 3cedfec6-89a7-4f2c-bf1e-4d2d1b642ccd
2026-05-12 12:38:14.905 10 INFO neutron.db.ovn_revision_numbers_db [req-3d414f5a-d2e8-46dc-904d-df7d36c3642b req-8229faa0-34b4-4044-a8a2-f31dfb5aee9c 051d982b2dd0416cbefc82d35d2a24d3 d3635270c66c47abbc4db15347eb055c - - 7919d296f07d4a20bccfb82a8f4b3ec3 7919d296f07d4a20bccfb82a8f4b3ec3] Successfully bumped revision number for resource 6c558fe5-e708-4560-b035-8d47c68e974d (type: ports) to 2
2026-05-12 12:38:14.967 10 INFO neutron.wsgi [req-753fa89d-ac01-4b19-8c75-a750e552b265 req-0dd40c9f-d064-479e-bc2b-b9c0438fca09 e5d6be55440e4746ab8b9595e5b87d11 e6c220f1b09f4bf9ab3f32dddef271cf - - default default] 10.0.0.52 "GET /v2.0/security-groups?id=003937f0-bdc9-4786-bbb9-9a1e4a3aeb1e&fields=id&fields=name HTTP/1.1" status: 200 len: 311 time: 0.0651891
2026-05-12 12:38:15.034 9 INFO neutron.notifiers.nova [-] Nova event matching ['req-51d33bf5-9c06-4818-b774-c1fc4957d3d0'] response: {'server_uuid': 'c5dc36ae-8cc4-4925-bca3-85949ffb01bb', 'name': 'network-vif-plugged', 'status': 'completed', 'tag': 'd29501b8-fceb-45cb-b219-6abd3ae8fa5f', 'code': 200}
2026-05-12 12:38:15.095 9 INFO neutron.wsgi [req-263984cd-3598-4bab-9196-86b07b43b892 req-647fdfa8-a9d2-46e5-a657-76fd3d72063b 051d982b2dd0416cbefc82d35d2a24d3 d3635270c66c47abbc4db15347eb055c - - 7919d296f07d4a20bccfb82a8f4b3ec3 7919d296f07d4a20bccfb82a8f4b3ec3] 199.19.213.199 "GET /v2.0/ports?tenant_id=e6c220f1b09f4bf9ab3f32dddef271cf&device_id=c5dc36ae-8cc4-4925-bca3-85949ffb01bb HTTP/1.1" status: 200 len: 1409 time: 0.2282894
2026-05-12 12:38:15.098 9 INFO neutron.db.ovn_revision_numbers_db [None req-7e4baffb-34c5-4d50-a52c-9c5d4e616947 813b50fe033c47bf86101b677565ebf1 70531c47f5fd4c7d945a6ab385b39429 - - default default] Successfully bumped revision number for resource 3cedfec6-89a7-4f2c-bf1e-4d2d1b642ccd (type: router_ports) to 1
2026-05-12 12:38:15.187 10 INFO neutron.db.ovn_revision_numbers_db [req-3d414f5a-d2e8-46dc-904d-df7d36c3642b req-8229faa0-34b4-4044-a8a2-f31dfb5aee9c 051d982b2dd0416cbefc82d35d2a24d3 d3635270c66c47abbc4db15347eb055c - - 7919d296f07d4a20bccfb82a8f4b3ec3 7919d296f07d4a20bccfb82a8f4b3ec3] Successfully bumped revision number for resource 6c558fe5-e708-4560-b035-8d47c68e974d (type: ports) to 2
2026-05-12 12:38:15.212 10 INFO neutron.wsgi [req-3d414f5a-d2e8-46dc-904d-df7d36c3642b req-8229faa0-34b4-4044-a8a2-f31dfb5aee9c 051d982b2dd0416cbefc82d35d2a24d3 d3635270c66c47abbc4db15347eb055c - - 7919d296f07d4a20bccfb82a8f4b3ec3 7919d296f07d4a20bccfb82a8f4b3ec3] 199.19.213.199 "PUT /v2.0/ports/6c558fe5-e708-4560-b035-8d47c68e974d HTTP/1.1" status: 200 len: 1376 time: 1.0021806
2026-05-12 12:38:15.226 9 INFO neutron.wsgi [req-263984cd-3598-4bab-9196-86b07b43b892 req-087a729d-4a59-4221-a333-599f081af880 051d982b2dd0416cbefc82d35d2a24d3 d3635270c66c47abbc4db15347eb055c - - 7919d296f07d4a20bccfb82a8f4b3ec3 7919d296f07d4a20bccfb82a8f4b3ec3] 199.19.213.199 "GET /v2.0/networks?id=97882496-67e7-4804-967c-6b60efeef110 HTTP/1.1" status: 200 len: 982 time: 0.1178300 /var/lib/openstack/lib/python3.10/site-packages/pycadf/identifier.py:71: UserWarning: Invalid uuid: neutron. To ensure interoperability, identifiers should be a valid uuid. warnings.warn(('Invalid uuid: %s. To ensure interoperability, '
2026-05-12 12:38:15.293 10 INFO neutron.wsgi [req-3d414f5a-d2e8-46dc-904d-df7d36c3642b req-8e9b3c06-2949-4d58-89c0-15460c8e2686 051d982b2dd0416cbefc82d35d2a24d3 d3635270c66c47abbc4db15347eb055c - - 7919d296f07d4a20bccfb82a8f4b3ec3 7919d296f07d4a20bccfb82a8f4b3ec3] 199.19.213.199 "GET /v2.0/ports?tenant_id=fea390f3a2834b629ff24c6a4d055529&device_id=5f97876a-8cc6-4b0d-ab04-eb9fd2bd5ca4 HTTP/1.1" status: 200 len: 1407 time: 0.0384812
2026-05-12 12:38:15.299 10 INFO neutron.db.ovn_revision_numbers_db [None req-1ba4cf68-df90-4fdb-acf9-b87a25295594 - - - - - -] Successfully bumped revision number for resource 3cedfec6-89a7-4f2c-bf1e-4d2d1b642ccd (type: ports) to 2
2026-05-12 12:38:15.323 10 INFO neutron.wsgi [req-3d414f5a-d2e8-46dc-904d-df7d36c3642b req-958311d0-6974-4c3c-b9d0-e6497d772149 051d982b2dd0416cbefc82d35d2a24d3 d3635270c66c47abbc4db15347eb055c - - 7919d296f07d4a20bccfb82a8f4b3ec3 7919d296f07d4a20bccfb82a8f4b3ec3] 199.19.213.199 "GET /v2.0/floatingips?fixed_ip_address=10.100.0.5&port_id=6c558fe5-e708-4560-b035-8d47c68e974d HTTP/1.1" status: 200 len: 217 time: 0.0224347
2026-05-12 12:38:15.336 9 INFO neutron.wsgi [req-263984cd-3598-4bab-9196-86b07b43b892 req-4623506e-38df-44eb-9d23-4915acdc1f06 051d982b2dd0416cbefc82d35d2a24d3 d3635270c66c47abbc4db15347eb055c - - 7919d296f07d4a20bccfb82a8f4b3ec3 7919d296f07d4a20bccfb82a8f4b3ec3] 199.19.213.199 "GET /v2.0/floatingips?fixed_ip_address=10.100.0.8&port_id=d29501b8-fceb-45cb-b219-6abd3ae8fa5f HTTP/1.1" status: 200 len: 1059 time: 0.0989668
2026-05-12 12:38:15.370 9 INFO neutron.db.ovn_revision_numbers_db [None req-a78ef400-7331-474d-a5bb-63a615ae1202 d766b6f416f947c09e6a3bdfb59b2bc6 a37b84fb253d4bb8a7568255ecae4f84 - - default default] Successfully bumped revision number for resource 1b4796d0-f29f-43a7-afad-a0effb8a0419 (type: security_groups) to 1
2026-05-12 12:38:15.387 9 ERROR ovsdbapp.backend.ovs_idl.transaction [None req-7e4baffb-34c5-4d50-a52c-9c5d4e616947 813b50fe033c47bf86101b677565ebf1 70531c47f5fd4c7d945a6ab385b39429 - - default default]
Traceback (most recent call last): File "/var/lib/openstack/lib/python3.10/site-packages/ovsdbapp/backend/ovs_idl/connection.py", line 118, in run txn.results.put(txn.do_commit())
File "/var/lib/openstack/lib/python3.10/site-packages/ovsdbapp/backend/ovs_idl/transaction.py", line 92, in do_commit command.run_idl(txn)
File "/var/lib/openstack/lib/python3.10/site-packages/neutron/plugins/ml2/drivers/ovn/mech_driver/ovsdb/commands.py", line 825, in run_idl raise ovn_exc.RevisionConflict( neutron.common.ovn.exceptions.RevisionConflict: OVN revision number for 3cedfec6-89a7-4f2c-bf1e-4d2d1b642ccd (type: ports) is higher than the given resource. Skipping update 
2026-05-12 12:38:15.388 9 INFO neutron.plugins.ml2.drivers.ovn.mech_driver.ovsdb.impl_idl_ovn [None req-7e4baffb-34c5-4d50-a52c-9c5d4e616947 813b50fe033c47bf86101b677565ebf1 70531c47f5fd4c7d945a6ab385b39429 - - default default] Transaction aborted. Reason: OVN revision number for 3cedfec6-89a7-4f2c-bf1e-4d2d1b642ccd (type: ports) is higher than the given resource. Skipping update
2026-05-12 12:38:15.397 9 INFO neutron.wsgi [req-263984cd-3598-4bab-9196-86b07b43b892 req-f3839d85-71de-4941-83d3-716f8c2cfc1e 051d982b2dd0416cbefc82d35d2a24d3 d3635270c66c47abbc4db15347eb055c - - 7919d296f07d4a20bccfb82a8f4b3ec3 7919d296f07d4a20bccfb82a8f4b3ec3] 199.19.213.199 "GET /v2.0/subnets?id=4fd2f95e-76b1-40a4-b956-3811cd782304 HTTP/1.1" status: 200 len: 877 time: 0.0556364
2026-05-12 12:38:15.398 9 INFO neutron.db.ovn_revision_numbers_db [None req-a78ef400-7331-474d-a5bb-63a615ae1202 d766b6f416f947c09e6a3bdfb59b2bc6 a37b84fb253d4bb8a7568255ecae4f84 - - default default] Successfully bumped revision number for resource 92af19f1-0345-4d2b-8049-2f90aa6a8cdc (type: security_group_rules) to 0
2026-05-12 12:38:15.432 9 INFO neutron.db.ovn_revision_numbers_db [None req-a78ef400-7331-474d-a5bb-63a615ae1202 d766b6f416f947c09e6a3bdfb59b2bc6 a37b84fb253d4bb8a7568255ecae4f84 - - default default] Successfully bumped revision number for resource caf31671-6469-4598-a791-2827721b59c3 (type: security_group_rules) to 0
2026-05-12 12:38:15.454 9 INFO neutron.wsgi [req-263984cd-3598-4bab-9196-86b07b43b892 req-c2dc5b66-776b-492a-ab5a-577f33228914 051d982b2dd0416cbefc82d35d2a24d3 d3635270c66c47abbc4db15347eb055c - - 7919d296f07d4a20bccfb82a8f4b3ec3 7919d296f07d4a20bccfb82a8f4b3ec3] 199.19.213.199 "GET /v2.0/ports?network_id=97882496-67e7-4804-967c-6b60efeef110&device_owner=network%3Adhcp HTTP/1.1" status: 200 len: 210 time: 0.0396056
2026-05-12 12:38:15.473 9 INFO neutron.wsgi [None req-a78ef400-7331-474d-a5bb-63a615ae1202 d766b6f416f947c09e6a3bdfb59b2bc6 a37b84fb253d4bb8a7568255ecae4f84 - - default default] 10.0.0.129 "POST /v2.0/security-groups HTTP/1.1" status: 201 len: 1796 time: 0.4051132
2026-05-12 12:38:15.481 9 INFO neutron.db.ovn_revision_numbers_db [None req-46d385c5-4013-439a-afe0-3f08d8e9e957 - - - - - -] Successfully bumped revision number for resource d95160ee-c6aa-4588-8071-c5f40eb50a69 (type: router_ports) to 3
2026-05-12 12:38:15.541 9 WARNING neutron.scheduler.dhcp_agent_scheduler [None req-7e4baffb-34c5-4d50-a52c-9c5d4e616947 813b50fe033c47bf86101b677565ebf1 70531c47f5fd4c7d945a6ab385b39429 - - default default] No more DHCP agents
2026-05-12 12:38:15.545 9 WARNING neutron.api.rpc.agentnotifiers.dhcp_rpc_agent_api [None req-7e4baffb-34c5-4d50-a52c-9c5d4e616947 813b50fe033c47bf86101b677565ebf1 70531c47f5fd4c7d945a6ab385b39429 - - default default] Unable to schedule network 2027064a-c4fc-408e-8cce-faab60b3b1ef: no agents available; will retry on subsequent port and subnet creation events.
2026-05-12 12:38:15.558 10 INFO neutron.wsgi [req-3d414f5a-d2e8-46dc-904d-df7d36c3642b req-5610af88-b136-4d48-9e6e-b3234809bfa9 051d982b2dd0416cbefc82d35d2a24d3 d3635270c66c47abbc4db15347eb055c - - 7919d296f07d4a20bccfb82a8f4b3ec3 7919d296f07d4a20bccfb82a8f4b3ec3] 199.19.213.199 "GET /v2.0/subnets?id=113d1d39-ecab-4aae-93be-52263f8f2c0c HTTP/1.1" status: 200 len: 873 time: 0.2234554
2026-05-12 12:38:15.577 9 INFO neutron.wsgi [req-263984cd-3598-4bab-9196-86b07b43b892 req-99206c1e-d459-48a8-b825-3f2dee721c14 051d982b2dd0416cbefc82d35d2a24d3 d3635270c66c47abbc4db15347eb055c - - 7919d296f07d4a20bccfb82a8f4b3ec3 7919d296f07d4a20bccfb82a8f4b3ec3] 199.19.213.199 "GET /v2.0/networks/97882496-67e7-4804-967c-6b60efeef110?fields=segments HTTP/1.1" status: 200 len: 212 time: 0.1126299
2026-05-12 12:38:15.601 10 INFO neutron.wsgi [req-3d414f5a-d2e8-46dc-904d-df7d36c3642b req-3d2c8f7d-a723-4167-b6a4-961180dcf643 051d982b2dd0416cbefc82d35d2a24d3 d3635270c66c47abbc4db15347eb055c - - 7919d296f07d4a20bccfb82a8f4b3ec3 7919d296f07d4a20bccfb82a8f4b3ec3] 199.19.213.199 "GET /v2.0/ports?network_id=b27a5b98-3034-4666-94b2-b8d69e3035c2&device_owner=network%3Adhcp HTTP/1.1" status: 200 len: 210 time: 0.0390096
2026-05-12 12:38:15.633 10 INFO neutron.wsgi [req-90520f1b-7e80-46b7-a459-1017299be700 req-c9cbec08-a58e-45f1-afc7-5fccb762c2c5 7e2b7475555a4aa78a46cc11187312ea fea390f3a2834b629ff24c6a4d055529 - - default default] 10.0.0.52 "GET /v2.0/ports?device_id=5f97876a-8cc6-4b0d-ab04-eb9fd2bd5ca4 HTTP/1.1" status: 200 len: 1168 time: 0.0614381
2026-05-12 12:38:15.695 10 INFO neutron.wsgi [req-3d414f5a-d2e8-46dc-904d-df7d36c3642b req-5484751b-e5ff-46df-ae78-9cc1c4722037 051d982b2dd0416cbefc82d35d2a24d3 d3635270c66c47abbc4db15347eb055c - - 7919d296f07d4a20bccfb82a8f4b3ec3 7919d296f07d4a20bccfb82a8f4b3ec3] 199.19.213.199 "GET /v2.0/networks/b27a5b98-3034-4666-94b2-b8d69e3035c2?fields=segments HTTP/1.1" status: 200 len: 212 time: 0.0849807
2026-05-12 12:38:15.698 10 INFO neutron.db.ovn_revision_numbers_db [None req-1ba4cf68-df90-4fdb-acf9-b87a25295594 - - - - - -] Successfully bumped revision number for resource 3cedfec6-89a7-4f2c-bf1e-4d2d1b642ccd (type: router_ports) to 2
2026-05-12 12:38:15.705 9 INFO neutron.wsgi [req-263984cd-3598-4bab-9196-86b07b43b892 req-17153c18-80fc-46ed-9aa8-8499907ca5d4 051d982b2dd0416cbefc82d35d2a24d3 d3635270c66c47abbc4db15347eb055c - - 7919d296f07d4a20bccfb82a8f4b3ec3 7919d296f07d4a20bccfb82a8f4b3ec3] 199.19.213.199 "GET /v2.0/networks/97882496-67e7-4804-967c-6b60efeef110?fields=provider%3Aphysical_network&fields=provider%3Anetwork_type HTTP/1.1" status: 200 len: 277 time: 0.1223171
2026-05-12 12:38:15.714 10 INFO neutron.wsgi [req-90520f1b-7e80-46b7-a459-1017299be700 req-c3f899fb-4a55-41d9-95d5-a896c721294e 7e2b7475555a4aa78a46cc11187312ea fea390f3a2834b629ff24c6a4d055529 - - default default] 10.0.0.52 "GET /v2.0/security-groups?id=a2e79dbe-ddfc-4458-8bd0-8b7552b9cc7a&fields=id&fields=name HTTP/1.1" status: 200 len: 313 time: 0.0660248
2026-05-12 12:38:15.775 10 INFO neutron.wsgi [req-3d414f5a-d2e8-46dc-904d-df7d36c3642b req-5a0d7dd4-da85-4279-b37e-7fd559e5087b 051d982b2dd0416cbefc82d35d2a24d3 d3635270c66c47abbc4db15347eb055c - - 7919d296f07d4a20bccfb82a8f4b3ec3 7919d296f07d4a20bccfb82a8f4b3ec3] 199.19.213.199 "GET /v2.0/networks/b27a5b98-3034-4666-94b2-b8d69e3035c2?fields=provider%3Aphysical_network&fields=provider%3Anetwork_type HTTP/1.1" status: 200 len: 277 time: 0.0665500
2026-05-12 12:38:15.905 9 INFO neutron.db.ovn_revision_numbers_db [None req-46d385c5-4013-439a-afe0-3f08d8e9e957 - - - - - -] Successfully bumped revision number for resource d95160ee-c6aa-4588-8071-c5f40eb50a69 (type: ports) to 2
2026-05-12 12:38:15.911 9 INFO neutron.db.ovn_revision_numbers_db [None req-11f215be-d2eb-49bb-905e-48861abca064 d766b6f416f947c09e6a3bdfb59b2bc6 a37b84fb253d4bb8a7568255ecae4f84 - - default default] Successfully bumped revision number for resource b3a85813-00da-4bfb-aaaa-9810454aef9a (type: security_group_rules) to 0
2026-05-12 12:38:15.949 9 INFO neutron.wsgi [None req-11f215be-d2eb-49bb-905e-48861abca064 d766b6f416f947c09e6a3bdfb59b2bc6 a37b84fb253d4bb8a7568255ecae4f84 - - default default] 10.0.0.129 "POST /v2.0/security-group-rules HTTP/1.1" status: 201 len: 764 time: 0.4676082
2026-05-12 12:38:16.198 9 INFO neutron.db.ovn_revision_numbers_db [None req-16b5a649-7cd4-4213-ace1-e2da9b705ec9 d766b6f416f947c09e6a3bdfb59b2bc6 a37b84fb253d4bb8a7568255ecae4f84 - - default default] Successfully bumped revision number for resource 76c8e8c6-dbc0-418c-a7c7-042940fe989c (type: security_group_rules) to 0
2026-05-12 12:38:16.248 9 INFO neutron.wsgi [None req-16b5a649-7cd4-4213-ace1-e2da9b705ec9 d766b6f416f947c09e6a3bdfb59b2bc6 a37b84fb253d4bb8a7568255ecae4f84 - - default default] 10.0.0.129 "POST /v2.0/security-group-rules HTTP/1.1" status: 201 len: 769 time: 0.2843330
2026-05-12 12:38:16.332 9 INFO neutron.db.ovn_revision_numbers_db [None req-46d385c5-4013-439a-afe0-3f08d8e9e957 - - - - - -] Successfully bumped revision number for resource d95160ee-c6aa-4588-8071-c5f40eb50a69 (type: ports) to 4
2026-05-12 12:38:16.617 10 WARNING neutron.scheduler.dhcp_agent_scheduler [None req-16a3dcbb-4e14-47ff-81b8-f5fa1416e887 d766b6f416f947c09e6a3bdfb59b2bc6 a37b84fb253d4bb8a7568255ecae4f84 - - default default] No more DHCP agents
2026-05-12 12:38:16.620 10 WARNING neutron.api.rpc.agentnotifiers.dhcp_rpc_agent_api [None req-16a3dcbb-4e14-47ff-81b8-f5fa1416e887 d766b6f416f947c09e6a3bdfb59b2bc6 a37b84fb253d4bb8a7568255ecae4f84 - - default default] Unable to schedule network 796f428f-b918-47ed-8844-446f5371b248: no agents available; will retry on subsequent port and subnet creation events.
2026-05-12 12:38:16.632 9 INFO neutron.db.ovn_revision_numbers_db [None req-46d385c5-4013-439a-afe0-3f08d8e9e957 - - - - - -] Successfully bumped revision number for resource d95160ee-c6aa-4588-8071-c5f40eb50a69 (type: router_ports) to 4
2026-05-12 12:38:16.752 9 INFO neutron.db.ovn_revision_numbers_db [None req-7e4baffb-34c5-4d50-a52c-9c5d4e616947 813b50fe033c47bf86101b677565ebf1 70531c47f5fd4c7d945a6ab385b39429 - - default default] Successfully bumped revision number for resource 3cedfec6-89a7-4f2c-bf1e-4d2d1b642ccd (type: router_ports) to 2
2026-05-12 12:38:16.755 9 INFO neutron.wsgi [None req-7e4baffb-34c5-4d50-a52c-9c5d4e616947 813b50fe033c47bf86101b677565ebf1 70531c47f5fd4c7d945a6ab385b39429 - - default default] 10.0.0.129 "PUT /v2.0/routers/123dbe75-dd80-4d5a-bfc3-28e0e5e3e5c3/add_router_interface HTTP/1.1" status: 200 len: 503 time: 3.5315640
2026-05-12 12:38:16.884 10 INFO neutron.notifiers.nova [-] Nova event matching ['req-2d3c4cd5-8d3b-4bee-92d7-3c449e1f615c'] response: {'name': 'network-changed', 'server_uuid': '5f97876a-8cc6-4b0d-ab04-eb9fd2bd5ca4', 'tag': '6c558fe5-e708-4560-b035-8d47c68e974d', 'status': 'completed', 'code': 200}
2026-05-12 12:38:16.938 10 INFO neutron.wsgi [req-b32d8932-0ce2-4cc1-8348-4f857cab714f req-b7960ffd-4014-4874-ab24-6f0e0545cecb 7e2b7475555a4aa78a46cc11187312ea fea390f3a2834b629ff24c6a4d055529 - - default default] 10.0.0.52 "GET /v2.0/ports?device_id=5f97876a-8cc6-4b0d-ab04-eb9fd2bd5ca4 HTTP/1.1" status: 200 len: 1168 time: 0.1495857
2026-05-12 12:38:16.944 10 INFO neutron.wsgi [req-2c5f5fd0-7b09-49b6-9d57-5b8a59f84b3e req-14c8315f-cd4a-402e-bc2d-ed41c1dfb9f5 051d982b2dd0416cbefc82d35d2a24d3 d3635270c66c47abbc4db15347eb055c - - 7919d296f07d4a20bccfb82a8f4b3ec3 7919d296f07d4a20bccfb82a8f4b3ec3] 199.19.213.199 "GET /v2.0/ports?tenant_id=fea390f3a2834b629ff24c6a4d055529&device_id=5f97876a-8cc6-4b0d-ab04-eb9fd2bd5ca4 HTTP/1.1" status: 200 len: 1407 time: 0.0546343
2026-05-12 12:38:16.985 10 INFO neutron.db.ovn_revision_numbers_db [None req-16a3dcbb-4e14-47ff-81b8-f5fa1416e887 d766b6f416f947c09e6a3bdfb59b2bc6 a37b84fb253d4bb8a7568255ecae4f84 - - default default] Successfully bumped revision number for resource 303fce1c-d807-4a39-bb7c-e9d861449b3a (type: floatingips) to 0
2026-05-12 12:38:17.015 10 INFO neutron.wsgi [None req-16a3dcbb-4e14-47ff-81b8-f5fa1416e887 d766b6f416f947c09e6a3bdfb59b2bc6 a37b84fb253d4bb8a7568255ecae4f84 - - default default] 10.0.0.129 "POST /v2.0/floatingips HTTP/1.1" status: 201 len: 751 time: 0.7562959
2026-05-12 12:38:17.020 10 INFO neutron.wsgi [req-b32d8932-0ce2-4cc1-8348-4f857cab714f req-366c09da-8fd8-4e1e-be4b-6862e614a0bb 7e2b7475555a4aa78a46cc11187312ea fea390f3a2834b629ff24c6a4d055529 - - default default] 10.0.0.52 "GET /v2.0/security-groups?id=a2e79dbe-ddfc-4458-8bd0-8b7552b9cc7a&fields=id&fields=name HTTP/1.1" status: 200 len: 313 time: 0.0735986
2026-05-12 12:38:17.044 10 INFO neutron.wsgi [req-2c5f5fd0-7b09-49b6-9d57-5b8a59f84b3e req-fa2403b6-c9e8-48aa-a5f6-4fb2a4c98e05 051d982b2dd0416cbefc82d35d2a24d3 d3635270c66c47abbc4db15347eb055c - - 7919d296f07d4a20bccfb82a8f4b3ec3 7919d296f07d4a20bccfb82a8f4b3ec3] 199.19.213.199 "GET /v2.0/networks?id=b27a5b98-3034-4666-94b2-b8d69e3035c2 HTTP/1.1" status: 200 len: 978 time: 0.0833802
2026-05-12 12:38:17.073 10 INFO neutron.wsgi [req-2c5f5fd0-7b09-49b6-9d57-5b8a59f84b3e req-345fb046-084d-4705-a3e1-4a3b51ad6d25 051d982b2dd0416cbefc82d35d2a24d3 d3635270c66c47abbc4db15347eb055c - - 7919d296f07d4a20bccfb82a8f4b3ec3 7919d296f07d4a20bccfb82a8f4b3ec3] 199.19.213.199 "GET /v2.0/floatingips?fixed_ip_address=10.100.0.5&port_id=6c558fe5-e708-4560-b035-8d47c68e974d HTTP/1.1" status: 200 len: 217 time: 0.0253139
2026-05-12 12:38:17.104 10 INFO neutron.wsgi [req-2c5f5fd0-7b09-49b6-9d57-5b8a59f84b3e req-f93efca5-e19b-408c-81bf-5112d2308ed8 051d982b2dd0416cbefc82d35d2a24d3 d3635270c66c47abbc4db15347eb055c - - 7919d296f07d4a20bccfb82a8f4b3ec3 7919d296f07d4a20bccfb82a8f4b3ec3] 199.19.213.199 "GET /v2.0/subnets?id=113d1d39-ecab-4aae-93be-52263f8f2c0c HTTP/1.1" status: 200 len: 873 time: 0.0279183
2026-05-12 12:38:17.127 10 INFO neutron.wsgi [req-2c5f5fd0-7b09-49b6-9d57-5b8a59f84b3e req-d10ea1e6-9767-4b6e-a7f7-fef7e723afa8 051d982b2dd0416cbefc82d35d2a24d3 d3635270c66c47abbc4db15347eb055c - - 7919d296f07d4a20bccfb82a8f4b3ec3 7919d296f07d4a20bccfb82a8f4b3ec3] 199.19.213.199 "GET /v2.0/ports?network_id=b27a5b98-3034-4666-94b2-b8d69e3035c2&device_owner=network%3Adhcp HTTP/1.1" status: 200 len: 210 time: 0.0185792
2026-05-12 12:38:17.190 10 INFO neutron.wsgi [req-2c5f5fd0-7b09-49b6-9d57-5b8a59f84b3e req-27b976d3-27f0-46bd-88a2-6c9df421c4d9 051d982b2dd0416cbefc82d35d2a24d3 d3635270c66c47abbc4db15347eb055c - - 7919d296f07d4a20bccfb82a8f4b3ec3 7919d296f07d4a20bccfb82a8f4b3ec3] 199.19.213.199 "GET /v2.0/networks/b27a5b98-3034-4666-94b2-b8d69e3035c2?fields=segments HTTP/1.1" status: 200 len: 212 time: 0.0594294
2026-05-12 12:38:17.246 10 INFO neutron.wsgi [req-2c5f5fd0-7b09-49b6-9d57-5b8a59f84b3e req-ed8b3d30-2e19-490f-b258-525c0ba9440b 051d982b2dd0416cbefc82d35d2a24d3 d3635270c66c47abbc4db15347eb055c - - 7919d296f07d4a20bccfb82a8f4b3ec3 7919d296f07d4a20bccfb82a8f4b3ec3] 199.19.213.199 "GET /v2.0/networks/b27a5b98-3034-4666-94b2-b8d69e3035c2?fields=provider%3Aphysical_network&fields=provider%3Anetwork_type HTTP/1.1" status: 200 len: 277 time: 0.0519705
2026-05-12 12:38:17.327 9 INFO neutron.db.ovn_revision_numbers_db [None req-46fb13da-a43a-45c0-896e-474f49cca541 7e1c317c7ecd43208437ba48ef75d9c2 0330282e1d344e4b90d0a7b3ca15128c - - default default] Successfully bumped revision number for resource 63b34ea1-6115-4e3d-806b-690e54003e0c (type: security_groups) to 1
2026-05-12 12:38:17.340 9 INFO neutron.db.ovn_revision_numbers_db [None req-46fb13da-a43a-45c0-896e-474f49cca541 7e1c317c7ecd43208437ba48ef75d9c2 0330282e1d344e4b90d0a7b3ca15128c - - default default] Successfully bumped revision number for resource 5c91beff-7d76-44f1-a488-c180e8474feb (type: security_group_rules) to 0
2026-05-12 12:38:17.352 9 INFO neutron.db.ovn_revision_numbers_db [None req-46fb13da-a43a-45c0-896e-474f49cca541 7e1c317c7ecd43208437ba48ef75d9c2 0330282e1d344e4b90d0a7b3ca15128c - - default default] Successfully bumped revision number for resource bf41abc9-2c3a-41a9-9ddd-e252c056ef1e (type: security_group_rules) to 0
2026-05-12 12:38:17.371 9 INFO neutron.wsgi [None req-46fb13da-a43a-45c0-896e-474f49cca541 7e1c317c7ecd43208437ba48ef75d9c2 0330282e1d344e4b90d0a7b3ca15128c - - default default] 10.0.0.129 "POST /v2.0/security-groups HTTP/1.1" status: 201 len: 1797 time: 0.1630442
2026-05-12 12:38:17.432 10 INFO neutron.wsgi [req-7df355c9-c505-4520-9ad6-ff453398815c req-d8760e00-b356-45b3-b7d3-7461e5def252 d766b6f416f947c09e6a3bdfb59b2bc6 a37b84fb253d4bb8a7568255ecae4f84 - - default default] 10.0.0.52 "GET /v2.0/security-groups?name=tempest-securitygroup--1017558396&fields=id&tenant_id=a37b84fb253d4bb8a7568255ecae4f84 HTTP/1.1" status: 200 len: 267 time: 0.0346742
2026-05-12 12:38:17.474 9 INFO neutron.db.ovn_revision_numbers_db [None req-787c7d78-98a3-458f-9cc9-f72a778c2299 7e1c317c7ecd43208437ba48ef75d9c2 0330282e1d344e4b90d0a7b3ca15128c - - default default] Successfully bumped revision number for resource f3bde08d-af2e-4514-a6eb-7e122a8e2ced (type: security_group_rules) to 0
2026-05-12 12:38:17.495 9 INFO neutron.wsgi [None req-787c7d78-98a3-458f-9cc9-f72a778c2299 7e1c317c7ecd43208437ba48ef75d9c2 0330282e1d344e4b90d0a7b3ca15128c - - default default] 10.0.0.129 "POST /v2.0/security-group-rules HTTP/1.1" status: 201 len: 764 time: 0.1177340
2026-05-12 12:38:17.509 10 INFO neutron.wsgi [req-7df355c9-c505-4520-9ad6-ff453398815c req-ed0fd683-42fc-4f08-aab2-1074b7db5844 d766b6f416f947c09e6a3bdfb59b2bc6 a37b84fb253d4bb8a7568255ecae4f84 - - default default] 10.0.0.52 "GET /v2.0/networks?id=70e9cefe-815f-4298-a171-7065020bce93 HTTP/1.1" status: 200 len: 869 time: 0.0692117
2026-05-12 12:38:17.525 10 INFO neutron.wsgi [req-7df355c9-c505-4520-9ad6-ff453398815c req-bdf8be02-01ca-4e51-b456-e71467e2e643 d766b6f416f947c09e6a3bdfb59b2bc6 a37b84fb253d4bb8a7568255ecae4f84 - - default default] 10.0.0.52 "GET /v2.0/quotas/a37b84fb253d4bb8a7568255ecae4f84 HTTP/1.1" status: 200 len: 386 time: 0.0091851
2026-05-12 12:38:17.610 10 INFO neutron.wsgi [req-7df355c9-c505-4520-9ad6-ff453398815c req-8856e28f-425c-4c5f-afa5-c2cfc466e97b d766b6f416f947c09e6a3bdfb59b2bc6 a37b84fb253d4bb8a7568255ecae4f84 - - default default] 10.0.0.52 "GET /v2.0/ports?tenant_id=a37b84fb253d4bb8a7568255ecae4f84&fields=id HTTP/1.1" status: 200 len: 302 time: 0.0806422
2026-05-12 12:38:17.614 9 INFO neutron.db.ovn_revision_numbers_db [None req-6a29710d-e19c-477e-be70-46526e4c90d6 7e1c317c7ecd43208437ba48ef75d9c2 0330282e1d344e4b90d0a7b3ca15128c - - default default] Successfully bumped revision number for resource f5941184-7498-4df7-90b0-209e843bf824 (type: security_group_rules) to 0
2026-05-12 12:38:17.637 9 INFO neutron.wsgi [None req-6a29710d-e19c-477e-be70-46526e4c90d6 7e1c317c7ecd43208437ba48ef75d9c2 0330282e1d344e4b90d0a7b3ca15128c - - default default] 10.0.0.129 "POST /v2.0/security-group-rules HTTP/1.1" status: 201 len: 769 time: 0.1363750
2026-05-12 12:38:17.677 10 INFO neutron.wsgi [req-7df355c9-c505-4520-9ad6-ff453398815c req-9fa632f2-09e2-4a01-aa65-7b8a3d578426 051d982b2dd0416cbefc82d35d2a24d3 d3635270c66c47abbc4db15347eb055c - - 7919d296f07d4a20bccfb82a8f4b3ec3 7919d296f07d4a20bccfb82a8f4b3ec3] 10.0.0.52 "GET /v2.0/networks/70e9cefe-815f-4298-a171-7065020bce93?fields=segments HTTP/1.1" status: 200 len: 212 time: 0.0550869
2026-05-12 12:38:17.746 10 INFO neutron.wsgi [req-7df355c9-c505-4520-9ad6-ff453398815c req-6a5ec8ba-97d0-4f43-9a60-e40177c9b0ce 051d982b2dd0416cbefc82d35d2a24d3 d3635270c66c47abbc4db15347eb055c - - 7919d296f07d4a20bccfb82a8f4b3ec3 7919d296f07d4a20bccfb82a8f4b3ec3] 10.0.0.52 "GET /v2.0/networks/70e9cefe-815f-4298-a171-7065020bce93?fields=provider%3Aphysical_network&fields=provider%3Anetwork_type HTTP/1.1" status: 200 len: 277 time: 0.0608492
2026-05-12 12:38:17.901 10 INFO neutron.wsgi [req-d2f70fa5-7dfb-451e-81d5-2917d8b361ce req-c7ed290b-3b9e-4071-a47a-a9efcf466da3 d766b6f416f947c09e6a3bdfb59b2bc6 a37b84fb253d4bb8a7568255ecae4f84 - - default default] 10.0.0.52 "GET /v2.0/ports?device_id=e6792b0a-cda2-4c9a-b37a-3129855b665e HTTP/1.1" status: 200 len: 210 time: 0.0245631
2026-05-12 12:38:17.912 9 WARNING neutron.scheduler.dhcp_agent_scheduler [None req-5855e5f2-7b7a-43eb-b333-ea0a493a3cdb 7e1c317c7ecd43208437ba48ef75d9c2 0330282e1d344e4b90d0a7b3ca15128c - - default default] No more DHCP agents
2026-05-12 12:38:17.914 9 WARNING neutron.api.rpc.agentnotifiers.dhcp_rpc_agent_api [None req-5855e5f2-7b7a-43eb-b333-ea0a493a3cdb 7e1c317c7ecd43208437ba48ef75d9c2 0330282e1d344e4b90d0a7b3ca15128c - - default default] Unable to schedule network 796f428f-b918-47ed-8844-446f5371b248: no agents available; will retry on subsequent port and subnet creation events.
2026-05-12 12:38:18.119 10 INFO neutron.wsgi [req-77c9acf0-6475-49f7-b192-a76621b5be4f req-75e8a1f8-a114-4e91-af05-45bc19ae598a 7e2b7475555a4aa78a46cc11187312ea fea390f3a2834b629ff24c6a4d055529 - - default default] 10.0.0.52 "GET /v2.0/ports?device_id=5f97876a-8cc6-4b0d-ab04-eb9fd2bd5ca4 HTTP/1.1" status: 200 len: 1168 time: 0.0413458
2026-05-12 12:38:18.166 10 INFO neutron.wsgi [req-77c9acf0-6475-49f7-b192-a76621b5be4f req-a036916a-5c7a-48f3-9953-fa2a2a23f498 7e2b7475555a4aa78a46cc11187312ea fea390f3a2834b629ff24c6a4d055529 - - default default] 10.0.0.52 "GET /v2.0/security-groups?id=a2e79dbe-ddfc-4458-8bd0-8b7552b9cc7a&fields=id&fields=name HTTP/1.1" status: 200 len: 313 time: 0.0392244
2026-05-12 12:38:18.408 9 INFO neutron.db.ovn_revision_numbers_db [None req-5855e5f2-7b7a-43eb-b333-ea0a493a3cdb 7e1c317c7ecd43208437ba48ef75d9c2 0330282e1d344e4b90d0a7b3ca15128c - - default default] Successfully bumped revision number for resource e9be6428-fe73-487a-862b-382a45e38755 (type: floatingips) to 0
2026-05-12 12:38:18.454 9 INFO neutron.wsgi [None req-5855e5f2-7b7a-43eb-b333-ea0a493a3cdb 7e1c317c7ecd43208437ba48ef75d9c2 0330282e1d344e4b90d0a7b3ca15128c - - default default] 10.0.0.129 "POST /v2.0/floatingips HTTP/1.1" status: 201 len: 751 time: 0.8098550
2026-05-12 12:38:18.836 10 INFO neutron.wsgi [req-7df355c9-c505-4520-9ad6-ff453398815c req-52833b94-daa1-469d-b18f-8904260cfe17 d766b6f416f947c09e6a3bdfb59b2bc6 a37b84fb253d4bb8a7568255ecae4f84 - - default default] 199.19.213.199 "GET /v2.0/networks?id=70e9cefe-815f-4298-a171-7065020bce93 HTTP/1.1" status: 200 len: 869 time: 0.0793247
2026-05-12 12:38:18.908 10 INFO neutron.wsgi [req-7df355c9-c505-4520-9ad6-ff453398815c req-6288753c-9aee-44ca-acdc-7f51c9428496 d766b6f416f947c09e6a3bdfb59b2bc6 a37b84fb253d4bb8a7568255ecae4f84 - - default default] 199.19.213.199 "GET /v2.0/security-groups?fields=id&fields=name&tenant_id=a37b84fb253d4bb8a7568255ecae4f84 HTTP/1.1" status: 200 len: 380 time: 0.0604568
2026-05-12 12:38:18.912 10 INFO neutron.wsgi [req-6f132e12-6dd4-470e-b2f2-c0febca672f5 req-4e668c38-0fdb-4f64-ac2f-382434782194 7e1c317c7ecd43208437ba48ef75d9c2 0330282e1d344e4b90d0a7b3ca15128c - - default default] 10.0.0.52 "GET /v2.0/security-groups?name=tempest-securitygroup--1843382115&fields=id&tenant_id=0330282e1d344e4b90d0a7b3ca15128c HTTP/1.1" status: 200 len: 267 time: 0.0519497
2026-05-12 12:38:18.992 10 INFO neutron.wsgi [req-fd8d612a-89be-4063-99dd-3801710940f1 req-d74f54e8-faa0-4e3b-b94c-d19ca964f5c0 d766b6f416f947c09e6a3bdfb59b2bc6 a37b84fb253d4bb8a7568255ecae4f84 - - default default] 10.0.0.52 "GET /v2.0/ports?device_id=e6792b0a-cda2-4c9a-b37a-3129855b665e HTTP/1.1" status: 200 len: 210 time: 0.0327199
2026-05-12 12:38:19.018 10 INFO neutron.wsgi [req-6f132e12-6dd4-470e-b2f2-c0febca672f5 req-cdf5ecac-6cdc-4ab7-8ea9-ca95d3a71b4f 7e1c317c7ecd43208437ba48ef75d9c2 0330282e1d344e4b90d0a7b3ca15128c - - default default] 10.0.0.52 "GET /v2.0/networks?id=2027064a-c4fc-408e-8cce-faab60b3b1ef HTTP/1.1" status: 200 len: 875 time: 0.0952373
2026-05-12 12:38:19.039 10 INFO neutron.wsgi [req-6f132e12-6dd4-470e-b2f2-c0febca672f5 req-46b52d9f-3bdf-4b06-a703-51316be82cf5 7e1c317c7ecd43208437ba48ef75d9c2 0330282e1d344e4b90d0a7b3ca15128c - - default default] 10.0.0.52 "GET /v2.0/quotas/0330282e1d344e4b90d0a7b3ca15128c HTTP/1.1" status: 200 len: 386 time: 0.0123961
2026-05-12 12:38:19.143 10 INFO neutron.wsgi [req-6f132e12-6dd4-470e-b2f2-c0febca672f5 req-787d4b85-e7a1-4473-9728-b9302cab8135 7e1c317c7ecd43208437ba48ef75d9c2 0330282e1d344e4b90d0a7b3ca15128c - - default default] 10.0.0.52 "GET /v2.0/ports?tenant_id=0330282e1d344e4b90d0a7b3ca15128c&fields=id HTTP/1.1" status: 200 len: 302 time: 0.0967329
2026-05-12 12:38:19.235 10 INFO neutron.wsgi [req-6f132e12-6dd4-470e-b2f2-c0febca672f5 req-53acfdaf-89c4-4fa3-bec4-c52aa455011c 051d982b2dd0416cbefc82d35d2a24d3 d3635270c66c47abbc4db15347eb055c - - 7919d296f07d4a20bccfb82a8f4b3ec3 7919d296f07d4a20bccfb82a8f4b3ec3] 10.0.0.52 "GET /v2.0/networks/2027064a-c4fc-408e-8cce-faab60b3b1ef?fields=segments HTTP/1.1" status: 200 len: 212 time: 0.0784230
2026-05-12 12:38:19.292 10 INFO neutron.wsgi [req-733bb1e1-e9d1-444a-a7bf-ef5abd2682d8 req-d9a8e811-7557-4432-8187-d31e84b114b5 7e2b7475555a4aa78a46cc11187312ea fea390f3a2834b629ff24c6a4d055529 - - default default] 10.0.0.52 "GET /v2.0/ports?device_id=5f97876a-8cc6-4b0d-ab04-eb9fd2bd5ca4 HTTP/1.1" status: 200 len: 1168 time: 0.0649951 /var/lib/openstack/lib/python3.10/site-packages/pycadf/identifier.py:71: UserWarning: Invalid uuid: neutron. To ensure interoperability, identifiers should be a valid uuid. warnings.warn(('Invalid uuid: %s. To ensure interoperability, '
2026-05-12 12:38:19.335 10 INFO neutron.wsgi [req-6f132e12-6dd4-470e-b2f2-c0febca672f5 req-80e089e2-40d8-40c3-adfe-734d98aca557 051d982b2dd0416cbefc82d35d2a24d3 d3635270c66c47abbc4db15347eb055c - - 7919d296f07d4a20bccfb82a8f4b3ec3 7919d296f07d4a20bccfb82a8f4b3ec3] 10.0.0.52 "GET /v2.0/networks/2027064a-c4fc-408e-8cce-faab60b3b1ef?fields=provider%3Aphysical_network&fields=provider%3Anetwork_type HTTP/1.1" status: 200 len: 277 time: 0.0883148
2026-05-12 12:38:19.344 10 WARNING neutron.scheduler.dhcp_agent_scheduler [req-7df355c9-c505-4520-9ad6-ff453398815c req-954efbb9-7aba-4a64-9cf7-b95bc710647b d766b6f416f947c09e6a3bdfb59b2bc6 a37b84fb253d4bb8a7568255ecae4f84 - - default default] No more DHCP agents
2026-05-12 12:38:19.347 10 WARNING neutron.api.rpc.agentnotifiers.dhcp_rpc_agent_api [req-7df355c9-c505-4520-9ad6-ff453398815c req-954efbb9-7aba-4a64-9cf7-b95bc710647b d766b6f416f947c09e6a3bdfb59b2bc6 a37b84fb253d4bb8a7568255ecae4f84 - - default default] Unable to schedule network 70e9cefe-815f-4298-a171-7065020bce93: no agents available; will retry on subsequent port and subnet creation events.
2026-05-12 12:38:19.353 10 INFO neutron.wsgi [req-733bb1e1-e9d1-444a-a7bf-ef5abd2682d8 req-9f19ca16-748b-4c11-8bcf-558ceb5a05e8 7e2b7475555a4aa78a46cc11187312ea fea390f3a2834b629ff24c6a4d055529 - - default default] 10.0.0.52 "GET /v2.0/security-groups?id=a2e79dbe-ddfc-4458-8bd0-8b7552b9cc7a&fields=id&fields=name HTTP/1.1" status: 200 len: 313 time: 0.0562243 /var/lib/openstack/lib/python3.10/site-packages/pycadf/identifier.py:71: UserWarning: Invalid uuid: neutron. To ensure interoperability, identifiers should be a valid uuid. warnings.warn(('Invalid uuid: %s. To ensure interoperability, '
2026-05-12 12:38:19.493 10 INFO neutron.wsgi [req-48f1ff21-d976-425b-91a0-d905074cfcac req-853b5653-2dbd-42b5-b276-82ad57d111ed 7e1c317c7ecd43208437ba48ef75d9c2 0330282e1d344e4b90d0a7b3ca15128c - - default default] 10.0.0.52 "GET /v2.0/ports?device_id=43ea6db0-04d4-42aa-819e-3ac63421d2a6 HTTP/1.1" status: 200 len: 210 time: 0.0296853
2026-05-12 12:38:19.507 10 INFO neutron.db.ovn_revision_numbers_db [req-7df355c9-c505-4520-9ad6-ff453398815c req-954efbb9-7aba-4a64-9cf7-b95bc710647b d766b6f416f947c09e6a3bdfb59b2bc6 a37b84fb253d4bb8a7568255ecae4f84 - - default default] Successfully bumped revision number for resource dfb369c1-675a-4bd2-a5f5-a841d0b10567 (type: ports) to 1
2026-05-12 12:38:19.530 10 INFO neutron.wsgi [req-7df355c9-c505-4520-9ad6-ff453398815c req-954efbb9-7aba-4a64-9cf7-b95bc710647b d766b6f416f947c09e6a3bdfb59b2bc6 a37b84fb253d4bb8a7568255ecae4f84 - - default default] 199.19.213.199 "POST /v2.0/ports HTTP/1.1" status: 201 len: 1158 time: 0.6165359
2026-05-12 12:38:19.870 10 INFO neutron.db.ovn_revision_numbers_db [req-7df355c9-c505-4520-9ad6-ff453398815c req-360b8087-661a-483f-9d5f-c93ec2b99201 051d982b2dd0416cbefc82d35d2a24d3 d3635270c66c47abbc4db15347eb055c - - 7919d296f07d4a20bccfb82a8f4b3ec3 7919d296f07d4a20bccfb82a8f4b3ec3] Successfully bumped revision number for resource dfb369c1-675a-4bd2-a5f5-a841d0b10567 (type: ports) to 2
2026-05-12 12:38:19.920 9 WARNING neutron.plugins.ml2.drivers.ovn.mech_driver.ovsdb.ovn_client [None req-3a078323-2504-463b-b6cc-c0b14309ece2 - - - - - -] No hosting information found for port df3cb5a4-1d53-4821-acdb-5aeb8cc6ead1: RuntimeError: No hosting information found for port df3cb5a4-1d53-4821-acdb-5aeb8cc6ead1
2026-05-12 12:38:19.920 9 INFO neutron.plugins.ml2.drivers.ovn.mech_driver.mech_driver [None req-3a078323-2504-463b-b6cc-c0b14309ece2 - - - - - -] OVN reports status up for port: d95160ee-c6aa-4588-8071-c5f40eb50a69
2026-05-12 12:38:19.931 9 INFO neutron.plugins.ml2.plugin [None req-3a078323-2504-463b-b6cc-c0b14309ece2 - - - - - -] Attempt 1 to provision port d95160ee-c6aa-4588-8071-c5f40eb50a69
2026-05-12 12:38:19.999 9 INFO neutron.plugins.ml2.drivers.ovn.mech_driver.mech_driver [None req-3a078323-2504-463b-b6cc-c0b14309ece2 - - - - - -] OVN reports status up for port: 6c558fe5-e708-4560-b035-8d47c68e974d
2026-05-12 12:38:20.010 9 INFO neutron.plugins.ml2.plugin [None req-3a078323-2504-463b-b6cc-c0b14309ece2 - - - - - -] Attempt 1 to provision port 6c558fe5-e708-4560-b035-8d47c68e974d /var/lib/openstack/lib/python3.10/site-packages/pycadf/identifier.py:71: UserWarning: Invalid uuid: neutron. To ensure interoperability, identifiers should be a valid uuid. warnings.warn(('Invalid uuid: %s. To ensure interoperability, '
2026-05-12 12:38:20.110 10 INFO neutron.wsgi [req-65270e7a-3f05-4f82-8ef6-0a3e39413edb req-f36591e5-644b-4d8d-89f7-1f7639d46592 d766b6f416f947c09e6a3bdfb59b2bc6 a37b84fb253d4bb8a7568255ecae4f84 - - default default] 10.0.0.52 "GET /v2.0/ports?device_id=e6792b0a-cda2-4c9a-b37a-3129855b665e HTTP/1.1" status: 200 len: 1168 time: 0.0466220
2026-05-12 12:38:20.117 10 INFO neutron.db.ovn_revision_numbers_db [req-7df355c9-c505-4520-9ad6-ff453398815c req-360b8087-661a-483f-9d5f-c93ec2b99201 051d982b2dd0416cbefc82d35d2a24d3 d3635270c66c47abbc4db15347eb055c - - 7919d296f07d4a20bccfb82a8f4b3ec3 7919d296f07d4a20bccfb82a8f4b3ec3] Successfully bumped revision number for resource dfb369c1-675a-4bd2-a5f5-a841d0b10567 (type: ports) to 2
2026-05-12 12:38:20.139 9 INFO neutron.notifiers.nova [-] Nova event matching ['req-5aac4be5-1e4a-452e-b9ac-95d4a9116748'] response: {'server_uuid': '5f97876a-8cc6-4b0d-ab04-eb9fd2bd5ca4', 'name': 'network-vif-plugged', 'status': 'completed', 'tag': '6c558fe5-e708-4560-b035-8d47c68e974d', 'code': 200}
2026-05-12 12:38:20.160 10 INFO neutron.wsgi [req-65270e7a-3f05-4f82-8ef6-0a3e39413edb req-27ee5bca-193a-4f69-b9b2-e1d896947b41 d766b6f416f947c09e6a3bdfb59b2bc6 a37b84fb253d4bb8a7568255ecae4f84 - - default default] 10.0.0.52 "GET /v2.0/security-groups?id=1b4796d0-f29f-43a7-afad-a0effb8a0419&fields=id&fields=name HTTP/1.1" status: 200 len: 313 time: 0.0439949
2026-05-12 12:38:20.163 10 INFO neutron.wsgi [req-7df355c9-c505-4520-9ad6-ff453398815c req-360b8087-661a-483f-9d5f-c93ec2b99201 051d982b2dd0416cbefc82d35d2a24d3 d3635270c66c47abbc4db15347eb055c - - 7919d296f07d4a20bccfb82a8f4b3ec3 7919d296f07d4a20bccfb82a8f4b3ec3] 199.19.213.199 "PUT /v2.0/ports/dfb369c1-675a-4bd2-a5f5-a841d0b10567 HTTP/1.1" status: 200 len: 1376 time: 0.6256602
2026-05-12 12:38:20.208 10 INFO neutron.notifiers.nova [-] Nova event matching ['req-3f7e8137-7b31-44f6-b246-cbdc3a8a3349'] response: {'name': 'network-changed', 'server_uuid': 'e6792b0a-cda2-4c9a-b37a-3129855b665e', 'tag': 'dfb369c1-675a-4bd2-a5f5-a841d0b10567', 'status': 'completed', 'code': 200}
2026-05-12 12:38:20.245 10 INFO neutron.wsgi [req-7df355c9-c505-4520-9ad6-ff453398815c req-e29be6f3-d289-442f-84ad-4c521ae82b09 051d982b2dd0416cbefc82d35d2a24d3 d3635270c66c47abbc4db15347eb055c - - 7919d296f07d4a20bccfb82a8f4b3ec3 7919d296f07d4a20bccfb82a8f4b3ec3] 199.19.213.199 "GET /v2.0/ports?tenant_id=a37b84fb253d4bb8a7568255ecae4f84&device_id=e6792b0a-cda2-4c9a-b37a-3129855b665e HTTP/1.1" status: 200 len: 1407 time: 0.0344508
2026-05-12 12:38:20.276 10 INFO neutron.wsgi [req-7df355c9-c505-4520-9ad6-ff453398815c req-1671b644-c504-4549-891e-ee033f3b8ec6 051d982b2dd0416cbefc82d35d2a24d3 d3635270c66c47abbc4db15347eb055c - - 7919d296f07d4a20bccfb82a8f4b3ec3 7919d296f07d4a20bccfb82a8f4b3ec3] 199.19.213.199 "GET /v2.0/floatingips?fixed_ip_address=10.100.0.9&port_id=dfb369c1-675a-4bd2-a5f5-a841d0b10567 HTTP/1.1" status: 200 len: 217 time: 0.0233035
2026-05-12 12:38:20.321 10 INFO neutron.wsgi [req-7df355c9-c505-4520-9ad6-ff453398815c req-346c431f-5ce5-473d-8ee4-0a49afa5ab4c 051d982b2dd0416cbefc82d35d2a24d3 d3635270c66c47abbc4db15347eb055c - - 7919d296f07d4a20bccfb82a8f4b3ec3 7919d296f07d4a20bccfb82a8f4b3ec3] 199.19.213.199 "GET /v2.0/subnets?id=a3edffc1-65fe-46ef-adbc-7ce3118a2f3f HTTP/1.1" status: 200 len: 863 time: 0.0359659
2026-05-12 12:38:20.352 10 INFO neutron.wsgi [req-7df355c9-c505-4520-9ad6-ff453398815c req-0b262dfb-83ed-486f-a26c-af578d55b05a 051d982b2dd0416cbefc82d35d2a24d3 d3635270c66c47abbc4db15347eb055c - - 7919d296f07d4a20bccfb82a8f4b3ec3 7919d296f07d4a20bccfb82a8f4b3ec3] 199.19.213.199 "GET /v2.0/ports?network_id=70e9cefe-815f-4298-a171-7065020bce93&device_owner=network%3Adhcp HTTP/1.1" status: 200 len: 210 time: 0.0204458
2026-05-12 12:38:20.371 9 INFO neutron.db.ovn_revision_numbers_db [None req-3a078323-2504-463b-b6cc-c0b14309ece2 - - - - - -] Successfully bumped revision number for resource 6c558fe5-e708-4560-b035-8d47c68e974d (type: ports) to 4
2026-05-12 12:38:20.403 9 INFO neutron.wsgi [req-6f132e12-6dd4-470e-b2f2-c0febca672f5 req-9f0f9df3-5895-4981-94f1-ed54d3b4c951 7e1c317c7ecd43208437ba48ef75d9c2 0330282e1d344e4b90d0a7b3ca15128c - - default default] 199.19.213.199 "GET /v2.0/networks?id=2027064a-c4fc-408e-8cce-faab60b3b1ef HTTP/1.1" status: 200 len: 875 time: 0.1167758
