2026-05-12 12:38:52.552 10 INFO neutron.wsgi [req-18fdee57-3cfc-4300-a4bc-cb993f48ca40 req-79592780-9196-44d4-a37c-dbb0a5fe90a2 bada902974c448cb9be1cd7649243d5d 720edf3566f04a9cafbe20362eb5ba2f - - default default] 10.0.0.52 "GET /v2.0/ports?device_id=177ff31a-1b4e-43b3-93ad-9440b175c994 HTTP/1.1" status: 200 len: 1160 time: 0.0472784
2026-05-12 12:38:52.556 9 INFO neutron.db.ovn_revision_numbers_db [None req-769a52e9-345d-4541-a0f4-e009bb1f2816 d210ac65792e47ac96da83afb70baabf 6f314a3cc27344d696b3143977fca246 - - default default] Successfully bumped revision number for resource 4c94dd67-3b3a-43d0-9eb3-596ed0400acd (type: ports) to 1
2026-05-12 12:38:52.595 9 INFO neutron.wsgi [None req-769a52e9-345d-4541-a0f4-e009bb1f2816 d210ac65792e47ac96da83afb70baabf 6f314a3cc27344d696b3143977fca246 - - default default] 10.0.0.129 "POST /v2.0/networks HTTP/1.1" status: 201 len: 847 time: 1.1887057 /var/lib/openstack/lib/python3.10/site-packages/pycadf/identifier.py:71: UserWarning: Invalid uuid: neutron. To ensure interoperability, identifiers should be a valid uuid. warnings.warn(('Invalid uuid: %s. To ensure interoperability, '
2026-05-12 12:38:52.613 10 INFO neutron.wsgi [req-18fdee57-3cfc-4300-a4bc-cb993f48ca40 req-75679a5c-a0b6-4003-a7d6-61d4fca416c6 bada902974c448cb9be1cd7649243d5d 720edf3566f04a9cafbe20362eb5ba2f - - default default] 10.0.0.52 "GET /v2.0/security-groups?id=fc96df6d-a8ef-4f78-9482-6d3fc93d715c&fields=id&fields=name HTTP/1.1" status: 200 len: 286 time: 0.0551836
2026-05-12 12:38:52.785 9 INFO neutron.db.ovn_revision_numbers_db [req-ad28d6a0-082a-464e-9ff5-c465062b0ec0 req-8c4f750b-4c21-417b-b06a-b87f658968e9 051d982b2dd0416cbefc82d35d2a24d3 d3635270c66c47abbc4db15347eb055c - - 7919d296f07d4a20bccfb82a8f4b3ec3 7919d296f07d4a20bccfb82a8f4b3ec3] Successfully bumped revision number for resource 0e43fd28-5e27-4d33-94a5-a42290063e4c (type: ports) to 2
2026-05-12 12:38:52.790 10 WARNING neutron.scheduler.dhcp_agent_scheduler [None req-e210e5e1-1ff2-45a1-87ac-a0d8a6cb98da 55cc53db1b0e457d992db6e1b4d723f7 a591abdbc0204e5c988cc228c0c215f0 - - default default] No more DHCP agents
2026-05-12 12:38:52.793 10 WARNING neutron.api.rpc.agentnotifiers.dhcp_rpc_agent_api [None req-e210e5e1-1ff2-45a1-87ac-a0d8a6cb98da 55cc53db1b0e457d992db6e1b4d723f7 a591abdbc0204e5c988cc228c0c215f0 - - default default] Unable to schedule network b0fb7e81-d4ac-4ded-bcd8-6cff674e236f: no agents available; will retry on subsequent port and subnet creation events.
2026-05-12 12:38:52.843 9 INFO neutron.db.ovn_revision_numbers_db [None req-e9117f37-4201-4b37-94ab-4659c0a90f7b d210ac65792e47ac96da83afb70baabf 6f314a3cc27344d696b3143977fca246 - - default default] Successfully bumped revision number for resource 119c3b9e-b2a6-4fa2-98c9-5782ff8b842b (type: networks) to 2
2026-05-12 12:38:52.846 9 INFO neutron.wsgi [None req-e9117f37-4201-4b37-94ab-4659c0a90f7b d210ac65792e47ac96da83afb70baabf 6f314a3cc27344d696b3143977fca246 - - default default] 10.0.0.129 "PUT /v2.0/networks/119c3b9e-b2a6-4fa2-98c9-5782ff8b842b HTTP/1.1" status: 200 len: 792 time: 0.2459831
2026-05-12 12:38:52.899 10 INFO neutron.db.ovn_revision_numbers_db [None req-e210e5e1-1ff2-45a1-87ac-a0d8a6cb98da 55cc53db1b0e457d992db6e1b4d723f7 a591abdbc0204e5c988cc228c0c215f0 - - default default] Successfully bumped revision number for resource 5ae5fdcc-2a32-4d20-a4f7-ed8a1b9813fc (type: ports) to 1
2026-05-12 12:38:52.920 10 INFO neutron.wsgi [None req-e210e5e1-1ff2-45a1-87ac-a0d8a6cb98da 55cc53db1b0e457d992db6e1b4d723f7 a591abdbc0204e5c988cc228c0c215f0 - - default default] 10.0.0.129 "POST /v2.0/ports HTTP/1.1" status: 201 len: 978 time: 0.3673527 /var/lib/openstack/lib/python3.10/site-packages/pycadf/identifier.py:71: UserWarning: Invalid uuid: neutron. To ensure interoperability, identifiers should be a valid uuid. warnings.warn(('Invalid uuid: %s. To ensure interoperability, '
2026-05-12 12:38:53.007 10 INFO neutron.db.segments_db [None req-12c50c19-64aa-4f83-9dc2-9057494a5866 55cc53db1b0e457d992db6e1b4d723f7 a591abdbc0204e5c988cc228c0c215f0 - - default default] Added segment f6b7c694-876f-4b07-bf74-d21308c0c749 of type geneve for network 996ad830-64df-4fdb-9461-91c109fd7ff3
2026-05-12 12:38:53.078 9 INFO neutron.db.ovn_revision_numbers_db [req-ad28d6a0-082a-464e-9ff5-c465062b0ec0 req-8c4f750b-4c21-417b-b06a-b87f658968e9 051d982b2dd0416cbefc82d35d2a24d3 d3635270c66c47abbc4db15347eb055c - - 7919d296f07d4a20bccfb82a8f4b3ec3 7919d296f07d4a20bccfb82a8f4b3ec3] Successfully bumped revision number for resource 0e43fd28-5e27-4d33-94a5-a42290063e4c (type: ports) to 2
2026-05-12 12:38:53.100 9 INFO neutron.wsgi [req-ad28d6a0-082a-464e-9ff5-c465062b0ec0 req-8c4f750b-4c21-417b-b06a-b87f658968e9 051d982b2dd0416cbefc82d35d2a24d3 d3635270c66c47abbc4db15347eb055c - - 7919d296f07d4a20bccfb82a8f4b3ec3 7919d296f07d4a20bccfb82a8f4b3ec3] 199.19.213.199 "PUT /v2.0/ports/0e43fd28-5e27-4d33-94a5-a42290063e4c HTTP/1.1" status: 200 len: 1380 time: 1.0486462 /var/lib/openstack/lib/python3.10/site-packages/pycadf/identifier.py:71: UserWarning: Invalid uuid: neutron. To ensure interoperability, identifiers should be a valid uuid. warnings.warn(('Invalid uuid: %s. To ensure interoperability, '
2026-05-12 12:38:53.143 9 INFO neutron.notifiers.nova [-] Nova event matching ['req-59cb1529-267c-4d8d-9612-2237dcc13bec'] response: {'name': 'network-changed', 'server_uuid': '177ff31a-1b4e-43b3-93ad-9440b175c994', 'tag': '0e43fd28-5e27-4d33-94a5-a42290063e4c', 'status': 'completed', 'code': 200}
2026-05-12 12:38:53.149 10 INFO neutron.db.ovn_revision_numbers_db [None req-12c50c19-64aa-4f83-9dc2-9057494a5866 55cc53db1b0e457d992db6e1b4d723f7 a591abdbc0204e5c988cc228c0c215f0 - - default default] Successfully bumped revision number for resource 996ad830-64df-4fdb-9461-91c109fd7ff3 (type: networks) to 1
2026-05-12 12:38:53.161 9 WARNING neutron.scheduler.dhcp_agent_scheduler [None req-5cf3af18-255f-45aa-bd3b-9c68a873fb10 d210ac65792e47ac96da83afb70baabf 6f314a3cc27344d696b3143977fca246 - - default default] No more DHCP agents
2026-05-12 12:38:53.164 9 WARNING neutron.api.rpc.agentnotifiers.dhcp_rpc_agent_api [None req-5cf3af18-255f-45aa-bd3b-9c68a873fb10 d210ac65792e47ac96da83afb70baabf 6f314a3cc27344d696b3143977fca246 - - default default] Unable to schedule network 119c3b9e-b2a6-4fa2-98c9-5782ff8b842b: no agents available; will retry on subsequent port and subnet creation events.
2026-05-12 12:38:53.166 9 INFO neutron.wsgi [req-ad28d6a0-082a-464e-9ff5-c465062b0ec0 req-185bb2b1-b193-4f86-b30b-7390442730b2 051d982b2dd0416cbefc82d35d2a24d3 d3635270c66c47abbc4db15347eb055c - - 7919d296f07d4a20bccfb82a8f4b3ec3 7919d296f07d4a20bccfb82a8f4b3ec3] 199.19.213.199 "GET /v2.0/ports?tenant_id=720edf3566f04a9cafbe20362eb5ba2f&device_id=177ff31a-1b4e-43b3-93ad-9440b175c994 HTTP/1.1" status: 200 len: 1411 time: 0.0330594
2026-05-12 12:38:53.198 9 INFO neutron.wsgi [req-ad28d6a0-082a-464e-9ff5-c465062b0ec0 req-9424cac5-2dd3-4a4c-91bb-96629a057416 051d982b2dd0416cbefc82d35d2a24d3 d3635270c66c47abbc4db15347eb055c - - 7919d296f07d4a20bccfb82a8f4b3ec3 7919d296f07d4a20bccfb82a8f4b3ec3] 199.19.213.199 "GET /v2.0/floatingips?fixed_ip_address=10.100.0.10&port_id=0e43fd28-5e27-4d33-94a5-a42290063e4c HTTP/1.1" status: 200 len: 217 time: 0.0215669
2026-05-12 12:38:53.211 9 INFO neutron.db.ovn_revision_numbers_db [None req-5cf3af18-255f-45aa-bd3b-9c68a873fb10 d210ac65792e47ac96da83afb70baabf 6f314a3cc27344d696b3143977fca246 - - default default] Successfully bumped revision number for resource f02b007f-a27a-4f4c-a7e8-7dd29572f0e3 (type: subnets) to 0
2026-05-12 12:38:53.242 9 INFO neutron.wsgi [None req-5cf3af18-255f-45aa-bd3b-9c68a873fb10 d210ac65792e47ac96da83afb70baabf 6f314a3cc27344d696b3143977fca246 - - default default] 10.0.0.129 "POST /v2.0/subnets HTTP/1.1" status: 201 len: 821 time: 0.3906262
2026-05-12 12:38:53.248 9 INFO neutron.wsgi [req-ad28d6a0-082a-464e-9ff5-c465062b0ec0 req-ae6b5b65-b7c4-470a-b259-4bca436a80f8 051d982b2dd0416cbefc82d35d2a24d3 d3635270c66c47abbc4db15347eb055c - - 7919d296f07d4a20bccfb82a8f4b3ec3 7919d296f07d4a20bccfb82a8f4b3ec3] 199.19.213.199 "GET /v2.0/subnets?id=19483de9-b380-4b38-b5d8-1277694daa40 HTTP/1.1" status: 200 len: 870 time: 0.0425975
2026-05-12 12:38:53.281 9 INFO neutron.wsgi [req-ad28d6a0-082a-464e-9ff5-c465062b0ec0 req-ffcafa43-7fc2-441b-aa30-5d81f6b5edc6 051d982b2dd0416cbefc82d35d2a24d3 d3635270c66c47abbc4db15347eb055c - - 7919d296f07d4a20bccfb82a8f4b3ec3 7919d296f07d4a20bccfb82a8f4b3ec3] 199.19.213.199 "GET /v2.0/ports?network_id=d7f11261-b195-4f08-872d-4fb0313e7b89&device_owner=network%3Adhcp HTTP/1.1" status: 200 len: 210 time: 0.0195391
2026-05-12 12:38:53.305 10 WARNING neutron.scheduler.dhcp_agent_scheduler [None req-12c50c19-64aa-4f83-9dc2-9057494a5866 55cc53db1b0e457d992db6e1b4d723f7 a591abdbc0204e5c988cc228c0c215f0 - - default default] No more DHCP agents
2026-05-12 12:38:53.307 10 WARNING neutron.api.rpc.agentnotifiers.dhcp_rpc_agent_api [None req-12c50c19-64aa-4f83-9dc2-9057494a5866 55cc53db1b0e457d992db6e1b4d723f7 a591abdbc0204e5c988cc228c0c215f0 - - default default] Unable to schedule network 996ad830-64df-4fdb-9461-91c109fd7ff3: no agents available; will retry on subsequent port and subnet creation events.
2026-05-12 12:38:53.365 9 INFO neutron.wsgi [req-ad28d6a0-082a-464e-9ff5-c465062b0ec0 req-2711e4b0-3229-4340-9412-b8f202478842 051d982b2dd0416cbefc82d35d2a24d3 d3635270c66c47abbc4db15347eb055c - - 7919d296f07d4a20bccfb82a8f4b3ec3 7919d296f07d4a20bccfb82a8f4b3ec3] 199.19.213.199 "GET /v2.0/networks/d7f11261-b195-4f08-872d-4fb0313e7b89?fields=segments HTTP/1.1" status: 200 len: 212 time: 0.0774379
2026-05-12 12:38:53.385 10 INFO neutron.db.ovn_revision_numbers_db [None req-12c50c19-64aa-4f83-9dc2-9057494a5866 55cc53db1b0e457d992db6e1b4d723f7 a591abdbc0204e5c988cc228c0c215f0 - - default default] Successfully bumped revision number for resource 5623e918-d884-4e03-8622-35a5de530b49 (type: ports) to 1
2026-05-12 12:38:53.420 10 INFO neutron.wsgi [None req-12c50c19-64aa-4f83-9dc2-9057494a5866 55cc53db1b0e457d992db6e1b4d723f7 a591abdbc0204e5c988cc228c0c215f0 - - default default] 10.0.0.129 "POST /v2.0/networks HTTP/1.1" status: 201 len: 834 time: 0.4950337
2026-05-12 12:38:53.470 9 INFO neutron.wsgi [req-ad28d6a0-082a-464e-9ff5-c465062b0ec0 req-28027add-8c60-4779-bee0-9be28061f3f5 051d982b2dd0416cbefc82d35d2a24d3 d3635270c66c47abbc4db15347eb055c - - 7919d296f07d4a20bccfb82a8f4b3ec3 7919d296f07d4a20bccfb82a8f4b3ec3] 199.19.213.199 "GET /v2.0/networks/d7f11261-b195-4f08-872d-4fb0313e7b89?fields=provider%3Aphysical_network&fields=provider%3Anetwork_type HTTP/1.1" status: 200 len: 277 time: 0.0932791
2026-05-12 12:38:53.545 9 INFO neutron.wsgi [req-4e847ae8-b62f-4b5a-a804-e3591eaecb16 req-5bbd0939-e11f-409d-80ef-2b6fb0efefe7 051d982b2dd0416cbefc82d35d2a24d3 d3635270c66c47abbc4db15347eb055c - - 7919d296f07d4a20bccfb82a8f4b3ec3 7919d296f07d4a20bccfb82a8f4b3ec3] 199.19.213.199 "GET /v2.0/ports?tenant_id=720edf3566f04a9cafbe20362eb5ba2f&device_id=177ff31a-1b4e-43b3-93ad-9440b175c994 HTTP/1.1" status: 200 len: 1411 time: 0.0376313
2026-05-12 12:38:53.636 9 INFO neutron.wsgi [req-4e847ae8-b62f-4b5a-a804-e3591eaecb16 req-1d2c3198-ed81-4ea0-b6ef-053ea022db90 051d982b2dd0416cbefc82d35d2a24d3 d3635270c66c47abbc4db15347eb055c - - 7919d296f07d4a20bccfb82a8f4b3ec3 7919d296f07d4a20bccfb82a8f4b3ec3] 199.19.213.199 "GET /v2.0/networks?id=d7f11261-b195-4f08-872d-4fb0313e7b89 HTTP/1.1" status: 200 len: 975 time: 0.0848486
2026-05-12 12:38:53.652 9 INFO neutron.plugins.ml2.drivers.ovn.mech_driver.mech_driver [None req-3a078323-2504-463b-b6cc-c0b14309ece2 - - - - - -] OVN reports status up for port: 0e43fd28-5e27-4d33-94a5-a42290063e4c
2026-05-12 12:38:53.684 9 INFO neutron.wsgi [req-4e847ae8-b62f-4b5a-a804-e3591eaecb16 req-ca395ca8-9815-414e-a23d-0a8bc8c2c5ac 051d982b2dd0416cbefc82d35d2a24d3 d3635270c66c47abbc4db15347eb055c - - 7919d296f07d4a20bccfb82a8f4b3ec3 7919d296f07d4a20bccfb82a8f4b3ec3] 199.19.213.199 "GET /v2.0/floatingips?fixed_ip_address=10.100.0.10&port_id=0e43fd28-5e27-4d33-94a5-a42290063e4c HTTP/1.1" status: 200 len: 217 time: 0.0295789
2026-05-12 12:38:53.687 9 INFO neutron.plugins.ml2.plugin [None req-3a078323-2504-463b-b6cc-c0b14309ece2 - - - - - -] Attempt 1 to provision port 0e43fd28-5e27-4d33-94a5-a42290063e4c
2026-05-12 12:38:53.745 10 INFO neutron.wsgi [req-d6dd8163-d719-4af4-a6bf-f77ff7b5feb4 req-02871347-a851-4cbb-9866-9e40daaafd06 bada902974c448cb9be1cd7649243d5d 720edf3566f04a9cafbe20362eb5ba2f - - default default] 10.0.0.52 "GET /v2.0/ports?device_id=177ff31a-1b4e-43b3-93ad-9440b175c994 HTTP/1.1" status: 200 len: 1172 time: 0.0595956
2026-05-12 12:38:53.751 10 WARNING neutron.scheduler.dhcp_agent_scheduler [None req-63c93075-20cc-4e0b-95c1-686754b4a05b 55cc53db1b0e457d992db6e1b4d723f7 a591abdbc0204e5c988cc228c0c215f0 - - default default] No more DHCP agents
2026-05-12 12:38:53.753 10 WARNING neutron.api.rpc.agentnotifiers.dhcp_rpc_agent_api [None req-63c93075-20cc-4e0b-95c1-686754b4a05b 55cc53db1b0e457d992db6e1b4d723f7 a591abdbc0204e5c988cc228c0c215f0 - - default default] Unable to schedule network 996ad830-64df-4fdb-9461-91c109fd7ff3: no agents available; will retry on subsequent port and subnet creation events.
2026-05-12 12:38:53.757 9 INFO neutron.wsgi [req-4e847ae8-b62f-4b5a-a804-e3591eaecb16 req-0b45b5be-ee3b-48dc-b9e1-3567a4063315 051d982b2dd0416cbefc82d35d2a24d3 d3635270c66c47abbc4db15347eb055c - - 7919d296f07d4a20bccfb82a8f4b3ec3 7919d296f07d4a20bccfb82a8f4b3ec3] 199.19.213.199 "GET /v2.0/subnets?id=19483de9-b380-4b38-b5d8-1277694daa40 HTTP/1.1" status: 200 len: 870 time: 0.0674906
2026-05-12 12:38:53.793 9 INFO neutron.wsgi [req-4e847ae8-b62f-4b5a-a804-e3591eaecb16 req-4624fc8a-1053-4f5d-acb2-75a6cd7f7ea3 051d982b2dd0416cbefc82d35d2a24d3 d3635270c66c47abbc4db15347eb055c - - 7919d296f07d4a20bccfb82a8f4b3ec3 7919d296f07d4a20bccfb82a8f4b3ec3] 199.19.213.199 "GET /v2.0/ports?network_id=d7f11261-b195-4f08-872d-4fb0313e7b89&device_owner=network%3Adhcp HTTP/1.1" status: 200 len: 210 time: 0.0275571
2026-05-12 12:38:53.795 10 INFO neutron.db.ovn_revision_numbers_db [None req-63c93075-20cc-4e0b-95c1-686754b4a05b 55cc53db1b0e457d992db6e1b4d723f7 a591abdbc0204e5c988cc228c0c215f0 - - default default] Successfully bumped revision number for resource ff042fb9-a3bc-4d32-af1c-27cedb93cc19 (type: subnets) to 0
2026-05-12 12:38:53.807 10 INFO neutron.wsgi [req-d6dd8163-d719-4af4-a6bf-f77ff7b5feb4 req-e02ae0b1-dee6-4ce2-ba5f-7e3117ec0e68 bada902974c448cb9be1cd7649243d5d 720edf3566f04a9cafbe20362eb5ba2f - - default default] 10.0.0.52 "GET /v2.0/security-groups?id=fc96df6d-a8ef-4f78-9482-6d3fc93d715c&fields=id&fields=name HTTP/1.1" status: 200 len: 286 time: 0.0525036
2026-05-12 12:38:53.816 10 INFO neutron.wsgi [None req-63c93075-20cc-4e0b-95c1-686754b4a05b 55cc53db1b0e457d992db6e1b4d723f7 a591abdbc0204e5c988cc228c0c215f0 - - default default] 10.0.0.129 "POST /v2.0/subnets HTTP/1.1" status: 201 len: 821 time: 0.3898315
2026-05-12 12:38:53.883 9 INFO neutron.wsgi [req-4e847ae8-b62f-4b5a-a804-e3591eaecb16 req-73ff9a7b-a70d-4232-b6b5-711ca3b469c2 051d982b2dd0416cbefc82d35d2a24d3 d3635270c66c47abbc4db15347eb055c - - 7919d296f07d4a20bccfb82a8f4b3ec3 7919d296f07d4a20bccfb82a8f4b3ec3] 199.19.213.199 "GET /v2.0/networks/d7f11261-b195-4f08-872d-4fb0313e7b89?fields=segments HTTP/1.1" status: 200 len: 212 time: 0.0819561
2026-05-12 12:38:54.173 9 INFO neutron.wsgi [req-4e847ae8-b62f-4b5a-a804-e3591eaecb16 req-46ee5092-63dc-4855-a7b6-e7b991b3e977 051d982b2dd0416cbefc82d35d2a24d3 d3635270c66c47abbc4db15347eb055c - - 7919d296f07d4a20bccfb82a8f4b3ec3 7919d296f07d4a20bccfb82a8f4b3ec3] 199.19.213.199 "GET /v2.0/networks/d7f11261-b195-4f08-872d-4fb0313e7b89?fields=provider%3Aphysical_network&fields=provider%3Anetwork_type HTTP/1.1" status: 200 len: 277 time: 0.2836137
2026-05-12 12:38:54.192 10 WARNING neutron.plugins.ml2.drivers.ovn.mech_driver.ovsdb.ovn_client [None req-1ba4cf68-df90-4fdb-acf9-b87a25295594 - - - - - -] No hosting information found for port e3993546-3e4c-4181-98f6-05c8d29de386: RuntimeError: No hosting information found for port e3993546-3e4c-4181-98f6-05c8d29de386
2026-05-12 12:38:54.309 9 INFO neutron.db.ovn_revision_numbers_db [None req-3a078323-2504-463b-b6cc-c0b14309ece2 - - - - - -] Successfully bumped revision number for resource 0e43fd28-5e27-4d33-94a5-a42290063e4c (type: ports) to 4
2026-05-12 12:38:54.371 10 WARNING neutron.scheduler.dhcp_agent_scheduler [None req-ee8a48cd-77ef-4729-bbca-266325656bb1 55cc53db1b0e457d992db6e1b4d723f7 a591abdbc0204e5c988cc228c0c215f0 - - default default] No more DHCP agents
2026-05-12 12:38:54.374 10 WARNING neutron.api.rpc.agentnotifiers.dhcp_rpc_agent_api [None req-ee8a48cd-77ef-4729-bbca-266325656bb1 55cc53db1b0e457d992db6e1b4d723f7 a591abdbc0204e5c988cc228c0c215f0 - - default default] Unable to schedule network 996ad830-64df-4fdb-9461-91c109fd7ff3: no agents available; will retry on subsequent port and subnet creation events.
2026-05-12 12:38:54.412 9 INFO neutron.db.ovn_revision_numbers_db [None req-9e76c0c1-e4bc-4a44-ba43-295bb2ae3312 d210ac65792e47ac96da83afb70baabf 6f314a3cc27344d696b3143977fca246 - - default default] Successfully bumped revision number for resource 4c94dd67-3b3a-43d0-9eb3-596ed0400acd (type: ports) to 2
2026-05-12 12:38:54.447 9 INFO neutron.db.ovn_revision_numbers_db [None req-9e76c0c1-e4bc-4a44-ba43-295bb2ae3312 d210ac65792e47ac96da83afb70baabf 6f314a3cc27344d696b3143977fca246 - - default default] Successfully bumped revision number for resource f02b007f-a27a-4f4c-a7e8-7dd29572f0e3 (type: subnets) to 1
2026-05-12 12:38:54.450 9 INFO neutron.wsgi [None req-9e76c0c1-e4bc-4a44-ba43-295bb2ae3312 d210ac65792e47ac96da83afb70baabf 6f314a3cc27344d696b3143977fca246 - - default default] 10.0.0.129 "PUT /v2.0/subnets/f02b007f-a27a-4f4c-a7e8-7dd29572f0e3 HTTP/1.1" status: 200 len: 826 time: 1.2046406 /var/lib/openstack/lib/python3.10/site-packages/pycadf/identifier.py:71: UserWarning: Invalid uuid: neutron. To ensure interoperability, identifiers should be a valid uuid. warnings.warn(('Invalid uuid: %s. To ensure interoperability, '
2026-05-12 12:38:54.494 10 INFO neutron.db.ovn_revision_numbers_db [None req-ee8a48cd-77ef-4729-bbca-266325656bb1 55cc53db1b0e457d992db6e1b4d723f7 a591abdbc0204e5c988cc228c0c215f0 - - default default] Successfully bumped revision number for resource ff8c5ebf-45cd-415d-afa3-f9ec3759d7cf (type: ports) to 1
2026-05-12 12:38:54.519 10 INFO neutron.wsgi [None req-ee8a48cd-77ef-4729-bbca-266325656bb1 55cc53db1b0e457d992db6e1b4d723f7 a591abdbc0204e5c988cc228c0c215f0 - - default default] 10.0.0.129 "POST /v2.0/ports HTTP/1.1" status: 201 len: 1163 time: 0.6995285
2026-05-12 12:38:54.814 9 INFO neutron.wsgi [None req-df57ab9b-fa90-46bd-845f-f2f324be2d1d 55cc53db1b0e457d992db6e1b4d723f7 a591abdbc0204e5c988cc228c0c215f0 - - default default] 10.0.0.129 "DELETE /v2.0/ports/ff8c5ebf-45cd-415d-afa3-f9ec3759d7cf HTTP/1.1" status: 204 len: 168 time: 0.2902987 /var/lib/openstack/lib/python3.10/site-packages/pycadf/identifier.py:71: UserWarning: Invalid uuid: neutron. To ensure interoperability, identifiers should be a valid uuid. warnings.warn(('Invalid uuid: %s. To ensure interoperability, '
2026-05-12 12:38:54.840 10 INFO neutron.pecan_wsgi.hooks.translation [None req-874b5d2d-85f3-4526-b10a-d852a38062a4 55cc53db1b0e457d992db6e1b4d723f7 a591abdbc0204e5c988cc228c0c215f0 - - default default] DELETE failed (client error): The resource could not be found.
2026-05-12 12:38:54.842 10 INFO neutron.wsgi [None req-874b5d2d-85f3-4526-b10a-d852a38062a4 55cc53db1b0e457d992db6e1b4d723f7 a591abdbc0204e5c988cc228c0c215f0 - - default default] 10.0.0.129 "DELETE /v2.0/ports/ff8c5ebf-45cd-415d-afa3-f9ec3759d7cf HTTP/1.1" status: 404 len: 333 time: 0.0215859
2026-05-12 12:38:54.862 10 INFO neutron.pecan_wsgi.hooks.translation [None req-f8725b1b-4233-45ec-909f-5474bbc0958e 55cc53db1b0e457d992db6e1b4d723f7 a591abdbc0204e5c988cc228c0c215f0 - - default default] GET failed (client error): The resource could not be found.
2026-05-12 12:38:54.864 10 INFO neutron.wsgi [None req-f8725b1b-4233-45ec-909f-5474bbc0958e 55cc53db1b0e457d992db6e1b4d723f7 a591abdbc0204e5c988cc228c0c215f0 - - default default] 10.0.0.129 "GET /v2.0/ports/ff8c5ebf-45cd-415d-afa3-f9ec3759d7cf HTTP/1.1" status: 404 len: 333 time: 0.0169029
2026-05-12 12:38:54.902 10 INFO neutron.wsgi [req-28488bb2-aa2b-4f9b-9f20-19492413797e req-0aa6299c-dbd3-48c6-b115-bd52b80efec9 bada902974c448cb9be1cd7649243d5d 720edf3566f04a9cafbe20362eb5ba2f - - default default] 10.0.0.52 "GET /v2.0/ports?device_id=177ff31a-1b4e-43b3-93ad-9440b175c994 HTTP/1.1" status: 200 len: 1174 time: 0.0342698
2026-05-12 12:38:54.946 10 INFO neutron.wsgi [req-28488bb2-aa2b-4f9b-9f20-19492413797e req-89fed61f-73d4-42cf-bfdf-773cf84368c0 bada902974c448cb9be1cd7649243d5d 720edf3566f04a9cafbe20362eb5ba2f - - default default] 10.0.0.52 "GET /v2.0/security-groups?id=fc96df6d-a8ef-4f78-9482-6d3fc93d715c&fields=id&fields=name HTTP/1.1" status: 200 len: 286 time: 0.0387707
2026-05-12 12:38:55.046 9 INFO neutron.services.segments.plugin [-] Segment 6a407afc-2fa9-4028-a204-3da6d5a3bf16 resource provider aggregate not found
2026-05-12 12:38:55.052 9 INFO neutron.services.segments.plugin [-] Segment 6a407afc-2fa9-4028-a204-3da6d5a3bf16 resource provider aggregate not found
2026-05-12 12:38:55.058 9 INFO neutron.services.segments.plugin [-] Segment 6a407afc-2fa9-4028-a204-3da6d5a3bf16 resource provider not found; error: Placement Client Error (4xx): {"errors": [{"status": 404, "title": "Not Found", "detail": "The resource could not be found.\n\n No resource provider with uuid 6a407afc-2fa9-4028-a204-3da6d5a3bf16 found for delete ", "request_id": "req-45b2a8db-984c-43bd-b56a-1d3b1995e5ad"}]}
2026-05-12 12:38:55.074 9 INFO neutron.services.segments.plugin [-] Segment 6a407afc-2fa9-4028-a204-3da6d5a3bf16 resource provider not found; error: Placement Client Error (4xx): {"errors": [{"status": 404, "title": "Not Found", "detail": "The resource could not be found.\n\n No resource provider with uuid 6a407afc-2fa9-4028-a204-3da6d5a3bf16 found for delete ", "request_id": "req-d26b3549-de03-4bd1-a5af-b0efe10de83e"}]}
2026-05-12 12:38:55.084 9 INFO neutron.wsgi [None req-452d0276-a4b8-4b26-aa9c-5c86c0633a38 d210ac65792e47ac96da83afb70baabf 6f314a3cc27344d696b3143977fca246 - - default default] 10.0.0.129 "DELETE /v2.0/networks/119c3b9e-b2a6-4fa2-98c9-5782ff8b842b HTTP/1.1" status: 204 len: 168 time: 0.6285043
2026-05-12 12:38:55.101 9 INFO neutron.wsgi [None req-16469a18-3f11-42d2-809a-44a3bdc6e6ec 55cc53db1b0e457d992db6e1b4d723f7 a591abdbc0204e5c988cc228c0c215f0 - - default default] 10.0.0.129 "DELETE /v2.0/subnets/ff042fb9-a3bc-4d32-af1c-27cedb93cc19 HTTP/1.1" status: 204 len: 168 time: 0.2326000
2026-05-12 12:38:55.104 10 INFO neutron.pecan_wsgi.hooks.translation [None req-ac9ece81-4a71-434f-b642-81d95e84863b d210ac65792e47ac96da83afb70baabf 6f314a3cc27344d696b3143977fca246 - - default default] DELETE failed (client error): The resource could not be found.
2026-05-12 12:38:55.106 10 INFO neutron.wsgi [None req-ac9ece81-4a71-434f-b642-81d95e84863b d210ac65792e47ac96da83afb70baabf 6f314a3cc27344d696b3143977fca246 - - default default] 10.0.0.129 "DELETE /v2.0/networks/119c3b9e-b2a6-4fa2-98c9-5782ff8b842b HTTP/1.1" status: 404 len: 339 time: 0.0155566
2026-05-12 12:38:55.196 9 INFO neutron.notifiers.nova [-] Nova event matching ['req-0292ec7c-d691-48e4-aa0f-ed0ab4f694d4'] response: {'server_uuid': '177ff31a-1b4e-43b3-93ad-9440b175c994', 'name': 'network-vif-plugged', 'status': 'completed', 'tag': '0e43fd28-5e27-4d33-94a5-a42290063e4c', 'code': 200}
2026-05-12 12:38:55.196 9 INFO neutron.notifiers.nova [-] Nova event matching ['req-0292ec7c-d691-48e4-aa0f-ed0ab4f694d4'] response: {'server_uuid': '177ff31a-1b4e-43b3-93ad-9440b175c994', 'name': 'network-vif-plugged', 'status': 'completed', 'tag': '0e43fd28-5e27-4d33-94a5-a42290063e4c', 'code': 200}
2026-05-12 12:38:55.221 9 INFO neutron.wsgi [None req-3ab616a2-e7d2-493f-af63-6b08f2cc359e d210ac65792e47ac96da83afb70baabf 6f314a3cc27344d696b3143977fca246 - - default default] 10.0.0.129 "GET /v2.0/networks?router%3Aexternal=True HTTP/1.1" status: 200 len: 845 time: 0.1091239
2026-05-12 12:38:55.267 9 INFO neutron.wsgi [None req-dd7c487b-78f5-4c81-ba27-0bd83f54013c d210ac65792e47ac96da83afb70baabf 6f314a3cc27344d696b3143977fca246 - - default default] 10.0.0.129 "GET /v2.0/subnets?network_id=796f428f-b918-47ed-8844-446f5371b248 HTTP/1.1" status: 200 len: 820 time: 0.0413735
2026-05-12 12:38:55.276 9 INFO neutron.wsgi [None req-524d2439-7f7a-4a5b-b38e-ec6d524c1ea1 d210ac65792e47ac96da83afb70baabf 6f314a3cc27344d696b3143977fca246 - - default default] 10.0.0.129 "GET /v2.0/extensions HTTP/1.1" status: 200 len: 16520 time: 0.0053499
2026-05-12 12:38:55.381 9 INFO neutron.wsgi [None req-a4e3d6e9-b492-4386-b8d8-379a03e18f1e d210ac65792e47ac96da83afb70baabf 6f314a3cc27344d696b3143977fca246 - - default default] 10.0.0.129 "GET /v2.0/networks HTTP/1.1" status: 200 len: 1508 time: 0.1002955
2026-05-12 12:38:55.447 10 INFO neutron.wsgi [None req-758fee54-16c9-4575-8b1f-55ac3f6e4748 d210ac65792e47ac96da83afb70baabf 6f314a3cc27344d696b3143977fca246 - - default default] 10.0.0.129 "GET /v2.0/subnets HTTP/1.1" status: 200 len: 1460 time: 0.0601590
2026-05-12 12:38:55.511 10 INFO neutron.services.segments.plugin [-] Segment f6b7c694-876f-4b07-bf74-d21308c0c749 resource provider aggregate not found
2026-05-12 12:38:55.517 10 INFO neutron.services.segments.plugin [-] Segment f6b7c694-876f-4b07-bf74-d21308c0c749 resource provider aggregate not found
2026-05-12 12:38:55.523 9 INFO neutron.wsgi [None req-ffca7ece-bed3-490c-a01b-8f91a67e0961 d210ac65792e47ac96da83afb70baabf 6f314a3cc27344d696b3143977fca246 - - default default] 10.0.0.129 "GET /v2.0/networks/24a01522-a50e-481c-9936-3983e27977be HTTP/1.1" status: 200 len: 867 time: 0.0687387
2026-05-12 12:38:55.539 10 INFO neutron.services.segments.plugin [-] Segment f6b7c694-876f-4b07-bf74-d21308c0c749 resource provider not found; error: Placement Client Error (4xx): {"errors": [{"status": 404, "title": "Not Found", "detail": "The resource could not be found.\n\n No resource provider with uuid f6b7c694-876f-4b07-bf74-d21308c0c749 found for delete ", "request_id": "req-479ef956-3560-4573-aedf-1d8064fe6e9f"}]}
2026-05-12 12:38:55.540 10 INFO neutron.services.segments.plugin [-] Segment f6b7c694-876f-4b07-bf74-d21308c0c749 resource provider not found; error: Placement Client Error (4xx): {"errors": [{"status": 404, "title": "Not Found", "detail": "The resource could not be found.\n\n No resource provider with uuid f6b7c694-876f-4b07-bf74-d21308c0c749 found for delete ", "request_id": "req-d74a84cd-af83-4804-852d-62ab25169480"}]}
2026-05-12 12:38:55.564 10 INFO neutron.wsgi [None req-0242d1c2-d747-4fb0-bdc4-14b0a652f85a 55cc53db1b0e457d992db6e1b4d723f7 a591abdbc0204e5c988cc228c0c215f0 - - default default] 10.0.0.129 "DELETE /v2.0/networks/996ad830-64df-4fdb-9461-91c109fd7ff3 HTTP/1.1" status: 204 len: 168 time: 0.4565580
2026-05-12 12:38:55.572 10 INFO neutron.wsgi [None req-823c2031-c956-4b50-9977-6f711e0a5cdc d210ac65792e47ac96da83afb70baabf 6f314a3cc27344d696b3143977fca246 - - default default] 10.0.0.129 "GET /v2.0/subnets/1bb975d3-1705-4f35-a953-1c4e747b2fa3 HTTP/1.1" status: 200 len: 843 time: 0.0411596
2026-05-12 12:38:55.592 10 INFO neutron.pecan_wsgi.hooks.translation [None req-48e05e0b-8d52-42fe-bbe7-a44c5ef5f0b2 d210ac65792e47ac96da83afb70baabf 6f314a3cc27344d696b3143977fca246 - - default default] DELETE failed (client error): The resource could not be found.
2026-05-12 12:38:55.594 10 INFO neutron.wsgi [None req-48e05e0b-8d52-42fe-bbe7-a44c5ef5f0b2 d210ac65792e47ac96da83afb70baabf 6f314a3cc27344d696b3143977fca246 - - default default] 10.0.0.129 "DELETE /v2.0/subnets/f02b007f-a27a-4f4c-a7e8-7dd29572f0e3 HTTP/1.1" status: 404 len: 337 time: 0.0167453
2026-05-12 12:38:55.632 10 INFO neutron.pecan_wsgi.hooks.translation [None req-f1ec8dc7-5ab5-4477-a514-ff622fecddf3 d210ac65792e47ac96da83afb70baabf 6f314a3cc27344d696b3143977fca246 - - default default] DELETE failed (client error): The resource could not be found.
2026-05-12 12:38:55.634 10 INFO neutron.wsgi [None req-f1ec8dc7-5ab5-4477-a514-ff622fecddf3 d210ac65792e47ac96da83afb70baabf 6f314a3cc27344d696b3143977fca246 - - default default] 10.0.0.129 "DELETE /v2.0/networks/119c3b9e-b2a6-4fa2-98c9-5782ff8b842b HTTP/1.1" status: 404 len: 339 time: 0.0238652
2026-05-12 12:38:55.662 9 INFO neutron.db.segments_db [None req-32ca68e5-5bd1-47e9-9a37-cd8f2e38eb34 55cc53db1b0e457d992db6e1b4d723f7 a591abdbc0204e5c988cc228c0c215f0 - - default default] Added segment 3f07085e-f9f5-4e44-b48c-802dbd51ac68 of type geneve for network b463db2c-413d-4027-b378-bea27cc7d5ac
2026-05-12 12:38:55.800 10 INFO neutron.wsgi [None req-1097aa3b-6b96-4518-b6e1-28d18cebd860 d210ac65792e47ac96da83afb70baabf 6f314a3cc27344d696b3143977fca246 - - default default] 10.0.0.129 "DELETE /v2.0/subnets/1bb975d3-1705-4f35-a953-1c4e747b2fa3 HTTP/1.1" status: 204 len: 168 time: 0.1617281
2026-05-12 12:38:55.828 9 INFO neutron.db.ovn_revision_numbers_db [None req-32ca68e5-5bd1-47e9-9a37-cd8f2e38eb34 55cc53db1b0e457d992db6e1b4d723f7 a591abdbc0204e5c988cc228c0c215f0 - - default default] Successfully bumped revision number for resource b463db2c-413d-4027-b378-bea27cc7d5ac (type: networks) to 1
2026-05-12 12:38:56.013 9 WARNING neutron.scheduler.dhcp_agent_scheduler [None req-32ca68e5-5bd1-47e9-9a37-cd8f2e38eb34 55cc53db1b0e457d992db6e1b4d723f7 a591abdbc0204e5c988cc228c0c215f0 - - default default] No more DHCP agents
2026-05-12 12:38:56.017 9 WARNING neutron.api.rpc.agentnotifiers.dhcp_rpc_agent_api [None req-32ca68e5-5bd1-47e9-9a37-cd8f2e38eb34 55cc53db1b0e457d992db6e1b4d723f7 a591abdbc0204e5c988cc228c0c215f0 - - default default] Unable to schedule network b463db2c-413d-4027-b378-bea27cc7d5ac: no agents available; will retry on subsequent port and subnet creation events.
2026-05-12 12:38:56.114 9 INFO neutron.db.ovn_revision_numbers_db [None req-32ca68e5-5bd1-47e9-9a37-cd8f2e38eb34 55cc53db1b0e457d992db6e1b4d723f7 a591abdbc0204e5c988cc228c0c215f0 - - default default] Successfully bumped revision number for resource d7d932e0-1998-42ce-9c87-e0712ca9c5d2 (type: ports) to 1
2026-05-12 12:38:56.136 9 INFO neutron.wsgi [None req-32ca68e5-5bd1-47e9-9a37-cd8f2e38eb34 55cc53db1b0e457d992db6e1b4d723f7 a591abdbc0204e5c988cc228c0c215f0 - - default default] 10.0.0.129 "POST /v2.0/networks HTTP/1.1" status: 201 len: 835 time: 0.5671127
2026-05-12 12:38:56.138 10 INFO neutron.wsgi [req-767fed3e-b27b-4c3e-bbe0-d0a529f47024 req-b5cf0bc8-96c2-4b08-9cb7-c9e0b7af2736 bada902974c448cb9be1cd7649243d5d 720edf3566f04a9cafbe20362eb5ba2f - - default default] 10.0.0.52 "GET /v2.0/ports?device_id=177ff31a-1b4e-43b3-93ad-9440b175c994 HTTP/1.1" status: 200 len: 1174 time: 0.1239896
2026-05-12 12:38:56.194 10 INFO neutron.wsgi [req-767fed3e-b27b-4c3e-bbe0-d0a529f47024 req-5312758e-ad31-4180-a68b-2ce856db2ed3 bada902974c448cb9be1cd7649243d5d 720edf3566f04a9cafbe20362eb5ba2f - - default default] 10.0.0.52 "GET /v2.0/security-groups?id=fc96df6d-a8ef-4f78-9482-6d3fc93d715c&fields=id&fields=name HTTP/1.1" status: 200 len: 286 time: 0.0427437
2026-05-12 12:38:56.202 10 INFO neutron.wsgi [None req-298ae19b-87c7-4eb7-b6db-6e5839426aa9 d210ac65792e47ac96da83afb70baabf 6f314a3cc27344d696b3143977fca246 - - default default] 10.0.0.129 "DELETE /v2.0/networks/24a01522-a50e-481c-9936-3983e27977be HTTP/1.1" status: 204 len: 168 time: 0.3958247
2026-05-12 12:38:56.370 9 WARNING neutron.scheduler.dhcp_agent_scheduler [None req-2893bbb5-36be-4a50-bfe2-d3e9ce789062 55cc53db1b0e457d992db6e1b4d723f7 a591abdbc0204e5c988cc228c0c215f0 - - default default] No more DHCP agents
2026-05-12 12:38:56.372 9 WARNING neutron.api.rpc.agentnotifiers.dhcp_rpc_agent_api [None req-2893bbb5-36be-4a50-bfe2-d3e9ce789062 55cc53db1b0e457d992db6e1b4d723f7 a591abdbc0204e5c988cc228c0c215f0 - - default default] Unable to schedule network b463db2c-413d-4027-b378-bea27cc7d5ac: no agents available; will retry on subsequent port and subnet creation events.
2026-05-12 12:38:56.416 9 INFO neutron.db.ovn_revision_numbers_db [None req-2893bbb5-36be-4a50-bfe2-d3e9ce789062 55cc53db1b0e457d992db6e1b4d723f7 a591abdbc0204e5c988cc228c0c215f0 - - default default] Successfully bumped revision number for resource 85ccd322-c387-4169-947a-1253a72c8eba (type: subnets) to 0
2026-05-12 12:38:56.432 9 INFO neutron.wsgi [None req-2893bbb5-36be-4a50-bfe2-d3e9ce789062 55cc53db1b0e457d992db6e1b4d723f7 a591abdbc0204e5c988cc228c0c215f0 - - default default] 10.0.0.129 "POST /v2.0/subnets HTTP/1.1" status: 201 len: 821 time: 0.2882147
2026-05-12 12:38:56.545 9 INFO neutron.plugins.ml2.drivers.ovn.mech_driver.mech_driver [None req-3a078323-2504-463b-b6cc-c0b14309ece2 - - - - - -] OVN reports status down for port: 0e43fd28-5e27-4d33-94a5-a42290063e4c
2026-05-12 12:38:56.555 10 INFO neutron.wsgi [req-a2458870-a3fa-4a74-b290-fdffec5af67a req-339259cb-c441-43ad-b616-6570e224f45c bada902974c448cb9be1cd7649243d5d 720edf3566f04a9cafbe20362eb5ba2f - - default default] 10.0.0.52 "GET /v2.0/ports?device_id=177ff31a-1b4e-43b3-93ad-9440b175c994 HTTP/1.1" status: 200 len: 1174 time: 0.0424898
2026-05-12 12:38:56.604 10 INFO neutron.wsgi [req-a2458870-a3fa-4a74-b290-fdffec5af67a req-292f6fc3-b56b-465c-8203-ba0ea78e459f bada902974c448cb9be1cd7649243d5d 720edf3566f04a9cafbe20362eb5ba2f - - default default] 10.0.0.52 "GET /v2.0/security-groups?id=fc96df6d-a8ef-4f78-9482-6d3fc93d715c&fields=id&fields=name HTTP/1.1" status: 200 len: 286 time: 0.0420122
2026-05-12 12:38:56.852 9 WARNING neutron.scheduler.dhcp_agent_scheduler [None req-e8b3332f-0c8d-4d43-b2d0-0910ad394f4d 55cc53db1b0e457d992db6e1b4d723f7 a591abdbc0204e5c988cc228c0c215f0 - - default default] No more DHCP agents
2026-05-12 12:38:56.857 9 WARNING neutron.api.rpc.agentnotifiers.dhcp_rpc_agent_api [None req-e8b3332f-0c8d-4d43-b2d0-0910ad394f4d 55cc53db1b0e457d992db6e1b4d723f7 a591abdbc0204e5c988cc228c0c215f0 - - default default] Unable to schedule network b463db2c-413d-4027-b378-bea27cc7d5ac: no agents available; will retry on subsequent port and subnet creation events.
2026-05-12 12:38:56.905 10 INFO neutron.wsgi [None req-e1e5f0ac-7fbc-4ab5-b576-b0d9b94ecc88 813b50fe033c47bf86101b677565ebf1 70531c47f5fd4c7d945a6ab385b39429 - - default default] 10.0.0.129 "GET /v2.0/security-groups?tenant_id=6f314a3cc27344d696b3143977fca246&name=default HTTP/1.1" status: 200 len: 2996 time: 0.1513536
2026-05-12 12:38:57.100 10 INFO neutron.wsgi [None req-08a7b27d-e916-4d48-a0ca-75364f4cf9b6 813b50fe033c47bf86101b677565ebf1 70531c47f5fd4c7d945a6ab385b39429 - - default default] 10.0.0.129 "DELETE /v2.0/security-groups/db910f62-5dbd-4448-9ef2-70f15663d828 HTTP/1.1" status: 204 len: 168 time: 0.1900766
2026-05-12 12:38:57.176 9 INFO neutron.wsgi [req-888ebbf4-1dd4-4ac7-9376-d7c187076900 req-82fb7450-0ce8-4ec1-98ee-7984f571c3d5 bada902974c448cb9be1cd7649243d5d 720edf3566f04a9cafbe20362eb5ba2f - - default default] 199.19.213.199 "GET /v2.0/ports?device_id=177ff31a-1b4e-43b3-93ad-9440b175c994 HTTP/1.1" status: 200 len: 1172 time: 0.3540583
2026-05-12 12:38:57.213 9 INFO neutron.db.ovn_revision_numbers_db [None req-3a078323-2504-463b-b6cc-c0b14309ece2 - - - - - -] Successfully bumped revision number for resource 0e43fd28-5e27-4d33-94a5-a42290063e4c (type: ports) to 5
2026-05-12 12:38:57.238 9 INFO neutron.notifiers.nova [-] Nova event matching ['req-c5678657-5ca6-463d-b415-2914a152f447'] response: {'server_uuid': '177ff31a-1b4e-43b3-93ad-9440b175c994', 'name': 'network-vif-unplugged', 'status': 'completed', 'tag': '0e43fd28-5e27-4d33-94a5-a42290063e4c', 'code': 200}
2026-05-12 12:38:57.269 9 INFO neutron.db.ovn_revision_numbers_db [None req-e8b3332f-0c8d-4d43-b2d0-0910ad394f4d 55cc53db1b0e457d992db6e1b4d723f7 a591abdbc0204e5c988cc228c0c215f0 - - default default] Successfully bumped revision number for resource ad151748-e030-45ee-a3e1-4d426a3e4530 (type: ports) to 1
2026-05-12 12:38:57.299 9 INFO neutron.wsgi [None req-e8b3332f-0c8d-4d43-b2d0-0910ad394f4d 55cc53db1b0e457d992db6e1b4d723f7 a591abdbc0204e5c988cc228c0c215f0 - - default default] 10.0.0.129 "POST /v2.0/ports HTTP/1.1" status: 201 len: 1127 time: 0.8613968 /var/lib/openstack/lib/python3.10/site-packages/pycadf/identifier.py:71: UserWarning: Invalid uuid: neutron. To ensure interoperability, identifiers should be a valid uuid. warnings.warn(('Invalid uuid: %s. To ensure interoperability, '
2026-05-12 12:38:57.563 10 INFO neutron.services.segments.plugin [-] Segment 38ddcead-5e40-4001-b878-2afe0ce7ab75 resource provider aggregate not found
2026-05-12 12:38:57.568 10 INFO neutron.services.segments.plugin [-] Segment 38ddcead-5e40-4001-b878-2afe0ce7ab75 resource provider aggregate not found
2026-05-12 12:38:57.573 9 INFO neutron.wsgi [req-888ebbf4-1dd4-4ac7-9376-d7c187076900 req-635c38d5-99ba-42bc-9870-981ec57a551b bada902974c448cb9be1cd7649243d5d 720edf3566f04a9cafbe20362eb5ba2f - - default default] 199.19.213.199 "DELETE /v2.0/ports/0e43fd28-5e27-4d33-94a5-a42290063e4c HTTP/1.1" status: 204 len: 173 time: 0.3893061
2026-05-12 12:38:57.586 10 INFO neutron.services.segments.plugin [-] Segment 38ddcead-5e40-4001-b878-2afe0ce7ab75 resource provider not found; error: Placement Client Error (4xx): {"errors": [{"status": 404, "title": "Not Found", "detail": "The resource could not be found.\n\n No resource provider with uuid 38ddcead-5e40-4001-b878-2afe0ce7ab75 found for delete ", "request_id": "req-e56d86c1-3759-4dbf-bb94-080285aad2f7"}]}
2026-05-12 12:38:57.587 10 INFO neutron.services.segments.plugin [-] Segment 38ddcead-5e40-4001-b878-2afe0ce7ab75 resource provider not found; error: Placement Client Error (4xx): {"errors": [{"status": 404, "title": "Not Found", "detail": "The resource could not be found.\n\n No resource provider with uuid 38ddcead-5e40-4001-b878-2afe0ce7ab75 found for delete ", "request_id": "req-c9ba1f57-41e7-4beb-b9bc-65768f17868e"}]}
2026-05-12 12:38:57.614 9 INFO neutron.wsgi [None req-aa139345-dcbe-46d2-838c-edd33e2d3790 55cc53db1b0e457d992db6e1b4d723f7 a591abdbc0204e5c988cc228c0c215f0 - - default default] 10.0.0.129 "DELETE /v2.0/ports/ad151748-e030-45ee-a3e1-4d426a3e4530 HTTP/1.1" status: 204 len: 168 time: 0.3065670
2026-05-12 12:38:57.634 9 INFO neutron.pecan_wsgi.hooks.translation [None req-9f1a4456-99e9-4526-9570-9661d6dce71e 55cc53db1b0e457d992db6e1b4d723f7 a591abdbc0204e5c988cc228c0c215f0 - - default default] GET failed (client error): The resource could not be found.
2026-05-12 12:38:57.635 9 INFO neutron.wsgi [None req-9f1a4456-99e9-4526-9570-9661d6dce71e 55cc53db1b0e457d992db6e1b4d723f7 a591abdbc0204e5c988cc228c0c215f0 - - default default] 10.0.0.129 "GET /v2.0/ports/ad151748-e030-45ee-a3e1-4d426a3e4530 HTTP/1.1" status: 404 len: 333 time: 0.0151176
2026-05-12 12:38:57.703 10 INFO neutron.wsgi [req-e608c69d-2bfb-45a0-b475-8207fed4c70f req-4c4eeba6-6fd3-4568-a106-6e57df40591f bada902974c448cb9be1cd7649243d5d 720edf3566f04a9cafbe20362eb5ba2f - - default default] 10.0.0.52 "GET /v2.0/ports?device_id=177ff31a-1b4e-43b3-93ad-9440b175c994 HTTP/1.1" status: 200 len: 210 time: 0.0314894
2026-05-12 12:38:57.803 9 INFO neutron.wsgi [None req-de055ccf-af34-415f-8fd0-49738483c959 55cc53db1b0e457d992db6e1b4d723f7 a591abdbc0204e5c988cc228c0c215f0 - - default default] 10.0.0.129 "DELETE /v2.0/subnets/85ccd322-c387-4169-947a-1253a72c8eba HTTP/1.1" status: 204 len: 168 time: 0.1634703
2026-05-12 12:38:58.154 9 INFO neutron.services.segments.plugin [-] Segment 3f07085e-f9f5-4e44-b48c-802dbd51ac68 resource provider aggregate not found
2026-05-12 12:38:58.158 9 INFO neutron.services.segments.plugin [-] Segment 3f07085e-f9f5-4e44-b48c-802dbd51ac68 resource provider aggregate not found
2026-05-12 12:38:58.175 9 INFO neutron.services.segments.plugin [-] Segment 3f07085e-f9f5-4e44-b48c-802dbd51ac68 resource provider not found; error: Placement Client Error (4xx): {"errors": [{"status": 404, "title": "Not Found", "detail": "The resource could not be found.\n\n No resource provider with uuid 3f07085e-f9f5-4e44-b48c-802dbd51ac68 found for delete ", "request_id": "req-b0746bd5-50a3-4695-8b43-3726a7cf8aa8"}]}
2026-05-12 12:38:58.176 9 INFO neutron.services.segments.plugin [-] Segment 3f07085e-f9f5-4e44-b48c-802dbd51ac68 resource provider not found; error: Placement Client Error (4xx): {"errors": [{"status": 404, "title": "Not Found", "detail": "The resource could not be found.\n\n No resource provider with uuid 3f07085e-f9f5-4e44-b48c-802dbd51ac68 found for delete ", "request_id": "req-e7e19632-884e-4957-8dda-ac7dd9498446"}]}
2026-05-12 12:38:58.200 9 INFO neutron.wsgi [None req-2684e3f5-3977-47d7-a646-4a427a953018 55cc53db1b0e457d992db6e1b4d723f7 a591abdbc0204e5c988cc228c0c215f0 - - default default] 10.0.0.129 "DELETE /v2.0/networks/b463db2c-413d-4027-b378-bea27cc7d5ac HTTP/1.1" status: 204 len: 168 time: 0.3930964
2026-05-12 12:38:58.463 9 WARNING neutron.scheduler.dhcp_agent_scheduler [None req-faae3552-c425-4185-8841-1f5351a394db 55cc53db1b0e457d992db6e1b4d723f7 a591abdbc0204e5c988cc228c0c215f0 - - default default] No more DHCP agents
2026-05-12 12:38:58.466 9 WARNING neutron.api.rpc.agentnotifiers.dhcp_rpc_agent_api [None req-faae3552-c425-4185-8841-1f5351a394db 55cc53db1b0e457d992db6e1b4d723f7 a591abdbc0204e5c988cc228c0c215f0 - - default default] Unable to schedule network b0fb7e81-d4ac-4ded-bcd8-6cff674e236f: no agents available; will retry on subsequent port and subnet creation events.
2026-05-12 12:38:58.549 9 INFO neutron.db.ovn_revision_numbers_db [None req-faae3552-c425-4185-8841-1f5351a394db 55cc53db1b0e457d992db6e1b4d723f7 a591abdbc0204e5c988cc228c0c215f0 - - default default] Successfully bumped revision number for resource 18a6820c-240b-4ace-b736-ad3874ba5871 (type: ports) to 1
2026-05-12 12:38:58.572 9 INFO neutron.wsgi [None req-faae3552-c425-4185-8841-1f5351a394db 55cc53db1b0e457d992db6e1b4d723f7 a591abdbc0204e5c988cc228c0c215f0 - - default default] 10.0.0.129 "POST /v2.0/ports HTTP/1.1" status: 201 len: 977 time: 0.3622298 /var/lib/openstack/lib/python3.10/site-packages/pycadf/identifier.py:71: UserWarning: Invalid uuid: neutron. To ensure interoperability, identifiers should be a valid uuid. warnings.warn(('Invalid uuid: %s. To ensure interoperability, '
2026-05-12 12:38:58.688 9 INFO neutron.wsgi [req-08cda7fb-c426-4659-a4bc-a967eecba262 req-278b62a2-aace-4dc3-aa9e-7eb3a7542d38 051d982b2dd0416cbefc82d35d2a24d3 d3635270c66c47abbc4db15347eb055c - - 7919d296f07d4a20bccfb82a8f4b3ec3 7919d296f07d4a20bccfb82a8f4b3ec3] 10.0.0.90 "GET /v2.0/ports?device_id=120d5b30-ce69-4eb7-b2fc-5ba279e245d8 HTTP/1.1" status: 200 len: 1413 time: 0.0412910
2026-05-12 12:38:58.753 9 INFO neutron.wsgi [req-08cda7fb-c426-4659-a4bc-a967eecba262 req-99acc8e8-051c-4080-92a4-0f8622f961e2 051d982b2dd0416cbefc82d35d2a24d3 d3635270c66c47abbc4db15347eb055c - - 7919d296f07d4a20bccfb82a8f4b3ec3 7919d296f07d4a20bccfb82a8f4b3ec3] 10.0.0.90 "GET /v2.0/security-groups?id=eabc8a5b-d936-49e7-9fb5-fed4e9f5814b&fields=id&fields=name HTTP/1.1" status: 200 len: 313 time: 0.0560160
2026-05-12 12:38:58.834 9 INFO neutron.plugins.ml2.drivers.ovn.mech_driver.mech_driver [None req-3a078323-2504-463b-b6cc-c0b14309ece2 - - - - - -] OVN reports status down for port: 18a6820c-240b-4ace-b736-ad3874ba5871
2026-05-12 12:38:58.869 9 INFO neutron.db.ovn_revision_numbers_db [None req-7403200d-7bf3-49f3-9b0a-4668e175275a 55cc53db1b0e457d992db6e1b4d723f7 a591abdbc0204e5c988cc228c0c215f0 - - default default] Successfully bumped revision number for resource 18a6820c-240b-4ace-b736-ad3874ba5871 (type: ports) to 2
2026-05-12 12:38:58.880 9 INFO neutron.wsgi [None req-7403200d-7bf3-49f3-9b0a-4668e175275a 55cc53db1b0e457d992db6e1b4d723f7 a591abdbc0204e5c988cc228c0c215f0 - - default default] 10.0.0.129 "PUT /v2.0/ports/18a6820c-240b-4ace-b736-ad3874ba5871 HTTP/1.1" status: 200 len: 946 time: 0.3015435 /var/lib/openstack/lib/python3.10/site-packages/pycadf/identifier.py:71: UserWarning: Invalid uuid: neutron. To ensure interoperability, identifiers should be a valid uuid. warnings.warn(('Invalid uuid: %s. To ensure interoperability, '
2026-05-12 12:38:59.123 9 INFO neutron.wsgi [None req-12997798-f8e6-42cf-a982-bbfa554e31cc 55cc53db1b0e457d992db6e1b4d723f7 a591abdbc0204e5c988cc228c0c215f0 - - default default] 10.0.0.129 "DELETE /v2.0/ports/18a6820c-240b-4ace-b736-ad3874ba5871 HTTP/1.1" status: 204 len: 168 time: 0.2387383
2026-05-12 12:38:59.136 10 INFO neutron.db.ovn_revision_numbers_db [None req-15f0f9de-f9c5-435d-94d9-17643a273961 9f1ce77586a547459b700651bf24f8a3 6fb7a76f533343239489d2cd923ac99f - - default default] Successfully bumped revision number for resource 3a9548e7-40d3-47dd-910d-629f02f0a5fa (type: security_groups) to 1
2026-05-12 12:38:59.149 10 INFO neutron.db.ovn_revision_numbers_db [None req-15f0f9de-f9c5-435d-94d9-17643a273961 9f1ce77586a547459b700651bf24f8a3 6fb7a76f533343239489d2cd923ac99f - - default default] Successfully bumped revision number for resource 5b530812-ff76-409e-ba90-0d50ffab5ce3 (type: security_group_rules) to 0
2026-05-12 12:38:59.172 10 INFO neutron.db.ovn_revision_numbers_db [None req-15f0f9de-f9c5-435d-94d9-17643a273961 9f1ce77586a547459b700651bf24f8a3 6fb7a76f533343239489d2cd923ac99f - - default default] Successfully bumped revision number for resource 64984851-5b18-4c84-98d2-457b02f124ba (type: security_group_rules) to 0
2026-05-12 12:38:59.187 10 INFO neutron.db.ovn_revision_numbers_db [None req-15f0f9de-f9c5-435d-94d9-17643a273961 9f1ce77586a547459b700651bf24f8a3 6fb7a76f533343239489d2cd923ac99f - - default default] Successfully bumped revision number for resource 74647db1-47bc-4ba5-923b-a43073cde225 (type: security_group_rules) to 0
2026-05-12 12:38:59.208 10 INFO neutron.db.ovn_revision_numbers_db [None req-15f0f9de-f9c5-435d-94d9-17643a273961 9f1ce77586a547459b700651bf24f8a3 6fb7a76f533343239489d2cd923ac99f - - default default] Successfully bumped revision number for resource 8a3a8298-63ee-4790-ad0f-7470e9c38816 (type: security_group_rules) to 0
2026-05-12 12:38:59.210 9 INFO neutron.wsgi [None req-9a448330-68e7-4242-98a3-ba669d5c0946 55cc53db1b0e457d992db6e1b4d723f7 a591abdbc0204e5c988cc228c0c215f0 - - default default] 10.0.0.129 "GET /v2.0/ports HTTP/1.1" status: 200 len: 1733 time: 0.0814288
2026-05-12 12:38:59.231 9 INFO neutron.pecan_wsgi.hooks.translation [None req-f4387dd6-2c23-4e8e-b82c-9c2b4e654fca 55cc53db1b0e457d992db6e1b4d723f7 a591abdbc0204e5c988cc228c0c215f0 - - default default] GET failed (client error): The resource could not be found.
2026-05-12 12:38:59.233 9 INFO neutron.wsgi [None req-f4387dd6-2c23-4e8e-b82c-9c2b4e654fca 55cc53db1b0e457d992db6e1b4d723f7 a591abdbc0204e5c988cc228c0c215f0 - - default default] 10.0.0.129 "GET /v2.0/ports/18a6820c-240b-4ace-b736-ad3874ba5871 HTTP/1.1" status: 404 len: 333 time: 0.0172489
2026-05-12 12:38:59.266 10 INFO neutron.db.segments_db [None req-15f0f9de-f9c5-435d-94d9-17643a273961 9f1ce77586a547459b700651bf24f8a3 6fb7a76f533343239489d2cd923ac99f - - default default] Added segment 1535d114-a4ef-4c70-98e6-cf1fa5be8215 of type geneve for network de96407f-21ea-4a6f-b817-050ec7874f12
2026-05-12 12:38:59.272 9 INFO neutron.notifiers.nova [-] Nova event matching ['req-d30542a6-dbcf-4f41-bcd5-5320f7558875'] response: {'server_uuid': '177ff31a-1b4e-43b3-93ad-9440b175c994', 'name': 'network-vif-plugged', 'status': 'completed', 'tag': '0e43fd28-5e27-4d33-94a5-a42290063e4c', 'code': 200}
2026-05-12 12:38:59.272 9 INFO neutron.notifiers.nova [-] Nova event matching ['req-d30542a6-dbcf-4f41-bcd5-5320f7558875'] response: {'server_uuid': '177ff31a-1b4e-43b3-93ad-9440b175c994', 'name': 'network-vif-deleted', 'tag': '0e43fd28-5e27-4d33-94a5-a42290063e4c', 'status': 'completed', 'code': 200}
2026-05-12 12:38:59.283 9 INFO neutron.wsgi [None req-096e1810-ed95-4d47-97ea-0f2c682f940d 55cc53db1b0e457d992db6e1b4d723f7 a591abdbc0204e5c988cc228c0c215f0 - - default default] 10.0.0.129 "GET /v2.0/ports HTTP/1.1" status: 200 len: 1733 time: 0.0361695
2026-05-12 12:38:59.324 9 INFO neutron.wsgi [None req-2418931f-9500-46b4-af9c-637006f003a6 55cc53db1b0e457d992db6e1b4d723f7 a591abdbc0204e5c988cc228c0c215f0 - - default default] 10.0.0.129 "GET /v2.0/ports/5ae5fdcc-2a32-4d20-a4f7-ed8a1b9813fc HTTP/1.1" status: 200 len: 973 time: 0.0347722
2026-05-12 12:38:59.345 9 INFO neutron.pecan_wsgi.hooks.translation [None req-adc02455-98b9-4374-8e24-f3839a519dcf 55cc53db1b0e457d992db6e1b4d723f7 a591abdbc0204e5c988cc228c0c215f0 - - default default] DELETE failed (client error): The resource could not be found.
2026-05-12 12:38:59.348 9 INFO neutron.wsgi [None req-adc02455-98b9-4374-8e24-f3839a519dcf 55cc53db1b0e457d992db6e1b4d723f7 a591abdbc0204e5c988cc228c0c215f0 - - default default] 10.0.0.129 "DELETE /v2.0/ports/ad151748-e030-45ee-a3e1-4d426a3e4530 HTTP/1.1" status: 404 len: 333 time: 0.0180929
2026-05-12 12:38:59.375 9 INFO neutron.pecan_wsgi.hooks.translation [None req-738e008a-feed-4bfa-a4ac-28f353133ee1 55cc53db1b0e457d992db6e1b4d723f7 a591abdbc0204e5c988cc228c0c215f0 - - default default] DELETE failed (client error): The resource could not be found.
2026-05-12 12:38:59.379 9 INFO neutron.wsgi [None req-738e008a-feed-4bfa-a4ac-28f353133ee1 55cc53db1b0e457d992db6e1b4d723f7 a591abdbc0204e5c988cc228c0c215f0 - - default default] 10.0.0.129 "DELETE /v2.0/subnets/85ccd322-c387-4169-947a-1253a72c8eba HTTP/1.1" status: 404 len: 337 time: 0.0244572
2026-05-12 12:38:59.400 9 INFO neutron.pecan_wsgi.hooks.translation [None req-16997e4e-5a11-4cd5-834d-5ea8208f133c 55cc53db1b0e457d992db6e1b4d723f7 a591abdbc0204e5c988cc228c0c215f0 - - default default] DELETE failed (client error): The resource could not be found.
2026-05-12 12:38:59.402 9 INFO neutron.wsgi [None req-16997e4e-5a11-4cd5-834d-5ea8208f133c 55cc53db1b0e457d992db6e1b4d723f7 a591abdbc0204e5c988cc228c0c215f0 - - default default] 10.0.0.129 "DELETE /v2.0/subnets/ff042fb9-a3bc-4d32-af1c-27cedb93cc19 HTTP/1.1" status: 404 len: 337 time: 0.0187681
