2026-05-12 12:38:26.349 9 INFO neutron.wsgi [req-7274c0bc-80dd-4f5c-afc8-7cfffeee9f2f req-53835926-5345-4441-8cff-8ae7e3717bec 7e1c317c7ecd43208437ba48ef75d9c2 0330282e1d344e4b90d0a7b3ca15128c - - default default] 199.19.213.199 "GET /v2.0/ports?device_id=43ea6db0-04d4-42aa-819e-3ac63421d2a6 HTTP/1.1" status: 200 len: 1172 time: 0.0924742 /var/lib/openstack/lib/python3.10/site-packages/pycadf/identifier.py:71: UserWarning: Invalid uuid: neutron. To ensure interoperability, identifiers should be a valid uuid. warnings.warn(('Invalid uuid: %s. To ensure interoperability, '
2026-05-12 12:38:26.406 10 INFO neutron.wsgi [req-eb432f94-c160-4977-9bd9-c31e35471f30 req-81da901e-366b-4c9b-bef8-e2f67b3c84c0 051d982b2dd0416cbefc82d35d2a24d3 d3635270c66c47abbc4db15347eb055c - - 7919d296f07d4a20bccfb82a8f4b3ec3 7919d296f07d4a20bccfb82a8f4b3ec3] 199.19.213.199 "GET /v2.0/ports?tenant_id=0330282e1d344e4b90d0a7b3ca15128c&device_id=43ea6db0-04d4-42aa-819e-3ac63421d2a6 HTTP/1.1" status: 200 len: 1411 time: 0.0363753
2026-05-12 12:38:26.490 10 INFO neutron.wsgi [req-eb432f94-c160-4977-9bd9-c31e35471f30 req-80c65093-af24-4e3b-aa3c-28496b149d8e 051d982b2dd0416cbefc82d35d2a24d3 d3635270c66c47abbc4db15347eb055c - - 7919d296f07d4a20bccfb82a8f4b3ec3 7919d296f07d4a20bccfb82a8f4b3ec3] 199.19.213.199 "GET /v2.0/networks?id=2027064a-c4fc-408e-8cce-faab60b3b1ef HTTP/1.1" status: 200 len: 974 time: 0.0784760
2026-05-12 12:38:26.548 10 INFO neutron.wsgi [req-eb432f94-c160-4977-9bd9-c31e35471f30 req-ddff4dd3-aa6a-49e3-ba09-825d714f6e20 051d982b2dd0416cbefc82d35d2a24d3 d3635270c66c47abbc4db15347eb055c - - 7919d296f07d4a20bccfb82a8f4b3ec3 7919d296f07d4a20bccfb82a8f4b3ec3] 199.19.213.199 "GET /v2.0/floatingips?fixed_ip_address=10.100.0.12&port_id=83915465-674e-439f-ba02-914886efc904 HTTP/1.1" status: 200 len: 1058 time: 0.0493488
2026-05-12 12:38:26.588 10 INFO neutron.wsgi [req-eb432f94-c160-4977-9bd9-c31e35471f30 req-fc9608d2-5177-45ab-9fb1-35093aef526c 051d982b2dd0416cbefc82d35d2a24d3 d3635270c66c47abbc4db15347eb055c - - 7919d296f07d4a20bccfb82a8f4b3ec3 7919d296f07d4a20bccfb82a8f4b3ec3] 199.19.213.199 "GET /v2.0/subnets?id=56032210-10b2-4306-afe8-6db93ca868b7 HTTP/1.1" status: 200 len: 869 time: 0.0339420
2026-05-12 12:38:26.626 10 INFO neutron.wsgi [req-eb432f94-c160-4977-9bd9-c31e35471f30 req-18d1c322-47e2-47fd-9b8d-d1bce623543a 051d982b2dd0416cbefc82d35d2a24d3 d3635270c66c47abbc4db15347eb055c - - 7919d296f07d4a20bccfb82a8f4b3ec3 7919d296f07d4a20bccfb82a8f4b3ec3] 199.19.213.199 "GET /v2.0/ports?network_id=2027064a-c4fc-408e-8cce-faab60b3b1ef&device_owner=network%3Adhcp HTTP/1.1" status: 200 len: 210 time: 0.0313756
2026-05-12 12:38:26.628 9 INFO neutron.db.l3_db [req-7274c0bc-80dd-4f5c-afc8-7cfffeee9f2f req-de5258f9-3099-4a66-b1bf-9795a65abd09 7e1c317c7ecd43208437ba48ef75d9c2 0330282e1d344e4b90d0a7b3ca15128c - - default default] Floating IP e9be6428-fe73-487a-862b-382a45e38755 disassociated. External IP: 10.96.250.212, port: 83915465-674e-439f-ba02-914886efc904. /var/lib/openstack/lib/python3.10/site-packages/pycadf/identifier.py:71: UserWarning: Invalid uuid: neutron. To ensure interoperability, identifiers should be a valid uuid. warnings.warn(('Invalid uuid: %s. To ensure interoperability, '
2026-05-12 12:38:26.730 10 INFO neutron.wsgi [req-eb432f94-c160-4977-9bd9-c31e35471f30 req-0fd57b65-d900-4c11-9940-7f7ec6c088a0 051d982b2dd0416cbefc82d35d2a24d3 d3635270c66c47abbc4db15347eb055c - - 7919d296f07d4a20bccfb82a8f4b3ec3 7919d296f07d4a20bccfb82a8f4b3ec3] 199.19.213.199 "GET /v2.0/networks/2027064a-c4fc-408e-8cce-faab60b3b1ef?fields=segments HTTP/1.1" status: 200 len: 212 time: 0.0894594
2026-05-12 12:38:26.782 9 INFO neutron.wsgi [None req-67eaf0e5-43e3-420c-86b1-f7649ea71053 d766b6f416f947c09e6a3bdfb59b2bc6 a37b84fb253d4bb8a7568255ecae4f84 - - default default] 10.0.0.129 "DELETE /v2.0/security-groups/1b4796d0-f29f-43a7-afad-a0effb8a0419 HTTP/1.1" status: 204 len: 168 time: 0.1670675
2026-05-12 12:38:26.803 10 INFO neutron.wsgi [req-eb432f94-c160-4977-9bd9-c31e35471f30 req-5f85afb4-c49f-468f-8bf3-feb8aa845b1e 051d982b2dd0416cbefc82d35d2a24d3 d3635270c66c47abbc4db15347eb055c - - 7919d296f07d4a20bccfb82a8f4b3ec3 7919d296f07d4a20bccfb82a8f4b3ec3] 199.19.213.199 "GET /v2.0/networks/2027064a-c4fc-408e-8cce-faab60b3b1ef?fields=provider%3Aphysical_network&fields=provider%3Anetwork_type HTTP/1.1" status: 200 len: 277 time: 0.0620968
2026-05-12 12:38:26.806 9 INFO neutron.api.v2.resource [None req-2bf6c150-93bf-4236-a8a8-8520f7d584ba d766b6f416f947c09e6a3bdfb59b2bc6 a37b84fb253d4bb8a7568255ecae4f84 - - default default] show failed (client error): The resource could not be found.
2026-05-12 12:38:26.807 9 INFO neutron.wsgi [None req-2bf6c150-93bf-4236-a8a8-8520f7d584ba d766b6f416f947c09e6a3bdfb59b2bc6 a37b84fb253d4bb8a7568255ecae4f84 - - default default] 10.0.0.129 "GET /v2.0/security-groups/1b4796d0-f29f-43a7-afad-a0effb8a0419 HTTP/1.1" status: 404 len: 347 time: 0.0191324
2026-05-12 12:38:26.847 9 INFO neutron.wsgi [req-7274c0bc-80dd-4f5c-afc8-7cfffeee9f2f req-de5258f9-3099-4a66-b1bf-9795a65abd09 7e1c317c7ecd43208437ba48ef75d9c2 0330282e1d344e4b90d0a7b3ca15128c - - default default] 199.19.213.199 "DELETE /v2.0/ports/83915465-674e-439f-ba02-914886efc904 HTTP/1.1" status: 204 len: 173 time: 0.4945064
2026-05-12 12:38:27.164 9 INFO neutron.wsgi [None req-1f8ea177-b5bb-492d-bea2-4aca47e7f61b d766b6f416f947c09e6a3bdfb59b2bc6 a37b84fb253d4bb8a7568255ecae4f84 - - default default] 10.0.0.129 "DELETE /v2.0/floatingips/303fce1c-d807-4a39-bb7c-e9d861449b3a HTTP/1.1" status: 204 len: 168 time: 0.3412092
2026-05-12 12:38:27.171 10 INFO neutron.wsgi [req-0ec261dd-5914-4830-9e53-2471e6f4ca9e req-58a233f2-1d47-4130-9164-ba836fc781fe 7e1c317c7ecd43208437ba48ef75d9c2 0330282e1d344e4b90d0a7b3ca15128c - - default default] 10.0.0.52 "GET /v2.0/ports?device_id=43ea6db0-04d4-42aa-819e-3ac63421d2a6 HTTP/1.1" status: 200 len: 210 time: 0.0473092
2026-05-12 12:38:27.177 10 INFO neutron.wsgi [None req-eb0dfb3d-d8ff-4a36-b9e4-945fdf77531e 813b50fe033c47bf86101b677565ebf1 70531c47f5fd4c7d945a6ab385b39429 - - default default] 10.0.0.129 "PUT /v2.0/routers/80cc5658-673b-404c-a446-cfecdd5154f1/remove_router_interface HTTP/1.1" status: 200 len: 503 time: 1.5056109 /var/lib/openstack/lib/python3.10/site-packages/pycadf/identifier.py:71: UserWarning: Invalid uuid: neutron. To ensure interoperability, identifiers should be a valid uuid. warnings.warn(('Invalid uuid: %s. To ensure interoperability, '
2026-05-12 12:38:27.674 10 INFO neutron.wsgi [None req-debaf60c-48d6-4bbf-ba2a-62356470cc38 813b50fe033c47bf86101b677565ebf1 70531c47f5fd4c7d945a6ab385b39429 - - default default] 10.0.0.129 "DELETE /v2.0/routers/80cc5658-673b-404c-a446-cfecdd5154f1 HTTP/1.1" status: 204 len: 168 time: 0.4917634
2026-05-12 12:38:27.830 10 INFO neutron.wsgi [None req-0b08264b-bde0-463a-b5b8-41d977f1e3d5 813b50fe033c47bf86101b677565ebf1 70531c47f5fd4c7d945a6ab385b39429 - - default default] 10.0.0.129 "DELETE /v2.0/subnets/113d1d39-ecab-4aae-93be-52263f8f2c0c HTTP/1.1" status: 204 len: 168 time: 0.1520216 /var/lib/openstack/lib/python3.10/site-packages/pycadf/identifier.py:71: UserWarning: Invalid uuid: neutron. To ensure interoperability, identifiers should be a valid uuid. warnings.warn(('Invalid uuid: %s. To ensure interoperability, '
2026-05-12 12:38:28.291 9 INFO neutron.wsgi [None req-3666a202-8575-49f6-9406-033b36c86a86 813b50fe033c47bf86101b677565ebf1 70531c47f5fd4c7d945a6ab385b39429 - - default default] 10.0.0.129 "PUT /v2.0/routers/67f2d9e3-f25f-48e6-9bc5-1a576131b675/remove_router_interface HTTP/1.1" status: 200 len: 503 time: 1.1212363
2026-05-12 12:38:28.337 9 INFO neutron.notifiers.nova [-] Nova event matching ['req-33cfaae7-81a8-4ee9-8f75-302e08438ca7'] response: {'server_uuid': '43ea6db0-04d4-42aa-819e-3ac63421d2a6', 'name': 'network-vif-plugged', 'status': 'completed', 'tag': '83915465-674e-439f-ba02-914886efc904', 'code': 200}
2026-05-12 12:38:28.338 9 INFO neutron.notifiers.nova [-] Nova event matching ['req-33cfaae7-81a8-4ee9-8f75-302e08438ca7'] response: {'server_uuid': '43ea6db0-04d4-42aa-819e-3ac63421d2a6', 'name': 'network-vif-deleted', 'tag': '83915465-674e-439f-ba02-914886efc904', 'status': 'completed', 'code': 200}
2026-05-12 12:38:28.467 9 INFO neutron.wsgi [None req-b0ae3d69-6421-40d9-be47-8095c92a69f4 7e1c317c7ecd43208437ba48ef75d9c2 0330282e1d344e4b90d0a7b3ca15128c - - default default] 10.0.0.129 "DELETE /v2.0/security-groups/63b34ea1-6115-4e3d-806b-690e54003e0c HTTP/1.1" status: 204 len: 168 time: 0.1971941
2026-05-12 12:38:28.489 9 INFO neutron.api.v2.resource [None req-4787d548-daf1-42ff-a9aa-71aa0fc48138 7e1c317c7ecd43208437ba48ef75d9c2 0330282e1d344e4b90d0a7b3ca15128c - - default default] show failed (client error): The resource could not be found.
2026-05-12 12:38:28.490 9 INFO neutron.wsgi [None req-4787d548-daf1-42ff-a9aa-71aa0fc48138 7e1c317c7ecd43208437ba48ef75d9c2 0330282e1d344e4b90d0a7b3ca15128c - - default default] 10.0.0.129 "GET /v2.0/security-groups/63b34ea1-6115-4e3d-806b-690e54003e0c HTTP/1.1" status: 404 len: 347 time: 0.0138755
2026-05-12 12:38:28.540 10 INFO neutron.wsgi [None req-ebcc67f7-2e60-4bb7-944f-b1f5eacca895 813b50fe033c47bf86101b677565ebf1 70531c47f5fd4c7d945a6ab385b39429 - - default default] 10.0.0.129 "DELETE /v2.0/networks/b27a5b98-3034-4666-94b2-b8d69e3035c2 HTTP/1.1" status: 204 len: 168 time: 0.7053697
2026-05-12 12:38:28.711 10 INFO neutron.wsgi [None req-a5d5dbf1-4daa-43e8-8532-1c3727d015c4 813b50fe033c47bf86101b677565ebf1 70531c47f5fd4c7d945a6ab385b39429 - - default default] 10.0.0.129 "GET /v2.0/security-groups?tenant_id=fea390f3a2834b629ff24c6a4d055529&name=default HTTP/1.1" status: 200 len: 2992 time: 0.0375257
2026-05-12 12:38:28.938 10 INFO neutron.wsgi [None req-d03ff3c3-af13-4222-a149-76fcda4f9c88 813b50fe033c47bf86101b677565ebf1 70531c47f5fd4c7d945a6ab385b39429 - - default default] 10.0.0.129 "DELETE /v2.0/security-groups/b160c67c-2cd8-4743-91f4-ec34af542d17 HTTP/1.1" status: 204 len: 168 time: 0.2223568
2026-05-12 12:38:28.971 10 INFO neutron.services.segments.plugin [-] Segment ec56b63e-1732-4823-941c-94c7ce1ac333 resource provider aggregate not found
2026-05-12 12:38:28.991 10 INFO neutron.services.segments.plugin [-] Segment ec56b63e-1732-4823-941c-94c7ce1ac333 resource provider not found; error: Placement Client Error (4xx): {"errors": [{"status": 404, "title": "Not Found", "detail": "The resource could not be found.\n\n No resource provider with uuid ec56b63e-1732-4823-941c-94c7ce1ac333 found for delete ", "request_id": "req-a676273a-8340-453a-b477-2034ab4c85a7"}]}
2026-05-12 12:38:29.038 10 INFO neutron.services.segments.plugin [-] Segment ec56b63e-1732-4823-941c-94c7ce1ac333 resource provider aggregate not found
2026-05-12 12:38:29.057 10 INFO neutron.services.segments.plugin [-] Segment ec56b63e-1732-4823-941c-94c7ce1ac333 resource provider not found; error: Placement Client Error (4xx): {"errors": [{"status": 404, "title": "Not Found", "detail": "The resource could not be found.\n\n No resource provider with uuid ec56b63e-1732-4823-941c-94c7ce1ac333 found for delete ", "request_id": "req-411771b8-bfae-4f0d-bb2f-8402109653bd"}]}
2026-05-12 12:38:29.071 9 INFO neutron.wsgi [None req-7abb2e34-5e7e-4acb-83a2-a40b8b992521 7e1c317c7ecd43208437ba48ef75d9c2 0330282e1d344e4b90d0a7b3ca15128c - - default default] 10.0.0.129 "DELETE /v2.0/floatingips/e9be6428-fe73-487a-862b-382a45e38755 HTTP/1.1" status: 204 len: 168 time: 0.5762837
2026-05-12 12:38:29.081 9 INFO neutron.wsgi [None req-e286f478-c2ea-4184-940d-c2fad168b5f6 813b50fe033c47bf86101b677565ebf1 70531c47f5fd4c7d945a6ab385b39429 - - default default] 10.0.0.129 "DELETE /v2.0/routers/67f2d9e3-f25f-48e6-9bc5-1a576131b675 HTTP/1.1" status: 204 len: 168 time: 0.7810273
2026-05-12 12:38:29.276 9 INFO neutron.wsgi [None req-3dd1f6c2-8cd2-4a99-81b4-5efa5046eb1d 813b50fe033c47bf86101b677565ebf1 70531c47f5fd4c7d945a6ab385b39429 - - default default] 10.0.0.129 "DELETE /v2.0/subnets/a3edffc1-65fe-46ef-adbc-7ce3118a2f3f HTTP/1.1" status: 204 len: 168 time: 0.1916916
2026-05-12 12:38:29.725 10 INFO neutron.wsgi [None req-98748569-d273-4520-9f52-018ded7a0198 813b50fe033c47bf86101b677565ebf1 70531c47f5fd4c7d945a6ab385b39429 - - default default] 10.0.0.129 "DELETE /v2.0/networks/70e9cefe-815f-4298-a171-7065020bce93 HTTP/1.1" status: 204 len: 168 time: 0.4409387
2026-05-12 12:38:29.867 9 INFO neutron.wsgi [None req-132b3beb-77ca-4114-95fc-a6829faba9af 813b50fe033c47bf86101b677565ebf1 70531c47f5fd4c7d945a6ab385b39429 - - default default] 10.0.0.129 "GET /v2.0/security-groups?tenant_id=a37b84fb253d4bb8a7568255ecae4f84&name=default HTTP/1.1" status: 200 len: 2996 time: 0.0398982
2026-05-12 12:38:30.069 9 INFO neutron.wsgi [None req-8c46f84f-424f-4a4c-8680-510f42272288 813b50fe033c47bf86101b677565ebf1 70531c47f5fd4c7d945a6ab385b39429 - - default default] 10.0.0.129 "DELETE /v2.0/security-groups/62d09273-d3f7-4583-9ad6-e37fb36402ea HTTP/1.1" status: 204 len: 168 time: 0.1972191
2026-05-12 12:38:30.128 10 INFO neutron.wsgi [None req-90f75f4e-53f7-4348-9b89-260d079bd3f5 813b50fe033c47bf86101b677565ebf1 70531c47f5fd4c7d945a6ab385b39429 - - default default] 10.0.0.129 "PUT /v2.0/routers/123dbe75-dd80-4d5a-bfc3-28e0e5e3e5c3/remove_router_interface HTTP/1.1" status: 200 len: 503 time: 1.0465097 /var/lib/openstack/lib/python3.10/site-packages/pycadf/identifier.py:71: UserWarning: Invalid uuid: neutron. To ensure interoperability, identifiers should be a valid uuid. warnings.warn(('Invalid uuid: %s. To ensure interoperability, '
2026-05-12 12:38:30.577 10 INFO neutron.wsgi [req-166f0541-c914-42dc-a88d-c8f938847920 req-6b74026f-2b7b-4d33-aece-0533f8b639c5 e5d6be55440e4746ab8b9595e5b87d11 e6c220f1b09f4bf9ab3f32dddef271cf - - default default] 10.0.0.52 "GET /v2.0/ports?device_id=c5dc36ae-8cc4-4925-bca3-85949ffb01bb HTTP/1.1" status: 200 len: 1170 time: 0.1120446
2026-05-12 12:38:30.688 10 INFO neutron.wsgi [req-545e6bec-4fd8-481b-b3d5-477ecbce7ba8 req-87ceb87f-1753-4172-91b9-043af18788de e5d6be55440e4746ab8b9595e5b87d11 e6c220f1b09f4bf9ab3f32dddef271cf - - default default] 10.0.0.52 "GET /v2.0/ports/d29501b8-fceb-45cb-b219-6abd3ae8fa5f HTTP/1.1" status: 200 len: 1167 time: 0.0394795
2026-05-12 12:38:30.692 9 INFO neutron.wsgi [None req-3c7d47c6-2fd2-4f12-b9b0-d969a035b025 813b50fe033c47bf86101b677565ebf1 70531c47f5fd4c7d945a6ab385b39429 - - default default] 10.0.0.129 "DELETE /v2.0/routers/123dbe75-dd80-4d5a-bfc3-28e0e5e3e5c3 HTTP/1.1" status: 204 len: 168 time: 0.5576096
2026-05-12 12:38:30.881 9 INFO neutron.wsgi [req-1dfffa8c-44e3-44f5-9613-e60a13b7db85 req-6e673c01-2d41-4fbe-a7c7-b9d22bf4ff3b e5d6be55440e4746ab8b9595e5b87d11 e6c220f1b09f4bf9ab3f32dddef271cf - - default default] 199.19.213.199 "GET /v2.0/subnets?network_id=97882496-67e7-4804-967c-6b60efeef110 HTTP/1.1" status: 200 len: 859 time: 0.0572634
2026-05-12 12:38:30.938 9 INFO neutron.wsgi [None req-491826ca-c299-4fc0-bcb9-39fb41a1e33c 813b50fe033c47bf86101b677565ebf1 70531c47f5fd4c7d945a6ab385b39429 - - default default] 10.0.0.129 "DELETE /v2.0/subnets/56032210-10b2-4306-afe8-6db93ca868b7 HTTP/1.1" status: 204 len: 168 time: 0.2383049
2026-05-12 12:38:30.994 9 INFO neutron.wsgi [req-1dfffa8c-44e3-44f5-9613-e60a13b7db85 req-5a890130-86a7-4270-ab88-b6853e79ae04 e5d6be55440e4746ab8b9595e5b87d11 e6c220f1b09f4bf9ab3f32dddef271cf - - default default] 199.19.213.199 "GET /v2.0/ports?device_id=c5dc36ae-8cc4-4925-bca3-85949ffb01bb&device_owner=compute%3Anova&network_id=97882496-67e7-4804-967c-6b60efeef110 HTTP/1.1" status: 200 len: 1170 time: 0.1069622
2026-05-12 12:38:31.023 10 INFO neutron.services.segments.plugin [-] Segment ddfc3c9d-5078-4ca3-961c-28e2c43e9614 resource provider aggregate not found
2026-05-12 12:38:31.038 10 INFO neutron.services.segments.plugin [-] Segment ddfc3c9d-5078-4ca3-961c-28e2c43e9614 resource provider not found; error: Placement Client Error (4xx): {"errors": [{"status": 404, "title": "Not Found", "detail": "The resource could not be found.\n\n No resource provider with uuid ddfc3c9d-5078-4ca3-961c-28e2c43e9614 found for delete ", "request_id": "req-660f9baf-a33d-4746-9ab9-9afd8ff70ac0"}]}
2026-05-12 12:38:31.077 10 INFO neutron.services.segments.plugin [-] Segment ddfc3c9d-5078-4ca3-961c-28e2c43e9614 resource provider aggregate not found
2026-05-12 12:38:31.093 10 INFO neutron.services.segments.plugin [-] Segment ddfc3c9d-5078-4ca3-961c-28e2c43e9614 resource provider not found; error: Placement Client Error (4xx): {"errors": [{"status": 404, "title": "Not Found", "detail": "The resource could not be found.\n\n No resource provider with uuid ddfc3c9d-5078-4ca3-961c-28e2c43e9614 found for delete ", "request_id": "req-d33f0914-7577-43e7-9c02-255fde00ebc9"}]}
2026-05-12 12:38:31.348 10 INFO neutron.wsgi [None req-b04d429f-7a55-4c30-96da-56eb73cdc0fc 813b50fe033c47bf86101b677565ebf1 70531c47f5fd4c7d945a6ab385b39429 - - default default] 10.0.0.129 "DELETE /v2.0/networks/2027064a-c4fc-408e-8cce-faab60b3b1ef HTTP/1.1" status: 204 len: 168 time: 0.4041109
2026-05-12 12:38:31.468 9 INFO neutron.db.ovn_revision_numbers_db [req-1dfffa8c-44e3-44f5-9613-e60a13b7db85 req-1cbc9561-31e9-4309-97c9-1d28bc3d6830 e5d6be55440e4746ab8b9595e5b87d11 e6c220f1b09f4bf9ab3f32dddef271cf - - default default] Successfully bumped revision number for resource d29501b8-fceb-45cb-b219-6abd3ae8fa5f (type: ports) to 5
2026-05-12 12:38:31.490 9 INFO neutron.wsgi [req-1dfffa8c-44e3-44f5-9613-e60a13b7db85 req-1cbc9561-31e9-4309-97c9-1d28bc3d6830 e5d6be55440e4746ab8b9595e5b87d11 e6c220f1b09f4bf9ab3f32dddef271cf - - default default] 199.19.213.199 "PUT /v2.0/ports/d29501b8-fceb-45cb-b219-6abd3ae8fa5f HTTP/1.1" status: 200 len: 1349 time: 0.4926980 /var/lib/openstack/lib/python3.10/site-packages/pycadf/identifier.py:71: UserWarning: Invalid uuid: neutron. To ensure interoperability, identifiers should be a valid uuid. warnings.warn(('Invalid uuid: %s. To ensure interoperability, '
2026-05-12 12:38:31.560 9 INFO neutron.notifiers.nova [-] Nova event matching ['req-0463c5b8-fcf2-4653-b430-e7f1aaa82448'] response: {'name': 'network-changed', 'server_uuid': 'c5dc36ae-8cc4-4925-bca3-85949ffb01bb', 'tag': 'd29501b8-fceb-45cb-b219-6abd3ae8fa5f', 'status': 'completed', 'code': 200}
2026-05-12 12:38:31.571 9 INFO neutron.wsgi [req-1dfffa8c-44e3-44f5-9613-e60a13b7db85 req-23c4b981-8087-4489-a07d-5235ee2509f2 051d982b2dd0416cbefc82d35d2a24d3 d3635270c66c47abbc4db15347eb055c - - 7919d296f07d4a20bccfb82a8f4b3ec3 7919d296f07d4a20bccfb82a8f4b3ec3] 199.19.213.199 "GET /v2.0/ports?tenant_id=e6c220f1b09f4bf9ab3f32dddef271cf&device_id=c5dc36ae-8cc4-4925-bca3-85949ffb01bb HTTP/1.1" status: 200 len: 1590 time: 0.0619445
2026-05-12 12:38:31.634 10 INFO neutron.wsgi [None req-6ae2d5e2-defb-4832-b427-a3e6d76cda3d 813b50fe033c47bf86101b677565ebf1 70531c47f5fd4c7d945a6ab385b39429 - - default default] 10.0.0.129 "GET /v2.0/security-groups?tenant_id=0330282e1d344e4b90d0a7b3ca15128c&name=default HTTP/1.1" status: 200 len: 2996 time: 0.0401058
2026-05-12 12:38:31.658 9 INFO neutron.wsgi [req-1dfffa8c-44e3-44f5-9613-e60a13b7db85 req-e018369c-bbcb-4e55-94b5-9c96ced01b79 051d982b2dd0416cbefc82d35d2a24d3 d3635270c66c47abbc4db15347eb055c - - 7919d296f07d4a20bccfb82a8f4b3ec3 7919d296f07d4a20bccfb82a8f4b3ec3] 199.19.213.199 "GET /v2.0/networks?id=97882496-67e7-4804-967c-6b60efeef110 HTTP/1.1" status: 200 len: 982 time: 0.0807877
2026-05-12 12:38:31.686 9 INFO neutron.wsgi [req-1dfffa8c-44e3-44f5-9613-e60a13b7db85 req-bb4f8692-9d88-4216-9061-8010054aa3e1 051d982b2dd0416cbefc82d35d2a24d3 d3635270c66c47abbc4db15347eb055c - - 7919d296f07d4a20bccfb82a8f4b3ec3 7919d296f07d4a20bccfb82a8f4b3ec3] 199.19.213.199 "GET /v2.0/floatingips?fixed_ip_address=10.100.0.12&port_id=d29501b8-fceb-45cb-b219-6abd3ae8fa5f HTTP/1.1" status: 200 len: 217 time: 0.0213883
2026-05-12 12:38:31.735 9 INFO neutron.wsgi [req-1dfffa8c-44e3-44f5-9613-e60a13b7db85 req-338f9d2d-7a4d-4635-bf01-4953f22541ff 051d982b2dd0416cbefc82d35d2a24d3 d3635270c66c47abbc4db15347eb055c - - 7919d296f07d4a20bccfb82a8f4b3ec3 7919d296f07d4a20bccfb82a8f4b3ec3] 199.19.213.199 "GET /v2.0/floatingips?fixed_ip_address=10.100.0.8&port_id=d29501b8-fceb-45cb-b219-6abd3ae8fa5f HTTP/1.1" status: 200 len: 1059 time: 0.0426714
2026-05-12 12:38:31.780 9 INFO neutron.wsgi [req-1dfffa8c-44e3-44f5-9613-e60a13b7db85 req-ea5cf682-3329-4a6a-bdcc-e637e1cf694a 051d982b2dd0416cbefc82d35d2a24d3 d3635270c66c47abbc4db15347eb055c - - 7919d296f07d4a20bccfb82a8f4b3ec3 7919d296f07d4a20bccfb82a8f4b3ec3] 199.19.213.199 "GET /v2.0/subnets?id=4fd2f95e-76b1-40a4-b956-3811cd782304 HTTP/1.1" status: 200 len: 877 time: 0.0378888
2026-05-12 12:38:31.808 9 INFO neutron.wsgi [req-1dfffa8c-44e3-44f5-9613-e60a13b7db85 req-28c5014f-6d56-4258-86de-a9ec2613f585 051d982b2dd0416cbefc82d35d2a24d3 d3635270c66c47abbc4db15347eb055c - - 7919d296f07d4a20bccfb82a8f4b3ec3 7919d296f07d4a20bccfb82a8f4b3ec3] 199.19.213.199 "GET /v2.0/ports?network_id=97882496-67e7-4804-967c-6b60efeef110&device_owner=network%3Adhcp HTTP/1.1" status: 200 len: 210 time: 0.0191402
2026-05-12 12:38:31.836 10 INFO neutron.db.ovn_revision_numbers_db [None req-e3c2c075-8462-4c06-a9e7-93a71aef63ef 813b50fe033c47bf86101b677565ebf1 70531c47f5fd4c7d945a6ab385b39429 - - default default] Successfully bumped revision number for resource eeff9be8-dd21-431f-a8bf-07caedce94fa (type: security_groups) to 1
2026-05-12 12:38:31.848 10 INFO neutron.db.ovn_revision_numbers_db [None req-e3c2c075-8462-4c06-a9e7-93a71aef63ef 813b50fe033c47bf86101b677565ebf1 70531c47f5fd4c7d945a6ab385b39429 - - default default] Successfully bumped revision number for resource 2451e378-0aaf-463e-b502-55475700f12b (type: security_group_rules) to 0
2026-05-12 12:38:31.862 10 INFO neutron.db.ovn_revision_numbers_db [None req-e3c2c075-8462-4c06-a9e7-93a71aef63ef 813b50fe033c47bf86101b677565ebf1 70531c47f5fd4c7d945a6ab385b39429 - - default default] Successfully bumped revision number for resource 27cc68f4-2c75-4012-b0b3-74b9f554257c (type: security_group_rules) to 0
2026-05-12 12:38:31.871 9 INFO neutron.wsgi [req-1dfffa8c-44e3-44f5-9613-e60a13b7db85 req-7be296ff-cfdf-4c15-b99a-47e55ab145ff 051d982b2dd0416cbefc82d35d2a24d3 d3635270c66c47abbc4db15347eb055c - - 7919d296f07d4a20bccfb82a8f4b3ec3 7919d296f07d4a20bccfb82a8f4b3ec3] 199.19.213.199 "GET /v2.0/networks/97882496-67e7-4804-967c-6b60efeef110?fields=segments HTTP/1.1" status: 200 len: 212 time: 0.0556417
2026-05-12 12:38:31.877 10 INFO neutron.db.ovn_revision_numbers_db [None req-e3c2c075-8462-4c06-a9e7-93a71aef63ef 813b50fe033c47bf86101b677565ebf1 70531c47f5fd4c7d945a6ab385b39429 - - default default] Successfully bumped revision number for resource 404d58b4-fa71-4c5f-8f76-f9b1b7235a4e (type: security_group_rules) to 0
2026-05-12 12:38:31.898 10 INFO neutron.db.ovn_revision_numbers_db [None req-e3c2c075-8462-4c06-a9e7-93a71aef63ef 813b50fe033c47bf86101b677565ebf1 70531c47f5fd4c7d945a6ab385b39429 - - default default] Successfully bumped revision number for resource a27f980f-bb2a-434d-bcdc-33b9b8e628c7 (type: security_group_rules) to 0
2026-05-12 12:38:31.922 10 INFO neutron.wsgi [None req-e3c2c075-8462-4c06-a9e7-93a71aef63ef 813b50fe033c47bf86101b677565ebf1 70531c47f5fd4c7d945a6ab385b39429 - - default default] 10.0.0.129 "GET /v2.0/security-groups?tenant_id=0a80f8a3d44f4b829aa49144286abb9b&name=default HTTP/1.1" status: 200 len: 2996 time: 0.4785156
2026-05-12 12:38:31.928 9 INFO neutron.wsgi [None req-d141c619-4ece-4d6f-bfa6-097a11b9228a 813b50fe033c47bf86101b677565ebf1 70531c47f5fd4c7d945a6ab385b39429 - - default default] 10.0.0.129 "DELETE /v2.0/security-groups/9274ebac-006f-4bda-80e4-7654f35aa0c3 HTTP/1.1" status: 204 len: 168 time: 0.2851884
2026-05-12 12:38:31.936 9 INFO neutron.wsgi [req-1dfffa8c-44e3-44f5-9613-e60a13b7db85 req-0aefb102-fa2a-49b4-90b5-a2d85261911f 051d982b2dd0416cbefc82d35d2a24d3 d3635270c66c47abbc4db15347eb055c - - 7919d296f07d4a20bccfb82a8f4b3ec3 7919d296f07d4a20bccfb82a8f4b3ec3] 199.19.213.199 "GET /v2.0/networks/97882496-67e7-4804-967c-6b60efeef110?fields=provider%3Aphysical_network&fields=provider%3Anetwork_type HTTP/1.1" status: 200 len: 277 time: 0.0604761
2026-05-12 12:38:32.012 9 INFO neutron.wsgi [req-dae0f1c9-0b36-4c3a-987d-dc1ec5c9dc19 req-b5eccb67-60d9-42d4-8336-b3561808e0bb 051d982b2dd0416cbefc82d35d2a24d3 d3635270c66c47abbc4db15347eb055c - - 7919d296f07d4a20bccfb82a8f4b3ec3 7919d296f07d4a20bccfb82a8f4b3ec3] 199.19.213.199 "GET /v2.0/ports?tenant_id=e6c220f1b09f4bf9ab3f32dddef271cf&device_id=c5dc36ae-8cc4-4925-bca3-85949ffb01bb HTTP/1.1" status: 200 len: 1590 time: 0.0330045
2026-05-12 12:38:32.071 9 INFO neutron.wsgi [req-dae0f1c9-0b36-4c3a-987d-dc1ec5c9dc19 req-6442bbf4-945c-4428-bb9f-ae1cac7d0c90 051d982b2dd0416cbefc82d35d2a24d3 d3635270c66c47abbc4db15347eb055c - - 7919d296f07d4a20bccfb82a8f4b3ec3 7919d296f07d4a20bccfb82a8f4b3ec3] 199.19.213.199 "GET /v2.0/networks?id=97882496-67e7-4804-967c-6b60efeef110 HTTP/1.1" status: 200 len: 982 time: 0.0535383
2026-05-12 12:38:32.102 9 INFO neutron.wsgi [req-dae0f1c9-0b36-4c3a-987d-dc1ec5c9dc19 req-a5864a3b-4143-4659-a54d-2fa34dbab6af 051d982b2dd0416cbefc82d35d2a24d3 d3635270c66c47abbc4db15347eb055c - - 7919d296f07d4a20bccfb82a8f4b3ec3 7919d296f07d4a20bccfb82a8f4b3ec3] 199.19.213.199 "GET /v2.0/floatingips?fixed_ip_address=10.100.0.12&port_id=d29501b8-fceb-45cb-b219-6abd3ae8fa5f HTTP/1.1" status: 200 len: 217 time: 0.0228138
2026-05-12 12:38:32.121 10 INFO neutron.wsgi [None req-857ce5cd-5919-43ac-81d5-dcf40f1921ae 813b50fe033c47bf86101b677565ebf1 70531c47f5fd4c7d945a6ab385b39429 - - default default] 10.0.0.129 "DELETE /v2.0/security-groups/eeff9be8-dd21-431f-a8bf-07caedce94fa HTTP/1.1" status: 204 len: 168 time: 0.1935637
2026-05-12 12:38:32.145 9 INFO neutron.wsgi [req-dae0f1c9-0b36-4c3a-987d-dc1ec5c9dc19 req-20d035e8-0905-4d8b-9521-26ec5fa27c7b 051d982b2dd0416cbefc82d35d2a24d3 d3635270c66c47abbc4db15347eb055c - - 7919d296f07d4a20bccfb82a8f4b3ec3 7919d296f07d4a20bccfb82a8f4b3ec3] 199.19.213.199 "GET /v2.0/floatingips?fixed_ip_address=10.100.0.8&port_id=d29501b8-fceb-45cb-b219-6abd3ae8fa5f HTTP/1.1" status: 200 len: 1059 time: 0.0372384
2026-05-12 12:38:32.182 9 INFO neutron.wsgi [req-dae0f1c9-0b36-4c3a-987d-dc1ec5c9dc19 req-c6d7a6fa-eae3-4f35-b37e-296677d69b42 051d982b2dd0416cbefc82d35d2a24d3 d3635270c66c47abbc4db15347eb055c - - 7919d296f07d4a20bccfb82a8f4b3ec3 7919d296f07d4a20bccfb82a8f4b3ec3] 199.19.213.199 "GET /v2.0/subnets?id=4fd2f95e-76b1-40a4-b956-3811cd782304 HTTP/1.1" status: 200 len: 877 time: 0.0305095
2026-05-12 12:38:32.203 9 INFO neutron.wsgi [req-dae0f1c9-0b36-4c3a-987d-dc1ec5c9dc19 req-5316dae6-9726-4cae-99d0-b40d19695ddb 051d982b2dd0416cbefc82d35d2a24d3 d3635270c66c47abbc4db15347eb055c - - 7919d296f07d4a20bccfb82a8f4b3ec3 7919d296f07d4a20bccfb82a8f4b3ec3] 199.19.213.199 "GET /v2.0/ports?network_id=97882496-67e7-4804-967c-6b60efeef110&device_owner=network%3Adhcp HTTP/1.1" status: 200 len: 210 time: 0.0171180
2026-05-12 12:38:32.261 9 INFO neutron.wsgi [req-dae0f1c9-0b36-4c3a-987d-dc1ec5c9dc19 req-216ba0ed-d9f2-45b6-ab0c-b7f6c5423c2d 051d982b2dd0416cbefc82d35d2a24d3 d3635270c66c47abbc4db15347eb055c - - 7919d296f07d4a20bccfb82a8f4b3ec3 7919d296f07d4a20bccfb82a8f4b3ec3] 199.19.213.199 "GET /v2.0/networks/97882496-67e7-4804-967c-6b60efeef110?fields=segments HTTP/1.1" status: 200 len: 212 time: 0.0531681
2026-05-12 12:38:32.313 9 INFO neutron.wsgi [req-dae0f1c9-0b36-4c3a-987d-dc1ec5c9dc19 req-f62a42ac-ef19-425a-be8b-d33d4b852024 051d982b2dd0416cbefc82d35d2a24d3 d3635270c66c47abbc4db15347eb055c - - 7919d296f07d4a20bccfb82a8f4b3ec3 7919d296f07d4a20bccfb82a8f4b3ec3] 199.19.213.199 "GET /v2.0/networks/97882496-67e7-4804-967c-6b60efeef110?fields=provider%3Aphysical_network&fields=provider%3Anetwork_type HTTP/1.1" status: 200 len: 277 time: 0.0481510
2026-05-12 12:38:32.987 10 INFO neutron.wsgi [req-0d8ff235-ad2b-4457-bfa0-bc3d68d0116c req-ce619e85-4420-4418-b14e-b412ffd59580 e5d6be55440e4746ab8b9595e5b87d11 e6c220f1b09f4bf9ab3f32dddef271cf - - default default] 10.0.0.52 "GET /v2.0/ports?device_id=c5dc36ae-8cc4-4925-bca3-85949ffb01bb HTTP/1.1" status: 200 len: 1352 time: 0.0510380
2026-05-12 12:38:33.024 10 INFO neutron.wsgi [req-0d8ff235-ad2b-4457-bfa0-bc3d68d0116c req-a46ed601-bcba-4084-9d60-a287eac65d8a e5d6be55440e4746ab8b9595e5b87d11 e6c220f1b09f4bf9ab3f32dddef271cf - - default default] 10.0.0.52 "GET /v2.0/security-groups?id=003937f0-bdc9-4786-bbb9-9a1e4a3aeb1e&fields=id&fields=name HTTP/1.1" status: 200 len: 311 time: 0.0338900
2026-05-12 12:38:33.065 10 INFO neutron.services.segments.plugin [-] Segment d88d0a45-7142-4c97-b307-93b5961823cf resource provider aggregate not found
2026-05-12 12:38:33.106 10 INFO neutron.services.segments.plugin [-] Segment d88d0a45-7142-4c97-b307-93b5961823cf resource provider not found; error: Placement Client Error (4xx): {"errors": [{"status": 404, "title": "Not Found", "detail": "The resource could not be found.\n\n No resource provider with uuid d88d0a45-7142-4c97-b307-93b5961823cf found for delete ", "request_id": "req-54248403-ff0b-4afc-9dd4-d5cf8e408ce9"}]}
2026-05-12 12:38:33.141 10 INFO neutron.services.segments.plugin [-] Segment d88d0a45-7142-4c97-b307-93b5961823cf resource provider aggregate not found
2026-05-12 12:38:33.170 10 INFO neutron.services.segments.plugin [-] Segment d88d0a45-7142-4c97-b307-93b5961823cf resource provider not found; error: Placement Client Error (4xx): {"errors": [{"status": 404, "title": "Not Found", "detail": "The resource could not be found.\n\n No resource provider with uuid d88d0a45-7142-4c97-b307-93b5961823cf found for delete ", "request_id": "req-1cbc4c34-b46c-4253-82dc-1fbbfa106daa"}]}
2026-05-12 12:38:33.189 9 INFO neutron.wsgi [req-8260fa04-5dbc-4268-8074-b59696f049c8 req-60ab371d-9db5-409f-80e8-be39dd03d09f e5d6be55440e4746ab8b9595e5b87d11 e6c220f1b09f4bf9ab3f32dddef271cf - - default default] 199.19.213.199 "GET /v2.0/ports?device_id=c5dc36ae-8cc4-4925-bca3-85949ffb01bb&device_owner=compute%3Anova&fixed_ips=ip_address%3D10.100.0.12 HTTP/1.1" status: 200 len: 1352 time: 0.0521317
2026-05-12 12:38:33.804 9 INFO neutron.db.ovn_revision_numbers_db [req-8260fa04-5dbc-4268-8074-b59696f049c8 req-2686957c-4147-42f9-a575-de451adb1652 e5d6be55440e4746ab8b9595e5b87d11 e6c220f1b09f4bf9ab3f32dddef271cf - - default default] Successfully bumped revision number for resource d29501b8-fceb-45cb-b219-6abd3ae8fa5f (type: ports) to 6
2026-05-12 12:38:33.817 9 INFO neutron.wsgi [req-8260fa04-5dbc-4268-8074-b59696f049c8 req-2686957c-4147-42f9-a575-de451adb1652 e5d6be55440e4746ab8b9595e5b87d11 e6c220f1b09f4bf9ab3f32dddef271cf - - default default] 199.19.213.199 "PUT /v2.0/ports/d29501b8-fceb-45cb-b219-6abd3ae8fa5f HTTP/1.1" status: 200 len: 1167 time: 0.6202574 /var/lib/openstack/lib/python3.10/site-packages/pycadf/identifier.py:71: UserWarning: Invalid uuid: neutron. To ensure interoperability, identifiers should be a valid uuid. warnings.warn(('Invalid uuid: %s. To ensure interoperability, '
2026-05-12 12:38:33.852 9 INFO neutron.notifiers.nova [-] Nova event matching ['req-9669c19a-4a17-4b3b-8e52-88380da441b8'] response: {'name': 'network-changed', 'server_uuid': 'c5dc36ae-8cc4-4925-bca3-85949ffb01bb', 'tag': 'd29501b8-fceb-45cb-b219-6abd3ae8fa5f', 'status': 'completed', 'code': 200}
2026-05-12 12:38:33.873 9 INFO neutron.wsgi [req-8260fa04-5dbc-4268-8074-b59696f049c8 req-ffd42be7-e89c-4233-bb68-b2fded24f129 051d982b2dd0416cbefc82d35d2a24d3 d3635270c66c47abbc4db15347eb055c - - 7919d296f07d4a20bccfb82a8f4b3ec3 7919d296f07d4a20bccfb82a8f4b3ec3] 199.19.213.199 "GET /v2.0/ports?tenant_id=e6c220f1b09f4bf9ab3f32dddef271cf&device_id=c5dc36ae-8cc4-4925-bca3-85949ffb01bb HTTP/1.1" status: 200 len: 1409 time: 0.0340800
2026-05-12 12:38:33.937 9 INFO neutron.wsgi [req-8260fa04-5dbc-4268-8074-b59696f049c8 req-2a3335f7-bd3a-4332-958f-9cffcd5239d4 051d982b2dd0416cbefc82d35d2a24d3 d3635270c66c47abbc4db15347eb055c - - 7919d296f07d4a20bccfb82a8f4b3ec3 7919d296f07d4a20bccfb82a8f4b3ec3] 199.19.213.199 "GET /v2.0/networks?id=97882496-67e7-4804-967c-6b60efeef110 HTTP/1.1" status: 200 len: 982 time: 0.0572889
2026-05-12 12:38:33.981 9 INFO neutron.wsgi [req-8260fa04-5dbc-4268-8074-b59696f049c8 req-835b005c-1d8e-44ee-ac39-4f0a6dc3ff56 051d982b2dd0416cbefc82d35d2a24d3 d3635270c66c47abbc4db15347eb055c - - 7919d296f07d4a20bccfb82a8f4b3ec3 7919d296f07d4a20bccfb82a8f4b3ec3] 199.19.213.199 "GET /v2.0/floatingips?fixed_ip_address=10.100.0.8&port_id=d29501b8-fceb-45cb-b219-6abd3ae8fa5f HTTP/1.1" status: 200 len: 1059 time: 0.0371544
2026-05-12 12:38:34.022 9 INFO neutron.wsgi [req-8260fa04-5dbc-4268-8074-b59696f049c8 req-01657cc4-f70d-4891-983a-8fff6bacd85b 051d982b2dd0416cbefc82d35d2a24d3 d3635270c66c47abbc4db15347eb055c - - 7919d296f07d4a20bccfb82a8f4b3ec3 7919d296f07d4a20bccfb82a8f4b3ec3] 199.19.213.199 "GET /v2.0/subnets?id=4fd2f95e-76b1-40a4-b956-3811cd782304 HTTP/1.1" status: 200 len: 877 time: 0.0337040
2026-05-12 12:38:34.047 9 INFO neutron.wsgi [req-8260fa04-5dbc-4268-8074-b59696f049c8 req-61fcc4f7-ef37-460d-bf02-8e9318006edc 051d982b2dd0416cbefc82d35d2a24d3 d3635270c66c47abbc4db15347eb055c - - 7919d296f07d4a20bccfb82a8f4b3ec3 7919d296f07d4a20bccfb82a8f4b3ec3] 199.19.213.199 "GET /v2.0/ports?network_id=97882496-67e7-4804-967c-6b60efeef110&device_owner=network%3Adhcp HTTP/1.1" status: 200 len: 210 time: 0.0179517
2026-05-12 12:38:34.064 10 INFO neutron.db.ovn_revision_numbers_db [None req-016a7376-9b20-406e-8d4d-806d7889ad29 813b50fe033c47bf86101b677565ebf1 70531c47f5fd4c7d945a6ab385b39429 - - default default] Successfully bumped revision number for resource 4164b842-ed98-473a-a677-3939ced8bef7 (type: security_groups) to 1
2026-05-12 12:38:34.096 10 INFO neutron.db.ovn_revision_numbers_db [None req-369674c0-67d2-4f93-9ef2-e4ac0150bad0 7bbad069eed44082af98b70e1cdef124 be82f815706d4a31879127ba00116a19 - - default default] Successfully bumped revision number for resource 683d4bdd-fac4-4810-b841-19454ee1697b (type: security_groups) to 1
2026-05-12 12:38:34.099 10 INFO neutron.db.ovn_revision_numbers_db [None req-016a7376-9b20-406e-8d4d-806d7889ad29 813b50fe033c47bf86101b677565ebf1 70531c47f5fd4c7d945a6ab385b39429 - - default default] Successfully bumped revision number for resource 1f939bd0-37e8-433e-b0d8-63d5eaad4bd3 (type: security_group_rules) to 0
2026-05-12 12:38:34.116 9 INFO neutron.wsgi [req-8260fa04-5dbc-4268-8074-b59696f049c8 req-05eddeea-41ab-4245-be11-afeaea5fa002 051d982b2dd0416cbefc82d35d2a24d3 d3635270c66c47abbc4db15347eb055c - - 7919d296f07d4a20bccfb82a8f4b3ec3 7919d296f07d4a20bccfb82a8f4b3ec3] 199.19.213.199 "GET /v2.0/networks/97882496-67e7-4804-967c-6b60efeef110?fields=segments HTTP/1.1" status: 200 len: 212 time: 0.0628607
2026-05-12 12:38:34.118 10 INFO neutron.db.ovn_revision_numbers_db [None req-369674c0-67d2-4f93-9ef2-e4ac0150bad0 7bbad069eed44082af98b70e1cdef124 be82f815706d4a31879127ba00116a19 - - default default] Successfully bumped revision number for resource 60042806-65f0-44d4-aaa7-8b12478930a1 (type: security_group_rules) to 0
2026-05-12 12:38:34.119 10 INFO neutron.db.ovn_revision_numbers_db [None req-016a7376-9b20-406e-8d4d-806d7889ad29 813b50fe033c47bf86101b677565ebf1 70531c47f5fd4c7d945a6ab385b39429 - - default default] Successfully bumped revision number for resource 8a689fbf-df5e-4e68-88ae-971a18a27827 (type: security_group_rules) to 0
2026-05-12 12:38:34.135 10 INFO neutron.db.ovn_revision_numbers_db [None req-369674c0-67d2-4f93-9ef2-e4ac0150bad0 7bbad069eed44082af98b70e1cdef124 be82f815706d4a31879127ba00116a19 - - default default] Successfully bumped revision number for resource 84fc4cce-b825-4c66-9b0e-a87abd74a597 (type: security_group_rules) to 0
2026-05-12 12:38:34.136 10 INFO neutron.db.ovn_revision_numbers_db [None req-016a7376-9b20-406e-8d4d-806d7889ad29 813b50fe033c47bf86101b677565ebf1 70531c47f5fd4c7d945a6ab385b39429 - - default default] Successfully bumped revision number for resource b101f6aa-05d8-486a-bae4-447feab697f2 (type: security_group_rules) to 0
2026-05-12 12:38:34.150 10 INFO neutron.db.ovn_revision_numbers_db [None req-369674c0-67d2-4f93-9ef2-e4ac0150bad0 7bbad069eed44082af98b70e1cdef124 be82f815706d4a31879127ba00116a19 - - default default] Successfully bumped revision number for resource bb60ad60-0bcc-4ecd-a6c0-8977d7f1e126 (type: security_group_rules) to 0
2026-05-12 12:38:34.152 10 INFO neutron.db.ovn_revision_numbers_db [None req-016a7376-9b20-406e-8d4d-806d7889ad29 813b50fe033c47bf86101b677565ebf1 70531c47f5fd4c7d945a6ab385b39429 - - default default] Successfully bumped revision number for resource c8257eaf-dc9d-430f-a7a9-5958b771c2bc (type: security_group_rules) to 0
2026-05-12 12:38:34.177 10 INFO neutron.db.ovn_revision_numbers_db [None req-369674c0-67d2-4f93-9ef2-e4ac0150bad0 7bbad069eed44082af98b70e1cdef124 be82f815706d4a31879127ba00116a19 - - default default] Successfully bumped revision number for resource eb05f050-a46c-4b10-8605-4edd197b04b0 (type: security_group_rules) to 0
2026-05-12 12:38:34.185 9 INFO neutron.wsgi [req-8260fa04-5dbc-4268-8074-b59696f049c8 req-49eaff60-f3ee-42bd-8469-d09a3550b6f3 051d982b2dd0416cbefc82d35d2a24d3 d3635270c66c47abbc4db15347eb055c - - 7919d296f07d4a20bccfb82a8f4b3ec3 7919d296f07d4a20bccfb82a8f4b3ec3] 199.19.213.199 "GET /v2.0/networks/97882496-67e7-4804-967c-6b60efeef110?fields=provider%3Aphysical_network&fields=provider%3Anetwork_type HTTP/1.1" status: 200 len: 277 time: 0.0594447
2026-05-12 12:38:34.215 10 INFO neutron.db.segments_db [None req-016a7376-9b20-406e-8d4d-806d7889ad29 813b50fe033c47bf86101b677565ebf1 70531c47f5fd4c7d945a6ab385b39429 - - default default] Added segment a54c5d40-aa63-46bc-8d4f-3af2be426a3d of type geneve for network ae0af375-6807-4537-acf4-21d08192c09f
2026-05-12 12:38:34.259 10 INFO neutron.db.segments_db [None req-369674c0-67d2-4f93-9ef2-e4ac0150bad0 7bbad069eed44082af98b70e1cdef124 be82f815706d4a31879127ba00116a19 - - default default] Added segment 1c3564d1-43df-4040-aad4-0988c71c7c92 of type geneve for network 9c4201bb-6cc6-46fb-91ac-1a47c4b3fb26
2026-05-12 12:38:34.267 9 INFO neutron.wsgi [req-55229ddb-c736-4bfd-b677-0edaaa483832 req-15858fe9-bba8-4e63-8ec8-afbf21ec9caa 051d982b2dd0416cbefc82d35d2a24d3 d3635270c66c47abbc4db15347eb055c - - 7919d296f07d4a20bccfb82a8f4b3ec3 7919d296f07d4a20bccfb82a8f4b3ec3] 199.19.213.199 "GET /v2.0/ports?tenant_id=e6c220f1b09f4bf9ab3f32dddef271cf&device_id=c5dc36ae-8cc4-4925-bca3-85949ffb01bb HTTP/1.1" status: 200 len: 1409 time: 0.0323825
2026-05-12 12:38:34.332 9 INFO neutron.wsgi [req-55229ddb-c736-4bfd-b677-0edaaa483832 req-856bcf55-cde6-4593-b928-4e1d7b2e8e0b 051d982b2dd0416cbefc82d35d2a24d3 d3635270c66c47abbc4db15347eb055c - - 7919d296f07d4a20bccfb82a8f4b3ec3 7919d296f07d4a20bccfb82a8f4b3ec3] 199.19.213.199 "GET /v2.0/networks?id=97882496-67e7-4804-967c-6b60efeef110 HTTP/1.1" status: 200 len: 982 time: 0.0562198
2026-05-12 12:38:34.377 9 INFO neutron.wsgi [req-55229ddb-c736-4bfd-b677-0edaaa483832 req-ee2b554f-61c5-45c3-a4e0-c9f269cb20f8 051d982b2dd0416cbefc82d35d2a24d3 d3635270c66c47abbc4db15347eb055c - - 7919d296f07d4a20bccfb82a8f4b3ec3 7919d296f07d4a20bccfb82a8f4b3ec3] 199.19.213.199 "GET /v2.0/floatingips?fixed_ip_address=10.100.0.8&port_id=d29501b8-fceb-45cb-b219-6abd3ae8fa5f HTTP/1.1" status: 200 len: 1059 time: 0.0377338
2026-05-12 12:38:34.404 10 INFO neutron.db.ovn_revision_numbers_db [None req-016a7376-9b20-406e-8d4d-806d7889ad29 813b50fe033c47bf86101b677565ebf1 70531c47f5fd4c7d945a6ab385b39429 - - default default] Successfully bumped revision number for resource ae0af375-6807-4537-acf4-21d08192c09f (type: networks) to 1
2026-05-12 12:38:34.412 9 INFO neutron.wsgi [req-55229ddb-c736-4bfd-b677-0edaaa483832 req-5af13480-40c8-49da-953c-d3455a8c7c47 051d982b2dd0416cbefc82d35d2a24d3 d3635270c66c47abbc4db15347eb055c - - 7919d296f07d4a20bccfb82a8f4b3ec3 7919d296f07d4a20bccfb82a8f4b3ec3] 199.19.213.199 "GET /v2.0/subnets?id=4fd2f95e-76b1-40a4-b956-3811cd782304 HTTP/1.1" status: 200 len: 877 time: 0.0264120
2026-05-12 12:38:34.432 10 INFO neutron.db.segments_db [None req-369674c0-67d2-4f93-9ef2-e4ac0150bad0 7bbad069eed44082af98b70e1cdef124 be82f815706d4a31879127ba00116a19 - - default default] Added segment 6e72923c-cb79-4f2f-8919-dd5ab3190bd8 of type geneve for network c045eb72-33da-43f5-8891-919be23d4336
2026-05-12 12:38:34.439 9 INFO neutron.wsgi [req-55229ddb-c736-4bfd-b677-0edaaa483832 req-c143a506-20b2-4f31-a06f-812f37c72586 051d982b2dd0416cbefc82d35d2a24d3 d3635270c66c47abbc4db15347eb055c - - 7919d296f07d4a20bccfb82a8f4b3ec3 7919d296f07d4a20bccfb82a8f4b3ec3] 199.19.213.199 "GET /v2.0/ports?network_id=97882496-67e7-4804-967c-6b60efeef110&device_owner=network%3Adhcp HTTP/1.1" status: 200 len: 210 time: 0.0202479
2026-05-12 12:38:34.501 9 INFO neutron.wsgi [req-55229ddb-c736-4bfd-b677-0edaaa483832 req-57b556fc-251d-4e05-9b91-572b06bd9e3a 051d982b2dd0416cbefc82d35d2a24d3 d3635270c66c47abbc4db15347eb055c - - 7919d296f07d4a20bccfb82a8f4b3ec3 7919d296f07d4a20bccfb82a8f4b3ec3] 199.19.213.199 "GET /v2.0/networks/97882496-67e7-4804-967c-6b60efeef110?fields=segments HTTP/1.1" status: 200 len: 212 time: 0.0549278
2026-05-12 12:38:34.582 9 INFO neutron.wsgi [req-55229ddb-c736-4bfd-b677-0edaaa483832 req-af51058a-ab5e-46a5-9fa1-598f7e6da7a1 051d982b2dd0416cbefc82d35d2a24d3 d3635270c66c47abbc4db15347eb055c - - 7919d296f07d4a20bccfb82a8f4b3ec3 7919d296f07d4a20bccfb82a8f4b3ec3] 199.19.213.199 "GET /v2.0/networks/97882496-67e7-4804-967c-6b60efeef110?fields=provider%3Aphysical_network&fields=provider%3Anetwork_type HTTP/1.1" status: 200 len: 277 time: 0.0746217
2026-05-12 12:38:34.644 10 INFO neutron.db.ovn_revision_numbers_db [None req-369674c0-67d2-4f93-9ef2-e4ac0150bad0 7bbad069eed44082af98b70e1cdef124 be82f815706d4a31879127ba00116a19 - - default default] Successfully bumped revision number for resource 9c4201bb-6cc6-46fb-91ac-1a47c4b3fb26 (type: networks) to 1
2026-05-12 12:38:34.655 10 WARNING neutron.scheduler.dhcp_agent_scheduler [None req-016a7376-9b20-406e-8d4d-806d7889ad29 813b50fe033c47bf86101b677565ebf1 70531c47f5fd4c7d945a6ab385b39429 - - default default] No more DHCP agents
2026-05-12 12:38:34.663 10 WARNING neutron.api.rpc.agentnotifiers.dhcp_rpc_agent_api [None req-016a7376-9b20-406e-8d4d-806d7889ad29 813b50fe033c47bf86101b677565ebf1 70531c47f5fd4c7d945a6ab385b39429 - - default default] Unable to schedule network ae0af375-6807-4537-acf4-21d08192c09f: no agents available; will retry on subsequent port and subnet creation events.
2026-05-12 12:38:34.737 9 INFO neutron.db.ovn_revision_numbers_db [None req-2fe06679-6f06-457d-a862-d176a1165c5c 813b50fe033c47bf86101b677565ebf1 70531c47f5fd4c7d945a6ab385b39429 - - default default] Successfully bumped revision number for resource 7563f7a3-f877-4ab3-bccb-0ba7ec47d348 (type: security_groups) to 1
2026-05-12 12:38:34.750 9 INFO neutron.db.ovn_revision_numbers_db [None req-2fe06679-6f06-457d-a862-d176a1165c5c 813b50fe033c47bf86101b677565ebf1 70531c47f5fd4c7d945a6ab385b39429 - - default default] Successfully bumped revision number for resource 354735f7-4a9b-4e38-9e15-dd19aaebae99 (type: security_group_rules) to 0
2026-05-12 12:38:34.764 9 INFO neutron.db.ovn_revision_numbers_db [None req-2fe06679-6f06-457d-a862-d176a1165c5c 813b50fe033c47bf86101b677565ebf1 70531c47f5fd4c7d945a6ab385b39429 - - default default] Successfully bumped revision number for resource 58b98e5e-0fbd-4e8a-ae48-4d1d9503d48d (type: security_group_rules) to 0
2026-05-12 12:38:34.779 9 INFO neutron.db.ovn_revision_numbers_db [None req-2fe06679-6f06-457d-a862-d176a1165c5c 813b50fe033c47bf86101b677565ebf1 70531c47f5fd4c7d945a6ab385b39429 - - default default] Successfully bumped revision number for resource 8f270887-c917-42a8-8233-d23f3f957ad8 (type: security_group_rules) to 0
2026-05-12 12:38:34.795 9 INFO neutron.db.ovn_revision_numbers_db [None req-2fe06679-6f06-457d-a862-d176a1165c5c 813b50fe033c47bf86101b677565ebf1 70531c47f5fd4c7d945a6ab385b39429 - - default default] Successfully bumped revision number for resource b10e5df7-4d0a-4c38-be39-d210b1b28bbb (type: security_group_rules) to 0
2026-05-12 12:38:34.826 9 INFO neutron.wsgi [None req-2fe06679-6f06-457d-a862-d176a1165c5c 813b50fe033c47bf86101b677565ebf1 70531c47f5fd4c7d945a6ab385b39429 - - default default] 10.0.0.129 "GET /v2.0/security-groups?tenant_id=71075b95191f4dd8974e3e0468d4a5e0&name=default HTTP/1.1" status: 200 len: 2996 time: 0.2900724
2026-05-12 12:38:34.964 10 INFO neutron.db.ovn_revision_numbers_db [None req-016a7376-9b20-406e-8d4d-806d7889ad29 813b50fe033c47bf86101b677565ebf1 70531c47f5fd4c7d945a6ab385b39429 - - default default] Successfully bumped revision number for resource d81db931-88e1-49d3-9c21-3550ad47aca0 (type: ports) to 1
2026-05-12 12:38:35.001 10 INFO neutron.wsgi [None req-016a7376-9b20-406e-8d4d-806d7889ad29 813b50fe033c47bf86101b677565ebf1 70531c47f5fd4c7d945a6ab385b39429 - - default default] 10.0.0.129 "POST /v2.0/networks HTTP/1.1" status: 201 len: 945 time: 1.2916157
2026-05-12 12:38:35.052 10 WARNING neutron.scheduler.dhcp_agent_scheduler [None req-369674c0-67d2-4f93-9ef2-e4ac0150bad0 7bbad069eed44082af98b70e1cdef124 be82f815706d4a31879127ba00116a19 - - default default] No more DHCP agents
2026-05-12 12:38:35.054 10 WARNING neutron.api.rpc.agentnotifiers.dhcp_rpc_agent_api [None req-369674c0-67d2-4f93-9ef2-e4ac0150bad0 7bbad069eed44082af98b70e1cdef124 be82f815706d4a31879127ba00116a19 - - default default] Unable to schedule network 9c4201bb-6cc6-46fb-91ac-1a47c4b3fb26: no agents available; will retry on subsequent port and subnet creation events.
2026-05-12 12:38:35.070 9 INFO neutron.wsgi [None req-223a0b3b-f209-4aea-8d6e-0ddd07692c65 813b50fe033c47bf86101b677565ebf1 70531c47f5fd4c7d945a6ab385b39429 - - default default] 10.0.0.129 "DELETE /v2.0/security-groups/7563f7a3-f877-4ab3-bccb-0ba7ec47d348 HTTP/1.1" status: 204 len: 168 time: 0.2356210
2026-05-12 12:38:35.141 10 INFO neutron.db.ovn_revision_numbers_db [None req-369674c0-67d2-4f93-9ef2-e4ac0150bad0 7bbad069eed44082af98b70e1cdef124 be82f815706d4a31879127ba00116a19 - - default default] Successfully bumped revision number for resource 48ef4619-5498-4ac7-bac6-c1f2b0afe718 (type: ports) to 1
2026-05-12 12:38:35.158 9 WARNING neutron.scheduler.dhcp_agent_scheduler [None req-b862e039-b761-4960-bdc6-eca4f0b0438c 813b50fe033c47bf86101b677565ebf1 70531c47f5fd4c7d945a6ab385b39429 - - default default] No more DHCP agents
2026-05-12 12:38:35.160 9 WARNING neutron.api.rpc.agentnotifiers.dhcp_rpc_agent_api [None req-b862e039-b761-4960-bdc6-eca4f0b0438c 813b50fe033c47bf86101b677565ebf1 70531c47f5fd4c7d945a6ab385b39429 - - default default] Unable to schedule network ae0af375-6807-4537-acf4-21d08192c09f: no agents available; will retry on subsequent port and subnet creation events.
2026-05-12 12:38:35.209 10 INFO neutron.db.ovn_revision_numbers_db [None req-369674c0-67d2-4f93-9ef2-e4ac0150bad0 7bbad069eed44082af98b70e1cdef124 be82f815706d4a31879127ba00116a19 - - default default] Successfully bumped revision number for resource c045eb72-33da-43f5-8891-919be23d4336 (type: networks) to 1
2026-05-12 12:38:35.322 9 INFO neutron.db.ovn_revision_numbers_db [None req-907a8a6f-b289-4f6c-bbf3-323a4da8ca12 813b50fe033c47bf86101b677565ebf1 70531c47f5fd4c7d945a6ab385b39429 - - default default] Successfully bumped revision number for resource ac854e11-7926-465d-b811-1177128ffcd8 (type: security_groups) to 1
2026-05-12 12:38:35.339 9 INFO neutron.db.ovn_revision_numbers_db [None req-907a8a6f-b289-4f6c-bbf3-323a4da8ca12 813b50fe033c47bf86101b677565ebf1 70531c47f5fd4c7d945a6ab385b39429 - - default default] Successfully bumped revision number for resource 643a6d82-a6c0-4183-b8d6-4e495c2b0fdf (type: security_group_rules) to 0
2026-05-12 12:38:35.355 9 INFO neutron.db.ovn_revision_numbers_db [None req-907a8a6f-b289-4f6c-bbf3-323a4da8ca12 813b50fe033c47bf86101b677565ebf1 70531c47f5fd4c7d945a6ab385b39429 - - default default] Successfully bumped revision number for resource 92ff377e-8508-4f5e-963a-6fd021a5d29d (type: security_group_rules) to 0
2026-05-12 12:38:35.370 10 WARNING neutron.scheduler.dhcp_agent_scheduler [None req-369674c0-67d2-4f93-9ef2-e4ac0150bad0 7bbad069eed44082af98b70e1cdef124 be82f815706d4a31879127ba00116a19 - - default default] No more DHCP agents
2026-05-12 12:38:35.373 10 WARNING neutron.api.rpc.agentnotifiers.dhcp_rpc_agent_api [None req-369674c0-67d2-4f93-9ef2-e4ac0150bad0 7bbad069eed44082af98b70e1cdef124 be82f815706d4a31879127ba00116a19 - - default default] Unable to schedule network c045eb72-33da-43f5-8891-919be23d4336: no agents available; will retry on subsequent port and subnet creation events.
2026-05-12 12:38:35.376 9 INFO neutron.db.ovn_revision_numbers_db [None req-907a8a6f-b289-4f6c-bbf3-323a4da8ca12 813b50fe033c47bf86101b677565ebf1 70531c47f5fd4c7d945a6ab385b39429 - - default default] Successfully bumped revision number for resource d6cc4359-129c-43fe-8797-fbfa4fdc1d1c (type: security_group_rules) to 0
2026-05-12 12:38:35.392 9 INFO neutron.db.ovn_revision_numbers_db [None req-907a8a6f-b289-4f6c-bbf3-323a4da8ca12 813b50fe033c47bf86101b677565ebf1 70531c47f5fd4c7d945a6ab385b39429 - - default default] Successfully bumped revision number for resource fe25b401-9252-4c1a-a81f-89f4eb0a1cf7 (type: security_group_rules) to 0
2026-05-12 12:38:35.418 9 INFO neutron.wsgi [None req-907a8a6f-b289-4f6c-bbf3-323a4da8ca12 813b50fe033c47bf86101b677565ebf1 70531c47f5fd4c7d945a6ab385b39429 - - default default] 10.0.0.129 "GET /v2.0/security-groups?tenant_id=b08627c07c0246b7ba347c6a04ff63bd&name=default HTTP/1.1" status: 200 len: 2996 time: 0.2463448
2026-05-12 12:38:35.443 10 INFO neutron.wsgi [req-f78065c6-99ea-438b-9559-8fb53d59ad42 req-48baf7c9-bb25-4fe0-a43e-31c32ae4da9b e5d6be55440e4746ab8b9595e5b87d11 e6c220f1b09f4bf9ab3f32dddef271cf - - default default] 10.0.0.52 "GET /v2.0/ports?device_id=c5dc36ae-8cc4-4925-bca3-85949ffb01bb HTTP/1.1" status: 200 len: 1170 time: 0.0374353
2026-05-12 12:38:35.467 9 INFO neutron.plugins.ml2.drivers.ovn.mech_driver.mech_driver [None req-3a078323-2504-463b-b6cc-c0b14309ece2 - - - - - -] OVN reports status down for port: d29501b8-fceb-45cb-b219-6abd3ae8fa5f
