2026-05-12 12:43:06.000 9 INFO neutron.db.ovn_revision_numbers_db [req-a1496175-61a9-4954-bbdd-4cd57a4149c2 req-0df17511-b56b-4c4d-a774-eb55cd81358c 813b50fe033c47bf86101b677565ebf1 70531c47f5fd4c7d945a6ab385b39429 - - default default] Successfully bumped revision number for resource 5b44e87c-d5aa-46ae-9a6d-d7831702df60 (type: ports) to 1
2026-05-12 12:43:06.016 9 INFO neutron.wsgi [req-a1496175-61a9-4954-bbdd-4cd57a4149c2 req-0df17511-b56b-4c4d-a774-eb55cd81358c 813b50fe033c47bf86101b677565ebf1 70531c47f5fd4c7d945a6ab385b39429 - - default default] 199.19.213.199 "POST /v2.0/ports HTTP/1.1" status: 201 len: 1287 time: 0.4030612 /var/lib/openstack/lib/python3.10/site-packages/pycadf/identifier.py:71: UserWarning: Invalid uuid: neutron. To ensure interoperability, identifiers should be a valid uuid. warnings.warn(('Invalid uuid: %s. To ensure interoperability, '
2026-05-12 12:43:06.475 10 INFO neutron.wsgi [-] 10.0.0.215 "GET / HTTP/1.1" status: 200 len: 247 time: 0.0025766
2026-05-12 12:43:06.479 10 INFO neutron.wsgi [-] 10.0.0.215 "GET / HTTP/1.1" status: 200 len: 247 time: 0.0021696
2026-05-12 12:43:06.658 9 INFO neutron.db.ovn_revision_numbers_db [req-a1496175-61a9-4954-bbdd-4cd57a4149c2 req-18560cfb-0fc0-4090-be73-265b58f5feae 051d982b2dd0416cbefc82d35d2a24d3 d3635270c66c47abbc4db15347eb055c - - 7919d296f07d4a20bccfb82a8f4b3ec3 7919d296f07d4a20bccfb82a8f4b3ec3] Successfully bumped revision number for resource 5b44e87c-d5aa-46ae-9a6d-d7831702df60 (type: ports) to 2
2026-05-12 12:43:06.833 9 INFO neutron.db.ovn_revision_numbers_db [req-a1496175-61a9-4954-bbdd-4cd57a4149c2 req-18560cfb-0fc0-4090-be73-265b58f5feae 051d982b2dd0416cbefc82d35d2a24d3 d3635270c66c47abbc4db15347eb055c - - 7919d296f07d4a20bccfb82a8f4b3ec3 7919d296f07d4a20bccfb82a8f4b3ec3] Successfully bumped revision number for resource 5b44e87c-d5aa-46ae-9a6d-d7831702df60 (type: ports) to 2
2026-05-12 12:43:06.845 9 INFO neutron.wsgi [req-a1496175-61a9-4954-bbdd-4cd57a4149c2 req-18560cfb-0fc0-4090-be73-265b58f5feae 051d982b2dd0416cbefc82d35d2a24d3 d3635270c66c47abbc4db15347eb055c - - 7919d296f07d4a20bccfb82a8f4b3ec3 7919d296f07d4a20bccfb82a8f4b3ec3] 199.19.213.199 "PUT /v2.0/ports/5b44e87c-d5aa-46ae-9a6d-d7831702df60 HTTP/1.1" status: 200 len: 1384 time: 0.8204455
2026-05-12 12:43:06.857 10 INFO neutron.wsgi [req-7acaa117-6337-47ae-86d1-e7622df83531 req-13fae2fb-9d53-418e-9439-55b7cde9e2e8 813b50fe033c47bf86101b677565ebf1 70531c47f5fd4c7d945a6ab385b39429 - - default default] 10.0.0.52 "GET /v2.0/ports?device_id=d7900e7f-17bb-410f-9f85-23d0093f4035 HTTP/1.1" status: 200 len: 1415 time: 0.0362692
2026-05-12 12:43:06.881 9 INFO neutron.notifiers.nova [-] Nova event matching ['req-68f4440b-3bc0-4a3e-961e-3e0dc422619a'] response: {'name': 'network-changed', 'server_uuid': 'd7900e7f-17bb-410f-9f85-23d0093f4035', 'tag': '5b44e87c-d5aa-46ae-9a6d-d7831702df60', 'status': 'completed', 'code': 200} /var/lib/openstack/lib/python3.10/site-packages/pycadf/identifier.py:71: UserWarning: Invalid uuid: neutron. To ensure interoperability, identifiers should be a valid uuid. warnings.warn(('Invalid uuid: %s. To ensure interoperability, '
2026-05-12 12:43:06.906 10 INFO neutron.wsgi [req-7acaa117-6337-47ae-86d1-e7622df83531 req-5eeddae7-4420-42b4-9f5f-6317eeef7add 813b50fe033c47bf86101b677565ebf1 70531c47f5fd4c7d945a6ab385b39429 - - default default] 10.0.0.52 "GET /v2.0/security-groups?id=c3389da9-c077-4b9f-96e0-f6d09c603fab&fields=id&fields=name HTTP/1.1" status: 200 len: 294 time: 0.0399606
2026-05-12 12:43:06.936 9 INFO neutron.wsgi [req-a1496175-61a9-4954-bbdd-4cd57a4149c2 req-2253ca7e-a7d1-4d94-b511-883092fad816 051d982b2dd0416cbefc82d35d2a24d3 d3635270c66c47abbc4db15347eb055c - - 7919d296f07d4a20bccfb82a8f4b3ec3 7919d296f07d4a20bccfb82a8f4b3ec3] 199.19.213.199 "GET /v2.0/ports?tenant_id=70531c47f5fd4c7d945a6ab385b39429&device_id=d7900e7f-17bb-410f-9f85-23d0093f4035 HTTP/1.1" status: 200 len: 1415 time: 0.0417602
2026-05-12 12:43:06.970 9 INFO neutron.wsgi [req-a1496175-61a9-4954-bbdd-4cd57a4149c2 req-05c5e413-675a-47ac-b28f-01f27ceb3313 051d982b2dd0416cbefc82d35d2a24d3 d3635270c66c47abbc4db15347eb055c - - 7919d296f07d4a20bccfb82a8f4b3ec3 7919d296f07d4a20bccfb82a8f4b3ec3] 199.19.213.199 "GET /v2.0/floatingips?fixed_ip_address=172.24.2.131&port_id=5b44e87c-d5aa-46ae-9a6d-d7831702df60 HTTP/1.1" status: 200 len: 217 time: 0.0263872
2026-05-12 12:43:07.008 9 INFO neutron.wsgi [req-a1496175-61a9-4954-bbdd-4cd57a4149c2 req-6f2afeec-adff-42f7-a7da-cd9514a6d77f 051d982b2dd0416cbefc82d35d2a24d3 d3635270c66c47abbc4db15347eb055c - - 7919d296f07d4a20bccfb82a8f4b3ec3 7919d296f07d4a20bccfb82a8f4b3ec3] 199.19.213.199 "GET /v2.0/subnets?id=399c53e1-6208-4943-95f0-12fc60a51e23 HTTP/1.1" status: 200 len: 829 time: 0.0295205
2026-05-12 12:43:07.035 10 INFO neutron.wsgi [req-cc78f0df-af2b-4f75-bfd9-741a7bc3ee7c req-0c57711e-018c-4ea5-a405-42bd7d466621 813b50fe033c47bf86101b677565ebf1 70531c47f5fd4c7d945a6ab385b39429 - - default default] 10.0.0.52 "GET /v2.0/ports?device_id=d7900e7f-17bb-410f-9f85-23d0093f4035 HTTP/1.1" status: 200 len: 1415 time: 0.0346284
2026-05-12 12:43:07.036 9 INFO neutron.wsgi [req-a1496175-61a9-4954-bbdd-4cd57a4149c2 req-7eff3a04-463f-4fbf-a6dd-201d22f3eba2 051d982b2dd0416cbefc82d35d2a24d3 d3635270c66c47abbc4db15347eb055c - - 7919d296f07d4a20bccfb82a8f4b3ec3 7919d296f07d4a20bccfb82a8f4b3ec3] 199.19.213.199 "GET /v2.0/ports?network_id=cc3730e1-0d5d-4dce-b61c-0262c53d180b&device_owner=network%3Adhcp HTTP/1.1" status: 200 len: 210 time: 0.0188193
2026-05-12 12:43:07.103 9 INFO neutron.wsgi [req-a1496175-61a9-4954-bbdd-4cd57a4149c2 req-1892f504-659b-4c51-aa0b-d2d449583701 051d982b2dd0416cbefc82d35d2a24d3 d3635270c66c47abbc4db15347eb055c - - 7919d296f07d4a20bccfb82a8f4b3ec3 7919d296f07d4a20bccfb82a8f4b3ec3] 199.19.213.199 "GET /v2.0/networks/cc3730e1-0d5d-4dce-b61c-0262c53d180b?fields=segments HTTP/1.1" status: 200 len: 212 time: 0.0555170
2026-05-12 12:43:07.171 9 INFO neutron.wsgi [req-a1496175-61a9-4954-bbdd-4cd57a4149c2 req-54d9a99c-8469-412e-a214-38df423d3072 051d982b2dd0416cbefc82d35d2a24d3 d3635270c66c47abbc4db15347eb055c - - 7919d296f07d4a20bccfb82a8f4b3ec3 7919d296f07d4a20bccfb82a8f4b3ec3] 199.19.213.199 "GET /v2.0/networks/cc3730e1-0d5d-4dce-b61c-0262c53d180b?fields=provider%3Aphysical_network&fields=provider%3Anetwork_type HTTP/1.1" status: 200 len: 277 time: 0.0618923
2026-05-12 12:43:07.247 9 INFO neutron.wsgi [req-a8890590-37f9-47fd-9ba7-9f961a1ba230 req-298b6000-9180-415b-bf9d-4d9fad52baae 051d982b2dd0416cbefc82d35d2a24d3 d3635270c66c47abbc4db15347eb055c - - 7919d296f07d4a20bccfb82a8f4b3ec3 7919d296f07d4a20bccfb82a8f4b3ec3] 199.19.213.199 "GET /v2.0/ports?tenant_id=70531c47f5fd4c7d945a6ab385b39429&device_id=d7900e7f-17bb-410f-9f85-23d0093f4035 HTTP/1.1" status: 200 len: 1415 time: 0.0345776
2026-05-12 12:43:07.328 9 INFO neutron.wsgi [req-a8890590-37f9-47fd-9ba7-9f961a1ba230 req-55e5b315-a9e9-4cc8-a506-56c3e28f9938 051d982b2dd0416cbefc82d35d2a24d3 d3635270c66c47abbc4db15347eb055c - - 7919d296f07d4a20bccfb82a8f4b3ec3 7919d296f07d4a20bccfb82a8f4b3ec3] 199.19.213.199 "GET /v2.0/networks?id=cc3730e1-0d5d-4dce-b61c-0262c53d180b HTTP/1.1" status: 200 len: 937 time: 0.0752511
2026-05-12 12:43:07.359 9 INFO neutron.wsgi [req-a8890590-37f9-47fd-9ba7-9f961a1ba230 req-99b3a781-7290-40f2-86cf-0a5a97b90c5e 051d982b2dd0416cbefc82d35d2a24d3 d3635270c66c47abbc4db15347eb055c - - 7919d296f07d4a20bccfb82a8f4b3ec3 7919d296f07d4a20bccfb82a8f4b3ec3] 199.19.213.199 "GET /v2.0/floatingips?fixed_ip_address=172.24.2.131&port_id=5b44e87c-d5aa-46ae-9a6d-d7831702df60 HTTP/1.1" status: 200 len: 217 time: 0.0247219
2026-05-12 12:43:07.383 10 INFO neutron.wsgi [req-44b5b763-31ac-48f2-8233-aa8e7683392e req-730974b9-3160-4e32-b40f-02937fadc766 051d982b2dd0416cbefc82d35d2a24d3 d3635270c66c47abbc4db15347eb055c - - 7919d296f07d4a20bccfb82a8f4b3ec3 7919d296f07d4a20bccfb82a8f4b3ec3] 199.19.213.199 "GET /v2.0/ports?device_id=d7900e7f-17bb-410f-9f85-23d0093f4035 HTTP/1.1" status: 200 len: 1415 time: 0.0362873
2026-05-12 12:43:07.397 9 INFO neutron.wsgi [req-a8890590-37f9-47fd-9ba7-9f961a1ba230 req-d8468749-e63a-42a8-810d-7dd8f2e7467f 051d982b2dd0416cbefc82d35d2a24d3 d3635270c66c47abbc4db15347eb055c - - 7919d296f07d4a20bccfb82a8f4b3ec3 7919d296f07d4a20bccfb82a8f4b3ec3] 199.19.213.199 "GET /v2.0/subnets?id=399c53e1-6208-4943-95f0-12fc60a51e23 HTTP/1.1" status: 200 len: 829 time: 0.0343995
2026-05-12 12:43:07.425 10 INFO neutron.wsgi [req-44b5b763-31ac-48f2-8233-aa8e7683392e req-d39d96c9-51b3-4687-86b4-422abbc380dd 051d982b2dd0416cbefc82d35d2a24d3 d3635270c66c47abbc4db15347eb055c - - 7919d296f07d4a20bccfb82a8f4b3ec3 7919d296f07d4a20bccfb82a8f4b3ec3] 199.19.213.199 "GET /v2.0/security-groups?id=c3389da9-c077-4b9f-96e0-f6d09c603fab&fields=id&fields=name HTTP/1.1" status: 200 len: 294 time: 0.0351532
2026-05-12 12:43:07.426 9 INFO neutron.wsgi [req-a8890590-37f9-47fd-9ba7-9f961a1ba230 req-2dea9aba-6582-4e48-8c10-ff0d6553fbf4 051d982b2dd0416cbefc82d35d2a24d3 d3635270c66c47abbc4db15347eb055c - - 7919d296f07d4a20bccfb82a8f4b3ec3 7919d296f07d4a20bccfb82a8f4b3ec3] 199.19.213.199 "GET /v2.0/ports?network_id=cc3730e1-0d5d-4dce-b61c-0262c53d180b&device_owner=network%3Adhcp HTTP/1.1" status: 200 len: 210 time: 0.0242851
2026-05-12 12:43:07.537 9 INFO neutron.plugins.ml2.drivers.ovn.mech_driver.mech_driver [None req-3a078323-2504-463b-b6cc-c0b14309ece2 - - - - - -] OVN reports status up for port: 5b44e87c-d5aa-46ae-9a6d-d7831702df60
2026-05-12 12:43:07.549 9 INFO neutron.wsgi [req-a8890590-37f9-47fd-9ba7-9f961a1ba230 req-d0822524-6d74-4096-ba4a-ede72c1646a0 051d982b2dd0416cbefc82d35d2a24d3 d3635270c66c47abbc4db15347eb055c - - 7919d296f07d4a20bccfb82a8f4b3ec3 7919d296f07d4a20bccfb82a8f4b3ec3] 199.19.213.199 "GET /v2.0/networks/cc3730e1-0d5d-4dce-b61c-0262c53d180b?fields=segments HTTP/1.1" status: 200 len: 212 time: 0.0900388
2026-05-12 12:43:07.555 9 INFO neutron.plugins.ml2.plugin [None req-3a078323-2504-463b-b6cc-c0b14309ece2 - - - - - -] Attempt 1 to provision port 5b44e87c-d5aa-46ae-9a6d-d7831702df60
2026-05-12 12:43:07.638 9 INFO neutron.wsgi [req-a8890590-37f9-47fd-9ba7-9f961a1ba230 req-b2af0741-7a30-4ee2-9cf3-63f84306c35b 051d982b2dd0416cbefc82d35d2a24d3 d3635270c66c47abbc4db15347eb055c - - 7919d296f07d4a20bccfb82a8f4b3ec3 7919d296f07d4a20bccfb82a8f4b3ec3] 199.19.213.199 "GET /v2.0/networks/cc3730e1-0d5d-4dce-b61c-0262c53d180b?fields=provider%3Aphysical_network&fields=provider%3Anetwork_type HTTP/1.1" status: 200 len: 277 time: 0.0802131
2026-05-12 12:43:07.840 9 INFO neutron.db.ovn_revision_numbers_db [None req-3a078323-2504-463b-b6cc-c0b14309ece2 - - - - - -] Successfully bumped revision number for resource 5b44e87c-d5aa-46ae-9a6d-d7831702df60 (type: ports) to 4
2026-05-12 12:43:08.920 9 INFO neutron.notifiers.nova [-] Nova event matching ['req-5881940f-5cec-44d8-8a06-1c78126e9511'] response: {'server_uuid': 'd7900e7f-17bb-410f-9f85-23d0093f4035', 'name': 'network-vif-plugged', 'status': 'completed', 'tag': '5b44e87c-d5aa-46ae-9a6d-d7831702df60', 'code': 200}
2026-05-12 12:43:08.920 9 INFO neutron.notifiers.nova [-] Nova event matching ['req-5881940f-5cec-44d8-8a06-1c78126e9511'] response: {'server_uuid': 'd7900e7f-17bb-410f-9f85-23d0093f4035', 'name': 'network-vif-plugged', 'status': 'completed', 'tag': '5b44e87c-d5aa-46ae-9a6d-d7831702df60', 'code': 200}
2026-05-12 12:43:09.261 10 INFO neutron.wsgi [req-fb5631b3-ca77-430f-99e9-17351746add5 req-9f00948a-00c2-4b25-9d7b-32bf61e53bfd 813b50fe033c47bf86101b677565ebf1 70531c47f5fd4c7d945a6ab385b39429 - - default default] 10.0.0.52 "GET /v2.0/ports?device_id=d7900e7f-17bb-410f-9f85-23d0093f4035 HTTP/1.1" status: 200 len: 1417 time: 0.0330284
2026-05-12 12:43:09.314 10 INFO neutron.wsgi [req-fb5631b3-ca77-430f-99e9-17351746add5 req-4ec0ae0f-987e-46d6-8514-d1d862309cfc 813b50fe033c47bf86101b677565ebf1 70531c47f5fd4c7d945a6ab385b39429 - - default default] 10.0.0.52 "GET /v2.0/security-groups?id=c3389da9-c077-4b9f-96e0-f6d09c603fab&fields=id&fields=name HTTP/1.1" status: 200 len: 294 time: 0.0409241
2026-05-12 12:43:09.402 10 INFO neutron.wsgi [req-d8459798-6dc7-4451-b09c-1cc62dd3d255 req-7cc0369d-85ba-4f14-89b3-7f2451fa1af9 813b50fe033c47bf86101b677565ebf1 70531c47f5fd4c7d945a6ab385b39429 - - default default] 10.0.0.52 "GET /v2.0/ports?device_id=d7900e7f-17bb-410f-9f85-23d0093f4035 HTTP/1.1" status: 200 len: 1417 time: 0.0340910
2026-05-12 12:43:21.474 10 INFO neutron.wsgi [-] 10.0.0.215 "GET / HTTP/1.1" status: 200 len: 247 time: 0.0017035
2026-05-12 12:43:21.477 10 INFO neutron.wsgi [-] 10.0.0.215 "GET / HTTP/1.1" status: 200 len: 247 time: 0.0013523 /var/lib/openstack/lib/python3.10/site-packages/pycadf/identifier.py:71: UserWarning: Invalid uuid: neutron. To ensure interoperability, identifiers should be a valid uuid. warnings.warn(('Invalid uuid: %s. To ensure interoperability, '
2026-05-12 12:43:26.994 9 INFO neutron.wsgi [req-76d00009-4193-486f-a7ac-b4140b048d3b req-9ae6b1f2-c4c0-4b67-bf6c-c11b46097210 051d982b2dd0416cbefc82d35d2a24d3 d3635270c66c47abbc4db15347eb055c - - 7919d296f07d4a20bccfb82a8f4b3ec3 7919d296f07d4a20bccfb82a8f4b3ec3] 199.19.213.199 "GET /v2.0/ports?device_id=cfe3eefe-dfd9-424c-b108-f1bd30490f48&fields=binding%3Ahost_id&fields=binding%3Avif_type HTTP/1.1" status: 200 len: 265 time: 0.0387218
2026-05-12 12:43:27.062 9 INFO neutron.wsgi [req-76d00009-4193-486f-a7ac-b4140b048d3b req-2b6e4bc9-9212-4b8a-b0ed-b7a06c103ebb 051d982b2dd0416cbefc82d35d2a24d3 d3635270c66c47abbc4db15347eb055c - - 7919d296f07d4a20bccfb82a8f4b3ec3 7919d296f07d4a20bccfb82a8f4b3ec3] 199.19.213.199 "GET /v2.0/ports?tenant_id=b3dc6fc2fe4a401591802c097fb4b69a&device_id=cfe3eefe-dfd9-424c-b108-f1bd30490f48 HTTP/1.1" status: 200 len: 1638 time: 0.0340695
2026-05-12 12:43:27.140 9 INFO neutron.wsgi [req-76d00009-4193-486f-a7ac-b4140b048d3b req-6a19a36d-6706-4848-9be2-3329bd81d2d5 051d982b2dd0416cbefc82d35d2a24d3 d3635270c66c47abbc4db15347eb055c - - 7919d296f07d4a20bccfb82a8f4b3ec3 7919d296f07d4a20bccfb82a8f4b3ec3] 199.19.213.199 "GET /v2.0/networks?id=adfffe60-4304-444c-8371-1fb3008cf267 HTTP/1.1" status: 200 len: 1001 time: 0.0592403
2026-05-12 12:43:27.193 9 INFO neutron.wsgi [req-76d00009-4193-486f-a7ac-b4140b048d3b req-e5dc998e-780c-4606-9ceb-04afcd4f8503 051d982b2dd0416cbefc82d35d2a24d3 d3635270c66c47abbc4db15347eb055c - - 7919d296f07d4a20bccfb82a8f4b3ec3 7919d296f07d4a20bccfb82a8f4b3ec3] 199.19.213.199 "GET /v2.0/floatingips?fixed_ip_address=10.2.1.189&port_id=7de1f653-da84-4821-ab19-65353f3eb143 HTTP/1.1" status: 200 len: 1059 time: 0.0450714
2026-05-12 12:43:27.224 9 INFO neutron.wsgi [req-76d00009-4193-486f-a7ac-b4140b048d3b req-2d755a41-35e4-47ba-87a7-c19fd9e554e2 051d982b2dd0416cbefc82d35d2a24d3 d3635270c66c47abbc4db15347eb055c - - 7919d296f07d4a20bccfb82a8f4b3ec3 7919d296f07d4a20bccfb82a8f4b3ec3] 199.19.213.199 "GET /v2.0/floatingips?fixed_ip_address=fd7b%3Af9f7%3Afff%3A4eca%3A%3A1bf&port_id=7de1f653-da84-4821-ab19-65353f3eb143 HTTP/1.1" status: 200 len: 217 time: 0.0254521
2026-05-12 12:43:27.269 9 INFO neutron.wsgi [req-76d00009-4193-486f-a7ac-b4140b048d3b req-7ed911e1-6a06-4f82-a643-2e30679e64dd 051d982b2dd0416cbefc82d35d2a24d3 d3635270c66c47abbc4db15347eb055c - - 7919d296f07d4a20bccfb82a8f4b3ec3 7919d296f07d4a20bccfb82a8f4b3ec3] 199.19.213.199 "GET /v2.0/subnets?id=6758dc05-43cd-48ee-aa2d-3f0331f8dc6a&id=9e6d09f4-1298-4a43-aaa9-2dd1b34997ca HTTP/1.1" status: 200 len: 1562 time: 0.0384023
2026-05-12 12:43:27.300 9 INFO neutron.wsgi [req-76d00009-4193-486f-a7ac-b4140b048d3b req-291065b1-d445-4f7c-bd90-68b6537e89ea 051d982b2dd0416cbefc82d35d2a24d3 d3635270c66c47abbc4db15347eb055c - - 7919d296f07d4a20bccfb82a8f4b3ec3 7919d296f07d4a20bccfb82a8f4b3ec3] 199.19.213.199 "GET /v2.0/ports?network_id=adfffe60-4304-444c-8371-1fb3008cf267&device_owner=network%3Adhcp HTTP/1.1" status: 200 len: 210 time: 0.0241065
2026-05-12 12:43:27.324 9 INFO neutron.wsgi [req-76d00009-4193-486f-a7ac-b4140b048d3b req-b66cf757-bab3-4221-9f8c-1266d6101ce4 051d982b2dd0416cbefc82d35d2a24d3 d3635270c66c47abbc4db15347eb055c - - 7919d296f07d4a20bccfb82a8f4b3ec3 7919d296f07d4a20bccfb82a8f4b3ec3] 199.19.213.199 "GET /v2.0/ports?network_id=adfffe60-4304-444c-8371-1fb3008cf267&device_owner=network%3Adhcp HTTP/1.1" status: 200 len: 210 time: 0.0179720
2026-05-12 12:43:27.387 9 INFO neutron.wsgi [req-76d00009-4193-486f-a7ac-b4140b048d3b req-07f0d394-f057-4165-b1b9-ae71f53e1203 051d982b2dd0416cbefc82d35d2a24d3 d3635270c66c47abbc4db15347eb055c - - 7919d296f07d4a20bccfb82a8f4b3ec3 7919d296f07d4a20bccfb82a8f4b3ec3] 199.19.213.199 "GET /v2.0/networks/adfffe60-4304-444c-8371-1fb3008cf267?fields=segments HTTP/1.1" status: 200 len: 212 time: 0.0552626
2026-05-12 12:43:27.452 9 INFO neutron.wsgi [req-76d00009-4193-486f-a7ac-b4140b048d3b req-a37c59d3-c05f-4396-b8b1-0a23065f19af 051d982b2dd0416cbefc82d35d2a24d3 d3635270c66c47abbc4db15347eb055c - - 7919d296f07d4a20bccfb82a8f4b3ec3 7919d296f07d4a20bccfb82a8f4b3ec3] 199.19.213.199 "GET /v2.0/networks/adfffe60-4304-444c-8371-1fb3008cf267?fields=provider%3Aphysical_network&fields=provider%3Anetwork_type HTTP/1.1" status: 200 len: 277 time: 0.0575371
2026-05-12 12:43:36.474 9 INFO neutron.wsgi [-] 10.0.0.215 "GET / HTTP/1.1" status: 200 len: 247 time: 0.0023844
2026-05-12 12:43:36.476 10 INFO neutron.wsgi [-] 10.0.0.215 "GET / HTTP/1.1" status: 200 len: 247 time: 0.0032685
2026-05-12 12:43:43.063 10 INFO neutron.wsgi [None req-25b6819a-8f3b-4bfa-8e36-9122f0611c8a 813b50fe033c47bf86101b677565ebf1 70531c47f5fd4c7d945a6ab385b39429 - - default default] 199.19.213.199 "GET /v2.0/extensions/security-group HTTP/1.1" status: 200 len: 369 time: 0.0133343
2026-05-12 12:43:43.072 10 INFO neutron.wsgi [None req-ee288a18-dffd-426d-99b8-21a0d874a108 813b50fe033c47bf86101b677565ebf1 70531c47f5fd4c7d945a6ab385b39429 - - default default] 199.19.213.199 "GET /v2.0/extensions/dns-integration HTTP/1.1" status: 200 len: 371 time: 0.0044599
2026-05-12 12:43:43.080 10 INFO neutron.wsgi [None req-4740781b-0fb8-41d3-a03f-e5be9f2b7363 813b50fe033c47bf86101b677565ebf1 70531c47f5fd4c7d945a6ab385b39429 - - default default] 199.19.213.199 "GET /v2.0/extensions/qos HTTP/1.1" status: 200 len: 365 time: 0.0039003
2026-05-12 12:43:43.089 10 INFO neutron.wsgi [None req-28d08c34-fdee-4e83-8b5b-c27a5dc309ff 813b50fe033c47bf86101b677565ebf1 70531c47f5fd4c7d945a6ab385b39429 - - default default] 199.19.213.199 "GET /v2.0/extensions/allowed-address-pairs HTTP/1.1" status: 200 len: 383 time: 0.0038326
2026-05-12 12:43:43.122 10 INFO neutron.wsgi [None req-de70f84c-bf52-4956-a846-3681cb1824ba 813b50fe033c47bf86101b677565ebf1 70531c47f5fd4c7d945a6ab385b39429 - - default default] 199.19.213.199 "GET /v2.0/subnets/cc29ac56-6545-44cd-90fe-c551c1a5a23b HTTP/1.1" status: 200 len: 850 time: 0.0254772
2026-05-12 12:43:43.184 10 INFO neutron.wsgi [None req-efa081d0-ebe6-4002-b48f-a8b4ebb61009 813b50fe033c47bf86101b677565ebf1 70531c47f5fd4c7d945a6ab385b39429 - - default default] 199.19.213.199 "GET /v2.0/ports?device_id=d7900e7f-17bb-410f-9f85-23d0093f4035 HTTP/1.1" status: 200 len: 1417 time: 0.0308592
2026-05-12 12:43:43.504 10 WARNING neutron.scheduler.dhcp_agent_scheduler [None req-497eab3a-c1b5-44bc-84bf-c851c40457c0 813b50fe033c47bf86101b677565ebf1 70531c47f5fd4c7d945a6ab385b39429 - - default default] No more DHCP agents
2026-05-12 12:43:43.506 10 WARNING neutron.api.rpc.agentnotifiers.dhcp_rpc_agent_api [None req-497eab3a-c1b5-44bc-84bf-c851c40457c0 813b50fe033c47bf86101b677565ebf1 70531c47f5fd4c7d945a6ab385b39429 - - default default] Unable to schedule network b8ea1c27-a428-4b3f-abbb-1ab6437b3af6: no agents available; will retry on subsequent port and subnet creation events.
2026-05-12 12:43:43.667 10 INFO neutron.db.ovn_revision_numbers_db [None req-497eab3a-c1b5-44bc-84bf-c851c40457c0 813b50fe033c47bf86101b677565ebf1 70531c47f5fd4c7d945a6ab385b39429 - - default default] Successfully bumped revision number for resource d6e67d50-d315-4296-8fc0-537605745870 (type: ports) to 1
2026-05-12 12:43:43.682 10 INFO neutron.wsgi [None req-497eab3a-c1b5-44bc-84bf-c851c40457c0 813b50fe033c47bf86101b677565ebf1 70531c47f5fd4c7d945a6ab385b39429 - - default default] 199.19.213.199 "POST /v2.0/ports HTTP/1.1" status: 201 len: 1302 time: 0.4904830 /var/lib/openstack/lib/python3.10/site-packages/pycadf/identifier.py:71: UserWarning: Invalid uuid: neutron. To ensure interoperability, identifiers should be a valid uuid. warnings.warn(('Invalid uuid: %s. To ensure interoperability, '
2026-05-12 12:43:43.755 10 INFO neutron.wsgi [req-c4a6916a-40b8-4949-8b85-dce008b2893c req-59cc8f41-6ad6-4665-870d-cf4982f647f1 813b50fe033c47bf86101b677565ebf1 70531c47f5fd4c7d945a6ab385b39429 - - default default] 10.0.0.52 "GET /v2.0/ports/d6e67d50-d315-4296-8fc0-537605745870 HTTP/1.1" status: 200 len: 1297 time: 0.0240633
2026-05-12 12:43:43.764 10 INFO neutron.wsgi [req-c4a6916a-40b8-4949-8b85-dce008b2893c req-cf078150-aa3e-4395-9f8f-631161e5e478 813b50fe033c47bf86101b677565ebf1 70531c47f5fd4c7d945a6ab385b39429 - - default default] 10.0.0.52 "GET /v2.0/extensions HTTP/1.1" status: 200 len: 16525 time: 0.0045943
2026-05-12 12:43:43.852 9 INFO neutron.wsgi [req-c4a6916a-40b8-4949-8b85-dce008b2893c req-c7ffbeaa-1c71-4e9e-9f79-22d23f44a933 051d982b2dd0416cbefc82d35d2a24d3 d3635270c66c47abbc4db15347eb055c - - 7919d296f07d4a20bccfb82a8f4b3ec3 7919d296f07d4a20bccfb82a8f4b3ec3] 199.19.213.199 "GET /v2.0/ports/d6e67d50-d315-4296-8fc0-537605745870?fields=binding%3Avnic_type&fields=binding%3Aprofile&fields=network_id&fields=resource_request&fields=numa_affinity_policy&fields=device_profile HTTP/1.1" status: 200 len: 335 time: 0.0257509
2026-05-12 12:43:43.911 9 INFO neutron.wsgi [req-c4a6916a-40b8-4949-8b85-dce008b2893c req-ca1994f4-a51a-4dd4-adb5-6d42f7ac958c 051d982b2dd0416cbefc82d35d2a24d3 d3635270c66c47abbc4db15347eb055c - - 7919d296f07d4a20bccfb82a8f4b3ec3 7919d296f07d4a20bccfb82a8f4b3ec3] 199.19.213.199 "GET /v2.0/networks/b8ea1c27-a428-4b3f-abbb-1ab6437b3af6?fields=segments HTTP/1.1" status: 200 len: 212 time: 0.0546477
2026-05-12 12:43:43.979 9 INFO neutron.wsgi [req-c4a6916a-40b8-4949-8b85-dce008b2893c req-77100fd1-e674-45ec-9a53-3a44782165fc 051d982b2dd0416cbefc82d35d2a24d3 d3635270c66c47abbc4db15347eb055c - - 7919d296f07d4a20bccfb82a8f4b3ec3 7919d296f07d4a20bccfb82a8f4b3ec3] 199.19.213.199 "GET /v2.0/networks/b8ea1c27-a428-4b3f-abbb-1ab6437b3af6?fields=provider%3Aphysical_network&fields=provider%3Anetwork_type HTTP/1.1" status: 200 len: 277 time: 0.0607202
2026-05-12 12:43:44.033 9 INFO neutron.wsgi [req-c4a6916a-40b8-4949-8b85-dce008b2893c req-1501f185-6889-48bb-a23d-d9436822cdc8 051d982b2dd0416cbefc82d35d2a24d3 d3635270c66c47abbc4db15347eb055c - - 7919d296f07d4a20bccfb82a8f4b3ec3 7919d296f07d4a20bccfb82a8f4b3ec3] 199.19.213.199 "GET /v2.0/ports/d6e67d50-d315-4296-8fc0-537605745870 HTTP/1.1" status: 200 len: 1297 time: 0.0290008
2026-05-12 12:43:44.098 9 INFO neutron.wsgi [req-c4a6916a-40b8-4949-8b85-dce008b2893c req-43771f83-1fd6-4b91-bbf3-b49f3a67f42c 813b50fe033c47bf86101b677565ebf1 70531c47f5fd4c7d945a6ab385b39429 - - default default] 199.19.213.199 "GET /v2.0/networks?id=b8ea1c27-a428-4b3f-abbb-1ab6437b3af6 HTTP/1.1" status: 200 len: 1005 time: 0.0584922
2026-05-12 12:43:44.528 9 INFO neutron.db.ovn_revision_numbers_db [req-c4a6916a-40b8-4949-8b85-dce008b2893c req-a7856667-8c91-4aba-b5d8-71ca5de35eb8 051d982b2dd0416cbefc82d35d2a24d3 d3635270c66c47abbc4db15347eb055c - - 7919d296f07d4a20bccfb82a8f4b3ec3 7919d296f07d4a20bccfb82a8f4b3ec3] Successfully bumped revision number for resource d6e67d50-d315-4296-8fc0-537605745870 (type: ports) to 2
2026-05-12 12:43:44.712 9 INFO neutron.db.ovn_revision_numbers_db [req-c4a6916a-40b8-4949-8b85-dce008b2893c req-a7856667-8c91-4aba-b5d8-71ca5de35eb8 051d982b2dd0416cbefc82d35d2a24d3 d3635270c66c47abbc4db15347eb055c - - 7919d296f07d4a20bccfb82a8f4b3ec3 7919d296f07d4a20bccfb82a8f4b3ec3] Successfully bumped revision number for resource d6e67d50-d315-4296-8fc0-537605745870 (type: ports) to 2
2026-05-12 12:43:44.728 9 INFO neutron.wsgi [req-c4a6916a-40b8-4949-8b85-dce008b2893c req-a7856667-8c91-4aba-b5d8-71ca5de35eb8 051d982b2dd0416cbefc82d35d2a24d3 d3635270c66c47abbc4db15347eb055c - - 7919d296f07d4a20bccfb82a8f4b3ec3 7919d296f07d4a20bccfb82a8f4b3ec3] 199.19.213.199 "PUT /v2.0/ports/d6e67d50-d315-4296-8fc0-537605745870 HTTP/1.1" status: 200 len: 1428 time: 0.6227756 /var/lib/openstack/lib/python3.10/site-packages/pycadf/identifier.py:71: UserWarning: Invalid uuid: neutron. To ensure interoperability, identifiers should be a valid uuid. warnings.warn(('Invalid uuid: %s. To ensure interoperability, '
2026-05-12 12:43:44.801 9 INFO neutron.wsgi [req-c4a6916a-40b8-4949-8b85-dce008b2893c req-6d0bb5de-ff7e-4ada-9791-8674163d2d6d 051d982b2dd0416cbefc82d35d2a24d3 d3635270c66c47abbc4db15347eb055c - - 7919d296f07d4a20bccfb82a8f4b3ec3 7919d296f07d4a20bccfb82a8f4b3ec3] 199.19.213.199 "GET /v2.0/ports?tenant_id=70531c47f5fd4c7d945a6ab385b39429&device_id=d7900e7f-17bb-410f-9f85-23d0093f4035 HTTP/1.1" status: 200 len: 2665 time: 0.0345492
2026-05-12 12:43:44.814 9 INFO neutron.notifiers.nova [-] Nova event matching ['req-2167b0b7-2b2b-4a52-93a2-753af221df88'] response: {'name': 'network-changed', 'server_uuid': 'd7900e7f-17bb-410f-9f85-23d0093f4035', 'tag': 'd6e67d50-d315-4296-8fc0-537605745870', 'status': 'completed', 'code': 200}
2026-05-12 12:43:44.831 9 INFO neutron.wsgi [req-c4a6916a-40b8-4949-8b85-dce008b2893c req-353c3771-4650-499d-b120-2b6f5caa1e8b 051d982b2dd0416cbefc82d35d2a24d3 d3635270c66c47abbc4db15347eb055c - - 7919d296f07d4a20bccfb82a8f4b3ec3 7919d296f07d4a20bccfb82a8f4b3ec3] 199.19.213.199 "GET /v2.0/floatingips?fixed_ip_address=172.24.2.131&port_id=5b44e87c-d5aa-46ae-9a6d-d7831702df60 HTTP/1.1" status: 200 len: 217 time: 0.0243366
2026-05-12 12:43:44.873 9 INFO neutron.wsgi [req-c4a6916a-40b8-4949-8b85-dce008b2893c req-ea417cdd-9f6b-4e85-a70c-82780e38befd 051d982b2dd0416cbefc82d35d2a24d3 d3635270c66c47abbc4db15347eb055c - - 7919d296f07d4a20bccfb82a8f4b3ec3 7919d296f07d4a20bccfb82a8f4b3ec3] 199.19.213.199 "GET /v2.0/subnets?id=399c53e1-6208-4943-95f0-12fc60a51e23 HTTP/1.1" status: 200 len: 829 time: 0.0343859
2026-05-12 12:43:44.897 9 INFO neutron.wsgi [req-c4a6916a-40b8-4949-8b85-dce008b2893c req-dff8b060-52a9-42dd-b8bc-60dc844aa855 051d982b2dd0416cbefc82d35d2a24d3 d3635270c66c47abbc4db15347eb055c - - 7919d296f07d4a20bccfb82a8f4b3ec3 7919d296f07d4a20bccfb82a8f4b3ec3] 199.19.213.199 "GET /v2.0/ports?network_id=cc3730e1-0d5d-4dce-b61c-0262c53d180b&device_owner=network%3Adhcp HTTP/1.1" status: 200 len: 210 time: 0.0163553
2026-05-12 12:43:44.961 9 INFO neutron.wsgi [req-c4a6916a-40b8-4949-8b85-dce008b2893c req-c526264c-c02f-4d9a-9c5a-96aa8012f8f2 051d982b2dd0416cbefc82d35d2a24d3 d3635270c66c47abbc4db15347eb055c - - 7919d296f07d4a20bccfb82a8f4b3ec3 7919d296f07d4a20bccfb82a8f4b3ec3] 199.19.213.199 "GET /v2.0/networks/cc3730e1-0d5d-4dce-b61c-0262c53d180b?fields=segments HTTP/1.1" status: 200 len: 212 time: 0.0584829
2026-05-12 12:43:45.028 9 INFO neutron.wsgi [req-c4a6916a-40b8-4949-8b85-dce008b2893c req-f420ebd8-d8f4-4902-9696-0300fbf1ee47 051d982b2dd0416cbefc82d35d2a24d3 d3635270c66c47abbc4db15347eb055c - - 7919d296f07d4a20bccfb82a8f4b3ec3 7919d296f07d4a20bccfb82a8f4b3ec3] 199.19.213.199 "GET /v2.0/networks/cc3730e1-0d5d-4dce-b61c-0262c53d180b?fields=provider%3Aphysical_network&fields=provider%3Anetwork_type HTTP/1.1" status: 200 len: 277 time: 0.0601983
2026-05-12 12:43:45.058 9 INFO neutron.wsgi [req-c4a6916a-40b8-4949-8b85-dce008b2893c req-6dfc7ff7-ed18-4280-8f1d-5fa061d74dea 051d982b2dd0416cbefc82d35d2a24d3 d3635270c66c47abbc4db15347eb055c - - 7919d296f07d4a20bccfb82a8f4b3ec3 7919d296f07d4a20bccfb82a8f4b3ec3] 199.19.213.199 "GET /v2.0/floatingips?fixed_ip_address=10.1.1.153&port_id=d6e67d50-d315-4296-8fc0-537605745870 HTTP/1.1" status: 200 len: 217 time: 0.0235443
2026-05-12 12:43:45.102 9 INFO neutron.wsgi [req-c4a6916a-40b8-4949-8b85-dce008b2893c req-10c1ef93-5f4b-4a0a-a34e-88d138215129 051d982b2dd0416cbefc82d35d2a24d3 d3635270c66c47abbc4db15347eb055c - - 7919d296f07d4a20bccfb82a8f4b3ec3 7919d296f07d4a20bccfb82a8f4b3ec3] 199.19.213.199 "GET /v2.0/subnets?id=cc29ac56-6545-44cd-90fe-c551c1a5a23b HTTP/1.1" status: 200 len: 853 time: 0.0378118
2026-05-12 12:43:45.132 9 INFO neutron.wsgi [req-c4a6916a-40b8-4949-8b85-dce008b2893c req-52722ce4-3d45-495a-91dc-2c98260337f8 051d982b2dd0416cbefc82d35d2a24d3 d3635270c66c47abbc4db15347eb055c - - 7919d296f07d4a20bccfb82a8f4b3ec3 7919d296f07d4a20bccfb82a8f4b3ec3] 199.19.213.199 "GET /v2.0/ports?network_id=b8ea1c27-a428-4b3f-abbb-1ab6437b3af6&device_owner=network%3Adhcp HTTP/1.1" status: 200 len: 210 time: 0.0224674
2026-05-12 12:43:45.201 9 INFO neutron.wsgi [req-c4a6916a-40b8-4949-8b85-dce008b2893c req-50ee5f0d-7edd-449f-a3b9-d6c0d136c2a4 051d982b2dd0416cbefc82d35d2a24d3 d3635270c66c47abbc4db15347eb055c - - 7919d296f07d4a20bccfb82a8f4b3ec3 7919d296f07d4a20bccfb82a8f4b3ec3] 199.19.213.199 "GET /v2.0/networks/b8ea1c27-a428-4b3f-abbb-1ab6437b3af6?fields=segments HTTP/1.1" status: 200 len: 212 time: 0.0615010
2026-05-12 12:43:45.266 9 INFO neutron.wsgi [req-c4a6916a-40b8-4949-8b85-dce008b2893c req-16706fdb-8f84-4a99-ad8f-df3135705d74 051d982b2dd0416cbefc82d35d2a24d3 d3635270c66c47abbc4db15347eb055c - - 7919d296f07d4a20bccfb82a8f4b3ec3 7919d296f07d4a20bccfb82a8f4b3ec3] 199.19.213.199 "GET /v2.0/networks/b8ea1c27-a428-4b3f-abbb-1ab6437b3af6?fields=provider%3Aphysical_network&fields=provider%3Anetwork_type HTTP/1.1" status: 200 len: 277 time: 0.0597944
2026-05-12 12:43:45.348 9 INFO neutron.plugins.ml2.drivers.ovn.mech_driver.mech_driver [None req-3a078323-2504-463b-b6cc-c0b14309ece2 - - - - - -] OVN reports status up for port: d6e67d50-d315-4296-8fc0-537605745870
2026-05-12 12:43:45.352 9 INFO neutron.wsgi [req-dcd7d0fa-2379-4dda-9195-3f2106666c33 req-06325aad-6acc-4eac-9ce2-ede5b9668a06 051d982b2dd0416cbefc82d35d2a24d3 d3635270c66c47abbc4db15347eb055c - - 7919d296f07d4a20bccfb82a8f4b3ec3 7919d296f07d4a20bccfb82a8f4b3ec3] 199.19.213.199 "GET /v2.0/ports?tenant_id=70531c47f5fd4c7d945a6ab385b39429&device_id=d7900e7f-17bb-410f-9f85-23d0093f4035 HTTP/1.1" status: 200 len: 2665 time: 0.0469434
2026-05-12 12:43:45.370 9 INFO neutron.plugins.ml2.plugin [None req-3a078323-2504-463b-b6cc-c0b14309ece2 - - - - - -] Attempt 1 to provision port d6e67d50-d315-4296-8fc0-537605745870
2026-05-12 12:43:45.444 9 INFO neutron.wsgi [req-dcd7d0fa-2379-4dda-9195-3f2106666c33 req-3262cfb5-fa4f-491f-bd4a-123de3df0b53 051d982b2dd0416cbefc82d35d2a24d3 d3635270c66c47abbc4db15347eb055c - - 7919d296f07d4a20bccfb82a8f4b3ec3 7919d296f07d4a20bccfb82a8f4b3ec3] 199.19.213.199 "GET /v2.0/networks?id=b8ea1c27-a428-4b3f-abbb-1ab6437b3af6 HTTP/1.1" status: 200 len: 1005 time: 0.0859485
2026-05-12 12:43:45.474 9 INFO neutron.wsgi [req-dcd7d0fa-2379-4dda-9195-3f2106666c33 req-9e1914fc-32ff-4391-90ed-33fe88902763 051d982b2dd0416cbefc82d35d2a24d3 d3635270c66c47abbc4db15347eb055c - - 7919d296f07d4a20bccfb82a8f4b3ec3 7919d296f07d4a20bccfb82a8f4b3ec3] 199.19.213.199 "GET /v2.0/floatingips?fixed_ip_address=10.1.1.153&port_id=d6e67d50-d315-4296-8fc0-537605745870 HTTP/1.1" status: 200 len: 217 time: 0.0218050
2026-05-12 12:43:45.515 9 INFO neutron.wsgi [req-dcd7d0fa-2379-4dda-9195-3f2106666c33 req-60ce89e3-229a-43ec-b5b3-973e810c20bc 051d982b2dd0416cbefc82d35d2a24d3 d3635270c66c47abbc4db15347eb055c - - 7919d296f07d4a20bccfb82a8f4b3ec3 7919d296f07d4a20bccfb82a8f4b3ec3] 199.19.213.199 "GET /v2.0/subnets?id=cc29ac56-6545-44cd-90fe-c551c1a5a23b HTTP/1.1" status: 200 len: 853 time: 0.0355859
2026-05-12 12:43:45.538 10 INFO neutron.wsgi [req-c4a6916a-40b8-4949-8b85-dce008b2893c req-c33a4dda-fc22-49ac-a7aa-b405e8891a32 813b50fe033c47bf86101b677565ebf1 70531c47f5fd4c7d945a6ab385b39429 - - default default] 10.0.0.52 "GET /v2.0/ports/d6e67d50-d315-4296-8fc0-537605745870 HTTP/1.1" status: 200 len: 1458 time: 0.0285337
2026-05-12 12:43:45.543 9 INFO neutron.wsgi [req-dcd7d0fa-2379-4dda-9195-3f2106666c33 req-35e84602-7106-4738-882c-7eecd734f562 051d982b2dd0416cbefc82d35d2a24d3 d3635270c66c47abbc4db15347eb055c - - 7919d296f07d4a20bccfb82a8f4b3ec3 7919d296f07d4a20bccfb82a8f4b3ec3] 199.19.213.199 "GET /v2.0/ports?network_id=b8ea1c27-a428-4b3f-abbb-1ab6437b3af6&device_owner=network%3Adhcp HTTP/1.1" status: 200 len: 210 time: 0.0210752
2026-05-12 12:43:45.625 9 INFO neutron.wsgi [req-dcd7d0fa-2379-4dda-9195-3f2106666c33 req-691f2aa0-3c6a-4209-b7de-fb24e8cc756a 051d982b2dd0416cbefc82d35d2a24d3 d3635270c66c47abbc4db15347eb055c - - 7919d296f07d4a20bccfb82a8f4b3ec3 7919d296f07d4a20bccfb82a8f4b3ec3] 199.19.213.199 "GET /v2.0/networks/b8ea1c27-a428-4b3f-abbb-1ab6437b3af6?fields=segments HTTP/1.1" status: 200 len: 212 time: 0.0713487
2026-05-12 12:43:45.702 9 INFO neutron.wsgi [req-dcd7d0fa-2379-4dda-9195-3f2106666c33 req-c5f0fe26-a3e5-4004-b926-8e670d564f6b 051d982b2dd0416cbefc82d35d2a24d3 d3635270c66c47abbc4db15347eb055c - - 7919d296f07d4a20bccfb82a8f4b3ec3 7919d296f07d4a20bccfb82a8f4b3ec3] 199.19.213.199 "GET /v2.0/networks/b8ea1c27-a428-4b3f-abbb-1ab6437b3af6?fields=provider%3Aphysical_network&fields=provider%3Anetwork_type HTTP/1.1" status: 200 len: 277 time: 0.0712872
2026-05-12 12:43:45.728 9 INFO neutron.db.ovn_revision_numbers_db [None req-3a078323-2504-463b-b6cc-c0b14309ece2 - - - - - -] Successfully bumped revision number for resource d6e67d50-d315-4296-8fc0-537605745870 (type: ports) to 4
2026-05-12 12:43:45.868 10 INFO neutron.db.ovn_revision_numbers_db [None req-9c5ee1d5-cf84-4177-8fb7-55770323a8fa 813b50fe033c47bf86101b677565ebf1 70531c47f5fd4c7d945a6ab385b39429 - - default default] Successfully bumped revision number for resource d6e67d50-d315-4296-8fc0-537605745870 (type: ports) to 5
2026-05-12 12:43:45.877 10 INFO neutron.wsgi [None req-9c5ee1d5-cf84-4177-8fb7-55770323a8fa 813b50fe033c47bf86101b677565ebf1 70531c47f5fd4c7d945a6ab385b39429 - - default default] 199.19.213.199 "PUT /v2.0/ports/d6e67d50-d315-4296-8fc0-537605745870 HTTP/1.1" status: 200 len: 1490 time: 0.3277678 /var/lib/openstack/lib/python3.10/site-packages/pycadf/identifier.py:71: UserWarning: Invalid uuid: neutron. To ensure interoperability, identifiers should be a valid uuid. warnings.warn(('Invalid uuid: %s. To ensure interoperability, '
2026-05-12 12:43:45.916 10 INFO neutron.wsgi [None req-7b4c3866-3789-4941-8cf7-5d7174502433 813b50fe033c47bf86101b677565ebf1 70531c47f5fd4c7d945a6ab385b39429 - - default default] 199.19.213.199 "GET /v2.0/security-groups?name=lb-847dc6c6-22f8-42ea-a095-0c9d65f5ca62 HTTP/1.1" status: 200 len: 1777 time: 0.0313911
2026-05-12 12:43:45.959 10 INFO neutron.notifiers.nova [-] Nova event matching ['req-afa73f8e-823e-463e-b79f-9ddc60cbbb3c'] response: {'name': 'network-changed', 'server_uuid': 'd7900e7f-17bb-410f-9f85-23d0093f4035', 'tag': 'd6e67d50-d315-4296-8fc0-537605745870', 'status': 'completed', 'code': 200} /var/lib/openstack/lib/python3.10/site-packages/pycadf/identifier.py:71: UserWarning: Invalid uuid: neutron. To ensure interoperability, identifiers should be a valid uuid. warnings.warn(('Invalid uuid: %s. To ensure interoperability, '
2026-05-12 12:43:46.012 9 INFO neutron.wsgi [req-13b4fa9a-379a-402c-a0b2-3dbac4649af1 req-1074f6ed-6bc4-4d91-992d-693682776f67 051d982b2dd0416cbefc82d35d2a24d3 d3635270c66c47abbc4db15347eb055c - - 7919d296f07d4a20bccfb82a8f4b3ec3 7919d296f07d4a20bccfb82a8f4b3ec3] 199.19.213.199 "GET /v2.0/ports?tenant_id=70531c47f5fd4c7d945a6ab385b39429&device_id=d7900e7f-17bb-410f-9f85-23d0093f4035 HTTP/1.1" status: 200 len: 2727 time: 0.0401785
2026-05-12 12:43:46.089 9 INFO neutron.wsgi [req-13b4fa9a-379a-402c-a0b2-3dbac4649af1 req-f34c3212-22ac-4f67-820d-53621e31c35f 051d982b2dd0416cbefc82d35d2a24d3 d3635270c66c47abbc4db15347eb055c - - 7919d296f07d4a20bccfb82a8f4b3ec3 7919d296f07d4a20bccfb82a8f4b3ec3] 199.19.213.199 "GET /v2.0/networks?id=b8ea1c27-a428-4b3f-abbb-1ab6437b3af6 HTTP/1.1" status: 200 len: 1005 time: 0.0686893
2026-05-12 12:43:46.118 9 INFO neutron.wsgi [req-13b4fa9a-379a-402c-a0b2-3dbac4649af1 req-8d21e101-6433-4113-b57f-d6b9c691b100 051d982b2dd0416cbefc82d35d2a24d3 d3635270c66c47abbc4db15347eb055c - - 7919d296f07d4a20bccfb82a8f4b3ec3 7919d296f07d4a20bccfb82a8f4b3ec3] 199.19.213.199 "GET /v2.0/floatingips?fixed_ip_address=10.1.1.153&port_id=d6e67d50-d315-4296-8fc0-537605745870 HTTP/1.1" status: 200 len: 217 time: 0.0228055
2026-05-12 12:43:46.163 9 INFO neutron.wsgi [req-13b4fa9a-379a-402c-a0b2-3dbac4649af1 req-891af9a5-2da6-4a92-bba5-a38468937ace 051d982b2dd0416cbefc82d35d2a24d3 d3635270c66c47abbc4db15347eb055c - - 7919d296f07d4a20bccfb82a8f4b3ec3 7919d296f07d4a20bccfb82a8f4b3ec3] 199.19.213.199 "GET /v2.0/subnets?id=cc29ac56-6545-44cd-90fe-c551c1a5a23b HTTP/1.1" status: 200 len: 853 time: 0.0374720
2026-05-12 12:43:46.200 9 INFO neutron.wsgi [req-13b4fa9a-379a-402c-a0b2-3dbac4649af1 req-2075e42b-37bd-423c-be8a-1f88eab0acb8 051d982b2dd0416cbefc82d35d2a24d3 d3635270c66c47abbc4db15347eb055c - - 7919d296f07d4a20bccfb82a8f4b3ec3 7919d296f07d4a20bccfb82a8f4b3ec3] 199.19.213.199 "GET /v2.0/ports?network_id=b8ea1c27-a428-4b3f-abbb-1ab6437b3af6&device_owner=network%3Adhcp HTTP/1.1" status: 200 len: 210 time: 0.0279551
2026-05-12 12:43:46.204 10 INFO neutron.db.ovn_revision_numbers_db [None req-86d77a3c-8dd5-43c0-83b9-c062f079f6e8 813b50fe033c47bf86101b677565ebf1 70531c47f5fd4c7d945a6ab385b39429 - - default default] Successfully bumped revision number for resource d6e67d50-d315-4296-8fc0-537605745870 (type: ports) to 6
2026-05-12 12:43:46.216 10 INFO neutron.wsgi [None req-86d77a3c-8dd5-43c0-83b9-c062f079f6e8 813b50fe033c47bf86101b677565ebf1 70531c47f5fd4c7d945a6ab385b39429 - - default default] 199.19.213.199 "PUT /v2.0/ports/d6e67d50-d315-4296-8fc0-537605745870 HTTP/1.1" status: 200 len: 1490 time: 0.2945971
2026-05-12 12:43:46.275 9 INFO neutron.wsgi [req-13b4fa9a-379a-402c-a0b2-3dbac4649af1 req-1b9224f6-70c8-4362-b510-796ba125f348 051d982b2dd0416cbefc82d35d2a24d3 d3635270c66c47abbc4db15347eb055c - - 7919d296f07d4a20bccfb82a8f4b3ec3 7919d296f07d4a20bccfb82a8f4b3ec3] 199.19.213.199 "GET /v2.0/networks/b8ea1c27-a428-4b3f-abbb-1ab6437b3af6?fields=segments HTTP/1.1" status: 200 len: 212 time: 0.0681071 /var/lib/openstack/lib/python3.10/site-packages/pycadf/identifier.py:71: UserWarning: Invalid uuid: neutron. To ensure interoperability, identifiers should be a valid uuid. warnings.warn(('Invalid uuid: %s. To ensure interoperability, '
2026-05-12 12:43:46.309 10 INFO neutron.wsgi [None req-ed77df6b-f698-439a-a410-8fc4637f1b7c 813b50fe033c47bf86101b677565ebf1 70531c47f5fd4c7d945a6ab385b39429 - - default default] 199.19.213.199 "GET /v2.0/extensions/security-group HTTP/1.1" status: 200 len: 369 time: 0.0055597
2026-05-12 12:43:46.317 10 INFO neutron.wsgi [None req-c48c87a8-9998-4160-9fae-515d28da18f0 813b50fe033c47bf86101b677565ebf1 70531c47f5fd4c7d945a6ab385b39429 - - default default] 199.19.213.199 "GET /v2.0/extensions/dns-integration HTTP/1.1" status: 200 len: 371 time: 0.0041757
2026-05-12 12:43:46.324 10 INFO neutron.wsgi [None req-f1091e90-b437-48f8-94ee-4960405f6cd8 813b50fe033c47bf86101b677565ebf1 70531c47f5fd4c7d945a6ab385b39429 - - default default] 199.19.213.199 "GET /v2.0/extensions/qos HTTP/1.1" status: 200 len: 365 time: 0.0040834
2026-05-12 12:43:46.333 10 INFO neutron.wsgi [None req-16c4aca1-bda2-4914-8165-7ec4bada2589 813b50fe033c47bf86101b677565ebf1 70531c47f5fd4c7d945a6ab385b39429 - - default default] 199.19.213.199 "GET /v2.0/extensions/allowed-address-pairs HTTP/1.1" status: 200 len: 383 time: 0.0045974
2026-05-12 12:43:46.338 9 INFO neutron.wsgi [req-13b4fa9a-379a-402c-a0b2-3dbac4649af1 req-92712b84-0b99-465b-9230-889f46aa36fd 051d982b2dd0416cbefc82d35d2a24d3 d3635270c66c47abbc4db15347eb055c - - 7919d296f07d4a20bccfb82a8f4b3ec3 7919d296f07d4a20bccfb82a8f4b3ec3] 199.19.213.199 "GET /v2.0/networks/b8ea1c27-a428-4b3f-abbb-1ab6437b3af6?fields=provider%3Aphysical_network&fields=provider%3Anetwork_type HTTP/1.1" status: 200 len: 277 time: 0.0543761
2026-05-12 12:43:46.367 10 INFO neutron.wsgi [None req-e5cd29f9-a2f5-45aa-b88c-b580a5acbe0c 813b50fe033c47bf86101b677565ebf1 70531c47f5fd4c7d945a6ab385b39429 - - default default] 199.19.213.199 "GET /v2.0/subnets/cc29ac56-6545-44cd-90fe-c551c1a5a23b HTTP/1.1" status: 200 len: 850 time: 0.0285361
2026-05-12 12:43:46.398 10 INFO neutron.wsgi [None req-32bc1684-274d-4d90-8dbf-db48cbd83827 813b50fe033c47bf86101b677565ebf1 70531c47f5fd4c7d945a6ab385b39429 - - default default] 199.19.213.199 "GET /v2.0/ports/eee47d3d-50b3-4025-a3ab-02ddcb7d35ac HTTP/1.1" status: 200 len: 1328 time: 0.0257313
2026-05-12 12:43:46.433 10 INFO neutron.wsgi [None req-037214e9-f367-4a06-8ae9-5ba5caa44dc0 813b50fe033c47bf86101b677565ebf1 70531c47f5fd4c7d945a6ab385b39429 - - default default] 199.19.213.199 "GET /v2.0/ports/d6e67d50-d315-4296-8fc0-537605745870 HTTP/1.1" status: 200 len: 1518 time: 0.0275350
2026-05-12 12:43:46.470 10 INFO neutron.wsgi [None req-7171ccf8-f41f-4a0f-8cb8-0120a56219e8 813b50fe033c47bf86101b677565ebf1 70531c47f5fd4c7d945a6ab385b39429 - - default default] 199.19.213.199 "GET /v2.0/subnets/cc29ac56-6545-44cd-90fe-c551c1a5a23b HTTP/1.1" status: 200 len: 850 time: 0.0314796
2026-05-12 12:43:46.535 10 INFO neutron.wsgi [None req-b5e9cbf3-0c33-4ee2-8429-ea09161a1dbc 813b50fe033c47bf86101b677565ebf1 70531c47f5fd4c7d945a6ab385b39429 - - default default] 199.19.213.199 "GET /v2.0/networks/b8ea1c27-a428-4b3f-abbb-1ab6437b3af6 HTTP/1.1" status: 200 len: 1002 time: 0.0593925
2026-05-12 12:43:46.580 10 INFO neutron.wsgi [None req-fd24ec85-7840-4507-b601-1ac9e0705543 813b50fe033c47bf86101b677565ebf1 70531c47f5fd4c7d945a6ab385b39429 - - default default] 199.19.213.199 "GET /v2.0/ports/eee47d3d-50b3-4025-a3ab-02ddcb7d35ac HTTP/1.1" status: 200 len: 1328 time: 0.0362809
2026-05-12 12:43:46.613 10 INFO neutron.wsgi [None req-d9c37bbd-52c8-4e33-9b58-ed4bf6a1c8e1 813b50fe033c47bf86101b677565ebf1 70531c47f5fd4c7d945a6ab385b39429 - - default default] 199.19.213.199 "GET /v2.0/subnets/cc29ac56-6545-44cd-90fe-c551c1a5a23b HTTP/1.1" status: 200 len: 850 time: 0.0264585
2026-05-12 12:43:46.857 9 INFO neutron.notifiers.nova [-] Nova event matching ['req-6a502d02-12ac-4b4c-bf47-a515f83ca763'] response: {'server_uuid': 'd7900e7f-17bb-410f-9f85-23d0093f4035', 'name': 'network-vif-plugged', 'status': 'completed', 'tag': 'd6e67d50-d315-4296-8fc0-537605745870', 'code': 200}
2026-05-12 12:43:46.857 9 INFO neutron.notifiers.nova [-] Nova event matching ['req-6a502d02-12ac-4b4c-bf47-a515f83ca763'] response: {'server_uuid': 'd7900e7f-17bb-410f-9f85-23d0093f4035', 'name': 'network-vif-plugged', 'status': 'completed', 'tag': 'd6e67d50-d315-4296-8fc0-537605745870', 'code': 200}
2026-05-12 12:43:47.995 10 INFO neutron.notifiers.nova [-] Nova event matching ['req-cc9426af-b6df-455d-aadc-08818bf49797'] response: {'name': 'network-changed', 'server_uuid': 'd7900e7f-17bb-410f-9f85-23d0093f4035', 'tag': 'd6e67d50-d315-4296-8fc0-537605745870', 'status': 'completed', 'code': 200}
2026-05-12 12:43:48.054 9 INFO neutron.wsgi [req-c3886668-f451-41aa-800a-930d9f996fbb req-c86b3614-f289-4533-aaa9-73a3cea2d25e 051d982b2dd0416cbefc82d35d2a24d3 d3635270c66c47abbc4db15347eb055c - - 7919d296f07d4a20bccfb82a8f4b3ec3 7919d296f07d4a20bccfb82a8f4b3ec3] 199.19.213.199 "GET /v2.0/ports?tenant_id=70531c47f5fd4c7d945a6ab385b39429&device_id=d7900e7f-17bb-410f-9f85-23d0093f4035 HTTP/1.1" status: 200 len: 2727 time: 0.0377381
2026-05-12 12:43:48.125 9 INFO neutron.wsgi [req-c3886668-f451-41aa-800a-930d9f996fbb req-dcc038ab-7200-43e4-ba46-14d31fc5dbcb 051d982b2dd0416cbefc82d35d2a24d3 d3635270c66c47abbc4db15347eb055c - - 7919d296f07d4a20bccfb82a8f4b3ec3 7919d296f07d4a20bccfb82a8f4b3ec3] 199.19.213.199 "GET /v2.0/networks?id=b8ea1c27-a428-4b3f-abbb-1ab6437b3af6 HTTP/1.1" status: 200 len: 1005 time: 0.0646038
2026-05-12 12:43:48.160 9 INFO neutron.wsgi [req-c3886668-f451-41aa-800a-930d9f996fbb req-53c562f9-82c4-4d87-8ff6-1b209c228a97 051d982b2dd0416cbefc82d35d2a24d3 d3635270c66c47abbc4db15347eb055c - - 7919d296f07d4a20bccfb82a8f4b3ec3 7919d296f07d4a20bccfb82a8f4b3ec3] 199.19.213.199 "GET /v2.0/floatingips?fixed_ip_address=10.1.1.153&port_id=d6e67d50-d315-4296-8fc0-537605745870 HTTP/1.1" status: 200 len: 217 time: 0.0267580
2026-05-12 12:43:48.203 9 INFO neutron.wsgi [req-c3886668-f451-41aa-800a-930d9f996fbb req-fab59945-4ad7-443f-b91a-cdcd39c9e1ba 051d982b2dd0416cbefc82d35d2a24d3 d3635270c66c47abbc4db15347eb055c - - 7919d296f07d4a20bccfb82a8f4b3ec3 7919d296f07d4a20bccfb82a8f4b3ec3] 199.19.213.199 "GET /v2.0/subnets?id=cc29ac56-6545-44cd-90fe-c551c1a5a23b HTTP/1.1" status: 200 len: 853 time: 0.0350921
2026-05-12 12:43:48.231 9 INFO neutron.wsgi [req-c3886668-f451-41aa-800a-930d9f996fbb req-89fc2c74-2071-47b3-8372-cb1e93c9ab30 051d982b2dd0416cbefc82d35d2a24d3 d3635270c66c47abbc4db15347eb055c - - 7919d296f07d4a20bccfb82a8f4b3ec3 7919d296f07d4a20bccfb82a8f4b3ec3] 199.19.213.199 "GET /v2.0/ports?network_id=b8ea1c27-a428-4b3f-abbb-1ab6437b3af6&device_owner=network%3Adhcp HTTP/1.1" status: 200 len: 210 time: 0.0204396
2026-05-12 12:43:48.296 9 INFO neutron.wsgi [req-c3886668-f451-41aa-800a-930d9f996fbb req-9fee765d-83f2-438a-9c92-750023602721 051d982b2dd0416cbefc82d35d2a24d3 d3635270c66c47abbc4db15347eb055c - - 7919d296f07d4a20bccfb82a8f4b3ec3 7919d296f07d4a20bccfb82a8f4b3ec3] 199.19.213.199 "GET /v2.0/networks/b8ea1c27-a428-4b3f-abbb-1ab6437b3af6?fields=segments HTTP/1.1" status: 200 len: 212 time: 0.0571671
2026-05-12 12:43:48.352 9 INFO neutron.wsgi [req-c3886668-f451-41aa-800a-930d9f996fbb req-9abb56c4-b66e-4787-b9c8-14cbe4593325 051d982b2dd0416cbefc82d35d2a24d3 d3635270c66c47abbc4db15347eb055c - - 7919d296f07d4a20bccfb82a8f4b3ec3 7919d296f07d4a20bccfb82a8f4b3ec3] 199.19.213.199 "GET /v2.0/networks/b8ea1c27-a428-4b3f-abbb-1ab6437b3af6?fields=provider%3Aphysical_network&fields=provider%3Anetwork_type HTTP/1.1" status: 200 len: 277 time: 0.0488253
2026-05-12 12:43:51.474 10 INFO neutron.wsgi [-] 10.0.0.215 "GET / HTTP/1.1" status: 200 len: 247 time: 0.0020461
2026-05-12 12:43:51.476 10 INFO neutron.wsgi [-] 10.0.0.215 "GET / HTTP/1.1" status: 200 len: 247 time: 0.0013847
2026-05-12 12:43:54.737 10 WARNING neutron.scheduler.dhcp_agent_scheduler [None req-c53f0b34-6c6a-4a38-8eae-a6b480a0294d 8c6f798429214dd0b3d8252fd96b2316 b3dc6fc2fe4a401591802c097fb4b69a - - default default] No more DHCP agents
2026-05-12 12:43:54.740 10 WARNING neutron.api.rpc.agentnotifiers.dhcp_rpc_agent_api [None req-c53f0b34-6c6a-4a38-8eae-a6b480a0294d 8c6f798429214dd0b3d8252fd96b2316 b3dc6fc2fe4a401591802c097fb4b69a - - default default] Unable to schedule network 796f428f-b918-47ed-8844-446f5371b248: no agents available; will retry on subsequent port and subnet creation events.
2026-05-12 12:43:55.145 10 INFO neutron.db.l3_db [None req-c53f0b34-6c6a-4a38-8eae-a6b480a0294d 8c6f798429214dd0b3d8252fd96b2316 b3dc6fc2fe4a401591802c097fb4b69a - - default default] Floating IP 40002e32-16da-4cdd-938c-43c8a27274b2 associated. External IP: 10.96.250.218, port: eee47d3d-50b3-4025-a3ab-02ddcb7d35ac.
2026-05-12 12:43:55.338 10 INFO neutron.db.ovn_revision_numbers_db [None req-c53f0b34-6c6a-4a38-8eae-a6b480a0294d 8c6f798429214dd0b3d8252fd96b2316 b3dc6fc2fe4a401591802c097fb4b69a - - default default] Successfully bumped revision number for resource 40002e32-16da-4cdd-938c-43c8a27274b2 (type: floatingips) to 0
2026-05-12 12:43:55.437 10 INFO neutron.db.ovn_revision_numbers_db [None req-c53f0b34-6c6a-4a38-8eae-a6b480a0294d 8c6f798429214dd0b3d8252fd96b2316 b3dc6fc2fe4a401591802c097fb4b69a - - default default] Successfully bumped revision number for resource 40002e32-16da-4cdd-938c-43c8a27274b2 (type: floatingips) to 1
2026-05-12 12:43:55.477 10 INFO neutron.wsgi [None req-c53f0b34-6c6a-4a38-8eae-a6b480a0294d 8c6f798429214dd0b3d8252fd96b2316 b3dc6fc2fe4a401591802c097fb4b69a - - default default] 10.0.0.129 "POST /v2.0/floatingips HTTP/1.1" status: 201 len: 1097 time: 1.0028429
2026-05-12 12:43:58.594 9 INFO neutron.db.ovn_revision_numbers_db [None req-46d385c5-4013-439a-afe0-3f08d8e9e957 - - - - - -] Successfully bumped revision number for resource eee47d3d-50b3-4025-a3ab-02ddcb7d35ac (type: ports) to 4
2026-05-12 12:43:58.996 9 INFO neutron.wsgi [None req-70298184-c421-4409-aa35-6dd75f07cfda 813b50fe033c47bf86101b677565ebf1 70531c47f5fd4c7d945a6ab385b39429 - - default default] 199.19.213.199 "GET /v2.0/extensions/security-group HTTP/1.1" status: 200 len: 369 time: 0.0579956
2026-05-12 12:43:59.006 9 INFO neutron.wsgi [None req-42efb9d1-de9e-446a-af0b-9759fbcc93b5 813b50fe033c47bf86101b677565ebf1 70531c47f5fd4c7d945a6ab385b39429 - - default default] 199.19.213.199 "GET /v2.0/extensions/dns-integration HTTP/1.1" status: 200 len: 371 time: 0.0036299
2026-05-12 12:43:59.013 9 INFO neutron.wsgi [None req-310f8cc7-4425-40b3-833a-51eab9a06496 813b50fe033c47bf86101b677565ebf1 70531c47f5fd4c7d945a6ab385b39429 - - default default] 199.19.213.199 "GET /v2.0/extensions/qos HTTP/1.1" status: 200 len: 365 time: 0.0028203
2026-05-12 12:43:59.020 9 INFO neutron.wsgi [None req-5435f026-9052-4217-bc94-804629c6da3e 813b50fe033c47bf86101b677565ebf1 70531c47f5fd4c7d945a6ab385b39429 - - default default] 199.19.213.199 "GET /v2.0/extensions/allowed-address-pairs HTTP/1.1" status: 200 len: 383 time: 0.0035856
2026-05-12 12:43:59.160 9 INFO neutron.wsgi [None req-5f26b75b-e6ff-414d-aac5-2e34d6eaac04 813b50fe033c47bf86101b677565ebf1 70531c47f5fd4c7d945a6ab385b39429 - - default default] 199.19.213.199 "GET /v2.0/security-groups?name=lb-847dc6c6-22f8-42ea-a095-0c9d65f5ca62 HTTP/1.1" status: 200 len: 1777 time: 0.0274963
2026-05-12 12:43:59.187 9 INFO neutron.wsgi [None req-1b6eda10-bbe7-4c7a-b813-3d4fe1d7b559 813b50fe033c47bf86101b677565ebf1 70531c47f5fd4c7d945a6ab385b39429 - - default default] 199.19.213.199 "GET /v2.0/security-group-rules?security_group_id=3c4dfbea-a728-45a7-b249-ec0ba5af492e HTTP/1.1" status: 200 len: 1318 time: 0.0228643
2026-05-12 12:43:59.287 9 INFO neutron.db.ovn_revision_numbers_db [None req-c18455e8-0ace-4ee8-bbe7-f77de6aa36cf 813b50fe033c47bf86101b677565ebf1 70531c47f5fd4c7d945a6ab385b39429 - - default default] Successfully bumped revision number for resource b0ac01da-c98e-4e4a-8d3c-760bde8cd836 (type: security_group_rules) to 0
