2026-05-12 12:41:27.173 10 WARNING neutron.api.rpc.agentnotifiers.dhcp_rpc_agent_api [None req-ab7b4eec-d0fa-47d7-96c4-40eb3c4c1432 009b9100779d41bdb13db4ef5645a82b 609e01afea27424d9976f2fcc01fc78b - - default default] Unable to schedule network 82de1c5b-f32a-45a7-9aef-aae2df573719: no agents available; will retry on subsequent port and subnet creation events.
2026-05-12 12:41:27.266 10 INFO neutron.db.ovn_revision_numbers_db [None req-ab7b4eec-d0fa-47d7-96c4-40eb3c4c1432 009b9100779d41bdb13db4ef5645a82b 609e01afea27424d9976f2fcc01fc78b - - default default] Successfully bumped revision number for resource 8fcc5e74-1fe1-4dce-9415-babcae02dbd0 (type: ports) to 1
2026-05-12 12:41:27.270 10 INFO neutron.wsgi [None req-f7b9106e-a2e5-4201-9e20-1de7e503b764 813b50fe033c47bf86101b677565ebf1 70531c47f5fd4c7d945a6ab385b39429 - - default default] 10.0.0.129 "DELETE /v2.0/security-groups/b75b6657-8f24-473b-b751-6a1fba87b130 HTTP/1.1" status: 204 len: 168 time: 0.3070917
2026-05-12 12:41:27.290 10 INFO neutron.wsgi [None req-ab7b4eec-d0fa-47d7-96c4-40eb3c4c1432 009b9100779d41bdb13db4ef5645a82b 609e01afea27424d9976f2fcc01fc78b - - default default] 10.0.0.129 "POST /v2.0/networks HTTP/1.1" status: 201 len: 831 time: 0.5881953
2026-05-12 12:41:27.528 10 WARNING neutron.scheduler.dhcp_agent_scheduler [None req-7544a45b-6cc9-499d-b7ac-6c8497bc634a 009b9100779d41bdb13db4ef5645a82b 609e01afea27424d9976f2fcc01fc78b - - default default] No more DHCP agents
2026-05-12 12:41:27.530 10 WARNING neutron.api.rpc.agentnotifiers.dhcp_rpc_agent_api [None req-7544a45b-6cc9-499d-b7ac-6c8497bc634a 009b9100779d41bdb13db4ef5645a82b 609e01afea27424d9976f2fcc01fc78b - - default default] Unable to schedule network 82de1c5b-f32a-45a7-9aef-aae2df573719: no agents available; will retry on subsequent port and subnet creation events.
2026-05-12 12:41:27.618 10 INFO neutron.db.ovn_revision_numbers_db [None req-7544a45b-6cc9-499d-b7ac-6c8497bc634a 009b9100779d41bdb13db4ef5645a82b 609e01afea27424d9976f2fcc01fc78b - - default default] Successfully bumped revision number for resource 31fed3ac-c297-40c2-bfb9-974b7ae285c9 (type: ports) to 1
2026-05-12 12:41:27.639 10 INFO neutron.wsgi [None req-7544a45b-6cc9-499d-b7ac-6c8497bc634a 009b9100779d41bdb13db4ef5645a82b 609e01afea27424d9976f2fcc01fc78b - - default default] 10.0.0.129 "POST /v2.0/ports HTTP/1.1" status: 201 len: 942 time: 0.3441796 /var/lib/openstack/lib/python3.10/site-packages/pycadf/identifier.py:71: UserWarning: Invalid uuid: neutron. To ensure interoperability, identifiers should be a valid uuid. warnings.warn(('Invalid uuid: %s. To ensure interoperability, '
2026-05-12 12:41:27.834 10 INFO neutron.wsgi [None req-a48ec4ed-6845-42c6-a248-8b129fb0153d 009b9100779d41bdb13db4ef5645a82b 609e01afea27424d9976f2fcc01fc78b - - default default] 10.0.0.129 "POST /v2.0/trunks HTTP/1.1" status: 201 len: 608 time: 0.1900301
2026-05-12 12:41:27.923 10 INFO neutron.db.segments_db [None req-ffbd7245-250f-474a-be43-2320563667d2 009b9100779d41bdb13db4ef5645a82b 609e01afea27424d9976f2fcc01fc78b - - default default] Added segment 311f469a-d6cc-44fe-9adc-bff3bcce2cfd of type geneve for network cad55c5b-24e8-4305-8eb4-da51ed2aead6
2026-05-12 12:41:28.060 10 INFO neutron.db.ovn_revision_numbers_db [None req-ffbd7245-250f-474a-be43-2320563667d2 009b9100779d41bdb13db4ef5645a82b 609e01afea27424d9976f2fcc01fc78b - - default default] Successfully bumped revision number for resource cad55c5b-24e8-4305-8eb4-da51ed2aead6 (type: networks) to 1
2026-05-12 12:41:28.224 10 WARNING neutron.scheduler.dhcp_agent_scheduler [None req-ffbd7245-250f-474a-be43-2320563667d2 009b9100779d41bdb13db4ef5645a82b 609e01afea27424d9976f2fcc01fc78b - - default default] No more DHCP agents
2026-05-12 12:41:28.225 10 WARNING neutron.api.rpc.agentnotifiers.dhcp_rpc_agent_api [None req-ffbd7245-250f-474a-be43-2320563667d2 009b9100779d41bdb13db4ef5645a82b 609e01afea27424d9976f2fcc01fc78b - - default default] Unable to schedule network cad55c5b-24e8-4305-8eb4-da51ed2aead6: no agents available; will retry on subsequent port and subnet creation events.
2026-05-12 12:41:28.298 10 INFO neutron.db.ovn_revision_numbers_db [None req-ffbd7245-250f-474a-be43-2320563667d2 009b9100779d41bdb13db4ef5645a82b 609e01afea27424d9976f2fcc01fc78b - - default default] Successfully bumped revision number for resource 3215e26b-2f8e-4e68-81e9-1afe3c2cc9de (type: ports) to 1
2026-05-12 12:41:28.322 10 INFO neutron.wsgi [None req-ffbd7245-250f-474a-be43-2320563667d2 009b9100779d41bdb13db4ef5645a82b 609e01afea27424d9976f2fcc01fc78b - - default default] 10.0.0.129 "POST /v2.0/networks HTTP/1.1" status: 201 len: 831 time: 0.4836161
2026-05-12 12:41:28.548 10 WARNING neutron.scheduler.dhcp_agent_scheduler [None req-8f5b94e1-4af6-4be7-a2cf-5630597da6c4 009b9100779d41bdb13db4ef5645a82b 609e01afea27424d9976f2fcc01fc78b - - default default] No more DHCP agents
2026-05-12 12:41:28.550 10 WARNING neutron.api.rpc.agentnotifiers.dhcp_rpc_agent_api [None req-8f5b94e1-4af6-4be7-a2cf-5630597da6c4 009b9100779d41bdb13db4ef5645a82b 609e01afea27424d9976f2fcc01fc78b - - default default] Unable to schedule network cad55c5b-24e8-4305-8eb4-da51ed2aead6: no agents available; will retry on subsequent port and subnet creation events.
2026-05-12 12:41:28.629 10 INFO neutron.db.ovn_revision_numbers_db [None req-8f5b94e1-4af6-4be7-a2cf-5630597da6c4 009b9100779d41bdb13db4ef5645a82b 609e01afea27424d9976f2fcc01fc78b - - default default] Successfully bumped revision number for resource 346e9181-c087-47f2-91dc-9814befdca07 (type: ports) to 1
2026-05-12 12:41:28.650 10 INFO neutron.wsgi [None req-8f5b94e1-4af6-4be7-a2cf-5630597da6c4 009b9100779d41bdb13db4ef5645a82b 609e01afea27424d9976f2fcc01fc78b - - default default] 10.0.0.129 "POST /v2.0/ports HTTP/1.1" status: 201 len: 942 time: 0.3237944 /var/lib/openstack/lib/python3.10/site-packages/pycadf/identifier.py:71: UserWarning: Invalid uuid: neutron. To ensure interoperability, identifiers should be a valid uuid. warnings.warn(('Invalid uuid: %s. To ensure interoperability, '
2026-05-12 12:41:28.844 10 INFO neutron.wsgi [None req-28eef08e-4916-4c3e-b7c6-7917a5506914 009b9100779d41bdb13db4ef5645a82b 609e01afea27424d9976f2fcc01fc78b - - default default] 10.0.0.129 "POST /v2.0/trunks HTTP/1.1" status: 201 len: 608 time: 0.1901693
2026-05-12 12:41:28.928 10 INFO neutron.db.segments_db [None req-efed9868-c252-448a-8997-c439b282a67c 009b9100779d41bdb13db4ef5645a82b 609e01afea27424d9976f2fcc01fc78b - - default default] Added segment 8b21d329-3190-40af-a5d2-0c147f0ecc89 of type geneve for network 01ce24eb-f8e5-4323-8269-11a1dfc81e45
2026-05-12 12:41:29.063 10 INFO neutron.db.ovn_revision_numbers_db [None req-efed9868-c252-448a-8997-c439b282a67c 009b9100779d41bdb13db4ef5645a82b 609e01afea27424d9976f2fcc01fc78b - - default default] Successfully bumped revision number for resource 01ce24eb-f8e5-4323-8269-11a1dfc81e45 (type: networks) to 1
2026-05-12 12:41:29.217 10 WARNING neutron.scheduler.dhcp_agent_scheduler [None req-efed9868-c252-448a-8997-c439b282a67c 009b9100779d41bdb13db4ef5645a82b 609e01afea27424d9976f2fcc01fc78b - - default default] No more DHCP agents
2026-05-12 12:41:29.218 10 WARNING neutron.api.rpc.agentnotifiers.dhcp_rpc_agent_api [None req-efed9868-c252-448a-8997-c439b282a67c 009b9100779d41bdb13db4ef5645a82b 609e01afea27424d9976f2fcc01fc78b - - default default] Unable to schedule network 01ce24eb-f8e5-4323-8269-11a1dfc81e45: no agents available; will retry on subsequent port and subnet creation events.
2026-05-12 12:41:29.295 10 INFO neutron.db.ovn_revision_numbers_db [None req-efed9868-c252-448a-8997-c439b282a67c 009b9100779d41bdb13db4ef5645a82b 609e01afea27424d9976f2fcc01fc78b - - default default] Successfully bumped revision number for resource 4797e1df-3a2c-4cea-afa0-b75974543e92 (type: ports) to 1
2026-05-12 12:41:29.316 10 INFO neutron.wsgi [None req-efed9868-c252-448a-8997-c439b282a67c 009b9100779d41bdb13db4ef5645a82b 609e01afea27424d9976f2fcc01fc78b - - default default] 10.0.0.129 "POST /v2.0/networks HTTP/1.1" status: 201 len: 831 time: 0.4664974
2026-05-12 12:41:29.541 10 WARNING neutron.scheduler.dhcp_agent_scheduler [None req-6be84db5-9ada-40d5-bb62-a9cd71053164 009b9100779d41bdb13db4ef5645a82b 609e01afea27424d9976f2fcc01fc78b - - default default] No more DHCP agents
2026-05-12 12:41:29.559 10 WARNING neutron.api.rpc.agentnotifiers.dhcp_rpc_agent_api [None req-6be84db5-9ada-40d5-bb62-a9cd71053164 009b9100779d41bdb13db4ef5645a82b 609e01afea27424d9976f2fcc01fc78b - - default default] Unable to schedule network 01ce24eb-f8e5-4323-8269-11a1dfc81e45: no agents available; will retry on subsequent port and subnet creation events.
2026-05-12 12:41:29.642 10 INFO neutron.db.ovn_revision_numbers_db [None req-6be84db5-9ada-40d5-bb62-a9cd71053164 009b9100779d41bdb13db4ef5645a82b 609e01afea27424d9976f2fcc01fc78b - - default default] Successfully bumped revision number for resource 2a98884f-c0aa-4d3f-8592-13891ae64a84 (type: ports) to 1
2026-05-12 12:41:29.665 10 INFO neutron.wsgi [None req-6be84db5-9ada-40d5-bb62-a9cd71053164 009b9100779d41bdb13db4ef5645a82b 609e01afea27424d9976f2fcc01fc78b - - default default] 10.0.0.129 "POST /v2.0/ports HTTP/1.1" status: 201 len: 942 time: 0.3438628
2026-05-12 12:41:29.845 9 INFO neutron.wsgi [None req-213c3659-88a1-4b6c-ba93-48756016d2be 009b9100779d41bdb13db4ef5645a82b 609e01afea27424d9976f2fcc01fc78b - - default default] 10.0.0.129 "POST /v2.0/trunks HTTP/1.1" status: 201 len: 608 time: 0.1752973
2026-05-12 12:41:29.883 9 INFO neutron.wsgi [None req-5658ca91-6245-4e36-9b7c-2a55335c0d05 009b9100779d41bdb13db4ef5645a82b 609e01afea27424d9976f2fcc01fc78b - - default default] 10.0.0.129 "PUT /v2.0/trunks/9f7987ad-334f-4392-9221-196388cd0788/tags HTTP/1.1" status: 200 len: 210 time: 0.0325413
2026-05-12 12:41:29.911 9 INFO neutron.wsgi [None req-6de9464c-8649-46e6-a7f3-2fce4295f52a 009b9100779d41bdb13db4ef5645a82b 609e01afea27424d9976f2fcc01fc78b - - default default] 10.0.0.129 "PUT /v2.0/trunks/a32bf542-f3b4-4c6c-a2dd-34badbdb4bfc/tags HTTP/1.1" status: 200 len: 218 time: 0.0237994
2026-05-12 12:41:29.936 9 INFO neutron.wsgi [None req-84ebb9b8-8769-4161-95bd-2d0ccba6c2ad 009b9100779d41bdb13db4ef5645a82b 609e01afea27424d9976f2fcc01fc78b - - default default] 10.0.0.129 "PUT /v2.0/trunks/93bc92a7-99c2-4a42-a24f-21537cb94118/tags HTTP/1.1" status: 200 len: 227 time: 0.0212407
2026-05-12 12:41:29.963 9 INFO neutron.wsgi [None req-45abfdc1-241a-4db5-9f25-64aa7c568bb2 009b9100779d41bdb13db4ef5645a82b 609e01afea27424d9976f2fcc01fc78b - - default default] 10.0.0.129 "PUT /v2.0/trunks/9e4f7006-0bba-45b0-920b-9cfb1d2960e3/tags HTTP/1.1" status: 200 len: 212 time: 0.0208378 /var/lib/openstack/lib/python3.10/site-packages/pycadf/identifier.py:71: UserWarning: Invalid uuid: neutron. To ensure interoperability, identifiers should be a valid uuid. warnings.warn(('Invalid uuid: %s. To ensure interoperability, '
2026-05-12 12:41:30.012 10 INFO neutron.wsgi [None req-f22eadbb-8377-4096-8791-e6f38841531c 009b9100779d41bdb13db4ef5645a82b 609e01afea27424d9976f2fcc01fc78b - - default default] 10.0.0.129 "GET /v2.0/trunks?tags=red HTTP/1.1" status: 200 len: 1447 time: 0.0437105
2026-05-12 12:41:30.038 10 INFO neutron.wsgi [None req-3696ed11-2cca-4877-a42c-8607faf7107e 009b9100779d41bdb13db4ef5645a82b 609e01afea27424d9976f2fcc01fc78b - - default default] 10.0.0.129 "GET /v2.0/trunks?tags=red%2Cblue HTTP/1.1" status: 200 len: 1041 time: 0.0214689
2026-05-12 12:41:30.063 10 INFO neutron.wsgi [None req-e1ebc376-7f88-44fe-8de6-3fdbf6086ce1 009b9100779d41bdb13db4ef5645a82b 609e01afea27424d9976f2fcc01fc78b - - default default] 10.0.0.129 "GET /v2.0/trunks?tags-any=blue HTTP/1.1" status: 200 len: 1041 time: 0.0204983
2026-05-12 12:41:30.097 9 INFO neutron.wsgi [None req-39dfc6dc-8409-4cfa-bec1-c9edc31d773a 009b9100779d41bdb13db4ef5645a82b 609e01afea27424d9976f2fcc01fc78b - - default default] 10.0.0.129 "GET /v2.0/trunks?tags-any=red%2Cblue HTTP/1.1" status: 200 len: 1447 time: 0.0223942
2026-05-12 12:41:30.133 9 INFO neutron.wsgi [None req-c0e3bfe7-547d-44b2-b823-6a4dbcc17d5a 009b9100779d41bdb13db4ef5645a82b 609e01afea27424d9976f2fcc01fc78b - - default default] 10.0.0.129 "GET /v2.0/trunks?not-tags=red HTTP/1.1" status: 200 len: 1013 time: 0.0314202
2026-05-12 12:41:30.159 9 INFO neutron.wsgi [None req-37cd598b-60dc-480e-973f-3d670dead2c0 009b9100779d41bdb13db4ef5645a82b 609e01afea27424d9976f2fcc01fc78b - - default default] 10.0.0.129 "GET /v2.0/trunks?not-tags=red%2Cblue HTTP/1.1" status: 200 len: 1419 time: 0.0218577
2026-05-12 12:41:30.181 9 INFO neutron.wsgi [None req-bf9baaf7-fbb8-4276-bc3f-a8285c09a26b 009b9100779d41bdb13db4ef5645a82b 609e01afea27424d9976f2fcc01fc78b - - default default] 10.0.0.129 "GET /v2.0/trunks?not-tags-any=blue HTTP/1.1" status: 200 len: 1419 time: 0.0181575
2026-05-12 12:41:30.202 9 INFO neutron.wsgi [None req-22b3143a-2bd4-4ceb-8932-2dc1f6f04674 009b9100779d41bdb13db4ef5645a82b 609e01afea27424d9976f2fcc01fc78b - - default default] 10.0.0.129 "GET /v2.0/trunks?not-tags-any=red%2Cblue HTTP/1.1" status: 200 len: 1013 time: 0.0158935
2026-05-12 12:41:30.223 9 INFO neutron.wsgi [None req-364c24f9-a182-4c45-9b9d-21ab64bf0bc0 009b9100779d41bdb13db4ef5645a82b 609e01afea27424d9976f2fcc01fc78b - - default default] 10.0.0.129 "GET /v2.0/trunks/9f7987ad-334f-4392-9221-196388cd0788 HTTP/1.1" status: 200 len: 608 time: 0.0153823
2026-05-12 12:41:30.325 9 INFO neutron.wsgi [None req-a54ceb2d-d7ce-4f39-b84a-b76a6680ce9e 009b9100779d41bdb13db4ef5645a82b 609e01afea27424d9976f2fcc01fc78b - - default default] 10.0.0.129 "GET /v2.0/ports/d2a93008-6242-49f6-abe3-34c65763ff26 HTTP/1.1" status: 200 len: 1020 time: 0.0974925
2026-05-12 12:41:30.415 9 INFO neutron.wsgi [None req-d23e6ea5-4781-489c-baba-ebd9826178d5 009b9100779d41bdb13db4ef5645a82b 609e01afea27424d9976f2fcc01fc78b - - default default] 10.0.0.129 "DELETE /v2.0/trunks/9f7987ad-334f-4392-9221-196388cd0788 HTTP/1.1" status: 204 len: 168 time: 0.0845184
2026-05-12 12:41:30.438 9 INFO neutron.wsgi [None req-ba2f5c80-6ec5-4888-af4d-dae81214471d 009b9100779d41bdb13db4ef5645a82b 609e01afea27424d9976f2fcc01fc78b - - default default] 10.0.0.129 "GET /v2.0/trunks/a32bf542-f3b4-4c6c-a2dd-34badbdb4bfc HTTP/1.1" status: 200 len: 616 time: 0.0171616
2026-05-12 12:41:30.500 10 INFO neutron.db.ovn_revision_numbers_db [None req-48b49b35-569b-4ee9-b63a-18bb47c21b74 3d3ba1bd497b408d9879c0731b14f2eb f064c301d0b248f0a0b64d6553da386a - - default default] Successfully bumped revision number for resource 0db92298-c9cf-4043-a3e1-2e777d48a4e3 (type: security_groups) to 1
2026-05-12 12:41:30.521 10 INFO neutron.db.ovn_revision_numbers_db [None req-48b49b35-569b-4ee9-b63a-18bb47c21b74 3d3ba1bd497b408d9879c0731b14f2eb f064c301d0b248f0a0b64d6553da386a - - default default] Successfully bumped revision number for resource 0e9d90b8-1a65-43aa-8551-43ccbf0ac2ee (type: security_group_rules) to 0
2026-05-12 12:41:30.536 9 INFO neutron.wsgi [None req-7a0d7e66-ba64-4577-bbcc-e4b90f17a88c 009b9100779d41bdb13db4ef5645a82b 609e01afea27424d9976f2fcc01fc78b - - default default] 10.0.0.129 "GET /v2.0/ports/b2d1e018-00a3-4bc1-97ae-c420cbe9227a HTTP/1.1" status: 200 len: 1020 time: 0.0927596
2026-05-12 12:41:30.541 10 INFO neutron.db.ovn_revision_numbers_db [None req-48b49b35-569b-4ee9-b63a-18bb47c21b74 3d3ba1bd497b408d9879c0731b14f2eb f064c301d0b248f0a0b64d6553da386a - - default default] Successfully bumped revision number for resource 3676cc6a-ce42-4446-855e-63c9b968ddf4 (type: security_group_rules) to 0
2026-05-12 12:41:30.556 10 INFO neutron.db.ovn_revision_numbers_db [None req-48b49b35-569b-4ee9-b63a-18bb47c21b74 3d3ba1bd497b408d9879c0731b14f2eb f064c301d0b248f0a0b64d6553da386a - - default default] Successfully bumped revision number for resource 98c5576d-a956-4865-9cd2-4136e5aa9210 (type: security_group_rules) to 0
2026-05-12 12:41:30.586 10 INFO neutron.db.ovn_revision_numbers_db [None req-48b49b35-569b-4ee9-b63a-18bb47c21b74 3d3ba1bd497b408d9879c0731b14f2eb f064c301d0b248f0a0b64d6553da386a - - default default] Successfully bumped revision number for resource e6a0aeaf-20c4-4e7a-b252-df2b45d6df1d (type: security_group_rules) to 0
2026-05-12 12:41:30.620 9 INFO neutron.wsgi [None req-f827bca9-4a8d-4f93-a3d8-e22135fc624c 009b9100779d41bdb13db4ef5645a82b 609e01afea27424d9976f2fcc01fc78b - - default default] 10.0.0.129 "DELETE /v2.0/trunks/a32bf542-f3b4-4c6c-a2dd-34badbdb4bfc HTTP/1.1" status: 204 len: 168 time: 0.0797944
2026-05-12 12:41:30.635 10 INFO neutron.db.segments_db [None req-48b49b35-569b-4ee9-b63a-18bb47c21b74 3d3ba1bd497b408d9879c0731b14f2eb f064c301d0b248f0a0b64d6553da386a - - default default] Added segment 475d77d7-b7dd-4945-ac2b-95901f3d2c74 of type geneve for network e185e89c-6ae8-4c1c-a8f1-07e004cd78d3
2026-05-12 12:41:30.638 9 INFO neutron.wsgi [None req-a8dd2220-6158-4864-b424-b70d72c02793 009b9100779d41bdb13db4ef5645a82b 609e01afea27424d9976f2fcc01fc78b - - default default] 10.0.0.129 "GET /v2.0/trunks/93bc92a7-99c2-4a42-a24f-21537cb94118 HTTP/1.1" status: 200 len: 625 time: 0.0140889
2026-05-12 12:41:30.726 9 INFO neutron.db.ovn_revision_numbers_db [None req-b4f6198b-0ac1-467d-b53b-9aeeaa96c838 ae571f7051284a04bd57053c6f501f66 b06ebd51d4384017905d2946e9409703 - - default default] Successfully bumped revision number for resource 770b9c2f-8e7a-446e-8b0c-2ef430f4d1a7 (type: security_groups) to 1
2026-05-12 12:41:30.739 9 INFO neutron.db.ovn_revision_numbers_db [None req-b4f6198b-0ac1-467d-b53b-9aeeaa96c838 ae571f7051284a04bd57053c6f501f66 b06ebd51d4384017905d2946e9409703 - - default default] Successfully bumped revision number for resource 0f945135-6677-4d3c-a4f6-55711b703341 (type: security_group_rules) to 0
2026-05-12 12:41:30.750 9 INFO neutron.db.ovn_revision_numbers_db [None req-b4f6198b-0ac1-467d-b53b-9aeeaa96c838 ae571f7051284a04bd57053c6f501f66 b06ebd51d4384017905d2946e9409703 - - default default] Successfully bumped revision number for resource 561bd4a4-3668-4bfb-b780-558900a7ccd0 (type: security_group_rules) to 0
2026-05-12 12:41:30.763 9 INFO neutron.db.ovn_revision_numbers_db [None req-b4f6198b-0ac1-467d-b53b-9aeeaa96c838 ae571f7051284a04bd57053c6f501f66 b06ebd51d4384017905d2946e9409703 - - default default] Successfully bumped revision number for resource d2b028e1-c472-46dc-8ad4-6adf3dec9f99 (type: security_group_rules) to 0
2026-05-12 12:41:30.776 10 INFO neutron.wsgi [None req-09142552-c080-42ed-a035-fa1cf2fb7b10 009b9100779d41bdb13db4ef5645a82b 609e01afea27424d9976f2fcc01fc78b - - default default] 10.0.0.129 "GET /v2.0/ports/31fed3ac-c297-40c2-bfb9-974b7ae285c9 HTTP/1.1" status: 200 len: 1020 time: 0.1330349
2026-05-12 12:41:30.779 9 INFO neutron.db.ovn_revision_numbers_db [None req-b4f6198b-0ac1-467d-b53b-9aeeaa96c838 ae571f7051284a04bd57053c6f501f66 b06ebd51d4384017905d2946e9409703 - - default default] Successfully bumped revision number for resource ef5f760f-7886-49a3-aa62-6fe4f70de66a (type: security_group_rules) to 0
2026-05-12 12:41:30.842 10 INFO neutron.db.ovn_revision_numbers_db [None req-48b49b35-569b-4ee9-b63a-18bb47c21b74 3d3ba1bd497b408d9879c0731b14f2eb f064c301d0b248f0a0b64d6553da386a - - default default] Successfully bumped revision number for resource e185e89c-6ae8-4c1c-a8f1-07e004cd78d3 (type: networks) to 1
2026-05-12 12:41:30.855 9 INFO neutron.db.segments_db [None req-b4f6198b-0ac1-467d-b53b-9aeeaa96c838 ae571f7051284a04bd57053c6f501f66 b06ebd51d4384017905d2946e9409703 - - default default] Added segment dc65dd9d-99a3-40fa-9ea3-0b4c65b70361 of type geneve for network 60a91752-bb4d-4ae3-a65d-7254078c25ff
2026-05-12 12:41:30.879 9 INFO neutron.wsgi [None req-ba99b8df-52b6-4568-b318-41a8ddf98fc2 009b9100779d41bdb13db4ef5645a82b 609e01afea27424d9976f2fcc01fc78b - - default default] 10.0.0.129 "DELETE /v2.0/trunks/93bc92a7-99c2-4a42-a24f-21537cb94118 HTTP/1.1" status: 204 len: 168 time: 0.0962749
2026-05-12 12:41:30.907 9 INFO neutron.wsgi [None req-e3cd1f7d-f247-42a5-9a7c-1f426750a527 009b9100779d41bdb13db4ef5645a82b 609e01afea27424d9976f2fcc01fc78b - - default default] 10.0.0.129 "GET /v2.0/trunks/9e4f7006-0bba-45b0-920b-9cfb1d2960e3 HTTP/1.1" status: 200 len: 610 time: 0.0232959
2026-05-12 12:41:31.028 10 WARNING neutron.scheduler.dhcp_agent_scheduler [None req-48b49b35-569b-4ee9-b63a-18bb47c21b74 3d3ba1bd497b408d9879c0731b14f2eb f064c301d0b248f0a0b64d6553da386a - - default default] No more DHCP agents
2026-05-12 12:41:31.030 10 WARNING neutron.api.rpc.agentnotifiers.dhcp_rpc_agent_api [None req-48b49b35-569b-4ee9-b63a-18bb47c21b74 3d3ba1bd497b408d9879c0731b14f2eb f064c301d0b248f0a0b64d6553da386a - - default default] Unable to schedule network e185e89c-6ae8-4c1c-a8f1-07e004cd78d3: no agents available; will retry on subsequent port and subnet creation events.
2026-05-12 12:41:31.224 10 INFO neutron.db.ovn_revision_numbers_db [None req-48b49b35-569b-4ee9-b63a-18bb47c21b74 3d3ba1bd497b408d9879c0731b14f2eb f064c301d0b248f0a0b64d6553da386a - - default default] Successfully bumped revision number for resource b2e387ac-6b7a-416c-ac4e-4a67f315def8 (type: ports) to 1
2026-05-12 12:41:31.248 10 INFO neutron.wsgi [None req-48b49b35-569b-4ee9-b63a-18bb47c21b74 3d3ba1bd497b408d9879c0731b14f2eb f064c301d0b248f0a0b64d6553da386a - - default default] 10.0.0.129 "POST /v2.0/networks HTTP/1.1" status: 201 len: 830 time: 0.9831481
2026-05-12 12:41:31.274 9 INFO neutron.wsgi [None req-9113b8d9-7a30-40af-b756-702d0eeb0d92 009b9100779d41bdb13db4ef5645a82b 609e01afea27424d9976f2fcc01fc78b - - default default] 10.0.0.129 "GET /v2.0/ports/346e9181-c087-47f2-91dc-9814befdca07 HTTP/1.1" status: 200 len: 1020 time: 0.3621750
2026-05-12 12:41:31.283 9 INFO neutron.db.ovn_revision_numbers_db [None req-b4f6198b-0ac1-467d-b53b-9aeeaa96c838 ae571f7051284a04bd57053c6f501f66 b06ebd51d4384017905d2946e9409703 - - default default] Successfully bumped revision number for resource 60a91752-bb4d-4ae3-a65d-7254078c25ff (type: networks) to 1
2026-05-12 12:41:31.377 9 INFO neutron.wsgi [None req-bf3b8bff-e7e5-47ba-b4d7-18753fff8d11 009b9100779d41bdb13db4ef5645a82b 609e01afea27424d9976f2fcc01fc78b - - default default] 10.0.0.129 "DELETE /v2.0/trunks/9e4f7006-0bba-45b0-920b-9cfb1d2960e3 HTTP/1.1" status: 204 len: 168 time: 0.0986562
2026-05-12 12:41:31.405 9 INFO neutron.wsgi [None req-73431e04-f446-410d-8a28-5f018c544d9d 009b9100779d41bdb13db4ef5645a82b 609e01afea27424d9976f2fcc01fc78b - - default default] 10.0.0.129 "GET /v2.0/trunks/0d021e2d-c90e-4e10-a421-64a5f4a2083a HTTP/1.1" status: 200 len: 603 time: 0.0236440
2026-05-12 12:41:31.512 9 WARNING neutron.scheduler.dhcp_agent_scheduler [None req-b4f6198b-0ac1-467d-b53b-9aeeaa96c838 ae571f7051284a04bd57053c6f501f66 b06ebd51d4384017905d2946e9409703 - - default default] No more DHCP agents
2026-05-12 12:41:31.516 9 INFO neutron.wsgi [None req-ba9c18ac-80a8-49c6-a2c8-454d0c67d78f 009b9100779d41bdb13db4ef5645a82b 609e01afea27424d9976f2fcc01fc78b - - default default] 10.0.0.129 "GET /v2.0/ports/2a98884f-c0aa-4d3f-8592-13891ae64a84 HTTP/1.1" status: 200 len: 1020 time: 0.1073346
2026-05-12 12:41:31.519 9 WARNING neutron.api.rpc.agentnotifiers.dhcp_rpc_agent_api [None req-b4f6198b-0ac1-467d-b53b-9aeeaa96c838 ae571f7051284a04bd57053c6f501f66 b06ebd51d4384017905d2946e9409703 - - default default] Unable to schedule network 60a91752-bb4d-4ae3-a65d-7254078c25ff: no agents available; will retry on subsequent port and subnet creation events.
2026-05-12 12:41:31.625 9 INFO neutron.wsgi [None req-5ae92142-457b-449a-979f-eb37cf3c4729 009b9100779d41bdb13db4ef5645a82b 609e01afea27424d9976f2fcc01fc78b - - default default] 10.0.0.129 "DELETE /v2.0/trunks/0d021e2d-c90e-4e10-a421-64a5f4a2083a HTTP/1.1" status: 204 len: 168 time: 0.0993669
2026-05-12 12:41:31.626 9 INFO neutron.db.ovn_revision_numbers_db [None req-b4f6198b-0ac1-467d-b53b-9aeeaa96c838 ae571f7051284a04bd57053c6f501f66 b06ebd51d4384017905d2946e9409703 - - default default] Successfully bumped revision number for resource 419da08a-ca70-4659-bfed-15dce2d08390 (type: ports) to 1
2026-05-12 12:41:31.678 9 INFO neutron.wsgi [None req-b4f6198b-0ac1-467d-b53b-9aeeaa96c838 ae571f7051284a04bd57053c6f501f66 b06ebd51d4384017905d2946e9409703 - - default default] 10.0.0.129 "POST /v2.0/networks HTTP/1.1" status: 201 len: 929 time: 1.1370118
2026-05-12 12:41:31.729 10 WARNING neutron.scheduler.dhcp_agent_scheduler [None req-40ebc1eb-1588-4224-9e7a-4ed6089b2afe 3d3ba1bd497b408d9879c0731b14f2eb f064c301d0b248f0a0b64d6553da386a - - default default] No more DHCP agents
2026-05-12 12:41:31.732 10 WARNING neutron.api.rpc.agentnotifiers.dhcp_rpc_agent_api [None req-40ebc1eb-1588-4224-9e7a-4ed6089b2afe 3d3ba1bd497b408d9879c0731b14f2eb f064c301d0b248f0a0b64d6553da386a - - default default] Unable to schedule network e185e89c-6ae8-4c1c-a8f1-07e004cd78d3: no agents available; will retry on subsequent port and subnet creation events.
2026-05-12 12:41:31.806 10 INFO neutron.db.ovn_revision_numbers_db [None req-40ebc1eb-1588-4224-9e7a-4ed6089b2afe 3d3ba1bd497b408d9879c0731b14f2eb f064c301d0b248f0a0b64d6553da386a - - default default] Successfully bumped revision number for resource 289a08b9-52ee-40ea-8ddd-1cb076ceee81 (type: ports) to 1
2026-05-12 12:41:31.826 10 INFO neutron.wsgi [None req-40ebc1eb-1588-4224-9e7a-4ed6089b2afe 3d3ba1bd497b408d9879c0731b14f2eb f064c301d0b248f0a0b64d6553da386a - - default default] 10.0.0.129 "POST /v2.0/ports HTTP/1.1" status: 201 len: 942 time: 0.5738649 /var/lib/openstack/lib/python3.10/site-packages/pycadf/identifier.py:71: UserWarning: Invalid uuid: neutron. To ensure interoperability, identifiers should be a valid uuid. warnings.warn(('Invalid uuid: %s. To ensure interoperability, '
2026-05-12 12:41:31.903 9 WARNING neutron.scheduler.dhcp_agent_scheduler [None req-0d96f228-87c9-4257-8c90-596775eadcf9 ae571f7051284a04bd57053c6f501f66 b06ebd51d4384017905d2946e9409703 - - default default] No more DHCP agents
2026-05-12 12:41:31.907 9 WARNING neutron.api.rpc.agentnotifiers.dhcp_rpc_agent_api [None req-0d96f228-87c9-4257-8c90-596775eadcf9 ae571f7051284a04bd57053c6f501f66 b06ebd51d4384017905d2946e9409703 - - default default] Unable to schedule network 60a91752-bb4d-4ae3-a65d-7254078c25ff: no agents available; will retry on subsequent port and subnet creation events.
2026-05-12 12:41:31.941 9 INFO neutron.wsgi [None req-d69d3a2c-e920-4f12-b8ea-ac3cad998d07 009b9100779d41bdb13db4ef5645a82b 609e01afea27424d9976f2fcc01fc78b - - default default] 10.0.0.129 "DELETE /v2.0/ports/d2a93008-6242-49f6-abe3-34c65763ff26 HTTP/1.1" status: 204 len: 168 time: 0.3079865
2026-05-12 12:41:32.013 10 INFO neutron.wsgi [None req-5b6f65b3-5bbd-4b03-89c6-002484f254b8 3d3ba1bd497b408d9879c0731b14f2eb f064c301d0b248f0a0b64d6553da386a - - default default] 10.0.0.129 "POST /v2.0/trunks HTTP/1.1" status: 201 len: 608 time: 0.1832533
2026-05-12 12:41:32.045 10 INFO neutron.wsgi [None req-45ac473c-20a9-4c09-a514-2c90d59089e7 3d3ba1bd497b408d9879c0731b14f2eb f064c301d0b248f0a0b64d6553da386a - - default default] 10.0.0.129 "PUT /v2.0/trunks/b1834f8c-b397-4de3-a51a-a893c7b4a0df/tags HTTP/1.1" status: 200 len: 218 time: 0.0268898
2026-05-12 12:41:32.064 10 INFO neutron.wsgi [None req-43586bb5-ed94-483c-96eb-05a2f16195ec 3d3ba1bd497b408d9879c0731b14f2eb f064c301d0b248f0a0b64d6553da386a - - default default] 10.0.0.129 "GET /v2.0/trunks/b1834f8c-b397-4de3-a51a-a893c7b4a0df/tags HTTP/1.1" status: 200 len: 218 time: 0.0141461
2026-05-12 12:41:32.095 10 INFO neutron.wsgi [None req-44462a29-e4b1-4f60-bb3e-a80ef4185aac 3d3ba1bd497b408d9879c0731b14f2eb f064c301d0b248f0a0b64d6553da386a - - default default] 10.0.0.129 "PUT /v2.0/trunks/b1834f8c-b397-4de3-a51a-a893c7b4a0df/tags/green HTTP/1.1" status: 201 len: 201 time: 0.0274212
2026-05-12 12:41:32.112 10 INFO neutron.wsgi [None req-3991d031-947d-48dc-a5f4-b5526d34a833 3d3ba1bd497b408d9879c0731b14f2eb f064c301d0b248f0a0b64d6553da386a - - default default] 10.0.0.129 "GET /v2.0/trunks/b1834f8c-b397-4de3-a51a-a893c7b4a0df/tags HTTP/1.1" status: 200 len: 227 time: 0.0130489
2026-05-12 12:41:32.131 10 INFO neutron.wsgi [None req-1186c1cb-c384-4495-9e5e-e087f5086128 3d3ba1bd497b408d9879c0731b14f2eb f064c301d0b248f0a0b64d6553da386a - - default default] 10.0.0.129 "PUT /v2.0/trunks/b1834f8c-b397-4de3-a51a-a893c7b4a0df/tags/red HTTP/1.1" status: 201 len: 201 time: 0.0148735
2026-05-12 12:41:32.147 10 INFO neutron.wsgi [None req-f0b73133-e017-4688-a65c-6081d2883e0a 3d3ba1bd497b408d9879c0731b14f2eb f064c301d0b248f0a0b64d6553da386a - - default default] 10.0.0.129 "GET /v2.0/trunks/b1834f8c-b397-4de3-a51a-a893c7b4a0df/tags HTTP/1.1" status: 200 len: 227 time: 0.0117459
2026-05-12 12:41:32.174 10 INFO neutron.wsgi [None req-fc5dff18-5c47-49f6-b913-07bd2455ce5a 3d3ba1bd497b408d9879c0731b14f2eb f064c301d0b248f0a0b64d6553da386a - - default default] 10.0.0.129 "PUT /v2.0/trunks/b1834f8c-b397-4de3-a51a-a893c7b4a0df/tags/black.or.white HTTP/1.1" status: 201 len: 201 time: 0.0235195
2026-05-12 12:41:32.191 10 INFO neutron.wsgi [None req-7551be29-4733-475d-b383-b73112d6f316 3d3ba1bd497b408d9879c0731b14f2eb f064c301d0b248f0a0b64d6553da386a - - default default] 10.0.0.129 "GET /v2.0/trunks/b1834f8c-b397-4de3-a51a-a893c7b4a0df/tags HTTP/1.1" status: 200 len: 245 time: 0.0132730
2026-05-12 12:41:32.226 9 INFO neutron.wsgi [None req-1eb0bbdf-0c6d-4de7-bdb5-3298b9b4a919 009b9100779d41bdb13db4ef5645a82b 609e01afea27424d9976f2fcc01fc78b - - default default] 10.0.0.129 "DELETE /v2.0/ports/b2d1e018-00a3-4bc1-97ae-c420cbe9227a HTTP/1.1" status: 204 len: 168 time: 0.2790217
2026-05-12 12:41:32.250 9 INFO neutron.wsgi [None req-ba3e16eb-080c-4a5d-8263-cdbee8c0c78f 3d3ba1bd497b408d9879c0731b14f2eb f064c301d0b248f0a0b64d6553da386a - - default default] 10.0.0.129 "PUT /v2.0/trunks/b1834f8c-b397-4de3-a51a-a893c7b4a0df/tags HTTP/1.1" status: 200 len: 230 time: 0.0541499
2026-05-12 12:41:32.270 9 INFO neutron.wsgi [None req-a1b44964-b50d-4f95-bd43-8b63587ae67e 3d3ba1bd497b408d9879c0731b14f2eb f064c301d0b248f0a0b64d6553da386a - - default default] 10.0.0.129 "GET /v2.0/trunks/b1834f8c-b397-4de3-a51a-a893c7b4a0df/tags HTTP/1.1" status: 200 len: 230 time: 0.0151472
2026-05-12 12:41:32.303 10 INFO neutron.wsgi [None req-e50f227c-c19f-4957-9075-8f5bc123c549 3d3ba1bd497b408d9879c0731b14f2eb f064c301d0b248f0a0b64d6553da386a - - default default] 10.0.0.129 "GET /v2.0/trunks/b1834f8c-b397-4de3-a51a-a893c7b4a0df/tags/red HTTP/1.1" status: 204 len: 168 time: 0.0287013
2026-05-12 12:41:32.325 9 INFO neutron.api.v2.resource [None req-fa098d3a-5d25-4897-af93-1dcbe2e6fc57 3d3ba1bd497b408d9879c0731b14f2eb f064c301d0b248f0a0b64d6553da386a - - default default] show failed (client error): The resource could not be found.
2026-05-12 12:41:32.327 9 INFO neutron.wsgi [None req-fa098d3a-5d25-4897-af93-1dcbe2e6fc57 3d3ba1bd497b408d9879c0731b14f2eb f064c301d0b248f0a0b64d6553da386a - - default default] 10.0.0.129 "GET /v2.0/trunks/b1834f8c-b397-4de3-a51a-a893c7b4a0df/tags/green HTTP/1.1" status: 404 len: 299 time: 0.0188987
2026-05-12 12:41:32.374 9 INFO neutron.wsgi [None req-76e89aa8-0bd2-40de-aa4d-59d200a86ffa 3d3ba1bd497b408d9879c0731b14f2eb f064c301d0b248f0a0b64d6553da386a - - default default] 10.0.0.129 "DELETE /v2.0/trunks/b1834f8c-b397-4de3-a51a-a893c7b4a0df/tags/red HTTP/1.1" status: 204 len: 168 time: 0.0395842
2026-05-12 12:41:32.412 10 INFO neutron.wsgi [None req-c5c89ed0-44ef-4e5d-b662-a5c9addf584c 3d3ba1bd497b408d9879c0731b14f2eb f064c301d0b248f0a0b64d6553da386a - - default default] 10.0.0.129 "GET /v2.0/trunks/b1834f8c-b397-4de3-a51a-a893c7b4a0df/tags HTTP/1.1" status: 200 len: 223 time: 0.0289080
2026-05-12 12:41:32.431 9 INFO neutron.db.ovn_revision_numbers_db [None req-0d96f228-87c9-4257-8c90-596775eadcf9 ae571f7051284a04bd57053c6f501f66 b06ebd51d4384017905d2946e9409703 - - default default] Successfully bumped revision number for resource 419da08a-ca70-4659-bfed-15dce2d08390 (type: ports) to 2
2026-05-12 12:41:32.434 10 INFO neutron.api.v2.resource [None req-3c8fef6d-b1a2-4fed-9a97-2f003dedf366 3d3ba1bd497b408d9879c0731b14f2eb f064c301d0b248f0a0b64d6553da386a - - default default] delete failed (client error): The resource could not be found.
2026-05-12 12:41:32.435 10 INFO neutron.wsgi [None req-3c8fef6d-b1a2-4fed-9a97-2f003dedf366 3d3ba1bd497b408d9879c0731b14f2eb f064c301d0b248f0a0b64d6553da386a - - default default] 10.0.0.129 "DELETE /v2.0/trunks/b1834f8c-b397-4de3-a51a-a893c7b4a0df/tags/green HTTP/1.1" status: 404 len: 299 time: 0.0179412
2026-05-12 12:41:32.458 9 INFO neutron.db.ovn_revision_numbers_db [None req-0d96f228-87c9-4257-8c90-596775eadcf9 ae571f7051284a04bd57053c6f501f66 b06ebd51d4384017905d2946e9409703 - - default default] Successfully bumped revision number for resource d238c328-7fcd-4c85-894a-5a44e391b6ee (type: subnets) to 0
2026-05-12 12:41:32.474 9 INFO neutron.wsgi [None req-0d96f228-87c9-4257-8c90-596775eadcf9 ae571f7051284a04bd57053c6f501f66 b06ebd51d4384017905d2946e9409703 - - default default] 10.0.0.129 "POST /v2.0/subnets HTTP/1.1" status: 201 len: 819 time: 0.7923920
2026-05-12 12:41:32.482 9 WARNING neutron.api.v2.base [None req-086c380e-dae4-4e16-9768-3945b97a135a ae571f7051284a04bd57053c6f501f66 b06ebd51d4384017905d2946e9409703 - - default default] An exception happened while processing the request body. The exception message is [Invalid input for target_tenant. Reason: 'None' is not a valid string.].: webob.exc.HTTPBadRequest: Invalid input for target_tenant. Reason: 'None' is not a valid string.
2026-05-12 12:41:32.483 9 INFO neutron.api.v2.resource [None req-086c380e-dae4-4e16-9768-3945b97a135a ae571f7051284a04bd57053c6f501f66 b06ebd51d4384017905d2946e9409703 - - default default] create failed (client error): Invalid input for target_tenant. Reason: 'None' is not a valid string.
2026-05-12 12:41:32.484 9 INFO neutron.wsgi [None req-086c380e-dae4-4e16-9768-3945b97a135a ae571f7051284a04bd57053c6f501f66 b06ebd51d4384017905d2946e9409703 - - default default] 10.0.0.129 "POST /v2.0/rbac-policies HTTP/1.1" status: 400 len: 346 time: 0.0058730
2026-05-12 12:41:32.486 10 INFO neutron.wsgi [None req-5494079e-fb19-4f18-a4ec-9f71a8670e6e 3d3ba1bd497b408d9879c0731b14f2eb f064c301d0b248f0a0b64d6553da386a - - default default] 10.0.0.129 "DELETE /v2.0/trunks/b1834f8c-b397-4de3-a51a-a893c7b4a0df/tags HTTP/1.1" status: 204 len: 168 time: 0.0452206
2026-05-12 12:41:32.491 10 INFO neutron.wsgi [None req-0845e5bb-a101-4458-aef1-762e616be633 009b9100779d41bdb13db4ef5645a82b 609e01afea27424d9976f2fcc01fc78b - - default default] 10.0.0.129 "DELETE /v2.0/ports/31fed3ac-c297-40c2-bfb9-974b7ae285c9 HTTP/1.1" status: 204 len: 168 time: 0.2617724
2026-05-12 12:41:32.508 10 INFO neutron.wsgi [None req-a7894699-04d6-447b-b984-265eac3696f8 3d3ba1bd497b408d9879c0731b14f2eb f064c301d0b248f0a0b64d6553da386a - - default default] 10.0.0.129 "GET /v2.0/trunks/b1834f8c-b397-4de3-a51a-a893c7b4a0df/tags HTTP/1.1" status: 200 len: 205 time: 0.0159576
2026-05-12 12:41:32.536 10 INFO neutron.wsgi [None req-03e7817d-bfd3-49d2-bf2b-aa3e2eb37c6c 3d3ba1bd497b408d9879c0731b14f2eb f064c301d0b248f0a0b64d6553da386a - - default default] 10.0.0.129 "GET /v2.0/trunks/b1834f8c-b397-4de3-a51a-a893c7b4a0df HTTP/1.1" status: 200 len: 603 time: 0.0178416
2026-05-12 12:41:32.675 9 INFO neutron.wsgi [None req-41fa5a03-572c-46cd-b79f-75f1cf23082d 3d3ba1bd497b408d9879c0731b14f2eb f064c301d0b248f0a0b64d6553da386a - - default default] 10.0.0.129 "GET /v2.0/ports/289a08b9-52ee-40ea-8ddd-1cb076ceee81 HTTP/1.1" status: 200 len: 1020 time: 0.1308987
2026-05-12 12:41:32.763 10 INFO neutron.wsgi [None req-1b1a6fd5-cad6-43df-9eb8-2fec09444070 3d3ba1bd497b408d9879c0731b14f2eb f064c301d0b248f0a0b64d6553da386a - - default default] 10.0.0.129 "DELETE /v2.0/trunks/b1834f8c-b397-4de3-a51a-a893c7b4a0df HTTP/1.1" status: 204 len: 168 time: 0.0830972
2026-05-12 12:41:32.803 9 INFO neutron.wsgi [None req-fc772504-4cd9-4e54-9536-ab08d7b5e45a 009b9100779d41bdb13db4ef5645a82b 609e01afea27424d9976f2fcc01fc78b - - default default] 10.0.0.129 "DELETE /v2.0/ports/346e9181-c087-47f2-91dc-9814befdca07 HTTP/1.1" status: 204 len: 168 time: 0.3081012
2026-05-12 12:41:33.075 10 INFO neutron.wsgi [None req-517e9d0f-8b6b-4545-a322-104a3fce16d0 3d3ba1bd497b408d9879c0731b14f2eb f064c301d0b248f0a0b64d6553da386a - - default default] 10.0.0.129 "DELETE /v2.0/ports/289a08b9-52ee-40ea-8ddd-1cb076ceee81 HTTP/1.1" status: 204 len: 168 time: 0.3069186
2026-05-12 12:41:33.093 9 INFO neutron.services.segments.plugin [-] Segment dc65dd9d-99a3-40fa-9ea3-0b4c65b70361 resource provider aggregate not found
2026-05-12 12:41:33.103 9 INFO neutron.services.segments.plugin [-] Segment dc65dd9d-99a3-40fa-9ea3-0b4c65b70361 resource provider aggregate not found
2026-05-12 12:41:33.104 10 INFO neutron.wsgi [None req-79f7db75-7846-4a5c-9e30-ea83df5f4323 009b9100779d41bdb13db4ef5645a82b 609e01afea27424d9976f2fcc01fc78b - - default default] 10.0.0.129 "DELETE /v2.0/ports/2a98884f-c0aa-4d3f-8592-13891ae64a84 HTTP/1.1" status: 204 len: 168 time: 0.2974796
2026-05-12 12:41:33.123 9 INFO neutron.services.segments.plugin [-] Segment dc65dd9d-99a3-40fa-9ea3-0b4c65b70361 resource provider not found; error: Placement Client Error (4xx): {"errors": [{"status": 404, "title": "Not Found", "detail": "The resource could not be found.\n\n No resource provider with uuid dc65dd9d-99a3-40fa-9ea3-0b4c65b70361 found for delete ", "request_id": "req-bc747dc1-f0db-446a-b569-060591b2b169"}]}
2026-05-12 12:41:33.138 9 INFO neutron.services.segments.plugin [-] Segment dc65dd9d-99a3-40fa-9ea3-0b4c65b70361 resource provider not found; error: Placement Client Error (4xx): {"errors": [{"status": 404, "title": "Not Found", "detail": "The resource could not be found.\n\n No resource provider with uuid dc65dd9d-99a3-40fa-9ea3-0b4c65b70361 found for delete ", "request_id": "req-57f409a1-e721-48b5-b8b1-d0d5ad8ba0fb"}]}
2026-05-12 12:41:33.156 9 INFO neutron.wsgi [None req-ae4dedfa-fdbf-4f2c-96c7-c77530d75ad1 ae571f7051284a04bd57053c6f501f66 b06ebd51d4384017905d2946e9409703 - - default default] 10.0.0.129 "DELETE /v2.0/networks/60a91752-bb4d-4ae3-a65d-7254078c25ff HTTP/1.1" status: 204 len: 168 time: 0.6666043
2026-05-12 12:41:33.273 10 INFO neutron.db.segments_db [None req-13cfa88f-416d-48a2-b9ea-4c82c81f2dfb ae571f7051284a04bd57053c6f501f66 b06ebd51d4384017905d2946e9409703 - - default default] Added segment 537faea3-03dc-4784-b2c6-ec00c4bb8d34 of type geneve for network 2ff3939f-1fb1-4698-87a1-5aebf4044baa
2026-05-12 12:41:33.469 10 INFO neutron.db.ovn_revision_numbers_db [None req-13cfa88f-416d-48a2-b9ea-4c82c81f2dfb ae571f7051284a04bd57053c6f501f66 b06ebd51d4384017905d2946e9409703 - - default default] Successfully bumped revision number for resource 2ff3939f-1fb1-4698-87a1-5aebf4044baa (type: networks) to 1
2026-05-12 12:41:33.489 9 INFO neutron.wsgi [None req-232934c2-67d9-40bf-9cc2-b0d9df8d9d1e 3d3ba1bd497b408d9879c0731b14f2eb f064c301d0b248f0a0b64d6553da386a - - default default] 10.0.0.129 "DELETE /v2.0/networks/e185e89c-6ae8-4c1c-a8f1-07e004cd78d3 HTTP/1.1" status: 204 len: 168 time: 0.4082534
2026-05-12 12:41:33.632 10 INFO neutron.services.segments.plugin [-] Segment 65cab25c-6a30-47e5-8726-e0fc7e3915ea resource provider aggregate not found
2026-05-12 12:41:33.638 10 INFO neutron.services.segments.plugin [-] Segment 65cab25c-6a30-47e5-8726-e0fc7e3915ea resource provider aggregate not found
2026-05-12 12:41:33.659 10 INFO neutron.services.segments.plugin [-] Segment 65cab25c-6a30-47e5-8726-e0fc7e3915ea resource provider not found; error: Placement Client Error (4xx): {"errors": [{"status": 404, "title": "Not Found", "detail": "The resource could not be found.\n\n No resource provider with uuid 65cab25c-6a30-47e5-8726-e0fc7e3915ea found for delete ", "request_id": "req-b3f07ee1-4771-4a00-a27c-76d542d1e3be"}]}
2026-05-12 12:41:33.660 10 INFO neutron.services.segments.plugin [-] Segment 65cab25c-6a30-47e5-8726-e0fc7e3915ea resource provider not found; error: Placement Client Error (4xx): {"errors": [{"status": 404, "title": "Not Found", "detail": "The resource could not be found.\n\n No resource provider with uuid 65cab25c-6a30-47e5-8726-e0fc7e3915ea found for delete ", "request_id": "req-d36481e9-c88d-4a3a-8c65-6c79955ed4b8"}]}
2026-05-12 12:41:33.688 10 INFO neutron.wsgi [None req-f89a5677-dc49-4c7d-b39d-60d838f6e3be 009b9100779d41bdb13db4ef5645a82b 609e01afea27424d9976f2fcc01fc78b - - default default] 10.0.0.129 "DELETE /v2.0/networks/a62d4de8-728c-40a9-862f-63c3f57f4e18 HTTP/1.1" status: 204 len: 168 time: 0.5792069
2026-05-12 12:41:33.715 10 WARNING neutron.scheduler.dhcp_agent_scheduler [None req-13cfa88f-416d-48a2-b9ea-4c82c81f2dfb ae571f7051284a04bd57053c6f501f66 b06ebd51d4384017905d2946e9409703 - - default default] No more DHCP agents
2026-05-12 12:41:33.716 10 WARNING neutron.api.rpc.agentnotifiers.dhcp_rpc_agent_api [None req-13cfa88f-416d-48a2-b9ea-4c82c81f2dfb ae571f7051284a04bd57053c6f501f66 b06ebd51d4384017905d2946e9409703 - - default default] Unable to schedule network 2ff3939f-1fb1-4698-87a1-5aebf4044baa: no agents available; will retry on subsequent port and subnet creation events.
2026-05-12 12:41:33.800 10 INFO neutron.db.ovn_revision_numbers_db [None req-13cfa88f-416d-48a2-b9ea-4c82c81f2dfb ae571f7051284a04bd57053c6f501f66 b06ebd51d4384017905d2946e9409703 - - default default] Successfully bumped revision number for resource 7d227a9c-6443-45cb-99fb-93e40c0b3915 (type: ports) to 1
2026-05-12 12:41:33.821 10 INFO neutron.wsgi [None req-13cfa88f-416d-48a2-b9ea-4c82c81f2dfb ae571f7051284a04bd57053c6f501f66 b06ebd51d4384017905d2946e9409703 - - default default] 10.0.0.129 "POST /v2.0/networks HTTP/1.1" status: 201 len: 929 time: 0.6595831
2026-05-12 12:41:34.019 9 WARNING neutron.scheduler.dhcp_agent_scheduler [None req-e4afce90-6b9f-4c1c-bc13-dae5965b02e4 ae571f7051284a04bd57053c6f501f66 b06ebd51d4384017905d2946e9409703 - - default default] No more DHCP agents
2026-05-12 12:41:34.024 9 WARNING neutron.api.rpc.agentnotifiers.dhcp_rpc_agent_api [None req-e4afce90-6b9f-4c1c-bc13-dae5965b02e4 ae571f7051284a04bd57053c6f501f66 b06ebd51d4384017905d2946e9409703 - - default default] Unable to schedule network 2ff3939f-1fb1-4698-87a1-5aebf4044baa: no agents available; will retry on subsequent port and subnet creation events.
2026-05-12 12:41:34.113 9 INFO neutron.wsgi [None req-db25f1dc-403b-4bb9-a59c-7b9327fbacbe 009b9100779d41bdb13db4ef5645a82b 609e01afea27424d9976f2fcc01fc78b - - default default] 10.0.0.129 "DELETE /v2.0/networks/0682295c-7fb6-48e7-a95f-6027583efc8f HTTP/1.1" status: 204 len: 168 time: 0.4197464
2026-05-12 12:41:34.301 10 INFO neutron.db.ovn_revision_numbers_db [None req-972cf867-4a88-40f9-b010-0145c6045d9a 813b50fe033c47bf86101b677565ebf1 70531c47f5fd4c7d945a6ab385b39429 - - default default] Successfully bumped revision number for resource 20436a91-c55f-4fe3-88e9-00e7464675f1 (type: security_groups) to 1
2026-05-12 12:41:34.316 10 INFO neutron.db.ovn_revision_numbers_db [None req-972cf867-4a88-40f9-b010-0145c6045d9a 813b50fe033c47bf86101b677565ebf1 70531c47f5fd4c7d945a6ab385b39429 - - default default] Successfully bumped revision number for resource 6f5fa27b-f9cd-4798-b3bf-bbccc0452ec2 (type: security_group_rules) to 0
2026-05-12 12:41:34.331 10 INFO neutron.db.ovn_revision_numbers_db [None req-972cf867-4a88-40f9-b010-0145c6045d9a 813b50fe033c47bf86101b677565ebf1 70531c47f5fd4c7d945a6ab385b39429 - - default default] Successfully bumped revision number for resource 8d31f88f-91ff-42b1-aad1-7f03acc08550 (type: security_group_rules) to 0
2026-05-12 12:41:34.344 10 INFO neutron.db.ovn_revision_numbers_db [None req-972cf867-4a88-40f9-b010-0145c6045d9a 813b50fe033c47bf86101b677565ebf1 70531c47f5fd4c7d945a6ab385b39429 - - default default] Successfully bumped revision number for resource 9ff3800a-b1da-4d19-831c-6b0722559e55 (type: security_group_rules) to 0
2026-05-12 12:41:34.359 10 INFO neutron.db.ovn_revision_numbers_db [None req-972cf867-4a88-40f9-b010-0145c6045d9a 813b50fe033c47bf86101b677565ebf1 70531c47f5fd4c7d945a6ab385b39429 - - default default] Successfully bumped revision number for resource c77c812f-084c-4f79-a79a-0a25f2b21b16 (type: security_group_rules) to 0
2026-05-12 12:41:34.384 10 INFO neutron.wsgi [None req-972cf867-4a88-40f9-b010-0145c6045d9a 813b50fe033c47bf86101b677565ebf1 70531c47f5fd4c7d945a6ab385b39429 - - default default] 10.0.0.129 "GET /v2.0/security-groups?tenant_id=f1b0021baac1496aa08915e04eca9ab3&name=default HTTP/1.1" status: 200 len: 3000 time: 0.2665210
2026-05-12 12:41:34.572 10 INFO neutron.wsgi [None req-28a85e21-3d25-415e-b066-4ce2b9d2b035 813b50fe033c47bf86101b677565ebf1 70531c47f5fd4c7d945a6ab385b39429 - - default default] 10.0.0.129 "DELETE /v2.0/security-groups/20436a91-c55f-4fe3-88e9-00e7464675f1 HTTP/1.1" status: 204 len: 168 time: 0.1827724
2026-05-12 12:41:34.583 9 INFO neutron.wsgi [None req-7c0075de-d971-49a3-a51b-85f5cc296ed2 009b9100779d41bdb13db4ef5645a82b 609e01afea27424d9976f2fcc01fc78b - - default default] 10.0.0.129 "DELETE /v2.0/networks/82de1c5b-f32a-45a7-9aef-aae2df573719 HTTP/1.1" status: 204 len: 168 time: 0.4631028
2026-05-12 12:41:34.610 9 INFO neutron.db.ovn_revision_numbers_db [None req-e4afce90-6b9f-4c1c-bc13-dae5965b02e4 ae571f7051284a04bd57053c6f501f66 b06ebd51d4384017905d2946e9409703 - - default default] Successfully bumped revision number for resource 7d227a9c-6443-45cb-99fb-93e40c0b3915 (type: ports) to 2
2026-05-12 12:41:34.642 9 INFO neutron.db.ovn_revision_numbers_db [None req-e4afce90-6b9f-4c1c-bc13-dae5965b02e4 ae571f7051284a04bd57053c6f501f66 b06ebd51d4384017905d2946e9409703 - - default default] Successfully bumped revision number for resource 3967c13f-a830-48b9-a5c0-e8ecfe1f1291 (type: subnets) to 0
2026-05-12 12:41:34.660 9 INFO neutron.wsgi [None req-e4afce90-6b9f-4c1c-bc13-dae5965b02e4 ae571f7051284a04bd57053c6f501f66 b06ebd51d4384017905d2946e9409703 - - default default] 10.0.0.129 "POST /v2.0/subnets HTTP/1.1" status: 201 len: 822 time: 0.8342226
2026-05-12 12:41:34.670 10 WARNING neutron.api.v2.base [None req-48f7a290-8a5b-4834-9c2d-34be827a53c4 ae571f7051284a04bd57053c6f501f66 b06ebd51d4384017905d2946e9409703 - - default default] An exception happened while processing the request body. The exception message is [Invalid input for target_tenant. Reason: '1234123412341234123412341234123412341234123412341234123412341234123412341234123412341234123412341234123412341234123412341234123412341234123412341234123412341234123412341234123412341234123412341234123412341234123412341234123412341234123412341234123412341234123412341234123412341234123412341234123412341234123412341234123412341234123412341234123412341234123412341234123412341234123412341234123412341234' exceeds maximum length of 255.].: webob.exc.HTTPBadRequest: Invalid input for target_tenant. Reason: '1234123412341234123412341234123412341234123412341234123412341234123412341234123412341234123412341234123412341234123412341234123412341234123412341234123412341234123412341234123412341234123412341234123412341234123412341234123412341234123412341234123412341234123412341234123412341234123412341234123412341234123412341234123412341234123412341234123412341234123412341234123412341234123412341234123412341234' exceeds maximum length of 255.
2026-05-12 12:41:34.671 10 INFO neutron.api.v2.resource [None req-48f7a290-8a5b-4834-9c2d-34be827a53c4 ae571f7051284a04bd57053c6f501f66 b06ebd51d4384017905d2946e9409703 - - default default] create failed (client error): Invalid input for target_tenant. Reason: '1234123412341234123412341234123412341234123412341234123412341234123412341234123412341234123412341234123412341234123412341234123412341234123412341234123412341234123412341234123412341234123412341234123412341234123412341234123412341234123412341234123412341234123412341234123412341234123412341234123412341234123412341234123412341234123412341234123412341234123412341234123412341234123412341234123412341234' exceeds maximum length of 255.
2026-05-12 12:41:34.672 10 INFO neutron.wsgi [None req-48f7a290-8a5b-4834-9c2d-34be827a53c4 ae571f7051284a04bd57053c6f501f66 b06ebd51d4384017905d2946e9409703 - - default default] 10.0.0.129 "POST /v2.0/rbac-policies HTTP/1.1" status: 400 len: 750 time: 0.0067530
2026-05-12 12:41:34.686 9 INFO neutron.wsgi [None req-1824282e-8390-4029-953d-3c8febade8f3 813b50fe033c47bf86101b677565ebf1 70531c47f5fd4c7d945a6ab385b39429 - - default default] 10.0.0.129 "GET /v2.0/security-groups?tenant_id=f064c301d0b248f0a0b64d6553da386a&name=default HTTP/1.1" status: 200 len: 3000 time: 0.0331025
2026-05-12 12:41:34.890 9 INFO neutron.wsgi [None req-58b9b39c-3ed7-4d3a-9c79-6ae9002fe43b 813b50fe033c47bf86101b677565ebf1 70531c47f5fd4c7d945a6ab385b39429 - - default default] 10.0.0.129 "DELETE /v2.0/security-groups/0db92298-c9cf-4043-a3e1-2e777d48a4e3 HTTP/1.1" status: 204 len: 168 time: 0.2001610
2026-05-12 12:41:35.086 10 INFO neutron.wsgi [None req-459e957d-d664-40c6-84e4-e70e7e57f058 009b9100779d41bdb13db4ef5645a82b 609e01afea27424d9976f2fcc01fc78b - - default default] 10.0.0.129 "DELETE /v2.0/networks/cad55c5b-24e8-4305-8eb4-da51ed2aead6 HTTP/1.1" status: 204 len: 168 time: 0.4981461
2026-05-12 12:41:35.145 9 INFO neutron.services.segments.plugin [-] Segment 475d77d7-b7dd-4945-ac2b-95901f3d2c74 resource provider aggregate not found
2026-05-12 12:41:35.164 9 INFO neutron.services.segments.plugin [-] Segment 475d77d7-b7dd-4945-ac2b-95901f3d2c74 resource provider not found; error: Placement Client Error (4xx): {"errors": [{"status": 404, "title": "Not Found", "detail": "The resource could not be found.\n\n No resource provider with uuid 475d77d7-b7dd-4945-ac2b-95901f3d2c74 found for delete ", "request_id": "req-29455176-90ce-4f0a-b90a-0195d1e6637b"}]}
2026-05-12 12:41:35.171 9 INFO neutron.services.segments.plugin [-] Segment 475d77d7-b7dd-4945-ac2b-95901f3d2c74 resource provider aggregate not found
2026-05-12 12:41:35.178 9 INFO neutron.services.segments.plugin [-] Segment 95af2222-f1f4-44de-9e75-83ecc587378b resource provider aggregate not found
