+ COMMAND=start + start + for KEYSTONE_WSGI_SCRIPT in keystone-wsgi-public ++ type -p keystone-wsgi-public + cp -a /var/lib/openstack/bin/keystone-wsgi-public /var/www/cgi-bin/keystone/ + '[' -f /etc/apache2/envvars ']' + source /etc/apache2/envvars ++ unset HOME ++ '[' '' '!=' '' ']' ++ SUFFIX= ++ export APACHE_RUN_USER=www-data ++ APACHE_RUN_USER=www-data ++ export APACHE_RUN_GROUP=www-data ++ APACHE_RUN_GROUP=www-data ++ export APACHE_PID_FILE=/var/run/apache2/apache2.pid ++ APACHE_PID_FILE=/var/run/apache2/apache2.pid ++ export APACHE_RUN_DIR=/var/run/apache2 ++ APACHE_RUN_DIR=/var/run/apache2 ++ export APACHE_LOCK_DIR=/var/lock/apache2 ++ APACHE_LOCK_DIR=/var/lock/apache2 ++ export APACHE_LOG_DIR=/var/log/apache2 ++ APACHE_LOG_DIR=/var/log/apache2 ++ export LANG=C ++ LANG=C ++ export LANG + '[' -f /var/run/apache2/apache2.pid ']' + exec apache2 -DFOREGROUND AH00558: apache2: Could not reliably determine the server's fully qualified domain name, using 10.0.0.1. Set the 'ServerName' directive globally to suppress this message AH00558: apache2: Could not reliably determine the server's fully qualified domain name, using 10.0.0.1. Set the 'ServerName' directive globally to suppress this message
[Fri May 22 19:14:09.269456 2026] [mpm_event:notice] [pid 1:tid 139986006796160] AH00489: Apache/2.4.58 (Ubuntu) mod_wsgi/5.0.0 Python/3.12 configured -- resuming normal operations
[Fri May 22 19:14:09.269640 2026] [core:notice] [pid 1:tid 139986006796160] AH00094: Command line: 'apache2 -D FOREGROUND'
[Fri May 22 19:15:10.969329 2026] [wsgi:error] [pid 11:tid 139985370023616] /var/lib/openstack/lib/python3.12/site-packages/oslo_utils/importutils.py:77: EventletDeprecationWarning:
[Fri May 22 19:15:10.969365 2026] [wsgi:error] [pid 11:tid 139985370023616] Eventlet is deprecated. It is currently being maintained in bugfix mode, and
[Fri May 22 19:15:10.969366 2026] [wsgi:error] [pid 11:tid 139985370023616] we strongly recommend against using it for new projects.
[Fri May 22 19:15:10.969368 2026] [wsgi:error] [pid 11:tid 139985370023616]
[Fri May 22 19:15:10.969369 2026] [wsgi:error] [pid 11:tid 139985370023616] If you are already using Eventlet, we recommend migrating to a different
[Fri May 22 19:15:10.969370 2026] [wsgi:error] [pid 11:tid 139985370023616] framework. For more detail see
[Fri May 22 19:15:10.969371 2026] [wsgi:error] [pid 11:tid 139985370023616] https://eventlet.readthedocs.io/en/latest/asyncio/migration.html
[Fri May 22 19:15:10.969372 2026] [wsgi:error] [pid 11:tid 139985370023616]
[Fri May 22 19:15:10.969373 2026] [wsgi:error] [pid 11:tid 139985370023616] __import__(import_str)
[Fri May 22 19:15:10.997333 2026] [wsgi:error] [pid 10:tid 139985370023616] /var/lib/openstack/lib/python3.12/site-packages/oslo_utils/importutils.py:77: EventletDeprecationWarning:
[Fri May 22 19:15:10.997408 2026] [wsgi:error] [pid 10:tid 139985370023616] Eventlet is deprecated. It is currently being maintained in bugfix mode, and
[Fri May 22 19:15:10.997414 2026] [wsgi:error] [pid 10:tid 139985370023616] we strongly recommend against using it for new projects.
[Fri May 22 19:15:10.997418 2026] [wsgi:error] [pid 10:tid 139985370023616]
[Fri May 22 19:15:10.997422 2026] [wsgi:error] [pid 10:tid 139985370023616] If you are already using Eventlet, we recommend migrating to a different
[Fri May 22 19:15:10.997426 2026] [wsgi:error] [pid 10:tid 139985370023616] framework. For more detail see
[Fri May 22 19:15:10.997430 2026] [wsgi:error] [pid 10:tid 139985370023616] https://eventlet.readthedocs.io/en/latest/asyncio/migration.html
[Fri May 22 19:15:10.997434 2026] [wsgi:error] [pid 10:tid 139985370023616]
[Fri May 22 19:15:10.997436 2026] [wsgi:error] [pid 10:tid 139985370023616] __import__(import_str) 10.0.0.128 - - [22/May/2026:19:15:10 +0000] "GET /v3/ HTTP/1.1" 200 248 10.0.0.128 - - [22/May/2026:19:15:10 +0000] "GET /v3/ HTTP/1.1" 200 248
[Fri May 22 19:15:22.909505 2026] [wsgi:error] [pid 12:tid 139985370023616] /var/lib/openstack/lib/python3.12/site-packages/oslo_utils/importutils.py:77: EventletDeprecationWarning:
[Fri May 22 19:15:22.909543 2026] [wsgi:error] [pid 12:tid 139985370023616] Eventlet is deprecated. It is currently being maintained in bugfix mode, and
[Fri May 22 19:15:22.909545 2026] [wsgi:error] [pid 12:tid 139985370023616] we strongly recommend against using it for new projects.
[Fri May 22 19:15:22.909546 2026] [wsgi:error] [pid 12:tid 139985370023616]
[Fri May 22 19:15:22.909547 2026] [wsgi:error] [pid 12:tid 139985370023616] If you are already using Eventlet, we recommend migrating to a different
[Fri May 22 19:15:22.909548 2026] [wsgi:error] [pid 12:tid 139985370023616] framework. For more detail see
[Fri May 22 19:15:22.909550 2026] [wsgi:error] [pid 12:tid 139985370023616] https://eventlet.readthedocs.io/en/latest/asyncio/migration.html
[Fri May 22 19:15:22.909551 2026] [wsgi:error] [pid 12:tid 139985370023616]
[Fri May 22 19:15:22.909552 2026] [wsgi:error] [pid 12:tid 139985370023616] __import__(import_str) 10.0.0.65 - - [22/May/2026:19:15:22 +0000] "GET / HTTP/1.1" 300 295
[Fri May 22 19:15:28.101998 2026] [wsgi:error] [pid 9:tid 139985370023616] /var/lib/openstack/lib/python3.12/site-packages/oslo_utils/importutils.py:77: EventletDeprecationWarning:
[Fri May 22 19:15:28.102033 2026] [wsgi:error] [pid 9:tid 139985370023616] Eventlet is deprecated. It is currently being maintained in bugfix mode, and
[Fri May 22 19:15:28.102035 2026] [wsgi:error] [pid 9:tid 139985370023616] we strongly recommend against using it for new projects.
[Fri May 22 19:15:28.102036 2026] [wsgi:error] [pid 9:tid 139985370023616]
[Fri May 22 19:15:28.102037 2026] [wsgi:error] [pid 9:tid 139985370023616] If you are already using Eventlet, we recommend migrating to a different
[Fri May 22 19:15:28.102038 2026] [wsgi:error] [pid 9:tid 139985370023616] framework. For more detail see
[Fri May 22 19:15:28.102040 2026] [wsgi:error] [pid 9:tid 139985370023616] https://eventlet.readthedocs.io/en/latest/asyncio/migration.html
[Fri May 22 19:15:28.102041 2026] [wsgi:error] [pid 9:tid 139985370023616]
[Fri May 22 19:15:28.102042 2026] [wsgi:error] [pid 9:tid 139985370023616] __import__(import_str)
[Fri May 22 19:15:32.574420 2026] [wsgi:error] [pid 9:tid 139985370023616] [remote 10.0.0.65:55716] 2026-05-22 19:15:32.571 9 WARNING keystone.identity.core [None req-5b6ad83a-b583-4ae0-bd76-97aa02063060 - - - - - -] Invalid domain name (atmosphere) found in config file name: keystone.exception.DomainNotFound: Could not find domain: atmosphere.
[Fri May 22 19:15:32.628016 2026] [wsgi:error] [pid 9:tid 139985370023616] [remote 10.0.0.65:55716] 2026-05-22 19:15:32.627 9 WARNING keystone.common.password_hashing [None req-5b6ad83a-b583-4ae0-bd76-97aa02063060 - - - - - -] Truncating password to algorithm specific maximum length 72 characters.
[Fri May 22 19:15:32.920805 2026] [wsgi:error] [pid 9:tid 139985370023616] [remote 10.0.0.65:55716] 2026-05-22 19:15:32.920 9 WARNING keystone.common.fernet_utils [None req-5b6ad83a-b583-4ae0-bd76-97aa02063060 - - - - - -] key_repository is world readable: /etc/keystone/fernet-keys/ 10.0.0.65 - - [22/May/2026:19:15:27 +0000] "POST /v3/auth/tokens HTTP/1.1" 201 1358
[Fri May 22 19:15:33.244351 2026] [wsgi:error] [pid 11:tid 139985370023616] [remote 10.0.0.65:55716] 2026-05-22 19:15:33.240 11 WARNING keystone.identity.core [None req-f0a10845-4c73-44e4-a11e-a4d6d8997a01 - - - - - -] Invalid domain name (atmosphere) found in config file name: keystone.exception.DomainNotFound: Could not find domain: atmosphere. 10.0.0.65 - - [22/May/2026:19:15:33 +0000] "POST /v3/domains HTTP/1.1" 201 261 10.0.0.210 - - [22/May/2026:19:15:44 +0000] "GET / HTTP/1.1" 300 295
[Fri May 22 19:15:44.449340 2026] [wsgi:error] [pid 12:tid 139985370023616] [remote 10.0.0.210:55230] 2026-05-22 19:15:44.448 12 WARNING keystone.common.password_hashing [None req-0d0c6adf-668c-4cbc-8ba8-4a83384f0dda - - - - - -] Truncating password to algorithm specific maximum length 72 characters.
[Fri May 22 19:15:44.724277 2026] [wsgi:error] [pid 12:tid 139985370023616] [remote 10.0.0.210:55230] 2026-05-22 19:15:44.723 12 WARNING keystone.common.fernet_utils [None req-0d0c6adf-668c-4cbc-8ba8-4a83384f0dda - - - - - -] key_repository is world readable: /etc/keystone/fernet-keys/ 10.0.0.210 - - [22/May/2026:19:15:44 +0000] "POST /v3/auth/tokens HTTP/1.1" 201 1358 10.0.0.210 - - [22/May/2026:19:15:44 +0000] "GET /v3/roles/admin HTTP/1.1" 404 83
[Fri May 22 19:15:44.933883 2026] [wsgi:error] [pid 11:tid 139985370023616] [remote 10.0.0.210:55230] 2026-05-22 19:15:44.933 11 WARNING keystone.common.rbac_enforcer.enforcer [None req-ab6d26aa-a58f-4e9e-bee4-f4bbb0af9770 1408fe9df4a44c2c9156148c1799d5fc c02cfc29a7224a4285a220d4c8c308d5 - - default default] Deprecated policy rules found. Use oslopolicy-policy-generator and oslopolicy-policy-upgrade to detect and resolve deprecated policies in your configuration. 10.0.0.210 - - [22/May/2026:19:15:44 +0000] "GET /v3/roles?name=admin HTTP/1.1" 200 389
[Fri May 22 19:15:45.299603 2026] [wsgi:error] [pid 10:tid 139985370023616] [remote 10.0.0.210:55230] 2026-05-22 19:15:45.299 10 WARNING keystone.common.rbac_enforcer.enforcer [None req-4bba7f46-b7ad-4184-835e-63f510e33476 1408fe9df4a44c2c9156148c1799d5fc c02cfc29a7224a4285a220d4c8c308d5 - - default default] Deprecated policy rules found. Use oslopolicy-policy-generator and oslopolicy-policy-upgrade to detect and resolve deprecated policies in your configuration. 10.0.0.210 - - [22/May/2026:19:15:44 +0000] "GET /v3/users/admin-RegionOne HTTP/1.1" 404 93
[Fri May 22 19:15:45.441672 2026] [wsgi:error] [pid 12:tid 139985370023616] [remote 10.0.0.210:55230] 2026-05-22 19:15:45.441 12 WARNING keystone.common.rbac_enforcer.enforcer [None req-9c5993da-2168-416d-910a-f84ae77414cc 1408fe9df4a44c2c9156148c1799d5fc c02cfc29a7224a4285a220d4c8c308d5 - - default default] Deprecated policy rules found. Use oslopolicy-policy-generator and oslopolicy-policy-upgrade to detect and resolve deprecated policies in your configuration. 10.0.0.210 - - [22/May/2026:19:15:45 +0000] "GET /v3/users?name=admin-RegionOne HTTP/1.1" 200 422
[Fri May 22 19:15:45.600266 2026] [wsgi:error] [pid 9:tid 139985370023616] [remote 10.0.0.210:55230] 2026-05-22 19:15:45.600 9 WARNING keystone.common.rbac_enforcer.enforcer [None req-fac534dc-f12c-4fff-b46b-757708f26188 1408fe9df4a44c2c9156148c1799d5fc c02cfc29a7224a4285a220d4c8c308d5 - - default default] Deprecated policy rules found. Use oslopolicy-policy-generator and oslopolicy-policy-upgrade to detect and resolve deprecated policies in your configuration. 10.0.0.210 - - [22/May/2026:19:15:45 +0000] "GET /v3/domains/default HTTP/1.1" 200 224 10.0.0.210 - - [22/May/2026:19:15:45 +0000] "PUT /v3/domains/default/users/1408fe9df4a44c2c9156148c1799d5fc/roles/ea9bd92587dd41f0a27bc8ca50ccd571 HTTP/1.1" 204 - 10.0.0.128 - - [22/May/2026:19:15:55 +0000] "GET / HTTP/1.1" 300 279 10.0.0.128 - - [22/May/2026:19:15:56 +0000] "GET /v3 HTTP/1.1" 200 264
[Fri May 22 19:15:56.425652 2026] [wsgi:error] [pid 9:tid 139985370023616] [remote 10.0.0.128:37920] 2026-05-22 19:15:56.425 9 WARNING keystone.common.password_hashing [None req-4de1cdd3-3225-4aeb-9716-da79c83b7c9d - - - - - -] Truncating password to algorithm specific maximum length 72 characters.
[Fri May 22 19:15:56.699588 2026] [wsgi:error] [pid 9:tid 139985370023616] [remote 10.0.0.128:37920] 2026-05-22 19:15:56.699 9 WARNING keystone.common.fernet_utils [None req-4de1cdd3-3225-4aeb-9716-da79c83b7c9d - - - - - -] key_repository is world readable: /etc/keystone/fernet-keys/ 10.0.0.128 - - [22/May/2026:19:15:56 +0000] "POST /v3/auth/tokens HTTP/1.1" 201 1358 10.0.0.128 - - [22/May/2026:19:15:56 +0000] "GET / HTTP/1.1" 300 279 10.0.0.128 - - [22/May/2026:19:15:56 +0000] "GET /v3/domains/atmosphere HTTP/1.1" 404 90 10.0.0.128 - - [22/May/2026:19:15:56 +0000] "GET /v3/domains?name=atmosphere HTTP/1.1" 200 366 10.0.0.128 - - [22/May/2026:19:15:56 +0000] "GET /v3/domains/c417ca0566134e05bd1fa397abdbce2e HTTP/1.1" 200 245 10.0.0.128 - - [22/May/2026:19:15:57 +0000] "GET /v3 HTTP/1.1" 200 264
[Fri May 22 19:15:57.874155 2026] [wsgi:error] [pid 10:tid 139985370023616] [remote 10.0.0.128:37930] 2026-05-22 19:15:57.873 10 WARNING keystone.common.password_hashing [None req-22e14801-a541-4fbb-b447-33f2ed35ac6d - - - - - -] Truncating password to algorithm specific maximum length 72 characters.
[Fri May 22 19:15:58.153006 2026] [wsgi:error] [pid 10:tid 139985370023616] [remote 10.0.0.128:37930] 2026-05-22 19:15:58.152 10 WARNING keystone.common.fernet_utils [None req-22e14801-a541-4fbb-b447-33f2ed35ac6d - - - - - -] key_repository is world readable: /etc/keystone/fernet-keys/ 10.0.0.128 - - [22/May/2026:19:15:57 +0000] "POST /v3/auth/tokens HTTP/1.1" 201 1358 10.0.0.128 - - [22/May/2026:19:15:58 +0000] "GET / HTTP/1.1" 300 279 10.0.0.128 - - [22/May/2026:19:15:58 +0000] "GET /v3/OS-FEDERATION/identity_providers/atmosphere HTTP/1.1" 404 101 10.0.0.128 - - [22/May/2026:19:15:58 +0000] "GET /v3/OS-FEDERATION/identity_providers HTTP/1.1" 200 154 10.0.0.128 - - [22/May/2026:19:15:58 +0000] "PUT /v3/OS-FEDERATION/identity_providers/atmosphere HTTP/1.1" 201 338 10.0.0.128 - - [22/May/2026:19:15:58 +0000] "GET /v3 HTTP/1.1" 200 264
[Fri May 22 19:15:58.991958 2026] [wsgi:error] [pid 9:tid 139985370023616] [remote 10.0.0.128:37930] 2026-05-22 19:15:58.991 9 WARNING keystone.common.password_hashing [None req-ad441747-c376-4312-af01-47ce2a4701a4 - - - - - -] Truncating password to algorithm specific maximum length 72 characters.
[Fri May 22 19:15:59.274663 2026] [wsgi:error] [pid 9:tid 139985370023616] [remote 10.0.0.128:37930] 2026-05-22 19:15:59.274 9 WARNING keystone.common.fernet_utils [None req-ad441747-c376-4312-af01-47ce2a4701a4 - - - - - -] key_repository is world readable: /etc/keystone/fernet-keys/ 10.0.0.128 - - [22/May/2026:19:15:58 +0000] "POST /v3/auth/tokens HTTP/1.1" 201 1358 10.0.0.128 - - [22/May/2026:19:15:59 +0000] "GET / HTTP/1.1" 300 279 10.0.0.128 - - [22/May/2026:19:15:59 +0000] "GET /v3/OS-FEDERATION/mappings/atmosphere-openid HTTP/1.1" 404 98 10.0.0.128 - - [22/May/2026:19:15:59 +0000] "GET /v3/OS-FEDERATION/mappings HTTP/1.1" 200 134 10.0.0.128 - - [22/May/2026:19:15:59 +0000] "PUT /v3/OS-FEDERATION/mappings/atmosphere-openid HTTP/1.1" 201 355 10.0.0.128 - - [22/May/2026:19:16:00 +0000] "GET /v3 HTTP/1.1" 200 264
[Fri May 22 19:16:00.114268 2026] [wsgi:error] [pid 10:tid 139985370023616] [remote 10.0.0.128:37930] 2026-05-22 19:16:00.114 10 WARNING keystone.common.password_hashing [None req-049a1f8a-7c9e-450f-8602-8b3af6b0ebf8 - - - - - -] Truncating password to algorithm specific maximum length 72 characters.
[Fri May 22 19:16:00.390798 2026] [wsgi:error] [pid 10:tid 139985370023616] [remote 10.0.0.128:37930] 2026-05-22 19:16:00.390 10 WARNING keystone.common.fernet_utils [None req-049a1f8a-7c9e-450f-8602-8b3af6b0ebf8 - - - - - -] key_repository is world readable: /etc/keystone/fernet-keys/ 10.0.0.128 - - [22/May/2026:19:16:00 +0000] "POST /v3/auth/tokens HTTP/1.1" 201 1358 10.0.0.128 - - [22/May/2026:19:16:00 +0000] "GET / HTTP/1.1" 300 279 10.0.0.128 - - [22/May/2026:19:16:00 +0000] "GET /v3/OS-FEDERATION/identity_providers/atmosphere/protocols/openid?idp_id=atmosphere HTTP/1.1" 404 131 10.0.0.128 - - [22/May/2026:19:16:00 +0000] "GET /v3/OS-FEDERATION/identity_providers/atmosphere/protocols HTTP/1.1" 200 166 10.0.0.128 - - [22/May/2026:19:16:00 +0000] "PUT /v3/OS-FEDERATION/identity_providers/atmosphere/protocols/openid HTTP/1.1" 201 220 10.0.0.128 - - [22/May/2026:19:16:10 +0000] "GET /v3/ HTTP/1.1" 200 248 10.0.0.128 - - [22/May/2026:19:16:10 +0000] "GET /v3/ HTTP/1.1" 200 248 10.0.0.128 - - [22/May/2026:19:17:10 +0000] "GET /v3/ HTTP/1.1" 200 248 10.0.0.128 - - [22/May/2026:19:17:10 +0000] "GET /v3/ HTTP/1.1" 200 248 10.0.0.227 - - [22/May/2026:19:17:25 +0000] "GET / HTTP/1.1" 300 295
[Fri May 22 19:17:25.115480 2026] [wsgi:error] [pid 10:tid 139985370023616] [remote 10.0.0.227:55682] 2026-05-22 19:17:25.115 10 WARNING keystone.common.password_hashing [None req-324b4e04-8ee7-4b2f-96d6-9277be4b5fa4 - - - - - -] Truncating password to algorithm specific maximum length 72 characters.
[Fri May 22 19:17:25.384313 2026] [wsgi:error] [pid 10:tid 139985370023616] [remote 10.0.0.227:55682] 2026-05-22 19:17:25.384 10 WARNING keystone.common.fernet_utils [None req-324b4e04-8ee7-4b2f-96d6-9277be4b5fa4 - - - - - -] key_repository is world readable: /etc/keystone/fernet-keys/ 10.0.0.227 - - [22/May/2026:19:17:25 +0000] "POST /v3/auth/tokens HTTP/1.1" 201 1358 10.0.0.227 - - [22/May/2026:19:17:25 +0000] "GET /v3/services HTTP/1.1" 200 355 10.0.0.227 - - [22/May/2026:19:17:28 +0000] "GET / HTTP/1.1" 300 295
[Fri May 22 19:17:28.854805 2026] [wsgi:error] [pid 11:tid 139985370023616] [remote 10.0.0.227:55686] 2026-05-22 19:17:28.854 11 WARNING keystone.common.password_hashing [None req-46fb4412-0514-447e-add6-f808e54bc379 - - - - - -] Truncating password to algorithm specific maximum length 72 characters.
[Fri May 22 19:17:29.130401 2026] [wsgi:error] [pid 11:tid 139985370023616] [remote 10.0.0.227:55686] 2026-05-22 19:17:29.130 11 WARNING keystone.common.fernet_utils [None req-46fb4412-0514-447e-add6-f808e54bc379 - - - - - -] key_repository is world readable: /etc/keystone/fernet-keys/ 10.0.0.227 - - [22/May/2026:19:17:28 +0000] "POST /v3/auth/tokens HTTP/1.1" 201 1358 10.0.0.227 - - [22/May/2026:19:17:29 +0000] "GET /v3/services HTTP/1.1" 200 355 10.0.0.227 - - [22/May/2026:19:17:32 +0000] "GET / HTTP/1.1" 300 295
[Fri May 22 19:17:32.532990 2026] [wsgi:error] [pid 12:tid 139985370023616] [remote 10.0.0.227:49610] 2026-05-22 19:17:32.532 12 WARNING keystone.common.password_hashing [None req-c9ed5ee9-fa70-4697-8eca-15ca0361625f - - - - - -] Truncating password to algorithm specific maximum length 72 characters.
[Fri May 22 19:17:32.801544 2026] [wsgi:error] [pid 12:tid 139985370023616] [remote 10.0.0.227:49610] 2026-05-22 19:17:32.801 12 WARNING keystone.common.fernet_utils [None req-c9ed5ee9-fa70-4697-8eca-15ca0361625f - - - - - -] key_repository is world readable: /etc/keystone/fernet-keys/ 10.0.0.227 - - [22/May/2026:19:17:32 +0000] "POST /v3/auth/tokens HTTP/1.1" 201 1358 10.0.0.227 - - [22/May/2026:19:17:32 +0000] "GET /v3/services HTTP/1.1" 200 355 10.0.0.227 - - [22/May/2026:19:17:36 +0000] "GET / HTTP/1.1" 300 295
[Fri May 22 19:17:36.164570 2026] [wsgi:error] [pid 9:tid 139985370023616] [remote 10.0.0.227:49622] 2026-05-22 19:17:36.164 9 WARNING keystone.common.password_hashing [None req-67d5da0a-a5dc-4570-b88a-423287bd46e7 - - - - - -] Truncating password to algorithm specific maximum length 72 characters.
[Fri May 22 19:17:36.448040 2026] [wsgi:error] [pid 9:tid 139985370023616] [remote 10.0.0.227:49622] 2026-05-22 19:17:36.447 9 WARNING keystone.common.fernet_utils [None req-67d5da0a-a5dc-4570-b88a-423287bd46e7 - - - - - -] key_repository is world readable: /etc/keystone/fernet-keys/ 10.0.0.227 - - [22/May/2026:19:17:36 +0000] "POST /v3/auth/tokens HTTP/1.1" 201 1358 10.0.0.227 - - [22/May/2026:19:17:36 +0000] "POST /v3/services HTTP/1.1" 201 296 10.0.0.161 - - [22/May/2026:19:17:47 +0000] "GET / HTTP/1.1" 300 295
[Fri May 22 19:17:47.353799 2026] [wsgi:error] [pid 10:tid 139985370023616] [remote 10.0.0.161:38482] 2026-05-22 19:17:47.353 10 WARNING keystone.common.password_hashing [None req-a85aaa71-2618-4f17-afe9-4b2c90a1d20a - - - - - -] Truncating password to algorithm specific maximum length 72 characters. 10.0.0.161 - - [22/May/2026:19:17:47 +0000] "GET / HTTP/1.1" 300 295
[Fri May 22 19:17:47.477308 2026] [wsgi:error] [pid 12:tid 139985370023616] [remote 10.0.0.161:38498] 2026-05-22 19:17:47.477 12 WARNING keystone.common.password_hashing [None req-9da65ebb-76c2-4524-be21-99b0da8116a1 - - - - - -] Truncating password to algorithm specific maximum length 72 characters. 10.0.0.161 - - [22/May/2026:19:17:47 +0000] "GET / HTTP/1.1" 300 295
[Fri May 22 19:17:47.578299 2026] [wsgi:error] [pid 9:tid 139985370023616] [remote 10.0.0.161:38500] 2026-05-22 19:17:47.578 9 WARNING keystone.common.password_hashing [None req-b6b63a57-cfe4-4ff2-beb3-ac009e0a0000 - - - - - -] Truncating password to algorithm specific maximum length 72 characters.
[Fri May 22 19:17:47.625256 2026] [wsgi:error] [pid 10:tid 139985370023616] [remote 10.0.0.161:38482] 2026-05-22 19:17:47.625 10 WARNING keystone.common.fernet_utils [None req-a85aaa71-2618-4f17-afe9-4b2c90a1d20a - - - - - -] key_repository is world readable: /etc/keystone/fernet-keys/ 10.0.0.161 - - [22/May/2026:19:17:47 +0000] "POST /v3/auth/tokens HTTP/1.1" 201 1462
[Fri May 22 19:17:47.749163 2026] [wsgi:error] [pid 12:tid 139985370023616] [remote 10.0.0.161:38498] 2026-05-22 19:17:47.749 12 WARNING keystone.common.fernet_utils [None req-9da65ebb-76c2-4524-be21-99b0da8116a1 - - - - - -] key_repository is world readable: /etc/keystone/fernet-keys/ 10.0.0.161 - - [22/May/2026:19:17:47 +0000] "POST /v3/auth/tokens HTTP/1.1" 201 1462 10.0.0.161 - - [22/May/2026:19:17:47 +0000] "GET /v3/services HTTP/1.1" 200 639
[Fri May 22 19:17:47.850086 2026] [wsgi:error] [pid 9:tid 139985370023616] [remote 10.0.0.161:38500] 2026-05-22 19:17:47.849 9 WARNING keystone.common.fernet_utils [None req-b6b63a57-cfe4-4ff2-beb3-ac009e0a0000 - - - - - -] key_repository is world readable: /etc/keystone/fernet-keys/ 10.0.0.161 - - [22/May/2026:19:17:47 +0000] "POST /v3/auth/tokens HTTP/1.1" 201 1462 10.0.0.161 - - [22/May/2026:19:17:47 +0000] "GET /v3/services HTTP/1.1" 200 639 10.0.0.161 - - [22/May/2026:19:17:47 +0000] "GET /v3/services HTTP/1.1" 200 639 10.0.0.161 - - [22/May/2026:19:17:49 +0000] "GET / HTTP/1.1" 300 295
[Fri May 22 19:17:49.235299 2026] [wsgi:error] [pid 9:tid 139985370023616] [remote 10.0.0.161:38506] 2026-05-22 19:17:49.235 9 WARNING keystone.common.password_hashing [None req-5a06380c-acf2-4355-a7d2-8cebdc17023c - - - - - -] Truncating password to algorithm specific maximum length 72 characters. 10.0.0.161 - - [22/May/2026:19:17:49 +0000] "GET / HTTP/1.1" 300 295
[Fri May 22 19:17:49.308436 2026] [wsgi:error] [pid 12:tid 139985370023616] [remote 10.0.0.161:38512] 2026-05-22 19:17:49.308 12 WARNING keystone.common.password_hashing [None req-5c2fd713-5e30-4e9b-8074-2588832a812c - - - - - -] Truncating password to algorithm specific maximum length 72 characters. 10.0.0.161 - - [22/May/2026:19:17:49 +0000] "GET / HTTP/1.1" 300 295
[Fri May 22 19:17:49.359558 2026] [wsgi:error] [pid 10:tid 139985370023616] [remote 10.0.0.161:38526] 2026-05-22 19:17:49.359 10 WARNING keystone.common.password_hashing [None req-c3796eda-ab83-48a4-a8c5-2db312d40bee - - - - - -] Truncating password to algorithm specific maximum length 72 characters.
[Fri May 22 19:17:49.506206 2026] [wsgi:error] [pid 9:tid 139985370023616] [remote 10.0.0.161:38506] 2026-05-22 19:17:49.506 9 WARNING keystone.common.fernet_utils [None req-5a06380c-acf2-4355-a7d2-8cebdc17023c - - - - - -] key_repository is world readable: /etc/keystone/fernet-keys/ 10.0.0.161 - - [22/May/2026:19:17:49 +0000] "POST /v3/auth/tokens HTTP/1.1" 201 1462
[Fri May 22 19:17:49.578748 2026] [wsgi:error] [pid 12:tid 139985370023616] [remote 10.0.0.161:38512] 2026-05-22 19:17:49.578 12 WARNING keystone.common.fernet_utils [None req-5c2fd713-5e30-4e9b-8074-2588832a812c - - - - - -] key_repository is world readable: /etc/keystone/fernet-keys/ 10.0.0.161 - - [22/May/2026:19:17:49 +0000] "POST /v3/auth/tokens HTTP/1.1" 201 1462 10.0.0.161 - - [22/May/2026:19:17:49 +0000] "GET /v3/endpoints HTTP/1.1" 200 1225
[Fri May 22 19:17:49.637066 2026] [wsgi:error] [pid 10:tid 139985370023616] [remote 10.0.0.161:38526] 2026-05-22 19:17:49.636 10 WARNING keystone.common.fernet_utils [None req-c3796eda-ab83-48a4-a8c5-2db312d40bee - - - - - -] key_repository is world readable: /etc/keystone/fernet-keys/ 10.0.0.161 - - [22/May/2026:19:17:49 +0000] "POST /v3/auth/tokens HTTP/1.1" 201 1462 10.0.0.161 - - [22/May/2026:19:17:49 +0000] "GET /v3/services/6ab49fa958184eacaaf04581899dc4ac HTTP/1.1" 200 233 10.0.0.161 - - [22/May/2026:19:17:49 +0000] "GET /v3/services/6ab49fa958184eacaaf04581899dc4ac HTTP/1.1" 200 233 10.0.0.161 - - [22/May/2026:19:17:49 +0000] "GET /v3/services/6ab49fa958184eacaaf04581899dc4ac HTTP/1.1" 200 233 10.0.0.161 - - [22/May/2026:19:17:49 +0000] "GET /v3/endpoints HTTP/1.1" 200 1225 10.0.0.161 - - [22/May/2026:19:17:49 +0000] "GET /v3/services/6ab49fa958184eacaaf04581899dc4ac HTTP/1.1" 200 233 10.0.0.161 - - [22/May/2026:19:17:49 +0000] "GET /v3/services/6ab49fa958184eacaaf04581899dc4ac HTTP/1.1" 200 233 10.0.0.161 - - [22/May/2026:19:17:49 +0000] "GET /v3/endpoints HTTP/1.1" 200 1225 10.0.0.161 - - [22/May/2026:19:17:49 +0000] "GET /v3/services/6ab49fa958184eacaaf04581899dc4ac HTTP/1.1" 200 233 10.0.0.161 - - [22/May/2026:19:17:49 +0000] "GET /v3/services/6ab49fa958184eacaaf04581899dc4ac HTTP/1.1" 200 233 10.0.0.161 - - [22/May/2026:19:17:49 +0000] "GET /v3/services/6ab49fa958184eacaaf04581899dc4ac HTTP/1.1" 200 233 10.0.0.161 - - [22/May/2026:19:17:49 +0000] "GET /v3/services/6ab49fa958184eacaaf04581899dc4ac HTTP/1.1" 200 233 10.0.0.161 - - [22/May/2026:19:17:51 +0000] "GET / HTTP/1.1" 300 295
[Fri May 22 19:17:51.050179 2026] [wsgi:error] [pid 9:tid 139985370023616] [remote 10.0.0.161:36816] 2026-05-22 19:17:51.049 9 WARNING keystone.common.password_hashing [None req-4c674dcc-de27-4fad-b1c8-c3c8526beeb1 - - - - - -] Truncating password to algorithm specific maximum length 72 characters. 10.0.0.161 - - [22/May/2026:19:17:51 +0000] "GET / HTTP/1.1" 300 295 10.0.0.161 - - [22/May/2026:19:17:51 +0000] "GET / HTTP/1.1" 300 295
[Fri May 22 19:17:51.098494 2026] [wsgi:error] [pid 10:tid 139985370023616] [remote 10.0.0.161:36824] 2026-05-22 19:17:51.098 10 WARNING keystone.common.password_hashing [None req-61f7482e-ad40-4d09-a47e-60ba14b16289 - - - - - -] Truncating password to algorithm specific maximum length 72 characters.
[Fri May 22 19:17:51.100889 2026] [wsgi:error] [pid 11:tid 139985370023616] [remote 10.0.0.161:36838] 2026-05-22 19:17:51.100 11 WARNING keystone.common.password_hashing [None req-3df5c7e7-8f13-491a-b9a0-117caacbc364 - - - - - -] Truncating password to algorithm specific maximum length 72 characters.
[Fri May 22 19:17:51.324342 2026] [wsgi:error] [pid 9:tid 139985370023616] [remote 10.0.0.161:36816] 2026-05-22 19:17:51.324 9 WARNING keystone.common.fernet_utils [None req-4c674dcc-de27-4fad-b1c8-c3c8526beeb1 - - - - - -] key_repository is world readable: /etc/keystone/fernet-keys/ 10.0.0.161 - - [22/May/2026:19:17:51 +0000] "POST /v3/auth/tokens HTTP/1.1" 201 1462
[Fri May 22 19:17:51.376974 2026] [wsgi:error] [pid 11:tid 139985370023616] [remote 10.0.0.161:36838] 2026-05-22 19:17:51.376 11 WARNING keystone.common.fernet_utils [None req-3df5c7e7-8f13-491a-b9a0-117caacbc364 - - - - - -] key_repository is world readable: /etc/keystone/fernet-keys/ 10.0.0.161 - - [22/May/2026:19:17:51 +0000] "POST /v3/auth/tokens HTTP/1.1" 201 1462
[Fri May 22 19:17:51.392080 2026] [wsgi:error] [pid 10:tid 139985370023616] [remote 10.0.0.161:36824] 2026-05-22 19:17:51.391 10 WARNING keystone.common.fernet_utils [None req-61f7482e-ad40-4d09-a47e-60ba14b16289 - - - - - -] key_repository is world readable: /etc/keystone/fernet-keys/ 10.0.0.161 - - [22/May/2026:19:17:51 +0000] "POST /v3/auth/tokens HTTP/1.1" 201 1462 10.0.0.161 - - [22/May/2026:19:17:51 +0000] "GET /v3/services/92970d90f724495d959ab7ea1fb52536 HTTP/1.1" 200 296 10.0.0.161 - - [22/May/2026:19:17:51 +0000] "GET /v3/regions/RegionOne HTTP/1.1" 200 173 10.0.0.161 - - [22/May/2026:19:17:51 +0000] "POST /v3/endpoints HTTP/1.1" 201 383 10.0.0.161 - - [22/May/2026:19:17:51 +0000] "GET /v3/services/92970d90f724495d959ab7ea1fb52536 HTTP/1.1" 200 296 10.0.0.161 - - [22/May/2026:19:17:51 +0000] "GET /v3/services/92970d90f724495d959ab7ea1fb52536 HTTP/1.1" 200 296 10.0.0.161 - - [22/May/2026:19:17:51 +0000] "GET /v3/regions/RegionOne HTTP/1.1" 200 173 10.0.0.161 - - [22/May/2026:19:17:51 +0000] "GET /v3/regions/RegionOne HTTP/1.1" 200 173 10.0.0.161 - - [22/May/2026:19:17:51 +0000] "POST /v3/endpoints HTTP/1.1" 201 380 10.0.0.161 - - [22/May/2026:19:17:51 +0000] "POST /v3/endpoints HTTP/1.1" 201 368 10.0.0.161 - - [22/May/2026:19:17:52 +0000] "GET / HTTP/1.1" 300 295
[Fri May 22 19:17:52.763365 2026] [wsgi:error] [pid 11:tid 139985370023616] [remote 10.0.0.161:36840] 2026-05-22 19:17:52.763 11 WARNING keystone.common.password_hashing [None req-9928648e-433b-4786-8c94-10e6063ceeca - - - - - -] Truncating password to algorithm specific maximum length 72 characters. 10.0.0.161 - - [22/May/2026:19:17:52 +0000] "GET / HTTP/1.1" 300 295
[Fri May 22 19:17:52.924231 2026] [wsgi:error] [pid 10:tid 139985370023616] [remote 10.0.0.161:36852] 2026-05-22 19:17:52.923 10 WARNING keystone.common.password_hashing [None req-662b3a1d-b4a4-44cd-96af-b8c588a888b3 - - - - - -] Truncating password to algorithm specific maximum length 72 characters. 10.0.0.161 - - [22/May/2026:19:17:52 +0000] "GET / HTTP/1.1" 300 295
[Fri May 22 19:17:52.999097 2026] [wsgi:error] [pid 12:tid 139985370023616] [remote 10.0.0.161:36858] 2026-05-22 19:17:52.998 12 WARNING keystone.common.password_hashing [None req-3c641d55-55bd-44b5-8a99-98aab4a9922b - - - - - -] Truncating password to algorithm specific maximum length 72 characters.
[Fri May 22 19:17:53.048787 2026] [wsgi:error] [pid 11:tid 139985370023616] [remote 10.0.0.161:36840] 2026-05-22 19:17:53.048 11 WARNING keystone.common.fernet_utils [None req-9928648e-433b-4786-8c94-10e6063ceeca - - - - - -] key_repository is world readable: /etc/keystone/fernet-keys/ 10.0.0.161 - - [22/May/2026:19:17:52 +0000] "POST /v3/auth/tokens HTTP/1.1" 201 1988 10.0.0.161 - - [22/May/2026:19:17:53 +0000] "GET /v3/endpoints/50b123effc1344e58638125b2ed7c494 HTTP/1.1" 200 383 10.0.0.161 - - [22/May/2026:19:17:53 +0000] "GET /v3/services/92970d90f724495d959ab7ea1fb52536 HTTP/1.1" 200 296
[Fri May 22 19:17:53.199214 2026] [wsgi:error] [pid 10:tid 139985370023616] [remote 10.0.0.161:36852] 2026-05-22 19:17:53.198 10 WARNING keystone.common.fernet_utils [None req-662b3a1d-b4a4-44cd-96af-b8c588a888b3 - - - - - -] key_repository is world readable: /etc/keystone/fernet-keys/ 10.0.0.161 - - [22/May/2026:19:17:52 +0000] "POST /v3/auth/tokens HTTP/1.1" 201 1988
[Fri May 22 19:17:53.273240 2026] [wsgi:error] [pid 12:tid 139985370023616] [remote 10.0.0.161:36858] 2026-05-22 19:17:53.273 12 WARNING keystone.common.fernet_utils [None req-3c641d55-55bd-44b5-8a99-98aab4a9922b - - - - - -] key_repository is world readable: /etc/keystone/fernet-keys/ 10.0.0.161 - - [22/May/2026:19:17:52 +0000] "POST /v3/auth/tokens HTTP/1.1" 201 1988 10.0.0.161 - - [22/May/2026:19:17:53 +0000] "GET /v3/endpoints/5e215f622293431c920a0e35a6039f14 HTTP/1.1" 200 368 10.0.0.161 - - [22/May/2026:19:17:53 +0000] "GET /v3/services/92970d90f724495d959ab7ea1fb52536 HTTP/1.1" 200 296 10.0.0.161 - - [22/May/2026:19:17:53 +0000] "GET /v3/endpoints/ea0786efab61418fa15fc56abc1e7555 HTTP/1.1" 200 380 10.0.0.161 - - [22/May/2026:19:17:53 +0000] "GET /v3/services/92970d90f724495d959ab7ea1fb52536 HTTP/1.1" 200 296 10.0.0.210 - - [22/May/2026:19:18:04 +0000] "GET / HTTP/1.1" 300 295
[Fri May 22 19:18:04.409231 2026] [wsgi:error] [pid 11:tid 139985370023616] [remote 10.0.0.210:52174] 2026-05-22 19:18:04.409 11 WARNING keystone.common.password_hashing [None req-a7b05feb-4edf-4700-a29e-3a3857e7a6fd - - - - - -] Truncating password to algorithm specific maximum length 72 characters.
[Fri May 22 19:18:04.687893 2026] [wsgi:error] [pid 11:tid 139985370023616] [remote 10.0.0.210:52174] 2026-05-22 19:18:04.687 11 WARNING keystone.common.fernet_utils [None req-a7b05feb-4edf-4700-a29e-3a3857e7a6fd - - - - - -] key_repository is world readable: /etc/keystone/fernet-keys/ 10.0.0.210 - - [22/May/2026:19:18:04 +0000] "POST /v3/auth/tokens HTTP/1.1" 201 1988 10.0.0.210 - - [22/May/2026:19:18:04 +0000] "POST /v3/domains HTTP/1.1" 201 284 10.0.0.210 - - [22/May/2026:19:18:06 +0000] "GET / HTTP/1.1" 300 295
[Fri May 22 19:18:06.131188 2026] [wsgi:error] [pid 9:tid 139985370023616] [remote 10.0.0.210:52184] 2026-05-22 19:18:06.130 9 WARNING keystone.common.password_hashing [None req-11c596e8-6a2d-4046-bc23-f610efaedf1b - - - - - -] Truncating password to algorithm specific maximum length 72 characters.
[Fri May 22 19:18:06.414115 2026] [wsgi:error] [pid 9:tid 139985370023616] [remote 10.0.0.210:52184] 2026-05-22 19:18:06.413 9 WARNING keystone.common.fernet_utils [None req-11c596e8-6a2d-4046-bc23-f610efaedf1b - - - - - -] key_repository is world readable: /etc/keystone/fernet-keys/ 10.0.0.210 - - [22/May/2026:19:18:06 +0000] "POST /v3/auth/tokens HTTP/1.1" 201 1988
[Fri May 22 19:18:06.594586 2026] [wsgi:error] [pid 11:tid 139985370023616] [remote 10.0.0.210:52184] 2026-05-22 19:18:06.576 11 ERROR keystone.server.flask.application [None req-2e2921d3-4459-429b-bc44-df4dbafb64b0 1408fe9df4a44c2c9156148c1799d5fc c02cfc29a7224a4285a220d4c8c308d5 - - default default] Conflict occurred attempting to store project - it is not permitted to have two projects acting as domains with the same name: service.: keystone.exception.Conflict: Conflict occurred attempting to store project - it is not permitted to have two projects acting as domains with the same name: service.
[Fri May 22 19:18:06.594620 2026] [wsgi:error] [pid 11:tid 139985370023616] [remote 10.0.0.210:52184] 2026-05-22 19:18:06.576 11 ERROR keystone.server.flask.application
Traceback (most recent call last):
[Fri May 22 19:18:06.594624 2026] [wsgi:error] [pid 11:tid 139985370023616] [remote 10.0.0.210:52184] 2026-05-22 19:18:06.576 11 ERROR keystone.server.flask.application
File "/var/lib/openstack/lib/python3.12/site-packages/sqlalchemy/engine/base.py", line 1967, in _exec_single_context
[Fri May 22 19:18:06.594626 2026] [wsgi:error] [pid 11:tid 139985370023616] [remote 10.0.0.210:52184] 2026-05-22 19:18:06.576 11 ERROR keystone.server.flask.application self.dialect.do_execute(
[Fri May 22 19:18:06.594629 2026] [wsgi:error] [pid 11:tid 139985370023616] [remote 10.0.0.210:52184] 2026-05-22 19:18:06.576 11 ERROR keystone.server.flask.application
File "/var/lib/openstack/lib/python3.12/site-packages/sqlalchemy/engine/default.py", line 952, in do_execute
[Fri May 22 19:18:06.594631 2026] [wsgi:error] [pid 11:tid 139985370023616] [remote 10.0.0.210:52184] 2026-05-22 19:18:06.576 11 ERROR keystone.server.flask.application cursor.execute(statement, parameters)
[Fri May 22 19:18:06.594634 2026] [wsgi:error] [pid 11:tid 139985370023616] [remote 10.0.0.210:52184] 2026-05-22 19:18:06.576 11 ERROR keystone.server.flask.application
File "/var/lib/openstack/lib/python3.12/site-packages/pymysql/cursors.py", line 157, in execute
[Fri May 22 19:18:06.594636 2026] [wsgi:error] [pid 11:tid 139985370023616] [remote 10.0.0.210:52184] 2026-05-22 19:18:06.576 11 ERROR keystone.server.flask.application result = self._query(query)
[Fri May 22 19:18:06.594638 2026] [wsgi:error] [pid 11:tid 139985370023616] [remote 10.0.0.210:52184] 2026-05-22 19:18:06.576 11 ERROR keystone.server.flask.application ^^^^^^^^^^^^^^^^^^
[Fri May 22 19:18:06.594640 2026] [wsgi:error] [pid 11:tid 139985370023616] [remote 10.0.0.210:52184] 2026-05-22 19:18:06.576 11 ERROR keystone.server.flask.application
File "/var/lib/openstack/lib/python3.12/site-packages/pymysql/cursors.py", line 328, in _query
[Fri May 22 19:18:06.594643 2026] [wsgi:error] [pid 11:tid 139985370023616] [remote 10.0.0.210:52184] 2026-05-22 19:18:06.576 11 ERROR keystone.server.flask.application conn.query(q)
[Fri May 22 19:18:06.594644 2026] [wsgi:error] [pid 11:tid 139985370023616] [remote 10.0.0.210:52184] 2026-05-22 19:18:06.576 11 ERROR keystone.server.flask.application
File "/var/lib/openstack/lib/python3.12/site-packages/pymysql/connections.py", line 575, in query
[Fri May 22 19:18:06.594647 2026] [wsgi:error] [pid 11:tid 139985370023616] [remote 10.0.0.210:52184] 2026-05-22 19:18:06.576 11 ERROR keystone.server.flask.application self._affected_rows = self._read_query_result(unbuffered=unbuffered)
[Fri May 22 19:18:06.594650 2026] [wsgi:error] [pid 11:tid 139985370023616] [remote 10.0.0.210:52184] 2026-05-22 19:18:06.576 11 ERROR keystone.server.flask.application ^^^^^^^^^^^^^^^^^^^^^^^^^^^^^^^^^^^^^^^^^^^^^^
[Fri May 22 19:18:06.594652 2026] [wsgi:error] [pid 11:tid 139985370023616] [remote 10.0.0.210:52184] 2026-05-22 19:18:06.576 11 ERROR keystone.server.flask.application
File "/var/lib/openstack/lib/python3.12/site-packages/pymysql/connections.py", line 826, in _read_query_result
[Fri May 22 19:18:06.594655 2026] [wsgi:error] [pid 11:tid 139985370023616] [remote 10.0.0.210:52184] 2026-05-22 19:18:06.576 11 ERROR keystone.server.flask.application result.read()
[Fri May 22 19:18:06.594659 2026] [wsgi:error] [pid 11:tid 139985370023616] [remote 10.0.0.210:52184] 2026-05-22 19:18:06.576 11 ERROR keystone.server.flask.application
File "/var/lib/openstack/lib/python3.12/site-packages/pymysql/connections.py", line 1203, in read
[Fri May 22 19:18:06.594661 2026] [wsgi:error] [pid 11:tid 139985370023616] [remote 10.0.0.210:52184] 2026-05-22 19:18:06.576 11 ERROR keystone.server.flask.application first_packet = self.connection._read_packet()
[Fri May 22 19:18:06.594663 2026] [wsgi:error] [pid 11:tid 139985370023616] [remote 10.0.0.210:52184] 2026-05-22 19:18:06.576 11 ERROR keystone.server.flask.application ^^^^^^^^^^^^^^^^^^^^^^^^^^^^^^
[Fri May 22 19:18:06.594665 2026] [wsgi:error] [pid 11:tid 139985370023616] [remote 10.0.0.210:52184] 2026-05-22 19:18:06.576 11 ERROR keystone.server.flask.application
File "/var/lib/openstack/lib/python3.12/site-packages/pymysql/connections.py", line 782, in _read_packet
[Fri May 22 19:18:06.594667 2026] [wsgi:error] [pid 11:tid 139985370023616] [remote 10.0.0.210:52184] 2026-05-22 19:18:06.576 11 ERROR keystone.server.flask.application packet.raise_for_error()
[Fri May 22 19:18:06.594669 2026] [wsgi:error] [pid 11:tid 139985370023616] [remote 10.0.0.210:52184] 2026-05-22 19:18:06.576 11 ERROR keystone.server.flask.application
File "/var/lib/openstack/lib/python3.12/site-packages/pymysql/protocol.py", line 219, in raise_for_error
[Fri May 22 19:18:06.594672 2026] [wsgi:error] [pid 11:tid 139985370023616] [remote 10.0.0.210:52184] 2026-05-22 19:18:06.576 11 ERROR keystone.server.flask.application err.raise_mysql_exception(self._data)
[Fri May 22 19:18:06.594674 2026] [wsgi:error] [pid 11:tid 139985370023616] [remote 10.0.0.210:52184] 2026-05-22 19:18:06.576 11 ERROR keystone.server.flask.application
File "/var/lib/openstack/lib/python3.12/site-packages/pymysql/err.py", line 150, in raise_mysql_exception
[Fri May 22 19:18:06.594676 2026] [wsgi:error] [pid 11:tid 139985370023616] [remote 10.0.0.210:52184] 2026-05-22 19:18:06.576 11 ERROR keystone.server.flask.application raise errorclass(errno, errval)
[Fri May 22 19:18:06.594678 2026] [wsgi:error] [pid 11:tid 139985370023616] [remote 10.0.0.210:52184] 2026-05-22 19:18:06.576 11 ERROR keystone.server.flask.application pymysql.err.IntegrityError: (1062, "Duplicate entry '<>-service' for key 'project.ixu_project_name_domain_id'")
[Fri May 22 19:18:06.594681 2026] [wsgi:error] [pid 11:tid 139985370023616] [remote 10.0.0.210:52184] 2026-05-22 19:18:06.576 11 ERROR keystone.server.flask.application
[Fri May 22 19:18:06.594683 2026] [wsgi:error] [pid 11:tid 139985370023616] [remote 10.0.0.210:52184] 2026-05-22 19:18:06.576 11 ERROR keystone.server.flask.application The above exception was the direct cause of the following exception:
[Fri May 22 19:18:06.594695 2026] [wsgi:error] [pid 11:tid 139985370023616] [remote 10.0.0.210:52184] 2026-05-22 19:18:06.576 11 ERROR keystone.server.flask.application
[Fri May 22 19:18:06.594697 2026] [wsgi:error] [pid 11:tid 139985370023616] [remote 10.0.0.210:52184] 2026-05-22 19:18:06.576 11 ERROR keystone.server.flask.application
Traceback (most recent call last):
[Fri May 22 19:18:06.594699 2026] [wsgi:error] [pid 11:tid 139985370023616] [remote 10.0.0.210:52184] 2026-05-22 19:18:06.576 11 ERROR keystone.server.flask.application
File "/var/lib/openstack/lib/python3.12/site-packages/keystone/common/sql/core.py", line 575, in wrapper
[Fri May 22 19:18:06.594702 2026] [wsgi:error] [pid 11:tid 139985370023616] [remote 10.0.0.210:52184] 2026-05-22 19:18:06.576 11 ERROR keystone.server.flask.application return method(*args, **kwargs)
[Fri May 22 19:18:06.594705 2026] [wsgi:error] [pid 11:tid 139985370023616] [remote 10.0.0.210:52184] 2026-05-22 19:18:06.576 11 ERROR keystone.server.flask.application ^^^^^^^^^^^^^^^^^^^^^^^
[Fri May 22 19:18:06.594708 2026] [wsgi:error] [pid 11:tid 139985370023616] [remote 10.0.0.210:52184] 2026-05-22 19:18:06.576 11 ERROR keystone.server.flask.application
File "/var/lib/openstack/lib/python3.12/site-packages/keystone/resource/backends/sql.py", line 278, in create_project
[Fri May 22 19:18:06.594711 2026] [wsgi:error] [pid 11:tid 139985370023616] [remote 10.0.0.210:52184] 2026-05-22 19:18:06.576 11 ERROR keystone.server.flask.application with sql.session_for_write() as session:
[Fri May 22 19:18:06.594713 2026] [wsgi:error] [pid 11:tid 139985370023616] [remote 10.0.0.210:52184] 2026-05-22 19:18:06.576 11 ERROR keystone.server.flask.application
File "/usr/lib/python3.12/contextlib.py", line 144, in __exit__
[Fri May 22 19:18:06.594716 2026] [wsgi:error] [pid 11:tid 139985370023616] [remote 10.0.0.210:52184] 2026-05-22 19:18:06.576 11 ERROR keystone.server.flask.application next(self.gen)
[Fri May 22 19:18:06.594718 2026] [wsgi:error] [pid 11:tid 139985370023616] [remote 10.0.0.210:52184] 2026-05-22 19:18:06.576 11 ERROR keystone.server.flask.application
File "/var/lib/openstack/lib/python3.12/site-packages/oslo_db/sqlalchemy/enginefacade.py", line 1175, in _transaction_scope
[Fri May 22 19:18:06.594723 2026] [wsgi:error] [pid 11:tid 139985370023616] [remote 10.0.0.210:52184] 2026-05-22 19:18:06.576 11 ERROR keystone.server.flask.application with current._produce_block(
[Fri May 22 19:18:06.594726 2026] [wsgi:error] [pid 11:tid 139985370023616] [remote 10.0.0.210:52184] 2026-05-22 19:18:06.576 11 ERROR keystone.server.flask.application
File "/usr/lib/python3.12/contextlib.py", line 144, in __exit__
[Fri May 22 19:18:06.594729 2026] [wsgi:error] [pid 11:tid 139985370023616] [remote 10.0.0.210:52184] 2026-05-22 19:18:06.576 11 ERROR keystone.server.flask.application next(self.gen)
[Fri May 22 19:18:06.594732 2026] [wsgi:error] [pid 11:tid 139985370023616] [remote 10.0.0.210:52184] 2026-05-22 19:18:06.576 11 ERROR keystone.server.flask.application
File "/var/lib/openstack/lib/python3.12/site-packages/oslo_db/sqlalchemy/enginefacade.py", line 837, in _session
[Fri May 22 19:18:06.594736 2026] [wsgi:error] [pid 11:tid 139985370023616] [remote 10.0.0.210:52184] 2026-05-22 19:18:06.576 11 ERROR keystone.server.flask.application with excutils.save_and_reraise_exception():
[Fri May 22 19:18:06.594740 2026] [wsgi:error] [pid 11:tid 139985370023616] [remote 10.0.0.210:52184] 2026-05-22 19:18:06.576 11 ERROR keystone.server.flask.application
File "/var/lib/openstack/lib/python3.12/site-packages/oslo_utils/excutils.py", line 271, in __exit__
[Fri May 22 19:18:06.594743 2026] [wsgi:error] [pid 11:tid 139985370023616] [remote 10.0.0.210:52184] 2026-05-22 19:18:06.576 11 ERROR keystone.server.flask.application self.force_reraise()
[Fri May 22 19:18:06.594746 2026] [wsgi:error] [pid 11:tid 139985370023616] [remote 10.0.0.210:52184] 2026-05-22 19:18:06.576 11 ERROR keystone.server.flask.application
File "/var/lib/openstack/lib/python3.12/site-packages/oslo_utils/excutils.py", line 233, in force_reraise
[Fri May 22 19:18:06.594752 2026] [wsgi:error] [pid 11:tid 139985370023616] [remote 10.0.0.210:52184] 2026-05-22 19:18:06.576 11 ERROR keystone.server.flask.application raise self.value
[Fri May 22 19:18:06.594754 2026] [wsgi:error] [pid 11:tid 139985370023616] [remote 10.0.0.210:52184] 2026-05-22 19:18:06.576 11 ERROR keystone.server.flask.application
File "/var/lib/openstack/lib/python3.12/site-packages/oslo_db/sqlalchemy/enginefacade.py", line 835, in _session
[Fri May 22 19:18:06.594758 2026] [wsgi:error] [pid 11:tid 139985370023616] [remote 10.0.0.210:52184] 2026-05-22 19:18:06.576 11 ERROR keystone.server.flask.application self._end_session_transaction(self.session)
[Fri May 22 19:18:06.594762 2026] [wsgi:error] [pid 11:tid 139985370023616] [remote 10.0.0.210:52184] 2026-05-22 19:18:06.576 11 ERROR keystone.server.flask.application
File "/var/lib/openstack/lib/python3.12/site-packages/oslo_db/sqlalchemy/enginefacade.py", line 748, in _end_session_transaction
[Fri May 22 19:18:06.594765 2026] [wsgi:error] [pid 11:tid 139985370023616] [remote 10.0.0.210:52184] 2026-05-22 19:18:06.576 11 ERROR keystone.server.flask.application session.commit()
[Fri May 22 19:18:06.594768 2026] [wsgi:error] [pid 11:tid 139985370023616] [remote 10.0.0.210:52184] 2026-05-22 19:18:06.576 11 ERROR keystone.server.flask.application
File "/var/lib/openstack/lib/python3.12/site-packages/sqlalchemy/orm/session.py", line 2030, in commit
[Fri May 22 19:18:06.594773 2026] [wsgi:error] [pid 11:tid 139985370023616] [remote 10.0.0.210:52184] 2026-05-22 19:18:06.576 11 ERROR keystone.server.flask.application trans.commit(_to_root=True)
[Fri May 22 19:18:06.594779 2026] [wsgi:error] [pid 11:tid 139985370023616] [remote 10.0.0.210:52184] 2026-05-22 19:18:06.576 11 ERROR keystone.server.flask.application File "", line 2, in commit
[Fri May 22 19:18:06.594781 2026] [wsgi:error] [pid 11:tid 139985370023616] [remote 10.0.0.210:52184] 2026-05-22 19:18:06.576 11 ERROR keystone.server.flask.application
File "/var/lib/openstack/lib/python3.12/site-packages/sqlalchemy/orm/state_changes.py", line 137, in _go
[Fri May 22 19:18:06.594784 2026] [wsgi:error] [pid 11:tid 139985370023616] [remote 10.0.0.210:52184] 2026-05-22 19:18:06.576 11 ERROR keystone.server.flask.application ret_value = fn(self, *arg, **kw)
[Fri May 22 19:18:06.594788 2026] [wsgi:error] [pid 11:tid 139985370023616] [remote 10.0.0.210:52184] 2026-05-22 19:18:06.576 11 ERROR keystone.server.flask.application ^^^^^^^^^^^^^^^^^^^^
[Fri May 22 19:18:06.594791 2026] [wsgi:error] [pid 11:tid 139985370023616] [remote 10.0.0.210:52184] 2026-05-22 19:18:06.576 11 ERROR keystone.server.flask.application
File "/var/lib/openstack/lib/python3.12/site-packages/sqlalchemy/orm/session.py", line 1311, in commit
[Fri May 22 19:18:06.594794 2026] [wsgi:error] [pid 11:tid 139985370023616] [remote 10.0.0.210:52184] 2026-05-22 19:18:06.576 11 ERROR keystone.server.flask.application self._prepare_impl()
[Fri May 22 19:18:06.594798 2026] [wsgi:error] [pid 11:tid 139985370023616] [remote 10.0.0.210:52184] 2026-05-22 19:18:06.576 11 ERROR keystone.server.flask.application File "", line 2, in _prepare_impl
[Fri May 22 19:18:06.594801 2026] [wsgi:error] [pid 11:tid 139985370023616] [remote 10.0.0.210:52184] 2026-05-22 19:18:06.576 11 ERROR keystone.server.flask.application
File "/var/lib/openstack/lib/python3.12/site-packages/sqlalchemy/orm/state_changes.py", line 137, in _go
[Fri May 22 19:18:06.594805 2026] [wsgi:error] [pid 11:tid 139985370023616] [remote 10.0.0.210:52184] 2026-05-22 19:18:06.576 11 ERROR keystone.server.flask.application ret_value = fn(self, *arg, **kw)
[Fri May 22 19:18:06.594808 2026] [wsgi:error] [pid 11:tid 139985370023616] [remote 10.0.0.210:52184] 2026-05-22 19:18:06.576 11 ERROR keystone.server.flask.application ^^^^^^^^^^^^^^^^^^^^
[Fri May 22 19:18:06.594811 2026] [wsgi:error] [pid 11:tid 139985370023616] [remote 10.0.0.210:52184] 2026-05-22 19:18:06.576 11 ERROR keystone.server.flask.application
File "/var/lib/openstack/lib/python3.12/site-packages/sqlalchemy/orm/session.py", line 1286, in _prepare_impl
[Fri May 22 19:18:06.594815 2026] [wsgi:error] [pid 11:tid 139985370023616] [remote 10.0.0.210:52184] 2026-05-22 19:18:06.576 11 ERROR keystone.server.flask.application self.session.flush()
[Fri May 22 19:18:06.594819 2026] [wsgi:error] [pid 11:tid 139985370023616] [remote 10.0.0.210:52184] 2026-05-22 19:18:06.576 11 ERROR keystone.server.flask.application
File "/var/lib/openstack/lib/python3.12/site-packages/sqlalchemy/orm/session.py", line 4331, in flush
[Fri May 22 19:18:06.594822 2026] [wsgi:error] [pid 11:tid 139985370023616] [remote 10.0.0.210:52184] 2026-05-22 19:18:06.576 11 ERROR keystone.server.flask.application self._flush(objects)
[Fri May 22 19:18:06.594826 2026] [wsgi:error] [pid 11:tid 139985370023616] [remote 10.0.0.210:52184] 2026-05-22 19:18:06.576 11 ERROR keystone.server.flask.application
File "/var/lib/openstack/lib/python3.12/site-packages/sqlalchemy/orm/session.py", line 4466, in _flush
[Fri May 22 19:18:06.594830 2026] [wsgi:error] [pid 11:tid 139985370023616] [remote 10.0.0.210:52184] 2026-05-22 19:18:06.576 11 ERROR keystone.server.flask.application with util.safe_reraise():
[Fri May 22 19:18:06.594834 2026] [wsgi:error] [pid 11:tid 139985370023616] [remote 10.0.0.210:52184] 2026-05-22 19:18:06.576 11 ERROR keystone.server.flask.application
File "/var/lib/openstack/lib/python3.12/site-packages/sqlalchemy/util/langhelpers.py", line 121, in __exit__
[Fri May 22 19:18:06.594837 2026] [wsgi:error] [pid 11:tid 139985370023616] [remote 10.0.0.210:52184] 2026-05-22 19:18:06.576 11 ERROR keystone.server.flask.application raise exc_value.with_traceback(exc_tb)
[Fri May 22 19:18:06.594840 2026] [wsgi:error] [pid 11:tid 139985370023616] [remote 10.0.0.210:52184] 2026-05-22 19:18:06.576 11 ERROR keystone.server.flask.application
File "/var/lib/openstack/lib/python3.12/site-packages/sqlalchemy/orm/session.py", line 4427, in _flush
[Fri May 22 19:18:06.594844 2026] [wsgi:error] [pid 11:tid 139985370023616] [remote 10.0.0.210:52184] 2026-05-22 19:18:06.576 11 ERROR keystone.server.flask.application flush_context.execute()
[Fri May 22 19:18:06.594848 2026] [wsgi:error] [pid 11:tid 139985370023616] [remote 10.0.0.210:52184] 2026-05-22 19:18:06.576 11 ERROR keystone.server.flask.application
File "/var/lib/openstack/lib/python3.12/site-packages/sqlalchemy/orm/unitofwork.py", line 466, in execute
