File "/var/lib/openstack/lib/python3.12/site-packages/oslo_utils/excutils.py", line 200, in force_reraise
2026-08-20 02:27:45.593 11 ERROR oslo_messaging.rpc.server raise self.value
2026-08-20 02:27:45.593 11 ERROR oslo_messaging.rpc.server
File "/var/lib/openstack/lib/python3.12/site-packages/neutron_lib/db/api.py", line 181, in wrapped
2026-08-20 02:27:45.593 11 ERROR oslo_messaging.rpc.server return f(*dup_args, **dup_kwargs)
2026-08-20 02:27:45.593 11 ERROR oslo_messaging.rpc.server ^^^^^^^^^^^^^^^^^^^^^^^^^^
2026-08-20 02:27:45.593 11 ERROR oslo_messaging.rpc.server
File "/var/lib/openstack/lib/python3.12/site-packages/neutron/plugins/ml2/plugin.py", line 1660, in create_port
2026-08-20 02:27:45.593 11 ERROR oslo_messaging.rpc.server result, mech_context = self._create_port_db(context, port)
2026-08-20 02:27:45.593 11 ERROR oslo_messaging.rpc.server ^^^^^^^^^^^^^^^^^^^^^^^^^^^^^^^^^^^
2026-08-20 02:27:45.593 11 ERROR oslo_messaging.rpc.server
File "/var/lib/openstack/lib/python3.12/site-packages/neutron/plugins/ml2/plugin.py", line 1625, in _create_port_db
2026-08-20 02:27:45.593 11 ERROR oslo_messaging.rpc.server port_db = self.create_port_db(context, port)
2026-08-20 02:27:45.593 11 ERROR oslo_messaging.rpc.server ^^^^^^^^^^^^^^^^^^^^^^^^^^^^^^^^^^
2026-08-20 02:27:45.593 11 ERROR oslo_messaging.rpc.server
File "/var/lib/openstack/lib/python3.12/site-packages/neutron/db/db_base_plugin_v2.py", line 1585, in create_port_db
2026-08-20 02:27:45.593 11 ERROR oslo_messaging.rpc.server self.ipam.allocate_ips_for_port_and_store(
2026-08-20 02:27:45.593 11 ERROR oslo_messaging.rpc.server
File "/var/lib/openstack/lib/python3.12/site-packages/neutron/db/ipam_pluggable_backend.py", line 219, in allocate_ips_for_port_and_store
2026-08-20 02:27:45.593 11 ERROR oslo_messaging.rpc.server ips = self.allocate_ips_for_port(context, port_copy)
2026-08-20 02:27:45.593 11 ERROR oslo_messaging.rpc.server ^^^^^^^^^^^^^^^^^^^^^^^^^^^^^^^^^^^^^^^^^^^^^^
2026-08-20 02:27:45.593 11 ERROR oslo_messaging.rpc.server
File "/var/lib/openstack/lib/python3.12/site-packages/neutron_lib/db/api.py", line 221, in wrapped
2026-08-20 02:27:45.593 11 ERROR oslo_messaging.rpc.server return f(*args, **kwargs)
2026-08-20 02:27:45.593 11 ERROR oslo_messaging.rpc.server ^^^^^^^^^^^^^^^^^^
2026-08-20 02:27:45.593 11 ERROR oslo_messaging.rpc.server
File "/var/lib/openstack/lib/python3.12/site-packages/oslo_db/sqlalchemy/enginefacade.py", line 1183, in wrapper
2026-08-20 02:27:45.593 11 ERROR oslo_messaging.rpc.server return fn(*args, **kwargs)
2026-08-20 02:27:45.593 11 ERROR oslo_messaging.rpc.server ^^^^^^^^^^^^^^^^^^^
2026-08-20 02:27:45.593 11 ERROR oslo_messaging.rpc.server
File "/var/lib/openstack/lib/python3.12/site-packages/neutron/db/ipam_pluggable_backend.py", line 226, in allocate_ips_for_port
2026-08-20 02:27:45.593 11 ERROR oslo_messaging.rpc.server return self._allocate_ips_for_port(context, port)
2026-08-20 02:27:45.593 11 ERROR oslo_messaging.rpc.server ^^^^^^^^^^^^^^^^^^^^^^^^^^^^^^^^^^^^^^^^^^
2026-08-20 02:27:45.593 11 ERROR oslo_messaging.rpc.server
File "/var/lib/openstack/lib/python3.12/site-packages/neutron/db/ipam_pluggable_backend.py", line 258, in _allocate_ips_for_port
2026-08-20 02:27:45.593 11 ERROR oslo_messaging.rpc.server subnets = self._ipam_get_subnets(
2026-08-20 02:27:45.593 11 ERROR oslo_messaging.rpc.server ^^^^^^^^^^^^^^^^^^^^^^^
2026-08-20 02:27:45.593 11 ERROR oslo_messaging.rpc.server
File "/var/lib/openstack/lib/python3.12/site-packages/neutron/db/ipam_backend_mixin.py", line 686, in _ipam_get_subnets
2026-08-20 02:27:45.593 11 ERROR oslo_messaging.rpc.server subnet.read_lock_register(
2026-08-20 02:27:45.593 11 ERROR oslo_messaging.rpc.server
File "/var/lib/openstack/lib/python3.12/site-packages/neutron/db/models_v2.py", line 77, in read_lock_register
2026-08-20 02:27:45.593 11 ERROR oslo_messaging.rpc.server raise exception
2026-08-20 02:27:45.593 11 ERROR oslo_messaging.rpc.server neutron_lib.exceptions.SubnetInUse: Unable to complete operation on subnet 87c7a8fe-13e2-4260-bee5-d51e484631bc: This subnet is being modified by another concurrent operation.
2026-08-20 02:27:45.593 11 ERROR oslo_messaging.rpc.server
2026-08-20 02:27:47.262 12 INFO neutron.plugins.ml2.plugin [None req-ff949a44-7440-4d6b-b955-a2a1e9cddad7 - - - - - -] Attempt 1 to provision port a6230cfa-4b4d-47c0-b18b-4871f524f80c
2026-08-20 02:27:47.648 12 INFO neutron.plugins.ml2.plugin [None req-ff949a44-7440-4d6b-b955-a2a1e9cddad7 - - - - - -] Attempt 1 to provision port 416f9efc-60fa-4043-89f5-a3d8f551db0b
2026-08-20 02:27:47.763 12 INFO neutron.notifiers.nova [None req-ff949a44-7440-4d6b-b955-a2a1e9cddad7 - - - - - -] Nova event matching ['req-8bb82fac-6169-4e1c-a54d-60939d91a7ad'] response: {'server_uuid': '0778f1fe-bec6-4aef-9c52-d8a8bd35a072', 'name': 'network-vif-plugged', 'status': 'completed', 'tag': 'a6230cfa-4b4d-47c0-b18b-4871f524f80c', 'code': 200}
2026-08-20 02:27:48.625 11 INFO neutron.plugins.ml2.plugin [None req-ff949a44-7440-4d6b-b955-a2a1e9cddad7 - - - - - -] Attempt 1 to provision port a6230cfa-4b4d-47c0-b18b-4871f524f80c
2026-08-20 02:27:48.748 12 INFO neutron.plugins.ml2.plugin [None req-3a3e528b-6405-4829-b3e6-af55fbf7ae74 - - - - - -] Attempt 1 to provision port 8ac30d48-26c4-49c5-966a-967f3f3d8682
2026-08-20 02:27:48.797 12 INFO neutron.plugins.ml2.plugin [None req-3a3e528b-6405-4829-b3e6-af55fbf7ae74 - - - - - -] Attempt 1 to provision port 6b8b463f-867d-4a0e-bc6a-c2f92a432687
2026-08-20 02:27:48.849 11 INFO neutron.plugins.ml2.plugin [None req-ff949a44-7440-4d6b-b955-a2a1e9cddad7 - - - - - -] Attempt 1 to provision port 416f9efc-60fa-4043-89f5-a3d8f551db0b
2026-08-20 02:27:49.808 12 INFO neutron.notifiers.nova [None req-682312d6-d8e2-4c70-babb-aaf6b5a0dedd - - - - - -] Nova event matching ['req-e0b2e60e-ae6c-47f8-aea1-617a970ba99a'] response: {'server_uuid': '8ec34790-da9e-4797-892b-a10d3f0c9f67', 'name': 'network-vif-plugged', 'status': 'completed', 'tag': '416f9efc-60fa-4043-89f5-a3d8f551db0b', 'code': 200}
2026-08-20 02:27:50.861 11 INFO neutron.plugins.ml2.plugin [None req-ff949a44-7440-4d6b-b955-a2a1e9cddad7 - - - - - -] Attempt 1 to provision port 7cc244e4-2d80-4aa6-9158-49b920a63d58
2026-08-20 02:27:51.656 11 INFO neutron.notifiers.nova [None req-ff949a44-7440-4d6b-b955-a2a1e9cddad7 - - - - - -] Nova event matching ['req-3473e600-272f-402c-b7f0-13efc7967d28'] response: {'server_uuid': '0c8ef650-d433-44b8-bca9-89d9de10b149', 'name': 'network-vif-plugged', 'status': 'completed', 'tag': '7cc244e4-2d80-4aa6-9158-49b920a63d58', 'code': 200}
2026-08-20 02:27:52.551 11 INFO neutron.plugins.ml2.plugin [None req-ff949a44-7440-4d6b-b955-a2a1e9cddad7 - - - - - -] Attempt 1 to provision port 7cc244e4-2d80-4aa6-9158-49b920a63d58
2026-08-20 02:27:52.816 11 INFO neutron.plugins.ml2.plugin [None req-ff949a44-7440-4d6b-b955-a2a1e9cddad7 - - - - - -] Attempt 1 to provision port 276cc56b-40d7-4b3b-9718-619c68c72cf7
2026-08-20 02:27:54.441 11 INFO neutron.plugins.ml2.plugin [None req-ff949a44-7440-4d6b-b955-a2a1e9cddad7 - - - - - -] Attempt 1 to provision port 63dd7d95-0de5-4f61-82e3-bb3b8d08e62d
2026-08-20 02:27:54.819 11 INFO neutron.plugins.ml2.plugin [None req-ff949a44-7440-4d6b-b955-a2a1e9cddad7 - - - - - -] Attempt 1 to provision port 276cc56b-40d7-4b3b-9718-619c68c72cf7
2026-08-20 02:27:56.519 12 INFO neutron.plugins.ml2.plugin [None req-ff949a44-7440-4d6b-b955-a2a1e9cddad7 - - - - - -] Attempt 1 to provision port 63dd7d95-0de5-4f61-82e3-bb3b8d08e62d
2026-08-20 02:27:56.866 11 INFO neutron.plugins.ml2.plugin [None req-a59774cc-1447-4423-9a7c-ca29cce92e3a - - - - - -] Attempt 1 to provision port 6b8b463f-867d-4a0e-bc6a-c2f92a432687
2026-08-20 02:27:56.889 11 INFO neutron.plugins.ml2.plugin [None req-a59774cc-1447-4423-9a7c-ca29cce92e3a - - - - - -] Attempt 1 to provision port 745777bd-de56-4f7b-a98a-d3b6a6c8c2fd
2026-08-20 02:27:56.925 11 INFO neutron.plugins.ml2.plugin [None req-a59774cc-1447-4423-9a7c-ca29cce92e3a - - - - - -] Attempt 1 to provision port f93fb751-601e-47ee-adaa-c6818b38d00b
2026-08-20 02:27:56.945 11 INFO neutron.plugins.ml2.plugin [None req-a59774cc-1447-4423-9a7c-ca29cce92e3a - - - - - -] Attempt 1 to provision port 7576be8a-230b-4534-8309-5ba3e932e3a3
2026-08-20 02:27:56.963 11 INFO neutron.plugins.ml2.plugin [None req-a59774cc-1447-4423-9a7c-ca29cce92e3a - - - - - -] Attempt 1 to provision port 63dd7d95-0de5-4f61-82e3-bb3b8d08e62d
2026-08-20 02:28:02.175 12 INFO neutron.plugins.ml2.plugin [None req-e784e704-335d-40d9-9b24-7e7d746f0b1b - - - - - -] Attempt 1 to provision port 0a5cdc48-2285-425f-96c4-8aa3198c0552
2026-08-20 02:28:02.198 12 INFO neutron.plugins.ml2.plugin [None req-e784e704-335d-40d9-9b24-7e7d746f0b1b - - - - - -] Attempt 1 to provision port f93fb751-601e-47ee-adaa-c6818b38d00b
2026-08-20 02:28:02.229 12 INFO neutron.plugins.ml2.plugin [None req-e784e704-335d-40d9-9b24-7e7d746f0b1b - - - - - -] Attempt 1 to provision port 63dd7d95-0de5-4f61-82e3-bb3b8d08e62d
2026-08-20 02:28:02.288 12 INFO neutron.plugins.ml2.plugin [None req-e784e704-335d-40d9-9b24-7e7d746f0b1b - - - - - -] Attempt 1 to provision port 416f9efc-60fa-4043-89f5-a3d8f551db0b
2026-08-20 02:28:03.066 11 INFO neutron.plugins.ml2.plugin [None req-ff949a44-7440-4d6b-b955-a2a1e9cddad7 - - - - - -] Attempt 1 to provision port 99cdfd86-0c28-4e4c-bd01-46ebb9aa3989
2026-08-20 02:28:03.148 11 INFO neutron.notifiers.nova [None req-ff949a44-7440-4d6b-b955-a2a1e9cddad7 - - - - - -] Nova event matching ['req-d1178e90-2f39-4cd3-b850-81c2c0d0b9b6'] response: {'server_uuid': '0f527a58-1481-4dad-bfb5-38bf23fb9dd4', 'name': 'network-vif-plugged', 'status': 'completed', 'tag': '99cdfd86-0c28-4e4c-bd01-46ebb9aa3989', 'code': 200}
2026-08-20 02:28:04.575 11 INFO neutron.plugins.ml2.plugin [None req-ff949a44-7440-4d6b-b955-a2a1e9cddad7 - - - - - -] Attempt 1 to provision port 99cdfd86-0c28-4e4c-bd01-46ebb9aa3989
2026-08-20 02:28:05.475 11 INFO neutron.plugins.ml2.plugin [None req-c870d1ab-e1b7-423f-90d7-523b0dab109e - - - - - -] Attempt 1 to provision port f93fb751-601e-47ee-adaa-c6818b38d00b
2026-08-20 02:28:08.894 11 INFO neutron.plugins.ml2.plugin [None req-3cfd5c05-af29-4490-8549-51bbd00835fe - - - - - -] Attempt 1 to provision port f93fb751-601e-47ee-adaa-c6818b38d00b
2026-08-20 02:28:08.921 11 INFO neutron.plugins.ml2.plugin [None req-3cfd5c05-af29-4490-8549-51bbd00835fe - - - - - -] Attempt 1 to provision port 7a4f7db3-0cd1-4730-8daa-627426f7a5eb
2026-08-20 02:28:10.358 11 INFO neutron.plugins.ml2.plugin [None req-ff949a44-7440-4d6b-b955-a2a1e9cddad7 - - - - - -] Attempt 1 to provision port eb45a1b6-84fe-4112-85a7-111fd2e0d62c
2026-08-20 02:28:12.586 11 INFO neutron.plugins.ml2.plugin [None req-ff949a44-7440-4d6b-b955-a2a1e9cddad7 - - - - - -] Attempt 1 to provision port eb45a1b6-84fe-4112-85a7-111fd2e0d62c
2026-08-20 02:28:12.828 11 INFO neutron.plugins.ml2.plugin [None req-ff949a44-7440-4d6b-b955-a2a1e9cddad7 - - - - - -] Attempt 1 to provision port 7964c62a-3238-4094-9dda-7477fc6c5034
2026-08-20 02:28:14.414 11 INFO neutron.plugins.ml2.plugin [None req-ff949a44-7440-4d6b-b955-a2a1e9cddad7 - - - - - -] Attempt 1 to provision port d19fef34-077a-4907-80db-58ed8b5c1c52
2026-08-20 02:28:14.492 12 INFO neutron.plugins.ml2.plugin [None req-2e9d0758-1b2f-4f0c-97cc-2e8bcd680abf - - - - - -] Attempt 1 to provision port 7964c62a-3238-4094-9dda-7477fc6c5034
2026-08-20 02:28:14.778 12 INFO neutron.plugins.ml2.plugin [None req-2e9d0758-1b2f-4f0c-97cc-2e8bcd680abf - - - - - -] Attempt 1 to provision port dbf7f0c7-55fd-4ade-b1aa-7b380e97ad2b
2026-08-20 02:28:14.839 11 INFO neutron.plugins.ml2.plugin [None req-ff949a44-7440-4d6b-b955-a2a1e9cddad7 - - - - - -] Attempt 1 to provision port 7964c62a-3238-4094-9dda-7477fc6c5034
2026-08-20 02:28:16.610 12 INFO neutron.plugins.ml2.plugin [None req-ff949a44-7440-4d6b-b955-a2a1e9cddad7 - - - - - -] Attempt 1 to provision port d19fef34-077a-4907-80db-58ed8b5c1c52
2026-08-20 02:28:18.639 12 INFO neutron.plugins.ml2.plugin [None req-ff949a44-7440-4d6b-b955-a2a1e9cddad7 - - - - - -] Attempt 1 to provision port 9e5b8eeb-71cc-40bb-bdb6-aa9915feb094
2026-08-20 02:28:18.986 12 INFO neutron.plugins.ml2.plugin [None req-ff949a44-7440-4d6b-b955-a2a1e9cddad7 - - - - - -] Attempt 1 to provision port 6b8b463f-867d-4a0e-bc6a-c2f92a432687
2026-08-20 02:28:19.231 12 INFO neutron.plugins.ml2.plugin [None req-ff949a44-7440-4d6b-b955-a2a1e9cddad7 - - - - - -] Attempt 1 to provision port e09c7b80-6632-4f49-a9f5-10282a80581e
2026-08-20 02:28:19.847 12 INFO neutron.plugins.ml2.plugin [None req-ea841ac9-0cc0-4741-bb47-212675395d1a - - - - - -] Attempt 1 to provision port 9e5b8eeb-71cc-40bb-bdb6-aa9915feb094
2026-08-20 02:28:19.894 12 INFO neutron.plugins.ml2.plugin [None req-ea841ac9-0cc0-4741-bb47-212675395d1a - - - - - -] Attempt 1 to provision port 1f9cd470-c3a7-44d4-86fb-9b504c0062c2
2026-08-20 02:28:20.516 12 INFO neutron.plugins.ml2.plugin [None req-ff949a44-7440-4d6b-b955-a2a1e9cddad7 - - - - - -] Attempt 1 to provision port 6b8b463f-867d-4a0e-bc6a-c2f92a432687
2026-08-20 02:28:20.723 12 INFO neutron.plugins.ml2.plugin [None req-24a448cd-5a46-4cb7-b57a-ab542aab8204 - - - - - -] Attempt 1 to provision port e09c7b80-6632-4f49-a9f5-10282a80581e
2026-08-20 02:28:20.907 12 INFO neutron.plugins.ml2.plugin [None req-24a448cd-5a46-4cb7-b57a-ab542aab8204 - - - - - -] Attempt 1 to provision port 9e5b8eeb-71cc-40bb-bdb6-aa9915feb094
2026-08-20 02:28:23.498 11 INFO neutron.plugins.ml2.plugin [None req-ff949a44-7440-4d6b-b955-a2a1e9cddad7 - - - - - -] Attempt 1 to provision port 7a0621da-1a4a-473f-9b15-0b72dbd1dd57
2026-08-20 02:28:23.616 11 INFO neutron.notifiers.nova [None req-ff949a44-7440-4d6b-b955-a2a1e9cddad7 - - - - - -] Nova event matching ['req-bad6a57f-b6ec-4403-b697-2e1e960d4d59'] response: {'server_uuid': 'dff0d2cb-01f0-44e3-8b3a-7dae2106ab2f', 'name': 'network-vif-plugged', 'status': 'completed', 'tag': '7a0621da-1a4a-473f-9b15-0b72dbd1dd57', 'code': 200}
2026-08-20 02:28:24.341 12 INFO neutron.plugins.ml2.plugin [None req-b036846a-d524-4ae0-ac21-cc5c0bb8098c - - - - - -] Attempt 1 to provision port 1f9cd470-c3a7-44d4-86fb-9b504c0062c2
2026-08-20 02:28:24.385 12 INFO neutron.plugins.ml2.plugin [None req-b036846a-d524-4ae0-ac21-cc5c0bb8098c - - - - - -] Attempt 1 to provision port 7a0621da-1a4a-473f-9b15-0b72dbd1dd57
2026-08-20 02:28:24.449 12 INFO neutron.plugins.ml2.plugin [None req-b036846a-d524-4ae0-ac21-cc5c0bb8098c - - - - - -] Attempt 1 to provision port 7964c62a-3238-4094-9dda-7477fc6c5034
2026-08-20 02:28:24.502 12 INFO neutron.plugins.ml2.plugin [None req-b036846a-d524-4ae0-ac21-cc5c0bb8098c - - - - - -] Attempt 1 to provision port 9e5b8eeb-71cc-40bb-bdb6-aa9915feb094
2026-08-20 02:28:24.560 12 INFO neutron.plugins.ml2.plugin [None req-b036846a-d524-4ae0-ac21-cc5c0bb8098c - - - - - -] Attempt 1 to provision port dbf7f0c7-55fd-4ade-b1aa-7b380e97ad2b
2026-08-20 02:28:25.284 11 INFO neutron.plugins.ml2.plugin [None req-ff949a44-7440-4d6b-b955-a2a1e9cddad7 - - - - - -] Attempt 1 to provision port b4a2c162-01a2-4370-bb0c-cebc9eb99be9
2026-08-20 02:28:25.654 11 INFO neutron.notifiers.nova [None req-ff949a44-7440-4d6b-b955-a2a1e9cddad7 - - - - - -] Nova event matching ['req-8cef91f5-b83f-4471-8216-bfcda8c9a73c'] response: {'server_uuid': 'b5033c22-48cb-4b7d-ad24-6f8dc7190511', 'name': 'network-vif-plugged', 'status': 'completed', 'tag': 'b4a2c162-01a2-4370-bb0c-cebc9eb99be9', 'code': 200}
2026-08-20 02:28:25.741 11 INFO neutron.plugins.ml2.plugin [None req-ff949a44-7440-4d6b-b955-a2a1e9cddad7 - - - - - -] Attempt 1 to provision port 7a0621da-1a4a-473f-9b15-0b72dbd1dd57
2026-08-20 02:28:26.650 12 INFO neutron.plugins.ml2.plugin [None req-ff949a44-7440-4d6b-b955-a2a1e9cddad7 - - - - - -] Attempt 1 to provision port b4a2c162-01a2-4370-bb0c-cebc9eb99be9
2026-08-20 02:28:27.026 11 INFO neutron.plugins.ml2.plugin [None req-89afc0c3-a688-48b6-8b8e-5e13995b4554 - - - - - -] Attempt 1 to provision port d281f839-c24e-4280-a65b-0e96ba00d9bd
2026-08-20 02:28:27.052 11 INFO neutron.plugins.ml2.plugin [None req-89afc0c3-a688-48b6-8b8e-5e13995b4554 - - - - - -] Attempt 1 to provision port 7a0621da-1a4a-473f-9b15-0b72dbd1dd57
2026-08-20 02:28:27.111 11 INFO neutron.plugins.ml2.plugin [None req-89afc0c3-a688-48b6-8b8e-5e13995b4554 - - - - - -] Attempt 1 to provision port b4a2c162-01a2-4370-bb0c-cebc9eb99be9
2026-08-20 02:28:30.629 12 INFO neutron.plugins.ml2.plugin [None req-7ad3b769-949c-45c3-97c2-02c7a3c94a7d - - - - - -] Attempt 1 to provision port 1f9cd470-c3a7-44d4-86fb-9b504c0062c2
2026-08-20 02:28:30.661 12 INFO neutron.plugins.ml2.plugin [None req-7ad3b769-949c-45c3-97c2-02c7a3c94a7d - - - - - -] Attempt 1 to provision port dbf7f0c7-55fd-4ade-b1aa-7b380e97ad2b
2026-08-20 02:28:30.744 11 INFO neutron.plugins.ml2.plugin [None req-ff949a44-7440-4d6b-b955-a2a1e9cddad7 - - - - - -] Attempt 1 to provision port dbf7f0c7-55fd-4ade-b1aa-7b380e97ad2b
2026-08-20 02:28:30.787 12 INFO neutron.plugins.ml2.plugin [None req-7ad3b769-949c-45c3-97c2-02c7a3c94a7d - - - - - -] Attempt 1 to provision port b84d0675-41fb-485e-8ce1-26f761e70168
2026-08-20 02:28:30.813 12 INFO neutron.plugins.ml2.plugin [None req-7ad3b769-949c-45c3-97c2-02c7a3c94a7d - - - - - -] Attempt 1 to provision port 416f9efc-60fa-4043-89f5-a3d8f551db0b
2026-08-20 02:28:30.922 11 INFO neutron.plugins.ml2.plugin [None req-ff949a44-7440-4d6b-b955-a2a1e9cddad7 - - - - - -] Attempt 1 to provision port d281f839-c24e-4280-a65b-0e96ba00d9bd
2026-08-20 02:28:32.760 12 INFO neutron.plugins.ml2.plugin [None req-ff949a44-7440-4d6b-b955-a2a1e9cddad7 - - - - - -] Attempt 1 to provision port b84d0675-41fb-485e-8ce1-26f761e70168
2026-08-20 02:28:33.026 12 INFO neutron.plugins.ml2.plugin [None req-ff949a44-7440-4d6b-b955-a2a1e9cddad7 - - - - - -] Attempt 1 to provision port dbf7f0c7-55fd-4ade-b1aa-7b380e97ad2b
2026-08-20 02:28:33.204 12 INFO neutron.plugins.ml2.plugin [None req-ff949a44-7440-4d6b-b955-a2a1e9cddad7 - - - - - -] Attempt 1 to provision port d281f839-c24e-4280-a65b-0e96ba00d9bd
2026-08-20 02:28:33.375 12 INFO neutron.plugins.ml2.plugin [None req-ff949a44-7440-4d6b-b955-a2a1e9cddad7 - - - - - -] Attempt 1 to provision port 1f9cd470-c3a7-44d4-86fb-9b504c0062c2
2026-08-20 02:28:34.048 12 INFO neutron.plugins.ml2.plugin [None req-e6cf2a39-e488-4d37-9a35-625b0f34a375 - - - - - -] Attempt 1 to provision port 1f9cd470-c3a7-44d4-86fb-9b504c0062c2
2026-08-20 02:28:34.832 12 INFO neutron.plugins.ml2.plugin [None req-ff949a44-7440-4d6b-b955-a2a1e9cddad7 - - - - - -] Attempt 1 to provision port b84d0675-41fb-485e-8ce1-26f761e70168
2026-08-20 02:28:34.968 12 INFO neutron.plugins.ml2.plugin [None req-ff949a44-7440-4d6b-b955-a2a1e9cddad7 - - - - - -] Attempt 1 to provision port 1f9cd470-c3a7-44d4-86fb-9b504c0062c2
2026-08-20 02:28:56.672 12 INFO neutron.plugins.ml2.plugin [None req-ff949a44-7440-4d6b-b955-a2a1e9cddad7 - - - - - -] Attempt 1 to provision port 8e299291-e776-4091-a46c-cfaad0a2bffe
2026-08-20 02:28:57.430 11 INFO neutron.notifiers.nova [None req-ff949a44-7440-4d6b-b955-a2a1e9cddad7 - - - - - -] Nova event matching ['req-391e7d86-14da-4bba-9c70-3ac4ca1ab928'] response: {'server_uuid': 'b5033c22-48cb-4b7d-ad24-6f8dc7190511', 'name': 'network-vif-unplugged', 'status': 'completed', 'tag': 'b4a2c162-01a2-4370-bb0c-cebc9eb99be9', 'code': 200}
2026-08-20 02:28:59.344 11 INFO neutron.plugins.ml2.plugin [None req-ff949a44-7440-4d6b-b955-a2a1e9cddad7 - - - - - -] Attempt 1 to provision port b4a2c162-01a2-4370-bb0c-cebc9eb99be9
2026-08-20 02:28:59.466 11 INFO neutron.notifiers.nova [None req-ff949a44-7440-4d6b-b955-a2a1e9cddad7 - - - - - -] Nova event matching ['req-f40812b9-4dd6-43d9-baa4-23e47db36a69'] response: {'server_uuid': 'b5033c22-48cb-4b7d-ad24-6f8dc7190511', 'name': 'network-vif-plugged', 'status': 'completed', 'tag': 'b4a2c162-01a2-4370-bb0c-cebc9eb99be9', 'code': 200}
2026-08-20 02:28:59.647 11 INFO neutron.plugins.ml2.plugin [None req-7b316847-c617-464a-9163-0c9a0ee0a0c9 - - - - - -] Attempt 1 to provision port 8e299291-e776-4091-a46c-cfaad0a2bffe
2026-08-20 02:29:00.780 12 INFO neutron.plugins.ml2.plugin [None req-ff949a44-7440-4d6b-b955-a2a1e9cddad7 - - - - - -] Attempt 1 to provision port b4a2c162-01a2-4370-bb0c-cebc9eb99be9
2026-08-20 02:29:04.862 11 INFO neutron.plugins.ml2.plugin [None req-ff949a44-7440-4d6b-b955-a2a1e9cddad7 - - - - - -] Attempt 1 to provision port e73ce164-72a3-4ffc-855b-6a69b883b1de
2026-08-20 02:29:18.665 12 INFO neutron.plugins.ml2.plugin [None req-ff949a44-7440-4d6b-b955-a2a1e9cddad7 - - - - - -] Attempt 1 to provision port 7d0aa64e-fe04-4afd-97c1-3ec7f0901940
2026-08-20 02:29:19.088 11 INFO neutron.plugins.ml2.plugin [None req-24e71ece-a179-4d41-a38c-3d2aaa7d256d - - - - - -] Attempt 1 to provision port 7d0aa64e-fe04-4afd-97c1-3ec7f0901940
2026-08-20 02:29:20.692 11 INFO neutron.plugins.ml2.plugin [None req-ff949a44-7440-4d6b-b955-a2a1e9cddad7 - - - - - -] Attempt 1 to provision port 7d0aa64e-fe04-4afd-97c1-3ec7f0901940
2026-08-20 02:29:22.731 11 INFO neutron.plugins.ml2.plugin [None req-ff949a44-7440-4d6b-b955-a2a1e9cddad7 - - - - - -] Attempt 1 to provision port 488b1d20-e1d0-4375-85ff-bdb59098a972
2026-08-20 02:29:50.711 11 INFO neutron.plugins.ml2.plugin [None req-ff949a44-7440-4d6b-b955-a2a1e9cddad7 - - - - - -] Attempt 1 to provision port eed9ea4e-9fbc-4697-906d-7930f3cfd589
2026-08-20 02:29:51.056 11 INFO neutron.plugins.ml2.plugin [None req-ff949a44-7440-4d6b-b955-a2a1e9cddad7 - - - - - -] Attempt 1 to provision port 2194b55b-cf94-4ad7-879d-5726bb0734f3
2026-08-20 02:29:52.682 12 INFO neutron.plugins.ml2.plugin [None req-ff949a44-7440-4d6b-b955-a2a1e9cddad7 - - - - - -] Attempt 1 to provision port eed9ea4e-9fbc-4697-906d-7930f3cfd589
2026-08-20 02:29:52.875 12 INFO neutron.plugins.ml2.plugin [None req-ff949a44-7440-4d6b-b955-a2a1e9cddad7 - - - - - -] Attempt 1 to provision port 2194b55b-cf94-4ad7-879d-5726bb0734f3
2026-08-20 02:29:54.331 12 INFO neutron.plugins.ml2.plugin [None req-aa641615-e799-4728-adeb-53fd2d709157 - - - - - -] Attempt 1 to provision port 2194b55b-cf94-4ad7-879d-5726bb0734f3
2026-08-20 02:29:57.055 11 INFO neutron.plugins.ml2.plugin [None req-a801182a-7d85-49cc-b117-8727f30bf300 - - - - - -] Attempt 1 to provision port 2194b55b-cf94-4ad7-879d-5726bb0734f3
2026-08-20 02:29:57.101 11 INFO neutron.plugins.ml2.plugin [None req-a801182a-7d85-49cc-b117-8727f30bf300 - - - - - -] Attempt 1 to provision port 3e2d75a2-9492-45d4-9069-2c6a27bc831b
2026-08-20 02:30:01.734 11 INFO neutron.plugins.ml2.plugin [None req-5a94a1b7-6a4b-41d0-80fb-0955ed88586f - - - - - -] Attempt 1 to provision port 7c7e8139-c4be-4333-b6ae-9eb167a1e6ad
2026-08-20 02:30:03.715 12 INFO neutron.plugins.ml2.plugin [None req-a74108bb-4028-4e11-83cd-3209e07fcb0e - - - - - -] Attempt 1 to provision port 3e2d75a2-9492-45d4-9069-2c6a27bc831b
2026-08-20 02:30:03.759 11 INFO neutron.plugins.ml2.plugin [None req-ff949a44-7440-4d6b-b955-a2a1e9cddad7 - - - - - -] Attempt 1 to provision port 913d2dd7-316e-4c03-bd99-ba0247a205af
2026-08-20 02:30:03.849 11 INFO neutron.notifiers.nova [None req-ff949a44-7440-4d6b-b955-a2a1e9cddad7 - - - - - -] Nova event matching ['req-d089118a-a698-427d-bad3-cd84e4e16258'] response: {'server_uuid': 'e556f78f-65f4-4efe-9048-0ba38ad4a133', 'name': 'network-vif-plugged', 'status': 'completed', 'tag': '913d2dd7-316e-4c03-bd99-ba0247a205af', 'code': 200}
2026-08-20 02:30:04.711 11 INFO neutron.plugins.ml2.plugin [None req-ff949a44-7440-4d6b-b955-a2a1e9cddad7 - - - - - -] Attempt 1 to provision port 913d2dd7-316e-4c03-bd99-ba0247a205af
2026-08-20 02:30:06.208 12 INFO neutron.plugins.ml2.plugin [None req-81a12bb2-ce29-41f7-8620-fbb961122df4 - - - - - -] Attempt 1 to provision port 3e2d75a2-9492-45d4-9069-2c6a27bc831b
2026-08-20 02:30:06.766 11 INFO neutron.plugins.ml2.plugin [None req-ff949a44-7440-4d6b-b955-a2a1e9cddad7 - - - - - -] Attempt 1 to provision port e4ca798e-349e-4474-a11c-49339730978f
2026-08-20 02:30:07.099 11 INFO neutron.plugins.ml2.plugin [None req-ff949a44-7440-4d6b-b955-a2a1e9cddad7 - - - - - -] Attempt 1 to provision port 7c7e8139-c4be-4333-b6ae-9eb167a1e6ad
2026-08-20 02:30:07.381 11 INFO neutron.plugins.ml2.plugin [None req-ff949a44-7440-4d6b-b955-a2a1e9cddad7 - - - - - -] Attempt 1 to provision port 3e2d75a2-9492-45d4-9069-2c6a27bc831b
2026-08-20 02:30:08.690 12 INFO neutron.plugins.ml2.plugin [None req-ff949a44-7440-4d6b-b955-a2a1e9cddad7 - - - - - -] Attempt 1 to provision port e4ca798e-349e-4474-a11c-49339730978f
2026-08-20 02:30:08.893 12 INFO neutron.plugins.ml2.plugin [None req-ff949a44-7440-4d6b-b955-a2a1e9cddad7 - - - - - -] Attempt 1 to provision port 7c7e8139-c4be-4333-b6ae-9eb167a1e6ad
2026-08-20 02:30:10.750 12 INFO neutron.plugins.ml2.plugin [None req-ff949a44-7440-4d6b-b955-a2a1e9cddad7 - - - - - -] Attempt 1 to provision port 948c546a-7e6e-4464-b5b3-6070ee19a54d
2026-08-20 02:30:10.801 11 INFO neutron.plugins.ml2.plugin [None req-52334ac4-6d30-426b-95a7-90061ec42673 - - - - - -] Attempt 1 to provision port 6dccce06-e80a-4d05-a59e-3294085206c0
2026-08-20 02:30:10.827 11 INFO neutron.plugins.ml2.plugin [None req-52334ac4-6d30-426b-95a7-90061ec42673 - - - - - -] Attempt 1 to provision port 948c546a-7e6e-4464-b5b3-6070ee19a54d
2026-08-20 02:30:10.872 11 INFO neutron.plugins.ml2.plugin [None req-52334ac4-6d30-426b-95a7-90061ec42673 - - - - - -] Attempt 1 to provision port 76edb66d-1c29-4ca6-8223-42e578e491c9
2026-08-20 02:30:12.733 12 INFO neutron.plugins.ml2.plugin [None req-ff949a44-7440-4d6b-b955-a2a1e9cddad7 - - - - - -] Attempt 1 to provision port 948c546a-7e6e-4464-b5b3-6070ee19a54d
2026-08-20 02:30:13.299 11 INFO neutron.plugins.ml2.plugin [None req-2073eeed-0da3-44e6-889d-b944e5d43ac3 - - - - - -] Attempt 1 to provision port 6dccce06-e80a-4d05-a59e-3294085206c0
2026-08-20 02:30:13.318 11 INFO neutron.plugins.ml2.plugin [None req-2073eeed-0da3-44e6-889d-b944e5d43ac3 - - - - - -] Attempt 1 to provision port 948c546a-7e6e-4464-b5b3-6070ee19a54d
2026-08-20 02:30:15.225 11 INFO neutron.plugins.ml2.plugin [None req-dd382fe7-c1b3-48b3-975f-fc93f574054a - - - - - -] Attempt 1 to provision port 6dccce06-e80a-4d05-a59e-3294085206c0
2026-08-20 02:30:17.258 12 INFO neutron.plugins.ml2.plugin [None req-1900f0bf-6dc1-4434-b107-0ff920b62366 - - - - - -] Attempt 1 to provision port 6dccce06-e80a-4d05-a59e-3294085206c0
2026-08-20 02:30:19.462 11 INFO neutron.plugins.ml2.plugin [None req-ff949a44-7440-4d6b-b955-a2a1e9cddad7 - - - - - -] Attempt 1 to provision port 34899b79-eefd-41eb-a2ee-d7507b92e11d
2026-08-20 02:30:19.583 11 INFO neutron.notifiers.nova [None req-ff949a44-7440-4d6b-b955-a2a1e9cddad7 - - - - - -] Nova event matching ['req-160d102f-0d7e-486e-bb63-ca73bb1833f3'] response: {'server_uuid': 'a0e4f423-8313-4bf8-81ff-bd27a0b41a37', 'name': 'network-vif-plugged', 'status': 'completed', 'tag': '34899b79-eefd-41eb-a2ee-d7507b92e11d', 'code': 200}
2026-08-20 02:30:20.714 11 INFO neutron.plugins.ml2.plugin [None req-ff949a44-7440-4d6b-b955-a2a1e9cddad7 - - - - - -] Attempt 1 to provision port 34899b79-eefd-41eb-a2ee-d7507b92e11d
2026-08-20 02:30:22.727 11 INFO neutron.plugins.ml2.plugin [None req-ff949a44-7440-4d6b-b955-a2a1e9cddad7 - - - - - -] Attempt 1 to provision port 6dccce06-e80a-4d05-a59e-3294085206c0
2026-08-20 02:30:24.781 12 INFO neutron.plugins.ml2.plugin [None req-ff949a44-7440-4d6b-b955-a2a1e9cddad7 - - - - - -] Attempt 1 to provision port 76edb66d-1c29-4ca6-8223-42e578e491c9
2026-08-20 02:30:25.012 12 INFO neutron.plugins.ml2.plugin [None req-ff949a44-7440-4d6b-b955-a2a1e9cddad7 - - - - - -] Attempt 1 to provision port 6dccce06-e80a-4d05-a59e-3294085206c0
2026-08-20 02:30:26.715 11 INFO neutron.plugins.ml2.plugin [None req-ff949a44-7440-4d6b-b955-a2a1e9cddad7 - - - - - -] Attempt 1 to provision port 76edb66d-1c29-4ca6-8223-42e578e491c9
2026-08-20 02:30:46.761 12 INFO neutron.plugins.ml2.plugin [None req-ff949a44-7440-4d6b-b955-a2a1e9cddad7 - - - - - -] Attempt 1 to provision port df5c47f9-1731-4b2b-b21a-5a884a8791d3
2026-08-20 02:30:47.017 11 INFO neutron.plugins.ml2.plugin [None req-012cd90b-cd3b-4954-8cf3-b6d5ba0c21f2 - - - - - -] Attempt 1 to provision port df5c47f9-1731-4b2b-b21a-5a884a8791d3
2026-08-20 02:30:48.799 11 INFO neutron.plugins.ml2.plugin [None req-ff949a44-7440-4d6b-b955-a2a1e9cddad7 - - - - - -] Attempt 1 to provision port df5c47f9-1731-4b2b-b21a-5a884a8791d3
2026-08-20 02:30:48.990 11 INFO neutron.plugins.ml2.plugin [None req-ff949a44-7440-4d6b-b955-a2a1e9cddad7 - - - - - -] Attempt 1 to provision port f401c2a4-c8ec-4ee4-8e52-1a3f0ac6f7d5
2026-08-20 02:30:50.002 11 INFO neutron.plugins.ml2.plugin [None req-93dd2ebf-5793-40a8-8936-482805a1ebf5 - - - - - -] Attempt 1 to provision port df5c47f9-1731-4b2b-b21a-5a884a8791d3
2026-08-20 02:30:50.055 11 INFO neutron.plugins.ml2.plugin [None req-93dd2ebf-5793-40a8-8936-482805a1ebf5 - - - - - -] Attempt 1 to provision port 0a3e324f-94af-4256-81dc-375c37ab44c0
2026-08-20 02:30:50.079 11 INFO neutron.plugins.ml2.plugin [None req-93dd2ebf-5793-40a8-8936-482805a1ebf5 - - - - - -] Attempt 1 to provision port 570b17cd-93c8-41ea-b37e-826d11e1d2e4
2026-08-20 02:30:50.715 11 INFO neutron.plugins.ml2.plugin [None req-ff949a44-7440-4d6b-b955-a2a1e9cddad7 - - - - - -] Attempt 1 to provision port f401c2a4-c8ec-4ee4-8e52-1a3f0ac6f7d5
2026-08-20 02:30:52.929 12 INFO neutron.plugins.ml2.plugin [None req-ff949a44-7440-4d6b-b955-a2a1e9cddad7 - - - - - -] Attempt 1 to provision port 0411e502-34c3-4fef-80ca-2097fc11dd42
2026-08-20 02:30:53.247 12 INFO neutron.plugins.ml2.plugin [None req-ff949a44-7440-4d6b-b955-a2a1e9cddad7 - - - - - -] Attempt 1 to provision port 54774ac3-0270-4341-a50b-f38a7e58f44c
2026-08-20 02:30:54.825 12 INFO neutron.plugins.ml2.plugin [None req-ff949a44-7440-4d6b-b955-a2a1e9cddad7 - - - - - -] Attempt 1 to provision port 0411e502-34c3-4fef-80ca-2097fc11dd42
2026-08-20 02:30:55.050 12 INFO neutron.plugins.ml2.plugin [None req-ff949a44-7440-4d6b-b955-a2a1e9cddad7 - - - - - -] Attempt 1 to provision port 54774ac3-0270-4341-a50b-f38a7e58f44c
2026-08-20 02:30:55.728 12 INFO neutron.plugins.ml2.plugin [None req-2bf993ac-5a13-40a6-820d-5387bdb37055 - - - - - -] Attempt 1 to provision port 0411e502-34c3-4fef-80ca-2097fc11dd42
2026-08-20 02:30:55.800 12 INFO neutron.plugins.ml2.plugin [None req-2bf993ac-5a13-40a6-820d-5387bdb37055 - - - - - -] Attempt 1 to provision port 8cb5edcf-0a74-4834-825e-61cc0e8a805d
2026-08-20 02:30:55.841 12 INFO neutron.plugins.ml2.plugin [None req-2bf993ac-5a13-40a6-820d-5387bdb37055 - - - - - -] Attempt 1 to provision port 0a3e324f-94af-4256-81dc-375c37ab44c0
2026-08-20 02:30:57.270 12 INFO neutron.plugins.ml2.plugin [None req-ff949a44-7440-4d6b-b955-a2a1e9cddad7 - - - - - -] Attempt 1 to provision port ff9b9e50-f07f-4f22-971a-29f0dd10250b
2026-08-20 02:30:57.371 12 INFO neutron.notifiers.nova [None req-ff949a44-7440-4d6b-b955-a2a1e9cddad7 - - - - - -] Nova event matching ['req-2323e7fc-b5e5-457e-be3f-bdf696c2bede'] response: {'server_uuid': '955dea55-6885-4822-a258-55e8571a9fc1', 'name': 'network-vif-plugged', 'status': 'completed', 'tag': 'ff9b9e50-f07f-4f22-971a-29f0dd10250b', 'code': 200}
2026-08-20 02:30:58.788 12 INFO neutron.plugins.ml2.plugin [None req-ff949a44-7440-4d6b-b955-a2a1e9cddad7 - - - - - -] Attempt 1 to provision port ff9b9e50-f07f-4f22-971a-29f0dd10250b
2026-08-20 02:30:59.437 11 INFO neutron.plugins.ml2.plugin [None req-3e15fe72-99a3-4ba9-91a5-4bda31bfe432 - - - - - -] Attempt 1 to provision port ff9b9e50-f07f-4f22-971a-29f0dd10250b
2026-08-20 02:30:59.488 11 INFO neutron.plugins.ml2.plugin [None req-3e15fe72-99a3-4ba9-91a5-4bda31bfe432 - - - - - -] Attempt 1 to provision port 0411e502-34c3-4fef-80ca-2097fc11dd42
2026-08-20 02:30:59.555 11 INFO neutron.plugins.ml2.plugin [None req-3e15fe72-99a3-4ba9-91a5-4bda31bfe432 - - - - - -] Attempt 1 to provision port 0a3e324f-94af-4256-81dc-375c37ab44c0
2026-08-20 02:30:59.577 11 INFO neutron.plugins.ml2.plugin [None req-3e15fe72-99a3-4ba9-91a5-4bda31bfe432 - - - - - -] Attempt 1 to provision port 5d807d3e-6366-41c2-91f1-0c1f3104287a
2026-08-20 02:31:00.681 11 INFO neutron.plugins.ml2.plugin [None req-20ca9776-074a-4008-b593-4230a4de829b - - - - - -] Attempt 1 to provision port 5d807d3e-6366-41c2-91f1-0c1f3104287a
2026-08-20 02:31:02.650 12 INFO neutron.plugins.ml2.plugin [None req-a041050c-03ac-478b-a374-6079ad5dd5ea - - - - - -] Attempt 1 to provision port 5d807d3e-6366-41c2-91f1-0c1f3104287a
2026-08-20 02:31:05.791 11 INFO neutron.plugins.ml2.plugin [None req-ff949a44-7440-4d6b-b955-a2a1e9cddad7 - - - - - -] Attempt 1 to provision port cd5deb23-c4bf-49b9-981b-1d3cf35aa816
2026-08-20 02:31:05.887 11 INFO neutron.notifiers.nova [None req-ff949a44-7440-4d6b-b955-a2a1e9cddad7 - - - - - -] Nova event matching ['req-05053bf1-08e8-4cfc-a5fb-dec5b2319f3e'] response: {'server_uuid': '7d931f4c-131e-4c9e-a05a-ec25053950a2', 'name': 'network-vif-plugged', 'status': 'completed', 'tag': 'cd5deb23-c4bf-49b9-981b-1d3cf35aa816', 'code': 200}
2026-08-20 02:31:06.768 12 INFO neutron.plugins.ml2.plugin [None req-ff949a44-7440-4d6b-b955-a2a1e9cddad7 - - - - - -] Attempt 1 to provision port 570b17cd-93c8-41ea-b37e-826d11e1d2e4
2026-08-20 02:31:07.001 12 INFO neutron.plugins.ml2.plugin [None req-ff949a44-7440-4d6b-b955-a2a1e9cddad7 - - - - - -] Attempt 1 to provision port 0a3e324f-94af-4256-81dc-375c37ab44c0
2026-08-20 02:31:07.249 12 INFO neutron.plugins.ml2.plugin [None req-ff949a44-7440-4d6b-b955-a2a1e9cddad7 - - - - - -] Attempt 1 to provision port cd5deb23-c4bf-49b9-981b-1d3cf35aa816
2026-08-20 02:31:08.740 11 INFO neutron.plugins.ml2.plugin [None req-ff949a44-7440-4d6b-b955-a2a1e9cddad7 - - - - - -] Attempt 1 to provision port 570b17cd-93c8-41ea-b37e-826d11e1d2e4
2026-08-20 02:31:08.918 11 INFO neutron.plugins.ml2.plugin [None req-c733ba73-a5c6-4d98-b357-f18e06e7454b - - - - - -] Attempt 1 to provision port 0a3e324f-94af-4256-81dc-375c37ab44c0
2026-08-20 02:31:10.760 12 INFO neutron.plugins.ml2.plugin [None req-ff949a44-7440-4d6b-b955-a2a1e9cddad7 - - - - - -] Attempt 1 to provision port 5d807d3e-6366-41c2-91f1-0c1f3104287a
2026-08-20 02:31:11.005 12 INFO neutron.plugins.ml2.plugin [None req-ff949a44-7440-4d6b-b955-a2a1e9cddad7 - - - - - -] Attempt 1 to provision port 8cb5edcf-0a74-4834-825e-61cc0e8a805d
2026-08-20 02:31:12.749 11 INFO neutron.plugins.ml2.plugin [None req-ff949a44-7440-4d6b-b955-a2a1e9cddad7 - - - - - -] Attempt 1 to provision port 5d807d3e-6366-41c2-91f1-0c1f3104287a
2026-08-20 02:31:12.910 11 INFO neutron.plugins.ml2.plugin [None req-ff949a44-7440-4d6b-b955-a2a1e9cddad7 - - - - - -] Attempt 1 to provision port 8cb5edcf-0a74-4834-825e-61cc0e8a805d
2026-08-20 02:31:23.071 12 INFO neutron.notifiers.nova [None req-ff949a44-7440-4d6b-b955-a2a1e9cddad7 - - - - - -] Nova event matching ['req-4a72df29-b664-48a4-a7c2-8a0e07d035ef'] response: {'server_uuid': '955dea55-6885-4822-a258-55e8571a9fc1', 'name': 'network-vif-unplugged', 'status': 'completed', 'tag': 'ff9b9e50-f07f-4f22-971a-29f0dd10250b', 'code': 200}
2026-08-20 02:32:58.925 12 INFO neutron.plugins.ml2.plugin [None req-ff949a44-7440-4d6b-b955-a2a1e9cddad7 - - - - - -] Attempt 1 to provision port ec3e3151-46af-4eab-af6c-e407ef8cfe0c
2026-08-20 02:32:59.889 11 INFO neutron.plugins.ml2.plugin [None req-23ffe9aa-fb72-4ed5-963b-290d3d7aed17 - - - - - -] Attempt 1 to provision port ec3e3151-46af-4eab-af6c-e407ef8cfe0c
2026-08-20 02:33:00.801 11 INFO neutron.plugins.ml2.plugin [None req-ff949a44-7440-4d6b-b955-a2a1e9cddad7 - - - - - -] Attempt 1 to provision port ec3e3151-46af-4eab-af6c-e407ef8cfe0c
2026-08-20 02:33:02.822 11 INFO neutron.plugins.ml2.plugin [None req-ff949a44-7440-4d6b-b955-a2a1e9cddad7 - - - - - -] Attempt 1 to provision port 3ca9e874-f873-44f6-b393-79925ec00897
2026-08-20 02:33:03.136 11 INFO neutron.plugins.ml2.plugin [None req-ff949a44-7440-4d6b-b955-a2a1e9cddad7 - - - - - -] Attempt 1 to provision port 2e76c514-493d-49fd-9883-31e079dba334
2026-08-20 02:33:04.805 12 INFO neutron.plugins.ml2.plugin [None req-ff949a44-7440-4d6b-b955-a2a1e9cddad7 - - - - - -] Attempt 1 to provision port 3ca9e874-f873-44f6-b393-79925ec00897
2026-08-20 02:33:04.953 12 INFO neutron.plugins.ml2.plugin [None req-ff949a44-7440-4d6b-b955-a2a1e9cddad7 - - - - - -] Attempt 1 to provision port 2e76c514-493d-49fd-9883-31e079dba334
2026-08-20 02:33:06.923 11 INFO neutron.plugins.ml2.plugin [None req-ff949a44-7440-4d6b-b955-a2a1e9cddad7 - - - - - -] Attempt 1 to provision port ec3d4bf8-1125-4d9b-a1e5-55cb7f5ef946
2026-08-20 02:33:08.931 12 INFO neutron.plugins.ml2.plugin [None req-ff949a44-7440-4d6b-b955-a2a1e9cddad7 - - - - - -] Attempt 1 to provision port ec3d4bf8-1125-4d9b-a1e5-55cb7f5ef946
2026-08-20 02:33:10.849 11 INFO neutron.plugins.ml2.plugin [None req-ff949a44-7440-4d6b-b955-a2a1e9cddad7 - - - - - -] Attempt 1 to provision port ec3e3151-46af-4eab-af6c-e407ef8cfe0c
2026-08-20 02:33:11.999 11 INFO neutron.plugins.ml2.plugin [None req-777c2a9f-a102-4e69-b013-02f69da6b547 - - - - - -] Attempt 1 to provision port ec3e3151-46af-4eab-af6c-e407ef8cfe0c
2026-08-20 02:33:12.064 11 INFO neutron.plugins.ml2.plugin [None req-777c2a9f-a102-4e69-b013-02f69da6b547 - - - - - -] Attempt 1 to provision port 3553439f-c3ed-467e-8e8f-742e7e0a7488
2026-08-20 02:33:12.084 11 INFO neutron.plugins.ml2.plugin [None req-777c2a9f-a102-4e69-b013-02f69da6b547 - - - - - -] Attempt 1 to provision port ec3d4bf8-1125-4d9b-a1e5-55cb7f5ef946
2026-08-20 02:33:12.124 11 INFO neutron.plugins.ml2.plugin [None req-777c2a9f-a102-4e69-b013-02f69da6b547 - - - - - -] Attempt 1 to provision port d6c99004-a6e2-443c-98e0-ec9e25218bd4
2026-08-20 02:33:12.147 11 INFO neutron.plugins.ml2.plugin [None req-777c2a9f-a102-4e69-b013-02f69da6b547 - - - - - -] Attempt 1 to provision port ccb400b7-57e4-40e1-86cb-9bb278b6d585
2026-08-20 02:33:12.168 11 INFO neutron.plugins.ml2.plugin [None req-777c2a9f-a102-4e69-b013-02f69da6b547 - - - - - -] Attempt 1 to provision port 3ca9e874-f873-44f6-b393-79925ec00897
2026-08-20 02:33:17.040 11 INFO neutron.plugins.ml2.plugin [None req-a7d295cb-d8ef-4465-a66e-1f978943dd73 - - - - - -] Attempt 1 to provision port ec3e3151-46af-4eab-af6c-e407ef8cfe0c
2026-08-20 02:33:17.089 11 INFO neutron.plugins.ml2.plugin [None req-a7d295cb-d8ef-4465-a66e-1f978943dd73 - - - - - -] Attempt 1 to provision port bc73c051-5b23-4af2-bcdd-96714d0dfd8d
2026-08-20 02:33:17.109 11 INFO neutron.plugins.ml2.plugin [None req-a7d295cb-d8ef-4465-a66e-1f978943dd73 - - - - - -] Attempt 1 to provision port ec3d4bf8-1125-4d9b-a1e5-55cb7f5ef946
2026-08-20 02:33:17.164 11 INFO neutron.plugins.ml2.plugin [None req-46ba9ce5-3fe9-431c-a6f4-f4608acfcd98 - - - - - -] Attempt 1 to provision port d6c99004-a6e2-443c-98e0-ec9e25218bd4
2026-08-20 02:33:17.185 11 INFO neutron.plugins.ml2.plugin [None req-46ba9ce5-3fe9-431c-a6f4-f4608acfcd98 - - - - - -] Attempt 1 to provision port ccb400b7-57e4-40e1-86cb-9bb278b6d585
2026-08-20 02:33:17.205 11 INFO neutron.plugins.ml2.plugin [None req-46ba9ce5-3fe9-431c-a6f4-f4608acfcd98 - - - - - -] Attempt 1 to provision port 3ca9e874-f873-44f6-b393-79925ec00897
2026-08-20 02:33:19.443 11 INFO neutron.plugins.ml2.plugin [None req-ff949a44-7440-4d6b-b955-a2a1e9cddad7 - - - - - -] Attempt 1 to provision port e28f8b2b-9a5b-4fed-a3ca-ad50f8d50803
2026-08-20 02:33:19.606 11 INFO neutron.notifiers.nova [None req-140358d3-5345-4d2d-8e66-cd7798010092 - - - - - -] Nova event matching ['req-ff7b0b0e-12b5-47e5-9c28-dc5022b53b0b'] response: {'server_uuid': 'cd0a319b-71a6-489b-ad83-fc59d49b1fbd', 'name': 'network-vif-plugged', 'status': 'completed', 'tag': 'e28f8b2b-9a5b-4fed-a3ca-ad50f8d50803', 'code': 200}
2026-08-20 02:33:19.866 11 INFO neutron.plugins.ml2.plugin [None req-ff949a44-7440-4d6b-b955-a2a1e9cddad7 - - - - - -] Attempt 1 to provision port 3553439f-c3ed-467e-8e8f-742e7e0a7488
2026-08-20 02:33:20.897 11 INFO neutron.plugins.ml2.plugin [None req-ff949a44-7440-4d6b-b955-a2a1e9cddad7 - - - - - -] Attempt 1 to provision port bc73c051-5b23-4af2-bcdd-96714d0dfd8d
2026-08-20 02:33:21.113 12 INFO neutron.plugins.ml2.plugin [None req-dfe625b5-900c-447a-827c-8e1e315f72b8 - - - - - -] Attempt 1 to provision port bc73c051-5b23-4af2-bcdd-96714d0dfd8d
2026-08-20 02:33:21.186 12 INFO neutron.plugins.ml2.plugin [None req-dfe625b5-900c-447a-827c-8e1e315f72b8 - - - - - -] Attempt 1 to provision port ec3d4bf8-1125-4d9b-a1e5-55cb7f5ef946
2026-08-20 02:33:21.209 11 INFO neutron.plugins.ml2.plugin [None req-ff949a44-7440-4d6b-b955-a2a1e9cddad7 - - - - - -] Attempt 1 to provision port e28f8b2b-9a5b-4fed-a3ca-ad50f8d50803
2026-08-20 02:33:21.235 12 INFO neutron.plugins.ml2.plugin [None req-dfe625b5-900c-447a-827c-8e1e315f72b8 - - - - - -] Attempt 1 to provision port e28f8b2b-9a5b-4fed-a3ca-ad50f8d50803
2026-08-20 02:33:21.284 12 INFO neutron.plugins.ml2.plugin [None req-dfe625b5-900c-447a-827c-8e1e315f72b8 - - - - - -] Attempt 1 to provision port d6c99004-a6e2-443c-98e0-ec9e25218bd4
2026-08-20 02:33:21.377 11 INFO neutron.plugins.ml2.plugin [None req-ff949a44-7440-4d6b-b955-a2a1e9cddad7 - - - - - -] Attempt 1 to provision port d6c99004-a6e2-443c-98e0-ec9e25218bd4
2026-08-20 02:33:21.404 12 INFO neutron.plugins.ml2.plugin [None req-dfe625b5-900c-447a-827c-8e1e315f72b8 - - - - - -] Attempt 1 to provision port ccb400b7-57e4-40e1-86cb-9bb278b6d585
2026-08-20 02:33:21.524 12 INFO neutron.plugins.ml2.plugin [None req-dfe625b5-900c-447a-827c-8e1e315f72b8 - - - - - -] Attempt 1 to provision port 3ca9e874-f873-44f6-b393-79925ec00897
2026-08-20 02:33:21.590 11 INFO neutron.plugins.ml2.plugin [None req-ff949a44-7440-4d6b-b955-a2a1e9cddad7 - - - - - -] Attempt 1 to provision port ccb400b7-57e4-40e1-86cb-9bb278b6d585
2026-08-20 02:33:21.835 11 INFO neutron.plugins.ml2.plugin [None req-e88d7d5c-f774-4627-a771-c9f189ebdae2 - - - - - -] Attempt 1 to provision port 3553439f-c3ed-467e-8e8f-742e7e0a7488
2026-08-20 02:33:22.844 11 INFO neutron.plugins.ml2.plugin [None req-ff949a44-7440-4d6b-b955-a2a1e9cddad7 - - - - - -] Attempt 1 to provision port ccb400b7-57e4-40e1-86cb-9bb278b6d585
2026-08-20 02:33:23.019 11 INFO neutron.plugins.ml2.plugin [None req-ff949a44-7440-4d6b-b955-a2a1e9cddad7 - - - - - -] Attempt 1 to provision port bc73c051-5b23-4af2-bcdd-96714d0dfd8d
2026-08-20 02:33:23.231 11 INFO neutron.plugins.ml2.plugin [None req-ff949a44-7440-4d6b-b955-a2a1e9cddad7 - - - - - -] Attempt 1 to provision port d6c99004-a6e2-443c-98e0-ec9e25218bd4
2026-08-20 02:33:24.145 11 INFO neutron.plugins.ml2.plugin [None req-cccaeddb-4f7a-4104-b197-3fda8ee65fc6 - - - - - -] Attempt 1 to provision port d6c99004-a6e2-443c-98e0-ec9e25218bd4
2026-08-20 02:33:24.190 11 INFO neutron.plugins.ml2.plugin [None req-cccaeddb-4f7a-4104-b197-3fda8ee65fc6 - - - - - -] Attempt 1 to provision port bc73c051-5b23-4af2-bcdd-96714d0dfd8d
2026-08-20 02:33:24.235 11 INFO neutron.plugins.ml2.plugin [None req-cccaeddb-4f7a-4104-b197-3fda8ee65fc6 - - - - - -] Attempt 1 to provision port ccb400b7-57e4-40e1-86cb-9bb278b6d585
2026-08-20 02:33:26.400 12 INFO neutron.plugins.ml2.plugin [None req-a1f5ba14-8730-4e0b-8ea3-c56a2ffd175c - - - - - -] Attempt 1 to provision port bc73c051-5b23-4af2-bcdd-96714d0dfd8d
2026-08-20 02:33:26.443 12 INFO neutron.plugins.ml2.plugin [None req-a1f5ba14-8730-4e0b-8ea3-c56a2ffd175c - - - - - -] Attempt 1 to provision port ccb400b7-57e4-40e1-86cb-9bb278b6d585
2026-08-20 02:33:27.738 12 INFO neutron.plugins.ml2.plugin [None req-9000cd73-646b-4eac-bae7-8a759d39c9d0 - - - - - -] Attempt 1 to provision port e28f8b2b-9a5b-4fed-a3ca-ad50f8d50803
2026-08-20 02:33:34.868 11 INFO neutron.plugins.ml2.plugin [None req-ff949a44-7440-4d6b-b955-a2a1e9cddad7 - - - - - -] Attempt 1 to provision port 64b9b2e9-5270-4990-a0cd-a4ca66e0b11b
2026-08-20 02:33:34.969 11 INFO neutron.notifiers.nova [None req-ff949a44-7440-4d6b-b955-a2a1e9cddad7 - - - - - -] Nova event matching ['req-1bb9df3e-7860-4448-881d-13d0ab71cbc1'] response: {'server_uuid': 'd6352a7e-df5a-44c6-b845-bf369accc411', 'name': 'network-vif-plugged', 'status': 'completed', 'tag': '64b9b2e9-5270-4990-a0cd-a4ca66e0b11b', 'code': 200}
2026-08-20 02:33:36.839 12 INFO neutron.plugins.ml2.plugin [None req-ff949a44-7440-4d6b-b955-a2a1e9cddad7 - - - - - -] Attempt 1 to provision port 64b9b2e9-5270-4990-a0cd-a4ca66e0b11b
2026-08-20 02:34:02.490 12 INFO neutron.plugins.ml2.plugin [None req-78151f87-7823-4e22-a353-d51f3743b965 - - - - - -] Attempt 1 to provision port 914e0e69-54f8-4e72-98e0-afd4d71ca2c4
2026-08-20 02:34:27.429 12 INFO neutron.plugins.ml2.plugin [None req-ff949a44-7440-4d6b-b955-a2a1e9cddad7 - - - - - -] Attempt 1 to provision port 2d51256a-1adb-4517-9168-b40fcab83ca0
2026-08-20 02:34:27.574 12 INFO neutron.notifiers.nova [None req-ff949a44-7440-4d6b-b955-a2a1e9cddad7 - - - - - -] Nova event matching ['req-ff02bbf6-3453-46dd-8a55-92539abde5c5'] response: {'server_uuid': '5e676aab-9bf0-4256-924e-2b1600d9fe2d', 'name': 'network-vif-plugged', 'status': 'completed', 'tag': '2d51256a-1adb-4517-9168-b40fcab83ca0', 'code': 200}
2026-08-20 02:34:28.889 11 INFO neutron.plugins.ml2.plugin [None req-ff949a44-7440-4d6b-b955-a2a1e9cddad7 - - - - - -] Attempt 1 to provision port 2d51256a-1adb-4517-9168-b40fcab83ca0
2026-08-20 02:35:06.846 11 INFO neutron.plugins.ml2.plugin [None req-15c356a9-1153-4a0d-a67a-b59295d1da0c - - - - - -] Attempt 1 to provision port d5018f4f-afc5-4cff-af40-20bf04588129
2026-08-20 02:35:12.937 12 INFO neutron.plugins.ml2.plugin [None req-ff949a44-7440-4d6b-b955-a2a1e9cddad7 - - - - - -] Attempt 1 to provision port d5018f4f-afc5-4cff-af40-20bf04588129
2026-08-20 02:35:13.043 12 INFO neutron.notifiers.nova [None req-ff949a44-7440-4d6b-b955-a2a1e9cddad7 - - - - - -] Nova event matching ['req-47d455e1-f796-47d5-a697-9c4fd571c76b'] response: {'server_uuid': '5e676aab-9bf0-4256-924e-2b1600d9fe2d', 'name': 'network-vif-plugged', 'status': 'completed', 'tag': 'd5018f4f-afc5-4cff-af40-20bf04588129', 'code': 200}
2026-08-20 02:35:14.917 11 INFO neutron.plugins.ml2.plugin [None req-ff949a44-7440-4d6b-b955-a2a1e9cddad7 - - - - - -] Attempt 1 to provision port d5018f4f-afc5-4cff-af40-20bf04588129
2026-08-20 02:35:17.424 11 INFO neutron.plugins.ml2.plugin [None req-ff949a44-7440-4d6b-b955-a2a1e9cddad7 - - - - - -] Attempt 1 to provision port d5018f4f-afc5-4cff-af40-20bf04588129
2026-08-20 02:35:38.762 11 INFO neutron.plugins.ml2.plugin [None req-7b4e983f-2a21-40f9-935e-fa504ec388b0 - - - - - -] Attempt 1 to provision port 12cf32e0-2f5a-4064-b875-64e6b6806cf1
2026-08-20 02:35:46.508 11 INFO neutron.plugins.ml2.plugin [None req-ff949a44-7440-4d6b-b955-a2a1e9cddad7 - - - - - -] Attempt 1 to provision port 12cf32e0-2f5a-4064-b875-64e6b6806cf1
2026-08-20 02:35:46.633 11 INFO neutron.notifiers.nova [None req-ff949a44-7440-4d6b-b955-a2a1e9cddad7 - - - - - -] Nova event matching ['req-58d6439d-2fe7-40cb-a087-35ec817cb5be'] response: {'server_uuid': '5e676aab-9bf0-4256-924e-2b1600d9fe2d', 'name': 'network-vif-plugged', 'status': 'completed', 'tag': '12cf32e0-2f5a-4064-b875-64e6b6806cf1', 'code': 200}
2026-08-20 02:35:47.092 12 INFO neutron.plugins.ml2.plugin [None req-ff949a44-7440-4d6b-b955-a2a1e9cddad7 - - - - - -] Attempt 1 to provision port 12cf32e0-2f5a-4064-b875-64e6b6806cf1
2026-08-20 02:35:58.461 12 INFO neutron.plugins.ml2.plugin [None req-765e765c-c50c-4e75-ad2d-7b2b4ab78a52 - - - - - -] Attempt 1 to provision port 74c614ff-4fbe-4f7f-81ee-ff7f73a665d4
2026-08-20 02:36:05.136 11 INFO neutron.plugins.ml2.plugin [None req-ff949a44-7440-4d6b-b955-a2a1e9cddad7 - - - - - -] Attempt 1 to provision port 74c614ff-4fbe-4f7f-81ee-ff7f73a665d4
2026-08-20 02:36:05.219 11 INFO neutron.notifiers.nova [None req-ff949a44-7440-4d6b-b955-a2a1e9cddad7 - - - - - -] Nova event matching ['req-1df341d0-9cd7-4fcc-9847-d16c9463a665'] response: {'server_uuid': '5e676aab-9bf0-4256-924e-2b1600d9fe2d', 'name': 'network-vif-plugged', 'status': 'completed', 'tag': '74c614ff-4fbe-4f7f-81ee-ff7f73a665d4', 'code': 200}
2026-08-20 02:36:07.096 12 INFO neutron.plugins.ml2.plugin [None req-ff949a44-7440-4d6b-b955-a2a1e9cddad7 - - - - - -] Attempt 1 to provision port 74c614ff-4fbe-4f7f-81ee-ff7f73a665d4
2026-08-20 02:36:08.151 12 INFO neutron.plugins.ml2.plugin [None req-7a756c53-a27e-4800-89dd-c3ad2f8578af - - - - - -] Attempt 1 to provision port 12cf32e0-2f5a-4064-b875-64e6b6806cf1
2026-08-20 02:36:09.136 11 INFO neutron.plugins.ml2.plugin [None req-ff949a44-7440-4d6b-b955-a2a1e9cddad7 - - - - - -] Attempt 1 to provision port 12cf32e0-2f5a-4064-b875-64e6b6806cf1
2026-08-20 02:36:22.340 11 INFO neutron.plugins.ml2.plugin [None req-38333cb6-834f-4df2-b03c-fe8c78fb8cfc - - - - - -] Attempt 1 to provision port 74c614ff-4fbe-4f7f-81ee-ff7f73a665d4
2026-08-20 02:36:23.200 11 INFO neutron.plugins.ml2.plugin [None req-ff949a44-7440-4d6b-b955-a2a1e9cddad7 - - - - - -] Attempt 1 to provision port 74c614ff-4fbe-4f7f-81ee-ff7f73a665d4
2026-08-20 02:36:23.696 12 INFO neutron.plugins.ml2.plugin [None req-dca98b51-ccff-48f1-90b1-a4e94374a96f - - - - - -] Attempt 1 to provision port 74c614ff-4fbe-4f7f-81ee-ff7f73a665d4
2026-08-20 02:36:33.103 12 INFO neutron.plugins.ml2.plugin [None req-11a550c9-0b94-49c7-9911-4f3660a5f138 - - - - - -] Attempt 1 to provision port 12cf32e0-2f5a-4064-b875-64e6b6806cf1
2026-08-20 02:36:33.158 11 INFO neutron.plugins.ml2.plugin [None req-ff949a44-7440-4d6b-b955-a2a1e9cddad7 - - - - - -] Attempt 1 to provision port 12cf32e0-2f5a-4064-b875-64e6b6806cf1
2026-08-20 02:37:05.301 11 INFO neutron.notifiers.nova [None req-ff949a44-7440-4d6b-b955-a2a1e9cddad7 - - - - - -] Nova event matching ['req-b99062ab-c9bd-49db-a9b6-c4b4f7bceaa1'] response: {'server_uuid': 'd6352a7e-df5a-44c6-b845-bf369accc411', 'name': 'network-vif-unplugged', 'status': 'completed', 'tag': '64b9b2e9-5270-4990-a0cd-a4ca66e0b11b', 'code': 200}