2026-04-28 08:43:59.373 8 INFO cinder.api.openstack.wsgi [None req-d00e8d23-732f-4d88-a241-4a07e9ae1d0d 1b0774f1c539490c88b2066da53b2974 c4d731b134284b65ac8251b9c63cb311 - - default default] http://cinder-api.openstack.svc.cluster.local:8776/v3/c4d731b134284b65ac8251b9c63cb311/volumes/45c4c1a9-6deb-42fa-887d-17b6727db6a5 returned with HTTP 200 [pid: 8|app: 0|req: 383/767] 10.0.0.253 () {32 vars in 775 bytes} [Tue Apr 28 08:43:59 2026] GET /v3/c4d731b134284b65ac8251b9c63cb311/volumes/45c4c1a9-6deb-42fa-887d-17b6727db6a5 => generated 1342 bytes in 29 msecs (HTTP/1.1 200) 7 headers in 286 bytes (1 switches on core 0) /var/lib/openstack/lib/python3.12/site-packages/pycadf/identifier.py:70: UserWarning: Invalid uuid: cinderv3. To ensure interoperability, identifiers should be a valid uuid. warnings.warn(('Invalid uuid: %s. To ensure interoperability, '
2026-04-28 08:43:59.465 7 INFO cinder.api.openstack.wsgi [req-106e3f22-1fd6-41aa-8f7f-e4623aa28525 req-df4ca5d8-83ab-4531-a5a7-77c96ce1cf7e 1b0774f1c539490c88b2066da53b2974 c4d731b134284b65ac8251b9c63cb311 - - default default] GET http://cinder-api.openstack.svc.cluster.local:8776/v3/c4d731b134284b65ac8251b9c63cb311/volumes/45c4c1a9-6deb-42fa-887d-17b6727db6a5 /var/lib/openstack/lib/python3.12/site-packages/oslo_context/context.py:101: DeprecationWarning: Policy enforcement is depending on the value of is_admin. This key is deprecated. Please update your policy file to use the standard policy values. warnings.warn(
2026-04-28 08:43:59.486 7 INFO cinder.volume.api [req-106e3f22-1fd6-41aa-8f7f-e4623aa28525 req-df4ca5d8-83ab-4531-a5a7-77c96ce1cf7e 1b0774f1c539490c88b2066da53b2974 c4d731b134284b65ac8251b9c63cb311 - - default default] Volume info retrieved successfully.
2026-04-28 08:43:59.492 7 INFO cinder.api.openstack.wsgi [req-106e3f22-1fd6-41aa-8f7f-e4623aa28525 req-df4ca5d8-83ab-4531-a5a7-77c96ce1cf7e 1b0774f1c539490c88b2066da53b2974 c4d731b134284b65ac8251b9c63cb311 - - default default] http://cinder-api.openstack.svc.cluster.local:8776/v3/c4d731b134284b65ac8251b9c63cb311/volumes/45c4c1a9-6deb-42fa-887d-17b6727db6a5 returned with HTTP 200 [pid: 7|app: 0|req: 385/768] 10.0.0.120 () {34 vars in 1028 bytes} [Tue Apr 28 08:43:59 2026] GET /v3/c4d731b134284b65ac8251b9c63cb311/volumes/45c4c1a9-6deb-42fa-887d-17b6727db6a5 => generated 1342 bytes in 36 msecs (HTTP/1.1 200) 7 headers in 286 bytes (1 switches on core 0)
2026-04-28 08:44:02.775 8 INFO cinder.api.openstack.wsgi [None req-d00e8d23-732f-4d88-a241-4a07e9ae1d0d 1b0774f1c539490c88b2066da53b2974 c4d731b134284b65ac8251b9c63cb311 - - default default] GET http://10.0.0.109:8776/
2026-04-28 08:44:02.776 7 INFO cinder.api.openstack.wsgi [req-106e3f22-1fd6-41aa-8f7f-e4623aa28525 req-df4ca5d8-83ab-4531-a5a7-77c96ce1cf7e 1b0774f1c539490c88b2066da53b2974 c4d731b134284b65ac8251b9c63cb311 - - default default] GET http://10.0.0.109:8776/
2026-04-28 08:44:02.777 8 INFO cinder.api.openstack.wsgi [None req-d00e8d23-732f-4d88-a241-4a07e9ae1d0d 1b0774f1c539490c88b2066da53b2974 c4d731b134284b65ac8251b9c63cb311 - - default default] http://10.0.0.109:8776/ returned with HTTP 300
2026-04-28 08:44:02.777 7 INFO cinder.api.openstack.wsgi [req-106e3f22-1fd6-41aa-8f7f-e4623aa28525 req-df4ca5d8-83ab-4531-a5a7-77c96ce1cf7e 1b0774f1c539490c88b2066da53b2974 c4d731b134284b65ac8251b9c63cb311 - - default default] http://10.0.0.109:8776/ returned with HTTP 300 /var/lib/openstack/lib/python3.12/site-packages/pycadf/identifier.py:70: UserWarning: Invalid uuid: cinderv3. To ensure interoperability, identifiers should be a valid uuid. warnings.warn(('Invalid uuid: %s. To ensure interoperability, '
2026-04-28 08:44:03.164 8 INFO cinder.api.openstack.wsgi [req-106e3f22-1fd6-41aa-8f7f-e4623aa28525 req-8b6ce090-44cb-4d4d-9240-b07a1e0d4c80 1b0774f1c539490c88b2066da53b2974 c4d731b134284b65ac8251b9c63cb311 - - default default] GET http://cinder-api.openstack.svc.cluster.local:8776/v3/c4d731b134284b65ac8251b9c63cb311/volumes/45c4c1a9-6deb-42fa-887d-17b6727db6a5 /var/lib/openstack/lib/python3.12/site-packages/oslo_context/context.py:101: DeprecationWarning: Policy enforcement is depending on the value of is_admin. This key is deprecated. Please update your policy file to use the standard policy values. warnings.warn(
2026-04-28 08:44:03.181 8 INFO cinder.volume.api [req-106e3f22-1fd6-41aa-8f7f-e4623aa28525 req-8b6ce090-44cb-4d4d-9240-b07a1e0d4c80 1b0774f1c539490c88b2066da53b2974 c4d731b134284b65ac8251b9c63cb311 - - default default] Volume info retrieved successfully.
2026-04-28 08:44:03.185 8 INFO cinder.api.openstack.wsgi [req-106e3f22-1fd6-41aa-8f7f-e4623aa28525 req-8b6ce090-44cb-4d4d-9240-b07a1e0d4c80 1b0774f1c539490c88b2066da53b2974 c4d731b134284b65ac8251b9c63cb311 - - default default] http://cinder-api.openstack.svc.cluster.local:8776/v3/c4d731b134284b65ac8251b9c63cb311/volumes/45c4c1a9-6deb-42fa-887d-17b6727db6a5 returned with HTTP 200 [pid: 8|app: 0|req: 385/771] 10.0.0.120 () {34 vars in 1028 bytes} [Tue Apr 28 08:44:03 2026] GET /v3/c4d731b134284b65ac8251b9c63cb311/volumes/45c4c1a9-6deb-42fa-887d-17b6727db6a5 => generated 1342 bytes in 29 msecs (HTTP/1.1 200) 7 headers in 286 bytes (1 switches on core 0)
2026-04-28 08:44:03.197 7 INFO cinder.api.openstack.wsgi [req-106e3f22-1fd6-41aa-8f7f-e4623aa28525 req-df4ca5d8-83ab-4531-a5a7-77c96ce1cf7e 1b0774f1c539490c88b2066da53b2974 c4d731b134284b65ac8251b9c63cb311 - - default default] GET http://cinder-api.openstack.svc.cluster.local:8776/
2026-04-28 08:44:03.198 7 INFO cinder.api.openstack.wsgi [req-106e3f22-1fd6-41aa-8f7f-e4623aa28525 req-df4ca5d8-83ab-4531-a5a7-77c96ce1cf7e 1b0774f1c539490c88b2066da53b2974 c4d731b134284b65ac8251b9c63cb311 - - default default] http://cinder-api.openstack.svc.cluster.local:8776/ returned with HTTP 300 [pid: 7|app: 0|req: 387/772] 10.0.0.120 () {32 vars in 829 bytes} [Tue Apr 28 08:44:03 2026] GET / => generated 411 bytes in 2 msecs (HTTP/1.1 300) 5 headers in 169 bytes (1 switches on core 0) /var/lib/openstack/lib/python3.12/site-packages/pycadf/identifier.py:70: UserWarning: Invalid uuid: cinderv3. To ensure interoperability, identifiers should be a valid uuid. warnings.warn(('Invalid uuid: %s. To ensure interoperability, '
2026-04-28 08:44:03.207 8 INFO cinder.api.openstack.wsgi [req-106e3f22-1fd6-41aa-8f7f-e4623aa28525 req-189d8479-e720-437a-8343-e918dcdc82ec 1b0774f1c539490c88b2066da53b2974 c4d731b134284b65ac8251b9c63cb311 - - default default] POST http://cinder-api.openstack.svc.cluster.local:8776/v3/c4d731b134284b65ac8251b9c63cb311/attachments /var/lib/openstack/lib/python3.12/site-packages/oslo_context/context.py:101: DeprecationWarning: Policy enforcement is depending on the value of is_admin. This key is deprecated. Please update your policy file to use the standard policy values. warnings.warn(
2026-04-28 08:44:03.418 8 INFO cinder.api.openstack.wsgi [req-106e3f22-1fd6-41aa-8f7f-e4623aa28525 req-189d8479-e720-437a-8343-e918dcdc82ec 1b0774f1c539490c88b2066da53b2974 c4d731b134284b65ac8251b9c63cb311 - - default default] http://cinder-api.openstack.svc.cluster.local:8776/v3/c4d731b134284b65ac8251b9c63cb311/attachments returned with HTTP 200 [pid: 8|app: 0|req: 386/773] 10.0.0.120 () {40 vars in 1057 bytes} [Tue Apr 28 08:44:03 2026] POST /v3/c4d731b134284b65ac8251b9c63cb311/attachments => generated 273 bytes in 218 msecs (HTTP/1.1 200) 7 headers in 286 bytes (1 switches on core 0)
2026-04-28 08:44:09.869 7 INFO cinder.api.openstack.wsgi [req-106e3f22-1fd6-41aa-8f7f-e4623aa28525 req-df4ca5d8-83ab-4531-a5a7-77c96ce1cf7e 1b0774f1c539490c88b2066da53b2974 c4d731b134284b65ac8251b9c63cb311 - - default default] GET http://cinder-api.openstack.svc.cluster.local:8776/
2026-04-28 08:44:09.870 7 INFO cinder.api.openstack.wsgi [req-106e3f22-1fd6-41aa-8f7f-e4623aa28525 req-df4ca5d8-83ab-4531-a5a7-77c96ce1cf7e 1b0774f1c539490c88b2066da53b2974 c4d731b134284b65ac8251b9c63cb311 - - default default] http://cinder-api.openstack.svc.cluster.local:8776/ returned with HTTP 300 [pid: 7|app: 0|req: 388/774] 199.19.213.243 () {32 vars in 840 bytes} [Tue Apr 28 08:44:09 2026] GET / => generated 411 bytes in 1 msecs (HTTP/1.1 300) 5 headers in 169 bytes (1 switches on core 0) /var/lib/openstack/lib/python3.12/site-packages/pycadf/identifier.py:70: UserWarning: Invalid uuid: cinderv3. To ensure interoperability, identifiers should be a valid uuid. warnings.warn(('Invalid uuid: %s. To ensure interoperability, '
2026-04-28 08:44:09.880 8 INFO cinder.api.openstack.wsgi [req-106e3f22-1fd6-41aa-8f7f-e4623aa28525 req-486335c2-36c6-4cd4-9813-7214b63f604a 1b0774f1c539490c88b2066da53b2974 c4d731b134284b65ac8251b9c63cb311 - - default default] GET http://cinder-api.openstack.svc.cluster.local:8776/v3/c4d731b134284b65ac8251b9c63cb311/volumes/45c4c1a9-6deb-42fa-887d-17b6727db6a5 /var/lib/openstack/lib/python3.12/site-packages/oslo_context/context.py:101: DeprecationWarning: Policy enforcement is depending on the value of is_admin. This key is deprecated. Please update your policy file to use the standard policy values. warnings.warn(
2026-04-28 08:44:09.905 8 INFO cinder.volume.api [req-106e3f22-1fd6-41aa-8f7f-e4623aa28525 req-486335c2-36c6-4cd4-9813-7214b63f604a 1b0774f1c539490c88b2066da53b2974 c4d731b134284b65ac8251b9c63cb311 - - default default] Volume info retrieved successfully.
2026-04-28 08:44:09.913 8 INFO cinder.api.openstack.wsgi [req-106e3f22-1fd6-41aa-8f7f-e4623aa28525 req-486335c2-36c6-4cd4-9813-7214b63f604a 1b0774f1c539490c88b2066da53b2974 c4d731b134284b65ac8251b9c63cb311 - - default default] http://cinder-api.openstack.svc.cluster.local:8776/v3/c4d731b134284b65ac8251b9c63cb311/volumes/45c4c1a9-6deb-42fa-887d-17b6727db6a5 returned with HTTP 200 [pid: 8|app: 0|req: 387/775] 199.19.213.243 () {36 vars in 1073 bytes} [Tue Apr 28 08:44:09 2026] GET /v3/c4d731b134284b65ac8251b9c63cb311/volumes/45c4c1a9-6deb-42fa-887d-17b6727db6a5 => generated 1522 bytes in 39 msecs (HTTP/1.1 200) 7 headers in 287 bytes (1 switches on core 0) /var/lib/openstack/lib/python3.12/site-packages/pycadf/identifier.py:70: UserWarning: Invalid uuid: cinderv3. To ensure interoperability, identifiers should be a valid uuid. warnings.warn(('Invalid uuid: %s. To ensure interoperability, '
2026-04-28 08:44:11.913 7 INFO cinder.api.openstack.wsgi [req-106e3f22-1fd6-41aa-8f7f-e4623aa28525 req-87ccd8c2-6c25-4b47-a98a-f2821ea6ec44 1b0774f1c539490c88b2066da53b2974 c4d731b134284b65ac8251b9c63cb311 - - default default] PUT http://cinder-api.openstack.svc.cluster.local:8776/v3/c4d731b134284b65ac8251b9c63cb311/attachments/d12cf983-bcde-477e-b042-20b9bb765fe5 /var/lib/openstack/lib/python3.12/site-packages/oslo_context/context.py:101: DeprecationWarning: Policy enforcement is depending on the value of is_admin. This key is deprecated. Please update your policy file to use the standard policy values. warnings.warn(
2026-04-28 08:44:12.776 8 INFO cinder.api.openstack.wsgi [req-106e3f22-1fd6-41aa-8f7f-e4623aa28525 req-486335c2-36c6-4cd4-9813-7214b63f604a 1b0774f1c539490c88b2066da53b2974 c4d731b134284b65ac8251b9c63cb311 - - default default] GET http://10.0.0.109:8776/
2026-04-28 08:44:12.777 8 INFO cinder.api.openstack.wsgi [req-106e3f22-1fd6-41aa-8f7f-e4623aa28525 req-486335c2-36c6-4cd4-9813-7214b63f604a 1b0774f1c539490c88b2066da53b2974 c4d731b134284b65ac8251b9c63cb311 - - default default] http://10.0.0.109:8776/ returned with HTTP 300
2026-04-28 08:44:12.779 8 INFO cinder.api.openstack.wsgi [req-106e3f22-1fd6-41aa-8f7f-e4623aa28525 req-486335c2-36c6-4cd4-9813-7214b63f604a 1b0774f1c539490c88b2066da53b2974 c4d731b134284b65ac8251b9c63cb311 - - default default] GET http://10.0.0.109:8776/
2026-04-28 08:44:12.780 8 INFO cinder.api.openstack.wsgi [req-106e3f22-1fd6-41aa-8f7f-e4623aa28525 req-486335c2-36c6-4cd4-9813-7214b63f604a 1b0774f1c539490c88b2066da53b2974 c4d731b134284b65ac8251b9c63cb311 - - default default] http://10.0.0.109:8776/ returned with HTTP 300
2026-04-28 08:44:12.969 7 INFO cinder.api.openstack.wsgi [req-106e3f22-1fd6-41aa-8f7f-e4623aa28525 req-87ccd8c2-6c25-4b47-a98a-f2821ea6ec44 1b0774f1c539490c88b2066da53b2974 c4d731b134284b65ac8251b9c63cb311 - - default default] http://cinder-api.openstack.svc.cluster.local:8776/v3/c4d731b134284b65ac8251b9c63cb311/attachments/d12cf983-bcde-477e-b042-20b9bb765fe5 returned with HTTP 200 [pid: 7|app: 0|req: 389/778] 199.19.213.243 () {40 vars in 1135 bytes} [Tue Apr 28 08:44:11 2026] PUT /v3/c4d731b134284b65ac8251b9c63cb311/attachments/d12cf983-bcde-477e-b042-20b9bb765fe5 => generated 802 bytes in 1065 msecs (HTTP/1.1 200) 7 headers in 286 bytes (1 switches on core 0) /var/lib/openstack/lib/python3.12/site-packages/pycadf/identifier.py:70: UserWarning: Invalid uuid: cinderv3. To ensure interoperability, identifiers should be a valid uuid. warnings.warn(('Invalid uuid: %s. To ensure interoperability, '
2026-04-28 08:44:13.495 8 INFO cinder.api.openstack.wsgi [req-106e3f22-1fd6-41aa-8f7f-e4623aa28525 req-287a93bb-8d33-4c0c-9156-b1fe0289fad2 1b0774f1c539490c88b2066da53b2974 c4d731b134284b65ac8251b9c63cb311 - - default default] POST http://cinder-api.openstack.svc.cluster.local:8776/v3/c4d731b134284b65ac8251b9c63cb311/attachments/d12cf983-bcde-477e-b042-20b9bb765fe5/action /var/lib/openstack/lib/python3.12/site-packages/oslo_context/context.py:101: DeprecationWarning: Policy enforcement is depending on the value of is_admin. This key is deprecated. Please update your policy file to use the standard policy values. warnings.warn(
2026-04-28 08:44:13.535 8 INFO cinder.api.openstack.wsgi [req-106e3f22-1fd6-41aa-8f7f-e4623aa28525 req-287a93bb-8d33-4c0c-9156-b1fe0289fad2 1b0774f1c539490c88b2066da53b2974 c4d731b134284b65ac8251b9c63cb311 - - default default] http://cinder-api.openstack.svc.cluster.local:8776/v3/c4d731b134284b65ac8251b9c63cb311/attachments/d12cf983-bcde-477e-b042-20b9bb765fe5/action returned with HTTP 204 [pid: 8|app: 0|req: 390/779] 199.19.213.243 () {40 vars in 1148 bytes} [Tue Apr 28 08:44:13 2026] POST /v3/c4d731b134284b65ac8251b9c63cb311/attachments/d12cf983-bcde-477e-b042-20b9bb765fe5/action => generated 0 bytes in 54 msecs (HTTP/1.1 204) 7 headers in 292 bytes (1 switches on core 0) /var/lib/openstack/lib/python3.12/site-packages/pycadf/identifier.py:70: UserWarning: Invalid uuid: cinderv3. To ensure interoperability, identifiers should be a valid uuid. warnings.warn(('Invalid uuid: %s. To ensure interoperability, '
2026-04-28 08:44:22.705 7 INFO cinder.api.openstack.wsgi [None req-6379e549-dcbc-4749-a9ca-a651a7cc546b ea5c72211b804ead8193340eb71e2267 633daa0c485646bbb41732fc2d31352e - - default default] POST http://cinder-api.openstack.svc.cluster.local:8776/v3/633daa0c485646bbb41732fc2d31352e/volumes
2026-04-28 08:44:22.707 7 INFO cinder.api.v3.volumes [None req-6379e549-dcbc-4749-a9ca-a651a7cc546b ea5c72211b804ead8193340eb71e2267 633daa0c485646bbb41732fc2d31352e - - default default] Create volume of 1 GB /var/lib/openstack/lib/python3.12/site-packages/oslo_context/context.py:101: DeprecationWarning: Policy enforcement is depending on the value of is_admin. This key is deprecated. Please update your policy file to use the standard policy values. warnings.warn(
2026-04-28 08:44:22.717 7 INFO cinder.volume.api [None req-6379e549-dcbc-4749-a9ca-a651a7cc546b ea5c72211b804ead8193340eb71e2267 633daa0c485646bbb41732fc2d31352e - - default default] Availability Zones retrieved successfully.
2026-04-28 08:44:22.776 8 INFO cinder.api.openstack.wsgi [req-106e3f22-1fd6-41aa-8f7f-e4623aa28525 req-287a93bb-8d33-4c0c-9156-b1fe0289fad2 1b0774f1c539490c88b2066da53b2974 c4d731b134284b65ac8251b9c63cb311 - - default default] GET http://10.0.0.109:8776/
2026-04-28 08:44:22.777 8 INFO cinder.api.openstack.wsgi [req-106e3f22-1fd6-41aa-8f7f-e4623aa28525 req-287a93bb-8d33-4c0c-9156-b1fe0289fad2 1b0774f1c539490c88b2066da53b2974 c4d731b134284b65ac8251b9c63cb311 - - default default] http://10.0.0.109:8776/ returned with HTTP 300
2026-04-28 08:44:22.779 8 INFO cinder.api.openstack.wsgi [req-106e3f22-1fd6-41aa-8f7f-e4623aa28525 req-287a93bb-8d33-4c0c-9156-b1fe0289fad2 1b0774f1c539490c88b2066da53b2974 c4d731b134284b65ac8251b9c63cb311 - - default default] GET http://10.0.0.109:8776/
2026-04-28 08:44:22.780 8 INFO cinder.api.openstack.wsgi [req-106e3f22-1fd6-41aa-8f7f-e4623aa28525 req-287a93bb-8d33-4c0c-9156-b1fe0289fad2 1b0774f1c539490c88b2066da53b2974 c4d731b134284b65ac8251b9c63cb311 - - default default] http://10.0.0.109:8776/ returned with HTTP 300
2026-04-28 08:44:22.957 7 INFO cinder.volume.api [None req-6379e549-dcbc-4749-a9ca-a651a7cc546b ea5c72211b804ead8193340eb71e2267 633daa0c485646bbb41732fc2d31352e - - default default] Create volume request issued successfully.
2026-04-28 08:44:22.958 7 INFO cinder.api.openstack.wsgi [None req-6379e549-dcbc-4749-a9ca-a651a7cc546b ea5c72211b804ead8193340eb71e2267 633daa0c485646bbb41732fc2d31352e - - default default] http://cinder-api.openstack.svc.cluster.local:8776/v3/633daa0c485646bbb41732fc2d31352e/volumes returned with HTTP 202 [pid: 7|app: 0|req: 390/782] 10.0.0.253 () {34 vars in 722 bytes} [Tue Apr 28 08:44:22 2026] POST /v3/633daa0c485646bbb41732fc2d31352e/volumes => generated 860 bytes in 361 msecs (HTTP/1.1 202) 7 headers in 291 bytes (1 switches on core 0) /var/lib/openstack/lib/python3.12/site-packages/pycadf/identifier.py:70: UserWarning: Invalid uuid: cinderv3. To ensure interoperability, identifiers should be a valid uuid. warnings.warn(('Invalid uuid: %s. To ensure interoperability, '
2026-04-28 08:44:22.982 8 INFO cinder.api.openstack.wsgi [None req-a54ee7ca-defa-468e-af32-ffb206bd7404 ea5c72211b804ead8193340eb71e2267 633daa0c485646bbb41732fc2d31352e - - default default] GET http://cinder-api.openstack.svc.cluster.local:8776/v3/633daa0c485646bbb41732fc2d31352e/volumes/c19dd735-491e-4121-896f-f65341d57fbd /var/lib/openstack/lib/python3.12/site-packages/oslo_context/context.py:101: DeprecationWarning: Policy enforcement is depending on the value of is_admin. This key is deprecated. Please update your policy file to use the standard policy values. warnings.warn(
2026-04-28 08:44:23.002 8 INFO cinder.volume.api [None req-a54ee7ca-defa-468e-af32-ffb206bd7404 ea5c72211b804ead8193340eb71e2267 633daa0c485646bbb41732fc2d31352e - - default default] Volume info retrieved successfully.
2026-04-28 08:44:23.010 8 INFO cinder.api.openstack.wsgi [None req-a54ee7ca-defa-468e-af32-ffb206bd7404 ea5c72211b804ead8193340eb71e2267 633daa0c485646bbb41732fc2d31352e - - default default] http://cinder-api.openstack.svc.cluster.local:8776/v3/633daa0c485646bbb41732fc2d31352e/volumes/c19dd735-491e-4121-896f-f65341d57fbd returned with HTTP 200 [pid: 8|app: 0|req: 393/783] 10.0.0.253 () {32 vars in 775 bytes} [Tue Apr 28 08:44:22 2026] GET /v3/633daa0c485646bbb41732fc2d31352e/volumes/c19dd735-491e-4121-896f-f65341d57fbd => generated 928 bytes in 37 msecs (HTTP/1.1 200) 7 headers in 285 bytes (1 switches on core 0) /var/lib/openstack/lib/python3.12/site-packages/pycadf/identifier.py:70: UserWarning: Invalid uuid: cinderv3. To ensure interoperability, identifiers should be a valid uuid. warnings.warn(('Invalid uuid: %s. To ensure interoperability, '
2026-04-28 08:44:24.029 7 INFO cinder.api.openstack.wsgi [None req-d170c87d-364c-4cf0-913b-46e15b25f2dd ea5c72211b804ead8193340eb71e2267 633daa0c485646bbb41732fc2d31352e - - default default] GET http://cinder-api.openstack.svc.cluster.local:8776/v3/633daa0c485646bbb41732fc2d31352e/volumes/c19dd735-491e-4121-896f-f65341d57fbd /var/lib/openstack/lib/python3.12/site-packages/oslo_context/context.py:101: DeprecationWarning: Policy enforcement is depending on the value of is_admin. This key is deprecated. Please update your policy file to use the standard policy values. warnings.warn(
2026-04-28 08:44:24.045 7 INFO cinder.volume.api [None req-d170c87d-364c-4cf0-913b-46e15b25f2dd ea5c72211b804ead8193340eb71e2267 633daa0c485646bbb41732fc2d31352e - - default default] Volume info retrieved successfully.
2026-04-28 08:44:24.054 7 INFO cinder.api.openstack.wsgi [None req-d170c87d-364c-4cf0-913b-46e15b25f2dd ea5c72211b804ead8193340eb71e2267 633daa0c485646bbb41732fc2d31352e - - default default] http://cinder-api.openstack.svc.cluster.local:8776/v3/633daa0c485646bbb41732fc2d31352e/volumes/c19dd735-491e-4121-896f-f65341d57fbd returned with HTTP 200 [pid: 7|app: 0|req: 391/784] 10.0.0.253 () {32 vars in 775 bytes} [Tue Apr 28 08:44:24 2026] GET /v3/633daa0c485646bbb41732fc2d31352e/volumes/c19dd735-491e-4121-896f-f65341d57fbd => generated 953 bytes in 32 msecs (HTTP/1.1 200) 7 headers in 285 bytes (1 switches on core 0) /var/lib/openstack/lib/python3.12/site-packages/pycadf/identifier.py:70: UserWarning: Invalid uuid: cinderv3. To ensure interoperability, identifiers should be a valid uuid. warnings.warn(('Invalid uuid: %s. To ensure interoperability, '
2026-04-28 08:44:28.120 8 INFO cinder.api.openstack.wsgi [None req-020e8aca-dfbb-4cbd-a7d5-611d00527819 9c4c58251a964dbc8d5b6d5df7cc2673 baff31653fe44a5a8a12e21abeea02b7 - - default default] GET http://cinder-api.openstack.svc.cluster.local:8776/v3/baff31653fe44a5a8a12e21abeea02b7/scheduler-stats/get_pools?detail=true
2026-04-28 08:44:28.623 8 INFO cinder.api.openstack.wsgi [None req-020e8aca-dfbb-4cbd-a7d5-611d00527819 9c4c58251a964dbc8d5b6d5df7cc2673 baff31653fe44a5a8a12e21abeea02b7 - - default default] http://cinder-api.openstack.svc.cluster.local:8776/v3/baff31653fe44a5a8a12e21abeea02b7/scheduler-stats/get_pools?detail=true returned with HTTP 200 [pid: 8|app: 0|req: 394/785] 10.0.0.229 () {28 vars in 696 bytes} [Tue Apr 28 08:44:27 2026] GET /v3/baff31653fe44a5a8a12e21abeea02b7/scheduler-stats/get_pools?detail=true => generated 670 bytes in 653 msecs (HTTP/1.1 200) 7 headers in 285 bytes (1 switches on core 0) /var/lib/openstack/lib/python3.12/site-packages/pycadf/identifier.py:70: UserWarning: Invalid uuid: cinderv3. To ensure interoperability, identifiers should be a valid uuid. warnings.warn(('Invalid uuid: %s. To ensure interoperability, '
2026-04-28 08:44:28.638 7 INFO cinder.api.openstack.wsgi [None req-084b429f-60c7-4f65-9559-e1c8d5e9ae6d 9c4c58251a964dbc8d5b6d5df7cc2673 baff31653fe44a5a8a12e21abeea02b7 - - default default] GET http://cinder-api.openstack.svc.cluster.local:8776/v3/baff31653fe44a5a8a12e21abeea02b7/snapshots?all_tenants=true
2026-04-28 08:44:28.644 7 INFO cinder.volume.api [None req-084b429f-60c7-4f65-9559-e1c8d5e9ae6d 9c4c58251a964dbc8d5b6d5df7cc2673 baff31653fe44a5a8a12e21abeea02b7 - - default default] Get all snapshots completed successfully.
2026-04-28 08:44:28.644 7 INFO cinder.api.openstack.wsgi [None req-084b429f-60c7-4f65-9559-e1c8d5e9ae6d 9c4c58251a964dbc8d5b6d5df7cc2673 baff31653fe44a5a8a12e21abeea02b7 - - default default] http://cinder-api.openstack.svc.cluster.local:8776/v3/baff31653fe44a5a8a12e21abeea02b7/snapshots?all_tenants=true returned with HTTP 200 [pid: 7|app: 0|req: 392/786] 10.0.0.229 () {28 vars in 674 bytes} [Tue Apr 28 08:44:28 2026] GET /v3/baff31653fe44a5a8a12e21abeea02b7/snapshots?all_tenants=true => generated 17 bytes in 17 msecs (HTTP/1.1 200) 7 headers in 284 bytes (1 switches on core 0)
2026-04-28 08:44:28.655 8 INFO cinder.api.openstack.wsgi [None req-f4b34628-2e82-472a-8002-bacf52044003 9c4c58251a964dbc8d5b6d5df7cc2673 baff31653fe44a5a8a12e21abeea02b7 - - default default] GET http://cinder-api.openstack.svc.cluster.local:8776/v3/baff31653fe44a5a8a12e21abeea02b7/os-services
2026-04-28 08:44:28.671 8 INFO cinder.api.openstack.wsgi [None req-f4b34628-2e82-472a-8002-bacf52044003 9c4c58251a964dbc8d5b6d5df7cc2673 baff31653fe44a5a8a12e21abeea02b7 - - default default] http://cinder-api.openstack.svc.cluster.local:8776/v3/baff31653fe44a5a8a12e21abeea02b7/os-services returned with HTTP 200 [pid: 8|app: 0|req: 395/787] 10.0.0.229 () {28 vars in 645 bytes} [Tue Apr 28 08:44:28 2026] GET /v3/baff31653fe44a5a8a12e21abeea02b7/os-services => generated 646 bytes in 24 msecs (HTTP/1.1 200) 7 headers in 285 bytes (1 switches on core 0)
2026-04-28 08:44:28.730 7 INFO cinder.api.openstack.wsgi [None req-c6d32cc8-b8a2-48f0-9325-fc32187c7998 9c4c58251a964dbc8d5b6d5df7cc2673 baff31653fe44a5a8a12e21abeea02b7 - - default default] GET http://cinder-api.openstack.svc.cluster.local:8776/v3/baff31653fe44a5a8a12e21abeea02b7/os-quota-sets/58c71e046936449e89ea1c1706677249?usage=true
2026-04-28 08:44:28.763 7 INFO cinder.api.openstack.wsgi [None req-c6d32cc8-b8a2-48f0-9325-fc32187c7998 9c4c58251a964dbc8d5b6d5df7cc2673 baff31653fe44a5a8a12e21abeea02b7 - - default default] http://cinder-api.openstack.svc.cluster.local:8776/v3/baff31653fe44a5a8a12e21abeea02b7/os-quota-sets/58c71e046936449e89ea1c1706677249?usage=true returned with HTTP 200 [pid: 7|app: 0|req: 393/788] 10.0.0.229 () {28 vars in 736 bytes} [Tue Apr 28 08:44:28 2026] GET /v3/baff31653fe44a5a8a12e21abeea02b7/os-quota-sets/58c71e046936449e89ea1c1706677249?usage=true => generated 845 bytes in 44 msecs (HTTP/1.1 200) 7 headers in 285 bytes (1 switches on core 0)
2026-04-28 08:44:28.776 8 INFO cinder.api.openstack.wsgi [None req-c6645bc8-d4ab-49ea-b49e-37399672f5d3 9c4c58251a964dbc8d5b6d5df7cc2673 baff31653fe44a5a8a12e21abeea02b7 - - default default] GET http://cinder-api.openstack.svc.cluster.local:8776/v3/baff31653fe44a5a8a12e21abeea02b7/os-quota-sets/633daa0c485646bbb41732fc2d31352e?usage=true
2026-04-28 08:44:28.812 8 INFO cinder.api.openstack.wsgi [None req-c6645bc8-d4ab-49ea-b49e-37399672f5d3 9c4c58251a964dbc8d5b6d5df7cc2673 baff31653fe44a5a8a12e21abeea02b7 - - default default] http://cinder-api.openstack.svc.cluster.local:8776/v3/baff31653fe44a5a8a12e21abeea02b7/os-quota-sets/633daa0c485646bbb41732fc2d31352e?usage=true returned with HTTP 200 [pid: 8|app: 0|req: 396/789] 10.0.0.229 () {28 vars in 736 bytes} [Tue Apr 28 08:44:28 2026] GET /v3/baff31653fe44a5a8a12e21abeea02b7/os-quota-sets/633daa0c485646bbb41732fc2d31352e?usage=true => generated 847 bytes in 43 msecs (HTTP/1.1 200) 7 headers in 285 bytes (1 switches on core 0)
2026-04-28 08:44:28.826 7 INFO cinder.api.openstack.wsgi [None req-4108e310-001f-4e7c-af74-fe608602797d 9c4c58251a964dbc8d5b6d5df7cc2673 baff31653fe44a5a8a12e21abeea02b7 - - default default] GET http://cinder-api.openstack.svc.cluster.local:8776/v3/baff31653fe44a5a8a12e21abeea02b7/os-quota-sets/baff31653fe44a5a8a12e21abeea02b7?usage=true
2026-04-28 08:44:28.871 7 INFO cinder.api.openstack.wsgi [None req-4108e310-001f-4e7c-af74-fe608602797d 9c4c58251a964dbc8d5b6d5df7cc2673 baff31653fe44a5a8a12e21abeea02b7 - - default default] http://cinder-api.openstack.svc.cluster.local:8776/v3/baff31653fe44a5a8a12e21abeea02b7/os-quota-sets/baff31653fe44a5a8a12e21abeea02b7?usage=true returned with HTTP 200 [pid: 7|app: 0|req: 394/790] 10.0.0.229 () {28 vars in 736 bytes} [Tue Apr 28 08:44:28 2026] GET /v3/baff31653fe44a5a8a12e21abeea02b7/os-quota-sets/baff31653fe44a5a8a12e21abeea02b7?usage=true => generated 845 bytes in 56 msecs (HTTP/1.1 200) 7 headers in 285 bytes (1 switches on core 0)
2026-04-28 08:44:28.884 8 INFO cinder.api.openstack.wsgi [None req-41778319-d66c-440d-a488-09341d6720b1 9c4c58251a964dbc8d5b6d5df7cc2673 baff31653fe44a5a8a12e21abeea02b7 - - default default] GET http://cinder-api.openstack.svc.cluster.local:8776/v3/baff31653fe44a5a8a12e21abeea02b7/os-quota-sets/c4d731b134284b65ac8251b9c63cb311?usage=true
2026-04-28 08:44:28.926 8 INFO cinder.api.openstack.wsgi [None req-41778319-d66c-440d-a488-09341d6720b1 9c4c58251a964dbc8d5b6d5df7cc2673 baff31653fe44a5a8a12e21abeea02b7 - - default default] http://cinder-api.openstack.svc.cluster.local:8776/v3/baff31653fe44a5a8a12e21abeea02b7/os-quota-sets/c4d731b134284b65ac8251b9c63cb311?usage=true returned with HTTP 200 [pid: 8|app: 0|req: 397/791] 10.0.0.229 () {28 vars in 736 bytes} [Tue Apr 28 08:44:28 2026] GET /v3/baff31653fe44a5a8a12e21abeea02b7/os-quota-sets/c4d731b134284b65ac8251b9c63cb311?usage=true => generated 847 bytes in 52 msecs (HTTP/1.1 200) 7 headers in 285 bytes (1 switches on core 0)
2026-04-28 08:44:28.943 7 INFO cinder.api.openstack.wsgi [None req-2864f927-cb80-48aa-859a-4b76d0272599 9c4c58251a964dbc8d5b6d5df7cc2673 baff31653fe44a5a8a12e21abeea02b7 - - default default] GET http://cinder-api.openstack.svc.cluster.local:8776/v3/baff31653fe44a5a8a12e21abeea02b7/os-quota-sets/cd53b8181edb46e696e6c83c041fa904?usage=true
2026-04-28 08:44:28.960 7 INFO cinder.api.openstack.wsgi [None req-2864f927-cb80-48aa-859a-4b76d0272599 9c4c58251a964dbc8d5b6d5df7cc2673 baff31653fe44a5a8a12e21abeea02b7 - - default default] http://cinder-api.openstack.svc.cluster.local:8776/v3/baff31653fe44a5a8a12e21abeea02b7/os-quota-sets/cd53b8181edb46e696e6c83c041fa904?usage=true returned with HTTP 200 [pid: 7|app: 0|req: 395/792] 10.0.0.229 () {28 vars in 736 bytes} [Tue Apr 28 08:44:28 2026] GET /v3/baff31653fe44a5a8a12e21abeea02b7/os-quota-sets/cd53b8181edb46e696e6c83c041fa904?usage=true => generated 847 bytes in 25 msecs (HTTP/1.1 200) 7 headers in 285 bytes (1 switches on core 0)
2026-04-28 08:44:28.974 8 INFO cinder.api.openstack.wsgi [None req-28d1db87-ed17-498e-bbf1-31ef13b538bc 9c4c58251a964dbc8d5b6d5df7cc2673 baff31653fe44a5a8a12e21abeea02b7 - - default default] GET http://cinder-api.openstack.svc.cluster.local:8776/v3/baff31653fe44a5a8a12e21abeea02b7/os-quota-sets/e4220b935566441bbadc4edfa987061c?usage=true
2026-04-28 08:44:29.011 8 INFO cinder.api.openstack.wsgi [None req-28d1db87-ed17-498e-bbf1-31ef13b538bc 9c4c58251a964dbc8d5b6d5df7cc2673 baff31653fe44a5a8a12e21abeea02b7 - - default default] http://cinder-api.openstack.svc.cluster.local:8776/v3/baff31653fe44a5a8a12e21abeea02b7/os-quota-sets/e4220b935566441bbadc4edfa987061c?usage=true returned with HTTP 200 [pid: 8|app: 0|req: 398/793] 10.0.0.229 () {28 vars in 736 bytes} [Tue Apr 28 08:44:28 2026] GET /v3/baff31653fe44a5a8a12e21abeea02b7/os-quota-sets/e4220b935566441bbadc4edfa987061c?usage=true => generated 847 bytes in 45 msecs (HTTP/1.1 200) 7 headers in 285 bytes (1 switches on core 0)
2026-04-28 08:44:29.025 7 INFO cinder.api.openstack.wsgi [None req-4f5cff20-6f96-47b5-bf2b-e4074f69f867 9c4c58251a964dbc8d5b6d5df7cc2673 baff31653fe44a5a8a12e21abeea02b7 - - default default] GET http://cinder-api.openstack.svc.cluster.local:8776/v3/baff31653fe44a5a8a12e21abeea02b7/os-quota-sets/efaecb884af541b3a724b70092f0eab7?usage=true
2026-04-28 08:44:29.048 7 INFO cinder.api.openstack.wsgi [None req-4f5cff20-6f96-47b5-bf2b-e4074f69f867 9c4c58251a964dbc8d5b6d5df7cc2673 baff31653fe44a5a8a12e21abeea02b7 - - default default] http://cinder-api.openstack.svc.cluster.local:8776/v3/baff31653fe44a5a8a12e21abeea02b7/os-quota-sets/efaecb884af541b3a724b70092f0eab7?usage=true returned with HTTP 200 [pid: 7|app: 0|req: 396/794] 10.0.0.229 () {28 vars in 736 bytes} [Tue Apr 28 08:44:29 2026] GET /v3/baff31653fe44a5a8a12e21abeea02b7/os-quota-sets/efaecb884af541b3a724b70092f0eab7?usage=true => generated 847 bytes in 31 msecs (HTTP/1.1 200) 7 headers in 285 bytes (1 switches on core 0)
2026-04-28 08:44:29.061 8 INFO cinder.api.openstack.wsgi [None req-06d0c463-8f5e-44c8-9fc3-eaa1a22a48a1 9c4c58251a964dbc8d5b6d5df7cc2673 baff31653fe44a5a8a12e21abeea02b7 - - default default] GET http://cinder-api.openstack.svc.cluster.local:8776/v3/baff31653fe44a5a8a12e21abeea02b7/volumes/detail?all_tenants=true
2026-04-28 08:44:29.074 8 INFO cinder.volume.api [None req-06d0c463-8f5e-44c8-9fc3-eaa1a22a48a1 9c4c58251a964dbc8d5b6d5df7cc2673 baff31653fe44a5a8a12e21abeea02b7 - - default default] Get all volumes completed successfully. /var/lib/openstack/lib/python3.12/site-packages/oslo_context/context.py:101: DeprecationWarning: Policy enforcement is depending on the value of is_admin. This key is deprecated. Please update your policy file to use the standard policy values. warnings.warn(
2026-04-28 08:44:29.081 8 INFO cinder.api.openstack.wsgi [None req-06d0c463-8f5e-44c8-9fc3-eaa1a22a48a1 9c4c58251a964dbc8d5b6d5df7cc2673 baff31653fe44a5a8a12e21abeea02b7 - - default default] http://cinder-api.openstack.svc.cluster.local:8776/v3/baff31653fe44a5a8a12e21abeea02b7/volumes/detail?all_tenants=true returned with HTTP 200 [pid: 8|app: 0|req: 399/795] 10.0.0.229 () {28 vars in 684 bytes} [Tue Apr 28 08:44:29 2026] GET /v3/baff31653fe44a5a8a12e21abeea02b7/volumes/detail?all_tenants=true => generated 2916 bytes in 27 msecs (HTTP/1.1 200) 7 headers in 286 bytes (1 switches on core 0)
2026-04-28 08:44:29.092 7 INFO cinder.api.openstack.wsgi [None req-bf6bce78-7576-44dc-a9b3-14a0de1c4d55 9c4c58251a964dbc8d5b6d5df7cc2673 baff31653fe44a5a8a12e21abeea02b7 - - default default] GET http://cinder-api.openstack.svc.cluster.local:8776/v3/baff31653fe44a5a8a12e21abeea02b7/volumes/detail?all_tenants=true
2026-04-28 08:44:29.106 7 INFO cinder.volume.api [None req-bf6bce78-7576-44dc-a9b3-14a0de1c4d55 9c4c58251a964dbc8d5b6d5df7cc2673 baff31653fe44a5a8a12e21abeea02b7 - - default default] Get all volumes completed successfully. /var/lib/openstack/lib/python3.12/site-packages/oslo_context/context.py:101: DeprecationWarning: Policy enforcement is depending on the value of is_admin. This key is deprecated. Please update your policy file to use the standard policy values. warnings.warn(
2026-04-28 08:44:29.112 7 INFO cinder.api.openstack.wsgi [None req-bf6bce78-7576-44dc-a9b3-14a0de1c4d55 9c4c58251a964dbc8d5b6d5df7cc2673 baff31653fe44a5a8a12e21abeea02b7 - - default default] http://cinder-api.openstack.svc.cluster.local:8776/v3/baff31653fe44a5a8a12e21abeea02b7/volumes/detail?all_tenants=true returned with HTTP 200 [pid: 7|app: 0|req: 397/796] 10.0.0.229 () {28 vars in 684 bytes} [Tue Apr 28 08:44:29 2026] GET /v3/baff31653fe44a5a8a12e21abeea02b7/volumes/detail?all_tenants=true => generated 2916 bytes in 27 msecs (HTTP/1.1 200) 7 headers in 286 bytes (1 switches on core 0) /var/lib/openstack/lib/python3.12/site-packages/pycadf/identifier.py:70: UserWarning: Invalid uuid: cinderv3. To ensure interoperability, identifiers should be a valid uuid. warnings.warn(('Invalid uuid: %s. To ensure interoperability, '
2026-04-28 08:44:32.033 8 INFO cinder.api.openstack.wsgi [req-e07178c9-88f4-47ac-9858-f3b5a11167e4 req-4b29d767-226c-4781-a27b-acda1416d801 1b0774f1c539490c88b2066da53b2974 c4d731b134284b65ac8251b9c63cb311 - - default default] DELETE http://cinder-api.openstack.svc.cluster.local:8776/v3/c4d731b134284b65ac8251b9c63cb311/attachments/d12cf983-bcde-477e-b042-20b9bb765fe5 /var/lib/openstack/lib/python3.12/site-packages/oslo_context/context.py:101: DeprecationWarning: Policy enforcement is depending on the value of is_admin. This key is deprecated. Please update your policy file to use the standard policy values. warnings.warn(
2026-04-28 08:44:32.740 8 INFO cinder.api.openstack.wsgi [req-e07178c9-88f4-47ac-9858-f3b5a11167e4 req-4b29d767-226c-4781-a27b-acda1416d801 1b0774f1c539490c88b2066da53b2974 c4d731b134284b65ac8251b9c63cb311 - - default default] http://cinder-api.openstack.svc.cluster.local:8776/v3/c4d731b134284b65ac8251b9c63cb311/attachments/d12cf983-bcde-477e-b042-20b9bb765fe5 returned with HTTP 200 [pid: 8|app: 0|req: 400/797] 199.19.213.243 () {38 vars in 1103 bytes} [Tue Apr 28 08:44:32 2026] DELETE /v3/c4d731b134284b65ac8251b9c63cb311/attachments/d12cf983-bcde-477e-b042-20b9bb765fe5 => generated 19 bytes in 717 msecs (HTTP/1.1 200) 7 headers in 285 bytes (1 switches on core 0) /var/lib/openstack/lib/python3.12/site-packages/pycadf/identifier.py:70: UserWarning: Invalid uuid: cinderv3. To ensure interoperability, identifiers should be a valid uuid. warnings.warn(('Invalid uuid: %s. To ensure interoperability, '
2026-04-28 08:44:32.756 7 INFO cinder.api.openstack.wsgi [req-e07178c9-88f4-47ac-9858-f3b5a11167e4 req-2a4bdc65-1b64-4d01-95cb-4d26557ad2d7 1b0774f1c539490c88b2066da53b2974 c4d731b134284b65ac8251b9c63cb311 - - default default] DELETE http://cinder-api.openstack.svc.cluster.local:8776/v3/c4d731b134284b65ac8251b9c63cb311/volumes/45c4c1a9-6deb-42fa-887d-17b6727db6a5
2026-04-28 08:44:32.756 7 INFO cinder.api.v3.volumes [req-e07178c9-88f4-47ac-9858-f3b5a11167e4 req-2a4bdc65-1b64-4d01-95cb-4d26557ad2d7 1b0774f1c539490c88b2066da53b2974 c4d731b134284b65ac8251b9c63cb311 - - default default] Delete volume with id: 45c4c1a9-6deb-42fa-887d-17b6727db6a5 /var/lib/openstack/lib/python3.12/site-packages/oslo_context/context.py:101: DeprecationWarning: Policy enforcement is depending on the value of is_admin. This key is deprecated. Please update your policy file to use the standard policy values. warnings.warn(
2026-04-28 08:44:32.769 7 INFO cinder.volume.api [req-e07178c9-88f4-47ac-9858-f3b5a11167e4 req-2a4bdc65-1b64-4d01-95cb-4d26557ad2d7 1b0774f1c539490c88b2066da53b2974 c4d731b134284b65ac8251b9c63cb311 - - default default] Volume info retrieved successfully.
2026-04-28 08:44:32.776 8 INFO cinder.api.openstack.wsgi [req-e07178c9-88f4-47ac-9858-f3b5a11167e4 req-4b29d767-226c-4781-a27b-acda1416d801 1b0774f1c539490c88b2066da53b2974 c4d731b134284b65ac8251b9c63cb311 - - default default] GET http://10.0.0.109:8776/
2026-04-28 08:44:32.777 8 INFO cinder.api.openstack.wsgi [req-e07178c9-88f4-47ac-9858-f3b5a11167e4 req-4b29d767-226c-4781-a27b-acda1416d801 1b0774f1c539490c88b2066da53b2974 c4d731b134284b65ac8251b9c63cb311 - - default default] http://10.0.0.109:8776/ returned with HTTP 300
2026-04-28 08:44:32.778 8 INFO cinder.api.openstack.wsgi [req-e07178c9-88f4-47ac-9858-f3b5a11167e4 req-4b29d767-226c-4781-a27b-acda1416d801 1b0774f1c539490c88b2066da53b2974 c4d731b134284b65ac8251b9c63cb311 - - default default] GET http://10.0.0.109:8776/
2026-04-28 08:44:32.779 8 INFO cinder.api.openstack.wsgi [req-e07178c9-88f4-47ac-9858-f3b5a11167e4 req-4b29d767-226c-4781-a27b-acda1416d801 1b0774f1c539490c88b2066da53b2974 c4d731b134284b65ac8251b9c63cb311 - - default default] http://10.0.0.109:8776/ returned with HTTP 300
2026-04-28 08:44:32.807 7 INFO cinder.volume.api [req-e07178c9-88f4-47ac-9858-f3b5a11167e4 req-2a4bdc65-1b64-4d01-95cb-4d26557ad2d7 1b0774f1c539490c88b2066da53b2974 c4d731b134284b65ac8251b9c63cb311 - - default default] Delete volume request issued successfully.
2026-04-28 08:44:32.807 7 INFO cinder.api.openstack.wsgi [req-e07178c9-88f4-47ac-9858-f3b5a11167e4 req-2a4bdc65-1b64-4d01-95cb-4d26557ad2d7 1b0774f1c539490c88b2066da53b2974 c4d731b134284b65ac8251b9c63cb311 - - default default] http://cinder-api.openstack.svc.cluster.local:8776/v3/c4d731b134284b65ac8251b9c63cb311/volumes/45c4c1a9-6deb-42fa-887d-17b6727db6a5 returned with HTTP 202 [pid: 7|app: 0|req: 398/800] 199.19.213.243 () {36 vars in 1054 bytes} [Tue Apr 28 08:44:32 2026] DELETE /v3/c4d731b134284b65ac8251b9c63cb311/volumes/45c4c1a9-6deb-42fa-887d-17b6727db6a5 => generated 0 bytes in 60 msecs (HTTP/1.1 202) 6 headers in 233 bytes (1 switches on core 0) /var/lib/openstack/lib/python3.12/site-packages/pycadf/identifier.py:70: UserWarning: Invalid uuid: cinderv3. To ensure interoperability, identifiers should be a valid uuid. warnings.warn(('Invalid uuid: %s. To ensure interoperability, '
2026-04-28 08:44:38.946 8 INFO cinder.api.openstack.wsgi [None req-266a6f5e-e394-455e-a235-cf96e9b6cdcc ea5c72211b804ead8193340eb71e2267 633daa0c485646bbb41732fc2d31352e - - default default] POST http://cinder-api.openstack.svc.cluster.local:8776/v3/633daa0c485646bbb41732fc2d31352e/volumes/c19dd735-491e-4121-896f-f65341d57fbd/action /var/lib/openstack/lib/python3.12/site-packages/oslo_context/context.py:101: DeprecationWarning: Policy enforcement is depending on the value of is_admin. This key is deprecated. Please update your policy file to use the standard policy values. warnings.warn(
2026-04-28 08:44:38.958 8 INFO cinder.volume.api [None req-266a6f5e-e394-455e-a235-cf96e9b6cdcc ea5c72211b804ead8193340eb71e2267 633daa0c485646bbb41732fc2d31352e - - default default] Volume info retrieved successfully.
2026-04-28 08:44:38.985 8 INFO cinder.volume.api [None req-266a6f5e-e394-455e-a235-cf96e9b6cdcc ea5c72211b804ead8193340eb71e2267 633daa0c485646bbb41732fc2d31352e - - default default] Update volume admin metadata completed successfully.
2026-04-28 08:44:39.490 8 INFO cinder.volume.api [None req-266a6f5e-e394-455e-a235-cf96e9b6cdcc ea5c72211b804ead8193340eb71e2267 633daa0c485646bbb41732fc2d31352e - - default default] Attach volume completed successfully.
2026-04-28 08:44:39.491 8 INFO cinder.api.openstack.wsgi [None req-266a6f5e-e394-455e-a235-cf96e9b6cdcc ea5c72211b804ead8193340eb71e2267 633daa0c485646bbb41732fc2d31352e - - default default] http://cinder-api.openstack.svc.cluster.local:8776/v3/633daa0c485646bbb41732fc2d31352e/volumes/c19dd735-491e-4121-896f-f65341d57fbd/action returned with HTTP 202 [pid: 8|app: 0|req: 403/801] 10.0.0.253 () {34 vars in 810 bytes} [Tue Apr 28 08:44:38 2026] POST /v3/633daa0c485646bbb41732fc2d31352e/volumes/c19dd735-491e-4121-896f-f65341d57fbd/action => generated 0 bytes in 551 msecs (HTTP/1.1 202) 7 headers in 289 bytes (1 switches on core 0) /var/lib/openstack/lib/python3.12/site-packages/pycadf/identifier.py:70: UserWarning: Invalid uuid: cinderv3. To ensure interoperability, identifiers should be a valid uuid. warnings.warn(('Invalid uuid: %s. To ensure interoperability, '
2026-04-28 08:44:39.507 7 INFO cinder.api.openstack.wsgi [None req-342d2f6b-79ab-4c18-b366-cb80eaea89da ea5c72211b804ead8193340eb71e2267 633daa0c485646bbb41732fc2d31352e - - default default] GET http://cinder-api.openstack.svc.cluster.local:8776/v3/633daa0c485646bbb41732fc2d31352e/volumes/c19dd735-491e-4121-896f-f65341d57fbd /var/lib/openstack/lib/python3.12/site-packages/oslo_context/context.py:101: DeprecationWarning: Policy enforcement is depending on the value of is_admin. This key is deprecated. Please update your policy file to use the standard policy values. warnings.warn(
2026-04-28 08:44:39.527 7 INFO cinder.volume.api [None req-342d2f6b-79ab-4c18-b366-cb80eaea89da ea5c72211b804ead8193340eb71e2267 633daa0c485646bbb41732fc2d31352e - - default default] Volume info retrieved successfully.
2026-04-28 08:44:39.533 7 INFO cinder.api.openstack.wsgi [None req-342d2f6b-79ab-4c18-b366-cb80eaea89da ea5c72211b804ead8193340eb71e2267 633daa0c485646bbb41732fc2d31352e - - default default] http://cinder-api.openstack.svc.cluster.local:8776/v3/633daa0c485646bbb41732fc2d31352e/volumes/c19dd735-491e-4121-896f-f65341d57fbd returned with HTTP 200 [pid: 7|app: 0|req: 399/802] 10.0.0.253 () {32 vars in 775 bytes} [Tue Apr 28 08:44:39 2026] GET /v3/633daa0c485646bbb41732fc2d31352e/volumes/c19dd735-491e-4121-896f-f65341d57fbd => generated 1287 bytes in 33 msecs (HTTP/1.1 200) 7 headers in 286 bytes (1 switches on core 0) /var/lib/openstack/lib/python3.12/site-packages/pycadf/identifier.py:70: UserWarning: Invalid uuid: cinderv3. To ensure interoperability, identifiers should be a valid uuid. warnings.warn(('Invalid uuid: %s. To ensure interoperability, '
2026-04-28 08:44:39.555 8 INFO cinder.api.openstack.wsgi [None req-bf45738f-96af-407c-aecb-d729ca6a05db ea5c72211b804ead8193340eb71e2267 633daa0c485646bbb41732fc2d31352e - - default default] POST http://cinder-api.openstack.svc.cluster.local:8776/v3/633daa0c485646bbb41732fc2d31352e/volumes/c19dd735-491e-4121-896f-f65341d57fbd/action /var/lib/openstack/lib/python3.12/site-packages/oslo_context/context.py:101: DeprecationWarning: Policy enforcement is depending on the value of is_admin. This key is deprecated. Please update your policy file to use the standard policy values. warnings.warn(
2026-04-28 08:44:39.577 8 INFO cinder.volume.api [None req-bf45738f-96af-407c-aecb-d729ca6a05db ea5c72211b804ead8193340eb71e2267 633daa0c485646bbb41732fc2d31352e - - default default] Volume info retrieved successfully.
2026-04-28 08:44:40.083 8 INFO cinder.volume.api [None req-bf45738f-96af-407c-aecb-d729ca6a05db ea5c72211b804ead8193340eb71e2267 633daa0c485646bbb41732fc2d31352e - - default default] Detach volume completed successfully.
2026-04-28 08:44:40.083 8 INFO cinder.api.openstack.wsgi [None req-bf45738f-96af-407c-aecb-d729ca6a05db ea5c72211b804ead8193340eb71e2267 633daa0c485646bbb41732fc2d31352e - - default default] http://cinder-api.openstack.svc.cluster.local:8776/v3/633daa0c485646bbb41732fc2d31352e/volumes/c19dd735-491e-4121-896f-f65341d57fbd/action returned with HTTP 202 [pid: 8|app: 0|req: 404/803] 10.0.0.253 () {34 vars in 810 bytes} [Tue Apr 28 08:44:39 2026] POST /v3/633daa0c485646bbb41732fc2d31352e/volumes/c19dd735-491e-4121-896f-f65341d57fbd/action => generated 0 bytes in 535 msecs (HTTP/1.1 202) 7 headers in 289 bytes (1 switches on core 0) /var/lib/openstack/lib/python3.12/site-packages/pycadf/identifier.py:70: UserWarning: Invalid uuid: cinderv3. To ensure interoperability, identifiers should be a valid uuid. warnings.warn(('Invalid uuid: %s. To ensure interoperability, '
2026-04-28 08:44:40.098 7 INFO cinder.api.openstack.wsgi [None req-7600e784-0d2b-4bbb-8cc1-b02f4305b21f ea5c72211b804ead8193340eb71e2267 633daa0c485646bbb41732fc2d31352e - - default default] GET http://cinder-api.openstack.svc.cluster.local:8776/v3/633daa0c485646bbb41732fc2d31352e/volumes/c19dd735-491e-4121-896f-f65341d57fbd /var/lib/openstack/lib/python3.12/site-packages/oslo_context/context.py:101: DeprecationWarning: Policy enforcement is depending on the value of is_admin. This key is deprecated. Please update your policy file to use the standard policy values. warnings.warn(
2026-04-28 08:44:40.117 7 INFO cinder.volume.api [None req-7600e784-0d2b-4bbb-8cc1-b02f4305b21f ea5c72211b804ead8193340eb71e2267 633daa0c485646bbb41732fc2d31352e - - default default] Volume info retrieved successfully.
2026-04-28 08:44:40.122 7 INFO cinder.api.openstack.wsgi [None req-7600e784-0d2b-4bbb-8cc1-b02f4305b21f ea5c72211b804ead8193340eb71e2267 633daa0c485646bbb41732fc2d31352e - - default default] http://cinder-api.openstack.svc.cluster.local:8776/v3/633daa0c485646bbb41732fc2d31352e/volumes/c19dd735-491e-4121-896f-f65341d57fbd returned with HTTP 200 [pid: 7|app: 0|req: 400/804] 10.0.0.253 () {32 vars in 775 bytes} [Tue Apr 28 08:44:40 2026] GET /v3/633daa0c485646bbb41732fc2d31352e/volumes/c19dd735-491e-4121-896f-f65341d57fbd => generated 972 bytes in 32 msecs (HTTP/1.1 200) 7 headers in 285 bytes (1 switches on core 0)
2026-04-28 08:44:42.778 8 INFO cinder.api.openstack.wsgi [None req-bf45738f-96af-407c-aecb-d729ca6a05db ea5c72211b804ead8193340eb71e2267 633daa0c485646bbb41732fc2d31352e - - default default] GET http://10.0.0.109:8776/
2026-04-28 08:44:42.778 7 INFO cinder.api.openstack.wsgi [None req-7600e784-0d2b-4bbb-8cc1-b02f4305b21f ea5c72211b804ead8193340eb71e2267 633daa0c485646bbb41732fc2d31352e - - default default] GET http://10.0.0.109:8776/
2026-04-28 08:44:42.778 8 INFO cinder.api.openstack.wsgi [None req-bf45738f-96af-407c-aecb-d729ca6a05db ea5c72211b804ead8193340eb71e2267 633daa0c485646bbb41732fc2d31352e - - default default] http://10.0.0.109:8776/ returned with HTTP 300
2026-04-28 08:44:42.779 7 INFO cinder.api.openstack.wsgi [None req-7600e784-0d2b-4bbb-8cc1-b02f4305b21f ea5c72211b804ead8193340eb71e2267 633daa0c485646bbb41732fc2d31352e - - default default] http://10.0.0.109:8776/ returned with HTTP 300 /var/lib/openstack/lib/python3.12/site-packages/pycadf/identifier.py:70: UserWarning: Invalid uuid: cinderv3. To ensure interoperability, identifiers should be a valid uuid. warnings.warn(('Invalid uuid: %s. To ensure interoperability, '
2026-04-28 08:44:46.951 8 INFO cinder.api.openstack.wsgi [None req-841c7d38-c0a3-4635-90ed-58c9a4433985 ea5c72211b804ead8193340eb71e2267 633daa0c485646bbb41732fc2d31352e - - default default] GET http://cinder-api.openstack.svc.cluster.local:8776/v3/633daa0c485646bbb41732fc2d31352e/volumes/c19dd735-491e-4121-896f-f65341d57fbd /var/lib/openstack/lib/python3.12/site-packages/oslo_context/context.py:101: DeprecationWarning: Policy enforcement is depending on the value of is_admin. This key is deprecated. Please update your policy file to use the standard policy values. warnings.warn(
2026-04-28 08:44:46.968 8 INFO cinder.volume.api [None req-841c7d38-c0a3-4635-90ed-58c9a4433985 ea5c72211b804ead8193340eb71e2267 633daa0c485646bbb41732fc2d31352e - - default default] Volume info retrieved successfully.
2026-04-28 08:44:46.976 8 INFO cinder.api.openstack.wsgi [None req-841c7d38-c0a3-4635-90ed-58c9a4433985 ea5c72211b804ead8193340eb71e2267 633daa0c485646bbb41732fc2d31352e - - default default] http://cinder-api.openstack.svc.cluster.local:8776/v3/633daa0c485646bbb41732fc2d31352e/volumes/c19dd735-491e-4121-896f-f65341d57fbd returned with HTTP 200 [pid: 8|app: 0|req: 406/807] 10.0.0.253 () {32 vars in 775 bytes} [Tue Apr 28 08:44:46 2026] GET /v3/633daa0c485646bbb41732fc2d31352e/volumes/c19dd735-491e-4121-896f-f65341d57fbd => generated 972 bytes in 31 msecs (HTTP/1.1 200) 7 headers in 285 bytes (1 switches on core 0) /var/lib/openstack/lib/python3.12/site-packages/pycadf/identifier.py:70: UserWarning: Invalid uuid: cinderv3. To ensure interoperability, identifiers should be a valid uuid. warnings.warn(('Invalid uuid: %s. To ensure interoperability, '
2026-04-28 08:44:46.996 7 INFO cinder.api.openstack.wsgi [None req-62f2d0a7-ef21-461e-b31a-273ae2693dbc ea5c72211b804ead8193340eb71e2267 633daa0c485646bbb41732fc2d31352e - - default default] DELETE http://cinder-api.openstack.svc.cluster.local:8776/v3/633daa0c485646bbb41732fc2d31352e/volumes/c19dd735-491e-4121-896f-f65341d57fbd
2026-04-28 08:44:46.997 7 INFO cinder.api.v3.volumes [None req-62f2d0a7-ef21-461e-b31a-273ae2693dbc ea5c72211b804ead8193340eb71e2267 633daa0c485646bbb41732fc2d31352e - - default default] Delete volume with id: c19dd735-491e-4121-896f-f65341d57fbd /var/lib/openstack/lib/python3.12/site-packages/oslo_context/context.py:101: DeprecationWarning: Policy enforcement is depending on the value of is_admin. This key is deprecated. Please update your policy file to use the standard policy values. warnings.warn(
2026-04-28 08:44:47.007 7 INFO cinder.volume.api [None req-62f2d0a7-ef21-461e-b31a-273ae2693dbc ea5c72211b804ead8193340eb71e2267 633daa0c485646bbb41732fc2d31352e - - default default] Volume info retrieved successfully.
2026-04-28 08:44:47.027 7 INFO cinder.volume.api [None req-62f2d0a7-ef21-461e-b31a-273ae2693dbc ea5c72211b804ead8193340eb71e2267 633daa0c485646bbb41732fc2d31352e - - default default] Delete volume request issued successfully.
