2026-05-12 17:46:54.856 8 INFO neutron.plugins.ml2.drivers.ovn.mech_driver.mech_driver [None req-bda8bdfe-32be-431c-959f-c075b45d0ec6 - - - - - -] OVN reports status down for port: 9abdfb9f-7ae5-4215-a96b-8e5e7a97ff95
2026-05-12 17:46:54.857 8 WARNING neutron.scheduler.dhcp_agent_scheduler [None req-0c287467-2c22-4096-8145-113010025c3b d03d9b32f7094fac92317089e5e9aa1c 0d7126b00e9b4e13b60ca1876a4f5411 - - default default] No more DHCP agents
2026-05-12 17:46:54.860 8 WARNING neutron.api.rpc.agentnotifiers.dhcp_rpc_agent_api [None req-0c287467-2c22-4096-8145-113010025c3b d03d9b32f7094fac92317089e5e9aa1c 0d7126b00e9b4e13b60ca1876a4f5411 - - default default] Unable to schedule network 399e594d-12df-477e-8ba2-cd756138b260: no agents available; will retry on subsequent port and subnet creation events.
2026-05-12 17:46:54.964 7 INFO neutron.plugins.ml2.drivers.ovn.mech_driver.mech_driver [None req-e46c22ac-6783-4e2a-8512-d4fe5666b46c - - - - - -] OVN reports status down for port: 6b1e2da6-8851-4669-83fa-f51f5fc1c48f
2026-05-12 17:46:54.972 8 WARNING neutron.plugins.ml2.drivers.ovn.mech_driver.ovsdb.ovn_client [None req-bda8bdfe-32be-431c-959f-c075b45d0ec6 - - - - - -] Logical_Switch_Port 9abdfb9f-7ae5-4215-a96b-8e5e7a97ff95 host information not removed, the port state is up
2026-05-12 17:46:54.974 8 INFO neutron.plugins.ml2.drivers.ovn.mech_driver.mech_driver [None req-bda8bdfe-32be-431c-959f-c075b45d0ec6 - - - - - -] OVN reports status up for port: 9abdfb9f-7ae5-4215-a96b-8e5e7a97ff95
2026-05-12 17:46:54.981 8 INFO neutron.db.ovn_revision_numbers_db [None req-0c287467-2c22-4096-8145-113010025c3b d03d9b32f7094fac92317089e5e9aa1c 0d7126b00e9b4e13b60ca1876a4f5411 - - default default] Successfully bumped revision number for resource 6b1e2da6-8851-4669-83fa-f51f5fc1c48f (type: ports) to 1
2026-05-12 17:46:54.988 8 INFO neutron.plugins.ml2.plugin [None req-bda8bdfe-32be-431c-959f-c075b45d0ec6 - - - - - -] Attempt 1 to provision port 9abdfb9f-7ae5-4215-a96b-8e5e7a97ff95 [pid: 8|app: 0|req: 988/1917] 10.0.0.199 () {34 vars in 671 bytes} [Tue May 12 17:46:53 2026] POST /v2.0/networks => generated 671 bytes in 1461 msecs (HTTP/1.1 201) 4 headers in 162 bytes (1 switches on core 0)
2026-05-12 17:46:55.082 7 WARNING neutron.scheduler.dhcp_agent_scheduler [None req-67cc784f-e92b-4de8-a76f-e0bc6c32c671 8d6cefc48c824231927dd7751d5c82ad e9abf9c0afcd43c19a0ad5f91414c1ab - - default default] No more DHCP agents
2026-05-12 17:46:55.085 7 WARNING neutron.api.rpc.agentnotifiers.dhcp_rpc_agent_api [None req-67cc784f-e92b-4de8-a76f-e0bc6c32c671 8d6cefc48c824231927dd7751d5c82ad e9abf9c0afcd43c19a0ad5f91414c1ab - - default default] Unable to schedule network ca2cf8a1-64ee-4036-89ad-0953bbd38d15: no agents available; will retry on subsequent port and subnet creation events.
2026-05-12 17:46:55.139 7 INFO neutron.plugins.ml2.drivers.ovn.mech_driver.mech_driver [None req-e46c22ac-6783-4e2a-8512-d4fe5666b46c - - - - - -] OVN reports status down for port: 439be5df-defe-457b-a55e-15c1f4f5edfc
2026-05-12 17:46:55.195 7 INFO neutron.db.ovn_revision_numbers_db [None req-67cc784f-e92b-4de8-a76f-e0bc6c32c671 8d6cefc48c824231927dd7751d5c82ad e9abf9c0afcd43c19a0ad5f91414c1ab - - default default] Successfully bumped revision number for resource 439be5df-defe-457b-a55e-15c1f4f5edfc (type: ports) to 1 [pid: 7|app: 0|req: 930/1918] 10.0.0.199 () {34 vars in 670 bytes} [Tue May 12 17:46:54 2026] POST /v2.0/networks => generated 670 bytes in 643 msecs (HTTP/1.1 201) 4 headers in 162 bytes (1 switches on core 0)
2026-05-12 17:46:55.276 8 INFO neutron.db.ovn_revision_numbers_db [None req-caac298b-44b2-404d-ad55-70e47b5c7638 8082be1d24144b919078306330bd003f e0fc88889e404180a555ad2c27bd559c - - default default] Successfully bumped revision number for resource 1cf23c84-93db-4308-8328-1084df72d613 (type: security_groups) to 1
2026-05-12 17:46:55.303 8 INFO neutron.db.ovn_revision_numbers_db [None req-caac298b-44b2-404d-ad55-70e47b5c7638 8082be1d24144b919078306330bd003f e0fc88889e404180a555ad2c27bd559c - - default default] Successfully bumped revision number for resource b4e1d9ce-0ae3-447a-bdc2-ec01426ac4b6 (type: security_group_rules) to 0
2026-05-12 17:46:55.329 8 INFO neutron.db.ovn_revision_numbers_db [None req-caac298b-44b2-404d-ad55-70e47b5c7638 8082be1d24144b919078306330bd003f e0fc88889e404180a555ad2c27bd559c - - default default] Successfully bumped revision number for resource d5e4c6d6-f792-4c42-b660-1a8a4e9d87f0 (type: security_group_rules) to 0 [pid: 8|app: 0|req: 989/1919] 10.0.0.199 () {34 vars in 685 bytes} [Tue May 12 17:46:55 2026] POST /v2.0/security-groups => generated 1675 bytes in 374 msecs (HTTP/1.1 201) 4 headers in 163 bytes (1 switches on core 0)
2026-05-12 17:46:55.526 8 INFO neutron.db.segments_db [None req-67c9167e-df87-4030-aea5-8302b73b354c 8d6cefc48c824231927dd7751d5c82ad e9abf9c0afcd43c19a0ad5f91414c1ab - - default default] Added segment c6ef942b-1220-46d5-8b5f-2736b47530d3 of type geneve for network b8635423-a6fd-4886-82e5-9714e2b6e2b5
2026-05-12 17:46:55.690 7 WARNING neutron.scheduler.dhcp_agent_scheduler [None req-830b96c3-01e6-4d0d-b118-337832b18c72 d03d9b32f7094fac92317089e5e9aa1c 0d7126b00e9b4e13b60ca1876a4f5411 - - default default] No more DHCP agents
2026-05-12 17:46:55.692 7 WARNING neutron.api.rpc.agentnotifiers.dhcp_rpc_agent_api [None req-830b96c3-01e6-4d0d-b118-337832b18c72 d03d9b32f7094fac92317089e5e9aa1c 0d7126b00e9b4e13b60ca1876a4f5411 - - default default] Unable to schedule network e3ab3cc2-453b-4170-9ef9-1e206ec55f87: no agents available; will retry on subsequent port and subnet creation events.
2026-05-12 17:46:55.719 8 INFO neutron.db.ovn_revision_numbers_db [None req-bda8bdfe-32be-431c-959f-c075b45d0ec6 - - - - - -] Successfully bumped revision number for resource 9abdfb9f-7ae5-4215-a96b-8e5e7a97ff95 (type: ports) to 2
2026-05-12 17:46:55.831 8 INFO neutron.db.ovn_revision_numbers_db [None req-67c9167e-df87-4030-aea5-8302b73b354c 8d6cefc48c824231927dd7751d5c82ad e9abf9c0afcd43c19a0ad5f91414c1ab - - default default] Successfully bumped revision number for resource b8635423-a6fd-4886-82e5-9714e2b6e2b5 (type: networks) to 1
2026-05-12 17:46:55.845 7 INFO neutron.plugins.ml2.drivers.ovn.mech_driver.mech_driver [None req-e46c22ac-6783-4e2a-8512-d4fe5666b46c - - - - - -] OVN reports status down for port: 6edde7cd-df1e-4e5e-8410-86a880d2d91e
2026-05-12 17:46:55.924 7 INFO neutron.db.ovn_revision_numbers_db [None req-830b96c3-01e6-4d0d-b118-337832b18c72 d03d9b32f7094fac92317089e5e9aa1c 0d7126b00e9b4e13b60ca1876a4f5411 - - default default] Successfully bumped revision number for resource 6edde7cd-df1e-4e5e-8410-86a880d2d91e (type: ports) to 1
2026-05-12 17:46:56.087 8 WARNING neutron.scheduler.dhcp_agent_scheduler [None req-67c9167e-df87-4030-aea5-8302b73b354c 8d6cefc48c824231927dd7751d5c82ad e9abf9c0afcd43c19a0ad5f91414c1ab - - default default] No more DHCP agents
2026-05-12 17:46:56.089 8 WARNING neutron.api.rpc.agentnotifiers.dhcp_rpc_agent_api [None req-67c9167e-df87-4030-aea5-8302b73b354c 8d6cefc48c824231927dd7751d5c82ad e9abf9c0afcd43c19a0ad5f91414c1ab - - default default] Unable to schedule network b8635423-a6fd-4886-82e5-9714e2b6e2b5: no agents available; will retry on subsequent port and subnet creation events.
2026-05-12 17:46:56.163 7 INFO neutron.plugins.ml2.drivers.ovn.mech_driver.mech_driver [None req-e46c22ac-6783-4e2a-8512-d4fe5666b46c - - - - - -] OVN reports status down for port: bcef4599-89c8-47d1-bbfd-b0ee1aafd8f7
2026-05-12 17:46:56.177 8 INFO neutron.db.ovn_revision_numbers_db [None req-67c9167e-df87-4030-aea5-8302b73b354c 8d6cefc48c824231927dd7751d5c82ad e9abf9c0afcd43c19a0ad5f91414c1ab - - default default] Successfully bumped revision number for resource bcef4599-89c8-47d1-bbfd-b0ee1aafd8f7 (type: ports) to 1 [pid: 8|app: 0|req: 990/1920] 10.0.0.199 () {34 vars in 670 bytes} [Tue May 12 17:46:55 2026] POST /v2.0/networks => generated 670 bytes in 807 msecs (HTTP/1.1 201) 4 headers in 162 bytes (1 switches on core 0)
2026-05-12 17:46:56.355 8 INFO neutron.db.ovn_revision_numbers_db [None req-6b764dad-c87c-45d1-bc1e-53922731478e 8082be1d24144b919078306330bd003f e0fc88889e404180a555ad2c27bd559c - - default default] Successfully bumped revision number for resource 8ed8c456-b64f-4ab2-bad9-13fe142074f1 (type: security_group_rules) to 0 [pid: 8|app: 0|req: 991/1921] 10.0.0.199 () {34 vars in 695 bytes} [Tue May 12 17:46:56 2026] POST /v2.0/security-group-rules => generated 597 bytes in 197 msecs (HTTP/1.1 201) 4 headers in 162 bytes (1 switches on core 0) [pid: 8|app: 0|req: 992/1922] 10.0.0.199 () {34 vars in 753 bytes} [Tue May 12 17:46:56 2026] PUT /v2.0/networks/8279680c-c1bd-4b66-9128-6f2e7e91ecda/tags => generated 17 bytes in 66 msecs (HTTP/1.1 200) 4 headers in 156 bytes (1 switches on core 0)
2026-05-12 17:46:56.641 8 INFO neutron.db.ovn_revision_numbers_db [None req-d0f8fcec-7d80-4e1a-b298-fb26e3c61e7d 8082be1d24144b919078306330bd003f e0fc88889e404180a555ad2c27bd559c - - default default] Successfully bumped revision number for resource be8915e7-cd18-4b03-8cde-8234e3b23731 (type: security_group_rules) to 0 [pid: 8|app: 0|req: 993/1923] 10.0.0.199 () {34 vars in 695 bytes} [Tue May 12 17:46:56 2026] POST /v2.0/security-group-rules => generated 596 bytes in 223 msecs (HTTP/1.1 201) 4 headers in 162 bytes (1 switches on core 0)
2026-05-12 17:46:56.707 7 INFO neutron.plugins.ml2.drivers.ovn.mech_driver.ovsdb.commands [None req-d894b610-0789-4d7a-bddd-b4ef9a182d77 - - - - - -] Schedule LRP lrp-6edde7cd-df1e-4e5e-8410-86a880d2d91e on gateway 2f6607ec-5552-47a6-be26-2531b1e1d493 with priority 1
2026-05-12 17:46:56.755 7 INFO neutron.plugins.ml2.drivers.ovn.mech_driver.ovsdb.ovsdb_monitor [None req-0292940a-1d54-4bc0-90f7-99e9ef829e7a - - - - - -] Router 41c22e85-bd07-4023-a6d4-ab002929eac8 is bound to host instance
2026-05-12 17:46:56.804 7 INFO neutron.plugins.ml2.drivers.ovn.mech_driver.mech_driver [None req-e46c22ac-6783-4e2a-8512-d4fe5666b46c - - - - - -] OVN reports status up for port: 6edde7cd-df1e-4e5e-8410-86a880d2d91e [pid: 8|app: 0|req: 994/1924] 10.0.0.199 () {34 vars in 753 bytes} [Tue May 12 17:46:56 2026] PUT /v2.0/networks/b77a9a14-8bec-49ff-b4d4-a16cb43e4909/tags => generated 25 bytes in 115 msecs (HTTP/1.1 200) 4 headers in 156 bytes (1 switches on core 0)
2026-05-12 17:46:56.853 7 INFO neutron.plugins.ml2.plugin [None req-e46c22ac-6783-4e2a-8512-d4fe5666b46c - - - - - -] Attempt 1 to provision port 6edde7cd-df1e-4e5e-8410-86a880d2d91e
2026-05-12 17:46:56.900 7 INFO neutron.db.ovn_revision_numbers_db [None req-830b96c3-01e6-4d0d-b118-337832b18c72 d03d9b32f7094fac92317089e5e9aa1c 0d7126b00e9b4e13b60ca1876a4f5411 - - default default] Successfully bumped revision number for resource 6edde7cd-df1e-4e5e-8410-86a880d2d91e (type: router_ports) to 1
2026-05-12 17:46:56.951 8 INFO neutron.db.ovn_revision_numbers_db [None req-5ff3aae4-15c1-46b2-ba50-5729e3f5174c 8082be1d24144b919078306330bd003f e0fc88889e404180a555ad2c27bd559c - - default default] Successfully bumped revision number for resource 22fb106b-b042-4714-8982-99700fd35821 (type: security_group_rules) to 0 [pid: 8|app: 0|req: 997/1927] 10.0.0.199 () {34 vars in 695 bytes} [Tue May 12 17:46:56 2026] POST /v2.0/security-group-rules => generated 602 bytes in 177 msecs (HTTP/1.1 201) 4 headers in 162 bytes (1 switches on core 0) [pid: 8|app: 0|req: 998/1928] 10.0.0.199 () {34 vars in 753 bytes} [Tue May 12 17:46:56 2026] PUT /v2.0/networks/1aca86cb-0d16-4493-933e-983a1c2d35c7/tags => generated 34 bytes in 58 msecs (HTTP/1.1 200) 4 headers in 156 bytes (1 switches on core 0)
2026-05-12 17:46:57.115 7 INFO neutron.db.ovn_revision_numbers_db [None req-830b96c3-01e6-4d0d-b118-337832b18c72 d03d9b32f7094fac92317089e5e9aa1c 0d7126b00e9b4e13b60ca1876a4f5411 - - default default] Successfully bumped revision number for resource 41c22e85-bd07-4023-a6d4-ab002929eac8 (type: routers) to 2 [pid: 7|app: 0|req: 931/1929] 10.0.0.199 () {34 vars in 669 bytes} [Tue May 12 17:46:55 2026] POST /v2.0/routers => generated 955 bytes in 1903 msecs (HTTP/1.1 201) 4 headers in 162 bytes (1 switches on core 0)
2026-05-12 17:46:57.180 8 INFO neutron.db.ovn_revision_numbers_db [None req-6b753a59-dec2-4e7b-a621-1c3ec14bfdd8 8082be1d24144b919078306330bd003f e0fc88889e404180a555ad2c27bd559c - - default default] Successfully bumped revision number for resource 3425509f-76b2-401a-a202-ec8f71b81bb5 (type: security_group_rules) to 0 [pid: 8|app: 0|req: 999/1930] 10.0.0.199 () {34 vars in 695 bytes} [Tue May 12 17:46:57 2026] POST /v2.0/security-group-rules => generated 601 bytes in 168 msecs (HTTP/1.1 201) 4 headers in 162 bytes (1 switches on core 0) [pid: 8|app: 0|req: 1000/1931] 10.0.0.199 () {32 vars in 776 bytes} [Tue May 12 17:46:57 2026] GET /v2.0/subnets?project_id=0d7126b00e9b4e13b60ca1876a4f5411&cidr=10.100.0.0%2F28 => generated 14 bytes in 54 msecs (HTTP/1.1 200) 4 headers in 156 bytes (1 switches on core 0)
2026-05-12 17:46:57.308 8 INFO neutron.db.securitygroups_db [None req-c29fb8a2-caeb-4434-afb7-b472fc4c9e76 8082be1d24144b919078306330bd003f e0fc88889e404180a555ad2c27bd559c - - default default] Project e0fc88889e404180a555ad2c27bd559c added a security group rule with legacy IPv6 ICMP protocol name icmp, ipv6-icmp should be used instead. It was automatically converted. [pid: 7|app: 0|req: 932/1932] 10.0.0.199 () {34 vars in 753 bytes} [Tue May 12 17:46:57 2026] PUT /v2.0/networks/ca2cf8a1-64ee-4036-89ad-0953bbd38d15/tags => generated 19 bytes in 145 msecs (HTTP/1.1 200) 4 headers in 156 bytes (1 switches on core 0) [pid: 7|app: 0|req: 933/1933] 10.0.0.199 () {32 vars in 694 bytes} [Tue May 12 17:46:57 2026] GET /v2.0/networks?router%3Aexternal=True => generated 791 bytes in 89 msecs (HTTP/1.1 200) 4 headers in 157 bytes (1 switches on core 0)
2026-05-12 17:46:57.418 8 INFO neutron.db.ovn_revision_numbers_db [None req-c29fb8a2-caeb-4434-afb7-b472fc4c9e76 8082be1d24144b919078306330bd003f e0fc88889e404180a555ad2c27bd559c - - default default] Successfully bumped revision number for resource 5c0f32a4-4807-4c50-90fb-d491286de975 (type: security_group_rules) to 0 [pid: 8|app: 0|req: 1001/1934] 10.0.0.199 () {34 vars in 695 bytes} [Tue May 12 17:46:57 2026] POST /v2.0/security-group-rules => generated 607 bytes in 174 msecs (HTTP/1.1 201) 4 headers in 162 bytes (1 switches on core 0) [pid: 8|app: 0|req: 1002/1935] 10.0.0.199 () {32 vars in 784 bytes} [Tue May 12 17:46:57 2026] GET /v2.0/subnets?network_id=e3ab3cc2-453b-4170-9ef9-1e206ec55f87&cidr=10.100.0.0%2F28 => generated 14 bytes in 21 msecs (HTTP/1.1 200) 4 headers in 156 bytes (1 switches on core 0)
2026-05-12 17:46:57.501 8 INFO neutron.db.securitygroups_db [None req-8958a838-211e-4779-966f-d42805ea2d91 8082be1d24144b919078306330bd003f e0fc88889e404180a555ad2c27bd559c - - default default] Project e0fc88889e404180a555ad2c27bd559c added a security group rule with legacy IPv6 ICMP protocol name icmp, ipv6-icmp should be used instead. It was automatically converted. [pid: 7|app: 0|req: 934/1936] 10.0.0.199 () {32 vars in 666 bytes} [Tue May 12 17:46:57 2026] GET /v2.0/networks?tags=red => generated 1987 bytes in 111 msecs (HTTP/1.1 200) 4 headers in 158 bytes (1 switches on core 0)
2026-05-12 17:46:57.614 8 INFO neutron.db.ovn_revision_numbers_db [None req-8958a838-211e-4779-966f-d42805ea2d91 8082be1d24144b919078306330bd003f e0fc88889e404180a555ad2c27bd559c - - default default] Successfully bumped revision number for resource 3ccab730-157e-471f-b8bc-114dbcabe55b (type: security_group_rules) to 0 [pid: 8|app: 0|req: 1003/1937] 10.0.0.199 () {34 vars in 695 bytes} [Tue May 12 17:46:57 2026] POST /v2.0/security-group-rules => generated 606 bytes in 177 msecs (HTTP/1.1 201) 4 headers in 162 bytes (1 switches on core 0) [pid: 8|app: 0|req: 1004/1938] 10.0.0.199 () {32 vars in 680 bytes} [Tue May 12 17:46:57 2026] GET /v2.0/networks?tags=red%2Cblue => generated 1337 bytes in 45 msecs (HTTP/1.1 200) 4 headers in 158 bytes (1 switches on core 0) [pid: 8|app: 0|req: 1005/1939] 10.0.0.199 () {32 vars in 676 bytes} [Tue May 12 17:46:57 2026] GET /v2.0/networks?tags-any=blue => generated 1337 bytes in 50 msecs (HTTP/1.1 200) 4 headers in 158 bytes (1 switches on core 0) [pid: 8|app: 0|req: 1006/1940] 10.0.0.199 () {32 vars in 688 bytes} [Tue May 12 17:46:57 2026] GET /v2.0/networks?tags-any=red%2Cblue => generated 1987 bytes in 40 msecs (HTTP/1.1 200) 4 headers in 158 bytes (1 switches on core 0) [pid: 8|app: 0|req: 1007/1941] 10.0.0.199 () {32 vars in 674 bytes} [Tue May 12 17:46:57 2026] GET /v2.0/networks?not-tags=red => generated 1988 bytes in 72 msecs (HTTP/1.1 200) 4 headers in 158 bytes (1 switches on core 0)
2026-05-12 17:46:57.913 7 WARNING neutron.scheduler.dhcp_agent_scheduler [None req-19e38675-9bed-4675-bb12-76600ccf2d6f d03d9b32f7094fac92317089e5e9aa1c 0d7126b00e9b4e13b60ca1876a4f5411 - - default default] No more DHCP agents
2026-05-12 17:46:57.915 7 WARNING neutron.api.rpc.agentnotifiers.dhcp_rpc_agent_api [None req-19e38675-9bed-4675-bb12-76600ccf2d6f d03d9b32f7094fac92317089e5e9aa1c 0d7126b00e9b4e13b60ca1876a4f5411 - - default default] Unable to schedule network 399e594d-12df-477e-8ba2-cd756138b260: no agents available; will retry on subsequent port and subnet creation events. [pid: 8|app: 0|req: 1008/1942] 10.0.0.199 () {32 vars in 688 bytes} [Tue May 12 17:46:57 2026] GET /v2.0/networks?not-tags=red%2Cblue => generated 2638 bytes in 65 msecs (HTTP/1.1 200) 4 headers in 158 bytes (1 switches on core 0) [pid: 8|app: 0|req: 1009/1943] 10.0.0.199 () {32 vars in 684 bytes} [Tue May 12 17:46:57 2026] GET /v2.0/networks?not-tags-any=blue => generated 2638 bytes in 68 msecs (HTTP/1.1 200) 4 headers in 158 bytes (1 switches on core 0)
2026-05-12 17:46:58.134 8 INFO neutron.db.ovn_revision_numbers_db [None req-66ebb0a1-3ee1-41fe-a85e-fd94f2cc28a6 8082be1d24144b919078306330bd003f e0fc88889e404180a555ad2c27bd559c - - default default] Successfully bumped revision number for resource d722b215-eb36-411b-b8b4-5269d054544c (type: security_groups) to 1
2026-05-12 17:46:58.145 8 INFO neutron.db.ovn_revision_numbers_db [None req-66ebb0a1-3ee1-41fe-a85e-fd94f2cc28a6 8082be1d24144b919078306330bd003f e0fc88889e404180a555ad2c27bd559c - - default default] Successfully bumped revision number for resource 7ecd0639-8aab-486f-a7f2-494d61075b2a (type: security_group_rules) to 0
2026-05-12 17:46:58.164 8 INFO neutron.db.ovn_revision_numbers_db [None req-66ebb0a1-3ee1-41fe-a85e-fd94f2cc28a6 8082be1d24144b919078306330bd003f e0fc88889e404180a555ad2c27bd559c - - default default] Successfully bumped revision number for resource bcec1d8f-c1a2-4fe3-8611-768876e2f8bc (type: security_group_rules) to 0 [pid: 8|app: 0|req: 1010/1944] 10.0.0.199 () {34 vars in 685 bytes} [Tue May 12 17:46:58 2026] POST /v2.0/security-groups => generated 1660 bytes in 195 msecs (HTTP/1.1 201) 4 headers in 163 bytes (1 switches on core 0) [pid: 8|app: 0|req: 1011/1945] 10.0.0.199 () {32 vars in 696 bytes} [Tue May 12 17:46:58 2026] GET /v2.0/networks?not-tags-any=red%2Cblue => generated 1988 bytes in 55 msecs (HTTP/1.1 200) 4 headers in 158 bytes (1 switches on core 0)
2026-05-12 17:46:58.394 8 INFO neutron.db.ovn_revision_numbers_db [None req-ade4f973-e732-4e15-beb0-440786173b6b 8082be1d24144b919078306330bd003f e0fc88889e404180a555ad2c27bd559c - - default default] Successfully bumped revision number for resource cb4b90e0-edaa-49a7-ada4-8f70bd2ae6d1 (type: security_group_rules) to 0 [pid: 8|app: 0|req: 1012/1946] 10.0.0.199 () {34 vars in 695 bytes} [Tue May 12 17:46:58 2026] POST /v2.0/security-group-rules => generated 597 bytes in 156 msecs (HTTP/1.1 201) 4 headers in 162 bytes (1 switches on core 0)
2026-05-12 17:46:58.518 8 INFO neutron_taas.services.taas.taas_plugin [None req-624369af-3015-4020-b8d1-3d0cf22e332c 8d6cefc48c824231927dd7751d5c82ad e9abf9c0afcd43c19a0ad5f91414c1ab - - default default] TaaS: Handle Delete Port: 4e754293-0cdd-4ef8-9c79-35203b99245a
2026-05-12 17:46:58.520 8 INFO neutron_taas.services.taas.tap_mirror_plugin [None req-624369af-3015-4020-b8d1-3d0cf22e332c 8d6cefc48c824231927dd7751d5c82ad e9abf9c0afcd43c19a0ad5f91414c1ab - - default default] Tap Mirror: Handle Delete Port: 4e754293-0cdd-4ef8-9c79-35203b99245a
2026-05-12 17:46:58.543 7 INFO neutron.db.ovn_revision_numbers_db [None req-a06738b2-2d49-4c3e-aecd-31c21f846171 - - - - - -] Successfully bumped revision number for resource 6edde7cd-df1e-4e5e-8410-86a880d2d91e (type: ports) to 4
2026-05-12 17:46:58.677 8 INFO neutron.services.segments.plugin [-] Segment 0f57da1d-8f66-402e-8c88-4d0098fe7599 resource provider aggregate not found
2026-05-12 17:46:58.681 8 INFO neutron.services.segments.plugin [-] Segment 0f57da1d-8f66-402e-8c88-4d0098fe7599 resource provider aggregate not found
2026-05-12 17:46:58.698 8 INFO neutron.services.segments.plugin [-] Segment 0f57da1d-8f66-402e-8c88-4d0098fe7599 resource provider not found; error: Placement Client Error (4xx): {"errors": [{"status": 404, "title": "Not Found", "detail": "The resource could not be found.\n\n No resource provider with uuid 0f57da1d-8f66-402e-8c88-4d0098fe7599 found for delete ", "request_id": "req-38ecf93e-f0dc-45db-b2b7-3d2ced2143a3"}]}
2026-05-12 17:46:58.702 8 INFO neutron.services.segments.plugin [-] Segment 0f57da1d-8f66-402e-8c88-4d0098fe7599 resource provider not found; error: Placement Client Error (4xx): {"errors": [{"status": 404, "title": "Not Found", "detail": "The resource could not be found.\n\n No resource provider with uuid 0f57da1d-8f66-402e-8c88-4d0098fe7599 found for delete ", "request_id": "req-9d8b33ab-c420-4411-938d-51d44c29094b"}]} [pid: 8|app: 0|req: 1013/1947] 10.0.0.199 () {32 vars in 726 bytes} [Tue May 12 17:46:58 2026] DELETE /v2.0/networks/8279680c-c1bd-4b66-9128-6f2e7e91ecda => generated 0 bytes in 300 msecs (HTTP/1.1 204) 3 headers in 131 bytes (1 switches on core 0)
2026-05-12 17:46:58.851 8 INFO neutron.db.ovn_revision_numbers_db [None req-8d2c82f7-d4a1-4d6c-8be0-64bc33816013 8082be1d24144b919078306330bd003f e0fc88889e404180a555ad2c27bd559c - - default default] Successfully bumped revision number for resource 32bab532-016a-4a3b-9776-b846ef3c316a (type: security_group_rules) to 0
2026-05-12 17:46:58.864 7 INFO neutron.db.ovn_revision_numbers_db [None req-cc29c305-6aca-416a-af53-c70bf561a5f6 - - - - - -] Successfully bumped revision number for resource 6b1e2da6-8851-4669-83fa-f51f5fc1c48f (type: ports) to 2 [pid: 8|app: 0|req: 1014/1948] 10.0.0.199 () {34 vars in 695 bytes} [Tue May 12 17:46:58 2026] POST /v2.0/security-group-rules => generated 602 bytes in 153 msecs (HTTP/1.1 201) 4 headers in 162 bytes (1 switches on core 0)
2026-05-12 17:46:58.930 7 INFO neutron.db.ovn_revision_numbers_db [None req-cc29c305-6aca-416a-af53-c70bf561a5f6 - - - - - -] Successfully bumped revision number for resource 1b3ce933-1c54-4a68-ba5e-1e06ea4c6bec (type: subnets) to 0 [pid: 7|app: 0|req: 935/1949] 10.0.0.199 () {34 vars in 669 bytes} [Tue May 12 17:46:57 2026] POST /v2.0/subnets => generated 657 bytes in 1435 msecs (HTTP/1.1 201) 4 headers in 162 bytes (1 switches on core 0)
2026-05-12 17:46:58.971 8 INFO neutron_taas.services.taas.taas_plugin [None req-413b4b9c-91bc-4b41-956c-26bb06a94848 8d6cefc48c824231927dd7751d5c82ad e9abf9c0afcd43c19a0ad5f91414c1ab - - default default] TaaS: Handle Delete Port: 929b9c41-cfed-491a-bf4f-d70e42af0d93
2026-05-12 17:46:58.974 8 INFO neutron_taas.services.taas.tap_mirror_plugin [None req-413b4b9c-91bc-4b41-956c-26bb06a94848 8d6cefc48c824231927dd7751d5c82ad e9abf9c0afcd43c19a0ad5f91414c1ab - - default default] Tap Mirror: Handle Delete Port: 929b9c41-cfed-491a-bf4f-d70e42af0d93 [pid: 8|app: 0|req: 1015/1950] 10.0.0.199 () {32 vars in 726 bytes} [Tue May 12 17:46:58 2026] DELETE /v2.0/networks/b77a9a14-8bec-49ff-b4d4-a16cb43e4909 => generated 0 bytes in 307 msecs (HTTP/1.1 204) 3 headers in 131 bytes (1 switches on core 0)
2026-05-12 17:46:59.211 7 INFO neutron.db.ovn_revision_numbers_db [None req-a06738b2-2d49-4c3e-aecd-31c21f846171 - - - - - -] Successfully bumped revision number for resource 6edde7cd-df1e-4e5e-8410-86a880d2d91e (type: ports) to 5
2026-05-12 17:46:59.362 7 WARNING neutron.scheduler.dhcp_agent_scheduler [None req-77a3f494-ff4b-4d2e-bca1-d0065bd3a507 8082be1d24144b919078306330bd003f e0fc88889e404180a555ad2c27bd559c - - default default] No more DHCP agents
2026-05-12 17:46:59.363 7 WARNING neutron.api.rpc.agentnotifiers.dhcp_rpc_agent_api [None req-77a3f494-ff4b-4d2e-bca1-d0065bd3a507 8082be1d24144b919078306330bd003f e0fc88889e404180a555ad2c27bd559c - - default default] Unable to schedule network e3ab3cc2-453b-4170-9ef9-1e206ec55f87: no agents available; will retry on subsequent port and subnet creation events.
2026-05-12 17:46:59.674 8 WARNING neutron.scheduler.dhcp_agent_scheduler [None req-afc8d2d5-5fdd-4dd1-bd8e-48489f0af3a2 d03d9b32f7094fac92317089e5e9aa1c 0d7126b00e9b4e13b60ca1876a4f5411 - - default default] No more DHCP agents [pid: 7|app: 0|req: 936/1951] 10.0.0.199 () {34 vars in 676 bytes} [Tue May 12 17:46:58 2026] POST /v2.0/floatingips => generated 552 bytes in 716 msecs (HTTP/1.1 201) 4 headers in 162 bytes (1 switches on core 0)
2026-05-12 17:46:59.675 8 WARNING neutron.api.rpc.agentnotifiers.dhcp_rpc_agent_api [None req-afc8d2d5-5fdd-4dd1-bd8e-48489f0af3a2 d03d9b32f7094fac92317089e5e9aa1c 0d7126b00e9b4e13b60ca1876a4f5411 - - default default] Unable to schedule network 399e594d-12df-477e-8ba2-cd756138b260: no agents available; will retry on subsequent port and subnet creation events.
2026-05-12 17:46:59.816 7 INFO neutron.plugins.ml2.drivers.ovn.mech_driver.mech_driver [None req-e46c22ac-6783-4e2a-8512-d4fe5666b46c - - - - - -] OVN reports status down for port: f1d021f5-8555-4541-820e-a936a14f2d12
2026-05-12 17:46:59.819 8 INFO neutron.db.ovn_revision_numbers_db [None req-afc8d2d5-5fdd-4dd1-bd8e-48489f0af3a2 d03d9b32f7094fac92317089e5e9aa1c 0d7126b00e9b4e13b60ca1876a4f5411 - - default default] Successfully bumped revision number for resource f1d021f5-8555-4541-820e-a936a14f2d12 (type: ports) to 1
2026-05-12 17:46:59.833 7 INFO neutron_taas.services.taas.taas_plugin [None req-5f47cc95-a12c-4987-96ce-382ae195e6fc 8d6cefc48c824231927dd7751d5c82ad e9abf9c0afcd43c19a0ad5f91414c1ab - - default default] TaaS: Handle Delete Port: afd0318b-880d-443b-b425-e0d7f1fa6a5a
2026-05-12 17:46:59.854 7 INFO neutron_taas.services.taas.tap_mirror_plugin [None req-5f47cc95-a12c-4987-96ce-382ae195e6fc 8d6cefc48c824231927dd7751d5c82ad e9abf9c0afcd43c19a0ad5f91414c1ab - - default default] Tap Mirror: Handle Delete Port: afd0318b-880d-443b-b425-e0d7f1fa6a5a
2026-05-12 17:47:00.103 7 INFO neutron.services.segments.plugin [-] Segment 8ff05cd5-720d-4d5f-b32b-47623c181e52 resource provider aggregate not found
2026-05-12 17:47:00.103 7 INFO neutron.services.segments.plugin [-] Segment 8ff05cd5-720d-4d5f-b32b-47623c181e52 resource provider aggregate not found
2026-05-12 17:47:00.127 7 INFO neutron.services.segments.plugin [-] Segment 8ff05cd5-720d-4d5f-b32b-47623c181e52 resource provider not found; error: Placement Client Error (4xx): {"errors": [{"status": 404, "title": "Not Found", "detail": "The resource could not be found.\n\n No resource provider with uuid 8ff05cd5-720d-4d5f-b32b-47623c181e52 found for delete ", "request_id": "req-1175750d-87de-4556-bc0c-18bef44494ab"}]}
2026-05-12 17:47:00.136 7 INFO neutron.services.segments.plugin [-] Segment 8ff05cd5-720d-4d5f-b32b-47623c181e52 resource provider not found; error: Placement Client Error (4xx): {"errors": [{"status": 404, "title": "Not Found", "detail": "The resource could not be found.\n\n No resource provider with uuid 8ff05cd5-720d-4d5f-b32b-47623c181e52 found for delete ", "request_id": "req-8feaa681-325e-431c-b050-00085ddc8f61"}]} [pid: 7|app: 0|req: 937/1952] 10.0.0.199 () {32 vars in 726 bytes} [Tue May 12 17:46:59 2026] DELETE /v2.0/networks/1aca86cb-0d16-4493-933e-983a1c2d35c7 => generated 0 bytes in 477 msecs (HTTP/1.1 204) 3 headers in 131 bytes (1 switches on core 0) [pid: 7|app: 0|req: 938/1953] 10.0.0.54 () {34 vars in 1097 bytes} [Tue May 12 17:47:00 2026] GET /v2.0/security-groups?name=tempest-securitygroup--289895083&fields=id&tenant_id=e0fc88889e404180a555ad2c27bd559c => generated 69 bytes in 25 msecs (HTTP/1.1 200) 4 headers in 156 bytes (1 switches on core 0)
2026-05-12 17:47:00.282 7 INFO neutron_taas.services.taas.taas_plugin [None req-a1d778c8-710f-46a1-b3d8-b6b3846fb8f3 8d6cefc48c824231927dd7751d5c82ad e9abf9c0afcd43c19a0ad5f91414c1ab - - default default] TaaS: Handle Delete Port: 439be5df-defe-457b-a55e-15c1f4f5edfc
2026-05-12 17:47:00.285 7 INFO neutron_taas.services.taas.tap_mirror_plugin [None req-a1d778c8-710f-46a1-b3d8-b6b3846fb8f3 8d6cefc48c824231927dd7751d5c82ad e9abf9c0afcd43c19a0ad5f91414c1ab - - default default] Tap Mirror: Handle Delete Port: 439be5df-defe-457b-a55e-15c1f4f5edfc
2026-05-12 17:47:00.492 7 INFO neutron.plugins.ml2.drivers.ovn.mech_driver.mech_driver [None req-e46c22ac-6783-4e2a-8512-d4fe5666b46c - - - - - -] OVN reports status up for port: f1d021f5-8555-4541-820e-a936a14f2d12
2026-05-12 17:47:00.508 7 INFO neutron.plugins.ml2.plugin [None req-e46c22ac-6783-4e2a-8512-d4fe5666b46c - - - - - -] Attempt 1 to provision port f1d021f5-8555-4541-820e-a936a14f2d12 [pid: 7|app: 0|req: 939/1954] 10.0.0.199 () {32 vars in 726 bytes} [Tue May 12 17:47:00 2026] DELETE /v2.0/networks/ca2cf8a1-64ee-4036-89ad-0953bbd38d15 => generated 0 bytes in 362 msecs (HTTP/1.1 204) 3 headers in 131 bytes (1 switches on core 0)
2026-05-12 17:47:00.561 8 WARNING neutron.scheduler.dhcp_agent_scheduler [None req-afc8d2d5-5fdd-4dd1-bd8e-48489f0af3a2 d03d9b32f7094fac92317089e5e9aa1c 0d7126b00e9b4e13b60ca1876a4f5411 - - default default] No more DHCP agents
2026-05-12 17:47:00.562 8 WARNING neutron.api.rpc.agentnotifiers.dhcp_rpc_agent_api [None req-afc8d2d5-5fdd-4dd1-bd8e-48489f0af3a2 d03d9b32f7094fac92317089e5e9aa1c 0d7126b00e9b4e13b60ca1876a4f5411 - - default default] Unable to schedule network 399e594d-12df-477e-8ba2-cd756138b260: no agents available; will retry on subsequent port and subnet creation events. [pid: 7|app: 0|req: 940/1955] 10.0.0.54 () {34 vars in 1099 bytes} [Tue May 12 17:47:00 2026] GET /v2.0/security-groups?name=tempest-secgroup-smoke-2066015258&fields=id&tenant_id=e0fc88889e404180a555ad2c27bd559c => generated 69 bytes in 58 msecs (HTTP/1.1 200) 4 headers in 156 bytes (1 switches on core 0)
2026-05-12 17:47:00.722 8 INFO neutron.services.segments.plugin [-] Segment dbaa3876-3863-473a-b1a3-c27f45ce28a4 resource provider aggregate not found
2026-05-12 17:47:00.729 8 INFO neutron.services.segments.plugin [-] Segment dbaa3876-3863-473a-b1a3-c27f45ce28a4 resource provider aggregate not found
2026-05-12 17:47:00.750 8 INFO neutron.services.segments.plugin [-] Segment dbaa3876-3863-473a-b1a3-c27f45ce28a4 resource provider not found; error: Placement Client Error (4xx): {"errors": [{"status": 404, "title": "Not Found", "detail": "The resource could not be found.\n\n No resource provider with uuid dbaa3876-3863-473a-b1a3-c27f45ce28a4 found for delete ", "request_id": "req-8ca47bba-08d4-4470-b093-eb965d7729a5"}]}
2026-05-12 17:47:00.753 8 INFO neutron.services.segments.plugin [-] Segment dbaa3876-3863-473a-b1a3-c27f45ce28a4 resource provider not found; error: Placement Client Error (4xx): {"errors": [{"status": 404, "title": "Not Found", "detail": "The resource could not be found.\n\n No resource provider with uuid dbaa3876-3863-473a-b1a3-c27f45ce28a4 found for delete ", "request_id": "req-b56a665a-a756-454f-af98-070b14831dfb"}]}
2026-05-12 17:47:00.823 7 INFO neutron_taas.services.taas.taas_plugin [None req-014ff34b-24e4-478b-8df4-48084aa841df 8d6cefc48c824231927dd7751d5c82ad e9abf9c0afcd43c19a0ad5f91414c1ab - - default default] TaaS: Handle Delete Port: bcef4599-89c8-47d1-bbfd-b0ee1aafd8f7
2026-05-12 17:47:00.829 7 INFO neutron_taas.services.taas.tap_mirror_plugin [None req-014ff34b-24e4-478b-8df4-48084aa841df 8d6cefc48c824231927dd7751d5c82ad e9abf9c0afcd43c19a0ad5f91414c1ab - - default default] Tap Mirror: Handle Delete Port: bcef4599-89c8-47d1-bbfd-b0ee1aafd8f7
2026-05-12 17:47:00.886 8 INFO neutron.db.ovn_revision_numbers_db [None req-afc8d2d5-5fdd-4dd1-bd8e-48489f0af3a2 d03d9b32f7094fac92317089e5e9aa1c 0d7126b00e9b4e13b60ca1876a4f5411 - - default default] Successfully bumped revision number for resource f1d021f5-8555-4541-820e-a936a14f2d12 (type: router_ports) to 1 [pid: 8|app: 0|req: 1016/1956] 10.0.0.199 () {34 vars in 783 bytes} [Tue May 12 17:46:59 2026] PUT /v2.0/routers/41c22e85-bd07-4023-a6d4-ab002929eac8/add_router_interface => generated 309 bytes in 1704 msecs (HTTP/1.1 200) 4 headers in 157 bytes (1 switches on core 0) [pid: 8|app: 0|req: 1017/1957] 10.0.0.54 () {34 vars in 981 bytes} [Tue May 12 17:47:00 2026] GET /v2.0/networks?id=fa459ceb-d2e1-4a0f-9016-7a2528709706 => generated 711 bytes in 50 msecs (HTTP/1.1 200) 4 headers in 157 bytes (1 switches on core 0)
2026-05-12 17:47:01.116 8 WARNING neutron.plugins.ml2.drivers.ovn.mech_driver.ovsdb.ovn_client [None req-f84c6f44-78cf-4e59-b96c-9ed0d4e9877a - - - - - -] No hosting information found for port 9abdfb9f-7ae5-4215-a96b-8e5e7a97ff95: RuntimeError: No hosting information found for port 9abdfb9f-7ae5-4215-a96b-8e5e7a97ff95
2026-05-12 17:47:01.217 8 INFO neutron.db.ovn_revision_numbers_db [None req-f84c6f44-78cf-4e59-b96c-9ed0d4e9877a - - - - - -] Successfully bumped revision number for resource 9abdfb9f-7ae5-4215-a96b-8e5e7a97ff95 (type: router_ports) to 2
2026-05-12 17:47:01.254 8 INFO neutron.db.ovn_revision_numbers_db [None req-e33cc0fc-763b-49be-88a9-99b1d9d889e7 785fa257ffda4ef4b47d9c64a244b530 52b6bc5d765f4c70a9b04068867356c0 - - default default] Successfully bumped revision number for resource a7550da7-f2f0-4599-90ea-fb7b6c0587a4 (type: security_groups) to 1
2026-05-12 17:47:01.269 8 INFO neutron.db.ovn_revision_numbers_db [None req-e33cc0fc-763b-49be-88a9-99b1d9d889e7 785fa257ffda4ef4b47d9c64a244b530 52b6bc5d765f4c70a9b04068867356c0 - - default default] Successfully bumped revision number for resource 7801ef04-c3f7-47cf-a20f-cdb4b64b063a (type: security_group_rules) to 0
2026-05-12 17:47:01.285 8 INFO neutron.db.ovn_revision_numbers_db [None req-e33cc0fc-763b-49be-88a9-99b1d9d889e7 785fa257ffda4ef4b47d9c64a244b530 52b6bc5d765f4c70a9b04068867356c0 - - default default] Successfully bumped revision number for resource 7e7af5b3-1d59-4993-bccb-52c50f2b23ed (type: security_group_rules) to 0
2026-05-12 17:47:01.294 8 INFO neutron.db.ovn_revision_numbers_db [None req-e33cc0fc-763b-49be-88a9-99b1d9d889e7 785fa257ffda4ef4b47d9c64a244b530 52b6bc5d765f4c70a9b04068867356c0 - - default default] Successfully bumped revision number for resource a2986118-e006-49ba-a6a3-9a909dbd5298 (type: security_group_rules) to 0
2026-05-12 17:47:01.305 8 INFO neutron.db.ovn_revision_numbers_db [None req-e33cc0fc-763b-49be-88a9-99b1d9d889e7 785fa257ffda4ef4b47d9c64a244b530 52b6bc5d765f4c70a9b04068867356c0 - - default default] Successfully bumped revision number for resource c3ee402b-94df-47e2-9fff-648d87b823d6 (type: security_group_rules) to 0 [pid: 8|app: 0|req: 1018/1958] 10.0.0.199 () {32 vars in 774 bytes} [Tue May 12 17:47:00 2026] GET /v2.0/security-groups?tenant_id=11b3e997aa064ee3a7c9a580fafe793a&name=default => generated 2925 bytes in 416 msecs (HTTP/1.1 200) 4 headers in 158 bytes (1 switches on core 0) [pid: 7|app: 0|req: 941/1959] 10.0.0.199 () {32 vars in 726 bytes} [Tue May 12 17:47:00 2026] DELETE /v2.0/networks/b8635423-a6fd-4886-82e5-9714e2b6e2b5 => generated 0 bytes in 762 msecs (HTTP/1.1 204) 3 headers in 131 bytes (1 switches on core 0)
2026-05-12 17:47:01.363 7 INFO neutron.db.ovn_revision_numbers_db [None req-e46c22ac-6783-4e2a-8512-d4fe5666b46c - - - - - -] Successfully bumped revision number for resource f1d021f5-8555-4541-820e-a936a14f2d12 (type: ports) to 2 [pid: 7|app: 0|req: 942/1960] 10.0.0.54 () {34 vars in 964 bytes} [Tue May 12 17:47:01 2026] GET /v2.0/quotas/e0fc88889e404180a555ad2c27bd559c => generated 292 bytes in 23 msecs (HTTP/1.1 200) 4 headers in 157 bytes (1 switches on core 0) [pid: 8|app: 0|req: 1019/1961] 10.0.0.199 () {32 vars in 649 bytes} [Tue May 12 17:47:01 2026] GET /v2.0/networks => generated 4663 bytes in 50 msecs (HTTP/1.1 200) 4 headers in 158 bytes (1 switches on core 0) [pid: 8|app: 0|req: 1020/1962] 10.0.0.54 () {34 vars in 1001 bytes} [Tue May 12 17:47:01 2026] GET /v2.0/ports?tenant_id=e0fc88889e404180a555ad2c27bd559c&fields=id => generated 103 bytes in 54 msecs (HTTP/1.1 200) 4 headers in 157 bytes (1 switches on core 0) [pid: 8|app: 0|req: 1021/1963] 10.0.0.199 () {32 vars in 647 bytes} [Tue May 12 17:47:01 2026] GET /v2.0/subnets => generated 3329 bytes in 35 msecs (HTTP/1.1 200) 4 headers in 158 bytes (1 switches on core 0) [pid: 8|app: 0|req: 1022/1964] 10.0.0.54 () {34 vars in 1007 bytes} [Tue May 12 17:47:01 2026] GET /v2.0/networks/fa459ceb-d2e1-4a0f-9016-7a2528709706?fields=segments => generated 14 bytes in 39 msecs (HTTP/1.1 200) 4 headers in 156 bytes (1 switches on core 0) [pid: 8|app: 0|req: 1023/1965] 10.0.0.199 () {32 vars in 647 bytes} [Tue May 12 17:47:01 2026] GET /v2.0/routers => generated 2900 bytes in 97 msecs (HTTP/1.1 200) 4 headers in 158 bytes (1 switches on core 0) [pid: 7|app: 0|req: 943/1966] 10.0.0.199 () {32 vars in 740 bytes} [Tue May 12 17:47:01 2026] DELETE /v2.0/security-groups/a7550da7-f2f0-4599-90ea-fb7b6c0587a4 => generated 0 bytes in 331 msecs (HTTP/1.1 204) 2 headers in 112 bytes (1 switches on core 0) [pid: 8|app: 0|req: 1024/1967] 10.0.0.54 () {34 vars in 1107 bytes} [Tue May 12 17:47:01 2026] GET /v2.0/networks/fa459ceb-d2e1-4a0f-9016-7a2528709706?fields=provider%3Aphysical_network&fields=provider%3Anetwork_type => generated 79 bytes in 99 msecs (HTTP/1.1 200) 4 headers in 156 bytes (1 switches on core 0)
2026-05-12 17:47:01.891 7 INFO neutron.db.ovn_revision_numbers_db [None req-af7c52fc-fbd7-4371-9af8-4581e0a9b805 d03d9b32f7094fac92317089e5e9aa1c 0d7126b00e9b4e13b60ca1876a4f5411 - - default default] Successfully bumped revision number for resource 09374d6c-5a03-4ee3-bc8a-b94db39e387b (type: security_groups) to 1 [pid: 8|app: 0|req: 1025/1968] 10.0.0.54 () {34 vars in 989 bytes} [Tue May 12 17:47:01 2026] GET /v2.0/ports?device_id=3519afc1-5e66-40bf-89a5-49a5e77db67c => generated 12 bytes in 20 msecs (HTTP/1.1 200) 4 headers in 156 bytes (1 switches on core 0)
2026-05-12 17:47:01.904 7 INFO neutron.db.ovn_revision_numbers_db [None req-af7c52fc-fbd7-4371-9af8-4581e0a9b805 d03d9b32f7094fac92317089e5e9aa1c 0d7126b00e9b4e13b60ca1876a4f5411 - - default default] Successfully bumped revision number for resource 0fdd5144-dd12-4721-bec5-4280cfdf07f8 (type: security_group_rules) to 0
2026-05-12 17:47:01.917 7 INFO neutron.db.ovn_revision_numbers_db [None req-af7c52fc-fbd7-4371-9af8-4581e0a9b805 d03d9b32f7094fac92317089e5e9aa1c 0d7126b00e9b4e13b60ca1876a4f5411 - - default default] Successfully bumped revision number for resource 99ad564b-d55b-4ea0-bf5d-ef15bccb6453 (type: security_group_rules) to 0 [pid: 7|app: 0|req: 944/1969] 10.0.0.199 () {34 vars in 685 bytes} [Tue May 12 17:47:01 2026] POST /v2.0/security-groups => generated 1675 bytes in 243 msecs (HTTP/1.1 201) 4 headers in 163 bytes (1 switches on core 0)
2026-05-12 17:47:02.118 8 INFO neutron.db.ovn_revision_numbers_db [None req-fe8f216b-a4bc-4abb-8841-980a5e57d6af d03d9b32f7094fac92317089e5e9aa1c 0d7126b00e9b4e13b60ca1876a4f5411 - - default default] Successfully bumped revision number for resource 28e555f2-efc5-4e09-aba8-4aac8a50dcba (type: security_group_rules) to 0
2026-05-12 17:47:02.149 7 INFO neutron.services.segments.plugin [-] Segment 61f56a0f-b490-487f-acc9-3cef5c517ac0 resource provider aggregate not found
2026-05-12 17:47:02.153 7 INFO neutron.services.segments.plugin [-] Segment 61f56a0f-b490-487f-acc9-3cef5c517ac0 resource provider aggregate not found
2026-05-12 17:47:02.161 7 INFO neutron.services.segments.plugin [-] Segment 61f56a0f-b490-487f-acc9-3cef5c517ac0 resource provider not found; error: Placement Client Error (4xx): {"errors": [{"status": 404, "title": "Not Found", "detail": "The resource could not be found.\n\n No resource provider with uuid 61f56a0f-b490-487f-acc9-3cef5c517ac0 found for delete ", "request_id": "req-e2b32a15-8ed1-4632-ad17-2fb2c1c86f4f"}]} [pid: 8|app: 0|req: 1026/1970] 10.0.0.199 () {34 vars in 695 bytes} [Tue May 12 17:47:01 2026] POST /v2.0/security-group-rules => generated 597 bytes in 193 msecs (HTTP/1.1 201) 4 headers in 162 bytes (1 switches on core 0)
2026-05-12 17:47:02.167 7 INFO neutron.services.segments.plugin [-] Segment 61f56a0f-b490-487f-acc9-3cef5c517ac0 resource provider not found; error: Placement Client Error (4xx): {"errors": [{"status": 404, "title": "Not Found", "detail": "The resource could not be found.\n\n No resource provider with uuid 61f56a0f-b490-487f-acc9-3cef5c517ac0 found for delete ", "request_id": "req-de138d0a-8af6-4b27-b9f5-4924bdb1c782"}]}
2026-05-12 17:47:02.172 7 INFO neutron.services.segments.plugin [-] Segment c6ef942b-1220-46d5-8b5f-2736b47530d3 resource provider aggregate not found
2026-05-12 17:47:02.182 7 INFO neutron.services.segments.plugin [-] Segment c6ef942b-1220-46d5-8b5f-2736b47530d3 resource provider not found; error: Placement Client Error (4xx): {"errors": [{"status": 404, "title": "Not Found", "detail": "The resource could not be found.\n\n No resource provider with uuid c6ef942b-1220-46d5-8b5f-2736b47530d3 found for delete ", "request_id": "req-9a2d56e6-5c21-40df-bd92-c01e86aa3339"}]}
2026-05-12 17:47:02.184 7 INFO neutron.services.segments.plugin [-] Segment c6ef942b-1220-46d5-8b5f-2736b47530d3 resource provider aggregate not found
2026-05-12 17:47:02.203 7 INFO neutron.services.segments.plugin [-] Segment c6ef942b-1220-46d5-8b5f-2736b47530d3 resource provider not found; error: Placement Client Error (4xx): {"errors": [{"status": 404, "title": "Not Found", "detail": "The resource could not be found.\n\n No resource provider with uuid c6ef942b-1220-46d5-8b5f-2736b47530d3 found for delete ", "request_id": "req-abb9d3d9-9510-4aa5-8799-95cc2f5cddee"}]}
2026-05-12 17:47:02.323 7 INFO neutron.db.ovn_revision_numbers_db [None req-b9fc80a1-ec4c-4a7a-b005-9e0f98ac1852 d03d9b32f7094fac92317089e5e9aa1c 0d7126b00e9b4e13b60ca1876a4f5411 - - default default] Successfully bumped revision number for resource c16e48e3-6c7f-4701-b979-80c1961de3c9 (type: security_group_rules) to 0 [pid: 7|app: 0|req: 945/1971] 10.0.0.199 () {34 vars in 695 bytes} [Tue May 12 17:47:02 2026] POST /v2.0/security-group-rules => generated 596 bytes in 192 msecs (HTTP/1.1 201) 4 headers in 162 bytes (1 switches on core 0)
2026-05-12 17:47:02.479 8 INFO neutron.db.ovn_revision_numbers_db [None req-b146520d-b5a1-4d93-bba1-4cda6d95983a 785fa257ffda4ef4b47d9c64a244b530 52b6bc5d765f4c70a9b04068867356c0 - - default default] Successfully bumped revision number for resource fc6a7361-709f-4a98-ba84-64d815f35772 (type: security_groups) to 1
2026-05-12 17:47:02.491 8 INFO neutron.db.ovn_revision_numbers_db [None req-b146520d-b5a1-4d93-bba1-4cda6d95983a 785fa257ffda4ef4b47d9c64a244b530 52b6bc5d765f4c70a9b04068867356c0 - - default default] Successfully bumped revision number for resource 2d701108-403a-4fbc-bec8-f5639513bf1a (type: security_group_rules) to 0
2026-05-12 17:47:02.503 8 INFO neutron.db.ovn_revision_numbers_db [None req-b146520d-b5a1-4d93-bba1-4cda6d95983a 785fa257ffda4ef4b47d9c64a244b530 52b6bc5d765f4c70a9b04068867356c0 - - default default] Successfully bumped revision number for resource 6dedbb56-223b-4c78-bc39-a40a77719bb2 (type: security_group_rules) to 0
2026-05-12 17:47:02.513 8 INFO neutron.db.ovn_revision_numbers_db [None req-b146520d-b5a1-4d93-bba1-4cda6d95983a 785fa257ffda4ef4b47d9c64a244b530 52b6bc5d765f4c70a9b04068867356c0 - - default default] Successfully bumped revision number for resource c92cb2e1-f1c8-4434-95b0-482c6e5fe788 (type: security_group_rules) to 0
2026-05-12 17:47:02.524 8 INFO neutron.db.ovn_revision_numbers_db [None req-b146520d-b5a1-4d93-bba1-4cda6d95983a 785fa257ffda4ef4b47d9c64a244b530 52b6bc5d765f4c70a9b04068867356c0 - - default default] Successfully bumped revision number for resource def9d025-ab68-4f13-b27c-e9255395070d (type: security_group_rules) to 0
2026-05-12 17:47:02.553 7 INFO neutron.db.ovn_revision_numbers_db [None req-39776fa4-5be1-470d-b42b-f16040f95923 d03d9b32f7094fac92317089e5e9aa1c 0d7126b00e9b4e13b60ca1876a4f5411 - - default default] Successfully bumped revision number for resource 483d6712-3c5f-447c-a523-25d974c419de (type: security_group_rules) to 0 [pid: 8|app: 0|req: 1027/1972] 10.0.0.199 () {32 vars in 774 bytes} [Tue May 12 17:47:02 2026] GET /v2.0/security-groups?tenant_id=e23d2587647241f284831fb25a7ab3e6&name=default => generated 2925 bytes in 368 msecs (HTTP/1.1 200) 4 headers in 158 bytes (1 switches on core 0) [pid: 7|app: 0|req: 946/1973] 10.0.0.199 () {34 vars in 695 bytes} [Tue May 12 17:47:02 2026] POST /v2.0/security-group-rules => generated 602 bytes in 226 msecs (HTTP/1.1 201) 4 headers in 162 bytes (1 switches on core 0)
2026-05-12 17:47:02.732 7 INFO neutron.db.ovn_revision_numbers_db [None req-0f77f3a6-f530-44c7-90ef-765baec747f5 d03d9b32f7094fac92317089e5e9aa1c 0d7126b00e9b4e13b60ca1876a4f5411 - - default default] Successfully bumped revision number for resource 42e416f2-794c-458c-9d02-8eddc23c0dc2 (type: security_group_rules) to 0 [pid: 7|app: 0|req: 947/1974] 10.0.0.199 () {34 vars in 695 bytes} [Tue May 12 17:47:02 2026] POST /v2.0/security-group-rules => generated 601 bytes in 155 msecs (HTTP/1.1 201) 4 headers in 162 bytes (1 switches on core 0) [pid: 7|app: 0|req: 948/1975] 10.0.0.163 () {28 vars in 619 bytes} [Tue May 12 17:47:02 2026] GET /v2.0/network-ip-availabilities => generated 2495 bytes in 67 msecs (HTTP/1.1 200) 4 headers in 158 bytes (1 switches on core 0) [pid: 8|app: 0|req: 1028/1976] 10.0.0.199 () {32 vars in 740 bytes} [Tue May 12 17:47:02 2026] DELETE /v2.0/security-groups/fc6a7361-709f-4a98-ba84-64d815f35772 => generated 0 bytes in 259 msecs (HTTP/1.1 204) 2 headers in 112 bytes (1 switches on core 0) [pid: 8|app: 0|req: 1029/1977] 10.0.0.163 () {28 vars in 591 bytes} [Tue May 12 17:47:02 2026] GET /v2.0/floatingips => generated 555 bytes in 24 msecs (HTTP/1.1 200) 4 headers in 157 bytes (1 switches on core 0)
2026-05-12 17:47:02.860 7 INFO neutron.db.securitygroups_db [None req-625156e0-044b-4b6f-ad1d-7b1089304973 d03d9b32f7094fac92317089e5e9aa1c 0d7126b00e9b4e13b60ca1876a4f5411 - - default default] Project 0d7126b00e9b4e13b60ca1876a4f5411 added a security group rule with legacy IPv6 ICMP protocol name icmp, ipv6-icmp should be used instead. It was automatically converted. [pid: 8|app: 0|req: 1030/1978] 10.0.0.163 () {28 vars in 585 bytes} [Tue May 12 17:47:02 2026] GET /v2.0/networks => generated 4663 bytes in 52 msecs (HTTP/1.1 200) 4 headers in 158 bytes (1 switches on core 0) [pid: 8|app: 0|req: 1031/1979] 10.0.0.163 () {28 vars in 599 bytes} [Tue May 12 17:47:02 2026] GET /v2.0/security-groups => generated 41943 bytes in 49 msecs (HTTP/1.1 200) 4 headers in 159 bytes (1 switches on core 0) [pid: 8|app: 0|req: 1032/1980] 10.0.0.54 () {34 vars in 989 bytes} [Tue May 12 17:47:02 2026] GET /v2.0/ports?device_id=3519afc1-5e66-40bf-89a5-49a5e77db67c => generated 12 bytes in 13 msecs (HTTP/1.1 200) 4 headers in 156 bytes (1 switches on core 0)
2026-05-12 17:47:02.996 7 INFO neutron.db.ovn_revision_numbers_db [None req-625156e0-044b-4b6f-ad1d-7b1089304973 d03d9b32f7094fac92317089e5e9aa1c 0d7126b00e9b4e13b60ca1876a4f5411 - - default default] Successfully bumped revision number for resource 6c18b094-e4b3-42c4-ad03-d1fcfbb29ce7 (type: security_group_rules) to 0 [pid: 7|app: 0|req: 949/1981] 10.0.0.199 () {34 vars in 695 bytes} [Tue May 12 17:47:02 2026] POST /v2.0/security-group-rules => generated 607 bytes in 200 msecs (HTTP/1.1 201) 4 headers in 162 bytes (1 switches on core 0) [pid: 8|app: 0|req: 1033/1982] 10.0.0.163 () {28 vars in 583 bytes} [Tue May 12 17:47:02 2026] GET /v2.0/subnets => generated 3329 bytes in 41 msecs (HTTP/1.1 200) 4 headers in 158 bytes (1 switches on core 0)
2026-05-12 17:47:03.067 8 INFO neutron.db.securitygroups_db [None req-2e6433c6-9cad-4337-a0d7-d2bdfa9b857f d03d9b32f7094fac92317089e5e9aa1c 0d7126b00e9b4e13b60ca1876a4f5411 - - default default] Project 0d7126b00e9b4e13b60ca1876a4f5411 added a security group rule with legacy IPv6 ICMP protocol name icmp, ipv6-icmp should be used instead. It was automatically converted.
2026-05-12 17:47:03.206 7 INFO neutron.db.ovn_revision_numbers_db [None req-0d9df369-e16a-4772-b208-9ae11bc52e28 785fa257ffda4ef4b47d9c64a244b530 52b6bc5d765f4c70a9b04068867356c0 - - default default] Successfully bumped revision number for resource b91f15d7-0ad3-474c-b506-9ec1c28bc5c8 (type: security_groups) to 1
2026-05-12 17:47:03.218 8 INFO neutron.db.ovn_revision_numbers_db [None req-2e6433c6-9cad-4337-a0d7-d2bdfa9b857f d03d9b32f7094fac92317089e5e9aa1c 0d7126b00e9b4e13b60ca1876a4f5411 - - default default] Successfully bumped revision number for resource 2bc67fc4-7368-48e2-8169-98ef650533b3 (type: security_group_rules) to 0
2026-05-12 17:47:03.227 7 INFO neutron.db.ovn_revision_numbers_db [None req-0d9df369-e16a-4772-b208-9ae11bc52e28 785fa257ffda4ef4b47d9c64a244b530 52b6bc5d765f4c70a9b04068867356c0 - - default default] Successfully bumped revision number for resource b67d45c7-30ed-4294-85ac-b85d236cbbde (type: security_group_rules) to 0
2026-05-12 17:47:03.241 7 INFO neutron.db.ovn_revision_numbers_db [None req-0d9df369-e16a-4772-b208-9ae11bc52e28 785fa257ffda4ef4b47d9c64a244b530 52b6bc5d765f4c70a9b04068867356c0 - - default default] Successfully bumped revision number for resource ce7c33e7-3999-4626-bcd6-b1ed01114da9 (type: security_group_rules) to 0 [pid: 8|app: 0|req: 1034/1983] 10.0.0.199 () {34 vars in 695 bytes} [Tue May 12 17:47:03 2026] POST /v2.0/security-group-rules => generated 606 bytes in 216 msecs (HTTP/1.1 201) 4 headers in 162 bytes (1 switches on core 0)
