2026-05-12 17:46:42.018 8 WARNING neutron.api.rpc.agentnotifiers.dhcp_rpc_agent_api [None req-1c59492c-d229-492b-8959-fcb1dd3d9c98 da2c1461441b428790c5a50b76437dd9 17ffb4ba08e7423f865f11803d1d7274 - - default default] Unable to schedule network 832309f5-d5fa-4e67-a444-2f41237d79fa: no agents available; will retry on subsequent port and subnet creation events.
2026-05-12 17:46:42.095 8 INFO neutron.db.ovn_revision_numbers_db [None req-1c59492c-d229-492b-8959-fcb1dd3d9c98 da2c1461441b428790c5a50b76437dd9 17ffb4ba08e7423f865f11803d1d7274 - - default default] Successfully bumped revision number for resource 06c49ad6-0705-46ee-9bf6-a920ac17b70f (type: ports) to 1
2026-05-12 17:46:42.117 7 INFO neutron.plugins.ml2.drivers.ovn.mech_driver.mech_driver [None req-e46c22ac-6783-4e2a-8512-d4fe5666b46c - - - - - -] OVN reports status down for port: 06c49ad6-0705-46ee-9bf6-a920ac17b70f [pid: 8|app: 0|req: 969/1877] 10.0.0.199 () {34 vars in 670 bytes} [Tue May 12 17:46:41 2026] POST /v2.0/networks => generated 767 bytes in 555 msecs (HTTP/1.1 201) 4 headers in 162 bytes (1 switches on core 0) [pid: 8|app: 0|req: 970/1878] 10.0.0.199 () {32 vars in 750 bytes} [Tue May 12 17:46:42 2026] DELETE /v2.0/security-group-rules/6d7720ed-6f74-4160-8839-3d763ec3730b => generated 0 bytes in 113 msecs (HTTP/1.1 204) 2 headers in 112 bytes (1 switches on core 0)
2026-05-12 17:46:42.341 8 WARNING neutron.scheduler.dhcp_agent_scheduler [None req-503d456a-52b0-4fa1-8a83-20219ced71f0 da2c1461441b428790c5a50b76437dd9 17ffb4ba08e7423f865f11803d1d7274 - - default default] No more DHCP agents
2026-05-12 17:46:42.342 8 WARNING neutron.api.rpc.agentnotifiers.dhcp_rpc_agent_api [None req-503d456a-52b0-4fa1-8a83-20219ced71f0 da2c1461441b428790c5a50b76437dd9 17ffb4ba08e7423f865f11803d1d7274 - - default default] Unable to schedule network 832309f5-d5fa-4e67-a444-2f41237d79fa: no agents available; will retry on subsequent port and subnet creation events.
2026-05-12 17:46:42.588 7 INFO neutron.db.ovn_revision_numbers_db [None req-4f72bb4a-1701-44bc-b977-aec2e510e0f7 - - - - - -] Successfully bumped revision number for resource 62c3cf65-5266-4a1a-b0da-f95e16deb486 (type: ports) to 2
2026-05-12 17:46:42.637 7 INFO neutron.db.ovn_revision_numbers_db [None req-4f72bb4a-1701-44bc-b977-aec2e510e0f7 - - - - - -] Successfully bumped revision number for resource dce1c955-9b94-4939-9e10-a23c69917acd (type: subnets) to 0 [pid: 7|app: 0|req: 909/1879] 10.0.0.199 () {34 vars in 669 bytes} [Tue May 12 17:46:41 2026] POST /v2.0/subnets => generated 688 bytes in 796 msecs (HTTP/1.1 201) 4 headers in 162 bytes (1 switches on core 0) [pid: 7|app: 0|req: 910/1880] 10.0.0.199 () {32 vars in 673 bytes} [Tue May 12 17:46:42 2026] GET /v2.0/security-group-rules => generated 3560 bytes in 45 msecs (HTTP/1.1 200) 4 headers in 158 bytes (1 switches on core 0)
2026-05-12 17:46:42.816 8 INFO neutron.db.ovn_revision_numbers_db [None req-fbfd3dc1-7c8f-4e60-a342-0130cddf83a8 - - - - - -] Successfully bumped revision number for resource 06c49ad6-0705-46ee-9bf6-a920ac17b70f (type: ports) to 2
2026-05-12 17:46:42.852 8 INFO neutron.db.ovn_revision_numbers_db [None req-fbfd3dc1-7c8f-4e60-a342-0130cddf83a8 - - - - - -] Successfully bumped revision number for resource abba1802-963e-448e-9cb9-a615150f43c5 (type: subnets) to 0 [pid: 8|app: 0|req: 971/1881] 10.0.0.199 () {34 vars in 669 bytes} [Tue May 12 17:46:42 2026] POST /v2.0/subnets => generated 647 bytes in 638 msecs (HTTP/1.1 201) 4 headers in 162 bytes (1 switches on core 0) [pid: 8|app: 0|req: 972/1882] 10.0.0.199 () {32 vars in 740 bytes} [Tue May 12 17:46:42 2026] DELETE /v2.0/security-groups/b106e2d6-6ce3-47af-a402-3f3fa3eb580e => generated 0 bytes in 112 msecs (HTTP/1.1 204) 2 headers in 112 bytes (1 switches on core 0)
2026-05-12 17:46:43.155 7 WARNING neutron.scheduler.dhcp_agent_scheduler [None req-adafa649-14b3-4cae-b249-322476f150a3 785fa257ffda4ef4b47d9c64a244b530 52b6bc5d765f4c70a9b04068867356c0 - - default default] No more DHCP agents
2026-05-12 17:46:43.156 7 WARNING neutron.api.rpc.agentnotifiers.dhcp_rpc_agent_api [None req-adafa649-14b3-4cae-b249-322476f150a3 785fa257ffda4ef4b47d9c64a244b530 52b6bc5d765f4c70a9b04068867356c0 - - default default] Unable to schedule network e3ab3cc2-453b-4170-9ef9-1e206ec55f87: no agents available; will retry on subsequent port and subnet creation events. [pid: 8|app: 0|req: 973/1883] 10.0.0.199 () {34 vars in 681 bytes} [Tue May 12 17:46:42 2026] POST /v2.0/rbac-policies => generated 324 bytes in 246 msecs (HTTP/1.1 201) 4 headers in 162 bytes (1 switches on core 0) [pid: 8|app: 0|req: 974/1884] 10.0.0.199 () {32 vars in 663 bytes} [Tue May 12 17:46:43 2026] GET /v2.0/security-groups => generated 2925 bytes in 37 msecs (HTTP/1.1 200) 4 headers in 158 bytes (1 switches on core 0)
2026-05-12 17:46:43.287 7 INFO neutron.plugins.ml2.drivers.ovn.mech_driver.mech_driver [None req-e46c22ac-6783-4e2a-8512-d4fe5666b46c - - - - - -] OVN reports status down for port: 52c3e7da-c004-4d28-9199-6baae729e69e [pid: 8|app: 0|req: 975/1885] 10.0.0.199 () {32 vars in 663 bytes} [Tue May 12 17:46:43 2026] GET /v2.0/security-groups => generated 2925 bytes in 31 msecs (HTTP/1.1 200) 4 headers in 158 bytes (1 switches on core 0)
2026-05-12 17:46:43.356 7 INFO neutron.db.ovn_revision_numbers_db [None req-adafa649-14b3-4cae-b249-322476f150a3 785fa257ffda4ef4b47d9c64a244b530 52b6bc5d765f4c70a9b04068867356c0 - - default default] Successfully bumped revision number for resource 52c3e7da-c004-4d28-9199-6baae729e69e (type: ports) to 1 [pid: 8|app: 0|req: 976/1886] 10.0.0.199 () {32 vars in 723 bytes} [Tue May 12 17:46:43 2026] GET /v2.0/networks/832309f5-d5fa-4e67-a444-2f41237d79fa => generated 692 bytes in 275 msecs (HTTP/1.1 200) 4 headers in 157 bytes (1 switches on core 0) [pid: 8|app: 0|req: 977/1887] 10.0.0.199 () {32 vars in 774 bytes} [Tue May 12 17:46:43 2026] GET /v2.0/security-groups?tenant_id=799fa869c46a4be8bf53b096b7ed0995&name=default => generated 2925 bytes in 114 msecs (HTTP/1.1 200) 4 headers in 158 bytes (1 switches on core 0)
2026-05-12 17:46:44.031 7 INFO neutron.plugins.ml2.drivers.ovn.mech_driver.ovsdb.commands [None req-d894b610-0789-4d7a-bddd-b4ef9a182d77 - - - - - -] Schedule LRP lrp-52c3e7da-c004-4d28-9199-6baae729e69e on gateway 2f6607ec-5552-47a6-be26-2531b1e1d493 with priority 1
2026-05-12 17:46:44.087 7 INFO neutron.plugins.ml2.drivers.ovn.mech_driver.mech_driver [None req-e46c22ac-6783-4e2a-8512-d4fe5666b46c - - - - - -] OVN reports status up for port: 52c3e7da-c004-4d28-9199-6baae729e69e
2026-05-12 17:46:44.123 7 INFO neutron.plugins.ml2.plugin [None req-e46c22ac-6783-4e2a-8512-d4fe5666b46c - - - - - -] Attempt 1 to provision port 52c3e7da-c004-4d28-9199-6baae729e69e
2026-05-12 17:46:44.130 7 INFO neutron.db.ovn_revision_numbers_db [None req-adafa649-14b3-4cae-b249-322476f150a3 785fa257ffda4ef4b47d9c64a244b530 52b6bc5d765f4c70a9b04068867356c0 - - default default] Successfully bumped revision number for resource 52c3e7da-c004-4d28-9199-6baae729e69e (type: router_ports) to 1
2026-05-12 17:46:44.199 8 INFO neutron.db.ovn_revision_numbers_db [None req-2b5f7c18-b54d-4837-a471-fc6bca847cd5 785fa257ffda4ef4b47d9c64a244b530 52b6bc5d765f4c70a9b04068867356c0 - - default default] Successfully bumped revision number for resource ca5c6227-3de4-4442-b7dc-866fa04a6959 (type: security_groups) to 1
2026-05-12 17:46:44.210 8 INFO neutron.db.ovn_revision_numbers_db [None req-2b5f7c18-b54d-4837-a471-fc6bca847cd5 785fa257ffda4ef4b47d9c64a244b530 52b6bc5d765f4c70a9b04068867356c0 - - default default] Successfully bumped revision number for resource 290dbf24-2b2a-4b61-b60b-6545c8f54326 (type: security_group_rules) to 0
2026-05-12 17:46:44.220 8 INFO neutron.db.ovn_revision_numbers_db [None req-2b5f7c18-b54d-4837-a471-fc6bca847cd5 785fa257ffda4ef4b47d9c64a244b530 52b6bc5d765f4c70a9b04068867356c0 - - default default] Successfully bumped revision number for resource 2c127243-7eea-4816-8d8e-af6d98ff0f5a (type: security_group_rules) to 0
2026-05-12 17:46:44.231 8 INFO neutron.db.ovn_revision_numbers_db [None req-2b5f7c18-b54d-4837-a471-fc6bca847cd5 785fa257ffda4ef4b47d9c64a244b530 52b6bc5d765f4c70a9b04068867356c0 - - default default] Successfully bumped revision number for resource 3f42da37-3992-4638-b56f-1018d9728a9c (type: security_group_rules) to 0
2026-05-12 17:46:44.241 8 INFO neutron.db.ovn_revision_numbers_db [None req-2b5f7c18-b54d-4837-a471-fc6bca847cd5 785fa257ffda4ef4b47d9c64a244b530 52b6bc5d765f4c70a9b04068867356c0 - - default default] Successfully bumped revision number for resource 6723d5e1-ed0b-4148-94ec-a3df768c15c7 (type: security_group_rules) to 0
2026-05-12 17:46:44.249 7 INFO neutron.db.ovn_revision_numbers_db [None req-adafa649-14b3-4cae-b249-322476f150a3 785fa257ffda4ef4b47d9c64a244b530 52b6bc5d765f4c70a9b04068867356c0 - - default default] Successfully bumped revision number for resource 3023fe29-2ddc-4a8c-9db7-6c18aba38ce3 (type: routers) to 2 [pid: 8|app: 0|req: 978/1888] 10.0.0.199 () {32 vars in 774 bytes} [Tue May 12 17:46:44 2026] GET /v2.0/security-groups?tenant_id=5d63a34d9c3d4242afcd17f1befaa10f&name=default => generated 2925 bytes in 270 msecs (HTTP/1.1 200) 4 headers in 158 bytes (1 switches on core 0) [pid: 7|app: 0|req: 911/1889] 10.0.0.199 () {34 vars in 669 bytes} [Tue May 12 17:46:42 2026] POST /v2.0/routers => generated 966 bytes in 1591 msecs (HTTP/1.1 201) 4 headers in 162 bytes (1 switches on core 0)
2026-05-12 17:46:44.335 7 INFO neutron.pecan_wsgi.hooks.translation [None req-18523d8c-d1e1-466a-a76f-871dca1ca1c9 74971862f2e14d3b8a28d16d19ef7e3d 6f6ef76dbabf4eec85ad6105b29db131 - - default default] GET failed (client error): The resource could not be found. [pid: 7|app: 0|req: 912/1890] 10.0.0.199 () {32 vars in 723 bytes} [Tue May 12 17:46:44 2026] GET /v2.0/networks/832309f5-d5fa-4e67-a444-2f41237d79fa => generated 138 bytes in 46 msecs (HTTP/1.1 404) 4 headers in 164 bytes (1 switches on core 0) [pid: 8|app: 0|req: 979/1891] 10.0.0.199 () {32 vars in 740 bytes} [Tue May 12 17:46:44 2026] DELETE /v2.0/security-groups/0cc08fc3-5345-4551-a3ec-15429705f843 => generated 0 bytes in 227 msecs (HTTP/1.1 204) 2 headers in 112 bytes (1 switches on core 0) [pid: 7|app: 0|req: 913/1892] 10.0.0.199 () {32 vars in 740 bytes} [Tue May 12 17:46:44 2026] DELETE /v2.0/security-groups/ca5c6227-3de4-4442-b7dc-866fa04a6959 => generated 0 bytes in 227 msecs (HTTP/1.1 204) 2 headers in 112 bytes (1 switches on core 0)
2026-05-12 17:46:44.672 7 INFO neutron_taas.services.taas.taas_plugin [None req-ba7c158a-fd42-4ce0-8658-d47db3a71e85 da2c1461441b428790c5a50b76437dd9 17ffb4ba08e7423f865f11803d1d7274 - - default default] TaaS: Handle Delete Port: 06c49ad6-0705-46ee-9bf6-a920ac17b70f
2026-05-12 17:46:44.674 7 INFO neutron_taas.services.taas.tap_mirror_plugin [None req-ba7c158a-fd42-4ce0-8658-d47db3a71e85 da2c1461441b428790c5a50b76437dd9 17ffb4ba08e7423f865f11803d1d7274 - - default default] Tap Mirror: Handle Delete Port: 06c49ad6-0705-46ee-9bf6-a920ac17b70f
2026-05-12 17:46:44.878 8 WARNING neutron.scheduler.dhcp_agent_scheduler [None req-39e45c49-e2e3-4485-891a-245757e38bbe 785fa257ffda4ef4b47d9c64a244b530 52b6bc5d765f4c70a9b04068867356c0 - - default default] No more DHCP agents
2026-05-12 17:46:44.880 8 WARNING neutron.api.rpc.agentnotifiers.dhcp_rpc_agent_api [None req-39e45c49-e2e3-4485-891a-245757e38bbe 785fa257ffda4ef4b47d9c64a244b530 52b6bc5d765f4c70a9b04068867356c0 - - default default] Unable to schedule network fa459ceb-d2e1-4a0f-9016-7a2528709706: no agents available; will retry on subsequent port and subnet creation events.
2026-05-12 17:46:44.947 7 INFO neutron.services.segments.plugin [-] Segment 2a82e54b-ac01-41f0-a155-80d3cb3de061 resource provider aggregate not found
2026-05-12 17:46:44.954 7 INFO neutron.services.segments.plugin [-] Segment 2a82e54b-ac01-41f0-a155-80d3cb3de061 resource provider aggregate not found
2026-05-12 17:46:44.973 7 INFO neutron.services.segments.plugin [-] Segment 2a82e54b-ac01-41f0-a155-80d3cb3de061 resource provider not found; error: Placement Client Error (4xx): {"errors": [{"status": 404, "title": "Not Found", "detail": "The resource could not be found.\n\n No resource provider with uuid 2a82e54b-ac01-41f0-a155-80d3cb3de061 found for delete ", "request_id": "req-6d8b3e90-b748-4f7d-92af-7e2d33bb9828"}]}
2026-05-12 17:46:44.973 7 INFO neutron.services.segments.plugin [-] Segment 2a82e54b-ac01-41f0-a155-80d3cb3de061 resource provider not found; error: Placement Client Error (4xx): {"errors": [{"status": 404, "title": "Not Found", "detail": "The resource could not be found.\n\n No resource provider with uuid 2a82e54b-ac01-41f0-a155-80d3cb3de061 found for delete ", "request_id": "req-f1e6546c-b7c7-4f97-8182-f8538643e042"}]}
2026-05-12 17:46:44.998 8 INFO neutron.plugins.ml2.drivers.ovn.mech_driver.mech_driver [None req-331751c6-1fcd-4114-95a7-8079f13f3d16 - - - - - -] OVN reports status down for port: 2a4e9da2-ffff-4edc-a77a-cb494b36642e [pid: 7|app: 0|req: 914/1893] 10.0.0.199 () {32 vars in 726 bytes} [Tue May 12 17:46:44 2026] DELETE /v2.0/networks/832309f5-d5fa-4e67-a444-2f41237d79fa => generated 0 bytes in 456 msecs (HTTP/1.1 204) 3 headers in 131 bytes (1 switches on core 0)
2026-05-12 17:46:45.048 7 INFO neutron.pecan_wsgi.hooks.translation [None req-eb9465d9-ddad-4f3d-a698-3a73549f7855 da2c1461441b428790c5a50b76437dd9 17ffb4ba08e7423f865f11803d1d7274 - - default default] DELETE failed (client error): The resource could not be found. [pid: 7|app: 0|req: 915/1894] 10.0.0.199 () {32 vars in 724 bytes} [Tue May 12 17:46:45 2026] DELETE /v2.0/subnets/d1e57513-7f6c-45b6-9a0d-fc1f2535e134 => generated 136 bytes in 24 msecs (HTTP/1.1 404) 4 headers in 164 bytes (1 switches on core 0)
2026-05-12 17:46:45.065 8 INFO neutron.db.ovn_revision_numbers_db [None req-39e45c49-e2e3-4485-891a-245757e38bbe 785fa257ffda4ef4b47d9c64a244b530 52b6bc5d765f4c70a9b04068867356c0 - - default default] Successfully bumped revision number for resource 2a4e9da2-ffff-4edc-a77a-cb494b36642e (type: ports) to 1
2026-05-12 17:46:45.069 7 INFO neutron.pecan_wsgi.hooks.translation [None req-5ae4b170-45c7-43e0-99e0-6da2f8b4c0e0 da2c1461441b428790c5a50b76437dd9 17ffb4ba08e7423f865f11803d1d7274 - - default default] DELETE failed (client error): The resource could not be found. [pid: 7|app: 0|req: 916/1895] 10.0.0.199 () {32 vars in 724 bytes} [Tue May 12 17:46:45 2026] DELETE /v2.0/subnets/f13751da-3f35-43dc-a361-4734aafac3d8 => generated 136 bytes in 16 msecs (HTTP/1.1 404) 4 headers in 164 bytes (1 switches on core 0)
2026-05-12 17:46:45.085 7 INFO neutron.pecan_wsgi.hooks.translation [None req-1fffc97c-c5f4-40d5-9966-508564ed11ae da2c1461441b428790c5a50b76437dd9 17ffb4ba08e7423f865f11803d1d7274 - - default default] DELETE failed (client error): The resource could not be found. [pid: 7|app: 0|req: 917/1896] 10.0.0.199 () {32 vars in 724 bytes} [Tue May 12 17:46:45 2026] DELETE /v2.0/subnets/abba1802-963e-448e-9cb9-a615150f43c5 => generated 136 bytes in 11 msecs (HTTP/1.1 404) 4 headers in 164 bytes (1 switches on core 0)
2026-05-12 17:46:45.717 8 INFO neutron.plugins.ml2.drivers.ovn.mech_driver.mech_driver [None req-331751c6-1fcd-4114-95a7-8079f13f3d16 - - - - - -] OVN reports status up for port: 2a4e9da2-ffff-4edc-a77a-cb494b36642e
2026-05-12 17:46:45.744 8 INFO neutron.plugins.ml2.plugin [None req-331751c6-1fcd-4114-95a7-8079f13f3d16 - - - - - -] Attempt 1 to provision port 2a4e9da2-ffff-4edc-a77a-cb494b36642e
2026-05-12 17:46:45.858 8 WARNING neutron.scheduler.dhcp_agent_scheduler [None req-39e45c49-e2e3-4485-891a-245757e38bbe 785fa257ffda4ef4b47d9c64a244b530 52b6bc5d765f4c70a9b04068867356c0 - - default default] No more DHCP agents
2026-05-12 17:46:45.863 8 WARNING neutron.api.rpc.agentnotifiers.dhcp_rpc_agent_api [None req-39e45c49-e2e3-4485-891a-245757e38bbe 785fa257ffda4ef4b47d9c64a244b530 52b6bc5d765f4c70a9b04068867356c0 - - default default] Unable to schedule network fa459ceb-d2e1-4a0f-9016-7a2528709706: no agents available; will retry on subsequent port and subnet creation events.
2026-05-12 17:46:46.033 7 INFO neutron.db.ovn_revision_numbers_db [None req-7a193fbd-410a-4325-8d04-879267746901 785fa257ffda4ef4b47d9c64a244b530 52b6bc5d765f4c70a9b04068867356c0 - - default default] Successfully bumped revision number for resource 5364c8cd-a11f-4fbd-a096-50e4fb661dfd (type: security_groups) to 1
2026-05-12 17:46:46.044 7 INFO neutron.db.ovn_revision_numbers_db [None req-7a193fbd-410a-4325-8d04-879267746901 785fa257ffda4ef4b47d9c64a244b530 52b6bc5d765f4c70a9b04068867356c0 - - default default] Successfully bumped revision number for resource 07d52c93-1d3f-4117-b752-b0418c9749f4 (type: security_group_rules) to 0
2026-05-12 17:46:46.069 7 INFO neutron.db.ovn_revision_numbers_db [None req-7a193fbd-410a-4325-8d04-879267746901 785fa257ffda4ef4b47d9c64a244b530 52b6bc5d765f4c70a9b04068867356c0 - - default default] Successfully bumped revision number for resource 3abbc923-6996-4512-87e2-11f97597a348 (type: security_group_rules) to 0
2026-05-12 17:46:46.081 7 INFO neutron.db.ovn_revision_numbers_db [None req-7a193fbd-410a-4325-8d04-879267746901 785fa257ffda4ef4b47d9c64a244b530 52b6bc5d765f4c70a9b04068867356c0 - - default default] Successfully bumped revision number for resource 938a02b9-004e-4f5d-a746-1150f0ac6932 (type: security_group_rules) to 0
2026-05-12 17:46:46.094 7 INFO neutron.db.ovn_revision_numbers_db [None req-7a193fbd-410a-4325-8d04-879267746901 785fa257ffda4ef4b47d9c64a244b530 52b6bc5d765f4c70a9b04068867356c0 - - default default] Successfully bumped revision number for resource a256af4f-8df4-4a96-acc3-cf54068b23ce (type: security_group_rules) to 0 [pid: 7|app: 0|req: 918/1897] 10.0.0.199 () {32 vars in 774 bytes} [Tue May 12 17:46:45 2026] GET /v2.0/security-groups?tenant_id=6f6ef76dbabf4eec85ad6105b29db131&name=default => generated 2925 bytes in 364 msecs (HTTP/1.1 200) 4 headers in 158 bytes (1 switches on core 0) [pid: 7|app: 0|req: 919/1898] 10.0.0.199 () {32 vars in 740 bytes} [Tue May 12 17:46:46 2026] DELETE /v2.0/security-groups/5364c8cd-a11f-4fbd-a096-50e4fb661dfd => generated 0 bytes in 230 msecs (HTTP/1.1 204) 2 headers in 112 bytes (1 switches on core 0) [pid: 7|app: 0|req: 920/1899] 10.0.0.199 () {32 vars in 774 bytes} [Tue May 12 17:46:46 2026] GET /v2.0/security-groups?tenant_id=17ffb4ba08e7423f865f11803d1d7274&name=default => generated 2925 bytes in 37 msecs (HTTP/1.1 200) 4 headers in 158 bytes (1 switches on core 0) [pid: 7|app: 0|req: 921/1900] 10.0.0.199 () {32 vars in 740 bytes} [Tue May 12 17:46:46 2026] DELETE /v2.0/security-groups/587ae9e6-10dc-4bd4-bb8c-65adf5e9272e => generated 0 bytes in 254 msecs (HTTP/1.1 204) 2 headers in 112 bytes (1 switches on core 0)
2026-05-12 17:46:47.010 7 INFO neutron.db.ovn_revision_numbers_db [None req-7a6ce13a-4d7a-469d-b3ef-104729d76bab 785fa257ffda4ef4b47d9c64a244b530 52b6bc5d765f4c70a9b04068867356c0 - - default default] Successfully bumped revision number for resource a056466f-9b57-4b0d-b91d-0980b8da39ec (type: security_groups) to 1
2026-05-12 17:46:47.022 7 INFO neutron.db.ovn_revision_numbers_db [None req-7a6ce13a-4d7a-469d-b3ef-104729d76bab 785fa257ffda4ef4b47d9c64a244b530 52b6bc5d765f4c70a9b04068867356c0 - - default default] Successfully bumped revision number for resource 5e200a24-6d16-4865-8d1f-9ab7aebad031 (type: security_group_rules) to 0
2026-05-12 17:46:47.033 7 INFO neutron.db.ovn_revision_numbers_db [None req-7a6ce13a-4d7a-469d-b3ef-104729d76bab 785fa257ffda4ef4b47d9c64a244b530 52b6bc5d765f4c70a9b04068867356c0 - - default default] Successfully bumped revision number for resource 66574d4d-15fd-4fd0-ad05-48e160bb4bff (type: security_group_rules) to 0
2026-05-12 17:46:47.044 7 INFO neutron.db.ovn_revision_numbers_db [None req-7a6ce13a-4d7a-469d-b3ef-104729d76bab 785fa257ffda4ef4b47d9c64a244b530 52b6bc5d765f4c70a9b04068867356c0 - - default default] Successfully bumped revision number for resource 6927f5cf-8ff2-4277-ad7c-4a96e8d179b9 (type: security_group_rules) to 0
2026-05-12 17:46:47.054 7 INFO neutron.db.ovn_revision_numbers_db [None req-7a6ce13a-4d7a-469d-b3ef-104729d76bab 785fa257ffda4ef4b47d9c64a244b530 52b6bc5d765f4c70a9b04068867356c0 - - default default] Successfully bumped revision number for resource 9fe72a2f-e3bc-44db-a2e9-9d80bb6a6dcc (type: security_group_rules) to 0 [pid: 7|app: 0|req: 922/1901] 10.0.0.199 () {32 vars in 774 bytes} [Tue May 12 17:46:46 2026] GET /v2.0/security-groups?tenant_id=30431a8fa2d34ebba28cc6958a62c5df&name=default => generated 2925 bytes in 218 msecs (HTTP/1.1 200) 4 headers in 158 bytes (1 switches on core 0)
2026-05-12 17:46:47.109 8 INFO neutron.db.ovn_revision_numbers_db [None req-331751c6-1fcd-4114-95a7-8079f13f3d16 - - - - - -] Successfully bumped revision number for resource 2a4e9da2-ffff-4edc-a77a-cb494b36642e (type: ports) to 2
2026-05-12 17:46:47.350 8 INFO neutron.db.ovn_revision_numbers_db [None req-39e45c49-e2e3-4485-891a-245757e38bbe 785fa257ffda4ef4b47d9c64a244b530 52b6bc5d765f4c70a9b04068867356c0 - - default default] Successfully bumped revision number for resource 2a4e9da2-ffff-4edc-a77a-cb494b36642e (type: router_ports) to 1 [pid: 8|app: 0|req: 980/1902] 10.0.0.199 () {34 vars in 783 bytes} [Tue May 12 17:46:44 2026] PUT /v2.0/routers/3023fe29-2ddc-4a8c-9db7-6c18aba38ce3/add_router_interface => generated 309 bytes in 2848 msecs (HTTP/1.1 200) 4 headers in 157 bytes (1 switches on core 0)
2026-05-12 17:46:47.383 7 INFO neutron.db.ovn_revision_numbers_db [None req-aeb84f17-8d3d-46ad-a0bf-8030c4fcd8d7 785fa257ffda4ef4b47d9c64a244b530 52b6bc5d765f4c70a9b04068867356c0 - - default default] Successfully bumped revision number for resource e2694a59-6c17-436d-a3ee-88c7f93d0b8e (type: security_groups) to 1
2026-05-12 17:46:47.394 7 INFO neutron.db.ovn_revision_numbers_db [None req-aeb84f17-8d3d-46ad-a0bf-8030c4fcd8d7 785fa257ffda4ef4b47d9c64a244b530 52b6bc5d765f4c70a9b04068867356c0 - - default default] Successfully bumped revision number for resource 052872fc-df07-46ad-ab85-78758d39a2fb (type: security_group_rules) to 0
2026-05-12 17:46:47.405 7 INFO neutron.db.ovn_revision_numbers_db [None req-aeb84f17-8d3d-46ad-a0bf-8030c4fcd8d7 785fa257ffda4ef4b47d9c64a244b530 52b6bc5d765f4c70a9b04068867356c0 - - default default] Successfully bumped revision number for resource 9d576593-68b6-44f5-a3ff-b11ddc951f64 (type: security_group_rules) to 0
2026-05-12 17:46:47.416 7 INFO neutron.db.ovn_revision_numbers_db [None req-aeb84f17-8d3d-46ad-a0bf-8030c4fcd8d7 785fa257ffda4ef4b47d9c64a244b530 52b6bc5d765f4c70a9b04068867356c0 - - default default] Successfully bumped revision number for resource e25dbdd6-6608-41a3-8bac-84b6973fd425 (type: security_group_rules) to 0
2026-05-12 17:46:47.426 7 INFO neutron.db.ovn_revision_numbers_db [None req-aeb84f17-8d3d-46ad-a0bf-8030c4fcd8d7 785fa257ffda4ef4b47d9c64a244b530 52b6bc5d765f4c70a9b04068867356c0 - - default default] Successfully bumped revision number for resource fa1a64be-7423-48bb-9f7e-19fa5aa47730 (type: security_group_rules) to 0 [pid: 7|app: 0|req: 923/1903] 10.0.0.199 () {32 vars in 774 bytes} [Tue May 12 17:46:47 2026] GET /v2.0/security-groups?tenant_id=035f6f95e2c34390b952d03a286fba48&name=default => generated 2925 bytes in 361 msecs (HTTP/1.1 200) 4 headers in 158 bytes (1 switches on core 0) [pid: 8|app: 0|req: 981/1904] 10.0.0.199 () {32 vars in 740 bytes} [Tue May 12 17:46:47 2026] DELETE /v2.0/security-groups/a056466f-9b57-4b0d-b91d-0980b8da39ec => generated 0 bytes in 237 msecs (HTTP/1.1 204) 2 headers in 112 bytes (1 switches on core 0) [pid: 7|app: 0|req: 924/1905] 10.0.0.199 () {32 vars in 740 bytes} [Tue May 12 17:46:47 2026] DELETE /v2.0/security-groups/e2694a59-6c17-436d-a3ee-88c7f93d0b8e => generated 0 bytes in 259 msecs (HTTP/1.1 204) 2 headers in 112 bytes (1 switches on core 0)
2026-05-12 17:46:48.561 8 INFO neutron.db.ovn_revision_numbers_db [None req-cec10a9b-8737-4ef1-9796-93cdba5812fd 785fa257ffda4ef4b47d9c64a244b530 52b6bc5d765f4c70a9b04068867356c0 - - default default] Successfully bumped revision number for resource d789f825-8334-4d96-941f-ac61fbce34f5 (type: security_groups) to 1
2026-05-12 17:46:48.572 8 INFO neutron.db.ovn_revision_numbers_db [None req-cec10a9b-8737-4ef1-9796-93cdba5812fd 785fa257ffda4ef4b47d9c64a244b530 52b6bc5d765f4c70a9b04068867356c0 - - default default] Successfully bumped revision number for resource 3f0ea3a4-7040-4f37-9256-d98bd5d038ff (type: security_group_rules) to 0
2026-05-12 17:46:48.584 8 INFO neutron.db.ovn_revision_numbers_db [None req-cec10a9b-8737-4ef1-9796-93cdba5812fd 785fa257ffda4ef4b47d9c64a244b530 52b6bc5d765f4c70a9b04068867356c0 - - default default] Successfully bumped revision number for resource 4a6a3f0f-ad80-4ef9-a452-1e462012b150 (type: security_group_rules) to 0
2026-05-12 17:46:48.594 8 INFO neutron.db.ovn_revision_numbers_db [None req-cec10a9b-8737-4ef1-9796-93cdba5812fd 785fa257ffda4ef4b47d9c64a244b530 52b6bc5d765f4c70a9b04068867356c0 - - default default] Successfully bumped revision number for resource 8dd5771f-d5cd-4a7d-b723-da0d1bc76674 (type: security_group_rules) to 0
2026-05-12 17:46:48.605 8 INFO neutron.db.ovn_revision_numbers_db [None req-cec10a9b-8737-4ef1-9796-93cdba5812fd 785fa257ffda4ef4b47d9c64a244b530 52b6bc5d765f4c70a9b04068867356c0 - - default default] Successfully bumped revision number for resource ef1e878a-9c2f-45ff-b7b4-957e33fd3093 (type: security_group_rules) to 0
2026-05-12 17:46:48.681 8 INFO neutron.db.segments_db [None req-cec10a9b-8737-4ef1-9796-93cdba5812fd 785fa257ffda4ef4b47d9c64a244b530 52b6bc5d765f4c70a9b04068867356c0 - - default default] Added segment 6e841cd8-79e6-48b8-8c9b-2ccc565a26d8 of type geneve for network a6388cb1-3cde-4763-9fdf-86d889c1d918
2026-05-12 17:46:48.791 8 INFO neutron.db.ovn_revision_numbers_db [None req-cec10a9b-8737-4ef1-9796-93cdba5812fd 785fa257ffda4ef4b47d9c64a244b530 52b6bc5d765f4c70a9b04068867356c0 - - default default] Successfully bumped revision number for resource a6388cb1-3cde-4763-9fdf-86d889c1d918 (type: networks) to 1
2026-05-12 17:46:48.936 8 WARNING neutron.scheduler.dhcp_agent_scheduler [None req-cec10a9b-8737-4ef1-9796-93cdba5812fd 785fa257ffda4ef4b47d9c64a244b530 52b6bc5d765f4c70a9b04068867356c0 - - default default] No more DHCP agents
2026-05-12 17:46:48.939 8 WARNING neutron.api.rpc.agentnotifiers.dhcp_rpc_agent_api [None req-cec10a9b-8737-4ef1-9796-93cdba5812fd 785fa257ffda4ef4b47d9c64a244b530 52b6bc5d765f4c70a9b04068867356c0 - - default default] Unable to schedule network a6388cb1-3cde-4763-9fdf-86d889c1d918: no agents available; will retry on subsequent port and subnet creation events.
2026-05-12 17:46:49.002 8 INFO neutron.db.ovn_revision_numbers_db [None req-cec10a9b-8737-4ef1-9796-93cdba5812fd 785fa257ffda4ef4b47d9c64a244b530 52b6bc5d765f4c70a9b04068867356c0 - - default default] Successfully bumped revision number for resource b8f48eaf-fae9-4dc5-86a2-c4d69e060907 (type: ports) to 1 [pid: 8|app: 0|req: 982/1906] 10.0.0.199 () {34 vars in 671 bytes} [Tue May 12 17:46:48 2026] POST /v2.0/networks => generated 782 bytes in 612 msecs (HTTP/1.1 201) 4 headers in 162 bytes (1 switches on core 0)
2026-05-12 17:46:49.166 7 WARNING neutron.scheduler.dhcp_agent_scheduler [None req-58c01143-a225-4208-9ace-22917f06577f 785fa257ffda4ef4b47d9c64a244b530 52b6bc5d765f4c70a9b04068867356c0 - - default default] No more DHCP agents
2026-05-12 17:46:49.167 7 WARNING neutron.api.rpc.agentnotifiers.dhcp_rpc_agent_api [None req-58c01143-a225-4208-9ace-22917f06577f 785fa257ffda4ef4b47d9c64a244b530 52b6bc5d765f4c70a9b04068867356c0 - - default default] Unable to schedule network a6388cb1-3cde-4763-9fdf-86d889c1d918: no agents available; will retry on subsequent port and subnet creation events.
2026-05-12 17:46:49.293 8 INFO neutron.db.ovn_revision_numbers_db [None req-a786efae-a53d-42a2-b1fe-d2ffdc1407e4 785fa257ffda4ef4b47d9c64a244b530 52b6bc5d765f4c70a9b04068867356c0 - - default default] Successfully bumped revision number for resource fd12b3c2-91ec-4623-ba7f-9e7d35bbfc34 (type: security_groups) to 1
2026-05-12 17:46:49.310 8 INFO neutron.db.ovn_revision_numbers_db [None req-a786efae-a53d-42a2-b1fe-d2ffdc1407e4 785fa257ffda4ef4b47d9c64a244b530 52b6bc5d765f4c70a9b04068867356c0 - - default default] Successfully bumped revision number for resource 071deac0-c174-49d5-ae5b-f59dc82a8ac1 (type: security_group_rules) to 0
2026-05-12 17:46:49.320 8 INFO neutron.db.ovn_revision_numbers_db [None req-a786efae-a53d-42a2-b1fe-d2ffdc1407e4 785fa257ffda4ef4b47d9c64a244b530 52b6bc5d765f4c70a9b04068867356c0 - - default default] Successfully bumped revision number for resource 1ce02172-5501-40b8-8a01-f06fb3757298 (type: security_group_rules) to 0
2026-05-12 17:46:49.330 8 INFO neutron.db.ovn_revision_numbers_db [None req-a786efae-a53d-42a2-b1fe-d2ffdc1407e4 785fa257ffda4ef4b47d9c64a244b530 52b6bc5d765f4c70a9b04068867356c0 - - default default] Successfully bumped revision number for resource 73d37d4b-357e-43a7-8fb8-f2f7ba275f0b (type: security_group_rules) to 0
2026-05-12 17:46:49.340 8 INFO neutron.db.ovn_revision_numbers_db [None req-a786efae-a53d-42a2-b1fe-d2ffdc1407e4 785fa257ffda4ef4b47d9c64a244b530 52b6bc5d765f4c70a9b04068867356c0 - - default default] Successfully bumped revision number for resource fcdfa2b2-94f1-4af4-89d5-3496d78fe576 (type: security_group_rules) to 0 [pid: 8|app: 0|req: 983/1907] 10.0.0.199 () {32 vars in 774 bytes} [Tue May 12 17:46:49 2026] GET /v2.0/security-groups?tenant_id=699ae182397443f6b25f5527594130a1&name=default => generated 2925 bytes in 316 msecs (HTTP/1.1 200) 4 headers in 158 bytes (1 switches on core 0)
2026-05-12 17:46:49.584 7 WARNING neutron.plugins.ml2.drivers.ovn.mech_driver.ovsdb.ovn_client [None req-e46c22ac-6783-4e2a-8512-d4fe5666b46c - - - - - -] No hosting information found for port 52c3e7da-c004-4d28-9199-6baae729e69e: RuntimeError: No hosting information found for port 52c3e7da-c004-4d28-9199-6baae729e69e
2026-05-12 17:46:49.585 7 INFO neutron.plugins.ml2.drivers.ovn.mech_driver.mech_driver [None req-e46c22ac-6783-4e2a-8512-d4fe5666b46c - - - - - -] OVN reports status down for port: b8f48eaf-fae9-4dc5-86a2-c4d69e060907
2026-05-12 17:46:49.652 7 INFO neutron.db.ovn_revision_numbers_db [None req-acb574f9-85d3-4ea5-99b6-2a78b873ab88 - - - - - -] Successfully bumped revision number for resource b8f48eaf-fae9-4dc5-86a2-c4d69e060907 (type: ports) to 2 [pid: 8|app: 0|req: 984/1908] 10.0.0.199 () {32 vars in 740 bytes} [Tue May 12 17:46:49 2026] DELETE /v2.0/security-groups/fd12b3c2-91ec-4623-ba7f-9e7d35bbfc34 => generated 0 bytes in 282 msecs (HTTP/1.1 204) 2 headers in 112 bytes (1 switches on core 0)
2026-05-12 17:46:49.698 7 INFO neutron.db.ovn_revision_numbers_db [None req-acb574f9-85d3-4ea5-99b6-2a78b873ab88 - - - - - -] Successfully bumped revision number for resource d4e32f17-a117-42c0-bb73-0764e2f9e48e (type: subnets) to 0 [pid: 7|app: 0|req: 925/1909] 10.0.0.199 () {34 vars in 669 bytes} [Tue May 12 17:46:49 2026] POST /v2.0/subnets => generated 688 bytes in 684 msecs (HTTP/1.1 201) 4 headers in 162 bytes (1 switches on core 0)
2026-05-12 17:46:49.883 7 INFO neutron.db.ovn_revision_numbers_db [None req-7a9de20e-ca6a-4981-b19d-805c8524d520 785fa257ffda4ef4b47d9c64a244b530 52b6bc5d765f4c70a9b04068867356c0 - - default default] Successfully bumped revision number for resource 0b61caaf-3022-458f-ac42-a20385e45d07 (type: security_groups) to 1
2026-05-12 17:46:49.896 7 INFO neutron.db.ovn_revision_numbers_db [None req-7a9de20e-ca6a-4981-b19d-805c8524d520 785fa257ffda4ef4b47d9c64a244b530 52b6bc5d765f4c70a9b04068867356c0 - - default default] Successfully bumped revision number for resource 0a8013f1-efc3-4d2e-8af7-93394d367b05 (type: security_group_rules) to 0
2026-05-12 17:46:49.908 7 INFO neutron.db.ovn_revision_numbers_db [None req-7a9de20e-ca6a-4981-b19d-805c8524d520 785fa257ffda4ef4b47d9c64a244b530 52b6bc5d765f4c70a9b04068867356c0 - - default default] Successfully bumped revision number for resource 35104025-31bd-45a2-92b0-88c9aadf97a7 (type: security_group_rules) to 0
2026-05-12 17:46:49.918 7 INFO neutron.db.ovn_revision_numbers_db [None req-7a9de20e-ca6a-4981-b19d-805c8524d520 785fa257ffda4ef4b47d9c64a244b530 52b6bc5d765f4c70a9b04068867356c0 - - default default] Successfully bumped revision number for resource d3cea13a-ba26-420e-841d-fd1e3620da6f (type: security_group_rules) to 0
2026-05-12 17:46:49.927 7 INFO neutron.db.ovn_revision_numbers_db [None req-7a9de20e-ca6a-4981-b19d-805c8524d520 785fa257ffda4ef4b47d9c64a244b530 52b6bc5d765f4c70a9b04068867356c0 - - default default] Successfully bumped revision number for resource da8dc55f-574d-4cc5-8bb7-36ff8bc21815 (type: security_group_rules) to 0 [pid: 7|app: 0|req: 926/1910] 10.0.0.199 () {32 vars in 774 bytes} [Tue May 12 17:46:49 2026] GET /v2.0/security-groups?tenant_id=dfa5e76f71f645a193a3a2062fddeaa4&name=default => generated 2925 bytes in 222 msecs (HTTP/1.1 200) 4 headers in 158 bytes (1 switches on core 0)
2026-05-12 17:46:50.095 8 WARNING neutron.scheduler.dhcp_agent_scheduler [None req-b253afcf-7a1c-4c91-a64e-3ae48109050a 785fa257ffda4ef4b47d9c64a244b530 52b6bc5d765f4c70a9b04068867356c0 - - default default] No more DHCP agents
2026-05-12 17:46:50.096 8 WARNING neutron.api.rpc.agentnotifiers.dhcp_rpc_agent_api [None req-b253afcf-7a1c-4c91-a64e-3ae48109050a 785fa257ffda4ef4b47d9c64a244b530 52b6bc5d765f4c70a9b04068867356c0 - - default default] Unable to schedule network e3ab3cc2-453b-4170-9ef9-1e206ec55f87: no agents available; will retry on subsequent port and subnet creation events.
2026-05-12 17:46:50.258 8 INFO neutron.db.ovn_revision_numbers_db [None req-b253afcf-7a1c-4c91-a64e-3ae48109050a 785fa257ffda4ef4b47d9c64a244b530 52b6bc5d765f4c70a9b04068867356c0 - - default default] Successfully bumped revision number for resource 7f388520-d552-4aab-86e4-5e9ae4a007fd (type: ports) to 1 [pid: 7|app: 0|req: 927/1911] 10.0.0.199 () {32 vars in 740 bytes} [Tue May 12 17:46:49 2026] DELETE /v2.0/security-groups/0b61caaf-3022-458f-ac42-a20385e45d07 => generated 0 bytes in 298 msecs (HTTP/1.1 204) 2 headers in 112 bytes (1 switches on core 0)
2026-05-12 17:46:50.843 8 INFO neutron.plugins.ml2.drivers.ovn.mech_driver.ovsdb.commands [None req-e9521420-d7d2-479b-8e94-ec0b03c27e06 - - - - - -] Schedule LRP lrp-7f388520-d552-4aab-86e4-5e9ae4a007fd on gateway 2f6607ec-5552-47a6-be26-2531b1e1d493 with priority 1
2026-05-12 17:46:50.892 7 INFO neutron.plugins.ml2.drivers.ovn.mech_driver.ovsdb.ovsdb_monitor [None req-d8e63857-f5d8-431a-b1d5-60f0b1a09051 - - - - - -] Router 0b6d7cd7-b171-4ca3-9967-82e01862350a is bound to host instance
2026-05-12 17:46:50.935 8 INFO neutron.db.ovn_revision_numbers_db [None req-b253afcf-7a1c-4c91-a64e-3ae48109050a 785fa257ffda4ef4b47d9c64a244b530 52b6bc5d765f4c70a9b04068867356c0 - - default default] Successfully bumped revision number for resource 7f388520-d552-4aab-86e4-5e9ae4a007fd (type: router_ports) to 1
2026-05-12 17:46:50.999 8 INFO neutron.db.ovn_revision_numbers_db [None req-b253afcf-7a1c-4c91-a64e-3ae48109050a 785fa257ffda4ef4b47d9c64a244b530 52b6bc5d765f4c70a9b04068867356c0 - - default default] Successfully bumped revision number for resource 0b6d7cd7-b171-4ca3-9967-82e01862350a (type: routers) to 2 [pid: 8|app: 0|req: 985/1912] 10.0.0.199 () {34 vars in 669 bytes} [Tue May 12 17:46:49 2026] POST /v2.0/routers => generated 966 bytes in 1298 msecs (HTTP/1.1 201) 4 headers in 162 bytes (1 switches on core 0)
2026-05-12 17:46:51.975 7 WARNING neutron.scheduler.dhcp_agent_scheduler [None req-1e92c305-2bbf-4ae1-a150-05fd9ea58c9c 785fa257ffda4ef4b47d9c64a244b530 52b6bc5d765f4c70a9b04068867356c0 - - default default] No more DHCP agents
2026-05-12 17:46:51.977 7 WARNING neutron.api.rpc.agentnotifiers.dhcp_rpc_agent_api [None req-1e92c305-2bbf-4ae1-a150-05fd9ea58c9c 785fa257ffda4ef4b47d9c64a244b530 52b6bc5d765f4c70a9b04068867356c0 - - default default] Unable to schedule network a6388cb1-3cde-4763-9fdf-86d889c1d918: no agents available; will retry on subsequent port and subnet creation events.
2026-05-12 17:46:52.153 8 INFO neutron.db.ovn_revision_numbers_db [None req-834b06a2-f653-49aa-ade9-70299aaa1b5c 8d6cefc48c824231927dd7751d5c82ad e9abf9c0afcd43c19a0ad5f91414c1ab - - default default] Successfully bumped revision number for resource 465f6edf-a39d-46dd-82e3-fc5864288733 (type: security_groups) to 1
2026-05-12 17:46:52.164 8 INFO neutron.db.ovn_revision_numbers_db [None req-834b06a2-f653-49aa-ade9-70299aaa1b5c 8d6cefc48c824231927dd7751d5c82ad e9abf9c0afcd43c19a0ad5f91414c1ab - - default default] Successfully bumped revision number for resource 0bc12306-a5cd-4fbd-9150-240a0d350fb5 (type: security_group_rules) to 0
2026-05-12 17:46:52.195 8 INFO neutron.db.ovn_revision_numbers_db [None req-834b06a2-f653-49aa-ade9-70299aaa1b5c 8d6cefc48c824231927dd7751d5c82ad e9abf9c0afcd43c19a0ad5f91414c1ab - - default default] Successfully bumped revision number for resource 261cca29-c82d-4f6f-9032-b8dbec205441 (type: security_group_rules) to 0
2026-05-12 17:46:52.213 8 INFO neutron.db.ovn_revision_numbers_db [None req-834b06a2-f653-49aa-ade9-70299aaa1b5c 8d6cefc48c824231927dd7751d5c82ad e9abf9c0afcd43c19a0ad5f91414c1ab - - default default] Successfully bumped revision number for resource ecb290a3-9a54-4f0d-8caf-aeb4df7ec1a6 (type: security_group_rules) to 0
2026-05-12 17:46:52.231 8 INFO neutron.db.ovn_revision_numbers_db [None req-834b06a2-f653-49aa-ade9-70299aaa1b5c 8d6cefc48c824231927dd7751d5c82ad e9abf9c0afcd43c19a0ad5f91414c1ab - - default default] Successfully bumped revision number for resource f9d82723-5b3f-4392-b438-f9f90bd78cc7 (type: security_group_rules) to 0
2026-05-12 17:46:52.308 7 INFO neutron.db.ovn_revision_numbers_db [None req-1e92c305-2bbf-4ae1-a150-05fd9ea58c9c 785fa257ffda4ef4b47d9c64a244b530 52b6bc5d765f4c70a9b04068867356c0 - - default default] Successfully bumped revision number for resource 9abdfb9f-7ae5-4215-a96b-8e5e7a97ff95 (type: ports) to 1
2026-05-12 17:46:52.319 8 INFO neutron.db.segments_db [None req-834b06a2-f653-49aa-ade9-70299aaa1b5c 8d6cefc48c824231927dd7751d5c82ad e9abf9c0afcd43c19a0ad5f91414c1ab - - default default] Added segment 0f57da1d-8f66-402e-8c88-4d0098fe7599 of type geneve for network 8279680c-c1bd-4b66-9128-6f2e7e91ecda
2026-05-12 17:46:52.342 7 INFO neutron.db.ovn_revision_numbers_db [None req-0292940a-1d54-4bc0-90f7-99e9ef829e7a - - - - - -] Successfully bumped revision number for resource 7f388520-d552-4aab-86e4-5e9ae4a007fd (type: ports) to 4
2026-05-12 17:46:52.532 8 INFO neutron.db.ovn_revision_numbers_db [None req-834b06a2-f653-49aa-ade9-70299aaa1b5c 8d6cefc48c824231927dd7751d5c82ad e9abf9c0afcd43c19a0ad5f91414c1ab - - default default] Successfully bumped revision number for resource 8279680c-c1bd-4b66-9128-6f2e7e91ecda (type: networks) to 1
2026-05-12 17:46:52.729 8 WARNING neutron.scheduler.dhcp_agent_scheduler [None req-834b06a2-f653-49aa-ade9-70299aaa1b5c 8d6cefc48c824231927dd7751d5c82ad e9abf9c0afcd43c19a0ad5f91414c1ab - - default default] No more DHCP agents
2026-05-12 17:46:52.730 8 WARNING neutron.api.rpc.agentnotifiers.dhcp_rpc_agent_api [None req-834b06a2-f653-49aa-ade9-70299aaa1b5c 8d6cefc48c824231927dd7751d5c82ad e9abf9c0afcd43c19a0ad5f91414c1ab - - default default] Unable to schedule network 8279680c-c1bd-4b66-9128-6f2e7e91ecda: no agents available; will retry on subsequent port and subnet creation events.
2026-05-12 17:46:52.820 8 INFO neutron.db.ovn_revision_numbers_db [None req-834b06a2-f653-49aa-ade9-70299aaa1b5c 8d6cefc48c824231927dd7751d5c82ad e9abf9c0afcd43c19a0ad5f91414c1ab - - default default] Successfully bumped revision number for resource 4e754293-0cdd-4ef8-9c79-35203b99245a (type: ports) to 1 [pid: 8|app: 0|req: 986/1913] 10.0.0.199 () {34 vars in 670 bytes} [Tue May 12 17:46:51 2026] POST /v2.0/networks => generated 669 bytes in 1035 msecs (HTTP/1.1 201) 4 headers in 162 bytes (1 switches on core 0)
2026-05-12 17:46:52.858 7 INFO neutron.plugins.ml2.drivers.ovn.mech_driver.mech_driver [None req-e46c22ac-6783-4e2a-8512-d4fe5666b46c - - - - - -] OVN reports status down for port: 4e754293-0cdd-4ef8-9c79-35203b99245a
2026-05-12 17:46:52.976 8 INFO neutron.db.segments_db [None req-237a4aa4-dfa3-4a08-9a13-5ded5e5e2652 8d6cefc48c824231927dd7751d5c82ad e9abf9c0afcd43c19a0ad5f91414c1ab - - default default] Added segment dbaa3876-3863-473a-b1a3-c27f45ce28a4 of type geneve for network b77a9a14-8bec-49ff-b4d4-a16cb43e4909
2026-05-12 17:46:53.059 7 INFO neutron.db.ovn_revision_numbers_db [None req-0292940a-1d54-4bc0-90f7-99e9ef829e7a - - - - - -] Successfully bumped revision number for resource 7f388520-d552-4aab-86e4-5e9ae4a007fd (type: ports) to 5
2026-05-12 17:46:53.101 8 INFO neutron.db.ovn_revision_numbers_db [None req-237a4aa4-dfa3-4a08-9a13-5ded5e5e2652 8d6cefc48c824231927dd7751d5c82ad e9abf9c0afcd43c19a0ad5f91414c1ab - - default default] Successfully bumped revision number for resource b77a9a14-8bec-49ff-b4d4-a16cb43e4909 (type: networks) to 1
2026-05-12 17:46:53.246 8 WARNING neutron.plugins.ml2.drivers.ovn.mech_driver.ovsdb.ovn_client [None req-a7e7275a-9291-4e58-b43f-a5874d7b22e9 - - - - - -] No hosting information found for port 2a4e9da2-ffff-4edc-a77a-cb494b36642e: RuntimeError: No hosting information found for port 2a4e9da2-ffff-4edc-a77a-cb494b36642e
2026-05-12 17:46:53.350 8 WARNING neutron.scheduler.dhcp_agent_scheduler [None req-237a4aa4-dfa3-4a08-9a13-5ded5e5e2652 8d6cefc48c824231927dd7751d5c82ad e9abf9c0afcd43c19a0ad5f91414c1ab - - default default] No more DHCP agents
2026-05-12 17:46:53.353 8 WARNING neutron.api.rpc.agentnotifiers.dhcp_rpc_agent_api [None req-237a4aa4-dfa3-4a08-9a13-5ded5e5e2652 8d6cefc48c824231927dd7751d5c82ad e9abf9c0afcd43c19a0ad5f91414c1ab - - default default] Unable to schedule network b77a9a14-8bec-49ff-b4d4-a16cb43e4909: no agents available; will retry on subsequent port and subnet creation events.
2026-05-12 17:46:53.364 8 INFO neutron.db.ovn_revision_numbers_db [None req-a7e7275a-9291-4e58-b43f-a5874d7b22e9 - - - - - -] Successfully bumped revision number for resource 2a4e9da2-ffff-4edc-a77a-cb494b36642e (type: router_ports) to 2
2026-05-12 17:46:53.364 8 INFO neutron.plugins.ml2.drivers.ovn.mech_driver.mech_driver [None req-a7e7275a-9291-4e58-b43f-a5874d7b22e9 - - - - - -] OVN reports status down for port: 7f388520-d552-4aab-86e4-5e9ae4a007fd
2026-05-12 17:46:53.434 7 INFO neutron.plugins.ml2.drivers.ovn.mech_driver.mech_driver [None req-e46c22ac-6783-4e2a-8512-d4fe5666b46c - - - - - -] OVN reports status down for port: 929b9c41-cfed-491a-bf4f-d70e42af0d93
2026-05-12 17:46:53.483 8 INFO neutron.db.ovn_revision_numbers_db [None req-237a4aa4-dfa3-4a08-9a13-5ded5e5e2652 8d6cefc48c824231927dd7751d5c82ad e9abf9c0afcd43c19a0ad5f91414c1ab - - default default] Successfully bumped revision number for resource 929b9c41-cfed-491a-bf4f-d70e42af0d93 (type: ports) to 1 [pid: 8|app: 0|req: 987/1914] 10.0.0.199 () {34 vars in 670 bytes} [Tue May 12 17:46:52 2026] POST /v2.0/networks => generated 670 bytes in 700 msecs (HTTP/1.1 201) 4 headers in 162 bytes (1 switches on core 0)
2026-05-12 17:46:53.596 7 WARNING neutron.scheduler.dhcp_agent_scheduler [None req-1e92c305-2bbf-4ae1-a150-05fd9ea58c9c 785fa257ffda4ef4b47d9c64a244b530 52b6bc5d765f4c70a9b04068867356c0 - - default default] No more DHCP agents
2026-05-12 17:46:53.597 7 WARNING neutron.api.rpc.agentnotifiers.dhcp_rpc_agent_api [None req-1e92c305-2bbf-4ae1-a150-05fd9ea58c9c 785fa257ffda4ef4b47d9c64a244b530 52b6bc5d765f4c70a9b04068867356c0 - - default default] Unable to schedule network a6388cb1-3cde-4763-9fdf-86d889c1d918: no agents available; will retry on subsequent port and subnet creation events.
2026-05-12 17:46:53.811 8 INFO neutron.db.ovn_revision_numbers_db [None req-a7e7275a-9291-4e58-b43f-a5874d7b22e9 - - - - - -] Successfully bumped revision number for resource 7f388520-d552-4aab-86e4-5e9ae4a007fd (type: ports) to 6
2026-05-12 17:46:53.961 8 WARNING neutron.plugins.ml2.drivers.ovn.mech_driver.ovsdb.ovn_client [None req-eb66ca3a-680e-4d96-a4ce-19677c4a2937 - - - - - -] Logical_Switch_Port 7f388520-d552-4aab-86e4-5e9ae4a007fd host information not removed, the port state is up
2026-05-12 17:46:53.962 8 INFO neutron.plugins.ml2.drivers.ovn.mech_driver.mech_driver [None req-eb66ca3a-680e-4d96-a4ce-19677c4a2937 - - - - - -] OVN reports status up for port: 7f388520-d552-4aab-86e4-5e9ae4a007fd
2026-05-12 17:46:53.985 8 INFO neutron.plugins.ml2.plugin [None req-eb66ca3a-680e-4d96-a4ce-19677c4a2937 - - - - - -] Attempt 1 to provision port 7f388520-d552-4aab-86e4-5e9ae4a007fd
2026-05-12 17:46:53.988 8 INFO neutron.db.ovn_revision_numbers_db [None req-0c287467-2c22-4096-8145-113010025c3b d03d9b32f7094fac92317089e5e9aa1c 0d7126b00e9b4e13b60ca1876a4f5411 - - default default] Successfully bumped revision number for resource ee3e8176-204f-4352-9cc3-ccf25dc0ecdc (type: security_groups) to 1
2026-05-12 17:46:54.018 8 INFO neutron.db.ovn_revision_numbers_db [None req-0c287467-2c22-4096-8145-113010025c3b d03d9b32f7094fac92317089e5e9aa1c 0d7126b00e9b4e13b60ca1876a4f5411 - - default default] Successfully bumped revision number for resource 0124af64-eb9e-4c5e-9ab1-7f6218812615 (type: security_group_rules) to 0
2026-05-12 17:46:54.053 8 INFO neutron.db.ovn_revision_numbers_db [None req-0c287467-2c22-4096-8145-113010025c3b d03d9b32f7094fac92317089e5e9aa1c 0d7126b00e9b4e13b60ca1876a4f5411 - - default default] Successfully bumped revision number for resource 60c8829f-5911-4766-adfd-ab938b4d40b8 (type: security_group_rules) to 0
2026-05-12 17:46:54.066 7 INFO neutron.db.ovn_revision_numbers_db [None req-1e92c305-2bbf-4ae1-a150-05fd9ea58c9c 785fa257ffda4ef4b47d9c64a244b530 52b6bc5d765f4c70a9b04068867356c0 - - default default] Successfully bumped revision number for resource 9abdfb9f-7ae5-4215-a96b-8e5e7a97ff95 (type: router_ports) to 1 [pid: 7|app: 0|req: 928/1915] 10.0.0.199 () {34 vars in 783 bytes} [Tue May 12 17:46:51 2026] PUT /v2.0/routers/0b6d7cd7-b171-4ca3-9967-82e01862350a/add_router_interface => generated 309 bytes in 3048 msecs (HTTP/1.1 200) 4 headers in 157 bytes (1 switches on core 0)
2026-05-12 17:46:54.091 8 INFO neutron.db.ovn_revision_numbers_db [None req-0c287467-2c22-4096-8145-113010025c3b d03d9b32f7094fac92317089e5e9aa1c 0d7126b00e9b4e13b60ca1876a4f5411 - - default default] Successfully bumped revision number for resource a4a2884d-9423-4385-b81b-23b5f2b99174 (type: security_group_rules) to 0
2026-05-12 17:46:54.151 8 INFO neutron.db.ovn_revision_numbers_db [None req-0c287467-2c22-4096-8145-113010025c3b d03d9b32f7094fac92317089e5e9aa1c 0d7126b00e9b4e13b60ca1876a4f5411 - - default default] Successfully bumped revision number for resource d3dacd3c-1b94-40d9-8771-d46173d5d70a (type: security_group_rules) to 0
2026-05-12 17:46:54.169 7 INFO neutron.db.segments_db [None req-beb61ada-93c8-475c-8785-ff13a378b789 8d6cefc48c824231927dd7751d5c82ad e9abf9c0afcd43c19a0ad5f91414c1ab - - default default] Added segment 8ff05cd5-720d-4d5f-b32b-47623c181e52 of type geneve for network 1aca86cb-0d16-4493-933e-983a1c2d35c7
2026-05-12 17:46:54.283 7 INFO neutron.db.ovn_revision_numbers_db [None req-beb61ada-93c8-475c-8785-ff13a378b789 8d6cefc48c824231927dd7751d5c82ad e9abf9c0afcd43c19a0ad5f91414c1ab - - default default] Successfully bumped revision number for resource 1aca86cb-0d16-4493-933e-983a1c2d35c7 (type: networks) to 1
2026-05-12 17:46:54.350 8 INFO neutron.db.segments_db [None req-0c287467-2c22-4096-8145-113010025c3b d03d9b32f7094fac92317089e5e9aa1c 0d7126b00e9b4e13b60ca1876a4f5411 - - default default] Added segment 3108c977-1909-48c1-beaf-e0e9b840d71d of type geneve for network 399e594d-12df-477e-8ba2-cd756138b260
2026-05-12 17:46:54.441 7 WARNING neutron.scheduler.dhcp_agent_scheduler [None req-beb61ada-93c8-475c-8785-ff13a378b789 8d6cefc48c824231927dd7751d5c82ad e9abf9c0afcd43c19a0ad5f91414c1ab - - default default] No more DHCP agents
2026-05-12 17:46:54.443 7 WARNING neutron.api.rpc.agentnotifiers.dhcp_rpc_agent_api [None req-beb61ada-93c8-475c-8785-ff13a378b789 8d6cefc48c824231927dd7751d5c82ad e9abf9c0afcd43c19a0ad5f91414c1ab - - default default] Unable to schedule network 1aca86cb-0d16-4493-933e-983a1c2d35c7: no agents available; will retry on subsequent port and subnet creation events.
2026-05-12 17:46:54.493 7 INFO neutron.plugins.ml2.drivers.ovn.mech_driver.mech_driver [None req-e46c22ac-6783-4e2a-8512-d4fe5666b46c - - - - - -] OVN reports status down for port: afd0318b-880d-443b-b425-e0d7f1fa6a5a
2026-05-12 17:46:54.568 7 INFO neutron.db.ovn_revision_numbers_db [None req-beb61ada-93c8-475c-8785-ff13a378b789 8d6cefc48c824231927dd7751d5c82ad e9abf9c0afcd43c19a0ad5f91414c1ab - - default default] Successfully bumped revision number for resource afd0318b-880d-443b-b425-e0d7f1fa6a5a (type: ports) to 1
2026-05-12 17:46:54.581 8 INFO neutron.db.ovn_revision_numbers_db [None req-0c287467-2c22-4096-8145-113010025c3b d03d9b32f7094fac92317089e5e9aa1c 0d7126b00e9b4e13b60ca1876a4f5411 - - default default] Successfully bumped revision number for resource 399e594d-12df-477e-8ba2-cd756138b260 (type: networks) to 1 [pid: 7|app: 0|req: 929/1916] 10.0.0.199 () {34 vars in 670 bytes} [Tue May 12 17:46:54 2026] POST /v2.0/networks => generated 669 bytes in 552 msecs (HTTP/1.1 201) 4 headers in 162 bytes (1 switches on core 0)
2026-05-12 17:46:54.671 8 INFO neutron.db.ovn_revision_numbers_db [None req-eb66ca3a-680e-4d96-a4ce-19677c4a2937 - - - - - -] Successfully bumped revision number for resource 7f388520-d552-4aab-86e4-5e9ae4a007fd (type: ports) to 7
2026-05-12 17:46:54.722 7 INFO neutron.db.segments_db [None req-67cc784f-e92b-4de8-a76f-e0bc6c32c671 8d6cefc48c824231927dd7751d5c82ad e9abf9c0afcd43c19a0ad5f91414c1ab - - default default] Added segment 61f56a0f-b490-487f-acc9-3cef5c517ac0 of type geneve for network ca2cf8a1-64ee-4036-89ad-0953bbd38d15
2026-05-12 17:46:54.835 7 INFO neutron.db.ovn_revision_numbers_db [None req-67cc784f-e92b-4de8-a76f-e0bc6c32c671 8d6cefc48c824231927dd7751d5c82ad e9abf9c0afcd43c19a0ad5f91414c1ab - - default default] Successfully bumped revision number for resource ca2cf8a1-64ee-4036-89ad-0953bbd38d15 (type: networks) to 1
