2026-05-12 17:45:52.409 7 INFO neutron.db.ovn_revision_numbers_db [None req-39bf5656-63b5-485c-b060-1aa2a72e7904 785fa257ffda4ef4b47d9c64a244b530 52b6bc5d765f4c70a9b04068867356c0 - - default default] Successfully bumped revision number for resource 63f1c125-1e1a-4fa1-b12b-4efa072aff3c (type: security_group_rules) to 0
2026-05-12 17:45:52.424 7 INFO neutron.db.ovn_revision_numbers_db [None req-39bf5656-63b5-485c-b060-1aa2a72e7904 785fa257ffda4ef4b47d9c64a244b530 52b6bc5d765f4c70a9b04068867356c0 - - default default] Successfully bumped revision number for resource 97b559c9-bb90-4ac3-b2a7-6c72e1d01975 (type: security_group_rules) to 0 [pid: 7|app: 0|req: 742/1444] 10.0.0.199 () {32 vars in 774 bytes} [Tue May 12 17:45:52 2026] GET /v2.0/security-groups?tenant_id=4d8eccfaa2cb4812a8b9f6d28e12fd22&name=default => generated 2925 bytes in 255 msecs (HTTP/1.1 200) 4 headers in 158 bytes (1 switches on core 0) [pid: 8|app: 0|req: 703/1445] 10.0.0.199 () {32 vars in 740 bytes} [Tue May 12 17:45:52 2026] DELETE /v2.0/security-groups/a202e867-9d1f-49cb-8865-7758706ba5bc => generated 0 bytes in 251 msecs (HTTP/1.1 204) 2 headers in 112 bytes (1 switches on core 0) [pid: 7|app: 0|req: 743/1446] 10.0.0.199 () {32 vars in 740 bytes} [Tue May 12 17:45:52 2026] DELETE /v2.0/security-groups/30372d37-09d3-4d31-a7de-a905038421b7 => generated 0 bytes in 245 msecs (HTTP/1.1 204) 2 headers in 112 bytes (1 switches on core 0)
2026-05-12 17:45:52.970 8 INFO neutron.db.ovn_revision_numbers_db [None req-1684c6f6-8eef-4c44-87d9-27f5d862b405 6cdfe1e6258640208f83af36c374e071 30f2fe47af1042a2afa767ff6186b260 - - default default] Successfully bumped revision number for resource ad6835ee-6672-43c9-bbb5-41e683ecfeaa (type: security_groups) to 1
2026-05-12 17:45:52.984 8 INFO neutron.db.ovn_revision_numbers_db [None req-1684c6f6-8eef-4c44-87d9-27f5d862b405 6cdfe1e6258640208f83af36c374e071 30f2fe47af1042a2afa767ff6186b260 - - default default] Successfully bumped revision number for resource 11fd11c3-4b6d-49a3-b9ae-38b16e90fa89 (type: security_group_rules) to 0
2026-05-12 17:45:52.997 8 INFO neutron.db.ovn_revision_numbers_db [None req-1684c6f6-8eef-4c44-87d9-27f5d862b405 6cdfe1e6258640208f83af36c374e071 30f2fe47af1042a2afa767ff6186b260 - - default default] Successfully bumped revision number for resource a295c1a0-fd0b-407e-bcd3-82a3d19e2c32 (type: security_group_rules) to 0
2026-05-12 17:45:53.013 8 INFO neutron.db.ovn_revision_numbers_db [None req-1684c6f6-8eef-4c44-87d9-27f5d862b405 6cdfe1e6258640208f83af36c374e071 30f2fe47af1042a2afa767ff6186b260 - - default default] Successfully bumped revision number for resource a5af1be8-a887-457c-b4cb-768b0758dbb9 (type: security_group_rules) to 0
2026-05-12 17:45:53.028 8 INFO neutron.db.ovn_revision_numbers_db [None req-1684c6f6-8eef-4c44-87d9-27f5d862b405 6cdfe1e6258640208f83af36c374e071 30f2fe47af1042a2afa767ff6186b260 - - default default] Successfully bumped revision number for resource cc6caf2b-c549-47c2-b623-ccdb3564f80f (type: security_group_rules) to 0
2026-05-12 17:45:53.137 8 INFO neutron.db.segments_db [None req-1684c6f6-8eef-4c44-87d9-27f5d862b405 6cdfe1e6258640208f83af36c374e071 30f2fe47af1042a2afa767ff6186b260 - - default default] Added segment 014a8a15-ca84-4f06-906d-bbf7b4632959 of type geneve for network 526b501a-ae09-40c7-a3f0-2477f2f761c1
2026-05-12 17:45:53.263 8 INFO neutron.db.segments_db [None req-1684c6f6-8eef-4c44-87d9-27f5d862b405 6cdfe1e6258640208f83af36c374e071 30f2fe47af1042a2afa767ff6186b260 - - default default] Added segment 59d9dfd6-2f7d-4ef7-8d7c-e140388d7812 of type geneve for network 658944c1-ae39-4821-9b79-643ac7432e76
2026-05-12 17:45:53.369 8 INFO neutron.db.ovn_revision_numbers_db [None req-1684c6f6-8eef-4c44-87d9-27f5d862b405 6cdfe1e6258640208f83af36c374e071 30f2fe47af1042a2afa767ff6186b260 - - default default] Successfully bumped revision number for resource 526b501a-ae09-40c7-a3f0-2477f2f761c1 (type: networks) to 1
2026-05-12 17:45:53.523 8 WARNING neutron.scheduler.dhcp_agent_scheduler [None req-1684c6f6-8eef-4c44-87d9-27f5d862b405 6cdfe1e6258640208f83af36c374e071 30f2fe47af1042a2afa767ff6186b260 - - default default] No more DHCP agents
2026-05-12 17:45:53.524 8 WARNING neutron.api.rpc.agentnotifiers.dhcp_rpc_agent_api [None req-1684c6f6-8eef-4c44-87d9-27f5d862b405 6cdfe1e6258640208f83af36c374e071 30f2fe47af1042a2afa767ff6186b260 - - default default] Unable to schedule network 526b501a-ae09-40c7-a3f0-2477f2f761c1: no agents available; will retry on subsequent port and subnet creation events.
2026-05-12 17:45:53.593 7 INFO neutron.plugins.ml2.drivers.ovn.mech_driver.mech_driver [None req-0679e705-3491-4674-a5a8-28a5826ad504 - - - - - -] OVN reports status down for port: 25c6ec2d-7e2c-4ce3-9103-70fc01b76f70
2026-05-12 17:45:53.597 8 INFO neutron.db.ovn_revision_numbers_db [None req-1684c6f6-8eef-4c44-87d9-27f5d862b405 6cdfe1e6258640208f83af36c374e071 30f2fe47af1042a2afa767ff6186b260 - - default default] Successfully bumped revision number for resource 25c6ec2d-7e2c-4ce3-9103-70fc01b76f70 (type: ports) to 1
2026-05-12 17:45:53.681 8 INFO neutron.db.ovn_revision_numbers_db [None req-1684c6f6-8eef-4c44-87d9-27f5d862b405 6cdfe1e6258640208f83af36c374e071 30f2fe47af1042a2afa767ff6186b260 - - default default] Successfully bumped revision number for resource 658944c1-ae39-4821-9b79-643ac7432e76 (type: networks) to 1
2026-05-12 17:45:53.850 8 WARNING neutron.scheduler.dhcp_agent_scheduler [None req-1684c6f6-8eef-4c44-87d9-27f5d862b405 6cdfe1e6258640208f83af36c374e071 30f2fe47af1042a2afa767ff6186b260 - - default default] No more DHCP agents
2026-05-12 17:45:53.851 8 WARNING neutron.api.rpc.agentnotifiers.dhcp_rpc_agent_api [None req-1684c6f6-8eef-4c44-87d9-27f5d862b405 6cdfe1e6258640208f83af36c374e071 30f2fe47af1042a2afa767ff6186b260 - - default default] Unable to schedule network 658944c1-ae39-4821-9b79-643ac7432e76: no agents available; will retry on subsequent port and subnet creation events.
2026-05-12 17:45:53.918 8 INFO neutron.plugins.ml2.drivers.ovn.mech_driver.mech_driver [None req-80a73c34-afa8-449f-8cb9-a7f68cff84a8 - - - - - -] OVN reports status down for port: f70b261f-6d3b-46ea-8ae6-47dbf7bf51dc
2026-05-12 17:45:53.971 8 INFO neutron.db.ovn_revision_numbers_db [None req-1684c6f6-8eef-4c44-87d9-27f5d862b405 6cdfe1e6258640208f83af36c374e071 30f2fe47af1042a2afa767ff6186b260 - - default default] Successfully bumped revision number for resource f70b261f-6d3b-46ea-8ae6-47dbf7bf51dc (type: ports) to 1 [pid: 7|app: 0|req: 744/1447] 10.0.0.199 () {32 vars in 623 bytes} [Tue May 12 17:45:53 2026] GET / => generated 151 bytes in 3 msecs (HTTP/1.1 200) 3 headers in 91 bytes (1 switches on core 0) [pid: 8|app: 0|req: 704/1448] 10.0.0.199 () {34 vars in 670 bytes} [Tue May 12 17:45:52 2026] POST /v2.0/networks => generated 1321 bytes in 1416 msecs (HTTP/1.1 201) 4 headers in 163 bytes (1 switches on core 0) [pid: 7|app: 0|req: 745/1449] 10.0.0.199 () {32 vars in 633 bytes} [Tue May 12 17:45:53 2026] GET /v2.0/ => generated 632 bytes in 103 msecs (HTTP/1.1 200) 4 headers in 157 bytes (1 switches on core 0) [pid: 8|app: 0|req: 705/1450] 10.0.0.199 () {32 vars in 649 bytes} [Tue May 12 17:45:54 2026] GET /v2.0/networks => generated 1970 bytes in 52 msecs (HTTP/1.1 200) 4 headers in 158 bytes (1 switches on core 0)
2026-05-12 17:45:54.209 7 INFO neutron_taas.services.taas.taas_plugin [None req-07b3ebf2-8e38-4f35-83f5-47922779cc92 6cdfe1e6258640208f83af36c374e071 30f2fe47af1042a2afa767ff6186b260 - - default default] TaaS: Handle Delete Port: 25c6ec2d-7e2c-4ce3-9103-70fc01b76f70
2026-05-12 17:45:54.212 7 INFO neutron_taas.services.taas.tap_mirror_plugin [None req-07b3ebf2-8e38-4f35-83f5-47922779cc92 6cdfe1e6258640208f83af36c374e071 30f2fe47af1042a2afa767ff6186b260 - - default default] Tap Mirror: Handle Delete Port: 25c6ec2d-7e2c-4ce3-9103-70fc01b76f70
2026-05-12 17:45:54.413 7 INFO neutron.services.segments.plugin [-] Segment 014a8a15-ca84-4f06-906d-bbf7b4632959 resource provider aggregate not found
2026-05-12 17:45:54.426 7 INFO neutron.services.segments.plugin [-] Segment 014a8a15-ca84-4f06-906d-bbf7b4632959 resource provider aggregate not found
2026-05-12 17:45:54.432 7 INFO neutron.services.segments.plugin [-] Segment 014a8a15-ca84-4f06-906d-bbf7b4632959 resource provider not found; error: Placement Client Error (4xx): {"errors": [{"status": 404, "title": "Not Found", "detail": "The resource could not be found.\n\n No resource provider with uuid 014a8a15-ca84-4f06-906d-bbf7b4632959 found for delete ", "request_id": "req-b48e039d-8137-4803-8766-61a672466f75"}]}
2026-05-12 17:45:54.450 7 INFO neutron.services.segments.plugin [-] Segment 014a8a15-ca84-4f06-906d-bbf7b4632959 resource provider not found; error: Placement Client Error (4xx): {"errors": [{"status": 404, "title": "Not Found", "detail": "The resource could not be found.\n\n No resource provider with uuid 014a8a15-ca84-4f06-906d-bbf7b4632959 found for delete ", "request_id": "req-395abeb6-e6b9-4826-aa3b-3bced5f7016f"}]} [pid: 7|app: 0|req: 746/1451] 10.0.0.199 () {32 vars in 726 bytes} [Tue May 12 17:45:54 2026] DELETE /v2.0/networks/526b501a-ae09-40c7-a3f0-2477f2f761c1 => generated 0 bytes in 380 msecs (HTTP/1.1 204) 3 headers in 131 bytes (1 switches on core 0)
2026-05-12 17:45:54.602 8 INFO neutron_taas.services.taas.taas_plugin [None req-0f2364f2-6530-4ee1-9c2f-4d7731d1bcf4 6cdfe1e6258640208f83af36c374e071 30f2fe47af1042a2afa767ff6186b260 - - default default] TaaS: Handle Delete Port: f70b261f-6d3b-46ea-8ae6-47dbf7bf51dc
2026-05-12 17:45:54.605 8 INFO neutron_taas.services.taas.tap_mirror_plugin [None req-0f2364f2-6530-4ee1-9c2f-4d7731d1bcf4 6cdfe1e6258640208f83af36c374e071 30f2fe47af1042a2afa767ff6186b260 - - default default] Tap Mirror: Handle Delete Port: f70b261f-6d3b-46ea-8ae6-47dbf7bf51dc
2026-05-12 17:45:54.776 8 INFO neutron.services.segments.plugin [-] Segment 59d9dfd6-2f7d-4ef7-8d7c-e140388d7812 resource provider aggregate not found
2026-05-12 17:45:54.779 8 INFO neutron.services.segments.plugin [-] Segment 59d9dfd6-2f7d-4ef7-8d7c-e140388d7812 resource provider aggregate not found
2026-05-12 17:45:54.791 8 INFO neutron.services.segments.plugin [-] Segment 59d9dfd6-2f7d-4ef7-8d7c-e140388d7812 resource provider not found; error: Placement Client Error (4xx): {"errors": [{"status": 404, "title": "Not Found", "detail": "The resource could not be found.\n\n No resource provider with uuid 59d9dfd6-2f7d-4ef7-8d7c-e140388d7812 found for delete ", "request_id": "req-236f9d61-e957-4048-877a-58ebf2e05ca4"}]}
2026-05-12 17:45:54.795 8 INFO neutron.services.segments.plugin [-] Segment 59d9dfd6-2f7d-4ef7-8d7c-e140388d7812 resource provider not found; error: Placement Client Error (4xx): {"errors": [{"status": 404, "title": "Not Found", "detail": "The resource could not be found.\n\n No resource provider with uuid 59d9dfd6-2f7d-4ef7-8d7c-e140388d7812 found for delete ", "request_id": "req-63d9ddeb-b3eb-47f0-a1e5-fbce762da562"}]} [pid: 8|app: 0|req: 706/1452] 10.0.0.199 () {32 vars in 726 bytes} [Tue May 12 17:45:54 2026] DELETE /v2.0/networks/658944c1-ae39-4821-9b79-643ac7432e76 => generated 0 bytes in 340 msecs (HTTP/1.1 204) 3 headers in 131 bytes (1 switches on core 0)
2026-05-12 17:45:54.853 7 INFO neutron.db.ovn_revision_numbers_db [None req-44b6dddc-cf1c-4e2f-900a-715ffc43e48b 785fa257ffda4ef4b47d9c64a244b530 52b6bc5d765f4c70a9b04068867356c0 - - default default] Successfully bumped revision number for resource 41c1019d-b5dc-4d22-9810-03c9e5065212 (type: security_groups) to 1
2026-05-12 17:45:54.866 7 INFO neutron.db.ovn_revision_numbers_db [None req-44b6dddc-cf1c-4e2f-900a-715ffc43e48b 785fa257ffda4ef4b47d9c64a244b530 52b6bc5d765f4c70a9b04068867356c0 - - default default] Successfully bumped revision number for resource 3ee999b8-5e41-4eb8-b049-88a6126e58ff (type: security_group_rules) to 0 [pid: 8|app: 0|req: 707/1453] 10.0.0.199 () {32 vars in 649 bytes} [Tue May 12 17:45:54 2026] GET /v2.0/networks => generated 689 bytes in 39 msecs (HTTP/1.1 200) 4 headers in 157 bytes (1 switches on core 0)
2026-05-12 17:45:54.879 7 INFO neutron.db.ovn_revision_numbers_db [None req-44b6dddc-cf1c-4e2f-900a-715ffc43e48b 785fa257ffda4ef4b47d9c64a244b530 52b6bc5d765f4c70a9b04068867356c0 - - default default] Successfully bumped revision number for resource 8909c293-56c4-4b82-886d-cc2872cb5a1e (type: security_group_rules) to 0
2026-05-12 17:45:54.890 7 INFO neutron.db.ovn_revision_numbers_db [None req-44b6dddc-cf1c-4e2f-900a-715ffc43e48b 785fa257ffda4ef4b47d9c64a244b530 52b6bc5d765f4c70a9b04068867356c0 - - default default] Successfully bumped revision number for resource 91236de8-0d79-4af5-99b9-f24d6b4eeced (type: security_group_rules) to 0
2026-05-12 17:45:54.906 7 INFO neutron.db.ovn_revision_numbers_db [None req-44b6dddc-cf1c-4e2f-900a-715ffc43e48b 785fa257ffda4ef4b47d9c64a244b530 52b6bc5d765f4c70a9b04068867356c0 - - default default] Successfully bumped revision number for resource 9ed9d757-c564-4f5d-83be-2bc3c7bb87e6 (type: security_group_rules) to 0 [pid: 7|app: 0|req: 747/1454] 10.0.0.199 () {32 vars in 774 bytes} [Tue May 12 17:45:54 2026] GET /v2.0/security-groups?tenant_id=7d4370b12e7e430da0861d3a594a071d&name=default => generated 2925 bytes in 403 msecs (HTTP/1.1 200) 4 headers in 158 bytes (1 switches on core 0)
2026-05-12 17:45:54.978 8 INFO neutron.db.segments_db [None req-450b0dae-ae43-4745-8fcd-a1f9d6cbe0b9 6cdfe1e6258640208f83af36c374e071 30f2fe47af1042a2afa767ff6186b260 - - default default] Added segment 51372855-1a0c-4f91-9b43-e1314b429a29 of type geneve for network 3c1ba160-cc93-4382-a5cd-dd1792dc2788
2026-05-12 17:45:55.091 8 INFO neutron.db.ovn_revision_numbers_db [None req-450b0dae-ae43-4745-8fcd-a1f9d6cbe0b9 6cdfe1e6258640208f83af36c374e071 30f2fe47af1042a2afa767ff6186b260 - - default default] Successfully bumped revision number for resource 3c1ba160-cc93-4382-a5cd-dd1792dc2788 (type: networks) to 1 [pid: 7|app: 0|req: 748/1455] 10.0.0.199 () {32 vars in 740 bytes} [Tue May 12 17:45:54 2026] DELETE /v2.0/security-groups/41c1019d-b5dc-4d22-9810-03c9e5065212 => generated 0 bytes in 253 msecs (HTTP/1.1 204) 2 headers in 112 bytes (1 switches on core 0)
2026-05-12 17:45:55.262 8 WARNING neutron.scheduler.dhcp_agent_scheduler [None req-450b0dae-ae43-4745-8fcd-a1f9d6cbe0b9 6cdfe1e6258640208f83af36c374e071 30f2fe47af1042a2afa767ff6186b260 - - default default] No more DHCP agents
2026-05-12 17:45:55.264 8 WARNING neutron.api.rpc.agentnotifiers.dhcp_rpc_agent_api [None req-450b0dae-ae43-4745-8fcd-a1f9d6cbe0b9 6cdfe1e6258640208f83af36c374e071 30f2fe47af1042a2afa767ff6186b260 - - default default] Unable to schedule network 3c1ba160-cc93-4382-a5cd-dd1792dc2788: no agents available; will retry on subsequent port and subnet creation events.
2026-05-12 17:45:55.324 7 INFO neutron.plugins.ml2.drivers.ovn.mech_driver.mech_driver [None req-0679e705-3491-4674-a5a8-28a5826ad504 - - - - - -] OVN reports status down for port: e8a8948d-c318-449b-8581-63cffaa497c8
2026-05-12 17:45:55.349 8 INFO neutron.db.ovn_revision_numbers_db [None req-450b0dae-ae43-4745-8fcd-a1f9d6cbe0b9 6cdfe1e6258640208f83af36c374e071 30f2fe47af1042a2afa767ff6186b260 - - default default] Successfully bumped revision number for resource e8a8948d-c318-449b-8581-63cffaa497c8 (type: ports) to 1 [pid: 8|app: 0|req: 708/1456] 10.0.0.199 () {34 vars in 670 bytes} [Tue May 12 17:45:54 2026] POST /v2.0/networks => generated 688 bytes in 489 msecs (HTTP/1.1 201) 4 headers in 162 bytes (1 switches on core 0)
2026-05-12 17:45:55.471 8 INFO neutron.db.segments_db [None req-6e2ebca1-581d-485a-ae2c-bed465a18e87 6cdfe1e6258640208f83af36c374e071 30f2fe47af1042a2afa767ff6186b260 - - default default] Added segment d1acd310-259b-464f-9331-623aa8ceb5bc of type geneve for network 0e6d3cb5-dce7-4770-9b99-6e0497f0d304
2026-05-12 17:45:55.544 7 INFO neutron.db.ovn_revision_numbers_db [None req-00ae97ee-ab0d-4e72-971b-15f832a39fc9 785fa257ffda4ef4b47d9c64a244b530 52b6bc5d765f4c70a9b04068867356c0 - - default default] Successfully bumped revision number for resource 79b6ead2-1b4e-4515-b393-012cd7a5241f (type: security_groups) to 1
2026-05-12 17:45:55.556 7 INFO neutron.db.ovn_revision_numbers_db [None req-00ae97ee-ab0d-4e72-971b-15f832a39fc9 785fa257ffda4ef4b47d9c64a244b530 52b6bc5d765f4c70a9b04068867356c0 - - default default] Successfully bumped revision number for resource 6323f1d1-10b0-4b19-b909-28344de75abf (type: security_group_rules) to 0
2026-05-12 17:45:55.579 7 INFO neutron.db.ovn_revision_numbers_db [None req-00ae97ee-ab0d-4e72-971b-15f832a39fc9 785fa257ffda4ef4b47d9c64a244b530 52b6bc5d765f4c70a9b04068867356c0 - - default default] Successfully bumped revision number for resource 69b0646f-5ce5-4ba9-b520-53e77ada278c (type: security_group_rules) to 0
2026-05-12 17:45:55.594 7 INFO neutron.db.ovn_revision_numbers_db [None req-00ae97ee-ab0d-4e72-971b-15f832a39fc9 785fa257ffda4ef4b47d9c64a244b530 52b6bc5d765f4c70a9b04068867356c0 - - default default] Successfully bumped revision number for resource da1bb02c-dfe3-4b78-ba1f-9d419b7e5657 (type: security_group_rules) to 0
2026-05-12 17:45:55.596 8 INFO neutron.db.ovn_revision_numbers_db [None req-6e2ebca1-581d-485a-ae2c-bed465a18e87 6cdfe1e6258640208f83af36c374e071 30f2fe47af1042a2afa767ff6186b260 - - default default] Successfully bumped revision number for resource 0e6d3cb5-dce7-4770-9b99-6e0497f0d304 (type: networks) to 1
2026-05-12 17:45:55.608 7 INFO neutron.db.ovn_revision_numbers_db [None req-00ae97ee-ab0d-4e72-971b-15f832a39fc9 785fa257ffda4ef4b47d9c64a244b530 52b6bc5d765f4c70a9b04068867356c0 - - default default] Successfully bumped revision number for resource e477224b-1e52-4dde-8755-09c79eb20b45 (type: security_group_rules) to 0 [pid: 7|app: 0|req: 749/1457] 10.0.0.199 () {32 vars in 774 bytes} [Tue May 12 17:45:55 2026] GET /v2.0/security-groups?tenant_id=0b5323a2276f406ba6de561ef0e37b83&name=default => generated 2925 bytes in 448 msecs (HTTP/1.1 200) 4 headers in 158 bytes (1 switches on core 0)
2026-05-12 17:45:55.745 8 WARNING neutron.scheduler.dhcp_agent_scheduler [None req-6e2ebca1-581d-485a-ae2c-bed465a18e87 6cdfe1e6258640208f83af36c374e071 30f2fe47af1042a2afa767ff6186b260 - - default default] No more DHCP agents
2026-05-12 17:45:55.746 8 WARNING neutron.api.rpc.agentnotifiers.dhcp_rpc_agent_api [None req-6e2ebca1-581d-485a-ae2c-bed465a18e87 6cdfe1e6258640208f83af36c374e071 30f2fe47af1042a2afa767ff6186b260 - - default default] Unable to schedule network 0e6d3cb5-dce7-4770-9b99-6e0497f0d304: no agents available; will retry on subsequent port and subnet creation events.
2026-05-12 17:45:55.821 7 INFO neutron.plugins.ml2.drivers.ovn.mech_driver.mech_driver [None req-0679e705-3491-4674-a5a8-28a5826ad504 - - - - - -] OVN reports status down for port: 91db8b5f-2b18-4b25-be48-5e8be58f9628
2026-05-12 17:45:55.828 8 INFO neutron.db.ovn_revision_numbers_db [None req-6e2ebca1-581d-485a-ae2c-bed465a18e87 6cdfe1e6258640208f83af36c374e071 30f2fe47af1042a2afa767ff6186b260 - - default default] Successfully bumped revision number for resource 91db8b5f-2b18-4b25-be48-5e8be58f9628 (type: ports) to 1 [pid: 8|app: 0|req: 709/1458] 10.0.0.199 () {34 vars in 670 bytes} [Tue May 12 17:45:55 2026] POST /v2.0/networks => generated 688 bytes in 494 msecs (HTTP/1.1 201) 4 headers in 162 bytes (1 switches on core 0) [pid: 7|app: 0|req: 750/1459] 10.0.0.199 () {32 vars in 740 bytes} [Tue May 12 17:45:55 2026] DELETE /v2.0/security-groups/79b6ead2-1b4e-4515-b393-012cd7a5241f => generated 0 bytes in 318 msecs (HTTP/1.1 204) 2 headers in 112 bytes (1 switches on core 0)
2026-05-12 17:45:56.297 8 WARNING neutron.scheduler.dhcp_agent_scheduler [None req-67bdfdac-3a1c-4d74-92a1-8b8938fe5e75 6cdfe1e6258640208f83af36c374e071 30f2fe47af1042a2afa767ff6186b260 - - default default] No more DHCP agents
2026-05-12 17:45:56.298 8 WARNING neutron.api.rpc.agentnotifiers.dhcp_rpc_agent_api [None req-67bdfdac-3a1c-4d74-92a1-8b8938fe5e75 6cdfe1e6258640208f83af36c374e071 30f2fe47af1042a2afa767ff6186b260 - - default default] Unable to schedule network 3c1ba160-cc93-4382-a5cd-dd1792dc2788: no agents available; will retry on subsequent port and subnet creation events.
2026-05-12 17:45:56.361 7 INFO neutron.plugins.ml2.drivers.ovn.mech_driver.mech_driver [None req-0679e705-3491-4674-a5a8-28a5826ad504 - - - - - -] OVN reports status down for port: 0d37797d-5820-446b-a88d-8543566f3ed7
2026-05-12 17:45:56.394 8 INFO neutron.db.ovn_revision_numbers_db [None req-67bdfdac-3a1c-4d74-92a1-8b8938fe5e75 6cdfe1e6258640208f83af36c374e071 30f2fe47af1042a2afa767ff6186b260 - - default default] Successfully bumped revision number for resource 0d37797d-5820-446b-a88d-8543566f3ed7 (type: ports) to 1
2026-05-12 17:45:56.451 8 WARNING neutron.scheduler.dhcp_agent_scheduler [None req-67bdfdac-3a1c-4d74-92a1-8b8938fe5e75 6cdfe1e6258640208f83af36c374e071 30f2fe47af1042a2afa767ff6186b260 - - default default] No more DHCP agents
2026-05-12 17:45:56.452 8 WARNING neutron.api.rpc.agentnotifiers.dhcp_rpc_agent_api [None req-67bdfdac-3a1c-4d74-92a1-8b8938fe5e75 6cdfe1e6258640208f83af36c374e071 30f2fe47af1042a2afa767ff6186b260 - - default default] Unable to schedule network 0e6d3cb5-dce7-4770-9b99-6e0497f0d304: no agents available; will retry on subsequent port and subnet creation events.
2026-05-12 17:45:56.528 7 INFO neutron.plugins.ml2.drivers.ovn.mech_driver.mech_driver [None req-0679e705-3491-4674-a5a8-28a5826ad504 - - - - - -] OVN reports status down for port: c3a7e641-3b74-4c40-8de4-3a2f99bfc550
2026-05-12 17:45:56.547 8 INFO neutron.db.ovn_revision_numbers_db [None req-67bdfdac-3a1c-4d74-92a1-8b8938fe5e75 6cdfe1e6258640208f83af36c374e071 30f2fe47af1042a2afa767ff6186b260 - - default default] Successfully bumped revision number for resource c3a7e641-3b74-4c40-8de4-3a2f99bfc550 (type: ports) to 1 [pid: 8|app: 0|req: 710/1460] 10.0.0.199 () {34 vars in 665 bytes} [Tue May 12 17:45:55 2026] POST /v2.0/ports => generated 1505 bytes in 756 msecs (HTTP/1.1 201) 4 headers in 163 bytes (1 switches on core 0) [pid: 7|app: 0|req: 751/1463] 10.0.0.199 () {32 vars in 643 bytes} [Tue May 12 17:45:56 2026] GET /v2.0/ports => generated 3017 bytes in 126 msecs (HTTP/1.1 200) 4 headers in 158 bytes (1 switches on core 0) /var/lib/openstack/lib/python3.12/site-packages/pycadf/identifier.py:70: UserWarning: Invalid uuid: neutron. To ensure interoperability, identifiers should be a valid uuid. warnings.warn(('Invalid uuid: %s. To ensure interoperability, '
2026-05-12 17:45:56.883 8 INFO neutron_taas.services.taas.taas_plugin [None req-b4e4ad96-f68b-47d8-88f5-63bc964c2b51 6cdfe1e6258640208f83af36c374e071 30f2fe47af1042a2afa767ff6186b260 - - default default] TaaS: Handle Delete Port: 0d37797d-5820-446b-a88d-8543566f3ed7
2026-05-12 17:45:56.887 8 INFO neutron_taas.services.taas.tap_mirror_plugin [None req-b4e4ad96-f68b-47d8-88f5-63bc964c2b51 6cdfe1e6258640208f83af36c374e071 30f2fe47af1042a2afa767ff6186b260 - - default default] Tap Mirror: Handle Delete Port: 0d37797d-5820-446b-a88d-8543566f3ed7 [pid: 8|app: 0|req: 713/1464] 10.0.0.199 () {32 vars in 720 bytes} [Tue May 12 17:45:56 2026] DELETE /v2.0/ports/0d37797d-5820-446b-a88d-8543566f3ed7 => generated 0 bytes in 242 msecs (HTTP/1.1 204) 3 headers in 131 bytes (1 switches on core 0)
2026-05-12 17:45:57.146 7 INFO neutron_taas.services.taas.taas_plugin [None req-44803068-3a7f-46de-9997-83c19d1ae274 6cdfe1e6258640208f83af36c374e071 30f2fe47af1042a2afa767ff6186b260 - - default default] TaaS: Handle Delete Port: c3a7e641-3b74-4c40-8de4-3a2f99bfc550
2026-05-12 17:45:57.149 7 INFO neutron_taas.services.taas.tap_mirror_plugin [None req-44803068-3a7f-46de-9997-83c19d1ae274 6cdfe1e6258640208f83af36c374e071 30f2fe47af1042a2afa767ff6186b260 - - default default] Tap Mirror: Handle Delete Port: c3a7e641-3b74-4c40-8de4-3a2f99bfc550 [pid: 7|app: 0|req: 752/1465] 10.0.0.199 () {32 vars in 720 bytes} [Tue May 12 17:45:57 2026] DELETE /v2.0/ports/c3a7e641-3b74-4c40-8de4-3a2f99bfc550 => generated 0 bytes in 267 msecs (HTTP/1.1 204) 3 headers in 131 bytes (1 switches on core 0) [pid: 7|app: 0|req: 753/1466] 10.0.0.199 () {32 vars in 643 bytes} [Tue May 12 17:45:57 2026] GET /v2.0/ports => generated 1523 bytes in 39 msecs (HTTP/1.1 200) 4 headers in 158 bytes (1 switches on core 0)
2026-05-12 17:45:57.424 7 INFO neutron.db.segments_db [None req-ae78ef55-1ca8-4988-ab8e-11e8439b591f 6cdfe1e6258640208f83af36c374e071 30f2fe47af1042a2afa767ff6186b260 - - default default] Added segment 26a80e6d-610d-4592-81f6-23d3cbc98071 of type geneve for network 71bbabe2-4b2d-4e9d-8fa5-f71bf84f0f61
2026-05-12 17:45:57.556 7 INFO neutron.db.ovn_revision_numbers_db [None req-ae78ef55-1ca8-4988-ab8e-11e8439b591f 6cdfe1e6258640208f83af36c374e071 30f2fe47af1042a2afa767ff6186b260 - - default default] Successfully bumped revision number for resource 71bbabe2-4b2d-4e9d-8fa5-f71bf84f0f61 (type: networks) to 1
2026-05-12 17:45:57.623 8 INFO neutron.db.ovn_revision_numbers_db [None req-3acd7c3c-e369-44ca-be7d-f8b8a4054ab1 785fa257ffda4ef4b47d9c64a244b530 52b6bc5d765f4c70a9b04068867356c0 - - default default] Successfully bumped revision number for resource 787ef9d1-0d44-4cdc-b58c-4fb0808a4cbb (type: security_groups) to 1
2026-05-12 17:45:57.634 8 INFO neutron.db.ovn_revision_numbers_db [None req-3acd7c3c-e369-44ca-be7d-f8b8a4054ab1 785fa257ffda4ef4b47d9c64a244b530 52b6bc5d765f4c70a9b04068867356c0 - - default default] Successfully bumped revision number for resource 110f26d2-5c7d-4e7e-a085-38d4cc0b5b97 (type: security_group_rules) to 0
2026-05-12 17:45:57.646 8 INFO neutron.db.ovn_revision_numbers_db [None req-3acd7c3c-e369-44ca-be7d-f8b8a4054ab1 785fa257ffda4ef4b47d9c64a244b530 52b6bc5d765f4c70a9b04068867356c0 - - default default] Successfully bumped revision number for resource a8968185-49a2-4ddf-a908-941fd83cb7b5 (type: security_group_rules) to 0
2026-05-12 17:45:57.658 8 INFO neutron.db.ovn_revision_numbers_db [None req-3acd7c3c-e369-44ca-be7d-f8b8a4054ab1 785fa257ffda4ef4b47d9c64a244b530 52b6bc5d765f4c70a9b04068867356c0 - - default default] Successfully bumped revision number for resource e42ceb69-a3e5-41bc-b5dd-ea5d650620c2 (type: security_group_rules) to 0
2026-05-12 17:45:57.670 8 INFO neutron.db.ovn_revision_numbers_db [None req-3acd7c3c-e369-44ca-be7d-f8b8a4054ab1 785fa257ffda4ef4b47d9c64a244b530 52b6bc5d765f4c70a9b04068867356c0 - - default default] Successfully bumped revision number for resource e940f829-49bb-4f23-ac74-6ca01361ab20 (type: security_group_rules) to 0
2026-05-12 17:45:57.733 8 INFO neutron.db.segments_db [None req-3acd7c3c-e369-44ca-be7d-f8b8a4054ab1 785fa257ffda4ef4b47d9c64a244b530 52b6bc5d765f4c70a9b04068867356c0 - - default default] Added segment 780ff096-b591-44c5-9d78-039d69c30ec9 of type geneve for network 96769edc-a479-4425-b9f6-1aab3dc75d01
2026-05-12 17:45:57.737 7 WARNING neutron.scheduler.dhcp_agent_scheduler [None req-ae78ef55-1ca8-4988-ab8e-11e8439b591f 6cdfe1e6258640208f83af36c374e071 30f2fe47af1042a2afa767ff6186b260 - - default default] No more DHCP agents
2026-05-12 17:45:57.738 7 WARNING neutron.api.rpc.agentnotifiers.dhcp_rpc_agent_api [None req-ae78ef55-1ca8-4988-ab8e-11e8439b591f 6cdfe1e6258640208f83af36c374e071 30f2fe47af1042a2afa767ff6186b260 - - default default] Unable to schedule network 71bbabe2-4b2d-4e9d-8fa5-f71bf84f0f61: no agents available; will retry on subsequent port and subnet creation events.
2026-05-12 17:45:57.796 8 INFO neutron.plugins.ml2.drivers.ovn.mech_driver.mech_driver [None req-80a73c34-afa8-449f-8cb9-a7f68cff84a8 - - - - - -] OVN reports status down for port: 323ea155-5437-41c1-b111-1fefe9966e8b
2026-05-12 17:45:57.838 7 INFO neutron.db.ovn_revision_numbers_db [None req-ae78ef55-1ca8-4988-ab8e-11e8439b591f 6cdfe1e6258640208f83af36c374e071 30f2fe47af1042a2afa767ff6186b260 - - default default] Successfully bumped revision number for resource 323ea155-5437-41c1-b111-1fefe9966e8b (type: ports) to 1 [pid: 7|app: 0|req: 754/1467] 10.0.0.199 () {34 vars in 670 bytes} [Tue May 12 17:45:57 2026] POST /v2.0/networks => generated 688 bytes in 542 msecs (HTTP/1.1 201) 4 headers in 162 bytes (1 switches on core 0)
2026-05-12 17:45:57.895 8 INFO neutron.db.ovn_revision_numbers_db [None req-3acd7c3c-e369-44ca-be7d-f8b8a4054ab1 785fa257ffda4ef4b47d9c64a244b530 52b6bc5d765f4c70a9b04068867356c0 - - default default] Successfully bumped revision number for resource 96769edc-a479-4425-b9f6-1aab3dc75d01 (type: networks) to 1
2026-05-12 17:45:57.962 7 INFO neutron.db.segments_db [None req-74a835c6-2c62-4051-a5e5-bffcc45bfbac 6cdfe1e6258640208f83af36c374e071 30f2fe47af1042a2afa767ff6186b260 - - default default] Added segment 0737e5b0-7db2-41e6-b473-df6857c697a1 of type geneve for network 3edf4832-d3f8-48b5-b525-e56ae180f66c
2026-05-12 17:45:58.071 8 WARNING neutron.scheduler.dhcp_agent_scheduler [None req-3acd7c3c-e369-44ca-be7d-f8b8a4054ab1 785fa257ffda4ef4b47d9c64a244b530 52b6bc5d765f4c70a9b04068867356c0 - - default default] No more DHCP agents
2026-05-12 17:45:58.073 8 WARNING neutron.api.rpc.agentnotifiers.dhcp_rpc_agent_api [None req-3acd7c3c-e369-44ca-be7d-f8b8a4054ab1 785fa257ffda4ef4b47d9c64a244b530 52b6bc5d765f4c70a9b04068867356c0 - - default default] Unable to schedule network 96769edc-a479-4425-b9f6-1aab3dc75d01: no agents available; will retry on subsequent port and subnet creation events.
2026-05-12 17:45:58.077 7 INFO neutron.db.ovn_revision_numbers_db [None req-74a835c6-2c62-4051-a5e5-bffcc45bfbac 6cdfe1e6258640208f83af36c374e071 30f2fe47af1042a2afa767ff6186b260 - - default default] Successfully bumped revision number for resource 3edf4832-d3f8-48b5-b525-e56ae180f66c (type: networks) to 1
2026-05-12 17:45:58.122 8 INFO neutron.plugins.ml2.drivers.ovn.mech_driver.mech_driver [None req-80a73c34-afa8-449f-8cb9-a7f68cff84a8 - - - - - -] OVN reports status down for port: aecef4fc-5266-4313-84b2-5f45e16001d8
2026-05-12 17:45:58.177 8 INFO neutron.db.ovn_revision_numbers_db [None req-3acd7c3c-e369-44ca-be7d-f8b8a4054ab1 785fa257ffda4ef4b47d9c64a244b530 52b6bc5d765f4c70a9b04068867356c0 - - default default] Successfully bumped revision number for resource aecef4fc-5266-4313-84b2-5f45e16001d8 (type: ports) to 1 [pid: 8|app: 0|req: 714/1468] 10.0.0.199 () {34 vars in 671 bytes} [Tue May 12 17:45:57 2026] POST /v2.0/networks => generated 782 bytes in 976 msecs (HTTP/1.1 201) 4 headers in 162 bytes (1 switches on core 0)
2026-05-12 17:45:58.262 7 WARNING neutron.scheduler.dhcp_agent_scheduler [None req-74a835c6-2c62-4051-a5e5-bffcc45bfbac 6cdfe1e6258640208f83af36c374e071 30f2fe47af1042a2afa767ff6186b260 - - default default] No more DHCP agents
2026-05-12 17:45:58.263 7 WARNING neutron.api.rpc.agentnotifiers.dhcp_rpc_agent_api [None req-74a835c6-2c62-4051-a5e5-bffcc45bfbac 6cdfe1e6258640208f83af36c374e071 30f2fe47af1042a2afa767ff6186b260 - - default default] Unable to schedule network 3edf4832-d3f8-48b5-b525-e56ae180f66c: no agents available; will retry on subsequent port and subnet creation events.
2026-05-12 17:45:58.334 8 INFO neutron.plugins.ml2.drivers.ovn.mech_driver.mech_driver [None req-80a73c34-afa8-449f-8cb9-a7f68cff84a8 - - - - - -] OVN reports status down for port: 0dfbb85b-77b8-45f3-a033-d8e8e8c404fc
2026-05-12 17:45:58.353 7 INFO neutron.db.ovn_revision_numbers_db [None req-74a835c6-2c62-4051-a5e5-bffcc45bfbac 6cdfe1e6258640208f83af36c374e071 30f2fe47af1042a2afa767ff6186b260 - - default default] Successfully bumped revision number for resource 0dfbb85b-77b8-45f3-a033-d8e8e8c404fc (type: ports) to 1 [pid: 7|app: 0|req: 755/1469] 10.0.0.199 () {34 vars in 670 bytes} [Tue May 12 17:45:57 2026] POST /v2.0/networks => generated 687 bytes in 501 msecs (HTTP/1.1 201) 4 headers in 162 bytes (1 switches on core 0)
2026-05-12 17:45:58.428 8 WARNING neutron.scheduler.dhcp_agent_scheduler [None req-d4d24ee9-19e3-473d-ac23-a1546ef052b5 785fa257ffda4ef4b47d9c64a244b530 52b6bc5d765f4c70a9b04068867356c0 - - default default] No more DHCP agents
2026-05-12 17:45:58.431 8 WARNING neutron.api.rpc.agentnotifiers.dhcp_rpc_agent_api [None req-d4d24ee9-19e3-473d-ac23-a1546ef052b5 785fa257ffda4ef4b47d9c64a244b530 52b6bc5d765f4c70a9b04068867356c0 - - default default] Unable to schedule network 96769edc-a479-4425-b9f6-1aab3dc75d01: no agents available; will retry on subsequent port and subnet creation events.
2026-05-12 17:45:58.711 7 WARNING neutron.scheduler.dhcp_agent_scheduler [None req-34e6b8e7-d02b-4c8c-a79f-23e5ab79216c 6cdfe1e6258640208f83af36c374e071 30f2fe47af1042a2afa767ff6186b260 - - default default] No more DHCP agents
2026-05-12 17:45:58.712 7 WARNING neutron.api.rpc.agentnotifiers.dhcp_rpc_agent_api [None req-34e6b8e7-d02b-4c8c-a79f-23e5ab79216c 6cdfe1e6258640208f83af36c374e071 30f2fe47af1042a2afa767ff6186b260 - - default default] Unable to schedule network 71bbabe2-4b2d-4e9d-8fa5-f71bf84f0f61: no agents available; will retry on subsequent port and subnet creation events.
2026-05-12 17:45:58.884 8 INFO neutron.db.ovn_revision_numbers_db [None req-f9a84f9a-aecd-4a90-b612-60fb90a4d0d1 - - - - - -] Successfully bumped revision number for resource aecef4fc-5266-4313-84b2-5f45e16001d8 (type: ports) to 2
2026-05-12 17:45:58.923 8 INFO neutron.db.ovn_revision_numbers_db [None req-f9a84f9a-aecd-4a90-b612-60fb90a4d0d1 - - - - - -] Successfully bumped revision number for resource f061cd6f-553b-42ea-9a1d-46eb38ee43d9 (type: subnets) to 0 [pid: 8|app: 0|req: 715/1470] 10.0.0.199 () {34 vars in 669 bytes} [Tue May 12 17:45:58 2026] POST /v2.0/subnets => generated 688 bytes in 713 msecs (HTTP/1.1 201) 4 headers in 162 bytes (1 switches on core 0)
2026-05-12 17:45:59.134 7 INFO neutron.db.ovn_revision_numbers_db [None req-d4254369-f985-4219-bc37-be3aa69ee3b7 - - - - - -] Successfully bumped revision number for resource 323ea155-5437-41c1-b111-1fefe9966e8b (type: ports) to 2
2026-05-12 17:45:59.173 7 INFO neutron.db.ovn_revision_numbers_db [None req-d4254369-f985-4219-bc37-be3aa69ee3b7 - - - - - -] Successfully bumped revision number for resource e311af74-272c-4933-a3cf-e61c3678b11c (type: subnets) to 0
2026-05-12 17:45:59.227 8 INFO neutron.db.ovn_revision_numbers_db [None req-b6becf85-7c72-4719-b0be-fdb021572f01 785fa257ffda4ef4b47d9c64a244b530 52b6bc5d765f4c70a9b04068867356c0 - - default default] Successfully bumped revision number for resource 64019088-5202-4c09-ab15-4f166f2458b6 (type: security_groups) to 1
2026-05-12 17:45:59.229 7 WARNING neutron.scheduler.dhcp_agent_scheduler [None req-34e6b8e7-d02b-4c8c-a79f-23e5ab79216c 6cdfe1e6258640208f83af36c374e071 30f2fe47af1042a2afa767ff6186b260 - - default default] No more DHCP agents
2026-05-12 17:45:59.232 7 WARNING neutron.api.rpc.agentnotifiers.dhcp_rpc_agent_api [None req-34e6b8e7-d02b-4c8c-a79f-23e5ab79216c 6cdfe1e6258640208f83af36c374e071 30f2fe47af1042a2afa767ff6186b260 - - default default] Unable to schedule network 3edf4832-d3f8-48b5-b525-e56ae180f66c: no agents available; will retry on subsequent port and subnet creation events.
2026-05-12 17:45:59.240 8 INFO neutron.db.ovn_revision_numbers_db [None req-b6becf85-7c72-4719-b0be-fdb021572f01 785fa257ffda4ef4b47d9c64a244b530 52b6bc5d765f4c70a9b04068867356c0 - - default default] Successfully bumped revision number for resource 2a01b97d-b8d5-4747-bb16-861130846055 (type: security_group_rules) to 0
2026-05-12 17:45:59.251 8 INFO neutron.db.ovn_revision_numbers_db [None req-b6becf85-7c72-4719-b0be-fdb021572f01 785fa257ffda4ef4b47d9c64a244b530 52b6bc5d765f4c70a9b04068867356c0 - - default default] Successfully bumped revision number for resource a19d7ece-0168-482b-91c7-0a41f8359360 (type: security_group_rules) to 0
2026-05-12 17:45:59.261 8 INFO neutron.db.ovn_revision_numbers_db [None req-b6becf85-7c72-4719-b0be-fdb021572f01 785fa257ffda4ef4b47d9c64a244b530 52b6bc5d765f4c70a9b04068867356c0 - - default default] Successfully bumped revision number for resource d8cabdc0-c192-4600-85b4-0fc6761dd544 (type: security_group_rules) to 0
2026-05-12 17:45:59.269 8 INFO neutron.db.ovn_revision_numbers_db [None req-b6becf85-7c72-4719-b0be-fdb021572f01 785fa257ffda4ef4b47d9c64a244b530 52b6bc5d765f4c70a9b04068867356c0 - - default default] Successfully bumped revision number for resource f6126369-d2d1-4aec-a48d-d0e38dd340e5 (type: security_group_rules) to 0 [pid: 8|app: 0|req: 716/1471] 10.0.0.199 () {32 vars in 774 bytes} [Tue May 12 17:45:58 2026] GET /v2.0/security-groups?tenant_id=1e639c9e54e84d7290903f26c57c4dce&name=default => generated 2925 bytes in 365 msecs (HTTP/1.1 200) 4 headers in 158 bytes (1 switches on core 0)
2026-05-12 17:45:59.684 7 INFO neutron.db.ovn_revision_numbers_db [None req-1a6c5239-75d0-4759-b253-848352693d5d - - - - - -] Successfully bumped revision number for resource 0dfbb85b-77b8-45f3-a033-d8e8e8c404fc (type: ports) to 2
2026-05-12 17:45:59.698 8 WARNING neutron.scheduler.dhcp_agent_scheduler [None req-0e990574-703e-4210-b549-a857cd3b8e2a 785fa257ffda4ef4b47d9c64a244b530 52b6bc5d765f4c70a9b04068867356c0 - - default default] No more DHCP agents
2026-05-12 17:45:59.699 8 WARNING neutron.api.rpc.agentnotifiers.dhcp_rpc_agent_api [None req-0e990574-703e-4210-b549-a857cd3b8e2a 785fa257ffda4ef4b47d9c64a244b530 52b6bc5d765f4c70a9b04068867356c0 - - default default] Unable to schedule network e3ab3cc2-453b-4170-9ef9-1e206ec55f87: no agents available; will retry on subsequent port and subnet creation events.
2026-05-12 17:45:59.717 7 INFO neutron.db.ovn_revision_numbers_db [None req-1a6c5239-75d0-4759-b253-848352693d5d - - - - - -] Successfully bumped revision number for resource 59206c7c-b84e-4cae-bf88-ebf7e0aad84b (type: subnets) to 0 [pid: 7|app: 0|req: 756/1472] 10.0.0.199 () {34 vars in 669 bytes} [Tue May 12 17:45:58 2026] POST /v2.0/subnets => generated 1273 bytes in 1324 msecs (HTTP/1.1 201) 4 headers in 163 bytes (1 switches on core 0)
2026-05-12 17:45:59.811 8 INFO neutron.plugins.ml2.drivers.ovn.mech_driver.mech_driver [None req-80a73c34-afa8-449f-8cb9-a7f68cff84a8 - - - - - -] OVN reports status down for port: 8ae6aaf9-ebe8-445e-824f-46965bc675ab
2026-05-12 17:45:59.874 8 INFO neutron.db.ovn_revision_numbers_db [None req-0e990574-703e-4210-b549-a857cd3b8e2a 785fa257ffda4ef4b47d9c64a244b530 52b6bc5d765f4c70a9b04068867356c0 - - default default] Successfully bumped revision number for resource 8ae6aaf9-ebe8-445e-824f-46965bc675ab (type: ports) to 1 [pid: 7|app: 0|req: 757/1473] 10.0.0.199 () {32 vars in 740 bytes} [Tue May 12 17:45:59 2026] DELETE /v2.0/security-groups/64019088-5202-4c09-ab15-4f166f2458b6 => generated 0 bytes in 276 msecs (HTTP/1.1 204) 2 headers in 112 bytes (1 switches on core 0) [pid: 7|app: 0|req: 758/1474] 10.0.0.199 () {32 vars in 647 bytes} [Tue May 12 17:46:00 2026] GET /v2.0/subnets => generated 1909 bytes in 30 msecs (HTTP/1.1 200) 4 headers in 158 bytes (1 switches on core 0) [pid: 7|app: 0|req: 759/1475] 10.0.0.199 () {32 vars in 724 bytes} [Tue May 12 17:46:00 2026] DELETE /v2.0/subnets/e311af74-272c-4933-a3cf-e61c3678b11c => generated 0 bytes in 181 msecs (HTTP/1.1 204) 3 headers in 131 bytes (1 switches on core 0)
2026-05-12 17:46:00.377 7 INFO neutron.db.ovn_revision_numbers_db [None req-9c12bade-e2be-4c9e-a53c-2d372760c73f 785fa257ffda4ef4b47d9c64a244b530 52b6bc5d765f4c70a9b04068867356c0 - - default default] Successfully bumped revision number for resource d2f0bc3f-a63d-4d70-ab92-376a181b35f3 (type: security_groups) to 1
2026-05-12 17:46:00.397 7 INFO neutron.db.ovn_revision_numbers_db [None req-9c12bade-e2be-4c9e-a53c-2d372760c73f 785fa257ffda4ef4b47d9c64a244b530 52b6bc5d765f4c70a9b04068867356c0 - - default default] Successfully bumped revision number for resource 0b34d2f1-7c4e-42dc-aab8-a12f15bd6f03 (type: security_group_rules) to 0
2026-05-12 17:46:00.410 7 INFO neutron.db.ovn_revision_numbers_db [None req-9c12bade-e2be-4c9e-a53c-2d372760c73f 785fa257ffda4ef4b47d9c64a244b530 52b6bc5d765f4c70a9b04068867356c0 - - default default] Successfully bumped revision number for resource 19831398-c05d-492e-819b-f007e963e0d3 (type: security_group_rules) to 0
2026-05-12 17:46:00.426 7 INFO neutron.db.ovn_revision_numbers_db [None req-9c12bade-e2be-4c9e-a53c-2d372760c73f 785fa257ffda4ef4b47d9c64a244b530 52b6bc5d765f4c70a9b04068867356c0 - - default default] Successfully bumped revision number for resource 7bb9a859-618c-4ac6-a7ea-a5707e2ca56d (type: security_group_rules) to 0
2026-05-12 17:46:00.441 7 INFO neutron.db.ovn_revision_numbers_db [None req-9c12bade-e2be-4c9e-a53c-2d372760c73f 785fa257ffda4ef4b47d9c64a244b530 52b6bc5d765f4c70a9b04068867356c0 - - default default] Successfully bumped revision number for resource e701ed15-41bd-4eaa-b1b7-7a71e16c4fbd (type: security_group_rules) to 0 [pid: 7|app: 0|req: 760/1476] 10.0.0.199 () {32 vars in 774 bytes} [Tue May 12 17:46:00 2026] GET /v2.0/security-groups?tenant_id=6f21605b228e464194834157ea1368fb&name=default => generated 2925 bytes in 245 msecs (HTTP/1.1 200) 4 headers in 158 bytes (1 switches on core 0)
2026-05-12 17:46:00.524 8 INFO neutron.plugins.ml2.drivers.ovn.mech_driver.ovsdb.commands [None req-e9521420-d7d2-479b-8e94-ec0b03c27e06 - - - - - -] Schedule LRP lrp-8ae6aaf9-ebe8-445e-824f-46965bc675ab on gateway 2f6607ec-5552-47a6-be26-2531b1e1d493 with priority 1
2026-05-12 17:46:00.593 7 INFO neutron.plugins.ml2.drivers.ovn.mech_driver.ovsdb.ovsdb_monitor [None req-41c2606b-0005-4dc2-ac50-a48eb7711c67 - - - - - -] Router ac0787fc-4e77-4d11-a661-d19ee29e518e is bound to host instance
2026-05-12 17:46:00.597 8 INFO neutron.plugins.ml2.drivers.ovn.mech_driver.mech_driver [None req-80a73c34-afa8-449f-8cb9-a7f68cff84a8 - - - - - -] OVN reports status up for port: 8ae6aaf9-ebe8-445e-824f-46965bc675ab
2026-05-12 17:46:00.622 8 INFO neutron.plugins.ml2.plugin [None req-80a73c34-afa8-449f-8cb9-a7f68cff84a8 - - - - - -] Attempt 1 to provision port 8ae6aaf9-ebe8-445e-824f-46965bc675ab
2026-05-12 17:46:00.657 8 INFO neutron.db.ovn_revision_numbers_db [None req-0e990574-703e-4210-b549-a857cd3b8e2a 785fa257ffda4ef4b47d9c64a244b530 52b6bc5d765f4c70a9b04068867356c0 - - default default] Successfully bumped revision number for resource 8ae6aaf9-ebe8-445e-824f-46965bc675ab (type: router_ports) to 1 [pid: 7|app: 0|req: 761/1477] 10.0.0.199 () {32 vars in 724 bytes} [Tue May 12 17:46:00 2026] DELETE /v2.0/subnets/59206c7c-b84e-4cae-bf88-ebf7e0aad84b => generated 0 bytes in 255 msecs (HTTP/1.1 204) 3 headers in 131 bytes (1 switches on core 0)
2026-05-12 17:46:00.761 8 INFO neutron.db.ovn_revision_numbers_db [None req-0e990574-703e-4210-b549-a857cd3b8e2a 785fa257ffda4ef4b47d9c64a244b530 52b6bc5d765f4c70a9b04068867356c0 - - default default] Successfully bumped revision number for resource ac0787fc-4e77-4d11-a661-d19ee29e518e (type: routers) to 2 [pid: 8|app: 0|req: 717/1478] 10.0.0.199 () {34 vars in 669 bytes} [Tue May 12 17:45:59 2026] POST /v2.0/routers => generated 966 bytes in 1475 msecs (HTTP/1.1 201) 4 headers in 162 bytes (1 switches on core 0) [pid: 8|app: 0|req: 718/1479] 10.0.0.199 () {32 vars in 740 bytes} [Tue May 12 17:46:00 2026] DELETE /v2.0/security-groups/d2f0bc3f-a63d-4d70-ab92-376a181b35f3 => generated 0 bytes in 221 msecs (HTTP/1.1 204) 2 headers in 112 bytes (1 switches on core 0) [pid: 8|app: 0|req: 719/1480] 10.0.0.199 () {32 vars in 647 bytes} [Tue May 12 17:46:01 2026] GET /v2.0/subnets => generated 649 bytes in 31 msecs (HTTP/1.1 200) 4 headers in 157 bytes (1 switches on core 0)
2026-05-12 17:46:01.111 7 INFO neutron.db.ovn_revision_numbers_db [None req-7435cbea-0522-4d09-8e9a-fbb4b3ce76b8 785fa257ffda4ef4b47d9c64a244b530 52b6bc5d765f4c70a9b04068867356c0 - - default default] Successfully bumped revision number for resource c0b2044b-8ba5-4a2e-a0a2-ead7a0356b20 (type: security_groups) to 1
2026-05-12 17:46:01.135 7 INFO neutron.db.ovn_revision_numbers_db [None req-7435cbea-0522-4d09-8e9a-fbb4b3ce76b8 785fa257ffda4ef4b47d9c64a244b530 52b6bc5d765f4c70a9b04068867356c0 - - default default] Successfully bumped revision number for resource 1d4af8c6-3333-47b9-9f20-38b2bf05d9fe (type: security_group_rules) to 0
2026-05-12 17:46:01.152 7 INFO neutron.db.ovn_revision_numbers_db [None req-7435cbea-0522-4d09-8e9a-fbb4b3ce76b8 785fa257ffda4ef4b47d9c64a244b530 52b6bc5d765f4c70a9b04068867356c0 - - default default] Successfully bumped revision number for resource 49af711a-e1f3-40fc-9300-fcc593971d17 (type: security_group_rules) to 0
2026-05-12 17:46:01.191 7 INFO neutron.db.ovn_revision_numbers_db [None req-7435cbea-0522-4d09-8e9a-fbb4b3ce76b8 785fa257ffda4ef4b47d9c64a244b530 52b6bc5d765f4c70a9b04068867356c0 - - default default] Successfully bumped revision number for resource 57937de6-91a2-4825-84b6-701046f6ed0c (type: security_group_rules) to 0
2026-05-12 17:46:01.214 7 INFO neutron.db.ovn_revision_numbers_db [None req-7435cbea-0522-4d09-8e9a-fbb4b3ce76b8 785fa257ffda4ef4b47d9c64a244b530 52b6bc5d765f4c70a9b04068867356c0 - - default default] Successfully bumped revision number for resource 9aeb77e1-3e08-4103-8483-b88f49c21188 (type: security_group_rules) to 0 [pid: 7|app: 0|req: 762/1481] 10.0.0.199 () {32 vars in 774 bytes} [Tue May 12 17:46:00 2026] GET /v2.0/security-groups?tenant_id=1f1e99bbd6f84c9ab2672b08e34f3f42&name=default => generated 2925 bytes in 550 msecs (HTTP/1.1 200) 4 headers in 158 bytes (1 switches on core 0)
2026-05-12 17:46:01.417 8 WARNING neutron.scheduler.dhcp_agent_scheduler [None req-82a3686a-5915-49fc-9458-55c176297856 785fa257ffda4ef4b47d9c64a244b530 52b6bc5d765f4c70a9b04068867356c0 - - default default] No more DHCP agents
2026-05-12 17:46:01.418 8 WARNING neutron.api.rpc.agentnotifiers.dhcp_rpc_agent_api [None req-82a3686a-5915-49fc-9458-55c176297856 785fa257ffda4ef4b47d9c64a244b530 52b6bc5d765f4c70a9b04068867356c0 - - default default] Unable to schedule network 96769edc-a479-4425-b9f6-1aab3dc75d01: no agents available; will retry on subsequent port and subnet creation events.
2026-05-12 17:46:01.477 7 INFO neutron_taas.services.taas.taas_plugin [None req-02dec48f-5998-444d-9bff-b7374685ff03 6cdfe1e6258640208f83af36c374e071 30f2fe47af1042a2afa767ff6186b260 - - default default] TaaS: Handle Delete Port: 0dfbb85b-77b8-45f3-a033-d8e8e8c404fc
2026-05-12 17:46:01.483 7 INFO neutron_taas.services.taas.tap_mirror_plugin [None req-02dec48f-5998-444d-9bff-b7374685ff03 6cdfe1e6258640208f83af36c374e071 30f2fe47af1042a2afa767ff6186b260 - - default default] Tap Mirror: Handle Delete Port: 0dfbb85b-77b8-45f3-a033-d8e8e8c404fc
2026-05-12 17:46:01.541 8 INFO neutron.db.ovn_revision_numbers_db [None req-82a3686a-5915-49fc-9458-55c176297856 785fa257ffda4ef4b47d9c64a244b530 52b6bc5d765f4c70a9b04068867356c0 - - default default] Successfully bumped revision number for resource 42f296f6-b1ba-4c3f-a531-3979181c1ecc (type: ports) to 1
2026-05-12 17:46:01.848 7 INFO neutron.services.segments.plugin [-] Segment 0737e5b0-7db2-41e6-b473-df6857c697a1 resource provider aggregate not found
2026-05-12 17:46:01.854 7 INFO neutron.services.segments.plugin [-] Segment 0737e5b0-7db2-41e6-b473-df6857c697a1 resource provider aggregate not found
2026-05-12 17:46:01.878 7 INFO neutron.services.segments.plugin [-] Segment 0737e5b0-7db2-41e6-b473-df6857c697a1 resource provider not found; error: Placement Client Error (4xx): {"errors": [{"status": 404, "title": "Not Found", "detail": "The resource could not be found.\n\n No resource provider with uuid 0737e5b0-7db2-41e6-b473-df6857c697a1 found for delete ", "request_id": "req-e05047bc-52eb-43b2-ace2-7ba880971b1e"}]}
2026-05-12 17:46:01.880 7 INFO neutron.services.segments.plugin [-] Segment 0737e5b0-7db2-41e6-b473-df6857c697a1 resource provider not found; error: Placement Client Error (4xx): {"errors": [{"status": 404, "title": "Not Found", "detail": "The resource could not be found.\n\n No resource provider with uuid 0737e5b0-7db2-41e6-b473-df6857c697a1 found for delete ", "request_id": "req-5c175c65-0c36-4394-a4bd-088da60e0235"}]}
2026-05-12 17:46:01.897 7 INFO neutron.db.ovn_revision_numbers_db [None req-d8e63857-f5d8-431a-b1d5-60f0b1a09051 - - - - - -] Successfully bumped revision number for resource 8ae6aaf9-ebe8-445e-824f-46965bc675ab (type: ports) to 4 [pid: 7|app: 0|req: 763/1482] 10.0.0.199 () {32 vars in 726 bytes} [Tue May 12 17:46:01 2026] DELETE /v2.0/networks/3edf4832-d3f8-48b5-b525-e56ae180f66c => generated 0 bytes in 677 msecs (HTTP/1.1 204) 3 headers in 131 bytes (1 switches on core 0)
2026-05-12 17:46:02.350 8 WARNING neutron.scheduler.dhcp_agent_scheduler [None req-82a3686a-5915-49fc-9458-55c176297856 785fa257ffda4ef4b47d9c64a244b530 52b6bc5d765f4c70a9b04068867356c0 - - default default] No more DHCP agents
2026-05-12 17:46:02.354 8 WARNING neutron.api.rpc.agentnotifiers.dhcp_rpc_agent_api [None req-82a3686a-5915-49fc-9458-55c176297856 785fa257ffda4ef4b47d9c64a244b530 52b6bc5d765f4c70a9b04068867356c0 - - default default] Unable to schedule network 96769edc-a479-4425-b9f6-1aab3dc75d01: no agents available; will retry on subsequent port and subnet creation events. [pid: 7|app: 0|req: 764/1483] 10.0.0.199 () {32 vars in 740 bytes} [Tue May 12 17:46:01 2026] DELETE /v2.0/security-groups/c0b2044b-8ba5-4a2e-a0a2-ead7a0356b20 => generated 0 bytes in 403 msecs (HTTP/1.1 204) 2 headers in 112 bytes (1 switches on core 0)
2026-05-12 17:46:02.373 7 INFO neutron.db.ovn_revision_numbers_db [None req-d8e63857-f5d8-431a-b1d5-60f0b1a09051 - - - - - -] Successfully bumped revision number for resource 8ae6aaf9-ebe8-445e-824f-46965bc675ab (type: ports) to 5
2026-05-12 17:46:02.557 7 INFO neutron_taas.services.taas.taas_plugin [None req-effe8feb-2264-4003-8bf2-45b0e799f830 6cdfe1e6258640208f83af36c374e071 30f2fe47af1042a2afa767ff6186b260 - - default default] TaaS: Handle Delete Port: 323ea155-5437-41c1-b111-1fefe9966e8b
2026-05-12 17:46:02.561 7 INFO neutron_taas.services.taas.tap_mirror_plugin [None req-effe8feb-2264-4003-8bf2-45b0e799f830 6cdfe1e6258640208f83af36c374e071 30f2fe47af1042a2afa767ff6186b260 - - default default] Tap Mirror: Handle Delete Port: 323ea155-5437-41c1-b111-1fefe9966e8b [pid: 7|app: 0|req: 765/1484] 10.0.0.199 () {32 vars in 726 bytes} [Tue May 12 17:46:02 2026] DELETE /v2.0/networks/71bbabe2-4b2d-4e9d-8fa5-f71bf84f0f61 => generated 0 bytes in 461 msecs (HTTP/1.1 204) 3 headers in 131 bytes (1 switches on core 0)
