2026-05-12 17:48:16.367 7 INFO neutron.db.ovn_revision_numbers_db [None req-cd551f23-17d2-4f1c-8502-628f05e5d5e4 785fa257ffda4ef4b47d9c64a244b530 52b6bc5d765f4c70a9b04068867356c0 - - default default] Successfully bumped revision number for resource 91ca1aad-5e22-48ed-a8cc-d78e4c271288 (type: security_group_rules) to 0 [pid: 7|app: 0|req: 1241/2624] 10.0.0.199 () {32 vars in 774 bytes} [Tue May 12 17:48:16 2026] GET /v2.0/security-groups?tenant_id=583d9afdf2044e6ead4ee6c811662b3d&name=default => generated 2929 bytes in 196 msecs (HTTP/1.1 200) 4 headers in 158 bytes (1 switches on core 0) [pid: 8|app: 0|req: 1384/2625] 10.0.0.199 () {32 vars in 740 bytes} [Tue May 12 17:48:16 2026] DELETE /v2.0/security-groups/623a7fe3-56dd-48fd-89e6-24b4fd0b2bf6 => generated 0 bytes in 210 msecs (HTTP/1.1 204) 2 headers in 112 bytes (1 switches on core 0)
2026-05-12 17:48:20.004 7 INFO neutron.db.ovn_revision_numbers_db [None req-51543764-4ea2-4576-8971-a5c7974bfe58 e4d5c47e10564b4c872c4d53303b2320 be4b3f3377b541528c8306454f90a2c3 - - default default] Successfully bumped revision number for resource 8b94dc4d-be55-44e4-a7a2-28832c9e4f07 (type: routers) to 1 [pid: 7|app: 0|req: 1242/2626] 10.0.0.199 () {34 vars in 668 bytes} [Tue May 12 17:48:19 2026] POST /v2.0/routers => generated 570 bytes in 310 msecs (HTTP/1.1 201) 4 headers in 162 bytes (1 switches on core 0) [pid: 8|app: 0|req: 1385/2627] 10.0.0.199 () {34 vars in 751 bytes} [Tue May 12 17:48:20 2026] PUT /v2.0/routers/8b94dc4d-be55-44e4-a7a2-28832c9e4f07/tags => generated 25 bytes in 65 msecs (HTTP/1.1 200) 4 headers in 156 bytes (1 switches on core 0) [pid: 7|app: 0|req: 1243/2628] 10.0.0.199 () {32 vars in 731 bytes} [Tue May 12 17:48:20 2026] GET /v2.0/routers/8b94dc4d-be55-44e4-a7a2-28832c9e4f07/tags => generated 25 bytes in 62 msecs (HTTP/1.1 200) 4 headers in 156 bytes (1 switches on core 0) [pid: 8|app: 0|req: 1386/2629] 10.0.0.199 () {34 vars in 762 bytes} [Tue May 12 17:48:20 2026] PUT /v2.0/routers/8b94dc4d-be55-44e4-a7a2-28832c9e4f07/tags/green => generated 4 bytes in 119 msecs (HTTP/1.1 201) 4 headers in 160 bytes (1 switches on core 0) [pid: 7|app: 0|req: 1244/2630] 10.0.0.199 () {32 vars in 731 bytes} [Tue May 12 17:48:20 2026] GET /v2.0/routers/8b94dc4d-be55-44e4-a7a2-28832c9e4f07/tags => generated 34 bytes in 67 msecs (HTTP/1.1 200) 4 headers in 156 bytes (1 switches on core 0) [pid: 8|app: 0|req: 1387/2631] 10.0.0.199 () {34 vars in 758 bytes} [Tue May 12 17:48:20 2026] PUT /v2.0/routers/8b94dc4d-be55-44e4-a7a2-28832c9e4f07/tags/red => generated 4 bytes in 95 msecs (HTTP/1.1 201) 4 headers in 160 bytes (1 switches on core 0) [pid: 7|app: 0|req: 1245/2632] 10.0.0.199 () {32 vars in 731 bytes} [Tue May 12 17:48:20 2026] GET /v2.0/routers/8b94dc4d-be55-44e4-a7a2-28832c9e4f07/tags => generated 34 bytes in 74 msecs (HTTP/1.1 200) 4 headers in 156 bytes (1 switches on core 0) [pid: 7|app: 0|req: 1246/2633] 10.0.0.199 () {34 vars in 780 bytes} [Tue May 12 17:48:20 2026] PUT /v2.0/routers/8b94dc4d-be55-44e4-a7a2-28832c9e4f07/tags/black.or.white => generated 4 bytes in 118 msecs (HTTP/1.1 201) 4 headers in 160 bytes (1 switches on core 0)
2026-05-12 17:48:20.718 8 INFO neutron.db.ovn_revision_numbers_db [None req-ce8ed565-6bc3-44e6-a698-abed9a56b3c0 cbba9018e69542c2b344a3c8ff450fb5 831820e2b20541638ed95c54611e5101 - - default default] Successfully bumped revision number for resource 221b3ba2-c25d-4ef3-a7c7-edee47493cd1 (type: security_groups) to 1
2026-05-12 17:48:20.732 8 INFO neutron.db.ovn_revision_numbers_db [None req-ce8ed565-6bc3-44e6-a698-abed9a56b3c0 cbba9018e69542c2b344a3c8ff450fb5 831820e2b20541638ed95c54611e5101 - - default default] Successfully bumped revision number for resource 5963fd45-c294-4769-b805-fe8ce73ff304 (type: security_group_rules) to 0
2026-05-12 17:48:20.744 8 INFO neutron.db.ovn_revision_numbers_db [None req-ce8ed565-6bc3-44e6-a698-abed9a56b3c0 cbba9018e69542c2b344a3c8ff450fb5 831820e2b20541638ed95c54611e5101 - - default default] Successfully bumped revision number for resource 76afdcda-00d2-41af-b2d4-3774ac909f1e (type: security_group_rules) to 0 [pid: 7|app: 0|req: 1247/2634] 10.0.0.199 () {32 vars in 731 bytes} [Tue May 12 17:48:20 2026] GET /v2.0/routers/8b94dc4d-be55-44e4-a7a2-28832c9e4f07/tags => generated 52 bytes in 76 msecs (HTTP/1.1 200) 4 headers in 156 bytes (1 switches on core 0)
2026-05-12 17:48:20.755 8 INFO neutron.db.ovn_revision_numbers_db [None req-ce8ed565-6bc3-44e6-a698-abed9a56b3c0 cbba9018e69542c2b344a3c8ff450fb5 831820e2b20541638ed95c54611e5101 - - default default] Successfully bumped revision number for resource 7e81a522-5307-422e-9f01-82c1905e9c00 (type: security_group_rules) to 0
2026-05-12 17:48:20.766 8 INFO neutron.db.ovn_revision_numbers_db [None req-ce8ed565-6bc3-44e6-a698-abed9a56b3c0 cbba9018e69542c2b344a3c8ff450fb5 831820e2b20541638ed95c54611e5101 - - default default] Successfully bumped revision number for resource 8935ff89-caae-4728-b5f8-95c5445ff861 (type: security_group_rules) to 0 [pid: 7|app: 0|req: 1248/2635] 10.0.0.199 () {34 vars in 751 bytes} [Tue May 12 17:48:20 2026] PUT /v2.0/routers/8b94dc4d-be55-44e4-a7a2-28832c9e4f07/tags => generated 37 bytes in 76 msecs (HTTP/1.1 200) 4 headers in 156 bytes (1 switches on core 0)
2026-05-12 17:48:20.847 8 INFO neutron.db.segments_db [None req-ce8ed565-6bc3-44e6-a698-abed9a56b3c0 cbba9018e69542c2b344a3c8ff450fb5 831820e2b20541638ed95c54611e5101 - - default default] Added segment c98b15c5-baa8-414a-86c7-32fc7f1a02ff of type geneve for network 4842fd45-5474-4276-8bcf-05c5fdd7c4ed [pid: 7|app: 0|req: 1249/2636] 10.0.0.199 () {32 vars in 731 bytes} [Tue May 12 17:48:20 2026] GET /v2.0/routers/8b94dc4d-be55-44e4-a7a2-28832c9e4f07/tags => generated 37 bytes in 58 msecs (HTTP/1.1 200) 4 headers in 156 bytes (1 switches on core 0)
2026-05-12 17:48:20.960 8 INFO neutron.db.ovn_revision_numbers_db [None req-ce8ed565-6bc3-44e6-a698-abed9a56b3c0 cbba9018e69542c2b344a3c8ff450fb5 831820e2b20541638ed95c54611e5101 - - default default] Successfully bumped revision number for resource 4842fd45-5474-4276-8bcf-05c5fdd7c4ed (type: networks) to 1 [pid: 7|app: 0|req: 1250/2637] 10.0.0.199 () {32 vars in 739 bytes} [Tue May 12 17:48:20 2026] GET /v2.0/routers/8b94dc4d-be55-44e4-a7a2-28832c9e4f07/tags/red => generated 0 bytes in 65 msecs (HTTP/1.1 204) 2 headers in 112 bytes (1 switches on core 0)
2026-05-12 17:48:21.033 7 INFO neutron.api.v2.resource [None req-fb458acf-c070-4640-adfc-e286deb7aa72 e4d5c47e10564b4c872c4d53303b2320 be4b3f3377b541528c8306454f90a2c3 - - default default] show failed (client error): The resource could not be found. [pid: 7|app: 0|req: 1251/2638] 10.0.0.199 () {32 vars in 743 bytes} [Tue May 12 17:48:20 2026] GET /v2.0/routers/8b94dc4d-be55-44e4-a7a2-28832c9e4f07/tags/green => generated 99 bytes in 65 msecs (HTTP/1.1 404) 4 headers in 163 bytes (1 switches on core 0)
2026-05-12 17:48:21.118 8 WARNING neutron.scheduler.dhcp_agent_scheduler [None req-ce8ed565-6bc3-44e6-a698-abed9a56b3c0 cbba9018e69542c2b344a3c8ff450fb5 831820e2b20541638ed95c54611e5101 - - default default] No more DHCP agents
2026-05-12 17:48:21.120 8 WARNING neutron.api.rpc.agentnotifiers.dhcp_rpc_agent_api [None req-ce8ed565-6bc3-44e6-a698-abed9a56b3c0 cbba9018e69542c2b344a3c8ff450fb5 831820e2b20541638ed95c54611e5101 - - default default] Unable to schedule network 4842fd45-5474-4276-8bcf-05c5fdd7c4ed: no agents available; will retry on subsequent port and subnet creation events. [pid: 7|app: 0|req: 1252/2639] 10.0.0.199 () {32 vars in 742 bytes} [Tue May 12 17:48:21 2026] DELETE /v2.0/routers/8b94dc4d-be55-44e4-a7a2-28832c9e4f07/tags/red => generated 0 bytes in 85 msecs (HTTP/1.1 204) 2 headers in 112 bytes (1 switches on core 0)
2026-05-12 17:48:21.210 8 INFO neutron.db.ovn_revision_numbers_db [None req-ce8ed565-6bc3-44e6-a698-abed9a56b3c0 cbba9018e69542c2b344a3c8ff450fb5 831820e2b20541638ed95c54611e5101 - - default default] Successfully bumped revision number for resource e537d314-c2f0-4e57-90ef-a84d332a18f9 (type: ports) to 1
2026-05-12 17:48:21.212 7 INFO neutron.plugins.ml2.drivers.ovn.mech_driver.mech_driver [None req-8ba7b047-3fc6-4fd4-a302-8820e253a102 - - - - - -] OVN reports status down for port: e537d314-c2f0-4e57-90ef-a84d332a18f9 [pid: 8|app: 0|req: 1388/2640] 10.0.0.199 () {34 vars in 670 bytes} [Tue May 12 17:48:20 2026] POST /v2.0/networks => generated 670 bytes in 706 msecs (HTTP/1.1 201) 4 headers in 162 bytes (1 switches on core 0) [pid: 7|app: 0|req: 1253/2641] 10.0.0.199 () {32 vars in 731 bytes} [Tue May 12 17:48:21 2026] GET /v2.0/routers/8b94dc4d-be55-44e4-a7a2-28832c9e4f07/tags => generated 30 bytes in 118 msecs (HTTP/1.1 200) 4 headers in 156 bytes (1 switches on core 0)
2026-05-12 17:48:21.344 7 INFO neutron.api.v2.resource [None req-a903c51a-8a39-400b-bc35-1c508c5087fe e4d5c47e10564b4c872c4d53303b2320 be4b3f3377b541528c8306454f90a2c3 - - default default] delete failed (client error): The resource could not be found. [pid: 7|app: 0|req: 1254/2642] 10.0.0.199 () {32 vars in 746 bytes} [Tue May 12 17:48:21 2026] DELETE /v2.0/routers/8b94dc4d-be55-44e4-a7a2-28832c9e4f07/tags/green => generated 99 bytes in 89 msecs (HTTP/1.1 404) 4 headers in 163 bytes (1 switches on core 0) [pid: 7|app: 0|req: 1255/2643] 10.0.0.199 () {32 vars in 734 bytes} [Tue May 12 17:48:21 2026] DELETE /v2.0/routers/8b94dc4d-be55-44e4-a7a2-28832c9e4f07/tags => generated 0 bytes in 62 msecs (HTTP/1.1 204) 2 headers in 112 bytes (1 switches on core 0)
2026-05-12 17:48:21.420 8 WARNING neutron.scheduler.dhcp_agent_scheduler [None req-733e8cd2-2ee0-4982-a09b-df3756e46262 cbba9018e69542c2b344a3c8ff450fb5 831820e2b20541638ed95c54611e5101 - - default default] No more DHCP agents
2026-05-12 17:48:21.421 8 WARNING neutron.api.rpc.agentnotifiers.dhcp_rpc_agent_api [None req-733e8cd2-2ee0-4982-a09b-df3756e46262 cbba9018e69542c2b344a3c8ff450fb5 831820e2b20541638ed95c54611e5101 - - default default] Unable to schedule network 4842fd45-5474-4276-8bcf-05c5fdd7c4ed: no agents available; will retry on subsequent port and subnet creation events. [pid: 7|app: 0|req: 1256/2644] 10.0.0.199 () {32 vars in 731 bytes} [Tue May 12 17:48:21 2026] GET /v2.0/routers/8b94dc4d-be55-44e4-a7a2-28832c9e4f07/tags => generated 12 bytes in 49 msecs (HTTP/1.1 200) 4 headers in 156 bytes (1 switches on core 0) [pid: 7|app: 0|req: 1257/2645] 10.0.0.199 () {32 vars in 721 bytes} [Tue May 12 17:48:21 2026] GET /v2.0/routers/8b94dc4d-be55-44e4-a7a2-28832c9e4f07 => generated 576 bytes in 35 msecs (HTTP/1.1 200) 4 headers in 157 bytes (1 switches on core 0)
2026-05-12 17:48:21.891 8 INFO neutron.db.ovn_revision_numbers_db [None req-a0e642f5-ac61-43f2-9038-941c62a99073 - - - - - -] Successfully bumped revision number for resource e537d314-c2f0-4e57-90ef-a84d332a18f9 (type: ports) to 2
2026-05-12 17:48:21.903 7 INFO neutron.db.ovn_revision_numbers_db [None req-dd7dc3bc-8aa7-4cf6-bf01-76e48e2a4776 e4d5c47e10564b4c872c4d53303b2320 be4b3f3377b541528c8306454f90a2c3 - - default default] Successfully bumped revision number for resource 8b94dc4d-be55-44e4-a7a2-28832c9e4f07 (type: routers) to 7 [pid: 7|app: 0|req: 1258/2646] 10.0.0.199 () {34 vars in 742 bytes} [Tue May 12 17:48:21 2026] PUT /v2.0/routers/8b94dc4d-be55-44e4-a7a2-28832c9e4f07 => generated 576 bytes in 393 msecs (HTTP/1.1 200) 4 headers in 157 bytes (1 switches on core 0)
2026-05-12 17:48:21.937 8 INFO neutron.db.ovn_revision_numbers_db [None req-a0e642f5-ac61-43f2-9038-941c62a99073 - - - - - -] Successfully bumped revision number for resource e7097f94-b68d-4509-9d7c-20a13d69d151 (type: subnets) to 0 [pid: 7|app: 0|req: 1259/2647] 10.0.0.199 () {32 vars in 736 bytes} [Tue May 12 17:48:21 2026] GET /v2.0/ports?device_id=8b94dc4d-be55-44e4-a7a2-28832c9e4f07 => generated 12 bytes in 24 msecs (HTTP/1.1 200) 4 headers in 156 bytes (1 switches on core 0) [pid: 8|app: 0|req: 1389/2648] 10.0.0.199 () {34 vars in 669 bytes} [Tue May 12 17:48:21 2026] POST /v2.0/subnets => generated 626 bytes in 715 msecs (HTTP/1.1 201) 4 headers in 162 bytes (1 switches on core 0)
2026-05-12 17:48:22.035 8 INFO neutron.db.segments_db [None req-1fbfb32c-968c-4edb-8bb1-bd10397e5c05 cbba9018e69542c2b344a3c8ff450fb5 831820e2b20541638ed95c54611e5101 - - default default] Added segment bc79050f-baa0-4fff-83ab-6b7a031b4502 of type geneve for network 2d2700ef-c753-45b1-a32f-112feaa4d8cb
2026-05-12 17:48:22.139 8 INFO neutron.db.ovn_revision_numbers_db [None req-1fbfb32c-968c-4edb-8bb1-bd10397e5c05 cbba9018e69542c2b344a3c8ff450fb5 831820e2b20541638ed95c54611e5101 - - default default] Successfully bumped revision number for resource 2d2700ef-c753-45b1-a32f-112feaa4d8cb (type: networks) to 1 [pid: 7|app: 0|req: 1260/2649] 10.0.0.199 () {32 vars in 724 bytes} [Tue May 12 17:48:21 2026] DELETE /v2.0/routers/8b94dc4d-be55-44e4-a7a2-28832c9e4f07 => generated 0 bytes in 199 msecs (HTTP/1.1 204) 2 headers in 112 bytes (1 switches on core 0)
2026-05-12 17:48:22.305 8 WARNING neutron.scheduler.dhcp_agent_scheduler [None req-1fbfb32c-968c-4edb-8bb1-bd10397e5c05 cbba9018e69542c2b344a3c8ff450fb5 831820e2b20541638ed95c54611e5101 - - default default] No more DHCP agents
2026-05-12 17:48:22.306 8 WARNING neutron.api.rpc.agentnotifiers.dhcp_rpc_agent_api [None req-1fbfb32c-968c-4edb-8bb1-bd10397e5c05 cbba9018e69542c2b344a3c8ff450fb5 831820e2b20541638ed95c54611e5101 - - default default] Unable to schedule network 2d2700ef-c753-45b1-a32f-112feaa4d8cb: no agents available; will retry on subsequent port and subnet creation events.
2026-05-12 17:48:22.357 7 INFO neutron.plugins.ml2.drivers.ovn.mech_driver.mech_driver [None req-8ba7b047-3fc6-4fd4-a302-8820e253a102 - - - - - -] OVN reports status down for port: 509ba5be-28ae-4263-a73a-4a9cab18a176
2026-05-12 17:48:22.391 8 INFO neutron.db.ovn_revision_numbers_db [None req-1fbfb32c-968c-4edb-8bb1-bd10397e5c05 cbba9018e69542c2b344a3c8ff450fb5 831820e2b20541638ed95c54611e5101 - - default default] Successfully bumped revision number for resource 509ba5be-28ae-4263-a73a-4a9cab18a176 (type: ports) to 1 [pid: 8|app: 0|req: 1390/2650] 10.0.0.199 () {34 vars in 670 bytes} [Tue May 12 17:48:21 2026] POST /v2.0/networks => generated 668 bytes in 452 msecs (HTTP/1.1 201) 4 headers in 162 bytes (1 switches on core 0)
2026-05-12 17:48:22.631 7 WARNING neutron.scheduler.dhcp_agent_scheduler [None req-4e02d00d-099b-4a3f-91de-917c4b4434b8 cbba9018e69542c2b344a3c8ff450fb5 831820e2b20541638ed95c54611e5101 - - default default] No more DHCP agents
2026-05-12 17:48:22.632 7 WARNING neutron.api.rpc.agentnotifiers.dhcp_rpc_agent_api [None req-4e02d00d-099b-4a3f-91de-917c4b4434b8 cbba9018e69542c2b344a3c8ff450fb5 831820e2b20541638ed95c54611e5101 - - default default] Unable to schedule network 2d2700ef-c753-45b1-a32f-112feaa4d8cb: no agents available; will retry on subsequent port and subnet creation events.
2026-05-12 17:48:23.022 8 INFO neutron.db.ovn_revision_numbers_db [None req-5c72637e-4b4c-4ecd-b1a9-1f1a49317056 785fa257ffda4ef4b47d9c64a244b530 52b6bc5d765f4c70a9b04068867356c0 - - default default] Successfully bumped revision number for resource 45b45d84-73d1-49e0-97b0-c1a0a06861da (type: security_groups) to 1
2026-05-12 17:48:23.030 8 INFO neutron.db.ovn_revision_numbers_db [None req-5c72637e-4b4c-4ecd-b1a9-1f1a49317056 785fa257ffda4ef4b47d9c64a244b530 52b6bc5d765f4c70a9b04068867356c0 - - default default] Successfully bumped revision number for resource 5a30ebff-4dec-4a95-bfe8-0b52f2f10639 (type: security_group_rules) to 0
2026-05-12 17:48:23.041 8 INFO neutron.db.ovn_revision_numbers_db [None req-5c72637e-4b4c-4ecd-b1a9-1f1a49317056 785fa257ffda4ef4b47d9c64a244b530 52b6bc5d765f4c70a9b04068867356c0 - - default default] Successfully bumped revision number for resource 7d5b2f5a-3cfd-451b-860b-949b37fb4d0e (type: security_group_rules) to 0
2026-05-12 17:48:23.062 8 INFO neutron.db.ovn_revision_numbers_db [None req-5c72637e-4b4c-4ecd-b1a9-1f1a49317056 785fa257ffda4ef4b47d9c64a244b530 52b6bc5d765f4c70a9b04068867356c0 - - default default] Successfully bumped revision number for resource 97c8f66d-57ca-4125-b5b2-9b479d428eb6 (type: security_group_rules) to 0
2026-05-12 17:48:23.076 8 INFO neutron.db.ovn_revision_numbers_db [None req-5c72637e-4b4c-4ecd-b1a9-1f1a49317056 785fa257ffda4ef4b47d9c64a244b530 52b6bc5d765f4c70a9b04068867356c0 - - default default] Successfully bumped revision number for resource cfebe566-d1de-47fa-b5ff-c2d0f934a0db (type: security_group_rules) to 0
2026-05-12 17:48:23.097 7 INFO neutron.db.ovn_revision_numbers_db [None req-c1f87985-86a2-40c7-9621-a75c0909daae - - - - - -] Successfully bumped revision number for resource 509ba5be-28ae-4263-a73a-4a9cab18a176 (type: ports) to 2 [pid: 8|app: 0|req: 1391/2651] 10.0.0.199 () {32 vars in 774 bytes} [Tue May 12 17:48:22 2026] GET /v2.0/security-groups?tenant_id=6ed2fe1269f845e7abe474687d09ca83&name=default => generated 2929 bytes in 300 msecs (HTTP/1.1 200) 4 headers in 158 bytes (1 switches on core 0)
2026-05-12 17:48:23.144 7 INFO neutron.db.ovn_revision_numbers_db [None req-c1f87985-86a2-40c7-9621-a75c0909daae - - - - - -] Successfully bumped revision number for resource c3946373-009c-4102-983c-9d3d63859670 (type: subnets) to 0 [pid: 7|app: 0|req: 1261/2652] 10.0.0.199 () {34 vars in 669 bytes} [Tue May 12 17:48:22 2026] POST /v2.0/subnets => generated 629 bytes in 742 msecs (HTTP/1.1 201) 4 headers in 162 bytes (1 switches on core 0)
2026-05-12 17:48:23.268 7 INFO neutron.db.segments_db [None req-ddd94c8f-5bc8-4737-b85e-983a0512d893 cbba9018e69542c2b344a3c8ff450fb5 831820e2b20541638ed95c54611e5101 - - default default] Added segment c91ff8d6-55d6-436b-a4a8-848a6ef01d0f of type geneve for network eff0ab34-43e9-4f7c-9d41-e0de16cd1e82 [pid: 8|app: 0|req: 1392/2653] 10.0.0.199 () {32 vars in 740 bytes} [Tue May 12 17:48:23 2026] DELETE /v2.0/security-groups/45b45d84-73d1-49e0-97b0-c1a0a06861da => generated 0 bytes in 220 msecs (HTTP/1.1 204) 2 headers in 112 bytes (1 switches on core 0)
2026-05-12 17:48:23.419 7 INFO neutron.db.ovn_revision_numbers_db [None req-ddd94c8f-5bc8-4737-b85e-983a0512d893 cbba9018e69542c2b344a3c8ff450fb5 831820e2b20541638ed95c54611e5101 - - default default] Successfully bumped revision number for resource eff0ab34-43e9-4f7c-9d41-e0de16cd1e82 (type: networks) to 1
2026-05-12 17:48:23.572 8 INFO neutron.db.ovn_revision_numbers_db [None req-4b901b85-65cf-4275-bb95-7e05a6e691d1 785fa257ffda4ef4b47d9c64a244b530 52b6bc5d765f4c70a9b04068867356c0 - - default default] Successfully bumped revision number for resource b67fe127-2daf-436e-a0c6-d81e59eaf66c (type: security_groups) to 1
2026-05-12 17:48:23.584 8 INFO neutron.db.ovn_revision_numbers_db [None req-4b901b85-65cf-4275-bb95-7e05a6e691d1 785fa257ffda4ef4b47d9c64a244b530 52b6bc5d765f4c70a9b04068867356c0 - - default default] Successfully bumped revision number for resource 32a9d0f2-43b0-4f58-a9ce-b52bc6bb69b4 (type: security_group_rules) to 0
2026-05-12 17:48:23.594 8 INFO neutron.db.ovn_revision_numbers_db [None req-4b901b85-65cf-4275-bb95-7e05a6e691d1 785fa257ffda4ef4b47d9c64a244b530 52b6bc5d765f4c70a9b04068867356c0 - - default default] Successfully bumped revision number for resource 5fcd29e6-b2e4-437e-9897-913eb7a88953 (type: security_group_rules) to 0
2026-05-12 17:48:23.603 7 WARNING neutron.scheduler.dhcp_agent_scheduler [None req-ddd94c8f-5bc8-4737-b85e-983a0512d893 cbba9018e69542c2b344a3c8ff450fb5 831820e2b20541638ed95c54611e5101 - - default default] No more DHCP agents
2026-05-12 17:48:23.604 7 WARNING neutron.api.rpc.agentnotifiers.dhcp_rpc_agent_api [None req-ddd94c8f-5bc8-4737-b85e-983a0512d893 cbba9018e69542c2b344a3c8ff450fb5 831820e2b20541638ed95c54611e5101 - - default default] Unable to schedule network eff0ab34-43e9-4f7c-9d41-e0de16cd1e82: no agents available; will retry on subsequent port and subnet creation events.
2026-05-12 17:48:23.606 8 INFO neutron.db.ovn_revision_numbers_db [None req-4b901b85-65cf-4275-bb95-7e05a6e691d1 785fa257ffda4ef4b47d9c64a244b530 52b6bc5d765f4c70a9b04068867356c0 - - default default] Successfully bumped revision number for resource 7c7b46d3-704e-469d-8941-48d4322551ab (type: security_group_rules) to 0
2026-05-12 17:48:23.616 8 INFO neutron.db.ovn_revision_numbers_db [None req-4b901b85-65cf-4275-bb95-7e05a6e691d1 785fa257ffda4ef4b47d9c64a244b530 52b6bc5d765f4c70a9b04068867356c0 - - default default] Successfully bumped revision number for resource bd25f03e-b868-4422-a153-82bd8f23b976 (type: security_group_rules) to 0
2026-05-12 17:48:23.652 7 INFO neutron.plugins.ml2.drivers.ovn.mech_driver.mech_driver [None req-8ba7b047-3fc6-4fd4-a302-8820e253a102 - - - - - -] OVN reports status down for port: 71d98582-1bce-4a8e-b077-447869a32bb1 [pid: 8|app: 0|req: 1393/2654] 10.0.0.199 () {32 vars in 774 bytes} [Tue May 12 17:48:23 2026] GET /v2.0/security-groups?tenant_id=be4b3f3377b541528c8306454f90a2c3&name=default => generated 2929 bytes in 223 msecs (HTTP/1.1 200) 4 headers in 158 bytes (1 switches on core 0)
2026-05-12 17:48:23.708 7 INFO neutron.db.ovn_revision_numbers_db [None req-ddd94c8f-5bc8-4737-b85e-983a0512d893 cbba9018e69542c2b344a3c8ff450fb5 831820e2b20541638ed95c54611e5101 - - default default] Successfully bumped revision number for resource 71d98582-1bce-4a8e-b077-447869a32bb1 (type: ports) to 1 [pid: 7|app: 0|req: 1262/2655] 10.0.0.199 () {34 vars in 670 bytes} [Tue May 12 17:48:23 2026] POST /v2.0/networks => generated 670 bytes in 583 msecs (HTTP/1.1 201) 4 headers in 162 bytes (1 switches on core 0) [pid: 8|app: 0|req: 1394/2656] 10.0.0.199 () {32 vars in 740 bytes} [Tue May 12 17:48:23 2026] DELETE /v2.0/security-groups/b67fe127-2daf-436e-a0c6-d81e59eaf66c => generated 0 bytes in 210 msecs (HTTP/1.1 204) 2 headers in 112 bytes (1 switches on core 0)
2026-05-12 17:48:23.992 7 WARNING neutron.scheduler.dhcp_agent_scheduler [None req-ffa31e42-f2cd-4488-82a5-ae1ea32663af cbba9018e69542c2b344a3c8ff450fb5 831820e2b20541638ed95c54611e5101 - - default default] No more DHCP agents
2026-05-12 17:48:23.993 7 WARNING neutron.api.rpc.agentnotifiers.dhcp_rpc_agent_api [None req-ffa31e42-f2cd-4488-82a5-ae1ea32663af cbba9018e69542c2b344a3c8ff450fb5 831820e2b20541638ed95c54611e5101 - - default default] Unable to schedule network eff0ab34-43e9-4f7c-9d41-e0de16cd1e82: no agents available; will retry on subsequent port and subnet creation events.
2026-05-12 17:48:24.415 7 INFO neutron.db.ovn_revision_numbers_db [None req-4881eacc-8a41-4865-946f-bfe9f35508b0 - - - - - -] Successfully bumped revision number for resource 71d98582-1bce-4a8e-b077-447869a32bb1 (type: ports) to 2
2026-05-12 17:48:24.446 7 INFO neutron.db.ovn_revision_numbers_db [None req-4881eacc-8a41-4865-946f-bfe9f35508b0 - - - - - -] Successfully bumped revision number for resource 8f8d0e94-64ee-4936-8961-23ee04ead72d (type: subnets) to 0 [pid: 7|app: 0|req: 1263/2657] 10.0.0.199 () {34 vars in 669 bytes} [Tue May 12 17:48:23 2026] POST /v2.0/subnets => generated 629 bytes in 698 msecs (HTTP/1.1 201) 4 headers in 162 bytes (1 switches on core 0)
2026-05-12 17:48:24.557 8 INFO neutron.db.segments_db [None req-b81c3442-be10-4ed3-8bdf-8d646811ae3b cbba9018e69542c2b344a3c8ff450fb5 831820e2b20541638ed95c54611e5101 - - default default] Added segment 4c587646-d6ce-4125-ad21-1115ec48d60d of type geneve for network 7cf0bf8c-7b56-4a37-8104-dd4fc02bcb61
2026-05-12 17:48:24.671 8 INFO neutron.db.ovn_revision_numbers_db [None req-b81c3442-be10-4ed3-8bdf-8d646811ae3b cbba9018e69542c2b344a3c8ff450fb5 831820e2b20541638ed95c54611e5101 - - default default] Successfully bumped revision number for resource 7cf0bf8c-7b56-4a37-8104-dd4fc02bcb61 (type: networks) to 1
2026-05-12 17:48:24.834 8 WARNING neutron.scheduler.dhcp_agent_scheduler [None req-b81c3442-be10-4ed3-8bdf-8d646811ae3b cbba9018e69542c2b344a3c8ff450fb5 831820e2b20541638ed95c54611e5101 - - default default] No more DHCP agents
2026-05-12 17:48:24.836 8 WARNING neutron.api.rpc.agentnotifiers.dhcp_rpc_agent_api [None req-b81c3442-be10-4ed3-8bdf-8d646811ae3b cbba9018e69542c2b344a3c8ff450fb5 831820e2b20541638ed95c54611e5101 - - default default] Unable to schedule network 7cf0bf8c-7b56-4a37-8104-dd4fc02bcb61: no agents available; will retry on subsequent port and subnet creation events.
2026-05-12 17:48:24.890 8 INFO neutron.plugins.ml2.drivers.ovn.mech_driver.mech_driver [None req-2f2ea672-d05a-408f-aad8-68b6e59ddee6 - - - - - -] OVN reports status down for port: ffefb22a-a9fe-4a0f-ad45-8bcc8400bdaa
2026-05-12 17:48:24.944 8 INFO neutron.db.ovn_revision_numbers_db [None req-b81c3442-be10-4ed3-8bdf-8d646811ae3b cbba9018e69542c2b344a3c8ff450fb5 831820e2b20541638ed95c54611e5101 - - default default] Successfully bumped revision number for resource ffefb22a-a9fe-4a0f-ad45-8bcc8400bdaa (type: ports) to 1 [pid: 8|app: 0|req: 1395/2658] 10.0.0.199 () {34 vars in 670 bytes} [Tue May 12 17:48:24 2026] POST /v2.0/networks => generated 670 bytes in 523 msecs (HTTP/1.1 201) 4 headers in 162 bytes (1 switches on core 0)
2026-05-12 17:48:25.205 7 WARNING neutron.scheduler.dhcp_agent_scheduler [None req-84b02fda-b4ef-4663-9e6b-f7d4f3eb19f4 cbba9018e69542c2b344a3c8ff450fb5 831820e2b20541638ed95c54611e5101 - - default default] No more DHCP agents
2026-05-12 17:48:25.206 7 WARNING neutron.api.rpc.agentnotifiers.dhcp_rpc_agent_api [None req-84b02fda-b4ef-4663-9e6b-f7d4f3eb19f4 cbba9018e69542c2b344a3c8ff450fb5 831820e2b20541638ed95c54611e5101 - - default default] Unable to schedule network 7cf0bf8c-7b56-4a37-8104-dd4fc02bcb61: no agents available; will retry on subsequent port and subnet creation events.
2026-05-12 17:48:25.685 7 INFO neutron.db.ovn_revision_numbers_db [None req-469345b6-3b51-4313-a633-5b52fe102449 - - - - - -] Successfully bumped revision number for resource ffefb22a-a9fe-4a0f-ad45-8bcc8400bdaa (type: ports) to 2
2026-05-12 17:48:25.721 7 INFO neutron.db.ovn_revision_numbers_db [None req-469345b6-3b51-4313-a633-5b52fe102449 - - - - - -] Successfully bumped revision number for resource abdeb168-d422-4ca1-92c7-89518be35bf9 (type: subnets) to 0 [pid: 7|app: 0|req: 1264/2659] 10.0.0.199 () {34 vars in 669 bytes} [Tue May 12 17:48:24 2026] POST /v2.0/subnets => generated 629 bytes in 743 msecs (HTTP/1.1 201) 4 headers in 162 bytes (1 switches on core 0)
2026-05-12 17:48:25.854 8 INFO neutron.db.segments_db [None req-3efca697-d4cd-42f3-ab5d-32feee0a7bd0 cbba9018e69542c2b344a3c8ff450fb5 831820e2b20541638ed95c54611e5101 - - default default] Added segment e524648c-d178-465c-a217-2b5b0bb3f9d5 of type geneve for network 591da142-4f2f-4773-aa5c-1ede67df01fa
2026-05-12 17:48:25.971 8 INFO neutron.db.ovn_revision_numbers_db [None req-3efca697-d4cd-42f3-ab5d-32feee0a7bd0 cbba9018e69542c2b344a3c8ff450fb5 831820e2b20541638ed95c54611e5101 - - default default] Successfully bumped revision number for resource 591da142-4f2f-4773-aa5c-1ede67df01fa (type: networks) to 1
2026-05-12 17:48:26.129 8 WARNING neutron.scheduler.dhcp_agent_scheduler [None req-3efca697-d4cd-42f3-ab5d-32feee0a7bd0 cbba9018e69542c2b344a3c8ff450fb5 831820e2b20541638ed95c54611e5101 - - default default] No more DHCP agents
2026-05-12 17:48:26.130 8 WARNING neutron.api.rpc.agentnotifiers.dhcp_rpc_agent_api [None req-3efca697-d4cd-42f3-ab5d-32feee0a7bd0 cbba9018e69542c2b344a3c8ff450fb5 831820e2b20541638ed95c54611e5101 - - default default] Unable to schedule network 591da142-4f2f-4773-aa5c-1ede67df01fa: no agents available; will retry on subsequent port and subnet creation events.
2026-05-12 17:48:26.203 8 INFO neutron.plugins.ml2.drivers.ovn.mech_driver.mech_driver [None req-2f2ea672-d05a-408f-aad8-68b6e59ddee6 - - - - - -] OVN reports status down for port: 1e2c4926-2cfe-469b-9f37-5cc3a0c6f745
2026-05-12 17:48:26.258 8 INFO neutron.db.ovn_revision_numbers_db [None req-3efca697-d4cd-42f3-ab5d-32feee0a7bd0 cbba9018e69542c2b344a3c8ff450fb5 831820e2b20541638ed95c54611e5101 - - default default] Successfully bumped revision number for resource 1e2c4926-2cfe-469b-9f37-5cc3a0c6f745 (type: ports) to 1 [pid: 8|app: 0|req: 1396/2660] 10.0.0.199 () {34 vars in 670 bytes} [Tue May 12 17:48:25 2026] POST /v2.0/networks => generated 669 bytes in 546 msecs (HTTP/1.1 201) 4 headers in 162 bytes (1 switches on core 0)
2026-05-12 17:48:26.526 7 WARNING neutron.scheduler.dhcp_agent_scheduler [None req-38190692-3b2f-4612-9b4b-0ffda27cd1bc cbba9018e69542c2b344a3c8ff450fb5 831820e2b20541638ed95c54611e5101 - - default default] No more DHCP agents
2026-05-12 17:48:26.527 7 WARNING neutron.api.rpc.agentnotifiers.dhcp_rpc_agent_api [None req-38190692-3b2f-4612-9b4b-0ffda27cd1bc cbba9018e69542c2b344a3c8ff450fb5 831820e2b20541638ed95c54611e5101 - - default default] Unable to schedule network 591da142-4f2f-4773-aa5c-1ede67df01fa: no agents available; will retry on subsequent port and subnet creation events.
2026-05-12 17:48:27.027 7 INFO neutron.db.ovn_revision_numbers_db [None req-0aa64de7-3ef5-42fc-9586-bee87569a2ba - - - - - -] Successfully bumped revision number for resource 1e2c4926-2cfe-469b-9f37-5cc3a0c6f745 (type: ports) to 2
2026-05-12 17:48:27.067 7 INFO neutron.db.ovn_revision_numbers_db [None req-0aa64de7-3ef5-42fc-9586-bee87569a2ba - - - - - -] Successfully bumped revision number for resource fbb76f82-dbdf-4144-9b96-b52ee63146f9 (type: subnets) to 0 [pid: 7|app: 0|req: 1265/2663] 10.0.0.199 () {34 vars in 669 bytes} [Tue May 12 17:48:26 2026] POST /v2.0/subnets => generated 629 bytes in 771 msecs (HTTP/1.1 201) 4 headers in 162 bytes (1 switches on core 0) [pid: 8|app: 0|req: 1399/2664] 10.0.0.199 () {34 vars in 751 bytes} [Tue May 12 17:48:27 2026] PUT /v2.0/subnets/e7097f94-b68d-4509-9d7c-20a13d69d151/tags => generated 17 bytes in 45 msecs (HTTP/1.1 200) 4 headers in 156 bytes (1 switches on core 0) [pid: 7|app: 0|req: 1266/2665] 10.0.0.199 () {34 vars in 751 bytes} [Tue May 12 17:48:27 2026] PUT /v2.0/subnets/c3946373-009c-4102-983c-9d3d63859670/tags => generated 25 bytes in 53 msecs (HTTP/1.1 200) 4 headers in 156 bytes (1 switches on core 0) [pid: 7|app: 0|req: 1267/2666] 10.0.0.199 () {34 vars in 751 bytes} [Tue May 12 17:48:27 2026] PUT /v2.0/subnets/8f8d0e94-64ee-4936-8961-23ee04ead72d/tags => generated 34 bytes in 55 msecs (HTTP/1.1 200) 4 headers in 156 bytes (1 switches on core 0) [pid: 7|app: 0|req: 1268/2667] 10.0.0.199 () {34 vars in 751 bytes} [Tue May 12 17:48:27 2026] PUT /v2.0/subnets/abdeb168-d422-4ca1-92c7-89518be35bf9/tags => generated 19 bytes in 55 msecs (HTTP/1.1 200) 4 headers in 156 bytes (1 switches on core 0) [pid: 7|app: 0|req: 1269/2668] 10.0.0.199 () {32 vars in 664 bytes} [Tue May 12 17:48:27 2026] GET /v2.0/subnets?tags=red => generated 1904 bytes in 56 msecs (HTTP/1.1 200) 4 headers in 158 bytes (1 switches on core 0) [pid: 7|app: 0|req: 1270/2669] 10.0.0.199 () {32 vars in 678 bytes} [Tue May 12 17:48:27 2026] GET /v2.0/subnets?tags=red%2Cblue => generated 1283 bytes in 41 msecs (HTTP/1.1 200) 4 headers in 158 bytes (1 switches on core 0)
2026-05-12 17:48:27.471 8 INFO neutron.db.ovn_revision_numbers_db [None req-8542b6b4-bc90-4675-898f-c09f19d2c733 b451e2320c0847da80d45b612dc5158a 4e5db0480edc41f092106df0e4e5d309 - - default default] Successfully bumped revision number for resource e200271f-dd4c-4475-a298-44786c59ed6d (type: security_groups) to 1 [pid: 7|app: 0|req: 1271/2670] 10.0.0.199 () {32 vars in 674 bytes} [Tue May 12 17:48:27 2026] GET /v2.0/subnets?tags-any=blue => generated 1283 bytes in 54 msecs (HTTP/1.1 200) 4 headers in 158 bytes (1 switches on core 0)
2026-05-12 17:48:27.484 8 INFO neutron.db.ovn_revision_numbers_db [None req-8542b6b4-bc90-4675-898f-c09f19d2c733 b451e2320c0847da80d45b612dc5158a 4e5db0480edc41f092106df0e4e5d309 - - default default] Successfully bumped revision number for resource 60856805-2b51-40fc-b7bb-9371aabd4455 (type: security_group_rules) to 0
2026-05-12 17:48:27.500 8 INFO neutron.db.ovn_revision_numbers_db [None req-8542b6b4-bc90-4675-898f-c09f19d2c733 b451e2320c0847da80d45b612dc5158a 4e5db0480edc41f092106df0e4e5d309 - - default default] Successfully bumped revision number for resource 6a10df40-559c-4dc1-8a10-8046c41471e8 (type: security_group_rules) to 0
2026-05-12 17:48:27.514 8 INFO neutron.db.ovn_revision_numbers_db [None req-8542b6b4-bc90-4675-898f-c09f19d2c733 b451e2320c0847da80d45b612dc5158a 4e5db0480edc41f092106df0e4e5d309 - - default default] Successfully bumped revision number for resource 839e3699-b913-4e8f-ad14-c75ae2197421 (type: security_group_rules) to 0 [pid: 7|app: 0|req: 1272/2671] 10.0.0.199 () {32 vars in 686 bytes} [Tue May 12 17:48:27 2026] GET /v2.0/subnets?tags-any=red%2Cblue => generated 1904 bytes in 39 msecs (HTTP/1.1 200) 4 headers in 158 bytes (1 switches on core 0)
2026-05-12 17:48:27.530 8 INFO neutron.db.ovn_revision_numbers_db [None req-8542b6b4-bc90-4675-898f-c09f19d2c733 b451e2320c0847da80d45b612dc5158a 4e5db0480edc41f092106df0e4e5d309 - - default default] Successfully bumped revision number for resource 93d763ab-2836-4b64-93fc-719526a0fe97 (type: security_group_rules) to 0 [pid: 7|app: 0|req: 1273/2672] 10.0.0.199 () {32 vars in 672 bytes} [Tue May 12 17:48:27 2026] GET /v2.0/subnets?not-tags=red => generated 1894 bytes in 60 msecs (HTTP/1.1 200) 4 headers in 158 bytes (1 switches on core 0)
2026-05-12 17:48:27.623 8 INFO neutron.db.segments_db [None req-8542b6b4-bc90-4675-898f-c09f19d2c733 b451e2320c0847da80d45b612dc5158a 4e5db0480edc41f092106df0e4e5d309 - - default default] Added segment 1130ce5b-87ae-4ad4-b2c3-eb4657da1e10 of type geneve for network c4f916d3-8cdf-4f5f-9346-b21409dd668c [pid: 7|app: 0|req: 1274/2673] 10.0.0.199 () {32 vars in 686 bytes} [Tue May 12 17:48:27 2026] GET /v2.0/subnets?not-tags=red%2Cblue => generated 2515 bytes in 58 msecs (HTTP/1.1 200) 4 headers in 158 bytes (1 switches on core 0)
2026-05-12 17:48:27.729 8 INFO neutron.db.ovn_revision_numbers_db [None req-8542b6b4-bc90-4675-898f-c09f19d2c733 b451e2320c0847da80d45b612dc5158a 4e5db0480edc41f092106df0e4e5d309 - - default default] Successfully bumped revision number for resource c4f916d3-8cdf-4f5f-9346-b21409dd668c (type: networks) to 1 [pid: 7|app: 0|req: 1275/2674] 10.0.0.199 () {32 vars in 682 bytes} [Tue May 12 17:48:27 2026] GET /v2.0/subnets?not-tags-any=blue => generated 2515 bytes in 68 msecs (HTTP/1.1 200) 4 headers in 158 bytes (1 switches on core 0) [pid: 7|app: 0|req: 1276/2675] 10.0.0.199 () {32 vars in 694 bytes} [Tue May 12 17:48:27 2026] GET /v2.0/subnets?not-tags-any=red%2Cblue => generated 1894 bytes in 39 msecs (HTTP/1.1 200) 4 headers in 158 bytes (1 switches on core 0)
2026-05-12 17:48:27.902 8 WARNING neutron.scheduler.dhcp_agent_scheduler [None req-8542b6b4-bc90-4675-898f-c09f19d2c733 b451e2320c0847da80d45b612dc5158a 4e5db0480edc41f092106df0e4e5d309 - - default default] No more DHCP agents
2026-05-12 17:48:27.905 8 WARNING neutron.api.rpc.agentnotifiers.dhcp_rpc_agent_api [None req-8542b6b4-bc90-4675-898f-c09f19d2c733 b451e2320c0847da80d45b612dc5158a 4e5db0480edc41f092106df0e4e5d309 - - default default] Unable to schedule network c4f916d3-8cdf-4f5f-9346-b21409dd668c: no agents available; will retry on subsequent port and subnet creation events.
2026-05-12 17:48:27.958 8 INFO neutron.plugins.ml2.drivers.ovn.mech_driver.mech_driver [None req-2f2ea672-d05a-408f-aad8-68b6e59ddee6 - - - - - -] OVN reports status down for port: 210d074a-13c0-4e0c-adab-84f306655f84 [pid: 7|app: 0|req: 1277/2676] 10.0.0.199 () {32 vars in 724 bytes} [Tue May 12 17:48:27 2026] DELETE /v2.0/subnets/e7097f94-b68d-4509-9d7c-20a13d69d151 => generated 0 bytes in 212 msecs (HTTP/1.1 204) 3 headers in 131 bytes (1 switches on core 0)
2026-05-12 17:48:28.021 8 INFO neutron.db.ovn_revision_numbers_db [None req-8542b6b4-bc90-4675-898f-c09f19d2c733 b451e2320c0847da80d45b612dc5158a 4e5db0480edc41f092106df0e4e5d309 - - default default] Successfully bumped revision number for resource 210d074a-13c0-4e0c-adab-84f306655f84 (type: ports) to 1 [pid: 8|app: 0|req: 1400/2677] 10.0.0.199 () {34 vars in 670 bytes} [Tue May 12 17:48:27 2026] POST /v2.0/networks => generated 670 bytes in 912 msecs (HTTP/1.1 201) 4 headers in 162 bytes (1 switches on core 0)
2026-05-12 17:48:28.166 8 INFO neutron.db.segments_db [None req-01897286-092a-4875-8823-09cc1c6fcdb4 b451e2320c0847da80d45b612dc5158a 4e5db0480edc41f092106df0e4e5d309 - - default default] Added segment 1e005534-4fd2-4059-b35e-1a6e1ac0376d of type geneve for network df1b0e77-e49c-47a1-9bf4-bc2501c5d602 [pid: 7|app: 0|req: 1278/2678] 10.0.0.199 () {32 vars in 724 bytes} [Tue May 12 17:48:27 2026] DELETE /v2.0/subnets/c3946373-009c-4102-983c-9d3d63859670 => generated 0 bytes in 174 msecs (HTTP/1.1 204) 3 headers in 131 bytes (1 switches on core 0)
2026-05-12 17:48:28.256 8 INFO neutron.db.ovn_revision_numbers_db [None req-01897286-092a-4875-8823-09cc1c6fcdb4 b451e2320c0847da80d45b612dc5158a 4e5db0480edc41f092106df0e4e5d309 - - default default] Successfully bumped revision number for resource df1b0e77-e49c-47a1-9bf4-bc2501c5d602 (type: networks) to 1 [pid: 7|app: 0|req: 1279/2679] 10.0.0.199 () {32 vars in 724 bytes} [Tue May 12 17:48:28 2026] DELETE /v2.0/subnets/8f8d0e94-64ee-4936-8961-23ee04ead72d => generated 0 bytes in 170 msecs (HTTP/1.1 204) 3 headers in 131 bytes (1 switches on core 0)
2026-05-12 17:48:28.409 8 WARNING neutron.scheduler.dhcp_agent_scheduler [None req-01897286-092a-4875-8823-09cc1c6fcdb4 b451e2320c0847da80d45b612dc5158a 4e5db0480edc41f092106df0e4e5d309 - - default default] No more DHCP agents
2026-05-12 17:48:28.411 8 WARNING neutron.api.rpc.agentnotifiers.dhcp_rpc_agent_api [None req-01897286-092a-4875-8823-09cc1c6fcdb4 b451e2320c0847da80d45b612dc5158a 4e5db0480edc41f092106df0e4e5d309 - - default default] Unable to schedule network df1b0e77-e49c-47a1-9bf4-bc2501c5d602: no agents available; will retry on subsequent port and subnet creation events.
2026-05-12 17:48:28.461 8 INFO neutron.plugins.ml2.drivers.ovn.mech_driver.mech_driver [None req-2f2ea672-d05a-408f-aad8-68b6e59ddee6 - - - - - -] OVN reports status down for port: e044d9b3-a4c3-46a1-abd1-1f4c792c8c7a
2026-05-12 17:48:28.524 8 INFO neutron.db.ovn_revision_numbers_db [None req-01897286-092a-4875-8823-09cc1c6fcdb4 b451e2320c0847da80d45b612dc5158a 4e5db0480edc41f092106df0e4e5d309 - - default default] Successfully bumped revision number for resource e044d9b3-a4c3-46a1-abd1-1f4c792c8c7a (type: ports) to 1 [pid: 7|app: 0|req: 1280/2680] 10.0.0.199 () {32 vars in 724 bytes} [Tue May 12 17:48:28 2026] DELETE /v2.0/subnets/abdeb168-d422-4ca1-92c7-89518be35bf9 => generated 0 bytes in 190 msecs (HTTP/1.1 204) 3 headers in 131 bytes (1 switches on core 0) [pid: 8|app: 0|req: 1401/2681] 10.0.0.199 () {34 vars in 670 bytes} [Tue May 12 17:48:28 2026] POST /v2.0/networks => generated 670 bytes in 491 msecs (HTTP/1.1 201) 4 headers in 162 bytes (1 switches on core 0) [pid: 8|app: 0|req: 1402/2682] 10.0.0.199 () {34 vars in 753 bytes} [Tue May 12 17:48:28 2026] PUT /v2.0/networks/c4f916d3-8cdf-4f5f-9346-b21409dd668c/tags => generated 25 bytes in 53 msecs (HTTP/1.1 200) 4 headers in 156 bytes (1 switches on core 0) [pid: 8|app: 0|req: 1403/2683] 10.0.0.199 () {32 vars in 733 bytes} [Tue May 12 17:48:28 2026] GET /v2.0/networks/c4f916d3-8cdf-4f5f-9346-b21409dd668c/tags => generated 25 bytes in 46 msecs (HTTP/1.1 200) 4 headers in 156 bytes (1 switches on core 0) [pid: 7|app: 0|req: 1281/2684] 10.0.0.199 () {32 vars in 724 bytes} [Tue May 12 17:48:28 2026] DELETE /v2.0/subnets/fbb76f82-dbdf-4144-9b96-b52ee63146f9 => generated 0 bytes in 157 msecs (HTTP/1.1 204) 3 headers in 131 bytes (1 switches on core 0) [pid: 8|app: 0|req: 1404/2685] 10.0.0.199 () {34 vars in 753 bytes} [Tue May 12 17:48:28 2026] PUT /v2.0/networks/df1b0e77-e49c-47a1-9bf4-bc2501c5d602/tags => generated 17 bytes in 64 msecs (HTTP/1.1 200) 4 headers in 156 bytes (1 switches on core 0) [pid: 8|app: 0|req: 1405/2686] 10.0.0.199 () {32 vars in 733 bytes} [Tue May 12 17:48:28 2026] GET /v2.0/networks/df1b0e77-e49c-47a1-9bf4-bc2501c5d602/tags => generated 17 bytes in 49 msecs (HTTP/1.1 200) 4 headers in 156 bytes (1 switches on core 0)
2026-05-12 17:48:28.828 7 INFO neutron_taas.services.taas.taas_plugin [None req-193e324c-1555-44b4-8912-ac0841b2199a cbba9018e69542c2b344a3c8ff450fb5 831820e2b20541638ed95c54611e5101 - - default default] TaaS: Handle Delete Port: e537d314-c2f0-4e57-90ef-a84d332a18f9
2026-05-12 17:48:28.831 7 INFO neutron_taas.services.taas.tap_mirror_plugin [None req-193e324c-1555-44b4-8912-ac0841b2199a cbba9018e69542c2b344a3c8ff450fb5 831820e2b20541638ed95c54611e5101 - - default default] Tap Mirror: Handle Delete Port: e537d314-c2f0-4e57-90ef-a84d332a18f9 [pid: 8|app: 0|req: 1406/2687] 10.0.0.199 () {34 vars in 753 bytes} [Tue May 12 17:48:28 2026] PUT /v2.0/networks/df1b0e77-e49c-47a1-9bf4-bc2501c5d602/tags => generated 12 bytes in 58 msecs (HTTP/1.1 200) 4 headers in 156 bytes (1 switches on core 0) [pid: 8|app: 0|req: 1407/2688] 10.0.0.199 () {32 vars in 733 bytes} [Tue May 12 17:48:28 2026] GET /v2.0/networks/df1b0e77-e49c-47a1-9bf4-bc2501c5d602/tags => generated 12 bytes in 50 msecs (HTTP/1.1 200) 4 headers in 156 bytes (1 switches on core 0) [pid: 8|app: 0|req: 1408/2689] 10.0.0.199 () {32 vars in 733 bytes} [Tue May 12 17:48:28 2026] GET /v2.0/networks/c4f916d3-8cdf-4f5f-9346-b21409dd668c/tags => generated 25 bytes in 57 msecs (HTTP/1.1 200) 4 headers in 156 bytes (1 switches on core 0)
2026-05-12 17:48:29.016 7 INFO neutron.services.segments.plugin [-] Segment c98b15c5-baa8-414a-86c7-32fc7f1a02ff resource provider aggregate not found
2026-05-12 17:48:29.022 7 INFO neutron.services.segments.plugin [-] Segment c98b15c5-baa8-414a-86c7-32fc7f1a02ff resource provider aggregate not found
2026-05-12 17:48:29.040 7 INFO neutron.services.segments.plugin [-] Segment c98b15c5-baa8-414a-86c7-32fc7f1a02ff resource provider not found; error: Placement Client Error (4xx): {"errors": [{"status": 404, "title": "Not Found", "detail": "The resource could not be found.\n\n No resource provider with uuid c98b15c5-baa8-414a-86c7-32fc7f1a02ff found for delete ", "request_id": "req-b5031ffd-73c1-41b0-a939-4845c2cbe688"}]}
2026-05-12 17:48:29.042 7 INFO neutron.services.segments.plugin [-] Segment c98b15c5-baa8-414a-86c7-32fc7f1a02ff resource provider not found; error: Placement Client Error (4xx): {"errors": [{"status": 404, "title": "Not Found", "detail": "The resource could not be found.\n\n No resource provider with uuid c98b15c5-baa8-414a-86c7-32fc7f1a02ff found for delete ", "request_id": "req-80ce469c-e75d-40d2-8afd-a7ff71ce295e"}]} [pid: 7|app: 0|req: 1282/2690] 10.0.0.199 () {32 vars in 726 bytes} [Tue May 12 17:48:28 2026] DELETE /v2.0/networks/4842fd45-5474-4276-8bcf-05c5fdd7c4ed => generated 0 bytes in 360 msecs (HTTP/1.1 204) 3 headers in 131 bytes (1 switches on core 0)
2026-05-12 17:48:29.125 8 INFO neutron_taas.services.taas.taas_plugin [None req-30ca29a0-8b01-4463-acb4-ac4612d9048b b451e2320c0847da80d45b612dc5158a 4e5db0480edc41f092106df0e4e5d309 - - default default] TaaS: Handle Delete Port: 210d074a-13c0-4e0c-adab-84f306655f84
2026-05-12 17:48:29.128 8 INFO neutron_taas.services.taas.tap_mirror_plugin [None req-30ca29a0-8b01-4463-acb4-ac4612d9048b b451e2320c0847da80d45b612dc5158a 4e5db0480edc41f092106df0e4e5d309 - - default default] Tap Mirror: Handle Delete Port: 210d074a-13c0-4e0c-adab-84f306655f84
2026-05-12 17:48:29.183 7 INFO neutron_taas.services.taas.taas_plugin [None req-f6396fcd-4f7a-41c7-a3f1-8d50636fcd8a cbba9018e69542c2b344a3c8ff450fb5 831820e2b20541638ed95c54611e5101 - - default default] TaaS: Handle Delete Port: 509ba5be-28ae-4263-a73a-4a9cab18a176
2026-05-12 17:48:29.186 7 INFO neutron_taas.services.taas.tap_mirror_plugin [None req-f6396fcd-4f7a-41c7-a3f1-8d50636fcd8a cbba9018e69542c2b344a3c8ff450fb5 831820e2b20541638ed95c54611e5101 - - default default] Tap Mirror: Handle Delete Port: 509ba5be-28ae-4263-a73a-4a9cab18a176
2026-05-12 17:48:29.329 8 INFO neutron.services.segments.plugin [-] Segment 1130ce5b-87ae-4ad4-b2c3-eb4657da1e10 resource provider aggregate not found
2026-05-12 17:48:29.339 8 INFO neutron.services.segments.plugin [-] Segment 1130ce5b-87ae-4ad4-b2c3-eb4657da1e10 resource provider aggregate not found
2026-05-12 17:48:29.356 8 INFO neutron.services.segments.plugin [-] Segment 1130ce5b-87ae-4ad4-b2c3-eb4657da1e10 resource provider not found; error: Placement Client Error (4xx): {"errors": [{"status": 404, "title": "Not Found", "detail": "The resource could not be found.\n\n No resource provider with uuid 1130ce5b-87ae-4ad4-b2c3-eb4657da1e10 found for delete ", "request_id": "req-a696374a-1295-4e2e-a823-572257421dee"}]}
2026-05-12 17:48:29.359 8 INFO neutron.services.segments.plugin [-] Segment 1130ce5b-87ae-4ad4-b2c3-eb4657da1e10 resource provider not found; error: Placement Client Error (4xx): {"errors": [{"status": 404, "title": "Not Found", "detail": "The resource could not be found.\n\n No resource provider with uuid 1130ce5b-87ae-4ad4-b2c3-eb4657da1e10 found for delete ", "request_id": "req-8f484134-49fb-4099-96f1-ce9374f84bf2"}]} [pid: 8|app: 0|req: 1409/2691] 10.0.0.199 () {32 vars in 726 bytes} [Tue May 12 17:48:28 2026] DELETE /v2.0/networks/c4f916d3-8cdf-4f5f-9346-b21409dd668c => generated 0 bytes in 397 msecs (HTTP/1.1 204) 3 headers in 131 bytes (1 switches on core 0) [pid: 7|app: 0|req: 1283/2692] 10.0.0.199 () {32 vars in 726 bytes} [Tue May 12 17:48:29 2026] DELETE /v2.0/networks/2d2700ef-c753-45b1-a32f-112feaa4d8cb => generated 0 bytes in 364 msecs (HTTP/1.1 204) 3 headers in 131 bytes (1 switches on core 0)
2026-05-12 17:48:29.521 8 INFO neutron_taas.services.taas.taas_plugin [None req-5e9e8c9b-d9c6-4336-818b-4d00c2c5164d b451e2320c0847da80d45b612dc5158a 4e5db0480edc41f092106df0e4e5d309 - - default default] TaaS: Handle Delete Port: e044d9b3-a4c3-46a1-abd1-1f4c792c8c7a
2026-05-12 17:48:29.524 8 INFO neutron_taas.services.taas.tap_mirror_plugin [None req-5e9e8c9b-d9c6-4336-818b-4d00c2c5164d b451e2320c0847da80d45b612dc5158a 4e5db0480edc41f092106df0e4e5d309 - - default default] Tap Mirror: Handle Delete Port: e044d9b3-a4c3-46a1-abd1-1f4c792c8c7a
2026-05-12 17:48:29.558 7 INFO neutron_taas.services.taas.taas_plugin [None req-5dd71e80-0588-42a9-a3fd-a85e6139a503 cbba9018e69542c2b344a3c8ff450fb5 831820e2b20541638ed95c54611e5101 - - default default] TaaS: Handle Delete Port: 71d98582-1bce-4a8e-b077-447869a32bb1
2026-05-12 17:48:29.561 7 INFO neutron_taas.services.taas.tap_mirror_plugin [None req-5dd71e80-0588-42a9-a3fd-a85e6139a503 cbba9018e69542c2b344a3c8ff450fb5 831820e2b20541638ed95c54611e5101 - - default default] Tap Mirror: Handle Delete Port: 71d98582-1bce-4a8e-b077-447869a32bb1 [pid: 8|app: 0|req: 1410/2693] 10.0.0.199 () {32 vars in 726 bytes} [Tue May 12 17:48:29 2026] DELETE /v2.0/networks/df1b0e77-e49c-47a1-9bf4-bc2501c5d602 => generated 0 bytes in 367 msecs (HTTP/1.1 204) 3 headers in 131 bytes (1 switches on core 0) [pid: 7|app: 0|req: 1284/2694] 10.0.0.199 () {32 vars in 726 bytes} [Tue May 12 17:48:29 2026] DELETE /v2.0/networks/eff0ab34-43e9-4f7c-9d41-e0de16cd1e82 => generated 0 bytes in 359 msecs (HTTP/1.1 204) 3 headers in 131 bytes (1 switches on core 0)
2026-05-12 17:48:29.926 8 INFO neutron_taas.services.taas.taas_plugin [None req-38fc0cfd-9360-4c38-b309-4ec2481eb6c4 cbba9018e69542c2b344a3c8ff450fb5 831820e2b20541638ed95c54611e5101 - - default default] TaaS: Handle Delete Port: ffefb22a-a9fe-4a0f-ad45-8bcc8400bdaa
2026-05-12 17:48:29.929 8 INFO neutron_taas.services.taas.tap_mirror_plugin [None req-38fc0cfd-9360-4c38-b309-4ec2481eb6c4 cbba9018e69542c2b344a3c8ff450fb5 831820e2b20541638ed95c54611e5101 - - default default] Tap Mirror: Handle Delete Port: ffefb22a-a9fe-4a0f-ad45-8bcc8400bdaa [pid: 8|app: 0|req: 1411/2695] 10.0.0.199 () {32 vars in 726 bytes} [Tue May 12 17:48:29 2026] DELETE /v2.0/networks/7cf0bf8c-7b56-4a37-8104-dd4fc02bcb61 => generated 0 bytes in 326 msecs (HTTP/1.1 204) 3 headers in 131 bytes (1 switches on core 0)
2026-05-12 17:48:30.255 7 INFO neutron_taas.services.taas.taas_plugin [None req-df6a734c-ac7e-4a46-81ec-72fab29e239d cbba9018e69542c2b344a3c8ff450fb5 831820e2b20541638ed95c54611e5101 - - default default] TaaS: Handle Delete Port: 1e2c4926-2cfe-469b-9f37-5cc3a0c6f745
2026-05-12 17:48:30.258 7 INFO neutron_taas.services.taas.tap_mirror_plugin [None req-df6a734c-ac7e-4a46-81ec-72fab29e239d cbba9018e69542c2b344a3c8ff450fb5 831820e2b20541638ed95c54611e5101 - - default default] Tap Mirror: Handle Delete Port: 1e2c4926-2cfe-469b-9f37-5cc3a0c6f745 [pid: 7|app: 0|req: 1285/2696] 10.0.0.199 () {32 vars in 726 bytes} [Tue May 12 17:48:30 2026] DELETE /v2.0/networks/591da142-4f2f-4773-aa5c-1ede67df01fa => generated 0 bytes in 325 msecs (HTTP/1.1 204) 3 headers in 131 bytes (1 switches on core 0)
2026-05-12 17:48:30.612 8 INFO neutron.db.ovn_revision_numbers_db [None req-e326448b-ef80-4512-93a2-faff68829de5 785fa257ffda4ef4b47d9c64a244b530 52b6bc5d765f4c70a9b04068867356c0 - - default default] Successfully bumped revision number for resource eebac2ec-611e-482c-a0f4-e4421f3c5962 (type: security_groups) to 1
2026-05-12 17:48:30.625 8 INFO neutron.db.ovn_revision_numbers_db [None req-e326448b-ef80-4512-93a2-faff68829de5 785fa257ffda4ef4b47d9c64a244b530 52b6bc5d765f4c70a9b04068867356c0 - - default default] Successfully bumped revision number for resource c456a913-ec7b-4cc0-a5f3-2ae3f4f67ccc (type: security_group_rules) to 0
2026-05-12 17:48:30.637 8 INFO neutron.db.ovn_revision_numbers_db [None req-e326448b-ef80-4512-93a2-faff68829de5 785fa257ffda4ef4b47d9c64a244b530 52b6bc5d765f4c70a9b04068867356c0 - - default default] Successfully bumped revision number for resource c86b959f-f531-432c-b66a-e334d9433a59 (type: security_group_rules) to 0
2026-05-12 17:48:30.649 8 INFO neutron.db.ovn_revision_numbers_db [None req-e326448b-ef80-4512-93a2-faff68829de5 785fa257ffda4ef4b47d9c64a244b530 52b6bc5d765f4c70a9b04068867356c0 - - default default] Successfully bumped revision number for resource cc499f75-664f-4b0a-8fe5-dfb00918c9c7 (type: security_group_rules) to 0
